190.171.142.10 - - [26/Mar/2024:11:19:07 -0300] "GET /cormun/servlet/solicitudot?9a1c2cea6542f828531689430a3b01bf33b125d06f2ec7470be6758e16cd66c395de5f823add40f8e070a761bb8f7c48a4d8c4005b0fc19c3df4a8d910d4bd23329d2ea1c13193d2ef13a84c17d2e6b6,gx-no-cache=1711462561140 HTTP/1.1" 200 30
190.171.142.10 - - [26/Mar/2024:11:19:07 -0300] "GET /cormun/servlet/solicitudot?9a1c2cea6542f828531689430a3b01bfb28d4a09a60b0d7c66ac7217b0cbc712083e01f786bd64c0a10e66ee61a72329ff3e31da14964a9b9b62b1a553df34d48b898255468a20e1d53f36a9373312ba375d8a399684aae4c919a1597ceebe109ca0b5f25c73691078754cd6fa9da92a,gx-no-cache=1711462561156 HTTP/1.1" 200 53
190.171.142.10 - - [26/Mar/2024:11:19:07 -0300] "POST /cormun/servlet/solicitudot?gx-no-cache=1711462561175 HTTP/1.1" 200 256
190.171.142.10 - - [26/Mar/2024:11:19:07 -0300] "GET /cormun/servlet/solicitudot?9a1c2cea6542f828531689430a3b01bf3aa5cb9ef7d728d68ed34be001cef659a93fefc5e6ab5a0c9da44c15ae9be5fb7206746ce2675132cde5dcd468c95bb59f7b0ef6aa23825b1c8b0df4154a7a1eeba5e34027615c75d5a58998c3661a2b25f47c0a7ddfca023b12a1cf5ec04e954b5f4899864827319e31f1bd10173ac30f1e9dc9a53350ebd6458aadf7d494b66b4b11df0a43c6fbbc5a16b6a833ce30b61315f60ed96fd0c51a2b4146b283432ad3a348d7caa9b02c1e882b21eb33e9922ec4576202ecd66f03fac64352581af80673ca2321e379f6b773c52f2c7a54c87c1c0242ebbe4f51781540a31827cea50ceeaf7b8a70db39ea84543a46a9380a6eb75c25f68b9f67aeb7a5f627b142417ebe46771393356c6bbeccd11a805535d95cada22b14113d9193bf5976aa30217273eaf7c6c6b181940cf54b6c7b822a3b73b685bc80bc304a0247b8c4564151fc53a1cf106164008c675222ca7a90e71635068d1b483515f1f508840038db537cef3a9e986f0672a332d463d151f0,gx-no-cache=1711462561196 HTTP/1.1" 200 30
190.171.142.10 - - [26/Mar/2024:11:19:19 -0300] "POST /cormun/servlet/solicitudot?gx-no-cache=1711462573247 HTTP/1.1" 200 30
190.171.142.10 - - [26/Mar/2024:11:19:32 -0300] "POST /cormun/servlet/solicitudot?gx-no-cache=1711462586169 HTTP/1.1" 200 1474
190.171.142.10 - - [26/Mar/2024:11:19:32 -0300] "POST /cormun/servlet/solicitudot?gx-no-cache=1711462586238 HTTP/1.1" 200 41
190.171.142.10 - - [26/Mar/2024:11:19:32 -0300] "GET /cormun/servlet/solicitudot?9a1c2cea6542f828531689430a3b01bf2c19321a42f4d994e3eaf7053727b48ff3d0089f6fc25cfbbec31a22dd1ccc36dcadb922bc5a0cc9bafc3ccf065bf0d6cb82ddf7fca89ecf73a41122f81b961914cf9c7be21a16fedf0ac83881b7470e74dc79c2c66b121bbe525548e1334a0c,gx-no-cache=1711462586254 HTTP/1.1" 200 110
190.171.142.10 - - [26/Mar/2024:11:19:32 -0300] "POST /cormun/servlet/solicitudot?gx-no-cache=1711462586271 HTTP/1.1" 200 97
190.171.142.10 - - [26/Mar/2024:11:19:32 -0300] "POST /cormun/servlet/solicitudot?gx-no-cache=1711462586301 HTTP/1.1" 200 30
190.171.142.10 - - [26/Mar/2024:11:19:32 -0300] "POST /cormun/servlet/solicitudot?ce06d09941a4d848de61b8aa4479c924,UPD,2024,21100,false,,gx-no-cache=1711462586320 HTTP/1.1" 200 93
190.171.142.10 - - [26/Mar/2024:11:19:32 -0300] "GET /cormun/servlet/hpexe_return? HTTP/1.1" 200 1036
190.171.142.10 - - [26/Mar/2024:11:19:32 -0300] "GET /cormun/servlet/trsolicitudot?gx-no-cache=1711462142935 HTTP/1.1" 200 11019
190.171.142.10 - - [26/Mar/2024:11:19:36 -0300] "POST /cormun/servlet/trsolicitudot?ce06d09941a4d848de61b8aa4479c924,gx-no-cache=1711462142935,gx-no-cache=1711462590586 HTTP/1.1" 200 8288
190.171.142.10 - - [26/Mar/2024:11:19:42 -0300] "POST /cormun/servlet/trsolicitudot?ce06d09941a4d848de61b8aa4479c924,gx-no-cache=1711462142935,gx-no-cache=1711462596265 HTTP/1.1" 200 111
190.171.142.10 - - [26/Mar/2024:11:19:42 -0300] "GET /cormun/servlet/solicitudot?UPD,2024,21100,false, HTTP/1.1" 200 16833
190.171.142.10 - - [26/Mar/2024:11:19:42 -0300] "POST /cormun/servlet/solicitudot?gx-no-cache=1711462596994 HTTP/1.1" 200 4110
190.171.142.10 - - [26/Mar/2024:11:19:43 -0300] "POST /cormun/servlet/solicitudot?ce06d09941a4d848de61b8aa4479c924,UPD,2024,21100,false,,gx-no-cache=1711462597091 HTTP/1.1" 200 13063
190.171.142.10 - - [26/Mar/2024:11:19:43 -0300] "GET /cormun/servlet/solicitudot?9a1c2cea6542f828531689430a3b01bf087d92d9d82f030f7a115c8693e4ec6df5161e46d8db0efc7447a5d85e372288,gx-no-cache=1711462597191 HTTP/1.1" 200 30
190.171.142.10 - - [26/Mar/2024:11:19:43 -0300] "GET /cormun/servlet/solicitudot?9a1c2cea6542f828531689430a3b01bf33b125d06f2ec7470be6758e16cd66c395de5f823add40f8e070a761bb8f7c48a4d8c4005b0fc19c3df4a8d910d4bd23329d2ea1c13193d2ef13a84c17d2e6b6,gx-no-cache=1711462597209 HTTP/1.1" 200 30
190.171.142.10 - - [26/Mar/2024:11:19:43 -0300] "GET /cormun/servlet/solicitudot?9a1c2cea6542f828531689430a3b01bfb28d4a09a60b0d7c66ac7217b0cbc712083e01f786bd64c0a10e66ee61a72329a117213a09ffb79dde680c9dd057b988,gx-no-cache=1711462597225 HTTP/1.1" 200 53
190.171.142.10 - - [26/Mar/2024:11:19:43 -0300] "POST /cormun/servlet/solicitudot?gx-no-cache=1711462597243 HTTP/1.1" 200 255
190.171.142.10 - - [26/Mar/2024:11:19:43 -0300] "GET /cormun/servlet/solicitudot?9a1c2cea6542f828531689430a3b01bf3aa5cb9ef7d728d68ed34be001cef659a93fefc5e6ab5a0c9da44c15ae9be5fb7206746ce2675132cde5dcd468c95bb59f7b0ef6aa23825b1c8b0df4154a7a1eeba5e34027615c75d5a58998c3661a2b25f47c0a7ddfca023b12a1cf5ec04e954b5f4899864827319e31f1bd10173ac30f1e9dc9a53350ebd6458aadf7d494b66b4b11df0a43c6fbbc5a16b6a833ce30b61315f60ed96fd0c51a2b4146b283432ad3a348d7caa9b02c1e882b21eb33e9922ec4576202ecd66f03fac64352581af80673ca2321e379f6b773c52f2c7a54c87c1c0242ebbe4f51781540a31827cea50ceeaf7b8a70db39ea84543a46a9380a6eb75c25f68b9f67aeb7a5f627b142417ebe46771393356c6bbeccd11a805535d95cada22b14113d9193bf5976aa30217273eaf7c6c6b181940cf54b6c7b822a3b73b685bc80bc304a0247b8c4564151fc53a1cf106164008c675222ca7a90e71635068d1b483515f1f508840038db537cef3a9e986f0672a332d463d151f0,gx-no-cache=1711462597263 HTTP/1.1" 200 30
190.171.142.10 - - [26/Mar/2024:11:19:43 -0300] "POST /cormun/servlet/solicitudot?gx-no-cache=1711462597282 HTTP/1.1" 200 30
190.171.142.10 - - [26/Mar/2024:11:19:43 -0300] "POST /cormun/servlet/solicitudot?gx-no-cache=1711462597302 HTTP/1.1" 200 1477
190.171.142.10 - - [26/Mar/2024:11:19:43 -0300] "POST /cormun/servlet/solicitudot?gx-no-cache=1711462597370 HTTP/1.1" 200 41
190.171.142.10 - - [26/Mar/2024:11:19:48 -0300] "POST /cormun/servlet/solicitudot?gx-no-cache=1711462602591 HTTP/1.1" 200 30
190.171.142.10 - - [26/Mar/2024:11:19:51 -0300] "POST /cormun/servlet/solicitudot?gx-no-cache=1711462605135 HTTP/1.1" 200 1477
190.171.142.10 - - [26/Mar/2024:11:19:51 -0300] "POST /cormun/servlet/solicitudot?gx-no-cache=1711462605208 HTTP/1.1" 200 41
190.171.142.10 - - [26/Mar/2024:11:19:51 -0300] "GET /cormun/servlet/solicitudot?9a1c2cea6542f828531689430a3b01bf2c19321a42f4d994e3eaf7053727b48ff3d0089f6fc25cfbbec31a22dd1ccc36dcadb922bc5a0cc9bafc3ccf065bf0d6cb82ddf7fca89ecf73a41122f81b961914cf9c7be21a16fedf0ac83881b7470e74dc79c2c66b121bbe525548e1334a0c,gx-no-cache=1711462605229 HTTP/1.1" 200 110
190.171.142.10 - - [26/Mar/2024:11:19:51 -0300] "POST /cormun/servlet/solicitudot?gx-no-cache=1711462605249 HTTP/1.1" 200 97
190.171.142.10 - - [26/Mar/2024:11:19:51 -0300] "GET /cormun/servlet/solicitudot?9a1c2cea6542f828531689430a3b01bf6458a6e1e864ed03c31578d788d571cfe4107a90fe7bff868c565a3574a1a5773ac9a90c4603df459170d8fa58dce59d9605ccbf6b87b67e5b2bede25cb734fa89b56a806921dbc94e02e54e2608c43192433a68aa76d47ef466b8392adb7b81717b488b5154aec1f320bb2a8ec2ca5610c1640e3002f947173e059af0c6628139753bfd2d21c03284024f7b66235c25,gx-no-cache=1711462605271 HTTP/1.1" 200 29
190.171.142.10 - - [26/Mar/2024:11:19:51 -0300] "GET /cormun/servlet/solicitudot?9a1c2cea6542f828531689430a3b01bf7b8103e4d85e628c7b614f05ce39116e01c0d66ae6ea402e95fe44c636cbab3c,gx-no-cache=1711462605288 HTTP/1.1" 200 30
190.171.142.10 - - [26/Mar/2024:11:19:51 -0300] "POST /cormun/servlet/solicitudot?gx-no-cache=1711462605305 HTTP/1.1" 200 30
190.171.142.10 - - [26/Mar/2024:11:19:51 -0300] "POST /cormun/servlet/solicitudot?ce06d09941a4d848de61b8aa4479c924,UPD,2024,21100,false,,gx-no-cache=1711462605324 HTTP/1.1" 200 93
190.171.142.10 - - [26/Mar/2024:11:19:51 -0300] "GET /cormun/servlet/hpexe_return? HTTP/1.1" 200 1036
190.171.142.10 - - [26/Mar/2024:11:19:51 -0300] "GET /cormun/servlet/trsolicitudot?gx-no-cache=1711462142935 HTTP/1.1" 200 11061
190.171.142.10 - - [26/Mar/2024:11:19:54 -0300] "POST /cormun/servlet/trsolicitudot?ce06d09941a4d848de61b8aa4479c924,gx-no-cache=1711462142935,gx-no-cache=1711462608410 HTTP/1.1" 200 8333
190.171.142.10 - - [26/Mar/2024:11:19:57 -0300] "POST /cormun/servlet/trsolicitudot?ce06d09941a4d848de61b8aa4479c924,gx-no-cache=1711462142935,gx-no-cache=1711462611304 HTTP/1.1" 200 111
190.171.142.10 - - [26/Mar/2024:11:19:57 -0300] "GET /cormun/servlet/solicitudot?UPD,2024,21100,false, HTTP/1.1" 200 16838
190.171.142.10 - - [26/Mar/2024:11:19:57 -0300] "POST /cormun/servlet/solicitudot?gx-no-cache=1711462612049 HTTP/1.1" 200 4110
190.171.142.10 - - [26/Mar/2024:11:19:58 -0300] "POST /cormun/servlet/solicitudot?ce06d09941a4d848de61b8aa4479c924,UPD,2024,21100,false,,gx-no-cache=1711462612134 HTTP/1.1" 200 13066
190.171.142.10 - - [26/Mar/2024:11:19:58 -0300] "GET /cormun/servlet/solicitudot?9a1c2cea6542f828531689430a3b01bf087d92d9d82f030f7a115c8693e4ec6df5161e46d8db0efc7447a5d85e372288,gx-no-cache=1711462612225 HTTP/1.1" 200 30
190.171.142.10 - - [26/Mar/2024:11:19:58 -0300] "GET /cormun/servlet/solicitudot?9a1c2cea6542f828531689430a3b01bf33b125d06f2ec7470be6758e16cd66c395de5f823add40f8e070a761bb8f7c48a4d8c4005b0fc19c3df4a8d910d4bd23329d2ea1c13193d2ef13a84c17d2e6b6,gx-no-cache=1711462612244 HTTP/1.1" 200 30
190.171.142.10 - - [26/Mar/2024:11:19:58 -0300] "GET /cormun/servlet/solicitudot?9a1c2cea6542f828531689430a3b01bfb28d4a09a60b0d7c66ac7217b0cbc712083e01f786bd64c0a10e66ee61a72329a117213a09ffb79dde680c9dd057b988,gx-no-cache=1711462612259 HTTP/1.1" 200 53
190.171.142.10 - - [26/Mar/2024:11:19:58 -0300] "POST /cormun/servlet/solicitudot?gx-no-cache=1711462612276 HTTP/1.1" 200 257
190.171.142.10 - - [26/Mar/2024:11:19:58 -0300] "GET /cormun/servlet/solicitudot?9a1c2cea6542f828531689430a3b01bf3aa5cb9ef7d728d68ed34be001cef659a93fefc5e6ab5a0c9da44c15ae9be5fb7206746ce2675132cde5dcd468c95bb59f7b0ef6aa23825b1c8b0df4154a7a1eeba5e34027615c75d5a58998c3661a2b25f47c0a7ddfca023b12a1cf5ec04e954b5f4899864827319e31f1bd10173ac30f1e9dc9a53350ebd6458aadf7d494b66b4b11df0a43c6fbbc5a16b6a833ce30b61315f60ed96fd0c51a2b4146b283432ad3a348d7caa9b02c1e882b21eb33e9922ec4576202ecd66f03fac64352581af80673ca2321e379f6b773c52f2c7a54c87c1c0242ebbe4f51781540a31827cea50ceeaf7b8a70db39ea84543a46a9380a6eb75c25f68b9f67aeb7a5f627b142417ebe46771393356c6bbeccd11a805535d95cada22b14113d9193bf5976aa30217273eaf7c6c6b181940cf54b6c7b822a3b73b685bc80bc304a0247b8c4564151fc53a1cf106164008c675222ca7a90e71635068d1b483515f1f508840038db537cef3a9e986f0672a332d463d151f0,gx-no-cache=1711462612298 HTTP/1.1" 200 30
190.171.142.10 - - [26/Mar/2024:11:19:58 -0300] "POST /cormun/servlet/solicitudot?gx-no-cache=1711462612319 HTTP/1.1" 200 30
190.171.142.10 - - [26/Mar/2024:11:19:58 -0300] "POST /cormun/servlet/solicitudot?gx-no-cache=1711462612337 HTTP/1.1" 200 1477
190.171.142.10 - - [26/Mar/2024:11:19:58 -0300] "POST /cormun/servlet/solicitudot?gx-no-cache=1711462612400 HTTP/1.1" 200 41
190.171.142.10 - - [26/Mar/2024:11:20:04 -0300] "POST /cormun/servlet/solicitudot?gx-no-cache=1711462619033 HTTP/1.1" 200 30
190.171.142.10 - - [26/Mar/2024:11:20:07 -0300] "POST /cormun/servlet/solicitudot?gx-no-cache=1711462621098 HTTP/1.1" 200 1477
190.171.142.10 - - [26/Mar/2024:11:20:07 -0300] "POST /cormun/servlet/solicitudot?gx-no-cache=1711462621167 HTTP/1.1" 200 41
190.171.142.10 - - [26/Mar/2024:11:20:07 -0300] "GET /cormun/servlet/solicitudot?9a1c2cea6542f828531689430a3b01bf2c19321a42f4d994e3eaf7053727b48ff3d0089f6fc25cfbbec31a22dd1ccc36dcadb922bc5a0cc9bafc3ccf065bf0d6cb82ddf7fca89ecf73a41122f81b961914cf9c7be21a16fedf0ac83881b7470e74dc79c2c66b121bbe525548e1334a0c,gx-no-cache=1711462621184 HTTP/1.1" 200 110
190.171.142.10 - - [26/Mar/2024:11:20:07 -0300] "POST /cormun/servlet/solicitudot?gx-no-cache=1711462621202 HTTP/1.1" 200 97
190.171.142.10 - - [26/Mar/2024:11:20:07 -0300] "GET /cormun/servlet/solicitudot?9a1c2cea6542f828531689430a3b01bf6458a6e1e864ed03c31578d788d571cfe4107a90fe7bff868c565a3574a1a5773ac9a90c4603df459170d8fa58dce59d9605ccbf6b87b67e5b2bede25cb734fa89b56a806921dbc94e02e54e2608c43192433a68aa76d47ef466b8392adb7b81717b488b5154aec1f320bb2a8ec2ca5610c1640e3002f947173e059af0c6628139753bfd2d21c03284024f7b66235c25,gx-no-cache=1711462621223 HTTP/1.1" 200 29
190.171.142.10 - - [26/Mar/2024:11:20:07 -0300] "GET /cormun/servlet/solicitudot?9a1c2cea6542f828531689430a3b01bf7b8103e4d85e628c7b614f05ce39116e01c0d66ae6ea402e95fe44c636cbab3c,gx-no-cache=1711462621240 HTTP/1.1" 200 30
190.171.142.10 - - [26/Mar/2024:11:20:07 -0300] "POST /cormun/servlet/solicitudot?gx-no-cache=1711462621257 HTTP/1.1" 200 30
190.171.142.10 - - [26/Mar/2024:11:20:07 -0300] "POST /cormun/servlet/solicitudot?ce06d09941a4d848de61b8aa4479c924,UPD,2024,21100,false,,gx-no-cache=1711462621276 HTTP/1.1" 200 93
190.171.142.10 - - [26/Mar/2024:11:20:07 -0300] "GET /cormun/servlet/hpexe_return? HTTP/1.1" 200 1036
190.171.142.10 - - [26/Mar/2024:11:20:07 -0300] "GET /cormun/servlet/trsolicitudot?gx-no-cache=1711462142935 HTTP/1.1" 200 11026
190.171.142.10 - - [26/Mar/2024:11:20:11 -0300] "POST /cormun/servlet/trsolicitudot?ce06d09941a4d848de61b8aa4479c924,gx-no-cache=1711462142935,gx-no-cache=1711462625691 HTTP/1.1" 200 106
190.171.142.10 - - [26/Mar/2024:11:20:11 -0300] "GET /cormun/servlet/trsolicitudadjuntos?2024,21100, HTTP/1.1" 200 6337
190.171.142.10 - - [26/Mar/2024:11:20:22 -0300] "GET /cormun/servlet/solicitudotadjuntos?INS,2024,21100,,1, HTTP/1.1" 200 6261
190.171.142.10 - - [26/Mar/2024:11:20:22 -0300] "GET /cormun/static/about:blank HTTP/1.1" 404 1011
190.171.142.10 - - [26/Mar/2024:11:20:22 -0300] "GET /cormun/servlet/solicitudotadjuntos?9a1c2cea6542f828531689430a3b01bf371e0a1aeb8eee5f14cef51788e8fd47a33d0c5ddf2e60a3844feb49c8ca0cbe,gx-no-cache=1711462637114 HTTP/1.1" 200 30
190.171.142.10 - - [26/Mar/2024:11:20:23 -0300] "POST /cormun/servlet/solicitudotadjuntos?ce06d09941a4d848de61b8aa4479c924,INS,2024,21100,,1,,gx-no-cache=1711462637131 HTTP/1.1" 200 4181
190.171.142.10 - - [26/Mar/2024:11:20:29 -0300] "GET /cormun/servlet/trsolicitudadjuntos?2024,21100, HTTP/1.1" 200 6337
190.171.142.10 - - [26/Mar/2024:11:21:01 -0300] "GET /cormun/servlet/solicitudotadjuntos?INS,2024,21100,,1, HTTP/1.1" 200 6261
190.171.142.10 - - [26/Mar/2024:11:21:01 -0300] "GET /cormun/static/about:blank HTTP/1.1" 404 1011
190.171.142.10 - - [26/Mar/2024:11:21:02 -0300] "GET /cormun/servlet/solicitudotadjuntos?9a1c2cea6542f828531689430a3b01bf371e0a1aeb8eee5f14cef51788e8fd47a33d0c5ddf2e60a3844feb49c8ca0cbe,gx-no-cache=1711462676334 HTTP/1.1" 200 30
190.171.142.10 - - [26/Mar/2024:11:21:02 -0300] "POST /cormun/servlet/solicitudotadjuntos?ce06d09941a4d848de61b8aa4479c924,INS,2024,21100,,1,,gx-no-cache=1711462676351 HTTP/1.1" 200 4181
190.171.142.10 - - [26/Mar/2024:11:21:05 -0300] "POST /cormun/servlet/solicitudotadjuntos?gx-no-cache=1711462679370 HTTP/1.1" 200 26
190.171.153.50 - - [26/Mar/2024:11:21:39 -0300] "GET /cormun/servlet/trsolicitudot? HTTP/1.1" 200 6335
190.171.153.50 - - [26/Mar/2024:11:21:40 -0300] "GET /cormun/servlet/hlogin HTTP/1.1" 200 1744
190.171.153.50 - - [26/Mar/2024:11:21:47 -0300] "POST /cormun/servlet/hlogin?a5d689529de360e8b759858cbcbbb5c6,gx-no-cache=1711462722962 HTTP/1.1" 200 90
190.171.153.50 - - [26/Mar/2024:11:21:47 -0300] "GET /cormun/servlet/hpexe_link HTTP/1.1" 200 959
190.171.153.50 - - [26/Mar/2024:11:21:47 -0300] "GET /cormun/servlet/trsolicitudot HTTP/1.1" 200 9225
190.171.153.50 - - [26/Mar/2024:11:21:52 -0300] "GET /cormun/servlet/trsolicitudot? HTTP/1.1" 200 9224
190.171.153.50 - - [26/Mar/2024:11:21:58 -0300] "GET /cormun/servlet/solicitudot?INS,0,0,false, HTTP/1.1" 200 16266
190.171.153.50 - - [26/Mar/2024:11:22:02 -0300] "GET /cormun/servlet/prfichaempleado?,MD,,gxPopupLevel%3D0%3B HTTP/1.1" 200 9309
190.171.153.50 - - [26/Mar/2024:11:22:12 -0300] "POST /cormun/servlet/prfichaempleado?a5d689529de360e8b759858cbcbbb5c6,,MD,,gxPopupLevel%3D0%3B,gx-no-cache=1711462748061 HTTP/1.1" 200 3417
190.171.153.50 - - [26/Mar/2024:11:22:17 -0300] "POST /cormun/servlet/solicitudot?gx-no-cache=1711462752263 HTTP/1.1" 200 4145
190.171.153.50 - - [26/Mar/2024:11:22:17 -0300] "POST /cormun/servlet/solicitudot?a5d689529de360e8b759858cbcbbb5c6,INS,0,0,false,,gx-no-cache=1711462752382 HTTP/1.1" 200 13002
190.171.153.50 - - [26/Mar/2024:11:22:22 -0300] "GET /cormun/servlet/solicitudot?47a14b1e53da81b5157fc120413500a94509b0438bd1ce8c26f5e2dfa2578e3c3d74312323ff73f453cb86a52be1114c,gx-no-cache=1711462757861 HTTP/1.1" 200 30
190.171.153.50 - - [26/Mar/2024:11:22:22 -0300] "GET /cormun/servlet/solicitudot?47a14b1e53da81b5157fc120413500a9b514db779f68db19e216952faad4b72db9ed2bf55dba630b26fd4ab4cb5695693d74312323ff73f453cb86a52be1114c,gx-no-cache=1711462757895 HTTP/1.1" 200 30
190.171.153.50 - - [26/Mar/2024:11:22:22 -0300] "GET /cormun/servlet/solicitudot?47a14b1e53da81b5157fc120413500a9746353dffcab8e887e8d0bef2748d428,gx-no-cache=1711462757918 HTTP/1.1" 200 53
181.212.47.137 - - [26/Mar/2024:11:22:56 -0300] "GET /cormun/servlet/trsolicitudgral? HTTP/1.1" 200 9688
190.171.142.10 - - [26/Mar/2024:11:23:06 -0300] "GET /cormun/servlet/trsolicitudot? HTTP/1.1" 200 11035
190.171.153.50 - - [26/Mar/2024:11:23:08 -0300] "GET /cormun/servlet/trvisualizadoreventos? HTTP/1.1" 200 7072
190.171.153.50 - - [26/Mar/2024:11:23:08 -0300] "GET /cormun/static/gxcfg.js?202211298474834 HTTP/1.1" 200 953
190.171.153.50 - - [26/Mar/2024:11:23:08 -0300] "GET /cormun/static/trvisualizadoreventos.js?202211298474971 HTTP/1.1" 200 19318
190.171.153.50 - - [26/Mar/2024:11:23:08 -0300] "GET /cormun/static/Resources/PXToolsActionPrint.png HTTP/1.1" 200 404
190.171.153.50 - - [26/Mar/2024:11:23:12 -0300] "GET /cormun/servlet/trautorizarsolicitud? HTTP/1.1" 200 7399
190.171.153.50 - - [26/Mar/2024:11:23:12 -0300] "GET /cormun/static/gxcfg.js?202211298474254 HTTP/1.1" 200 953
190.171.153.50 - - [26/Mar/2024:11:23:12 -0300] "GET /cormun/static/trautorizarsolicitud.js?202211298474588 HTTP/1.1" 200 53909
190.171.142.10 - - [26/Mar/2024:11:23:13 -0300] "POST /cormun/servlet/trsolicitudot?ce06d09941a4d848de61b8aa4479c924,,gx-no-cache=1711462807804 HTTP/1.1" 200 111
190.171.142.10 - - [26/Mar/2024:11:23:13 -0300] "GET /cormun/servlet/solicitudot?UPD,2024,21100,false, HTTP/1.1" 200 16810
190.171.142.10 - - [26/Mar/2024:11:23:14 -0300] "POST /cormun/servlet/solicitudot?gx-no-cache=1711462808614 HTTP/1.1" 200 4110
190.171.142.10 - - [26/Mar/2024:11:23:14 -0300] "POST /cormun/servlet/solicitudot?ce06d09941a4d848de61b8aa4479c924,UPD,2024,21100,false,,gx-no-cache=1711462808729 HTTP/1.1" 200 13039
190.171.142.10 - - [26/Mar/2024:11:23:14 -0300] "GET /cormun/servlet/solicitudot?9a1c2cea6542f828531689430a3b01bf087d92d9d82f030f7a115c8693e4ec6df5161e46d8db0efc7447a5d85e372288,gx-no-cache=1711462808832 HTTP/1.1" 200 30
190.171.142.10 - - [26/Mar/2024:11:23:14 -0300] "GET /cormun/servlet/solicitudot?9a1c2cea6542f828531689430a3b01bf33b125d06f2ec7470be6758e16cd66c395de5f823add40f8e070a761bb8f7c48a4d8c4005b0fc19c3df4a8d910d4bd23329d2ea1c13193d2ef13a84c17d2e6b6,gx-no-cache=1711462808855 HTTP/1.1" 200 30
190.171.142.10 - - [26/Mar/2024:11:23:14 -0300] "GET /cormun/servlet/solicitudot?9a1c2cea6542f828531689430a3b01bfb28d4a09a60b0d7c66ac7217b0cbc712083e01f786bd64c0a10e66ee61a72329a117213a09ffb79dde680c9dd057b988,gx-no-cache=1711462808873 HTTP/1.1" 200 53
190.171.142.10 - - [26/Mar/2024:11:23:14 -0300] "POST /cormun/servlet/solicitudot?gx-no-cache=1711462808898 HTTP/1.1" 200 254
190.171.142.10 - - [26/Mar/2024:11:23:14 -0300] "GET /cormun/servlet/solicitudot?9a1c2cea6542f828531689430a3b01bf3aa5cb9ef7d728d68ed34be001cef659a93fefc5e6ab5a0c9da44c15ae9be5fb7206746ce2675132cde5dcd468c95bb59f7b0ef6aa23825b1c8b0df4154a7a1eeba5e34027615c75d5a58998c3661a2b25f47c0a7ddfca023b12a1cf5ec04e954b5f4899864827319e31f1bd10173ac30f1e9dc9a53350ebd6458aadf7d494b66b4b11df0a43c6fbbc5a16b6a833ce30b61315f60ed96fd0c51a2b4146b283432ad3a348d7caa9b02c1e882b21eb33e9922ec4576202ecd66f03fac64352581af80673ca2321e379f6b773c52f2c7a54c87c1c0242ebbe4f51781540a31827cea50ceeaf7b8a70db39ea84543a46a9380a6eb75c25f68b9f67aeb7a5f627b142417ebe46771393356c6bbeccd11a805535d95cada22b14113d9193bf5976aa30217273eaf7c6c6b181940cf54b6c7b822a3b73b685bc80bc304a0247b8c4564151fc53a1cf106164008c675222ca7a90e71635068d1b483515f1f508840038db537cef3a9e986f0672a332d463d151f0,gx-no-cache=1711462808922 HTTP/1.1" 200 30
190.171.142.10 - - [26/Mar/2024:11:23:14 -0300] "POST /cormun/servlet/solicitudot?gx-no-cache=1711462808941 HTTP/1.1" 200 30
190.171.142.10 - - [26/Mar/2024:11:23:14 -0300] "POST /cormun/servlet/solicitudot?gx-no-cache=1711462808962 HTTP/1.1" 200 1477
190.171.142.10 - - [26/Mar/2024:11:23:14 -0300] "POST /cormun/servlet/solicitudot?gx-no-cache=1711462809033 HTTP/1.1" 200 41
190.171.153.50 - - [26/Mar/2024:11:23:15 -0300] "GET /cormun/servlet/trvisualizadoreventos? HTTP/1.1" 200 7064
190.171.142.10 - - [26/Mar/2024:11:23:16 -0300] "GET /cormun/servlet/trsolicitudot? HTTP/1.1" 200 11035
190.171.153.50 - - [26/Mar/2024:11:23:18 -0300] "GET /cormun/servlet/trsolicitudot? HTTP/1.1" 200 9224
190.171.142.10 - - [26/Mar/2024:11:23:19 -0300] "POST /cormun/servlet/trsolicitudot?ce06d09941a4d848de61b8aa4479c924,,gx-no-cache=1711462814014 HTTP/1.1" 200 106
190.171.142.10 - - [26/Mar/2024:11:23:19 -0300] "GET /cormun/servlet/trsolicitudadjuntos?2024,21100, HTTP/1.1" 200 6315
181.212.47.137 - - [26/Mar/2024:11:23:22 -0300] "POST /cormun/servlet/trsolicitudgral?8289079facef3267739b074a3b64e621,,gx-no-cache=1711462799889 HTTP/1.1" 200 9035
190.171.142.10 - - [26/Mar/2024:11:23:23 -0300] "GET /cormun/servlet/solicitudotadjuntos?INS,2024,21100,,1, HTTP/1.1" 200 6260
190.171.142.10 - - [26/Mar/2024:11:23:23 -0300] "GET /cormun/static/about:blank HTTP/1.1" 404 1011
190.171.142.10 - - [26/Mar/2024:11:23:24 -0300] "GET /cormun/servlet/solicitudotadjuntos?9a1c2cea6542f828531689430a3b01bf371e0a1aeb8eee5f14cef51788e8fd47a33d0c5ddf2e60a3844feb49c8ca0cbe,gx-no-cache=1711462818622 HTTP/1.1" 200 30
190.171.142.10 - - [26/Mar/2024:11:23:24 -0300] "POST /cormun/servlet/solicitudotadjuntos?ce06d09941a4d848de61b8aa4479c924,INS,2024,21100,,1,,gx-no-cache=1711462818638 HTTP/1.1" 200 4181
181.212.47.137 - - [26/Mar/2024:11:23:24 -0300] "GET /cormun/servlet/vesolicitudgral?2024,21103,, HTTP/1.1" 200 8372
181.212.47.137 - - [26/Mar/2024:11:23:24 -0300] "GET /cormun/pexe_scrolldiv.js HTTP/1.1" 404 1009
190.171.153.50 - - [26/Mar/2024:11:23:26 -0300] "GET /cormun/servlet/trsolicitudot? HTTP/1.1" 200 9224
190.171.142.10 - - [26/Mar/2024:11:23:30 -0300] "POST /cormun/servlet/solicitudotadjuntos?gx-no-cache=1711462824187 HTTP/1.1" 200 26
190.171.153.50 - - [26/Mar/2024:11:23:30 -0300] "GET /cormun/servlet/solicitudot?INS,0,0,false, HTTP/1.1" 200 16264
190.171.153.50 - - [26/Mar/2024:11:23:34 -0300] "GET /cormun/servlet/prfichaempleado?,MD,,gxPopupLevel%3D0%3B HTTP/1.1" 200 9309
190.171.153.50 - - [26/Mar/2024:11:23:43 -0300] "POST /cormun/servlet/prfichaempleado?a5d689529de360e8b759858cbcbbb5c6,,MD,,gxPopupLevel%3D0%3B,gx-no-cache=1711462839044 HTTP/1.1" 200 3417
190.171.153.50 - - [26/Mar/2024:11:23:47 -0300] "POST /cormun/servlet/solicitudot?gx-no-cache=1711462842973 HTTP/1.1" 200 4145
190.171.153.50 - - [26/Mar/2024:11:23:48 -0300] "POST /cormun/servlet/solicitudot?a5d689529de360e8b759858cbcbbb5c6,INS,0,0,false,,gx-no-cache=1711462843098 HTTP/1.1" 200 13001
190.171.153.50 - - [26/Mar/2024:11:23:49 -0300] "GET /cormun/servlet/solicitudot?47a14b1e53da81b5157fc120413500a94509b0438bd1ce8c26f5e2dfa2578e3c3d74312323ff73f453cb86a52be1114c,gx-no-cache=1711462844787 HTTP/1.1" 200 30
190.171.153.50 - - [26/Mar/2024:11:23:49 -0300] "GET /cormun/servlet/solicitudot?47a14b1e53da81b5157fc120413500a9b514db779f68db19e216952faad4b72db9ed2bf55dba630b26fd4ab4cb5695693d74312323ff73f453cb86a52be1114c,gx-no-cache=1711462844813 HTTP/1.1" 200 30
190.171.153.50 - - [26/Mar/2024:11:23:49 -0300] "GET /cormun/servlet/solicitudot?47a14b1e53da81b5157fc120413500a9746353dffcab8e887e8d0bef2748d428,gx-no-cache=1711462844832 HTTP/1.1" 200 53
190.171.142.10 - - [26/Mar/2024:11:23:55 -0300] "GET /cormun/servlet/solicitudotadjuntos?9a1c2cea6542f828531689430a3b01bfe0eba4a2693e72c3aa4e672b7a15967d,gx-no-cache=1711462849725 HTTP/1.1" 200 30
190.171.142.10 - - [26/Mar/2024:11:23:55 -0300] "GET /cormun/servlet/solicitudotadjuntos?9a1c2cea6542f828531689430a3b01bfe0eba4a2693e72c3aa4e672b7a15967d,gx-no-cache=1711462849748 HTTP/1.1" 200 30
190.171.142.10 - - [26/Mar/2024:11:23:55 -0300] "POST /cormun/servlet/solicitudotadjuntos?ce06d09941a4d848de61b8aa4479c924,INS,2024,21100,,1, HTTP/1.1" 200 116
190.171.142.10 - - [26/Mar/2024:11:23:55 -0300] "GET /cormun/servlet/hpexe_return? HTTP/1.1" 200 1026
190.171.142.10 - - [26/Mar/2024:11:23:55 -0300] "GET /cormun/servlet/trsolicitudadjuntos?2024,21100, HTTP/1.1" 200 9270
190.171.142.10 - - [26/Mar/2024:11:23:59 -0300] "GET /cormun/servlet/solicitudotadjuntos?INS,2024,21100,,1, HTTP/1.1" 200 6260
190.171.142.10 - - [26/Mar/2024:11:23:59 -0300] "GET /cormun/static/about:blank HTTP/1.1" 404 1011
190.171.142.10 - - [26/Mar/2024:11:23:59 -0300] "GET /cormun/servlet/solicitudotadjuntos?9a1c2cea6542f828531689430a3b01bf371e0a1aeb8eee5f14cef51788e8fd47a33d0c5ddf2e60a3844feb49c8ca0cbe,gx-no-cache=1711462853911 HTTP/1.1" 200 30
190.171.142.10 - - [26/Mar/2024:11:23:59 -0300] "POST /cormun/servlet/solicitudotadjuntos?ce06d09941a4d848de61b8aa4479c924,INS,2024,21100,,1,,gx-no-cache=1711462853929 HTTP/1.1" 200 4181
190.171.153.50 - - [26/Mar/2024:11:24:00 -0300] "POST /cormun/servlet/solicitudot?gx-no-cache=1711462855484 HTTP/1.1" 200 255
190.171.153.50 - - [26/Mar/2024:11:24:00 -0300] "GET /cormun/servlet/solicitudot?47a14b1e53da81b5157fc120413500a91e832d8abd5bb4f3e0c83191c4fc1aa1e118d3f487c71a1006d3fec0d384c937a1d95755079dd9c47bc2ff96881a0b82ddd25043422fbd01fe2d553d2494c3519dc9de4e69c1fcda2c962adb0e7acb68be7e1910d30b5c715195034c477934a62209807264cb63a6dbbc6b9a14750bf82aed69278a94f5e9f030c370b59fa862644ceb425ea1fc182b9455ad1e8f3941b3f7b362ae38d79535e08749d703e0670e4386555187daa00d40738f68a1f0499657cc8bec3df667357218db7a756fe7916418ba1ea842d980fd4972726cea512c79eec223004be3a8769adb5112061a5929e48b4efc3e899ca302c0613df4fdcdd3fb9f0cfbd98aaae02ba337dcb8b8b84785d73cc9df1620d0957c52a57889dffd62e92b6dfe050913bdda3fedcbfcf0f95f3b4fb5bd8c0644a44719e29c14fbe1120edbfffc03ba17ebc941119b93c9ca6caf946595f32685321807b624f3191f7379b06beb970956012f41b5da691aa3ddc72b4fa3009071a394addff5a1,gx-no-cache=1711462855513 HTTP/1.1" 200 30
190.171.153.50 - - [26/Mar/2024:11:24:02 -0300] "POST /cormun/servlet/solicitudot?gx-no-cache=1711462857622 HTTP/1.1" 200 30
190.171.142.10 - - [26/Mar/2024:11:24:03 -0300] "POST /cormun/servlet/solicitudotadjuntos?gx-no-cache=1711462857517 HTTP/1.1" 200 26
190.171.153.50 - - [26/Mar/2024:11:24:04 -0300] "POST /cormun/servlet/solicitudot?gx-no-cache=1711462859753 HTTP/1.1" 200 1474
190.171.153.50 - - [26/Mar/2024:11:24:04 -0300] "POST /cormun/servlet/solicitudot?gx-no-cache=1711462859790 HTTP/1.1" 200 38
190.171.153.50 - - [26/Mar/2024:11:24:04 -0300] "GET /cormun/servlet/solicitudot?47a14b1e53da81b5157fc120413500a9cdf99459f3a7ae9d0ec1ca17672178ba815ec466c0ba667365e24d7f80d4c79c324a1eb99240e3ced460fbee818ac3bef03982be1acb209f13bce7d05305e3956959a4a08a39f204b29400748855ba8bbfd8bd8a409ef5e044c44acd586fae2d,gx-no-cache=1711462859812 HTTP/1.1" 200 110
190.171.153.50 - - [26/Mar/2024:11:24:09 -0300] "POST /cormun/servlet/solicitudot?gx-no-cache=1711462864689 HTTP/1.1" 200 97
190.171.142.10 - - [26/Mar/2024:11:24:12 -0300] "GET /cormun/servlet/solicitudotadjuntos?9a1c2cea6542f828531689430a3b01bfe0eba4a2693e72c3aa4e672b7a15967d,gx-no-cache=1711462867085 HTTP/1.1" 200 30
190.171.142.10 - - [26/Mar/2024:11:24:12 -0300] "GET /cormun/servlet/solicitudotadjuntos?9a1c2cea6542f828531689430a3b01bfe0eba4a2693e72c3aa4e672b7a15967d,gx-no-cache=1711462867109 HTTP/1.1" 200 30
190.171.142.10 - - [26/Mar/2024:11:24:13 -0300] "POST /cormun/servlet/solicitudotadjuntos?ce06d09941a4d848de61b8aa4479c924,INS,2024,21100,,1, HTTP/1.1" 200 116
190.171.142.10 - - [26/Mar/2024:11:24:13 -0300] "GET /cormun/servlet/hpexe_return? HTTP/1.1" 200 1026
190.171.142.10 - - [26/Mar/2024:11:24:13 -0300] "GET /cormun/servlet/trsolicitudadjuntos?2024,21100, HTTP/1.1" 200 9504
190.171.153.50 - - [26/Mar/2024:11:24:15 -0300] "GET /cormun/servlet/solicitudot?47a14b1e53da81b5157fc120413500a9bbdb22cc5a2dcb3d096fa02ea71b48ec846b47e122e0200a5cd3fc429b295cf5ffb564d78e159e7a37bbb3e3aa889d1482ee239327514a71aea2dd47c49962125550b0897539023035e8bbd100599ac8d29f312fdb61e4b72920570f21396c42bc1ebf2496de2a6f51c7d5f7040732a8aedc717c90b35e717d830dd5f0d252227314b08fd5e23219d8478391f1371303,gx-no-cache=1711462870145 HTTP/1.1" 200 29
190.171.153.50 - - [26/Mar/2024:11:24:15 -0300] "GET /cormun/static/menuarrow.gif HTTP/1.1" 404 1015
190.171.142.10 - - [26/Mar/2024:11:24:15 -0300] "GET /cormun/servlet/solicitudotadjuntos?INS,2024,21100,,1, HTTP/1.1" 200 6260
190.171.142.10 - - [26/Mar/2024:11:24:15 -0300] "GET /cormun/static/about:blank HTTP/1.1" 404 1011
190.171.142.10 - - [26/Mar/2024:11:24:16 -0300] "GET /cormun/servlet/solicitudotadjuntos?9a1c2cea6542f828531689430a3b01bf371e0a1aeb8eee5f14cef51788e8fd47a33d0c5ddf2e60a3844feb49c8ca0cbe,gx-no-cache=1711462870618 HTTP/1.1" 200 30
190.171.142.10 - - [26/Mar/2024:11:24:16 -0300] "POST /cormun/servlet/solicitudotadjuntos?ce06d09941a4d848de61b8aa4479c924,INS,2024,21100,,1,,gx-no-cache=1711462870635 HTTP/1.1" 200 4181
190.171.142.10 - - [26/Mar/2024:11:24:22 -0300] "POST /cormun/servlet/solicitudotadjuntos?gx-no-cache=1711462876790 HTTP/1.1" 200 26
190.171.142.10 - - [26/Mar/2024:11:24:36 -0300] "GET /cormun/servlet/solicitudotadjuntos?9a1c2cea6542f828531689430a3b01bfe0eba4a2693e72c3aa4e672b7a15967d,gx-no-cache=1711462890566 HTTP/1.1" 200 30
190.171.142.10 - - [26/Mar/2024:11:24:36 -0300] "GET /cormun/servlet/solicitudotadjuntos?9a1c2cea6542f828531689430a3b01bfe0eba4a2693e72c3aa4e672b7a15967d,gx-no-cache=1711462890712 HTTP/1.1" 200 30
190.171.142.10 - - [26/Mar/2024:11:24:36 -0300] "POST /cormun/servlet/solicitudotadjuntos?ce06d09941a4d848de61b8aa4479c924,INS,2024,21100,,1, HTTP/1.1" 200 116
190.171.142.10 - - [26/Mar/2024:11:24:36 -0300] "GET /cormun/servlet/hpexe_return? HTTP/1.1" 200 1026
190.171.142.10 - - [26/Mar/2024:11:24:37 -0300] "GET /cormun/servlet/trsolicitudadjuntos?2024,21100, HTTP/1.1" 200 9741
190.171.142.10 - - [26/Mar/2024:11:24:40 -0300] "GET /cormun/servlet/solicitudotadjuntos?INS,2024,21100,,1, HTTP/1.1" 200 6260
190.171.142.10 - - [26/Mar/2024:11:24:40 -0300] "GET /cormun/static/about:blank HTTP/1.1" 404 1011
190.171.142.10 - - [26/Mar/2024:11:24:40 -0300] "GET /cormun/servlet/solicitudotadjuntos?9a1c2cea6542f828531689430a3b01bf371e0a1aeb8eee5f14cef51788e8fd47a33d0c5ddf2e60a3844feb49c8ca0cbe,gx-no-cache=1711462895015 HTTP/1.1" 200 30
190.171.142.10 - - [26/Mar/2024:11:24:40 -0300] "POST /cormun/servlet/solicitudotadjuntos?ce06d09941a4d848de61b8aa4479c924,INS,2024,21100,,1,,gx-no-cache=1711462895030 HTTP/1.1" 200 4181
190.171.142.10 - - [26/Mar/2024:11:24:43 -0300] "POST /cormun/servlet/solicitudotadjuntos?gx-no-cache=1711462897318 HTTP/1.1" 200 26
190.171.153.50 - - [26/Mar/2024:11:24:45 -0300] "GET /cormun/servlet/solicitudot?47a14b1e53da81b5157fc120413500a949018d1e0dc8b4b5244bcce0c18f86a2,gx-no-cache=1711462900500 HTTP/1.1" 200 30
190.171.153.50 - - [26/Mar/2024:11:24:45 -0300] "POST /cormun/servlet/solicitudot?gx-no-cache=1711462900529 HTTP/1.1" 200 30
190.171.142.10 - - [26/Mar/2024:11:24:53 -0300] "POST /cormun/servlet/solicitudotadjuntos?gx-no-cache=1711462907926 HTTP/1.1" 200 26
190.171.142.10 - - [26/Mar/2024:11:25:01 -0300] "GET /cormun/servlet/solicitudotadjuntos?9a1c2cea6542f828531689430a3b01bfe0eba4a2693e72c3aa4e672b7a15967d,gx-no-cache=1711462915350 HTTP/1.1" 200 30
190.171.142.10 - - [26/Mar/2024:11:25:01 -0300] "GET /cormun/servlet/solicitudotadjuntos?9a1c2cea6542f828531689430a3b01bfe0eba4a2693e72c3aa4e672b7a15967d,gx-no-cache=1711462915374 HTTP/1.1" 200 30
190.171.142.10 - - [26/Mar/2024:11:25:01 -0300] "POST /cormun/servlet/solicitudotadjuntos?ce06d09941a4d848de61b8aa4479c924,INS,2024,21100,,1, HTTP/1.1" 200 116
190.171.142.10 - - [26/Mar/2024:11:25:01 -0300] "GET /cormun/servlet/hpexe_return? HTTP/1.1" 200 1026
190.171.142.10 - - [26/Mar/2024:11:25:01 -0300] "GET /cormun/servlet/trsolicitudadjuntos?2024,21100, HTTP/1.1" 200 9995
190.171.153.50 - - [26/Mar/2024:11:25:02 -0300] "GET /cormun/servlet/solicitudot?47a14b1e53da81b5157fc120413500a9067c4c7498b68157a9d94f6e512e185df9ceb8e8fbde94b1827f30d8e4afb827,gx-no-cache=1711462917831 HTTP/1.1" 200 30
190.171.142.10 - - [26/Mar/2024:11:25:06 -0300] "GET /cormun/servlet/solicitudotadjuntos?INS,2024,21100,,1, HTTP/1.1" 200 6260
190.171.142.10 - - [26/Mar/2024:11:25:06 -0300] "GET /cormun/static/about:blank HTTP/1.1" 404 1011
190.171.142.10 - - [26/Mar/2024:11:25:06 -0300] "GET /cormun/servlet/solicitudotadjuntos?9a1c2cea6542f828531689430a3b01bf371e0a1aeb8eee5f14cef51788e8fd47a33d0c5ddf2e60a3844feb49c8ca0cbe,gx-no-cache=1711462920861 HTTP/1.1" 200 30
190.171.142.10 - - [26/Mar/2024:11:25:06 -0300] "POST /cormun/servlet/solicitudotadjuntos?ce06d09941a4d848de61b8aa4479c924,INS,2024,21100,,1,,gx-no-cache=1711462920877 HTTP/1.1" 200 4181
190.171.142.10 - - [26/Mar/2024:11:25:11 -0300] "POST /cormun/servlet/solicitudotadjuntos?gx-no-cache=1711462925799 HTTP/1.1" 200 26
190.171.153.50 - - [26/Mar/2024:11:25:14 -0300] "POST /cormun/servlet/solicitudot?gx-no-cache=1711462929580 HTTP/1.1" 200 30
190.171.142.10 - - [26/Mar/2024:11:25:17 -0300] "GET /cormun/servlet/solicitudotadjuntos?9a1c2cea6542f828531689430a3b01bfe0eba4a2693e72c3aa4e672b7a15967d,gx-no-cache=1711462931983 HTTP/1.1" 200 30
190.171.142.10 - - [26/Mar/2024:11:25:17 -0300] "GET /cormun/servlet/solicitudotadjuntos?9a1c2cea6542f828531689430a3b01bfe0eba4a2693e72c3aa4e672b7a15967d,gx-no-cache=1711462931998 HTTP/1.1" 200 30
190.171.142.10 - - [26/Mar/2024:11:25:18 -0300] "POST /cormun/servlet/solicitudotadjuntos?ce06d09941a4d848de61b8aa4479c924,INS,2024,21100,,1, HTTP/1.1" 200 116
190.171.142.10 - - [26/Mar/2024:11:25:18 -0300] "GET /cormun/servlet/hpexe_return? HTTP/1.1" 200 1026
190.171.142.10 - - [26/Mar/2024:11:25:18 -0300] "GET /cormun/servlet/trsolicitudadjuntos?2024,21100, HTTP/1.1" 200 10254
190.171.153.50 - - [26/Mar/2024:11:25:21 -0300] "POST /cormun/servlet/solicitudot?a5d689529de360e8b759858cbcbbb5c6,INS,0,0,false,,gx-no-cache=1711462935946 HTTP/1.1" 200 93
190.171.153.50 - - [26/Mar/2024:11:25:21 -0300] "GET /cormun/servlet/hpexe_return? HTTP/1.1" 200 1012
190.171.153.50 - - [26/Mar/2024:11:25:21 -0300] "GET /cormun/servlet/trsolicitudot HTTP/1.1" 200 9584
190.171.142.10 - - [26/Mar/2024:11:25:25 -0300] "GET /cormun/servlet/solicitudotadjuntos?INS,2024,21100,,1, HTTP/1.1" 200 6261
190.171.142.10 - - [26/Mar/2024:11:25:25 -0300] "GET /cormun/static/about:blank HTTP/1.1" 404 1011
190.171.142.10 - - [26/Mar/2024:11:25:26 -0300] "GET /cormun/servlet/solicitudotadjuntos?9a1c2cea6542f828531689430a3b01bf371e0a1aeb8eee5f14cef51788e8fd47a33d0c5ddf2e60a3844feb49c8ca0cbe,gx-no-cache=1711462940221 HTTP/1.1" 200 30
190.171.142.10 - - [26/Mar/2024:11:25:26 -0300] "POST /cormun/servlet/solicitudotadjuntos?ce06d09941a4d848de61b8aa4479c924,INS,2024,21100,,1,,gx-no-cache=1711462940238 HTTP/1.1" 200 4182
190.171.153.50 - - [26/Mar/2024:11:25:28 -0300] "POST /cormun/servlet/trsolicitudot?a5d689529de360e8b759858cbcbbb5c6,gx-no-cache=1711462943937 HTTP/1.1" 200 6339
190.171.153.50 - - [26/Mar/2024:11:25:28 -0300] "GET /cormun/static/Shared/jqueryui/images/ui-bg_highlight-soft_100_c6c2c8_1x100.png HTTP/1.1" 404 1117
190.171.153.50 - - [26/Mar/2024:11:25:28 -0300] "GET /cormun/static/Shared/jqueryui/images/ui-icons_82798d_256x240.png HTTP/1.1" 404 1089
190.171.153.50 - - [26/Mar/2024:11:25:28 -0300] "GET /cormun/static/Shared/jqueryui/images/ui-icons_8d78a5_256x240.png HTTP/1.1" 404 1089
190.171.153.50 - - [26/Mar/2024:11:25:28 -0300] "GET /cormun/static/Shared/jqueryui/images/ui-bg_flat_55_fafafa_40x100.png HTTP/1.1" 404 1097
190.171.153.50 - - [26/Mar/2024:11:25:28 -0300] "POST /cormun/servlet/trsolicitudot?a5d689529de360e8b759858cbcbbb5c6,gx-no-cache=1711462944077 HTTP/1.1" 200 6282
190.171.142.10 - - [26/Mar/2024:11:25:30 -0300] "POST /cormun/servlet/solicitudotadjuntos?gx-no-cache=1711462944688 HTTP/1.1" 200 26
190.171.153.50 - - [26/Mar/2024:11:25:32 -0300] "GET /cormun/servlet/solicitudot?INS,0,0,false, HTTP/1.1" 200 16265
190.171.153.50 - - [26/Mar/2024:11:25:37 -0300] "GET /cormun/servlet/prfichaempleado?,MD,,gxPopupLevel%3D0%3B HTTP/1.1" 200 9309
190.171.142.10 - - [26/Mar/2024:11:25:41 -0300] "GET /cormun/servlet/solicitudotadjuntos?9a1c2cea6542f828531689430a3b01bfe0eba4a2693e72c3aa4e672b7a15967d,gx-no-cache=1711462955927 HTTP/1.1" 200 30
190.171.142.10 - - [26/Mar/2024:11:25:41 -0300] "GET /cormun/servlet/solicitudotadjuntos?9a1c2cea6542f828531689430a3b01bfe0eba4a2693e72c3aa4e672b7a15967d,gx-no-cache=1711462955945 HTTP/1.1" 200 30
190.171.142.10 - - [26/Mar/2024:11:25:41 -0300] "POST /cormun/servlet/solicitudotadjuntos?ce06d09941a4d848de61b8aa4479c924,INS,2024,21100,,1, HTTP/1.1" 200 116
190.171.142.10 - - [26/Mar/2024:11:25:41 -0300] "GET /cormun/servlet/hpexe_return? HTTP/1.1" 200 1026
190.171.142.10 - - [26/Mar/2024:11:25:42 -0300] "GET /cormun/servlet/trsolicitudadjuntos?2024,21100, HTTP/1.1" 200 10426
190.171.153.50 - - [26/Mar/2024:11:25:46 -0300] "POST /cormun/servlet/prfichaempleado?a5d689529de360e8b759858cbcbbb5c6,,MD,,gxPopupLevel%3D0%3B,gx-no-cache=1711462961502 HTTP/1.1" 200 3425
190.171.142.10 - - [26/Mar/2024:11:25:49 -0300] "GET /cormun/servlet/solicitudotadjuntos?INS,2024,21100,,1, HTTP/1.1" 200 6261
190.171.142.10 - - [26/Mar/2024:11:25:49 -0300] "GET /cormun/static/about:blank HTTP/1.1" 404 1011
190.171.153.50 - - [26/Mar/2024:11:25:49 -0300] "POST /cormun/servlet/solicitudot?gx-no-cache=1711462964936 HTTP/1.1" 200 4148
190.171.142.10 - - [26/Mar/2024:11:25:49 -0300] "GET /cormun/servlet/solicitudotadjuntos?9a1c2cea6542f828531689430a3b01bf371e0a1aeb8eee5f14cef51788e8fd47a33d0c5ddf2e60a3844feb49c8ca0cbe,gx-no-cache=1711462964033 HTTP/1.1" 200 30
190.171.153.50 - - [26/Mar/2024:11:25:49 -0300] "POST /cormun/servlet/solicitudot?a5d689529de360e8b759858cbcbbb5c6,INS,0,0,false,,gx-no-cache=1711462965050 HTTP/1.1" 200 13011
190.171.142.10 - - [26/Mar/2024:11:25:50 -0300] "POST /cormun/servlet/solicitudotadjuntos?ce06d09941a4d848de61b8aa4479c924,INS,2024,21100,,1, HTTP/1.1" 200 6978
190.171.153.50 - - [26/Mar/2024:11:25:50 -0300] "GET /cormun/servlet/solicitudot?47a14b1e53da81b5157fc120413500a9f757dd9bdabef50ac79e0fce8eba052b3d74312323ff73f453cb86a52be1114c,gx-no-cache=1711462965153 HTTP/1.1" 200 30
190.171.142.10 - - [26/Mar/2024:11:25:50 -0300] "GET /cormun/PrivateTempStorage/upload_00019042.pdf HTTP/1.1" 200 223462
190.171.142.10 - - [26/Mar/2024:11:25:53 -0300] "GET /cormun/servlet/trsolicitudot? HTTP/1.1" 200 11035
190.171.142.10 - - [26/Mar/2024:11:25:58 -0300] "POST /cormun/servlet/trsolicitudot?ce06d09941a4d848de61b8aa4479c924,,gx-no-cache=1711462972995 HTTP/1.1" 200 8321
190.171.142.10 - - [26/Mar/2024:11:26:04 -0300] "POST /cormun/servlet/trsolicitudot?ce06d09941a4d848de61b8aa4479c924,,gx-no-cache=1711462978440 HTTP/1.1" 200 112
190.171.142.10 - - [26/Mar/2024:11:26:04 -0300] "GET /cormun/servlet/solicitudot?UPD,2024,21108,false, HTTP/1.1" 200 16842
190.171.142.10 - - [26/Mar/2024:11:26:05 -0300] "POST /cormun/servlet/solicitudot?gx-no-cache=1711462979179 HTTP/1.1" 200 4099
190.171.142.10 - - [26/Mar/2024:11:26:05 -0300] "POST /cormun/servlet/solicitudot?ce06d09941a4d848de61b8aa4479c924,UPD,2024,21108,false,,gx-no-cache=1711462979291 HTTP/1.1" 200 13057
190.171.142.10 - - [26/Mar/2024:11:26:05 -0300] "GET /cormun/servlet/solicitudot?9a1c2cea6542f828531689430a3b01bfbb7e33ed21ebeddb11752af83b0e32cbf5161e46d8db0efc7447a5d85e372288,gx-no-cache=1711462979386 HTTP/1.1" 200 30
190.171.142.10 - - [26/Mar/2024:11:26:05 -0300] "GET /cormun/servlet/solicitudot?9a1c2cea6542f828531689430a3b01bf49f347551db00db7c0a1aac6294004fe44006cfe0d3828e6ff8cf761f87e6286274cc166015566deaff9b472b4b8fd60bf3b530944678987c6f389928920b853,gx-no-cache=1711462979406 HTTP/1.1" 200 30
190.171.142.10 - - [26/Mar/2024:11:26:05 -0300] "GET /cormun/servlet/solicitudot?9a1c2cea6542f828531689430a3b01bfadec1a2eebb21dade4ba7410bab921b265cfa41091fb9fa3f5cd406b28901e4ace91e5ee31ec88e9f721345a472cee78,gx-no-cache=1711462979423 HTTP/1.1" 200 55
190.171.142.10 - - [26/Mar/2024:11:26:05 -0300] "POST /cormun/servlet/solicitudot?gx-no-cache=1711462979442 HTTP/1.1" 200 255
190.171.142.10 - - [26/Mar/2024:11:26:05 -0300] "GET /cormun/servlet/solicitudot?9a1c2cea6542f828531689430a3b01bf3aa5cb9ef7d728d68ed34be001cef659a93fefc5e6ab5a0c9da44c15ae9be5fb7206746ce2675132cde5dcd468c95bb59f7b0ef6aa23825b1c8b0df4154a7a1eeba5e34027615c75d5a58998c3661a2b25f47c0a7ddfca023b12a1cf5ec04e954b5f4899864827319e31f1bd10173ac30f1e9dc9a53350ebd6458aadf7d494b66b4b11df0a43c6fbbc5a16b6a833ce30b61315f60ed96fd0c51a2b4146b283432ad3a348d7caa9b02c1e882b21eb33e9922ec4576202ecd66f03fac64352581af80673ca2321e379f6b773c52f2c7a54c87c1c0242ebbe4f51781540a31827cea50ceeaf7b8a70db39ea84543a46a9380a6eb75c25f68b9f67aeb7a5f627b142417ebe46771393356c6bbeccd11a805535d95cada22b14113d9193bf5976aa30217273eaf7c6c6b181940cf54b6c7b822a3b73b685bc80bc304a0247b8c4564151fc53a1cf106164008c675222ca7a90e71635068d1b483515f1f508840038db537cef3a9e986f0672a332d463d151f0,gx-no-cache=1711462979462 HTTP/1.1" 200 30
190.171.142.10 - - [26/Mar/2024:11:26:05 -0300] "POST /cormun/servlet/solicitudot?gx-no-cache=1711462979480 HTTP/1.1" 200 30
190.171.142.10 - - [26/Mar/2024:11:26:05 -0300] "POST /cormun/servlet/solicitudot?gx-no-cache=1711462979500 HTTP/1.1" 200 1477
190.171.142.10 - - [26/Mar/2024:11:26:05 -0300] "POST /cormun/servlet/solicitudot?gx-no-cache=1711462979572 HTTP/1.1" 200 41
190.171.142.10 - - [26/Mar/2024:11:26:18 -0300] "POST /cormun/servlet/solicitudot?gx-no-cache=1711462992153 HTTP/1.1" 200 30
190.171.153.50 - - [26/Mar/2024:11:26:24 -0300] "GET /cormun/servlet/solicitudot?47a14b1e53da81b5157fc120413500a9ea383d6c7d19ce729007afb696d19871852cd0da95dde0c01c8807acafdbd607c7e11effffac2264f01dba612074f720,gx-no-cache=1711462999977 HTTP/1.1" 200 30
190.171.153.50 - - [26/Mar/2024:11:26:24 -0300] "GET /cormun/servlet/solicitudot?47a14b1e53da81b5157fc120413500a9746353dffcab8e887e8d0bef2748d428,gx-no-cache=1711463000006 HTTP/1.1" 200 53
190.171.153.50 - - [26/Mar/2024:11:26:24 -0300] "POST /cormun/servlet/solicitudot?gx-no-cache=1711463000035 HTTP/1.1" 200 255
190.171.153.50 - - [26/Mar/2024:11:26:24 -0300] "GET /cormun/servlet/solicitudot?47a14b1e53da81b5157fc120413500a91e832d8abd5bb4f3e0c83191c4fc1aa1e118d3f487c71a1006d3fec0d384c937a1d95755079dd9c47bc2ff96881a0b82ddd25043422fbd01fe2d553d2494c3519dc9de4e69c1fcda2c962adb0e7acb68be7e1910d30b5c715195034c477934a62209807264cb63a6dbbc6b9a14750bf82aed69278a94f5e9f030c370b59fa862644ceb425ea1fc182b9455ad1e8f3941b3f7b362ae38d79535e08749d703e0670e4386555187daa00d40738f68a1f0499657cc8bec3df667357218db7a756fe7916418ba1ea842d980fd4972726cea512c79eec223004be3a8769adb5112061a5929e48b4efc3e899ca302c0613df4fdcdd3fb9f0cfbd98aaae02ba337dcb8b8b84785d73cc9df1620d0957c52a57889dffd62e92b6dfe050913bdda3fedcbfcf0f95f3b4fb5bd8c0644a44719e29c14fbe1120edbfffc03ba17ebc941119b93c9ca6caf946595f32685321807b624f3191f7379b06beb970956012f41b5da691aa3ddc72b4fa3009071a394addff5a1,gx-no-cache=1711463000076 HTTP/1.1" 200 30
190.171.153.50 - - [26/Mar/2024:11:26:26 -0300] "POST /cormun/servlet/solicitudot?gx-no-cache=1711463001854 HTTP/1.1" 200 30
190.171.153.50 - - [26/Mar/2024:11:26:28 -0300] "POST /cormun/servlet/solicitudot?gx-no-cache=1711463003948 HTTP/1.1" 200 1474
190.171.153.50 - - [26/Mar/2024:11:26:28 -0300] "POST /cormun/servlet/solicitudot?gx-no-cache=1711463003985 HTTP/1.1" 200 38
190.171.153.50 - - [26/Mar/2024:11:26:28 -0300] "GET /cormun/servlet/solicitudot?47a14b1e53da81b5157fc120413500a9cdf99459f3a7ae9d0ec1ca17672178ba815ec466c0ba667365e24d7f80d4c79c324a1eb99240e3ced460fbee818ac3bef03982be1acb209f13bce7d05305e3956959a4a08a39f204b29400748855ba8bbfd8bd8a409ef5e044c44acd586fae2d,gx-no-cache=1711463004006 HTTP/1.1" 200 110
190.171.153.50 - - [26/Mar/2024:11:26:32 -0300] "POST /cormun/servlet/solicitudot?gx-no-cache=1711463007332 HTTP/1.1" 200 97
190.171.153.50 - - [26/Mar/2024:11:26:37 -0300] "GET /cormun/servlet/solicitudot?47a14b1e53da81b5157fc120413500a9bbdb22cc5a2dcb3d096fa02ea71b48ec846b47e122e0200a5cd3fc429b295cf5ffb564d78e159e7a37bbb3e3aa889d1482ee239327514a71aea2dd47c49962125550b0897539023035e8bbd100599ac8d29f312fdb61e4b72920570f21396c42bc1ebf2496de2a6f51c7d5f7040732a8aedc717c90b35e717d830dd5f0d252227314b08fd5e23219d8478391f1371303,gx-no-cache=1711463012729 HTTP/1.1" 200 29
190.171.153.50 - - [26/Mar/2024:11:26:42 -0300] "GET /cormun/servlet/solicitudot?47a14b1e53da81b5157fc120413500a9067c4c7498b68157a9d94f6e512e185df9ceb8e8fbde94b1827f30d8e4afb827,gx-no-cache=1711463018124 HTTP/1.1" 200 30
190.171.142.10 - - [26/Mar/2024:11:26:44 -0300] "POST /cormun/servlet/solicitudot?gx-no-cache=1711463018283 HTTP/1.1" 200 1477
190.171.142.10 - - [26/Mar/2024:11:26:44 -0300] "POST /cormun/servlet/solicitudot?gx-no-cache=1711463018367 HTTP/1.1" 200 41
190.171.142.10 - - [26/Mar/2024:11:26:44 -0300] "GET /cormun/servlet/solicitudot?9a1c2cea6542f828531689430a3b01bf2c19321a42f4d994e3eaf7053727b48ff3d0089f6fc25cfbbec31a22dd1ccc36dcadb922bc5a0cc9bafc3ccf065bf0d6cb82ddf7fca89ecf73a41122f81b961914cf9c7be21a16fedf0ac83881b7470e74dc79c2c66b121bbe525548e1334a0c,gx-no-cache=1711463018387 HTTP/1.1" 200 110
190.171.142.10 - - [26/Mar/2024:11:26:44 -0300] "POST /cormun/servlet/solicitudot?gx-no-cache=1711463018408 HTTP/1.1" 200 97
190.171.142.10 - - [26/Mar/2024:11:26:44 -0300] "GET /cormun/servlet/solicitudot?9a1c2cea6542f828531689430a3b01bf6458a6e1e864ed03c31578d788d571cfe4107a90fe7bff868c565a3574a1a5773ac9a90c4603df459170d8fa58dce59d9605ccbf6b87b67e5b2bede25cb734fa89b56a806921dbc94e02e54e2608c43192433a68aa76d47ef466b8392adb7b81717b488b5154aec1f320bb2a8ec2ca5610c1640e3002f947173e059af0c6628139753bfd2d21c03284024f7b66235c25,gx-no-cache=1711463018431 HTTP/1.1" 200 29
190.171.142.10 - - [26/Mar/2024:11:26:46 -0300] "POST /cormun/servlet/solicitudot?gx-no-cache=1711463020625 HTTP/1.1" 200 30
190.171.142.10 - - [26/Mar/2024:11:26:46 -0300] "POST /cormun/servlet/solicitudot?gx-no-cache=1711463020649 HTTP/1.1" 200 1477
190.171.142.10 - - [26/Mar/2024:11:26:46 -0300] "POST /cormun/servlet/solicitudot?gx-no-cache=1711463020720 HTTP/1.1" 200 41
190.171.142.10 - - [26/Mar/2024:11:26:46 -0300] "GET /cormun/servlet/solicitudot?9a1c2cea6542f828531689430a3b01bf2c19321a42f4d994e3eaf7053727b48ff3d0089f6fc25cfbbec31a22dd1ccc36dcadb922bc5a0cc9bafc3ccf065bf0d6cb82ddf7fca89ecf73a41122f81b961914cf9c7be21a16fedf0ac83881b7470e74dc79c2c66b121bbe525548e1334a0c,gx-no-cache=1711463020739 HTTP/1.1" 200 110
190.171.142.10 - - [26/Mar/2024:11:26:46 -0300] "POST /cormun/servlet/solicitudot?gx-no-cache=1711463020758 HTTP/1.1" 200 97
190.171.153.50 - - [26/Mar/2024:11:26:51 -0300] "POST /cormun/servlet/solicitudot?gx-no-cache=1711463026610 HTTP/1.1" 200 30
190.171.142.10 - - [26/Mar/2024:11:26:54 -0300] "GET /cormun/servlet/solicitudot?9a1c2cea6542f828531689430a3b01bf7b8103e4d85e628c7b614f05ce39116e9131dba995247e7807fe3d6b009f9349,gx-no-cache=1711463028817 HTTP/1.1" 200 30
190.171.142.10 - - [26/Mar/2024:11:26:54 -0300] "POST /cormun/servlet/solicitudot?gx-no-cache=1711463028838 HTTP/1.1" 200 30
190.171.142.10 - - [26/Mar/2024:11:26:54 -0300] "POST /cormun/servlet/solicitudot?ce06d09941a4d848de61b8aa4479c924,UPD,2024,21108,false,,gx-no-cache=1711463028859 HTTP/1.1" 200 93
190.171.142.10 - - [26/Mar/2024:11:26:54 -0300] "GET /cormun/servlet/hpexe_return? HTTP/1.1" 200 1014
190.171.142.10 - - [26/Mar/2024:11:26:55 -0300] "GET /cormun/servlet/trsolicitudot? HTTP/1.1" 200 10973
190.171.142.10 - - [26/Mar/2024:11:26:58 -0300] "POST /cormun/servlet/trsolicitudot?ce06d09941a4d848de61b8aa4479c924,,gx-no-cache=1711463032708 HTTP/1.1" 200 107
190.171.142.10 - - [26/Mar/2024:11:26:58 -0300] "GET /cormun/servlet/trsolicitudadjuntos?2024,21108, HTTP/1.1" 200 6315
190.171.142.10 - - [26/Mar/2024:11:27:01 -0300] "GET /cormun/servlet/solicitudotadjuntos?INS,2024,21108,,1, HTTP/1.1" 200 6261
190.171.142.10 - - [26/Mar/2024:11:27:02 -0300] "GET /cormun/static/about:blank HTTP/1.1" 404 1011
190.171.142.10 - - [26/Mar/2024:11:27:02 -0300] "GET /cormun/servlet/solicitudotadjuntos?9a1c2cea6542f828531689430a3b01bffdd4344240411dc7b1492915c5371d32a33d0c5ddf2e60a3844feb49c8ca0cbe,gx-no-cache=1711463036705 HTTP/1.1" 200 30
190.171.142.10 - - [26/Mar/2024:11:27:02 -0300] "POST /cormun/servlet/solicitudotadjuntos?ce06d09941a4d848de61b8aa4479c924,INS,2024,21108,,1,,gx-no-cache=1711463036723 HTTP/1.1" 200 4182
190.171.153.50 - - [26/Mar/2024:11:27:08 -0300] "POST /cormun/servlet/solicitudot?a5d689529de360e8b759858cbcbbb5c6,INS,0,0,false,,gx-no-cache=1711463043888 HTTP/1.1" 200 93
190.171.153.50 - - [26/Mar/2024:11:27:09 -0300] "GET /cormun/servlet/hpexe_return? HTTP/1.1" 200 1034
190.171.153.50 - - [26/Mar/2024:11:27:09 -0300] "GET /cormun/servlet/trsolicitudot?gx-no-cache=1711462944077 HTTP/1.1" 200 9590
190.171.142.10 - - [26/Mar/2024:11:27:11 -0300] "POST /cormun/servlet/solicitudotadjuntos?gx-no-cache=1711463045252 HTTP/1.1" 200 26
190.171.153.50 - - [26/Mar/2024:11:27:13 -0300] "POST /cormun/servlet/trsolicitudot?a5d689529de360e8b759858cbcbbb5c6,gx-no-cache=1711462944077,gx-no-cache=1711463048340 HTTP/1.1" 200 6338
190.171.153.50 - - [26/Mar/2024:11:27:13 -0300] "GET /cormun/static/Shared/jqueryui/images/ui-bg_highlight-soft_100_c6c2c8_1x100.png HTTP/1.1" 404 1117
190.171.153.50 - - [26/Mar/2024:11:27:13 -0300] "GET /cormun/static/Shared/jqueryui/images/ui-icons_82798d_256x240.png HTTP/1.1" 404 1089
190.171.153.50 - - [26/Mar/2024:11:27:13 -0300] "GET /cormun/static/Shared/jqueryui/images/ui-bg_flat_55_fafafa_40x100.png HTTP/1.1" 404 1097
190.171.153.50 - - [26/Mar/2024:11:27:13 -0300] "GET /cormun/static/Shared/jqueryui/images/ui-icons_8d78a5_256x240.png HTTP/1.1" 404 1089
