190.171.142.10 - - [26/Mar/2024:09:06:21 -0300] "GET /cormun/servlet/solicitudotadjuntos?be891f9fe5a422829deb55df2dea892e8af11b1db64d99d7a6e5d602cbddab36bed9d2bfc9e5fb30bdbd10269a137184,gx-no-cache=1711454596019 HTTP/1.1" 200 30
190.171.142.10 - - [26/Mar/2024:09:06:21 -0300] "POST /cormun/servlet/solicitudotadjuntos?ce2c1e60b33afeb20b87986e57af473a,INS,2024,21091,,1,,gx-no-cache=1711454596081 HTTP/1.1" 200 4186
190.171.142.10 - - [26/Mar/2024:09:06:24 -0300] "POST /cormun/servlet/solicitudotadjuntos?gx-no-cache=1711454599395 HTTP/1.1" 200 26
190.171.144.234 - - [26/Mar/2024:09:06:29 -0300] "POST /cormun/servlet/solicitudot?gx-no-cache=1711454604657 HTTP/1.1" 200 118
190.171.144.234 - - [26/Mar/2024:09:06:29 -0300] "GET /cormun/servlet/solicitudot?b7c64a8b371428c2ded7cc37ba1f4809b60e21f434e56463e05de975607b78831d0ebbb681f1ebd34e0144840b5761f1e34e7667b143fd40e9ee1a936dbcd25290beb2dc7d211caa5108b79565a82d17a8f05b9b37656c027334f2c6018f1822a83a2b85d4df8e4514c23617e8063f16,gx-no-cache=1711454604679 HTTP/1.1" 200 110
190.171.144.234 - - [26/Mar/2024:09:06:29 -0300] "POST /cormun/servlet/solicitudot?gx-no-cache=1711454604697 HTTP/1.1" 200 97
190.171.142.10 - - [26/Mar/2024:09:06:33 -0300] "GET /cormun/servlet/solicitudotadjuntos?be891f9fe5a422829deb55df2dea892efe41149f809574d3eec6872075baa88b,gx-no-cache=1711454608126 HTTP/1.1" 200 30
190.171.142.10 - - [26/Mar/2024:09:06:33 -0300] "GET /cormun/servlet/solicitudotadjuntos?be891f9fe5a422829deb55df2dea892efe41149f809574d3eec6872075baa88b,gx-no-cache=1711454608138 HTTP/1.1" 200 30
190.171.142.10 - - [26/Mar/2024:09:06:33 -0300] "POST /cormun/servlet/solicitudotadjuntos?ce2c1e60b33afeb20b87986e57af473a,INS,2024,21091,,1, HTTP/1.1" 200 116
190.171.142.10 - - [26/Mar/2024:09:06:33 -0300] "GET /cormun/servlet/hpexe_return? HTTP/1.1" 200 1030
190.171.142.10 - - [26/Mar/2024:09:06:33 -0300] "GET /cormun/servlet/trsolicitudadjuntos?2024,21091, HTTP/1.1" 200 9520
190.171.142.10 - - [26/Mar/2024:09:06:35 -0300] "GET /cormun/servlet/solicitudotadjuntos?INS,2024,21091,,1, HTTP/1.1" 200 6265
190.171.142.10 - - [26/Mar/2024:09:06:36 -0300] "GET /cormun/static/about:blank HTTP/1.1" 404 1011
190.171.142.10 - - [26/Mar/2024:09:06:36 -0300] "GET /cormun/servlet/solicitudotadjuntos?be891f9fe5a422829deb55df2dea892e8af11b1db64d99d7a6e5d602cbddab36bed9d2bfc9e5fb30bdbd10269a137184,gx-no-cache=1711454611500 HTTP/1.1" 200 30
190.171.142.10 - - [26/Mar/2024:09:06:36 -0300] "POST /cormun/servlet/solicitudotadjuntos?ce2c1e60b33afeb20b87986e57af473a,INS,2024,21091,,1,,gx-no-cache=1711454611513 HTTP/1.1" 200 4187
190.171.142.10 - - [26/Mar/2024:09:06:39 -0300] "POST /cormun/servlet/solicitudotadjuntos?gx-no-cache=1711454614094 HTTP/1.1" 200 26
190.171.142.10 - - [26/Mar/2024:09:06:45 -0300] "GET /cormun/servlet/solicitudotadjuntos?be891f9fe5a422829deb55df2dea892efe41149f809574d3eec6872075baa88b,gx-no-cache=1711454620438 HTTP/1.1" 200 30
190.171.142.10 - - [26/Mar/2024:09:06:45 -0300] "GET /cormun/servlet/solicitudotadjuntos?be891f9fe5a422829deb55df2dea892efe41149f809574d3eec6872075baa88b,gx-no-cache=1711454620451 HTTP/1.1" 200 30
190.171.142.10 - - [26/Mar/2024:09:06:45 -0300] "POST /cormun/servlet/solicitudotadjuntos?ce2c1e60b33afeb20b87986e57af473a,INS,2024,21091,,1, HTTP/1.1" 200 116
190.171.142.10 - - [26/Mar/2024:09:06:45 -0300] "GET /cormun/servlet/hpexe_return? HTTP/1.1" 200 1030
190.171.142.10 - - [26/Mar/2024:09:06:45 -0300] "GET /cormun/servlet/trsolicitudadjuntos?2024,21091, HTTP/1.1" 200 9748
190.171.142.10 - - [26/Mar/2024:09:06:48 -0300] "GET /cormun/servlet/solicitudotadjuntos?INS,2024,21091,,1, HTTP/1.1" 200 6265
190.171.142.10 - - [26/Mar/2024:09:06:48 -0300] "GET /cormun/static/about:blank HTTP/1.1" 404 1011
190.171.142.10 - - [26/Mar/2024:09:06:48 -0300] "GET /cormun/servlet/solicitudotadjuntos?be891f9fe5a422829deb55df2dea892e8af11b1db64d99d7a6e5d602cbddab36bed9d2bfc9e5fb30bdbd10269a137184,gx-no-cache=1711454623600 HTTP/1.1" 200 30
190.171.142.10 - - [26/Mar/2024:09:06:48 -0300] "POST /cormun/servlet/solicitudotadjuntos?ce2c1e60b33afeb20b87986e57af473a,INS,2024,21091,,1,,gx-no-cache=1711454623614 HTTP/1.1" 200 4187
190.171.142.10 - - [26/Mar/2024:09:06:52 -0300] "POST /cormun/servlet/solicitudotadjuntos?gx-no-cache=1711454627504 HTTP/1.1" 200 26
190.171.149.74 - - [26/Mar/2024:09:06:55 -0300] "POST /cormun/servlet/trlicencias?9f65f5d3bd1a67cd9dd12dedb4daa0fa,,gx-no-cache=1711454629657 HTTP/1.1" 440 972
200.54.237.82 - - [26/Mar/2024:09:06:55 -0300] "GET /cormun/servlet/solicitudotadjuntos?77cb67c819c479b02cdd6c054c9a0ec5c78f85e0f2abcd9822e3800dd581e9fc,gx-no-cache=1711454631850 HTTP/1.1" 200 30
200.54.237.82 - - [26/Mar/2024:09:06:55 -0300] "GET /cormun/servlet/solicitudotadjuntos?77cb67c819c479b02cdd6c054c9a0ec5c78f85e0f2abcd9822e3800dd581e9fc,gx-no-cache=1711454631869 HTTP/1.1" 200 30
200.54.237.82 - - [26/Mar/2024:09:06:55 -0300] "POST /cormun/servlet/solicitudotadjuntos?1c7d70ea7ae1ee515362c4489cee9aa1,INS,2024,21090,,1, HTTP/1.1" 200 116
200.54.237.82 - - [26/Mar/2024:09:06:55 -0300] "GET /cormun/servlet/hpexe_return? HTTP/1.1" 200 1027
200.54.237.82 - - [26/Mar/2024:09:06:55 -0300] "GET /cormun/servlet/trsolicitudadjuntos?2024,21090, HTTP/1.1" 200 9350
190.171.149.74 - - [26/Mar/2024:09:06:56 -0300] "GET /cormun/servlet/trlicencias? HTTP/1.1" 200 6043
190.171.144.234 - - [26/Mar/2024:09:06:56 -0300] "POST /cormun/servlet/solicitudot?gx-no-cache=1711454631685 HTTP/1.1" 200 41
190.171.144.234 - - [26/Mar/2024:09:06:56 -0300] "GET /cormun/servlet/solicitudot?b7c64a8b371428c2ded7cc37ba1f4809b60e21f434e56463e05de975607b78831d0ebbb681f1ebd34e0144840b5761f1e34e7667b143fd40e9ee1a936dbcd25290beb2dc7d211caa5108b79565a82d17a8f05b9b37656c027334f2c6018f1822a83a2b85d4df8e4514c23617e8063f16,gx-no-cache=1711454631712 HTTP/1.1" 200 110
190.171.149.74 - - [26/Mar/2024:09:06:57 -0300] "GET /cormun/servlet/hlogin HTTP/1.1" 200 1732
190.171.142.10 - - [26/Mar/2024:09:06:58 -0300] "GET /cormun/servlet/solicitudotadjuntos?be891f9fe5a422829deb55df2dea892efe41149f809574d3eec6872075baa88b,gx-no-cache=1711454632994 HTTP/1.1" 200 30
190.171.142.10 - - [26/Mar/2024:09:06:58 -0300] "GET /cormun/servlet/solicitudotadjuntos?be891f9fe5a422829deb55df2dea892efe41149f809574d3eec6872075baa88b,gx-no-cache=1711454633007 HTTP/1.1" 200 30
190.171.142.10 - - [26/Mar/2024:09:06:58 -0300] "POST /cormun/servlet/solicitudotadjuntos?ce2c1e60b33afeb20b87986e57af473a,INS,2024,21091,,1, HTTP/1.1" 200 116
190.171.142.10 - - [26/Mar/2024:09:06:58 -0300] "GET /cormun/servlet/hpexe_return? HTTP/1.1" 200 1030
190.171.142.10 - - [26/Mar/2024:09:06:58 -0300] "GET /cormun/servlet/trsolicitudadjuntos?2024,21091, HTTP/1.1" 200 10003
200.54.237.82 - - [26/Mar/2024:09:06:58 -0300] "GET /cormun/servlet/solicitudotadjuntos?INS,2024,21090,,1, HTTP/1.1" 200 6385
200.54.237.82 - - [26/Mar/2024:09:06:58 -0300] "GET /cormun/static/about:blank HTTP/1.1" 404 1011
200.54.237.82 - - [26/Mar/2024:09:06:59 -0300] "GET /cormun/servlet/solicitudotadjuntos?77cb67c819c479b02cdd6c054c9a0ec5e887cc5d06cb4485b4b44948bfb6859062987e662b5b06fe478b99ad235e75a9,gx-no-cache=1711454635584 HTTP/1.1" 200 30
200.54.237.82 - - [26/Mar/2024:09:06:59 -0300] "POST /cormun/servlet/solicitudotadjuntos?1c7d70ea7ae1ee515362c4489cee9aa1,INS,2024,21090,,1,,gx-no-cache=1711454635613 HTTP/1.1" 200 4153
190.171.142.10 - - [26/Mar/2024:09:07:00 -0300] "GET /cormun/servlet/solicitudotadjuntos?INS,2024,21091,,1, HTTP/1.1" 200 6265
190.171.142.10 - - [26/Mar/2024:09:07:00 -0300] "GET /cormun/static/about:blank HTTP/1.1" 404 1011
190.171.142.10 - - [26/Mar/2024:09:07:00 -0300] "GET /cormun/servlet/solicitudotadjuntos?be891f9fe5a422829deb55df2dea892e8af11b1db64d99d7a6e5d602cbddab36bed9d2bfc9e5fb30bdbd10269a137184,gx-no-cache=1711454635867 HTTP/1.1" 200 30
190.171.142.10 - - [26/Mar/2024:09:07:00 -0300] "POST /cormun/servlet/solicitudotadjuntos?ce2c1e60b33afeb20b87986e57af473a,INS,2024,21091,,1,,gx-no-cache=1711454635908 HTTP/1.1" 200 4187
190.171.144.234 - - [26/Mar/2024:09:07:01 -0300] "GET /cormun/servlet/solicitudot?b7c64a8b371428c2ded7cc37ba1f4809b60e21f434e56463e05de975607b78831d0ebbb681f1ebd34e0144840b5761f1e34e7667b143fd40e9ee1a936dbcd25290beb2dc7d211caa5108b79565a82d17a8f05b9b37656c027334f2c6018f1822a83a2b85d4df8e4514c23617e8063f16,gx-no-cache=1711454636199 HTTP/1.1" 200 110
200.54.237.82 - - [26/Mar/2024:09:07:01 -0300] "POST /cormun/servlet/solicitudotadjuntos?gx-no-cache=1711454637795 HTTP/1.1" 200 26
190.171.142.10 - - [26/Mar/2024:09:07:04 -0300] "POST /cormun/servlet/solicitudotadjuntos?gx-no-cache=1711454639169 HTTP/1.1" 200 26
190.171.144.234 - - [26/Mar/2024:09:07:06 -0300] "GET /cormun/servlet/solicitudot?b7c64a8b371428c2ded7cc37ba1f4809273f3161be5c8ee75c57837d59048974472be13b96cc5a03ac1c26a61a2a49b4,gx-no-cache=1711454640807 HTTP/1.1" 200 30
190.171.144.234 - - [26/Mar/2024:09:07:06 -0300] "POST /cormun/servlet/solicitudot?gx-no-cache=1711454640825 HTTP/1.1" 200 32
200.54.237.82 - - [26/Mar/2024:09:07:06 -0300] "GET /cormun/servlet/solicitudotadjuntos?77cb67c819c479b02cdd6c054c9a0ec5e818798bf5930a75db7225e2626824ca,gx-no-cache=1711454642666 HTTP/1.1" 200 30
200.54.237.82 - - [26/Mar/2024:09:07:06 -0300] "GET /cormun/servlet/solicitudotadjuntos?77cb67c819c479b02cdd6c054c9a0ec5e818798bf5930a75db7225e2626824ca,gx-no-cache=1711454642678 HTTP/1.1" 200 30
200.54.237.82 - - [26/Mar/2024:09:07:06 -0300] "POST /cormun/servlet/solicitudotadjuntos?1c7d70ea7ae1ee515362c4489cee9aa1,INS,2024,21090,,1, HTTP/1.1" 200 116
200.54.237.82 - - [26/Mar/2024:09:07:06 -0300] "GET /cormun/servlet/hpexe_return? HTTP/1.1" 200 1027
200.54.237.82 - - [26/Mar/2024:09:07:06 -0300] "GET /cormun/servlet/trsolicitudadjuntos?2024,21090, HTTP/1.1" 200 9570
190.171.149.74 - - [26/Mar/2024:09:07:08 -0300] "POST /cormun/servlet/hlogin?e7f6c90585a5923f106d59eabc317baf,gx-no-cache=1711454643057 HTTP/1.1" 200 90
190.171.149.74 - - [26/Mar/2024:09:07:08 -0300] "GET /cormun/servlet/hpexe_link HTTP/1.1" 200 952
200.54.237.82 - - [26/Mar/2024:09:07:08 -0300] "GET /cormun/servlet/solicitudotadjuntos?INS,2024,21090,,1, HTTP/1.1" 200 6385
200.54.237.82 - - [26/Mar/2024:09:07:09 -0300] "GET /cormun/static/about:blank HTTP/1.1" 404 1011
190.171.149.74 - - [26/Mar/2024:09:07:09 -0300] "GET /cormun/servlet/trlicencias HTTP/1.1" 200 10890
200.54.237.82 - - [26/Mar/2024:09:07:09 -0300] "GET /cormun/servlet/solicitudotadjuntos?77cb67c819c479b02cdd6c054c9a0ec5e887cc5d06cb4485b4b44948bfb6859062987e662b5b06fe478b99ad235e75a9,gx-no-cache=1711454645958 HTTP/1.1" 200 30
200.54.237.82 - - [26/Mar/2024:09:07:09 -0300] "POST /cormun/servlet/solicitudotadjuntos?1c7d70ea7ae1ee515362c4489cee9aa1,INS,2024,21090,,1,,gx-no-cache=1711454645985 HTTP/1.1" 200 4153
190.171.142.10 - - [26/Mar/2024:09:07:09 -0300] "GET /cormun/servlet/solicitudotadjuntos?be891f9fe5a422829deb55df2dea892efe41149f809574d3eec6872075baa88b,gx-no-cache=1711454644729 HTTP/1.1" 200 30
190.171.142.10 - - [26/Mar/2024:09:07:09 -0300] "GET /cormun/servlet/solicitudotadjuntos?be891f9fe5a422829deb55df2dea892efe41149f809574d3eec6872075baa88b,gx-no-cache=1711454644739 HTTP/1.1" 200 30
190.171.142.10 - - [26/Mar/2024:09:07:09 -0300] "POST /cormun/servlet/solicitudotadjuntos?ce2c1e60b33afeb20b87986e57af473a,INS,2024,21091,,1, HTTP/1.1" 200 116
190.171.142.10 - - [26/Mar/2024:09:07:09 -0300] "GET /cormun/servlet/hpexe_return? HTTP/1.1" 200 1030
190.171.142.10 - - [26/Mar/2024:09:07:10 -0300] "GET /cormun/servlet/trsolicitudadjuntos?2024,21091, HTTP/1.1" 200 10264
190.171.142.10 - - [26/Mar/2024:09:07:12 -0300] "GET /cormun/servlet/solicitudotadjuntos?INS,2024,21091,,1, HTTP/1.1" 200 6265
190.171.142.10 - - [26/Mar/2024:09:07:12 -0300] "GET /cormun/static/about:blank HTTP/1.1" 404 1011
200.54.237.82 - - [26/Mar/2024:09:07:12 -0300] "POST /cormun/servlet/solicitudotadjuntos?gx-no-cache=1711454649003 HTTP/1.1" 200 26
190.171.142.10 - - [26/Mar/2024:09:07:13 -0300] "GET /cormun/servlet/solicitudotadjuntos?be891f9fe5a422829deb55df2dea892e8af11b1db64d99d7a6e5d602cbddab36bed9d2bfc9e5fb30bdbd10269a137184,gx-no-cache=1711454647884 HTTP/1.1" 200 30
190.171.142.10 - - [26/Mar/2024:09:07:13 -0300] "POST /cormun/servlet/solicitudotadjuntos?ce2c1e60b33afeb20b87986e57af473a,INS,2024,21091,,1,,gx-no-cache=1711454647986 HTTP/1.1" 200 4187
190.171.142.10 - - [26/Mar/2024:09:07:16 -0300] "POST /cormun/servlet/solicitudotadjuntos?gx-no-cache=1711454651218 HTTP/1.1" 200 26
200.54.237.82 - - [26/Mar/2024:09:07:17 -0300] "GET /cormun/servlet/solicitudotadjuntos?77cb67c819c479b02cdd6c054c9a0ec5e818798bf5930a75db7225e2626824ca,gx-no-cache=1711454653842 HTTP/1.1" 200 30
200.54.237.82 - - [26/Mar/2024:09:07:17 -0300] "GET /cormun/servlet/solicitudotadjuntos?77cb67c819c479b02cdd6c054c9a0ec5e818798bf5930a75db7225e2626824ca,gx-no-cache=1711454653958 HTTP/1.1" 200 30
200.54.237.82 - - [26/Mar/2024:09:07:17 -0300] "POST /cormun/servlet/solicitudotadjuntos?1c7d70ea7ae1ee515362c4489cee9aa1,INS,2024,21090,,1, HTTP/1.1" 200 116
200.54.237.82 - - [26/Mar/2024:09:07:18 -0300] "GET /cormun/servlet/hpexe_return? HTTP/1.1" 200 1027
200.54.237.82 - - [26/Mar/2024:09:07:18 -0300] "GET /cormun/servlet/trsolicitudadjuntos?2024,21090, HTTP/1.1" 200 9820
200.54.237.82 - - [26/Mar/2024:09:07:19 -0300] "GET /cormun/servlet/solicitudotadjuntos?INS,2024,21090,,1, HTTP/1.1" 200 6385
200.54.237.82 - - [26/Mar/2024:09:07:20 -0300] "GET /cormun/static/about:blank HTTP/1.1" 404 1011
200.54.237.82 - - [26/Mar/2024:09:07:20 -0300] "GET /cormun/servlet/solicitudotadjuntos?77cb67c819c479b02cdd6c054c9a0ec5e887cc5d06cb4485b4b44948bfb6859062987e662b5b06fe478b99ad235e75a9,gx-no-cache=1711454656927 HTTP/1.1" 200 30
200.54.237.82 - - [26/Mar/2024:09:07:20 -0300] "POST /cormun/servlet/solicitudotadjuntos?1c7d70ea7ae1ee515362c4489cee9aa1,INS,2024,21090,,1,,gx-no-cache=1711454656996 HTTP/1.1" 200 4153
190.171.142.10 - - [26/Mar/2024:09:07:22 -0300] "GET /cormun/servlet/solicitudotadjuntos?be891f9fe5a422829deb55df2dea892efe41149f809574d3eec6872075baa88b,gx-no-cache=1711454657322 HTTP/1.1" 200 30
190.171.142.10 - - [26/Mar/2024:09:07:22 -0300] "GET /cormun/servlet/solicitudotadjuntos?be891f9fe5a422829deb55df2dea892efe41149f809574d3eec6872075baa88b,gx-no-cache=1711454657366 HTTP/1.1" 200 30
190.171.142.10 - - [26/Mar/2024:09:07:22 -0300] "POST /cormun/servlet/solicitudotadjuntos?ce2c1e60b33afeb20b87986e57af473a,INS,2024,21091,,1, HTTP/1.1" 200 116
190.171.142.10 - - [26/Mar/2024:09:07:22 -0300] "GET /cormun/servlet/hpexe_return? HTTP/1.1" 200 1030
190.171.142.10 - - [26/Mar/2024:09:07:23 -0300] "GET /cormun/servlet/trsolicitudadjuntos?2024,21091, HTTP/1.1" 200 10426
200.54.237.82 - - [26/Mar/2024:09:07:23 -0300] "POST /cormun/servlet/solicitudotadjuntos?gx-no-cache=1711454659587 HTTP/1.1" 200 26
190.171.144.234 - - [26/Mar/2024:09:07:26 -0300] "POST /cormun/servlet/solicitudot?d5c8ee4dc456f71b5c8caea13794ef70,INS,0,0,false,,gx-no-cache=1711454661304 HTTP/1.1" 200 93
190.171.144.234 - - [26/Mar/2024:09:07:26 -0300] "GET /cormun/servlet/hpexe_return? HTTP/1.1" 200 1008
190.171.144.234 - - [26/Mar/2024:09:07:27 -0300] "GET /cormun/servlet/trsolicitudot HTTP/1.1" 200 7251
190.171.142.10 - - [26/Mar/2024:09:07:27 -0300] "GET /cormun/servlet/solicitudotadjuntos?INS,2024,21091,,1, HTTP/1.1" 200 6265
190.171.142.10 - - [26/Mar/2024:09:07:27 -0300] "GET /cormun/static/about:blank HTTP/1.1" 404 1011
200.54.237.82 - - [26/Mar/2024:09:07:27 -0300] "GET /cormun/servlet/solicitudotadjuntos?77cb67c819c479b02cdd6c054c9a0ec5e818798bf5930a75db7225e2626824ca,gx-no-cache=1711454663897 HTTP/1.1" 200 30
200.54.237.82 - - [26/Mar/2024:09:07:27 -0300] "GET /cormun/servlet/solicitudotadjuntos?77cb67c819c479b02cdd6c054c9a0ec5e818798bf5930a75db7225e2626824ca,gx-no-cache=1711454664027 HTTP/1.1" 200 30
190.171.142.10 - - [26/Mar/2024:09:07:28 -0300] "GET /cormun/servlet/solicitudotadjuntos?be891f9fe5a422829deb55df2dea892e8af11b1db64d99d7a6e5d602cbddab36bed9d2bfc9e5fb30bdbd10269a137184,gx-no-cache=1711454662884 HTTP/1.1" 200 30
200.54.237.82 - - [26/Mar/2024:09:07:28 -0300] "POST /cormun/servlet/solicitudotadjuntos?1c7d70ea7ae1ee515362c4489cee9aa1,INS,2024,21090,,1, HTTP/1.1" 200 116
190.171.142.10 - - [26/Mar/2024:09:07:28 -0300] "POST /cormun/servlet/solicitudotadjuntos?ce2c1e60b33afeb20b87986e57af473a,INS,2024,21091,,1,,gx-no-cache=1711454662983 HTTP/1.1" 200 4185
200.54.237.82 - - [26/Mar/2024:09:07:28 -0300] "GET /cormun/servlet/hpexe_return? HTTP/1.1" 200 1027
200.54.237.82 - - [26/Mar/2024:09:07:28 -0300] "GET /cormun/servlet/trsolicitudadjuntos?2024,21090, HTTP/1.1" 200 10035
200.54.237.82 - - [26/Mar/2024:09:07:31 -0300] "GET /cormun/servlet/solicitudotadjuntos?INS,2024,21090,,1, HTTP/1.1" 200 6385
200.54.237.82 - - [26/Mar/2024:09:07:31 -0300] "GET /cormun/static/about:blank HTTP/1.1" 404 1011
200.54.237.82 - - [26/Mar/2024:09:07:31 -0300] "GET /cormun/servlet/solicitudotadjuntos?77cb67c819c479b02cdd6c054c9a0ec5e887cc5d06cb4485b4b44948bfb6859062987e662b5b06fe478b99ad235e75a9,gx-no-cache=1711454668058 HTTP/1.1" 200 30
200.54.237.82 - - [26/Mar/2024:09:07:31 -0300] "POST /cormun/servlet/solicitudotadjuntos?1c7d70ea7ae1ee515362c4489cee9aa1,INS,2024,21090,,1,,gx-no-cache=1711454668086 HTTP/1.1" 200 4151
200.54.237.82 - - [26/Mar/2024:09:07:37 -0300] "POST /cormun/servlet/solicitudotadjuntos?gx-no-cache=1711454673667 HTTP/1.1" 200 26
190.171.142.10 - - [26/Mar/2024:09:07:38 -0300] "GET /cormun/servlet/trsolicitudadjuntos?2024,21091, HTTP/1.1" 200 10427
200.54.237.82 - - [26/Mar/2024:09:07:41 -0300] "GET /cormun/servlet/solicitudotadjuntos?77cb67c819c479b02cdd6c054c9a0ec5e818798bf5930a75db7225e2626824ca,gx-no-cache=1711454677498 HTTP/1.1" 200 30
200.54.237.82 - - [26/Mar/2024:09:07:41 -0300] "GET /cormun/servlet/solicitudotadjuntos?77cb67c819c479b02cdd6c054c9a0ec5e818798bf5930a75db7225e2626824ca,gx-no-cache=1711454677510 HTTP/1.1" 200 30
200.54.237.82 - - [26/Mar/2024:09:07:41 -0300] "POST /cormun/servlet/solicitudotadjuntos?1c7d70ea7ae1ee515362c4489cee9aa1,INS,2024,21090,,1, HTTP/1.1" 200 116
200.54.237.82 - - [26/Mar/2024:09:07:41 -0300] "GET /cormun/servlet/hpexe_return? HTTP/1.1" 200 1027
200.54.237.82 - - [26/Mar/2024:09:07:41 -0300] "GET /cormun/servlet/trsolicitudadjuntos?2024,21090, HTTP/1.1" 200 10299
200.54.237.82 - - [26/Mar/2024:09:07:43 -0300] "GET /cormun/servlet/solicitudotadjuntos?INS,2024,21090,,1, HTTP/1.1" 200 6385
200.54.237.82 - - [26/Mar/2024:09:07:43 -0300] "GET /cormun/static/about:blank HTTP/1.1" 404 1011
200.54.237.82 - - [26/Mar/2024:09:07:44 -0300] "GET /cormun/servlet/solicitudotadjuntos?77cb67c819c479b02cdd6c054c9a0ec5e887cc5d06cb4485b4b44948bfb6859062987e662b5b06fe478b99ad235e75a9,gx-no-cache=1711454680542 HTTP/1.1" 200 30
200.54.237.82 - - [26/Mar/2024:09:07:44 -0300] "POST /cormun/servlet/solicitudotadjuntos?1c7d70ea7ae1ee515362c4489cee9aa1,INS,2024,21090,,1,,gx-no-cache=1711454680557 HTTP/1.1" 200 4151
200.54.237.82 - - [26/Mar/2024:09:07:46 -0300] "POST /cormun/servlet/solicitudotadjuntos?gx-no-cache=1711454682387 HTTP/1.1" 200 26
190.171.142.10 - - [26/Mar/2024:09:07:48 -0300] "GET /cormun/servlet/trautorizarsolicitud? HTTP/1.1" 200 7334
200.54.237.82 - - [26/Mar/2024:09:07:51 -0300] "GET /cormun/servlet/solicitudotadjuntos?77cb67c819c479b02cdd6c054c9a0ec5e818798bf5930a75db7225e2626824ca,gx-no-cache=1711454687690 HTTP/1.1" 200 30
200.54.237.82 - - [26/Mar/2024:09:07:52 -0300] "GET /cormun/servlet/solicitudotadjuntos?77cb67c819c479b02cdd6c054c9a0ec5e818798bf5930a75db7225e2626824ca,gx-no-cache=1711454687902 HTTP/1.1" 200 30
200.54.237.82 - - [26/Mar/2024:09:07:54 -0300] "POST /cormun/servlet/solicitudotadjuntos?1c7d70ea7ae1ee515362c4489cee9aa1,INS,2024,21090,,1, HTTP/1.1" 200 116
200.54.237.82 - - [26/Mar/2024:09:07:54 -0300] "GET /cormun/servlet/hpexe_return? HTTP/1.1" 200 1027
200.54.237.82 - - [26/Mar/2024:09:07:54 -0300] "GET /cormun/servlet/trsolicitudadjuntos?2024,21090, HTTP/1.1" 200 10450
190.171.142.10 - - [26/Mar/2024:09:07:57 -0300] "GET /cormun/servlet/trautorizarsolicitud? HTTP/1.1" 200 7320
190.171.142.10 - - [26/Mar/2024:09:08:01 -0300] "GET /cormun/servlet/trvisualizadoreventos? HTTP/1.1" 200 6971
190.171.142.10 - - [26/Mar/2024:09:08:01 -0300] "GET /cormun/static/gxcfg.js?202211298474834 HTTP/1.1" 200 953
190.171.142.10 - - [26/Mar/2024:09:08:01 -0300] "GET /cormun/static/Resources/PXToolsActionPrint.png HTTP/1.1" 200 404
190.171.142.10 - - [26/Mar/2024:09:08:01 -0300] "GET /cormun/static/trvisualizadoreventos.js?202211298474971 HTTP/1.1" 200 19318
200.54.237.82 - - [26/Mar/2024:09:08:02 -0300] "GET /cormun/servlet/trsolicitudot? HTTP/1.1" 200 10996
181.212.47.137 - - [26/Mar/2024:09:08:06 -0300] "GET /cormun/servlet/vesolicitudgral?2024,21019,, HTTP/1.1" 200 8381
181.212.47.137 - - [26/Mar/2024:09:08:06 -0300] "GET /cormun/pexe_scrolldiv.js HTTP/1.1" 404 1009
200.54.237.82 - - [26/Mar/2024:09:08:07 -0300] "POST /cormun/servlet/trsolicitudot?1c7d70ea7ae1ee515362c4489cee9aa1,,gx-no-cache=1711454704046 HTTP/1.1" 200 7725
200.54.237.82 - - [26/Mar/2024:09:08:07 -0300] "GET /cormun/static/Shared/jqueryui/images/ui-bg_flat_55_fafafa_40x100.png HTTP/1.1" 404 1097
200.54.237.82 - - [26/Mar/2024:09:08:07 -0300] "GET /cormun/static/Shared/jqueryui/images/ui-icons_8d78a5_256x240.png HTTP/1.1" 404 1089
200.54.237.82 - - [26/Mar/2024:09:08:08 -0300] "POST /cormun/servlet/trsolicitudot?1c7d70ea7ae1ee515362c4489cee9aa1,,gx-no-cache=1711454704295 HTTP/1.1" 200 7670
190.171.142.10 - - [26/Mar/2024:09:08:11 -0300] "GET /cormun/servlet/trcargahoraria? HTTP/1.1" 200 6585
190.171.142.10 - - [26/Mar/2024:09:08:11 -0300] "GET /cormun/static/gxcfg.js?202012113392337 HTTP/1.1" 200 953
190.171.142.10 - - [26/Mar/2024:09:08:11 -0300] "GET /cormun/static/trcargahoraria.js?202012113392783 HTTP/1.1" 200 28768
190.171.142.10 - - [26/Mar/2024:09:08:15 -0300] "GET /cormun/servlet/trreportecargahoraria? HTTP/1.1" 200 6775
190.171.142.10 - - [26/Mar/2024:09:08:15 -0300] "GET /cormun/static/trreportecargahoraria.js?20221129850435 HTTP/1.1" 200 29376
190.171.142.10 - - [26/Mar/2024:09:08:15 -0300] "GET /cormun/static/gxcfg.js?202211298504121 HTTP/1.1" 200 953
200.54.237.82 - - [26/Mar/2024:09:08:16 -0300] "POST /cormun/servlet/trsolicitudot?1c7d70ea7ae1ee515362c4489cee9aa1,,gx-no-cache=1711454712916 HTTP/1.1" 200 6017
190.171.142.10 - - [26/Mar/2024:09:08:19 -0300] "GET /cormun/servlet/trsolicitudot? HTTP/1.1" 200 8839
181.212.47.137 - - [26/Mar/2024:09:08:20 -0300] "POST /cormun/servlet/vesolicitudgral?8289079facef3267739b074a3b64e621,2024,21019,,,gx-no-cache=1711454698130 HTTP/1.1" 200 12291
181.212.47.137 - - [26/Mar/2024:09:08:20 -0300] "GET /cormun/static/Shared/jqueryui/images/ui-icons_82798d_256x240.png HTTP/1.1" 404 1089
181.212.47.137 - - [26/Mar/2024:09:08:20 -0300] "GET /cormun/static/Shared/jqueryui/images/ui-bg_highlight-soft_100_c6c2c8_1x100.png HTTP/1.1" 404 1117
181.212.47.137 - - [26/Mar/2024:09:08:20 -0300] "GET /cormun/static/Shared/jqueryui/images/ui-icons_8d78a5_256x240.png HTTP/1.1" 404 1089
181.212.47.137 - - [26/Mar/2024:09:08:20 -0300] "GET /cormun/static/Shared/jqueryui/images/ui-bg_flat_55_fafafa_40x100.png HTTP/1.1" 404 1097
181.212.47.137 - - [26/Mar/2024:09:08:20 -0300] "POST /cormun/servlet/vesolicitudgral?8289079facef3267739b074a3b64e621,2024,21019,,,gx-no-cache=1711454698237 HTTP/1.1" 200 12223
181.212.47.137 - - [26/Mar/2024:09:08:23 -0300] "GET /cormun/servlet/trsolicitudgral? HTTP/1.1" 200 17280
200.54.237.82 - - [26/Mar/2024:09:08:26 -0300] "POST /cormun/servlet/trsolicitudot?1c7d70ea7ae1ee515362c4489cee9aa1,,gx-no-cache=1711454722475 HTTP/1.1" 200 5995
190.171.142.10 - - [26/Mar/2024:09:08:33 -0300] "GET /cormun/servlet/trsolicitudot? HTTP/1.1" 200 8839
200.54.237.82 - - [26/Mar/2024:09:08:39 -0300] "POST /cormun/servlet/trsolicitudot?1c7d70ea7ae1ee515362c4489cee9aa1,,gx-no-cache=1711454735763 HTTP/1.1" 200 4648
200.54.237.82 - - [26/Mar/2024:09:08:42 -0300] "POST /cormun/servlet/trsolicitudot?1c7d70ea7ae1ee515362c4489cee9aa1,,gx-no-cache=1711454738546 HTTP/1.1" 200 4649
181.212.47.137 - - [26/Mar/2024:09:08:47 -0300] "GET /cormun/servlet/vesolicitudgral?2024,20885,, HTTP/1.1" 200 8408
181.212.47.137 - - [26/Mar/2024:09:08:47 -0300] "GET /cormun/pexe_scrolldiv.js HTTP/1.1" 404 1009
181.212.47.137 - - [26/Mar/2024:09:08:49 -0300] "POST /cormun/servlet/vesolicitudgral?8289079facef3267739b074a3b64e621,2024,20885,,,gx-no-cache=1711454727177 HTTP/1.1" 200 12274
200.54.237.82 - - [26/Mar/2024:09:08:49 -0300] "POST /cormun/servlet/trsolicitudot?1c7d70ea7ae1ee515362c4489cee9aa1,,gx-no-cache=1711454745491 HTTP/1.1" 200 6016
181.212.47.137 - - [26/Mar/2024:09:08:49 -0300] "POST /cormun/servlet/vesolicitudgral?8289079facef3267739b074a3b64e621,2024,20885,,,gx-no-cache=1711454727355 HTTP/1.1" 200 12208
181.212.47.137 - - [26/Mar/2024:09:08:51 -0300] "GET /cormun/servlet/trsolicitudgral? HTTP/1.1" 200 16907
200.54.237.82 - - [26/Mar/2024:09:08:55 -0300] "POST /cormun/servlet/trsolicitudot?1c7d70ea7ae1ee515362c4489cee9aa1,,gx-no-cache=1711454752123 HTTP/1.1" 200 5994
200.54.237.82 - - [26/Mar/2024:09:09:06 -0300] "POST /cormun/servlet/trsolicitudot?1c7d70ea7ae1ee515362c4489cee9aa1,,gx-no-cache=1711454763091 HTTP/1.1" 200 5993
181.212.47.137 - - [26/Mar/2024:09:09:10 -0300] "GET /cormun/servlet/trautorizarot? HTTP/1.1" 200 10460
200.54.237.82 - - [26/Mar/2024:09:09:13 -0300] "POST /cormun/servlet/trsolicitudot?1c7d70ea7ae1ee515362c4489cee9aa1,,gx-no-cache=1711454769739 HTTP/1.1" 200 4649
200.54.237.82 - - [26/Mar/2024:09:09:14 -0300] "POST /cormun/servlet/trsolicitudot?1c7d70ea7ae1ee515362c4489cee9aa1,,gx-no-cache=1711454770594 HTTP/1.1" 200 4648
200.54.237.82 - - [26/Mar/2024:09:09:14 -0300] "POST /cormun/servlet/trsolicitudot?1c7d70ea7ae1ee515362c4489cee9aa1,,gx-no-cache=1711454770738 HTTP/1.1" 200 4648
200.54.237.82 - - [26/Mar/2024:09:09:14 -0300] "POST /cormun/servlet/trsolicitudot?1c7d70ea7ae1ee515362c4489cee9aa1,,gx-no-cache=1711454770901 HTTP/1.1" 200 4648
181.212.47.137 - - [26/Mar/2024:09:09:15 -0300] "POST /cormun/servlet/trautorizarot?8289079facef3267739b074a3b64e621,,gx-no-cache=1711454753744 HTTP/1.1" 200 5344
181.212.47.137 - - [26/Mar/2024:09:09:18 -0300] "GET /cormun/servlet/trsolicitudgral? HTTP/1.1" 200 16903
200.54.237.82 - - [26/Mar/2024:09:09:19 -0300] "POST /cormun/servlet/trsolicitudot?1c7d70ea7ae1ee515362c4489cee9aa1,,gx-no-cache=1711454775450 HTTP/1.1" 200 4648
200.54.237.82 - - [26/Mar/2024:09:09:19 -0300] "POST /cormun/servlet/trsolicitudot?1c7d70ea7ae1ee515362c4489cee9aa1,,gx-no-cache=1711454775930 HTTP/1.1" 200 4648
200.54.237.82 - - [26/Mar/2024:09:09:19 -0300] "POST /cormun/servlet/trsolicitudot?1c7d70ea7ae1ee515362c4489cee9aa1,,gx-no-cache=1711454776107 HTTP/1.1" 200 4648
181.212.47.137 - - [26/Mar/2024:09:09:22 -0300] "POST /cormun/servlet/trsolicitudgral?8289079facef3267739b074a3b64e621,,gx-no-cache=1711454760063 HTTP/1.1" 200 9039
200.54.237.82 - - [26/Mar/2024:09:09:26 -0300] "GET /cormun/servlet/trsolicitudot? HTTP/1.1" 200 7548
181.212.47.137 - - [26/Mar/2024:09:09:51 -0300] "POST /cormun/servlet/trsolicitudgral?8289079facef3267739b074a3b64e621,,gx-no-cache=1711454789975 HTTP/1.1" 200 7787
181.212.47.137 - - [26/Mar/2024:09:09:53 -0300] "GET /cormun/servlet/vesolicitudgral?2024,20989,, HTTP/1.1" 200 8383
181.212.47.137 - - [26/Mar/2024:09:09:53 -0300] "GET /cormun/pexe_scrolldiv.js HTTP/1.1" 404 1009
190.171.142.10 - - [26/Mar/2024:09:10:59 -0300] "GET /cormun/static/menuarrow.gif HTTP/1.1" 404 1015
181.212.40.185 - - [26/Mar/2024:09:11:32 -0300] "GET /cormun/servlet/trlicencias? HTTP/1.1" 200 15807
190.171.142.10 - - [26/Mar/2024:09:12:19 -0300] "GET /cormun/servlet/trautorizarsolicitud? HTTP/1.1" 200 7332
190.171.142.10 - - [26/Mar/2024:09:12:22 -0300] "GET /cormun/servlet/trsolicitudot? HTTP/1.1" 200 8839
190.171.142.10 - - [26/Mar/2024:09:12:33 -0300] "GET /cormun/servlet/trsolicitudot? HTTP/1.1" 200 8839
190.171.142.10 - - [26/Mar/2024:09:12:39 -0300] "GET /cormun/servlet/trautorizarsolicitud? HTTP/1.1" 200 7332
190.171.142.10 - - [26/Mar/2024:09:12:49 -0300] "GET /cormun/servlet/trvisualizadoreventos? HTTP/1.1" 200 6971
200.54.237.82 - - [26/Mar/2024:09:12:49 -0300] "GET /cormun/servlet/solicitudot?INS,0,0,false, HTTP/1.1" 200 16313
190.171.142.10 - - [26/Mar/2024:09:12:52 -0300] "GET /cormun/servlet/trsolicitudot? HTTP/1.1" 200 8839
200.54.237.82 - - [26/Mar/2024:09:13:00 -0300] "POST /cormun/servlet/solicitudot?gx-no-cache=1711454996241 HTTP/1.1" 200 4031
200.54.237.82 - - [26/Mar/2024:09:13:00 -0300] "POST /cormun/servlet/solicitudot?1c7d70ea7ae1ee515362c4489cee9aa1,INS,0,0,false,,gx-no-cache=1711454996364 HTTP/1.1" 200 12877
190.171.142.10 - - [26/Mar/2024:09:13:01 -0300] "GET /cormun/servlet/trsolicitudot? HTTP/1.1" 200 8839
200.54.237.82 - - [26/Mar/2024:09:13:01 -0300] "GET /cormun/servlet/solicitudot?77cb67c819c479b02cdd6c054c9a0ec57d6acc9b4c87165b257a5ec92bf96af27acc9ac3948e93da10140d8b42a7ff5b,gx-no-cache=1711454998299 HTTP/1.1" 200 30
200.54.237.82 - - [26/Mar/2024:09:14:09 -0300] "GET /cormun/servlet/solicitudot?77cb67c819c479b02cdd6c054c9a0ec5e6d5281f05dc9c8d5f19d556364de095936ad915bae84c1937486c95690bda54c35b0c8f18a15777cb0de935287bc320,gx-no-cache=1711455065693 HTTP/1.1" 200 30
200.54.237.82 - - [26/Mar/2024:09:14:10 -0300] "GET /cormun/servlet/prbanco?,MD,,gxPopupLevel%3D0%3B HTTP/1.1" 200 6671
200.54.237.82 - - [26/Mar/2024:09:14:14 -0300] "GET /cormun/servlet/solicitudot?77cb67c819c479b02cdd6c054c9a0ec5bf2764e7ca2f64b56864917a25eb36fa,gx-no-cache=1711455070784 HTTP/1.1" 200 53
200.54.237.82 - - [26/Mar/2024:09:14:36 -0300] "POST /cormun/servlet/solicitudot?gx-no-cache=1711455092840 HTTP/1.1" 200 297
200.54.237.82 - - [26/Mar/2024:09:14:38 -0300] "GET /cormun/servlet/solicitudot?77cb67c819c479b02cdd6c054c9a0ec58a9da8a492ce819ad216788c328c1a5d7f51edc2302eea6bd04bab3cb77e80dddde2bf8c13f8ca0a4fe84fde4cb1b016051e14e2a3df6cab466663abc26d370b6c798f5d5ce8f1a7071b2f8a8b6f37f3a690d77f2a50025610c27a6f400deff36739170809a8a89c4812d5da15b8c7456ed11ea2d6f0b1abbc8e4b383b3599e28c63a2c8e5df9c65c43d8803fa2eb1cafe268e9a9cc71d35e142ccb6062e26019858ae4120625542d011f937143ecfb07d38102ba1cf68b39ed1b48e34a7e4a118a2934890c01c9e103d109478ed325603adf24b572c66920ece0f63ee2c4a19412e789f6abde8ba9e25a320ffd4503ea7695193694328214f07cf0600410ae394370c9ac4712b77a5e4e8b865da582daf6395d111b9bc41dfb89c6134d05613058f0b42a52c724f08f781d72455a109e18b45a50534c6fa2602af5e1e9597370371cd0f97b2d8f93098818d2e61abdb83440bef053994eddd0f08d84175d1c0ff4261a33cefda1d95ccf0025060bf4e34e097828a65d662f5c0d6a48046e2c2,gx-no-cache=1711455094395 HTTP/1.1" 200 30
200.54.237.82 - - [26/Mar/2024:09:14:41 -0300] "POST /cormun/servlet/solicitudot?gx-no-cache=1711455097515 HTTP/1.1" 200 30
200.54.237.82 - - [26/Mar/2024:09:14:42 -0300] "POST /cormun/servlet/solicitudot?gx-no-cache=1711455098331 HTTP/1.1" 200 1472
200.54.237.82 - - [26/Mar/2024:09:14:42 -0300] "POST /cormun/servlet/solicitudot?gx-no-cache=1711455098381 HTTP/1.1" 200 38
200.54.237.82 - - [26/Mar/2024:09:14:52 -0300] "POST /cormun/servlet/solicitudot?gx-no-cache=1711455108799 HTTP/1.1" 200 30
200.54.237.82 - - [26/Mar/2024:09:14:52 -0300] "POST /cormun/servlet/solicitudot?gx-no-cache=1711455108851 HTTP/1.1" 200 1472
200.54.237.82 - - [26/Mar/2024:09:14:52 -0300] "POST /cormun/servlet/solicitudot?gx-no-cache=1711455108890 HTTP/1.1" 200 38
200.54.237.82 - - [26/Mar/2024:09:14:52 -0300] "GET /cormun/servlet/solicitudot?77cb67c819c479b02cdd6c054c9a0ec5655406ca7585aa4fddbf904d57d43d6bf95a992ce284b0fc9d161fccef3c383b6ae26884c184849c19211e85e1e59e4a8c792f362efb7181bc0ba3915551155b11e17be9b7eadd534568885ab787f61efe2a8ef20599757eeba6e81fa03d3314,gx-no-cache=1711455108912 HTTP/1.1" 200 110
200.54.237.82 - - [26/Mar/2024:09:14:55 -0300] "POST /cormun/servlet/solicitudot?gx-no-cache=1711455111401 HTTP/1.1" 200 110
190.171.142.10 - - [26/Mar/2024:09:15:08 -0300] "GET /cormun/servlet/solicitudot?INS,0,0,false, HTTP/1.1" 200 16185
200.54.237.82 - - [26/Mar/2024:09:15:21 -0300] "POST /cormun/servlet/solicitudot?gx-no-cache=1711455137809 HTTP/1.1" 200 30
200.54.237.82 - - [26/Mar/2024:09:15:21 -0300] "POST /cormun/servlet/solicitudot?gx-no-cache=1711455137841 HTTP/1.1" 200 1472
200.54.237.82 - - [26/Mar/2024:09:15:21 -0300] "POST /cormun/servlet/solicitudot?gx-no-cache=1711455137873 HTTP/1.1" 200 38
200.54.237.82 - - [26/Mar/2024:09:15:21 -0300] "GET /cormun/servlet/solicitudot?77cb67c819c479b02cdd6c054c9a0ec5655406ca7585aa4fddbf904d57d43d6bf95a992ce284b0fc9d161fccef3c383b6ae26884c184849c19211e85e1e59e4a8c792f362efb7181bc0ba3915551155b11e17be9b7eadd534568885ab787f61efe2a8ef20599757eeba6e81fa03d3314,gx-no-cache=1711455137889 HTTP/1.1" 200 110
200.54.237.82 - - [26/Mar/2024:09:15:21 -0300] "POST /cormun/servlet/solicitudot?gx-no-cache=1711455137907 HTTP/1.1" 200 110
200.54.237.82 - - [26/Mar/2024:09:15:21 -0300] "GET /cormun/servlet/solicitudot?77cb67c819c479b02cdd6c054c9a0ec5fb211e93a5c4215a79dd6c982a2cc7a8ec6ba6a520bfa5f918e82c95a4328815231869db1696de54d5afbc4af63a9abdbb318d3ec1f85231f29e144ef7640f7f1ff2382e44c791c45ab2c6a008adfd7faeaf2438b2a2b3549452d64c71fc320f,gx-no-cache=1711455137930 HTTP/1.1" 200 29
181.212.47.137 - - [26/Mar/2024:09:15:26 -0300] "GET /cormun/servlet/trsolicitudgral? HTTP/1.1" 200 10838
200.54.237.82 - - [26/Mar/2024:09:15:28 -0300] "POST /cormun/servlet/solicitudot?gx-no-cache=1711455144806 HTTP/1.1" 200 30
200.54.237.82 - - [26/Mar/2024:09:15:28 -0300] "POST /cormun/servlet/solicitudot?gx-no-cache=1711455144863 HTTP/1.1" 200 1472
200.54.237.82 - - [26/Mar/2024:09:15:28 -0300] "POST /cormun/servlet/solicitudot?gx-no-cache=1711455145018 HTTP/1.1" 200 38
200.54.237.82 - - [26/Mar/2024:09:15:28 -0300] "GET /cormun/servlet/solicitudot?77cb67c819c479b02cdd6c054c9a0ec5655406ca7585aa4fddbf904d57d43d6bf95a992ce284b0fc9d161fccef3c383b6ae26884c184849c19211e85e1e59e4a8c792f362efb7181bc0ba3915551155b11e17be9b7eadd534568885ab787f61efe2a8ef20599757eeba6e81fa03d3314,gx-no-cache=1711455145154 HTTP/1.1" 200 110
200.54.237.82 - - [26/Mar/2024:09:15:28 -0300] "POST /cormun/servlet/solicitudot?gx-no-cache=1711455145184 HTTP/1.1" 200 110
200.54.237.82 - - [26/Mar/2024:09:15:31 -0300] "GET /cormun/servlet/solicitudot?77cb67c819c479b02cdd6c054c9a0ec5c8c22b5ed199d008defa866cdf10404af96e92a8c95db6419bd9929c5a3abc6f,gx-no-cache=1711455147553 HTTP/1.1" 200 30
181.212.47.137 - - [26/Mar/2024:09:15:34 -0300] "POST /cormun/servlet/trsolicitudgral?8289079facef3267739b074a3b64e621,,gx-no-cache=1711455132350 HTTP/1.1" 200 7337
181.212.47.137 - - [26/Mar/2024:09:15:46 -0300] "GET /cormun/servlet/vesolicitudgral?2024,21092,, HTTP/1.1" 200 8389
181.212.47.137 - - [26/Mar/2024:09:15:46 -0300] "GET /cormun/pexe_scrolldiv.js HTTP/1.1" 404 1009
190.171.142.10 - - [26/Mar/2024:09:15:52 -0300] "POST /cormun/servlet/solicitudot?gx-no-cache=1711455167626 HTTP/1.1" 200 4022
190.171.142.10 - - [26/Mar/2024:09:15:53 -0300] "POST /cormun/servlet/solicitudot?ce2c1e60b33afeb20b87986e57af473a,INS,0,0,false,,gx-no-cache=1711455167729 HTTP/1.1" 200 12876
181.212.47.137 - - [26/Mar/2024:09:15:53 -0300] "POST /cormun/servlet/vesolicitudgral?8289079facef3267739b074a3b64e621,2024,21092,,,gx-no-cache=1711455151593 HTTP/1.1" 200 12312
190.171.142.10 - - [26/Mar/2024:09:15:55 -0300] "GET /cormun/servlet/solicitudot?be891f9fe5a422829deb55df2dea892e412111939748a4d9b27151c1cdc358d0d548bb2e757cdb17b3cd645e5caaf8b7,gx-no-cache=1711455170107 HTTP/1.1" 200 111
190.171.142.10 - - [26/Mar/2024:09:15:55 -0300] "GET /cormun/static/Shared/jqueryui/images/ui-bg_highlight-soft_100_c6c2c8_1x100.png HTTP/1.1" 404 1117
190.171.142.10 - - [26/Mar/2024:09:15:55 -0300] "GET /cormun/static/Shared/jqueryui/images/ui-bg_flat_55_994d53_40x100.png HTTP/1.1" 404 1097
190.171.142.10 - - [26/Mar/2024:09:15:55 -0300] "GET /cormun/static/Shared/jqueryui/images/ui-icons_ebccce_256x240.png HTTP/1.1" 404 1089
190.171.142.10 - - [26/Mar/2024:09:15:55 -0300] "GET /cormun/static/Shared/jqueryui/images/ui-icons_82798d_256x240.png HTTP/1.1" 404 1089
181.212.47.137 - - [26/Mar/2024:09:16:00 -0300] "GET /cormun/servlet/vesolicitudgral?2024,21092,,SolicitudOTLog HTTP/1.1" 200 7082
181.212.47.137 - - [26/Mar/2024:09:16:00 -0300] "GET /cormun/pexe_scrolldiv.js HTTP/1.1" 404 1009
181.212.47.137 - - [26/Mar/2024:09:16:01 -0300] "POST /cormun/servlet/acontrolpreferencessavestate?None,RRHH+DANIELA,true HTTP/1.1" 200 35
181.212.47.137 - - [26/Mar/2024:09:16:02 -0300] "GET /cormun/servlet/vesolicitudgral?2024,21092,,SolicitudOTAdjuntos HTTP/1.1" 200 7091
181.212.47.137 - - [26/Mar/2024:09:16:02 -0300] "GET /cormun/pexe_scrolldiv.js HTTP/1.1" 404 1009
181.212.47.137 - - [26/Mar/2024:09:16:03 -0300] "POST /cormun/servlet/acontrolpreferencessavestate?None,RRHH+DANIELA,true HTTP/1.1" 200 35
181.212.47.137 - - [26/Mar/2024:09:16:04 -0300] "GET /cormun/servlet/vesolicitudgral?2024,21092,,General HTTP/1.1" 200 8390
181.212.47.137 - - [26/Mar/2024:09:16:04 -0300] "GET /cormun/pexe_scrolldiv.js HTTP/1.1" 404 1009
181.212.47.137 - - [26/Mar/2024:09:16:07 -0300] "GET /cormun/servlet/trsolicitudgral? HTTP/1.1" 200 10378
181.212.47.137 - - [26/Mar/2024:09:16:09 -0300] "GET /cormun/servlet/vesolicitudgral?2024,21092,, HTTP/1.1" 200 8389
181.212.47.137 - - [26/Mar/2024:09:16:10 -0300] "GET /cormun/pexe_scrolldiv.js HTTP/1.1" 404 1009
190.171.144.234 - - [26/Mar/2024:09:16:11 -0300] "GET /cormun/servlet/hlogin HTTP/1.1" 200 1719
181.212.47.137 - - [26/Mar/2024:09:16:12 -0300] "POST /cormun/servlet/vesolicitudgral?8289079facef3267739b074a3b64e621,2024,21092,,,gx-no-cache=1711455170077 HTTP/1.1" 200 12312
190.171.144.234 - - [26/Mar/2024:09:16:16 -0300] "POST /cormun/servlet/hlogin?d5c8ee4dc456f71b5c8caea13794ef70,gx-no-cache=1711455191614 HTTP/1.1" 200 90
190.171.144.234 - - [26/Mar/2024:09:16:16 -0300] "GET /cormun/servlet/hpexe_link HTTP/1.1" 200 951
190.171.144.234 - - [26/Mar/2024:09:16:17 -0300] "GET /cormun/servlet/hhome HTTP/1.1" 200 4150
190.171.144.234 - - [26/Mar/2024:09:16:23 -0300] "GET /cormun/servlet/trautorizarsolicitud? HTTP/1.1" 200 7270
190.171.142.10 - - [26/Mar/2024:09:16:31 -0300] "POST /cormun/servlet/solicitudot?gx-no-cache=1711455205950 HTTP/1.1" 200 4027
190.171.142.10 - - [26/Mar/2024:09:16:31 -0300] "POST /cormun/servlet/solicitudot?ce2c1e60b33afeb20b87986e57af473a,INS,0,0,false,,gx-no-cache=1711455206064 HTTP/1.1" 200 12930
190.171.142.10 - - [26/Mar/2024:09:16:33 -0300] "GET /cormun/servlet/solicitudot?be891f9fe5a422829deb55df2dea892ec14a8f7e3b12c11aedac7ba19f029bd7d548bb2e757cdb17b3cd645e5caaf8b7,gx-no-cache=1711455208508 HTTP/1.1" 200 111
190.171.142.10 - - [26/Mar/2024:09:16:42 -0300] "POST /cormun/servlet/solicitudot?gx-no-cache=1711455217724 HTTP/1.1" 200 4030
190.171.142.10 - - [26/Mar/2024:09:16:42 -0300] "POST /cormun/servlet/solicitudot?ce2c1e60b33afeb20b87986e57af473a,INS,0,0,false,,gx-no-cache=1711455217822 HTTP/1.1" 200 13014
190.171.142.10 - - [26/Mar/2024:09:16:45 -0300] "GET /cormun/servlet/solicitudot?be891f9fe5a422829deb55df2dea892e412111939748a4d9b27151c1cdc358d0d548bb2e757cdb17b3cd645e5caaf8b7,gx-no-cache=1711455220081 HTTP/1.1" 200 111
200.54.237.82 - - [26/Mar/2024:09:16:58 -0300] "POST /cormun/servlet/solicitudot?gx-no-cache=1711455234769 HTTP/1.1" 200 30
200.54.237.82 - - [26/Mar/2024:09:17:07 -0300] "GET /cormun/servlet/solicitudot?77cb67c819c479b02cdd6c054c9a0ec58a9da8a492ce819ad216788c328c1a5d7f51edc2302eea6bd04bab3cb77e80dddde2bf8c13f8ca0a4fe84fde4cb1b016051e14e2a3df6cab466663abc26d370b6c798f5d5ce8f1a7071b2f8a8b6f37f3a690d77f2a50025610c27a6f400deff36739170809a8a89c4812d5da15b8c7456ed11ea2d6f0b1abbc8e4b383b3599e28c63a2c8e5df9c65c43d8803fa2eb1cafe268e9a9cc71d35e142ccb6062e26019858ae4120625542d011f937143ecfb07d38102ba1cf68b39ed1b48e34a7e4a118a2934890c01c9e103d109478ed325603adf24b572c66920ece0f63ee2c4a19412e789f6abde8ba9e25a320ffd4503ea7695193694328214f07cf0600410ae394370c9ac4712b77a5e4e8b865da582daf6395d111b9bc41dfb89c6134d05613058f0b42a52c724f08f781d72455a109e18b45a50534c6fa2602af5e1e9597370371cd0f97b2d8f93098818d2e61abdb83440bef053994eddd0f08d84175d1c0d5703ab14bdc897c986f9a7f0baf0cd934e097828a65d662f5c0d6a48046e2c2,gx-no-cache=1711455243825 HTTP/1.1" 200 30
200.54.237.82 - - [26/Mar/2024:09:17:12 -0300] "POST /cormun/servlet/solicitudot?gx-no-cache=1711455249048 HTTP/1.1" 200 30
200.54.237.82 - - [26/Mar/2024:09:17:12 -0300] "POST /cormun/servlet/solicitudot?gx-no-cache=1711455249107 HTTP/1.1" 200 1472
200.54.237.82 - - [26/Mar/2024:09:17:12 -0300] "POST /cormun/servlet/solicitudot?gx-no-cache=1711455249152 HTTP/1.1" 200 41
200.54.237.82 - - [26/Mar/2024:09:17:12 -0300] "GET /cormun/servlet/solicitudot?77cb67c819c479b02cdd6c054c9a0ec5655406ca7585aa4fddbf904d57d43d6bf95a992ce284b0fc9d161fccef3c383b6ae26884c184849c19211e85e1e59e4a8c792f362efb7181bc0ba3915551155b11e17be9b7eadd534568885ab787f61efe2a8ef20599757eeba6e81fa03d3314,gx-no-cache=1711455249171 HTTP/1.1" 200 110
200.54.237.82 - - [26/Mar/2024:09:17:23 -0300] "POST /cormun/servlet/solicitudot?gx-no-cache=1711455259906 HTTP/1.1" 200 110
200.54.237.82 - - [26/Mar/2024:09:17:23 -0300] "GET /cormun/servlet/solicitudot?77cb67c819c479b02cdd6c054c9a0ec5c8c22b5ed199d008defa866cdf10404af96e92a8c95db6419bd9929c5a3abc6f,gx-no-cache=1711455259939 HTTP/1.1" 200 30
200.54.237.82 - - [26/Mar/2024:09:17:23 -0300] "POST /cormun/servlet/solicitudot?gx-no-cache=1711455259955 HTTP/1.1" 200 30
200.54.237.82 - - [26/Mar/2024:09:17:23 -0300] "POST /cormun/servlet/solicitudot?1c7d70ea7ae1ee515362c4489cee9aa1,INS,0,0,false,,gx-no-cache=1711455259971 HTTP/1.1" 200 93
200.54.237.82 - - [26/Mar/2024:09:17:23 -0300] "GET /cormun/servlet/hpexe_return? HTTP/1.1" 200 1008
200.54.237.82 - - [26/Mar/2024:09:17:23 -0300] "GET /cormun/servlet/trsolicitudot HTTP/1.1" 200 7552
200.54.237.82 - - [26/Mar/2024:09:17:40 -0300] "POST /cormun/servlet/trsolicitudot?1c7d70ea7ae1ee515362c4489cee9aa1,gx-no-cache=1711455276763 HTTP/1.1" 200 10534
200.54.237.82 - - [26/Mar/2024:09:17:44 -0300] "POST /cormun/servlet/trsolicitudot?1c7d70ea7ae1ee515362c4489cee9aa1,gx-no-cache=1711455280805 HTTP/1.1" 200 107
200.54.237.82 - - [26/Mar/2024:09:17:44 -0300] "GET /cormun/servlet/trsolicitudadjuntos?2024,21093, HTTP/1.1" 200 6439
200.54.237.82 - - [26/Mar/2024:09:17:46 -0300] "GET /cormun/servlet/solicitudotadjuntos?INS,2024,21093,,1, HTTP/1.1" 200 6384
200.54.237.82 - - [26/Mar/2024:09:17:46 -0300] "GET /cormun/static/about:blank HTTP/1.1" 404 1011
200.54.237.82 - - [26/Mar/2024:09:17:47 -0300] "GET /cormun/servlet/solicitudotadjuntos?77cb67c819c479b02cdd6c054c9a0ec51b2e5d135913d5565692a41b5ca4e19662987e662b5b06fe478b99ad235e75a9,gx-no-cache=1711455283769 HTTP/1.1" 200 30
200.54.237.82 - - [26/Mar/2024:09:17:47 -0300] "POST /cormun/servlet/solicitudotadjuntos?1c7d70ea7ae1ee515362c4489cee9aa1,INS,2024,21093,,1,,gx-no-cache=1711455283799 HTTP/1.1" 200 4150
200.54.237.82 - - [26/Mar/2024:09:17:55 -0300] "POST /cormun/servlet/solicitudotadjuntos?gx-no-cache=1711455291495 HTTP/1.1" 200 26
200.54.237.82 - - [26/Mar/2024:09:18:13 -0300] "GET /cormun/servlet/solicitudotadjuntos?77cb67c819c479b02cdd6c054c9a0ec5e818798bf5930a75db7225e2626824ca,gx-no-cache=1711455309466 HTTP/1.1" 200 30
200.54.237.82 - - [26/Mar/2024:09:18:13 -0300] "GET /cormun/servlet/solicitudotadjuntos?77cb67c819c479b02cdd6c054c9a0ec5e818798bf5930a75db7225e2626824ca,gx-no-cache=1711455309486 HTTP/1.1" 200 30
200.54.237.82 - - [26/Mar/2024:09:18:13 -0300] "POST /cormun/servlet/solicitudotadjuntos?1c7d70ea7ae1ee515362c4489cee9aa1,INS,2024,21093,,1, HTTP/1.1" 200 116
200.54.237.82 - - [26/Mar/2024:09:18:13 -0300] "GET /cormun/servlet/hpexe_return? HTTP/1.1" 200 1027
200.54.237.82 - - [26/Mar/2024:09:18:13 -0300] "GET /cormun/servlet/trsolicitudadjuntos?2024,21093, HTTP/1.1" 200 9421
200.54.237.82 - - [26/Mar/2024:09:18:16 -0300] "GET /cormun/servlet/solicitudotadjuntos?INS,2024,21093,,1, HTTP/1.1" 200 6384
200.54.237.82 - - [26/Mar/2024:09:18:17 -0300] "GET /cormun/static/about:blank HTTP/1.1" 404 1011
200.54.237.82 - - [26/Mar/2024:09:18:17 -0300] "GET /cormun/servlet/solicitudotadjuntos?77cb67c819c479b02cdd6c054c9a0ec51b2e5d135913d5565692a41b5ca4e19662987e662b5b06fe478b99ad235e75a9,gx-no-cache=1711455313988 HTTP/1.1" 200 30
200.54.237.82 - - [26/Mar/2024:09:18:17 -0300] "POST /cormun/servlet/solicitudotadjuntos?1c7d70ea7ae1ee515362c4489cee9aa1,INS,2024,21093,,1,,gx-no-cache=1711455314015 HTTP/1.1" 200 4150
200.54.237.82 - - [26/Mar/2024:09:18:19 -0300] "POST /cormun/servlet/solicitudotadjuntos?gx-no-cache=1711455316187 HTTP/1.1" 200 26
200.54.237.82 - - [26/Mar/2024:09:18:23 -0300] "GET /cormun/servlet/solicitudotadjuntos?77cb67c819c479b02cdd6c054c9a0ec5e818798bf5930a75db7225e2626824ca,gx-no-cache=1711455320202 HTTP/1.1" 200 30
200.54.237.82 - - [26/Mar/2024:09:18:23 -0300] "GET /cormun/servlet/solicitudotadjuntos?77cb67c819c479b02cdd6c054c9a0ec5e818798bf5930a75db7225e2626824ca,gx-no-cache=1711455320215 HTTP/1.1" 200 30
200.54.237.82 - - [26/Mar/2024:09:18:24 -0300] "POST /cormun/servlet/solicitudotadjuntos?1c7d70ea7ae1ee515362c4489cee9aa1,INS,2024,21093,,1, HTTP/1.1" 200 116
200.54.237.82 - - [26/Mar/2024:09:18:24 -0300] "GET /cormun/servlet/hpexe_return? HTTP/1.1" 200 1027
200.54.237.82 - - [26/Mar/2024:09:18:24 -0300] "GET /cormun/servlet/trsolicitudadjuntos?2024,21093, HTTP/1.1" 200 9695
200.54.237.82 - - [26/Mar/2024:09:18:26 -0300] "GET /cormun/servlet/solicitudotadjuntos?INS,2024,21093,,1, HTTP/1.1" 200 6384
200.54.237.82 - - [26/Mar/2024:09:18:26 -0300] "GET /cormun/static/about:blank HTTP/1.1" 404 1011
200.54.237.82 - - [26/Mar/2024:09:18:27 -0300] "GET /cormun/servlet/solicitudotadjuntos?77cb67c819c479b02cdd6c054c9a0ec51b2e5d135913d5565692a41b5ca4e19662987e662b5b06fe478b99ad235e75a9,gx-no-cache=1711455323626 HTTP/1.1" 200 30
200.54.237.82 - - [26/Mar/2024:09:18:27 -0300] "POST /cormun/servlet/solicitudotadjuntos?1c7d70ea7ae1ee515362c4489cee9aa1,INS,2024,21093,,1,,gx-no-cache=1711455323642 HTTP/1.1" 200 4151
200.54.237.82 - - [26/Mar/2024:09:18:30 -0300] "POST /cormun/servlet/solicitudotadjuntos?gx-no-cache=1711455326475 HTTP/1.1" 200 26
200.54.237.82 - - [26/Mar/2024:09:18:37 -0300] "GET /cormun/servlet/solicitudotadjuntos?77cb67c819c479b02cdd6c054c9a0ec5e818798bf5930a75db7225e2626824ca,gx-no-cache=1711455334186 HTTP/1.1" 200 30
200.54.237.82 - - [26/Mar/2024:09:18:37 -0300] "GET /cormun/servlet/solicitudotadjuntos?77cb67c819c479b02cdd6c054c9a0ec5e818798bf5930a75db7225e2626824ca,gx-no-cache=1711455334200 HTTP/1.1" 200 30
200.54.237.82 - - [26/Mar/2024:09:18:37 -0300] "POST /cormun/servlet/solicitudotadjuntos?1c7d70ea7ae1ee515362c4489cee9aa1,INS,2024,21093,,1, HTTP/1.1" 200 116
200.54.237.82 - - [26/Mar/2024:09:18:38 -0300] "GET /cormun/servlet/hpexe_return? HTTP/1.1" 200 1027
200.54.237.82 - - [26/Mar/2024:09:18:38 -0300] "GET /cormun/servlet/trsolicitudadjuntos?2024,21093, HTTP/1.1" 200 9951
200.54.237.82 - - [26/Mar/2024:09:18:40 -0300] "GET /cormun/servlet/solicitudotadjuntos?INS,2024,21093,,1, HTTP/1.1" 200 6384
200.54.237.82 - - [26/Mar/2024:09:18:40 -0300] "GET /cormun/static/about:blank HTTP/1.1" 404 1011
200.54.237.82 - - [26/Mar/2024:09:18:40 -0300] "GET /cormun/servlet/solicitudotadjuntos?77cb67c819c479b02cdd6c054c9a0ec51b2e5d135913d5565692a41b5ca4e19662987e662b5b06fe478b99ad235e75a9,gx-no-cache=1711455337149 HTTP/1.1" 200 30
200.54.237.82 - - [26/Mar/2024:09:18:40 -0300] "POST /cormun/servlet/solicitudotadjuntos?1c7d70ea7ae1ee515362c4489cee9aa1,INS,2024,21093,,1,,gx-no-cache=1711455337177 HTTP/1.1" 200 4151
200.54.237.82 - - [26/Mar/2024:09:18:43 -0300] "POST /cormun/servlet/solicitudotadjuntos?gx-no-cache=1711455340107 HTTP/1.1" 200 26
200.54.237.82 - - [26/Mar/2024:09:19:04 -0300] "GET /cormun/servlet/solicitudotadjuntos?77cb67c819c479b02cdd6c054c9a0ec5e818798bf5930a75db7225e2626824ca,gx-no-cache=1711455361018 HTTP/1.1" 200 30
200.54.237.82 - - [26/Mar/2024:09:19:04 -0300] "GET /cormun/servlet/solicitudotadjuntos?77cb67c819c479b02cdd6c054c9a0ec5e818798bf5930a75db7225e2626824ca,gx-no-cache=1711455361037 HTTP/1.1" 200 30
200.54.237.82 - - [26/Mar/2024:09:19:04 -0300] "POST /cormun/servlet/solicitudotadjuntos?1c7d70ea7ae1ee515362c4489cee9aa1,INS,2024,21093,,1, HTTP/1.1" 200 116
200.54.237.82 - - [26/Mar/2024:09:19:04 -0300] "GET /cormun/servlet/hpexe_return? HTTP/1.1" 200 1027
200.54.237.82 - - [26/Mar/2024:09:19:05 -0300] "GET /cormun/servlet/trsolicitudadjuntos?2024,21093, HTTP/1.1" 200 10172
200.54.237.82 - - [26/Mar/2024:09:19:10 -0300] "GET /cormun/servlet/solicitudotadjuntos?INS,2024,21093,,1, HTTP/1.1" 200 6384
200.54.237.82 - - [26/Mar/2024:09:19:10 -0300] "GET /cormun/static/about:blank HTTP/1.1" 404 1011
200.54.237.82 - - [26/Mar/2024:09:19:10 -0300] "GET /cormun/servlet/solicitudotadjuntos?77cb67c819c479b02cdd6c054c9a0ec51b2e5d135913d5565692a41b5ca4e19662987e662b5b06fe478b99ad235e75a9,gx-no-cache=1711455367203 HTTP/1.1" 200 30
200.54.237.82 - - [26/Mar/2024:09:19:10 -0300] "POST /cormun/servlet/solicitudotadjuntos?1c7d70ea7ae1ee515362c4489cee9aa1,INS,2024,21093,,1,,gx-no-cache=1711455367231 HTTP/1.1" 200 4151
200.54.237.82 - - [26/Mar/2024:09:19:15 -0300] "POST /cormun/servlet/solicitudotadjuntos?gx-no-cache=1711455371835 HTTP/1.1" 200 26
200.54.237.82 - - [26/Mar/2024:09:19:21 -0300] "GET /cormun/servlet/solicitudotadjuntos?77cb67c819c479b02cdd6c054c9a0ec5e818798bf5930a75db7225e2626824ca,gx-no-cache=1711455377497 HTTP/1.1" 200 30
200.54.237.82 - - [26/Mar/2024:09:19:21 -0300] "GET /cormun/servlet/solicitudotadjuntos?77cb67c819c479b02cdd6c054c9a0ec5e818798bf5930a75db7225e2626824ca,gx-no-cache=1711455377523 HTTP/1.1" 200 30
200.54.237.82 - - [26/Mar/2024:09:19:21 -0300] "POST /cormun/servlet/solicitudotadjuntos?1c7d70ea7ae1ee515362c4489cee9aa1,INS,2024,21093,,1, HTTP/1.1" 200 116
200.54.237.82 - - [26/Mar/2024:09:19:21 -0300] "GET /cormun/servlet/hpexe_return? HTTP/1.1" 200 1027
200.54.237.82 - - [26/Mar/2024:09:19:21 -0300] "GET /cormun/servlet/trsolicitudadjuntos?2024,21093, HTTP/1.1" 200 10442
200.54.237.82 - - [26/Mar/2024:09:19:24 -0300] "GET /cormun/servlet/solicitudotadjuntos?INS,2024,21093,,1, HTTP/1.1" 200 6384
200.54.237.82 - - [26/Mar/2024:09:19:24 -0300] "GET /cormun/static/about:blank HTTP/1.1" 404 1011
200.54.237.82 - - [26/Mar/2024:09:19:24 -0300] "GET /cormun/servlet/solicitudotadjuntos?77cb67c819c479b02cdd6c054c9a0ec51b2e5d135913d5565692a41b5ca4e19662987e662b5b06fe478b99ad235e75a9,gx-no-cache=1711455381215 HTTP/1.1" 200 30
