181.212.42.153 - - [26/Mar/2024:09:39:08 -0300] "POST /cormun/servlet/solicitudot?64b4fe638b2aa2c501be1c605da434c3,INS,0,0,false,,gx-no-cache=1711456562884 HTTP/1.1" 200 93
181.212.42.153 - - [26/Mar/2024:09:39:08 -0300] "GET /cormun/servlet/hpexe_return? HTTP/1.1" 200 1011
181.212.42.153 - - [26/Mar/2024:09:39:08 -0300] "GET /cormun/servlet/trsolicitudot HTTP/1.1" 200 9714
181.212.42.153 - - [26/Mar/2024:09:39:11 -0300] "POST /cormun/servlet/trsolicitudot?64b4fe638b2aa2c501be1c605da434c3,gx-no-cache=1711456567137 HTTP/1.1" 200 107
181.212.42.153 - - [26/Mar/2024:09:39:11 -0300] "GET /cormun/servlet/trsolicitudadjuntos?2024,21097, HTTP/1.1" 200 6074
181.212.42.153 - - [26/Mar/2024:09:39:13 -0300] "GET /cormun/servlet/solicitudotadjuntos?INS,2024,21097,,1, HTTP/1.1" 200 6019
181.212.42.153 - - [26/Mar/2024:09:39:13 -0300] "GET /cormun/static/about:blank HTTP/1.1" 404 1011
181.212.42.153 - - [26/Mar/2024:09:39:13 -0300] "GET /cormun/servlet/solicitudotadjuntos?a1a20044c2c62f854c87da3f5dbc6a72cec16315000d05ae82b85fef762e260738d0c721404ab66f9d2239e38227606c,gx-no-cache=1711456569433 HTTP/1.1" 200 30
181.212.42.153 - - [26/Mar/2024:09:39:13 -0300] "POST /cormun/servlet/solicitudotadjuntos?64b4fe638b2aa2c501be1c605da434c3,INS,2024,21097,,1,,gx-no-cache=1711456569453 HTTP/1.1" 200 3900
181.212.42.153 - - [26/Mar/2024:09:39:15 -0300] "POST /cormun/servlet/solicitudotadjuntos?gx-no-cache=1711456570756 HTTP/1.1" 200 26
181.212.42.153 - - [26/Mar/2024:09:39:24 -0300] "GET /cormun/servlet/solicitudotadjuntos?a1a20044c2c62f854c87da3f5dbc6a72915d037daa19acfc5c0670e88264a46a,gx-no-cache=1711456580642 HTTP/1.1" 200 30
181.212.42.153 - - [26/Mar/2024:09:39:24 -0300] "GET /cormun/servlet/solicitudotadjuntos?a1a20044c2c62f854c87da3f5dbc6a72915d037daa19acfc5c0670e88264a46a,gx-no-cache=1711456580652 HTTP/1.1" 200 30
181.212.42.153 - - [26/Mar/2024:09:39:24 -0300] "POST /cormun/servlet/solicitudotadjuntos?64b4fe638b2aa2c501be1c605da434c3,INS,2024,21097,,1, HTTP/1.1" 200 116
181.212.42.153 - - [26/Mar/2024:09:39:25 -0300] "GET /cormun/servlet/hpexe_return? HTTP/1.1" 200 1029
181.212.42.153 - - [26/Mar/2024:09:39:25 -0300] "GET /cormun/servlet/trsolicitudadjuntos?2024,21097, HTTP/1.1" 200 9002
181.212.42.153 - - [26/Mar/2024:09:39:26 -0300] "GET /cormun/servlet/solicitudotadjuntos?INS,2024,21097,,1, HTTP/1.1" 200 6019
181.212.42.153 - - [26/Mar/2024:09:39:26 -0300] "GET /cormun/static/about:blank HTTP/1.1" 404 1011
181.212.42.153 - - [26/Mar/2024:09:39:27 -0300] "GET /cormun/servlet/solicitudotadjuntos?a1a20044c2c62f854c87da3f5dbc6a72cec16315000d05ae82b85fef762e260738d0c721404ab66f9d2239e38227606c,gx-no-cache=1711456582971 HTTP/1.1" 200 30
181.212.42.153 - - [26/Mar/2024:09:39:27 -0300] "POST /cormun/servlet/solicitudotadjuntos?64b4fe638b2aa2c501be1c605da434c3,INS,2024,21097,,1,,gx-no-cache=1711456582984 HTTP/1.1" 200 3899
181.212.42.153 - - [26/Mar/2024:09:39:29 -0300] "POST /cormun/servlet/solicitudotadjuntos?gx-no-cache=1711456584934 HTTP/1.1" 200 26
200.54.100.179 - - [26/Mar/2024:09:39:49 -0300] "GET /cormun/servlet/hlogin HTTP/1.1" 200 1719
200.54.100.179 - - [26/Mar/2024:09:39:52 -0300] "POST /cormun/servlet/hlogin?4b26d485c315b49e19c09fc822a96c05,gx-no-cache=1711456605157 HTTP/1.1" 200 90
200.54.100.179 - - [26/Mar/2024:09:39:52 -0300] "GET /cormun/servlet/hpexe_link HTTP/1.1" 200 946
200.54.100.179 - - [26/Mar/2024:09:39:52 -0300] "GET /cormun/servlet/hhome HTTP/1.1" 200 4318
200.54.100.179 - - [26/Mar/2024:09:39:56 -0300] "GET /cormun/servlet/trsolicitudot? HTTP/1.1" 200 7534
190.171.142.10 - - [26/Mar/2024:09:39:59 -0300] "GET /cormun/servlet/trautorizarsolicitud? HTTP/1.1" 200 7332
181.212.47.137 - - [26/Mar/2024:09:40:03 -0300] "GET /cormun/servlet/trsolicitudgral? HTTP/1.1" 200 9725
190.171.142.10 - - [26/Mar/2024:09:40:10 -0300] "GET /cormun/servlet/trsolicitudot? HTTP/1.1" 200 9304
190.171.152.114 - - [26/Mar/2024:09:40:22 -0300] "GET /cormun/servlet/hlogin HTTP/1.1" 200 1719
190.171.142.10 - - [26/Mar/2024:09:40:25 -0300] "GET /cormun/servlet/trcargahoraria? HTTP/1.1" 200 6595
190.171.142.10 - - [26/Mar/2024:09:40:30 -0300] "GET /cormun/servlet/trsolicitudot? HTTP/1.1" 200 9304
190.171.152.114 - - [26/Mar/2024:09:40:40 -0300] "POST /cormun/servlet/hlogin?ee8a98d4885ac4914fe48e0f4e5737ec,gx-no-cache=1711456655235 HTTP/1.1" 200 90
190.171.152.114 - - [26/Mar/2024:09:40:40 -0300] "GET /cormun/servlet/hpexe_link HTTP/1.1" 200 952
190.171.152.114 - - [26/Mar/2024:09:40:40 -0300] "GET /cormun/servlet/hhome HTTP/1.1" 200 4328
190.171.152.114 - - [26/Mar/2024:09:40:43 -0300] "GET /cormun/servlet/trlicencias? HTTP/1.1" 200 11659
190.171.141.138 - - [26/Mar/2024:09:40:47 -0300] "GET /cormun/servlet/hlogin HTTP/1.1" 200 1721
190.171.141.138 - - [26/Mar/2024:09:40:47 -0300] "GET /cormun/servlet/hlogin HTTP/1.1" 200 1731
190.171.142.10 - - [26/Mar/2024:09:40:47 -0300] "POST /cormun/servlet/trsolicitudot?ce2c1e60b33afeb20b87986e57af473a,,gx-no-cache=1711456662783 HTTP/1.1" 200 112
190.171.142.10 - - [26/Mar/2024:09:40:47 -0300] "GET /cormun/servlet/solicitudot?UPD,2024,21091,false, HTTP/1.1" 200 16806
190.171.142.10 - - [26/Mar/2024:09:40:48 -0300] "POST /cormun/servlet/solicitudot?gx-no-cache=1711456663636 HTTP/1.1" 200 4122
190.171.142.10 - - [26/Mar/2024:09:40:48 -0300] "POST /cormun/servlet/solicitudot?ce2c1e60b33afeb20b87986e57af473a,UPD,2024,21091,false,,gx-no-cache=1711456663747 HTTP/1.1" 200 13054
190.171.142.10 - - [26/Mar/2024:09:40:48 -0300] "GET /cormun/servlet/solicitudot?be891f9fe5a422829deb55df2dea892eb849eff487d9ed2109d7f13352816cd403580cfc7b3afec97a2a3d4b35d698ff,gx-no-cache=1711456663852 HTTP/1.1" 200 30
190.171.142.10 - - [26/Mar/2024:09:40:49 -0300] "GET /cormun/servlet/solicitudot?be891f9fe5a422829deb55df2dea892e959c371551999c778abab404c6f7354adb48c5394edb8a51df2df14eb5388ad9c4fecf246ccd9530432a5a4a428757b2,gx-no-cache=1711456663869 HTTP/1.1" 200 30
190.171.142.10 - - [26/Mar/2024:09:40:49 -0300] "GET /cormun/servlet/solicitudot?be891f9fe5a422829deb55df2dea892e728c3e71ea2b4b9b511c906ca52320a137bae97407c0c0e212dcdecd8d94ff21de63a430de6cc8c72e42b716d218a37a,gx-no-cache=1711456663930 HTTP/1.1" 200 53
190.171.142.10 - - [26/Mar/2024:09:40:49 -0300] "POST /cormun/servlet/solicitudot?gx-no-cache=1711456663948 HTTP/1.1" 200 254
190.171.142.10 - - [26/Mar/2024:09:40:49 -0300] "GET /cormun/servlet/solicitudot?be891f9fe5a422829deb55df2dea892eb8b87cfcea5df56b69b24f55677ff2624c53c99723edeaf083322cbb06dda076472db81f412adf01cd976ed3e3f654996265ee5ec0f0cb7991d5480864db95112615249e269a2e10f9b389f0df23a1c13372112455066e4ace3ca5911d26cfb6bb06e977a33701860fdc232779e3d525510fe9f61dc4255469b799c414a8e35318accee07db438e716c361495928af1d129cc4a11f3e004a2b8de152d9736cecbf3e74129736e1993ee800bd13324b74e9971391ba5aae935c833a0ebec552ad2da8fc5309a403d2bb79602b5046e3fafc414b7bbb5b1d885eee940643ed9ac538fb02801fe2ba329ea2dc097fec82c85ca0c94a6e553ff9e54a3491da46067cc0bc27e4ff8b51bff08be9110b2a8295976da7d962342d6a4674eafd8f414ad5b59df3961bf621f93a83f53fc22922163e3786b5a76ac3ae82cd7d1a094a5c77ebb339648930ee74f086d1fc6ad3fb99179b1ea3154834542460036c2a18fd388c50803e6688eda75000df55b4f062ac,gx-no-cache=1711456663965 HTTP/1.1" 200 30
190.171.142.10 - - [26/Mar/2024:09:40:49 -0300] "POST /cormun/servlet/solicitudot?gx-no-cache=1711456663980 HTTP/1.1" 200 30
190.171.142.10 - - [26/Mar/2024:09:40:49 -0300] "POST /cormun/servlet/solicitudot?gx-no-cache=1711456663997 HTTP/1.1" 200 1474
190.171.142.10 - - [26/Mar/2024:09:40:49 -0300] "POST /cormun/servlet/solicitudot?gx-no-cache=1711456664021 HTTP/1.1" 200 41
190.171.141.138 - - [26/Mar/2024:09:40:54 -0300] "POST /cormun/servlet/hlogin?39079e73f685d1265a74f7c69295dc08,gx-no-cache=1711456669354 HTTP/1.1" 200 90
190.171.141.138 - - [26/Mar/2024:09:40:54 -0300] "GET /cormun/servlet/hpexe_link HTTP/1.1" 200 950
190.171.141.138 - - [26/Mar/2024:09:40:54 -0300] "GET /cormun/servlet/hhome HTTP/1.1" 200 4480
190.171.141.138 - - [26/Mar/2024:09:40:58 -0300] "GET /cormun/servlet/trpermisosgoce? HTTP/1.1" 200 9272
190.171.141.138 - - [26/Mar/2024:09:41:01 -0300] "GET /cormun/servlet/trpermisosadjuntos?9892080,20240314173938,P, HTTP/1.1" 200 7313
190.171.141.138 - - [26/Mar/2024:09:41:03 -0300] "GET /cormun/servlet/permisosadjuntos?INS,9892080,P,20240314173938,, HTTP/1.1" 200 6122
190.171.141.138 - - [26/Mar/2024:09:41:03 -0300] "GET /cormun/static/about:blank HTTP/1.1" 404 1011
190.171.142.10 - - [26/Mar/2024:09:41:15 -0300] "GET /cormun/servlet/trsolicitudot? HTTP/1.1" 200 9304
190.171.142.42 - - [26/Mar/2024:09:41:20 -0300] "GET /cormun/servlet/hlogin HTTP/1.1" 200 1716
190.171.142.42 - - [26/Mar/2024:09:41:20 -0300] "GET /cormun/static/gxtimezone.js?85251 HTTP/1.1" 200 5781
190.171.142.42 - - [26/Mar/2024:09:41:20 -0300] "GET /cormun/static/gxcfg.js?2022112219184450 HTTP/1.1" 200 953
190.171.142.42 - - [26/Mar/2024:09:41:20 -0300] "GET /cormun/static/Resources/CormunLogin.png HTTP/1.1" 200 19132
190.171.142.42 - - [26/Mar/2024:09:41:20 -0300] "GET /cormun/static/messages.spa.js?85251 HTTP/1.1" 200 30736
190.171.142.42 - - [26/Mar/2024:09:41:20 -0300] "GET /cormun/static/Resources/Spanish/PXTools.css?1759030 HTTP/1.1" 200 100853
190.171.142.42 - - [26/Mar/2024:09:41:20 -0300] "GET /cormun/static/hlogin.js?2022112219184458 HTTP/1.1" 200 2156
190.171.142.42 - - [26/Mar/2024:09:41:20 -0300] "GET /cormun/static/gxgral.js?85251 HTTP/1.1" 200 384558
190.171.142.42 - - [26/Mar/2024:09:41:20 -0300] "GET /cormun/static/Resources/PXToolsLoginBackground.png HTTP/1.1" 200 1164
190.171.142.42 - - [26/Mar/2024:09:41:20 -0300] "GET /cormun/static/Resources/PXToolsLoginTop.png HTTP/1.1" 200 1337
190.171.142.42 - - [26/Mar/2024:09:41:20 -0300] "GET /cormun/static/Resources/PXToolsLoginBottom.png HTTP/1.1" 200 1389
190.171.142.42 - - [26/Mar/2024:09:41:20 -0300] "GET /cormun/static/Resources/PXToolsButtonRight.png HTTP/1.1" 200 1294
190.171.142.42 - - [26/Mar/2024:09:41:20 -0300] "GET /cormun/static/Resources/PXToolsButtonBackground.png HTTP/1.1" 200 1176
190.171.142.42 - - [26/Mar/2024:09:41:20 -0300] "GET /cormun/static/Resources/PXToolsButtonLeft.png HTTP/1.1" 200 1310
190.171.142.42 - - [26/Mar/2024:09:41:20 -0300] "GET /cormun/static/Resources/indicator.gif HTTP/1.1" 200 1553
190.171.142.42 - - [26/Mar/2024:09:41:20 -0300] "GET /cormun/servlet/hlogin HTTP/1.1" 200 1727
190.171.142.42 - - [26/Mar/2024:09:41:20 -0300] "GET /favicon.ico HTTP/1.1" 200 21630
190.171.142.10 - - [26/Mar/2024:09:41:23 -0300] "GET /cormun/servlet/trautorizarsolicitud? HTTP/1.1" 200 7332
181.212.42.153 - - [26/Mar/2024:09:41:26 -0300] "POST /cormun/servlet/solicitudotadjuntos?gx-no-cache=1711456701796 HTTP/1.1" 200 26
190.171.141.138 - - [26/Mar/2024:09:41:26 -0300] "POST /cormun/servlet/permisosadjuntos?39079e73f685d1265a74f7c69295dc08,INS,9892080,P,20240314173938,, HTTP/1.1" 200 116
190.171.141.138 - - [26/Mar/2024:09:41:26 -0300] "GET /cormun/servlet/hpexe_return? HTTP/1.1" 200 1034
190.171.141.138 - - [26/Mar/2024:09:41:26 -0300] "GET /cormun/servlet/trpermisosadjuntos?9892080,20240314173938,P, HTTP/1.1" 200 7424
190.171.141.138 - - [26/Mar/2024:09:41:30 -0300] "GET /cormun/servlet/permisosadjuntos?DLT,9892080,P,20240314173938,20240318151945, HTTP/1.1" 200 6157
190.171.141.138 - - [26/Mar/2024:09:41:30 -0300] "GET /cormun/static/Shared/jqueryui/images/ui-bg_highlight-soft_100_c6c2c8_1x100.png HTTP/1.1" 404 1117
190.171.141.138 - - [26/Mar/2024:09:41:30 -0300] "GET /cormun/static/Shared/jqueryui/images/ui-icons_82798d_256x240.png HTTP/1.1" 404 1089
190.171.141.138 - - [26/Mar/2024:09:41:30 -0300] "GET /cormun/static/Shared/jqueryui/images/ui-bg_flat_55_fafafa_40x100.png HTTP/1.1" 404 1097
190.171.141.138 - - [26/Mar/2024:09:41:30 -0300] "GET /cormun/static/Shared/jqueryui/images/ui-icons_8d78a5_256x240.png HTTP/1.1" 404 1089
190.171.141.138 - - [26/Mar/2024:09:41:30 -0300] "GET /cormun/PublicTempStorage/doc007922202403181154128290191.pdf HTTP/1.1" 200 142020
181.212.47.137 - - [26/Mar/2024:09:41:30 -0300] "GET /cormun/servlet/vesolicitudgral?2024,20964,, HTTP/1.1" 200 8389
181.212.47.137 - - [26/Mar/2024:09:41:30 -0300] "GET /cormun/pexe_scrolldiv.js HTTP/1.1" 404 1009
181.212.42.153 - - [26/Mar/2024:09:41:31 -0300] "GET /cormun/servlet/solicitudotadjuntos?a1a20044c2c62f854c87da3f5dbc6a72915d037daa19acfc5c0670e88264a46a,gx-no-cache=1711456706971 HTTP/1.1" 200 30
181.212.42.153 - - [26/Mar/2024:09:41:31 -0300] "GET /cormun/servlet/solicitudotadjuntos?a1a20044c2c62f854c87da3f5dbc6a72915d037daa19acfc5c0670e88264a46a,gx-no-cache=1711456706980 HTTP/1.1" 200 30
181.212.42.153 - - [26/Mar/2024:09:41:31 -0300] "POST /cormun/servlet/solicitudotadjuntos?64b4fe638b2aa2c501be1c605da434c3,INS,2024,21097,,1, HTTP/1.1" 200 116
181.212.42.153 - - [26/Mar/2024:09:41:31 -0300] "GET /cormun/servlet/hpexe_return? HTTP/1.1" 200 1029
181.212.42.153 - - [26/Mar/2024:09:41:31 -0300] "GET /cormun/servlet/trsolicitudadjuntos?2024,21097, HTTP/1.1" 200 9273
190.171.141.138 - - [26/Mar/2024:09:41:31 -0300] "POST /cormun/servlet/permisosadjuntos?39079e73f685d1265a74f7c69295dc08,DLT,9892080,P,20240314173938,20240318151945,,gx-no-cache=1711456706460 HTTP/1.1" 200 93
190.171.141.138 - - [26/Mar/2024:09:41:31 -0300] "GET /cormun/servlet/hpexe_return? HTTP/1.1" 200 1044
190.171.141.138 - - [26/Mar/2024:09:41:32 -0300] "GET /cormun/servlet/trpermisosadjuntos?9892080,20240314173938,P, HTTP/1.1" 200 7321
181.212.42.153 - - [26/Mar/2024:09:41:33 -0300] "GET /cormun/servlet/solicitudotadjuntos?INS,2024,21097,,1, HTTP/1.1" 200 6020
190.171.141.138 - - [26/Mar/2024:09:41:33 -0300] "POST /cormun/servlet/trpermisosadjuntos?39079e73f685d1265a74f7c69295dc08,9892080,20240314173938,P,,gx-no-cache=1711456708468 HTTP/1.1" 200 90
190.171.141.138 - - [26/Mar/2024:09:41:33 -0300] "GET /cormun/servlet/hpexe_link HTTP/1.1" 200 982
190.171.141.138 - - [26/Mar/2024:09:41:34 -0300] "GET /cormun/servlet/trpermisosgoce HTTP/1.1" 200 9272
181.212.42.153 - - [26/Mar/2024:09:41:34 -0300] "GET /cormun/static/about:blank HTTP/1.1" 404 1011
181.212.42.153 - - [26/Mar/2024:09:41:34 -0300] "GET /cormun/servlet/solicitudotadjuntos?a1a20044c2c62f854c87da3f5dbc6a72cec16315000d05ae82b85fef762e260738d0c721404ab66f9d2239e38227606c,gx-no-cache=1711456710283 HTTP/1.1" 200 30
181.212.42.153 - - [26/Mar/2024:09:41:34 -0300] "POST /cormun/servlet/solicitudotadjuntos?64b4fe638b2aa2c501be1c605da434c3,INS,2024,21097,,1,,gx-no-cache=1711456710303 HTTP/1.1" 200 3900
190.171.141.138 - - [26/Mar/2024:09:41:36 -0300] "POST /cormun/servlet/trpermisosgoce?39079e73f685d1265a74f7c69295dc08,gx-no-cache=1711456710660 HTTP/1.1" 200 6296
181.212.42.153 - - [26/Mar/2024:09:41:36 -0300] "POST /cormun/servlet/solicitudotadjuntos?gx-no-cache=1711456712634 HTTP/1.1" 200 26
190.171.141.138 - - [26/Mar/2024:09:41:40 -0300] "GET /cormun/servlet/trpermisosgoce? HTTP/1.1" 200 9236
181.212.42.153 - - [26/Mar/2024:09:41:41 -0300] "GET /cormun/servlet/solicitudotadjuntos?a1a20044c2c62f854c87da3f5dbc6a72915d037daa19acfc5c0670e88264a46a,gx-no-cache=1711456717142 HTTP/1.1" 200 30
181.212.42.153 - - [26/Mar/2024:09:41:41 -0300] "GET /cormun/servlet/solicitudotadjuntos?a1a20044c2c62f854c87da3f5dbc6a72915d037daa19acfc5c0670e88264a46a,gx-no-cache=1711456717154 HTTP/1.1" 200 30
181.212.42.153 - - [26/Mar/2024:09:41:41 -0300] "POST /cormun/servlet/solicitudotadjuntos?64b4fe638b2aa2c501be1c605da434c3,INS,2024,21097,,1, HTTP/1.1" 200 116
181.212.42.153 - - [26/Mar/2024:09:41:41 -0300] "GET /cormun/servlet/hpexe_return? HTTP/1.1" 200 1029
181.212.42.153 - - [26/Mar/2024:09:41:41 -0300] "GET /cormun/servlet/trsolicitudadjuntos?2024,21097, HTTP/1.1" 200 9539
190.171.142.42 - - [26/Mar/2024:09:41:41 -0300] "POST /cormun/servlet/hlogin?d538c857c8e861398834d409a3f0a22d,gx-no-cache=1711456714503 HTTP/1.1" 200 90
190.171.142.42 - - [26/Mar/2024:09:41:41 -0300] "GET /cormun/servlet/hpexe_link HTTP/1.1" 200 948
190.171.142.42 - - [26/Mar/2024:09:41:41 -0300] "GET /cormun/static/gxcfg.js?20221129847421 HTTP/1.1" 200 953
190.171.142.42 - - [26/Mar/2024:09:41:41 -0300] "GET /cormun/static/hpexe_link.js?20221129847423 HTTP/1.1" 200 625
190.171.142.42 - - [26/Mar/2024:09:41:41 -0300] "GET /cormun/static/Resources/Spanish/PXTools.css?8354383 HTTP/1.1" 200 100853
190.171.142.42 - - [26/Mar/2024:09:41:41 -0300] "GET /cormun/servlet/hhome HTTP/1.1" 200 4279
190.171.142.42 - - [26/Mar/2024:09:41:42 -0300] "GET /cormun/static/SmoothNavMenu/resources/ddsmoothmenu.css?1112540 HTTP/1.1" 200 2223
190.171.142.42 - - [26/Mar/2024:09:41:42 -0300] "GET /cormun/static/Shared/jqueryui/jquery-ui.min.css?1345370 HTTP/1.1" 200 30288
190.171.142.42 - - [26/Mar/2024:09:41:42 -0300] "GET /cormun/static/SmoothNavMenu/resources/ddsmoothmenu-v.css?1112540 HTTP/1.1" 200 1188
190.171.142.42 - - [26/Mar/2024:09:41:42 -0300] "GET /cormun/static/gxcfg.js?20201215495537 HTTP/1.1" 200 953
190.171.142.42 - - [26/Mar/2024:09:41:42 -0300] "GET /cormun/static/scaMessage/css/jquery.pnotify.default.css?1816380 HTTP/1.1" 200 1707
190.171.142.42 - - [26/Mar/2024:09:41:42 -0300] "GET /cormun/static/PXToolsJavascripts/pexe_autoreload.js HTTP/1.1" 200 1762
190.171.142.42 - - [26/Mar/2024:09:41:42 -0300] "GET /cormun/static/Resources/Spanish/PXTools.css?14345360 HTTP/1.1" 200 100853
190.171.142.42 - - [26/Mar/2024:09:41:42 -0300] "GET /cormun/static/PXToolsJavascripts/pexe_grid.js HTTP/1.1" 200 7559
190.171.142.42 - - [26/Mar/2024:09:41:42 -0300] "GET /cormun/static/PXToolsJavascripts/pexe_cookies.js HTTP/1.1" 200 792
190.171.142.42 - - [26/Mar/2024:09:41:42 -0300] "GET /cormun/static/PXToolsJavascripts/pexe_griddivfix.js HTTP/1.1" 200 6946
190.171.142.42 - - [26/Mar/2024:09:41:42 -0300] "GET /cormun/static/PXToolsJavascripts/pexe_link.js HTTP/1.1" 200 5671
190.171.142.42 - - [26/Mar/2024:09:41:42 -0300] "GET /cormun/static/PXToolsJavascripts/pexe_windows.js HTTP/1.1" 200 15249
190.171.142.42 - - [26/Mar/2024:09:41:42 -0300] "GET /cormun/static/PXToolsJavascripts/pexe_menudivfix.js HTTP/1.1" 200 333
190.171.142.42 - - [26/Mar/2024:09:41:42 -0300] "GET /cormun/static/PXToolsJavascripts/pexe_oav.js HTTP/1.1" 200 645
190.171.142.42 - - [26/Mar/2024:09:41:42 -0300] "GET /cormun/static/PXToolsJavascripts/pexe_layers.js HTTP/1.1" 200 4114
190.171.142.42 - - [26/Mar/2024:09:41:42 -0300] "GET /cormun/static/PXToolsJavascripts/pexe_menus.js HTTP/1.1" 200 1286
190.171.142.42 - - [26/Mar/2024:09:41:42 -0300] "GET /cormun/static/PXToolsJavascripts/pexe_oavdivfix.js HTTP/1.1" 200 639
190.171.142.42 - - [26/Mar/2024:09:41:42 -0300] "GET /cormun/static/PXToolsJavascripts/pexe_picture.js HTTP/1.1" 200 689
190.171.142.42 - - [26/Mar/2024:09:41:42 -0300] "GET /cormun/static/PXToolsJavascripts/pexe_scrolldiv.js HTTP/1.1" 200 4138
190.171.142.42 - - [26/Mar/2024:09:41:42 -0300] "GET /cormun/static/PXToolsJavascripts/pexe_tabdivfix.js HTTP/1.1" 200 898
190.171.142.42 - - [26/Mar/2024:09:41:42 -0300] "GET /cormun/static/PXToolsJavascripts/pexe_upload.js HTTP/1.1" 200 1423
190.171.142.42 - - [26/Mar/2024:09:41:42 -0300] "GET /cormun/static/PXToolsJavascripts/pexe_tabs.js HTTP/1.1" 200 3748
190.171.142.42 - - [26/Mar/2024:09:41:42 -0300] "GET /cormun/static/PXToolsJavascripts/pexe_popup.js HTTP/1.1" 200 15149
190.171.142.42 - - [26/Mar/2024:09:41:42 -0300] "GET /cormun/static/PXToolsJavascripts/PXToolsJavascriptsRender.js HTTP/1.1" 200 367
190.171.142.42 - - [26/Mar/2024:09:41:42 -0300] "GET /cormun/static/Resources/CormunMP2.png HTTP/1.1" 200 6878
190.171.142.42 - - [26/Mar/2024:09:41:42 -0300] "GET /cormun/static/Resources/ImgHome.png HTTP/1.1" 200 1364
190.171.142.42 - - [26/Mar/2024:09:41:42 -0300] "GET /cormun/static/RunJS/RunJS.js HTTP/1.1" 200 288
190.171.142.42 - - [26/Mar/2024:09:41:42 -0300] "GET /cormun/static/Resources/ImgLogin.png HTTP/1.1" 200 1432
190.171.142.42 - - [26/Mar/2024:09:41:42 -0300] "GET /cormun/static/Resources/Llave.png HTTP/1.1" 200 1395
190.171.142.42 - - [26/Mar/2024:09:41:42 -0300] "GET /cormun/static/Shared/ext/locale/ext-lang-en.js HTTP/1.1" 200 10940
190.171.142.42 - - [26/Mar/2024:09:41:42 -0300] "GET /cormun/static/hhome.js?20201215495544 HTTP/1.1" 200 777
190.171.142.42 - - [26/Mar/2024:09:41:42 -0300] "GET /cormun/static/hwchdr01.js?2022112219251119 HTTP/1.1" 200 996
190.171.142.42 - - [26/Mar/2024:09:41:42 -0300] "GET /cormun/static/Resources/PXToolsDataTitle.png HTTP/1.1" 200 1173
190.171.142.42 - - [26/Mar/2024:09:41:42 -0300] "GET /cormun/static/hpexe_recentlink.js?20201214471090 HTTP/1.1" 200 2144
190.171.142.42 - - [26/Mar/2024:09:41:42 -0300] "GET /cormun/static/hpexe_scripts.js?20201214471411 HTTP/1.1" 200 1544
190.171.142.42 - - [26/Mar/2024:09:41:42 -0300] "GET /cormun/static/hpexe_messagepopupcomponent.js?2020121447232 HTTP/1.1" 200 605
190.171.142.42 - - [26/Mar/2024:09:41:42 -0300] "GET /cormun/static/hpexe_messagecontroller.js?202211298371222 HTTP/1.1" 200 870
190.171.142.42 - - [26/Mar/2024:09:41:42 -0300] "GET /cormun/static/hpexe_messagegenexuscomponent.js?20221129836373 HTTP/1.1" 200 587
190.171.142.42 - - [26/Mar/2024:09:41:42 -0300] "GET /cormun/static/cmcontrolpreferences.js?20199141926336 HTTP/1.1" 200 1375
190.171.142.42 - - [26/Mar/2024:09:41:42 -0300] "GET /cormun/static/SmoothNavMenu/resources/ddsmoothmenu.js HTTP/1.1" 200 12712
190.171.142.42 - - [26/Mar/2024:09:41:42 -0300] "GET /cormun/static/gxui/gxui-all.js HTTP/1.1" 200 107772
190.171.142.42 - - [26/Mar/2024:09:41:42 -0300] "GET /cormun/static/Shared/jquery/jquery-1.4.2.min.js HTTP/1.1" 200 72174
190.171.142.42 - - [26/Mar/2024:09:41:42 -0300] "GET /cormun/static/SmoothNavMenu/resources/SmoothNavMenuRender.js HTTP/1.1" 200 5951
190.171.142.42 - - [26/Mar/2024:09:41:42 -0300] "GET /cormun/static/scaMessage/js/jquery.pnotify.min.js HTTP/1.1" 200 13038
190.171.142.42 - - [26/Mar/2024:09:41:42 -0300] "GET /cormun/static/scaMessage/scaMessageRender.js HTTP/1.1" 200 11977
190.171.142.42 - - [26/Mar/2024:09:41:42 -0300] "GET /cormun/static/hmpwkw03.js?20221129844354 HTTP/1.1" 200 3971
190.171.142.42 - - [26/Mar/2024:09:41:42 -0300] "GET /cormun/static/Shared/jquery/jquery-1.10.2.min.js HTTP/1.1" 200 273199
190.171.142.42 - - [26/Mar/2024:09:41:42 -0300] "GET /cormun/static/Shared/jqueryui/jquery-ui.min.js HTTP/1.1" 200 240427
190.171.142.42 - - [26/Mar/2024:09:41:42 -0300] "GET /cormun/static/Shared/ext/ext-all.js HTTP/1.1" 200 1289687
190.171.142.42 - - [26/Mar/2024:09:41:42 -0300] "GET /cormun/static/SmoothNavMenu/resources/images/right.gif HTTP/1.1" 200 860
190.171.142.42 - - [26/Mar/2024:09:41:42 -0300] "GET /cormun/static/SmoothNavMenu/resources/images/down.gif HTTP/1.1" 200 854
190.171.141.138 - - [26/Mar/2024:09:41:42 -0300] "GET /cormun/servlet/permisogoce?INS,0,,, HTTP/1.1" 200 7380
181.212.42.153 - - [26/Mar/2024:09:41:43 -0300] "GET /cormun/servlet/solicitudotadjuntos?INS,2024,21097,,1, HTTP/1.1" 200 6020
181.212.42.153 - - [26/Mar/2024:09:41:43 -0300] "GET /cormun/static/about:blank HTTP/1.1" 404 1011
190.171.142.42 - - [26/Mar/2024:09:41:44 -0300] "GET /cormun/servlet/trlicencias? HTTP/1.1" 200 10498
190.171.142.42 - - [26/Mar/2024:09:41:44 -0300] "GET /cormun/static/calendar-system.css?85620 HTTP/1.1" 200 5572
190.171.142.42 - - [26/Mar/2024:09:41:44 -0300] "GET /cormun/static/calendar.js?85251 HTTP/1.1" 200 26246
190.171.142.42 - - [26/Mar/2024:09:41:44 -0300] "GET /cormun/static/gxcfg.js?202211298463625 HTTP/1.1" 200 953
190.171.142.42 - - [26/Mar/2024:09:41:44 -0300] "GET /cormun/static/gxui/gxui-all.css?120300 HTTP/1.1" 200 2179
190.171.142.42 - - [26/Mar/2024:09:41:44 -0300] "GET /cormun/static/calendar-setup.js?85251 HTTP/1.1" 200 2588
190.171.142.42 - - [26/Mar/2024:09:41:44 -0300] "GET /cormun/static/calendar-es.js?85251 HTTP/1.1" 200 1901
190.171.142.42 - - [26/Mar/2024:09:41:44 -0300] "GET /cormun/static/Resources/PXTools/calendar.png HTTP/1.1" 200 1306
190.171.142.42 - - [26/Mar/2024:09:41:44 -0300] "GET /cormun/static/gxdec.js?85251 HTTP/1.1" 200 19579
190.171.142.42 - - [26/Mar/2024:09:41:44 -0300] "GET /cormun/static/trlicencias.js?202211298463889 HTTP/1.1" 200 41883
190.171.142.42 - - [26/Mar/2024:09:41:44 -0300] "GET /cormun/static/Resources/PXToolsDataSearch.png HTTP/1.1" 200 435
190.171.142.42 - - [26/Mar/2024:09:41:44 -0300] "GET /cormun/static/Resources/PXToolsGridFirstDisabled.gif HTTP/1.1" 200 100
190.171.142.42 - - [26/Mar/2024:09:41:44 -0300] "GET /cormun/static/Resources/PXToolsGridPreviousDisabled.gif HTTP/1.1" 200 90
190.171.142.42 - - [26/Mar/2024:09:41:44 -0300] "GET /cormun/static/Resources/PXToolsGridNextDisabled.gif HTTP/1.1" 200 90
190.171.142.42 - - [26/Mar/2024:09:41:44 -0300] "GET /cormun/static/Resources/PXToolsGridLastDisabled.gif HTTP/1.1" 200 98
190.171.142.42 - - [26/Mar/2024:09:41:44 -0300] "GET /cormun/static/Resources/PXToolsGridPage.gif HTTP/1.1" 200 725
190.171.142.42 - - [26/Mar/2024:09:41:44 -0300] "GET /cormun/static/Resources/PXToolsActionExcel.png HTTP/1.1" 200 727
181.212.42.153 - - [26/Mar/2024:09:41:44 -0300] "GET /cormun/servlet/solicitudotadjuntos?a1a20044c2c62f854c87da3f5dbc6a72cec16315000d05ae82b85fef762e260738d0c721404ab66f9d2239e38227606c,gx-no-cache=1711456720110 HTTP/1.1" 200 30
190.171.142.42 - - [26/Mar/2024:09:41:44 -0300] "GET /cormun/static/Resources/PXToolsAddAllAction.png HTTP/1.1" 200 495
181.212.42.153 - - [26/Mar/2024:09:41:44 -0300] "POST /cormun/servlet/solicitudotadjuntos?64b4fe638b2aa2c501be1c605da434c3,INS,2024,21097,,1,,gx-no-cache=1711456720122 HTTP/1.1" 200 3900
190.171.142.42 - - [26/Mar/2024:09:41:44 -0300] "GET /cormun/static/Shared/ext/resources/css/ext-all.css?215870 HTTP/1.1" 200 416045
190.171.142.42 - - [26/Mar/2024:09:41:44 -0300] "GET /cormun/static/Resources/asc.gif HTTP/1.1" 200 67
190.171.142.42 - - [26/Mar/2024:09:41:44 -0300] "GET /cormun//static/Resources/PXToolsActionDisabled.gif HTTP/1.1" 200 53
190.171.142.42 - - [26/Mar/2024:09:41:44 -0300] "GET /cormun/static/Resources/desc.gif HTTP/1.1" 200 65
190.171.142.42 - - [26/Mar/2024:09:41:44 -0300] "GET /cormun//static/Resources/PXTools/ActionInsert.png HTTP/1.1" 200 1482
190.171.142.42 - - [26/Mar/2024:09:41:44 -0300] "GET /cormun//static/Resources/PXToolsGridDisplay.png HTTP/1.1" 200 525
190.171.142.42 - - [26/Mar/2024:09:41:44 -0300] "GET /cormun//static/Resources/PXToolsActionPrint.png HTTP/1.1" 200 404
190.171.142.42 - - [26/Mar/2024:09:41:44 -0300] "GET /cormun//static/Resources/PXToolsHeaderFavorites.png HTTP/1.1" 200 1414
190.171.142.42 - - [26/Mar/2024:09:41:44 -0300] "GET /cormun//static/Resources/PXToolsHeaderHelp.png HTTP/1.1" 200 1333
190.171.142.42 - - [26/Mar/2024:09:41:44 -0300] "GET /cormun/static/Shared/ext/resources/themes/images/default/tools/tool-sprites.gif HTTP/1.1" 200 5434
190.171.142.42 - - [26/Mar/2024:09:41:44 -0300] "GET /cormun/static/Shared/ext/resources/themes/images/default/panel/bg-headersPanel.png HTTP/1.1" 200 255
181.212.42.153 - - [26/Mar/2024:09:41:47 -0300] "POST /cormun/servlet/solicitudotadjuntos?gx-no-cache=1711456723062 HTTP/1.1" 200 26
190.171.141.138 - - [26/Mar/2024:09:41:50 -0300] "GET /cormun/servlet/permisogoce?5b88ac1ac97f24275d4bebc621f8def29470fd8dc19e04b77d2de6757b113c4eca01a0280aadd99d25df25fdf6189b8792bcdb069431d9b0c1924123743064c1,gx-no-cache=1711456724764 HTTP/1.1" 200 82
190.171.141.138 - - [26/Mar/2024:09:41:50 -0300] "GET /cormun/static/menuarrow.gif HTTP/1.1" 404 1015
190.171.141.138 - - [26/Mar/2024:09:41:54 -0300] "GET /cormun/servlet/permisogoce?5b88ac1ac97f24275d4bebc621f8def2e563328d7fd683a5b2c8cec7585076287bfdc60e1c35746622632277ef567ea1f2cd1b894c2155f53f60b41c05d41279,gx-no-cache=1711456728812 HTTP/1.1" 200 47
181.212.42.153 - - [26/Mar/2024:09:41:54 -0300] "GET /cormun/servlet/solicitudotadjuntos?a1a20044c2c62f854c87da3f5dbc6a72915d037daa19acfc5c0670e88264a46a,gx-no-cache=1711456730298 HTTP/1.1" 200 30
181.212.42.153 - - [26/Mar/2024:09:41:54 -0300] "GET /cormun/servlet/solicitudotadjuntos?a1a20044c2c62f854c87da3f5dbc6a72915d037daa19acfc5c0670e88264a46a,gx-no-cache=1711456730307 HTTP/1.1" 200 30
181.212.42.153 - - [26/Mar/2024:09:41:54 -0300] "POST /cormun/servlet/solicitudotadjuntos?64b4fe638b2aa2c501be1c605da434c3,INS,2024,21097,,1, HTTP/1.1" 200 116
181.212.42.153 - - [26/Mar/2024:09:41:54 -0300] "GET /cormun/servlet/hpexe_return? HTTP/1.1" 200 1029
181.212.42.153 - - [26/Mar/2024:09:41:54 -0300] "GET /cormun/servlet/trsolicitudadjuntos?2024,21097, HTTP/1.1" 200 9821
181.212.42.153 - - [26/Mar/2024:09:41:57 -0300] "GET /cormun/servlet/solicitudotadjuntos?INS,2024,21097,,1, HTTP/1.1" 200 6020
181.212.42.153 - - [26/Mar/2024:09:41:57 -0300] "GET /cormun/static/about:blank HTTP/1.1" 404 1011
190.171.141.138 - - [26/Mar/2024:09:41:58 -0300] "POST /cormun/servlet/permisogoce?39079e73f685d1265a74f7c69295dc08,INS,0,,,,gx-no-cache=1711456731523 HTTP/1.1" 200 93
190.171.141.138 - - [26/Mar/2024:09:41:58 -0300] "GET /cormun/servlet/hpexe_return? HTTP/1.1" 200 1009
190.171.141.138 - - [26/Mar/2024:09:41:58 -0300] "GET /cormun/servlet/trpermisosgoce HTTP/1.1" 200 9517
181.212.42.153 - - [26/Mar/2024:09:41:58 -0300] "GET /cormun/servlet/solicitudotadjuntos?a1a20044c2c62f854c87da3f5dbc6a72cec16315000d05ae82b85fef762e260738d0c721404ab66f9d2239e38227606c,gx-no-cache=1711456734069 HTTP/1.1" 200 30
181.212.42.153 - - [26/Mar/2024:09:41:58 -0300] "POST /cormun/servlet/solicitudotadjuntos?64b4fe638b2aa2c501be1c605da434c3,INS,2024,21097,,1,,gx-no-cache=1711456734090 HTTP/1.1" 200 3900
190.171.141.138 - - [26/Mar/2024:09:42:00 -0300] "GET /cormun/servlet/apermisogoceprn?16318761,P,20240326093821,PU HTTP/1.1" 200 1665
181.212.42.153 - - [26/Mar/2024:09:42:01 -0300] "POST /cormun/servlet/solicitudotadjuntos?gx-no-cache=1711456737071 HTTP/1.1" 200 26
181.212.42.153 - - [26/Mar/2024:09:42:05 -0300] "POST /cormun/servlet/solicitudotadjuntos?64b4fe638b2aa2c501be1c605da434c3,INS,2024,21097,,1,,gx-no-cache=1711456740916 HTTP/1.1" 200 93
181.212.42.153 - - [26/Mar/2024:09:42:05 -0300] "GET /cormun/servlet/hpexe_return? HTTP/1.1" 200 1029
181.212.42.153 - - [26/Mar/2024:09:42:05 -0300] "GET /cormun/servlet/trsolicitudadjuntos?2024,21097, HTTP/1.1" 200 9823
190.171.142.10 - - [26/Mar/2024:09:42:19 -0300] "GET /cormun/servlet/trautorizarsolicitud? HTTP/1.1" 200 7332
190.171.142.10 - - [26/Mar/2024:09:42:26 -0300] "GET /cormun/servlet/trsolicitudot? HTTP/1.1" 200 9304
190.171.141.138 - - [26/Mar/2024:09:42:27 -0300] "GET /cormun/servlet/permisogoce?INS,0,,, HTTP/1.1" 200 7379
190.171.141.138 - - [26/Mar/2024:09:42:32 -0300] "GET /cormun/servlet/permisogoce?5b88ac1ac97f24275d4bebc621f8def254c5fb2ef2257e9b11d8bb8d5954e142ca01a0280aadd99d25df25fdf6189b8792bcdb069431d9b0c1924123743064c1,gx-no-cache=1711456766979 HTTP/1.1" 200 77
190.171.141.138 - - [26/Mar/2024:09:42:39 -0300] "GET /cormun/servlet/permisogoce?5b88ac1ac97f24275d4bebc621f8def2208e27a60a911d3b54ae21e2caff970d7dbf4b03bd221c3281c47bee4f76a79332a8fae05fa3ea4436a6a1725ed647b2,gx-no-cache=1711456773719 HTTP/1.1" 200 47
181.212.47.137 - - [26/Mar/2024:09:42:54 -0300] "GET /cormun/servlet/vesolicitudgral?2024,20964,,SolicitudOTAdjuntos HTTP/1.1" 200 10994
181.212.47.137 - - [26/Mar/2024:09:42:54 -0300] "GET /cormun/pexe_scrolldiv.js HTTP/1.1" 404 1009
181.212.47.137 - - [26/Mar/2024:09:42:55 -0300] "POST /cormun/servlet/acontrolpreferencessavestate?None,RRHH+DANIELA,true HTTP/1.1" 200 35
190.171.142.10 - - [26/Mar/2024:09:42:55 -0300] "GET /cormun/servlet/trautorizarsolicitud? HTTP/1.1" 200 7332
181.212.47.137 - - [26/Mar/2024:09:43:05 -0300] "GET /cormun/PublicTempStorage/c._ant9957468.pdf HTTP/1.1" 200 34412
181.212.47.137 - - [26/Mar/2024:09:43:20 -0300] "GET /cormun/servlet/vesolicitudgral?2024,20964,,SolicitudOTAdjuntos HTTP/1.1" 200 10994
181.212.47.137 - - [26/Mar/2024:09:43:21 -0300] "POST /cormun/servlet/acontrolpreferencessavestate?None,RRHH+DANIELA,true HTTP/1.1" 200 35
181.212.47.137 - - [26/Mar/2024:09:43:22 -0300] "GET /cormun/PublicTempStorage/curriculum1708020.docx HTTP/1.1" 200 38750
181.212.42.153 - - [26/Mar/2024:09:43:30 -0300] "GET /cormun/servlet/trlicencias? HTTP/1.1" 200 14444
181.212.47.137 - - [26/Mar/2024:09:43:48 -0300] "GET /cormun/PublicTempStorage/curriculum1708020.docx HTTP/1.1" 304 -
190.171.141.138 - - [26/Mar/2024:09:44:06 -0300] "GET /cormun/servlet/permisogoce?5b88ac1ac97f24275d4bebc621f8def2208e27a60a911d3b54ae21e2caff970d69f41c9e84af42f69af9a386a85a5bd5bb8d429bb9dd6413442e7684fecf4b32,gx-no-cache=1711456860616 HTTP/1.1" 200 47
190.171.141.138 - - [26/Mar/2024:09:44:09 -0300] "GET /cormun/static/Resources/resize.gif HTTP/1.1" 200 77
190.171.141.138 - - [26/Mar/2024:09:44:09 -0300] "GET /cormun/static/Resources/PXTools/ClosePrompt.png HTTP/1.1" 200 1036
190.171.141.138 - - [26/Mar/2024:09:44:09 -0300] "GET /cormun/servlet/prfichaempleado?,MD,,gxPopupLevel%3D0%3B HTTP/1.1" 200 9521
190.171.141.138 - - [26/Mar/2024:09:44:09 -0300] "GET /cormun/static/gxcfg.js?20201215571085 HTTP/1.1" 200 953
190.171.141.138 - - [26/Mar/2024:09:44:09 -0300] "GET /cormun/static/Resources/PXToolsMenuSearch.png HTTP/1.1" 200 336
190.171.141.138 - - [26/Mar/2024:09:44:09 -0300] "GET /cormun/static/prfichaempleado.js?20201215572193 HTTP/1.1" 200 16005
190.171.141.138 - - [26/Mar/2024:09:44:09 -0300] "GET /cormun/static/menusearch.js?20201214473581 HTTP/1.1" 200 1424
190.171.141.138 - - [26/Mar/2024:09:44:09 -0300] "GET /cormun/static/Resources/PXToolsMenuSearchCancel.png HTTP/1.1" 200 306
190.171.141.138 - - [26/Mar/2024:09:44:09 -0300] "GET /cormun/static/hmpwkw011.js?202211298443482 HTTP/1.1" 200 1968
190.171.141.138 - - [26/Mar/2024:09:44:12 -0300] "POST /cormun/servlet/permisogoce?39079e73f685d1265a74f7c69295dc08,INS,0,,,,gx-no-cache=1711456866413 HTTP/1.1" 200 93
190.171.141.138 - - [26/Mar/2024:09:44:12 -0300] "GET /cormun/servlet/hpexe_return? HTTP/1.1" 200 1009
190.171.141.138 - - [26/Mar/2024:09:44:12 -0300] "GET /cormun/servlet/trpermisosgoce HTTP/1.1" 200 9726
190.171.141.138 - - [26/Mar/2024:09:44:14 -0300] "GET /cormun/servlet/apermisogoceprn?14203755,P,20240326093905,PU HTTP/1.1" 200 1654
190.171.141.106 - - [26/Mar/2024:09:45:21 -0300] "POST /cormun/servlet/trlicencias?313a6139535d9cd084f0e550ef7c1840,,gx-no-cache=1711456936258 HTTP/1.1" 440 972
181.212.47.137 - - [26/Mar/2024:09:45:21 -0300] "GET /cormun/PublicTempStorage/afp8675256.pdf HTTP/1.1" 200 388940
190.171.141.106 - - [26/Mar/2024:09:45:22 -0300] "GET /cormun/servlet/trlicencias? HTTP/1.1" 200 6047
190.171.141.106 - - [26/Mar/2024:09:45:22 -0300] "GET /cormun/servlet/hlogin HTTP/1.1" 200 1738
190.171.141.106 - - [26/Mar/2024:09:45:25 -0300] "POST /cormun/servlet/hlogin?3248e7ffbcc8f27ef77a5f378002da1a,gx-no-cache=1711456940265 HTTP/1.1" 200 90
190.171.141.106 - - [26/Mar/2024:09:45:25 -0300] "GET /cormun/servlet/hpexe_link HTTP/1.1" 200 956
190.171.141.106 - - [26/Mar/2024:09:45:25 -0300] "GET /cormun/servlet/trlicencias HTTP/1.1" 200 11679
190.171.141.106 - - [26/Mar/2024:09:45:27 -0300] "GET /cormun/servlet/trlicencias? HTTP/1.1" 200 11677
190.171.141.106 - - [26/Mar/2024:09:45:30 -0300] "POST /cormun/servlet/trlicencias?3248e7ffbcc8f27ef77a5f378002da1a,,gx-no-cache=1711456945483 HTTP/1.1" 200 9089
200.54.237.82 - - [26/Mar/2024:09:45:53 -0300] "GET /cormun/servlet/solicitudot?INS,0,0,false, HTTP/1.1" 200 16315
181.212.47.137 - - [26/Mar/2024:09:45:57 -0300] "GET /cormun/servlet/vesolicitudgral?2024,20964,,SolicitudOTAdjuntos HTTP/1.1" 200 10991
181.212.47.137 - - [26/Mar/2024:09:45:59 -0300] "POST /cormun/servlet/acontrolpreferencessavestate?None,RRHH+DANIELA,true HTTP/1.1" 200 35
200.54.237.82 - - [26/Mar/2024:09:46:02 -0300] "POST /cormun/servlet/solicitudot?gx-no-cache=1711456978568 HTTP/1.1" 200 4152
200.54.237.82 - - [26/Mar/2024:09:46:02 -0300] "POST /cormun/servlet/solicitudot?1c7d70ea7ae1ee515362c4489cee9aa1,INS,0,0,false,,gx-no-cache=1711456978739 HTTP/1.1" 200 13014
200.54.237.82 - - [26/Mar/2024:09:46:02 -0300] "GET /cormun/servlet/solicitudot?77cb67c819c479b02cdd6c054c9a0ec52992ac56277181b8aba25e7d542aa1327acc9ac3948e93da10140d8b42a7ff5b,gx-no-cache=1711456979017 HTTP/1.1" 200 30
181.212.47.137 - - [26/Mar/2024:09:46:03 -0300] "GET /cormun/PublicTempStorage/fonasa9192353.pdf HTTP/1.1" 200 71809
181.212.47.137 - - [26/Mar/2024:09:46:16 -0300] "GET /cormun/servlet/vesolicitudgral?2024,20964,,SolicitudOTAdjuntos HTTP/1.1" 200 10994
181.212.47.137 - - [26/Mar/2024:09:46:17 -0300] "POST /cormun/servlet/acontrolpreferencessavestate?None,RRHH+DANIELA,true HTTP/1.1" 200 35
181.212.47.137 - - [26/Mar/2024:09:46:18 -0300] "GET /cormun/servlet/vesolicitudgral?2024,20964,,General HTTP/1.1" 200 8391
181.212.47.137 - - [26/Mar/2024:09:46:18 -0300] "GET /cormun/pexe_scrolldiv.js HTTP/1.1" 404 1009
190.171.141.82 - - [26/Mar/2024:09:47:25 -0300] "GET /cormun/servlet/solicitudot?INS,0,0,false, HTTP/1.1" 200 15123
190.171.141.82 - - [26/Mar/2024:09:47:25 -0300] "GET /cormun/servlet/hlogin HTTP/1.1" 200 1747
200.54.237.82 - - [26/Mar/2024:09:47:26 -0300] "GET /cormun/servlet/solicitudot?77cb67c819c479b02cdd6c054c9a0ec5776046d83bc72fd81c62f82330562d843ade9f102aa0b08aaa732bb0256bf5a5,gx-no-cache=1711457062613 HTTP/1.1" 200 30
200.54.237.82 - - [26/Mar/2024:09:47:26 -0300] "GET /cormun/servlet/solicitudot?77cb67c819c479b02cdd6c054c9a0ec5bf2764e7ca2f64b56864917a25eb36fa,gx-no-cache=1711457062678 HTTP/1.1" 200 53
190.171.141.82 - - [26/Mar/2024:09:47:28 -0300] "POST /cormun/servlet/hlogin?9d12c0496a39e7f9030242ad2cd98777,gx-no-cache=1711457063242 HTTP/1.1" 200 90
190.171.141.82 - - [26/Mar/2024:09:47:28 -0300] "GET /cormun/servlet/hpexe_link HTTP/1.1" 200 965
190.171.141.82 - - [26/Mar/2024:09:47:28 -0300] "GET /cormun/servlet/solicitudot?INS,0,0,false, HTTP/1.1" 200 16132
190.171.142.10 - - [26/Mar/2024:09:47:31 -0300] "GET /cormun/servlet/trautorizarsolicitud? HTTP/1.1" 200 7332
190.171.142.10 - - [26/Mar/2024:09:47:36 -0300] "GET /cormun/servlet/trsolicitudot? HTTP/1.1" 200 9304
157.245.221.44 - - [26/Mar/2024:09:47:38 -0300] "POST /webtools/control/ProgramExport;/?USERNAME&PASSWORD&requirePasswordChange=Y HTTP/1.1" 404 1025
157.245.221.44 - - [26/Mar/2024:09:47:38 -0300] "POST /webtools/control/xmlrpc;/?USERNAME&PASSWORD=s&requirePasswordChange=Y HTTP/1.1" 404 1011
200.54.237.82 - - [26/Mar/2024:09:47:40 -0300] "POST /cormun/servlet/solicitudot?gx-no-cache=1711457077041 HTTP/1.1" 200 297
200.54.237.82 - - [26/Mar/2024:09:47:40 -0300] "GET /cormun/servlet/solicitudot?77cb67c819c479b02cdd6c054c9a0ec58a9da8a492ce819ad216788c328c1a5d7f51edc2302eea6bd04bab3cb77e80dddde2bf8c13f8ca0a4fe84fde4cb1b016051e14e2a3df6cab466663abc26d370b6c798f5d5ce8f1a7071b2f8a8b6f37f3a690d77f2a50025610c27a6f400deff36739170809a8a89c4812d5da15b8c7456ed11ea2d6f0b1abbc8e4b383b3599e28c63a2c8e5df9c65c43d8803fa2eb1cafe268e9a9cc71d35e142ccb6062e26019858ae4120625542d011f937143ecfb07d38102ba1cf68b39ed1b48e34a7e4a118a2934890c01c9e103d109478ed325603adf24b572c66920ece0f63ee2c4a19412e789f6abde8ba9e25a320ffd4503ea7695193694328214f07cf0600410ae394370c9ac4712b77a5e4e8b865da582daf6395d111b9bc41dfb89c6134d05613058f0b42a52c724f08f781d72455a109e18b45a50534c6fa2602af5e1e9597370371cd0f97b2d8f93098818d2e61abdb83440bef053994eddd0f08d84175d1c0ff4261a33cefda1d95ccf0025060bf4e34e097828a65d662f5c0d6a48046e2c2,gx-no-cache=1711457077079 HTTP/1.1" 200 30
200.54.237.82 - - [26/Mar/2024:09:47:42 -0300] "POST /cormun/servlet/solicitudot?gx-no-cache=1711457078450 HTTP/1.1" 200 30
200.54.237.82 - - [26/Mar/2024:09:47:43 -0300] "POST /cormun/servlet/solicitudot?gx-no-cache=1711457079866 HTTP/1.1" 200 1474
200.54.237.82 - - [26/Mar/2024:09:47:43 -0300] "POST /cormun/servlet/solicitudot?gx-no-cache=1711457079915 HTTP/1.1" 200 38
200.54.237.82 - - [26/Mar/2024:09:48:00 -0300] "GET /cormun/servlet/solicitudot?77cb67c819c479b02cdd6c054c9a0ec5655406ca7585aa4fddbf904d57d43d6bf95a992ce284b0fc9d161fccef3c383b6ae26884c184849c19211e85e1e59e4a8c792f362efb7181bc0ba3915551155b11e17be9b7eadd534568885ab787f61efe2a8ef20599757eeba6e81fa03d3314,gx-no-cache=1711457096855 HTTP/1.1" 200 110
200.54.237.82 - - [26/Mar/2024:09:48:02 -0300] "POST /cormun/servlet/solicitudot?gx-no-cache=1711457098916 HTTP/1.1" 200 72
181.212.47.137 - - [26/Mar/2024:09:48:02 -0300] "GET /cormun/servlet/trsolicitudgral? HTTP/1.1" 200 8321
181.212.47.137 - - [26/Mar/2024:09:48:07 -0300] "GET /cormun/servlet/trautorizarot? HTTP/1.1" 200 8154
200.54.237.82 - - [26/Mar/2024:09:48:08 -0300] "GET /cormun/servlet/solicitudot?77cb67c819c479b02cdd6c054c9a0ec5fb211e93a5c4215a79dd6c982a2cc7a8ec6ba6a520bfa5f918e82c95a4328815231869db1696de54d5afbc4af63a9abdbb318d3ec1f85231f29e144ef7640f7f1ff2382e44c791c45ab2c6a008adfd7faeaf2438b2a2b3549452d64c71fc320f,gx-no-cache=1711457104793 HTTP/1.1" 200 29
200.54.237.82 - - [26/Mar/2024:09:48:08 -0300] "GET /cormun/static/menuarrow.gif HTTP/1.1" 404 1015
181.212.47.137 - - [26/Mar/2024:09:48:11 -0300] "GET /cormun/static/menuarrow.gif HTTP/1.1" 404 1015
200.54.237.82 - - [26/Mar/2024:09:48:12 -0300] "GET /cormun/servlet/solicitudot?77cb67c819c479b02cdd6c054c9a0ec5c8c22b5ed199d008defa866cdf10404af96e92a8c95db6419bd9929c5a3abc6f,gx-no-cache=1711457109209 HTTP/1.1" 200 30
181.212.47.137 - - [26/Mar/2024:09:48:14 -0300] "POST /cormun/servlet/trautorizarot?8289079facef3267739b074a3b64e621,,gx-no-cache=1711457092663 HTTP/1.1" 200 5152
181.212.47.137 - - [26/Mar/2024:09:48:16 -0300] "GET /cormun/servlet/trsolicitudgral? HTTP/1.1" 200 8307
200.54.237.82 - - [26/Mar/2024:09:48:18 -0300] "POST /cormun/servlet/solicitudot?gx-no-cache=1711457114584 HTTP/1.1" 200 30
181.212.47.137 - - [26/Mar/2024:09:48:19 -0300] "POST /cormun/servlet/trsolicitudgral?8289079facef3267739b074a3b64e621,,gx-no-cache=1711457097669 HTTP/1.1" 200 14891
200.54.237.82 - - [26/Mar/2024:09:48:20 -0300] "POST /cormun/servlet/solicitudot?1c7d70ea7ae1ee515362c4489cee9aa1,INS,0,0,false,,gx-no-cache=1711457116370 HTTP/1.1" 200 93
200.54.237.82 - - [26/Mar/2024:09:48:20 -0300] "GET /cormun/servlet/hpexe_return? HTTP/1.1" 200 1008
200.54.237.82 - - [26/Mar/2024:09:48:20 -0300] "GET /cormun/servlet/trsolicitudot? HTTP/1.1" 200 14244
200.54.237.82 - - [26/Mar/2024:09:48:27 -0300] "POST /cormun/servlet/trsolicitudot?1c7d70ea7ae1ee515362c4489cee9aa1,,gx-no-cache=1711457123924 HTTP/1.1" 200 107
200.54.237.82 - - [26/Mar/2024:09:48:27 -0300] "GET /cormun/servlet/trsolicitudadjuntos?2024,21098, HTTP/1.1" 200 6439
200.54.237.82 - - [26/Mar/2024:09:48:48 -0300] "GET /cormun/servlet/solicitudotadjuntos?INS,2024,21098,,1, HTTP/1.1" 200 6387
200.54.237.82 - - [26/Mar/2024:09:48:49 -0300] "GET /cormun/static/about:blank HTTP/1.1" 404 1011
200.54.237.82 - - [26/Mar/2024:09:48:49 -0300] "GET /cormun/servlet/solicitudotadjuntos?77cb67c819c479b02cdd6c054c9a0ec537f0c19edfd663e89250b518425bab0562987e662b5b06fe478b99ad235e75a9,gx-no-cache=1711457145844 HTTP/1.1" 200 30
200.54.237.82 - - [26/Mar/2024:09:48:49 -0300] "POST /cormun/servlet/solicitudotadjuntos?1c7d70ea7ae1ee515362c4489cee9aa1,INS,2024,21098,,1,,gx-no-cache=1711457145874 HTTP/1.1" 200 4153
190.171.142.10 - - [26/Mar/2024:09:48:50 -0300] "GET /cormun/servlet/trsolicitudot? HTTP/1.1" 200 9303
190.171.142.10 - - [26/Mar/2024:09:48:57 -0300] "GET /cormun/servlet/trautorizarsolicitud? HTTP/1.1" 200 7332
190.171.142.10 - - [26/Mar/2024:09:49:01 -0300] "POST /cormun/servlet/trautorizarsolicitud?ce2c1e60b33afeb20b87986e57af473a,,gx-no-cache=1711457155950 HTTP/1.1" 200 110
190.171.142.10 - - [26/Mar/2024:09:49:01 -0300] "POST /cormun/servlet/trautorizarsolicitud?ce2c1e60b33afeb20b87986e57af473a,,gx-no-cache=1711457156025 HTTP/1.1" 200 4548
190.171.142.10 - - [26/Mar/2024:09:49:01 -0300] "GET /cormun/AutorizarSolicitud-3269.xls HTTP/1.1" 200 4608
200.54.237.82 - - [26/Mar/2024:09:49:12 -0300] "POST /cormun/servlet/solicitudotadjuntos?gx-no-cache=1711457169142 HTTP/1.1" 200 26
181.212.47.137 - - [26/Mar/2024:09:49:15 -0300] "POST /cormun/servlet/trsolicitudgral?8289079facef3267739b074a3b64e621,,gx-no-cache=1711457153474 HTTP/1.1" 200 14526
181.212.47.137 - - [26/Mar/2024:09:49:15 -0300] "GET /cormun/static/Shared/jqueryui/images/ui-bg_highlight-soft_100_c6c2c8_1x100.png HTTP/1.1" 404 1117
181.212.47.137 - - [26/Mar/2024:09:49:15 -0300] "GET /cormun/static/Shared/jqueryui/images/ui-icons_82798d_256x240.png HTTP/1.1" 404 1089
181.212.47.137 - - [26/Mar/2024:09:49:15 -0300] "GET /cormun/static/Shared/jqueryui/images/ui-bg_flat_55_fafafa_40x100.png HTTP/1.1" 404 1097
181.212.47.137 - - [26/Mar/2024:09:49:15 -0300] "GET /cormun/static/Shared/jqueryui/images/ui-icons_8d78a5_256x240.png HTTP/1.1" 404 1089
200.54.237.82 - - [26/Mar/2024:09:49:33 -0300] "GET /cormun/servlet/solicitudotadjuntos?77cb67c819c479b02cdd6c054c9a0ec5e818798bf5930a75db7225e2626824ca,gx-no-cache=1711457190120 HTTP/1.1" 200 30
200.54.237.82 - - [26/Mar/2024:09:49:33 -0300] "GET /cormun/servlet/solicitudotadjuntos?77cb67c819c479b02cdd6c054c9a0ec5e818798bf5930a75db7225e2626824ca,gx-no-cache=1711457190142 HTTP/1.1" 200 30
200.54.237.82 - - [26/Mar/2024:09:49:34 -0300] "POST /cormun/servlet/solicitudotadjuntos?1c7d70ea7ae1ee515362c4489cee9aa1,INS,2024,21098,,1, HTTP/1.1" 200 116
200.54.237.82 - - [26/Mar/2024:09:49:34 -0300] "GET /cormun/servlet/hpexe_return? HTTP/1.1" 200 1027
200.54.237.82 - - [26/Mar/2024:09:49:34 -0300] "GET /cormun/servlet/trsolicitudadjuntos?2024,21098, HTTP/1.1" 200 9352
200.54.237.82 - - [26/Mar/2024:09:49:36 -0300] "GET /cormun/servlet/solicitudotadjuntos?INS,2024,21098,,1, HTTP/1.1" 200 6387
200.54.237.82 - - [26/Mar/2024:09:49:36 -0300] "GET /cormun/static/about:blank HTTP/1.1" 404 1011
200.54.237.82 - - [26/Mar/2024:09:49:37 -0300] "GET /cormun/servlet/solicitudotadjuntos?77cb67c819c479b02cdd6c054c9a0ec537f0c19edfd663e89250b518425bab0562987e662b5b06fe478b99ad235e75a9,gx-no-cache=1711457193477 HTTP/1.1" 200 30
200.54.237.82 - - [26/Mar/2024:09:49:37 -0300] "POST /cormun/servlet/solicitudotadjuntos?1c7d70ea7ae1ee515362c4489cee9aa1,INS,2024,21098,,1,,gx-no-cache=1711457193522 HTTP/1.1" 200 4153
200.54.237.82 - - [26/Mar/2024:09:49:39 -0300] "POST /cormun/servlet/solicitudotadjuntos?gx-no-cache=1711457195441 HTTP/1.1" 200 26
181.212.47.137 - - [26/Mar/2024:09:49:45 -0300] "POST /cormun/servlet/trsolicitudgral?8289079facef3267739b074a3b64e621,,gx-no-cache=1711457183630 HTTP/1.1" 200 14109
200.54.237.82 - - [26/Mar/2024:09:49:47 -0300] "GET /cormun/servlet/solicitudotadjuntos?77cb67c819c479b02cdd6c054c9a0ec5e818798bf5930a75db7225e2626824ca,gx-no-cache=1711457203408 HTTP/1.1" 200 30
200.54.237.82 - - [26/Mar/2024:09:49:47 -0300] "GET /cormun/servlet/solicitudotadjuntos?77cb67c819c479b02cdd6c054c9a0ec5e818798bf5930a75db7225e2626824ca,gx-no-cache=1711457203421 HTTP/1.1" 200 30
200.54.237.82 - - [26/Mar/2024:09:49:47 -0300] "POST /cormun/servlet/solicitudotadjuntos?1c7d70ea7ae1ee515362c4489cee9aa1,INS,2024,21098,,1, HTTP/1.1" 200 116
200.54.237.82 - - [26/Mar/2024:09:49:47 -0300] "GET /cormun/servlet/hpexe_return? HTTP/1.1" 200 1027
200.54.237.82 - - [26/Mar/2024:09:49:47 -0300] "GET /cormun/servlet/trsolicitudadjuntos?2024,21098, HTTP/1.1" 200 9570
200.54.237.82 - - [26/Mar/2024:09:49:49 -0300] "GET /cormun/servlet/solicitudotadjuntos?INS,2024,21098,,1, HTTP/1.1" 200 6387
200.54.237.82 - - [26/Mar/2024:09:49:49 -0300] "GET /cormun/static/about:blank HTTP/1.1" 404 1011
200.54.237.82 - - [26/Mar/2024:09:49:49 -0300] "GET /cormun/servlet/solicitudotadjuntos?77cb67c819c479b02cdd6c054c9a0ec537f0c19edfd663e89250b518425bab0562987e662b5b06fe478b99ad235e75a9,gx-no-cache=1711457206193 HTTP/1.1" 200 30
200.54.237.82 - - [26/Mar/2024:09:49:49 -0300] "POST /cormun/servlet/solicitudotadjuntos?1c7d70ea7ae1ee515362c4489cee9aa1,INS,2024,21098,,1,,gx-no-cache=1711457206224 HTTP/1.1" 200 4153
200.54.237.82 - - [26/Mar/2024:09:49:52 -0300] "POST /cormun/servlet/solicitudotadjuntos?gx-no-cache=1711457208601 HTTP/1.1" 200 26
200.54.237.82 - - [26/Mar/2024:09:49:57 -0300] "GET /cormun/servlet/solicitudotadjuntos?77cb67c819c479b02cdd6c054c9a0ec5e818798bf5930a75db7225e2626824ca,gx-no-cache=1711457214248 HTTP/1.1" 200 30
200.54.237.82 - - [26/Mar/2024:09:49:58 -0300] "GET /cormun/servlet/solicitudotadjuntos?77cb67c819c479b02cdd6c054c9a0ec5e818798bf5930a75db7225e2626824ca,gx-no-cache=1711457214323 HTTP/1.1" 200 30
200.54.237.82 - - [26/Mar/2024:09:49:58 -0300] "POST /cormun/servlet/solicitudotadjuntos?1c7d70ea7ae1ee515362c4489cee9aa1,INS,2024,21098,,1, HTTP/1.1" 200 116
200.54.237.82 - - [26/Mar/2024:09:49:58 -0300] "GET /cormun/servlet/hpexe_return? HTTP/1.1" 200 1027
200.54.237.82 - - [26/Mar/2024:09:49:58 -0300] "GET /cormun/servlet/trsolicitudadjuntos?2024,21098, HTTP/1.1" 200 9821
200.54.237.82 - - [26/Mar/2024:09:50:01 -0300] "GET /cormun/servlet/solicitudotadjuntos?INS,2024,21098,,1, HTTP/1.1" 200 6387
200.54.237.82 - - [26/Mar/2024:09:50:01 -0300] "GET /cormun/static/about:blank HTTP/1.1" 404 1011
200.54.237.82 - - [26/Mar/2024:09:50:01 -0300] "GET /cormun/servlet/solicitudotadjuntos?77cb67c819c479b02cdd6c054c9a0ec537f0c19edfd663e89250b518425bab0562987e662b5b06fe478b99ad235e75a9,gx-no-cache=1711457218203 HTTP/1.1" 200 30
200.54.237.82 - - [26/Mar/2024:09:50:02 -0300] "POST /cormun/servlet/solicitudotadjuntos?1c7d70ea7ae1ee515362c4489cee9aa1,INS,2024,21098,,1,,gx-no-cache=1711457218242 HTTP/1.1" 200 4153
200.54.237.82 - - [26/Mar/2024:09:50:04 -0300] "POST /cormun/servlet/solicitudotadjuntos?gx-no-cache=1711457220841 HTTP/1.1" 200 26
190.171.142.10 - - [26/Mar/2024:09:50:11 -0300] "GET /cormun/servlet/trautorizarsolicitud? HTTP/1.1" 200 7332
200.54.237.82 - - [26/Mar/2024:09:50:11 -0300] "GET /cormun/servlet/solicitudotadjuntos?77cb67c819c479b02cdd6c054c9a0ec5e818798bf5930a75db7225e2626824ca,gx-no-cache=1711457228224 HTTP/1.1" 200 30
200.54.237.82 - - [26/Mar/2024:09:50:11 -0300] "GET /cormun/servlet/solicitudotadjuntos?77cb67c819c479b02cdd6c054c9a0ec5e818798bf5930a75db7225e2626824ca,gx-no-cache=1711457228239 HTTP/1.1" 200 30
200.54.237.82 - - [26/Mar/2024:09:50:12 -0300] "POST /cormun/servlet/solicitudotadjuntos?1c7d70ea7ae1ee515362c4489cee9aa1,INS,2024,21098,,1, HTTP/1.1" 200 116
200.54.237.82 - - [26/Mar/2024:09:50:12 -0300] "GET /cormun/servlet/hpexe_return? HTTP/1.1" 200 1027
200.54.237.82 - - [26/Mar/2024:09:50:12 -0300] "GET /cormun/servlet/trsolicitudadjuntos?2024,21098, HTTP/1.1" 200 10026
200.54.237.82 - - [26/Mar/2024:09:50:14 -0300] "GET /cormun/servlet/solicitudotadjuntos?INS,2024,21098,,1, HTTP/1.1" 200 6387
200.54.237.82 - - [26/Mar/2024:09:50:14 -0300] "GET /cormun/static/about:blank HTTP/1.1" 404 1011
