190.171.142.10 - - [26/Mar/2024:10:22:24 -0300] "POST /cormun/servlet/solicitudot?gx-no-cache=1711459159711 HTTP/1.1" 200 30
190.171.142.10 - - [26/Mar/2024:10:22:28 -0300] "POST /cormun/servlet/solicitudot?gx-no-cache=1711459163207 HTTP/1.1" 200 1474
190.171.142.10 - - [26/Mar/2024:10:22:28 -0300] "POST /cormun/servlet/solicitudot?gx-no-cache=1711459163235 HTTP/1.1" 200 38
181.212.47.137 - - [26/Mar/2024:10:22:33 -0300] "GET /cormun/servlet/vesolicitudgral?2024,21097,,SolicitudOTAdjuntos HTTP/1.1" 200 11150
181.212.47.137 - - [26/Mar/2024:10:22:34 -0300] "POST /cormun/servlet/acontrolpreferencessavestate?None,RRHH+DANIELA,true HTTP/1.1" 200 35
181.212.47.137 - - [26/Mar/2024:10:22:37 -0300] "GET /cormun/PublicTempStorage/ant_fe_500559947021_192640565943021.pdf HTTP/1.1" 200 34391
190.95.15.15 - - [26/Mar/2024:10:22:41 -0300] "GET /cormun/servlet/solicitudot?96becd68ec21f36b17e79695d8394590612383ae629c42080cd560d2f532c6a1fd239b3fc003ba2fed99935c6aa96d25f28a752189b779f58a6d58f7229b1bcc,gx-no-cache=1711459176535 HTTP/1.1" 200 30
190.95.15.15 - - [26/Mar/2024:10:22:41 -0300] "GET /cormun/servlet/solicitudot?96becd68ec21f36b17e79695d83945907ab715ac9e26cc0a0ba2014d32f9eae7,gx-no-cache=1711459176559 HTTP/1.1" 200 29
190.95.15.15 - - [26/Mar/2024:10:22:45 -0300] "POST /cormun/servlet/solicitudot?gx-no-cache=1711459179595 HTTP/1.1" 200 255
190.95.15.15 - - [26/Mar/2024:10:22:47 -0300] "GET /cormun/servlet/solicitudot?96becd68ec21f36b17e79695d83945909ed291f4dc07c2d717047ffd4cde81bd873d1f4619a657b320ba899ecab1f34cd844c36929b8cd63ab4ae22c831df7f79747ace85614cf296470be9619a7deab4d6d9d8fef75cae6985e6da3a78c16f8cb29d1b3a14d33b20df10e83fd935d8e67c49903a3c5c85ed48d9cadc04eb0be475a8c68bbc9a7bc76957331f53e7564e636161debeb489ba55ed6d67969e8d7b27aa9d556982e004b519efe8e9c63109a5837f4029b07b477aa5a68758ea782c171020838ab713dcd2dee172ee7096b6e3a8002fe0ffa529af3fa761a1b6e588c26c7fb4ef3eced78d9ac497bad8fa5571c9d71b99397dd9654c8f19da2c3d0aa033cdb898ceeaa9e378c9b0a903efd9b32b6d5e3fffb04c2c198faffb91d5a53ab2f1abf218b8b0f6ff08b46878178cf43c834741d94a86a07cd19152009c06265c089f342ede3b33f1968e33f25fded33ee3773fb7a96dd13368e0be018ab4d892b688d03d6edb6eae18704aa93f159e945b7265cff14b7474d82b362ef97,gx-no-cache=1711459181615 HTTP/1.1" 200 30
190.95.15.15 - - [26/Mar/2024:10:22:49 -0300] "POST /cormun/servlet/solicitudot?gx-no-cache=1711459184418 HTTP/1.1" 200 30
190.95.15.15 - - [26/Mar/2024:10:22:51 -0300] "POST /cormun/servlet/solicitudot?gx-no-cache=1711459186385 HTTP/1.1" 200 1472
190.95.15.15 - - [26/Mar/2024:10:22:51 -0300] "POST /cormun/servlet/solicitudot?gx-no-cache=1711459186412 HTTP/1.1" 200 38
181.212.47.137 - - [26/Mar/2024:10:22:55 -0300] "GET /cormun/servlet/vesolicitudgral?2024,21097,,SolicitudOTAdjuntos HTTP/1.1" 200 11149
181.212.47.137 - - [26/Mar/2024:10:22:56 -0300] "POST /cormun/servlet/acontrolpreferencessavestate?None,RRHH+DANIELA,true HTTP/1.1" 200 35
181.212.47.137 - - [26/Mar/2024:10:22:57 -0300] "GET /cormun/servlet/vesolicitudgral?2024,21097,,General HTTP/1.1" 200 8435
181.212.47.137 - - [26/Mar/2024:10:22:57 -0300] "GET /cormun/pexe_scrolldiv.js HTTP/1.1" 404 1009
190.171.144.234 - - [26/Mar/2024:10:23:03 -0300] "POST /cormun/servlet/permisogoce?2e9660e4c8f20ee2d863743495f3565c,INS,0,,,,gx-no-cache=1711459197657 HTTP/1.1" 200 93
190.171.144.234 - - [26/Mar/2024:10:23:03 -0300] "GET /cormun/servlet/hpexe_return? HTTP/1.1" 200 1013
190.171.144.234 - - [26/Mar/2024:10:23:03 -0300] "GET /cormun/servlet/trpermisosgoce HTTP/1.1" 200 9579
190.171.153.50 - - [26/Mar/2024:10:23:46 -0300] "GET /cormun/servlet/hlogin HTTP/1.1" 200 1711
190.171.153.50 - - [26/Mar/2024:10:23:46 -0300] "GET /cormun/static/gxtimezone.js?85251 HTTP/1.1" 200 5781
190.171.153.50 - - [26/Mar/2024:10:23:46 -0300] "GET /cormun/static/messages.spa.js?85251 HTTP/1.1" 200 30736
190.171.153.50 - - [26/Mar/2024:10:23:46 -0300] "GET /cormun/static/gxgral.js?85251 HTTP/1.1" 200 384558
190.171.153.50 - - [26/Mar/2024:10:23:46 -0300] "GET /cormun/servlet/hlogin HTTP/1.1" 200 1721
190.171.153.50 - - [26/Mar/2024:10:23:49 -0300] "POST /cormun/servlet/hlogin?8b7d174516013facdca2df8885dda676,gx-no-cache=1711459264677 HTTP/1.1" 200 90
190.171.153.50 - - [26/Mar/2024:10:23:49 -0300] "GET /cormun/servlet/hpexe_link HTTP/1.1" 200 943
190.171.153.50 - - [26/Mar/2024:10:23:50 -0300] "GET /cormun/servlet/hhome HTTP/1.1" 200 4270
190.171.153.50 - - [26/Mar/2024:10:23:50 -0300] "GET /cormun/static/gxcfg.js?20201215495537 HTTP/1.1" 200 953
190.171.153.50 - - [26/Mar/2024:10:23:50 -0300] "GET /cormun/static/PXToolsJavascripts/pexe_autoreload.js HTTP/1.1" 200 1762
190.171.153.50 - - [26/Mar/2024:10:23:50 -0300] "GET /cormun/static/PXToolsJavascripts/pexe_cookies.js HTTP/1.1" 200 792
190.171.153.50 - - [26/Mar/2024:10:23:50 -0300] "GET /cormun/static/PXToolsJavascripts/pexe_grid.js HTTP/1.1" 200 7559
190.171.153.50 - - [26/Mar/2024:10:23:50 -0300] "GET /cormun/static/PXToolsJavascripts/pexe_griddivfix.js HTTP/1.1" 200 6946
190.171.153.50 - - [26/Mar/2024:10:23:50 -0300] "GET /cormun/static/PXToolsJavascripts/pexe_link.js HTTP/1.1" 200 5671
190.171.153.50 - - [26/Mar/2024:10:23:50 -0300] "GET /cormun/static/PXToolsJavascripts/pexe_menus.js HTTP/1.1" 200 1286
190.171.153.50 - - [26/Mar/2024:10:23:50 -0300] "GET /cormun/static/PXToolsJavascripts/pexe_menudivfix.js HTTP/1.1" 200 333
190.171.153.50 - - [26/Mar/2024:10:23:50 -0300] "GET /cormun/static/PXToolsJavascripts/pexe_windows.js HTTP/1.1" 200 15249
190.171.153.50 - - [26/Mar/2024:10:23:50 -0300] "GET /cormun/static/PXToolsJavascripts/pexe_layers.js HTTP/1.1" 200 4114
190.171.153.50 - - [26/Mar/2024:10:23:50 -0300] "GET /cormun/static/PXToolsJavascripts/pexe_oav.js HTTP/1.1" 200 645
190.171.153.50 - - [26/Mar/2024:10:23:50 -0300] "GET /cormun/static/PXToolsJavascripts/pexe_oavdivfix.js HTTP/1.1" 200 639
190.171.153.50 - - [26/Mar/2024:10:23:50 -0300] "GET /cormun/static/PXToolsJavascripts/pexe_picture.js HTTP/1.1" 200 689
190.171.153.50 - - [26/Mar/2024:10:23:50 -0300] "GET /cormun/static/PXToolsJavascripts/pexe_scrolldiv.js HTTP/1.1" 200 4138
190.171.153.50 - - [26/Mar/2024:10:23:50 -0300] "GET /cormun/static/PXToolsJavascripts/pexe_popup.js HTTP/1.1" 200 15149
190.171.153.50 - - [26/Mar/2024:10:23:50 -0300] "GET /cormun/static/PXToolsJavascripts/pexe_tabdivfix.js HTTP/1.1" 200 898
190.171.153.50 - - [26/Mar/2024:10:23:50 -0300] "GET /cormun/static/PXToolsJavascripts/pexe_tabs.js HTTP/1.1" 200 3748
190.171.153.50 - - [26/Mar/2024:10:23:50 -0300] "GET /cormun/static/PXToolsJavascripts/pexe_upload.js HTTP/1.1" 200 1423
190.171.153.50 - - [26/Mar/2024:10:23:50 -0300] "GET /cormun/static/Resources/CormunMP2.png HTTP/1.1" 200 6878
190.171.153.50 - - [26/Mar/2024:10:23:50 -0300] "GET /cormun/static/PXToolsJavascripts/PXToolsJavascriptsRender.js HTTP/1.1" 200 367
190.171.153.50 - - [26/Mar/2024:10:23:50 -0300] "GET /cormun/static/Resources/ImgHome.png HTTP/1.1" 200 1364
190.171.153.50 - - [26/Mar/2024:10:23:50 -0300] "GET /cormun/static/Resources/ImgLogin.png HTTP/1.1" 200 1432
190.171.153.50 - - [26/Mar/2024:10:23:50 -0300] "GET /cormun/static/Resources/Llave.png HTTP/1.1" 200 1395
190.171.153.50 - - [26/Mar/2024:10:23:50 -0300] "GET /cormun/static/RunJS/RunJS.js HTTP/1.1" 200 288
190.171.153.50 - - [26/Mar/2024:10:23:50 -0300] "GET /cormun/static/gxui/gxui-all.js HTTP/1.1" 200 107772
190.171.153.50 - - [26/Mar/2024:10:23:50 -0300] "GET /cormun/static/Shared/ext/locale/ext-lang-en.js HTTP/1.1" 200 10940
190.171.153.50 - - [26/Mar/2024:10:23:50 -0300] "GET /cormun/static/hhome.js?20201215495544 HTTP/1.1" 200 777
190.171.153.50 - - [26/Mar/2024:10:23:50 -0300] "GET /cormun/static/hwchdr01.js?2022112219251119 HTTP/1.1" 200 996
190.171.153.50 - - [26/Mar/2024:10:23:50 -0300] "GET /cormun/static/hpexe_recentlink.js?20201214471090 HTTP/1.1" 200 2144
190.171.153.50 - - [26/Mar/2024:10:23:50 -0300] "GET /cormun/static/Resources/PXToolsDataTitle.png HTTP/1.1" 200 1173
190.171.153.50 - - [26/Mar/2024:10:23:50 -0300] "GET /cormun/static/hpexe_scripts.js?20201214471411 HTTP/1.1" 200 1544
190.171.153.50 - - [26/Mar/2024:10:23:50 -0300] "GET /cormun/static/hpexe_messagecontroller.js?202211298371222 HTTP/1.1" 200 870
190.171.153.50 - - [26/Mar/2024:10:23:50 -0300] "GET /cormun/static/hpexe_messagepopupcomponent.js?2020121447232 HTTP/1.1" 200 605
190.171.153.50 - - [26/Mar/2024:10:23:50 -0300] "GET /cormun/static/hpexe_messagegenexuscomponent.js?20221129836373 HTTP/1.1" 200 587
190.171.153.50 - - [26/Mar/2024:10:23:50 -0300] "GET /cormun/static/cmcontrolpreferences.js?20199141926336 HTTP/1.1" 200 1375
190.171.153.50 - - [26/Mar/2024:10:23:50 -0300] "GET /cormun/static/SmoothNavMenu/resources/ddsmoothmenu.js HTTP/1.1" 200 12712
190.171.153.50 - - [26/Mar/2024:10:23:50 -0300] "GET /cormun/static/SmoothNavMenu/resources/SmoothNavMenuRender.js HTTP/1.1" 200 5951
190.171.153.50 - - [26/Mar/2024:10:23:50 -0300] "GET /cormun/static/scaMessage/js/jquery.pnotify.min.js HTTP/1.1" 200 13038
190.171.153.50 - - [26/Mar/2024:10:23:50 -0300] "GET /cormun/static/Shared/jquery/jquery-1.4.2.min.js HTTP/1.1" 200 72174
190.171.153.50 - - [26/Mar/2024:10:23:50 -0300] "GET /cormun/static/scaMessage/scaMessageRender.js HTTP/1.1" 200 11977
190.171.153.50 - - [26/Mar/2024:10:23:50 -0300] "GET /cormun/static/hmpwkw03.js?20221129844354 HTTP/1.1" 200 3971
190.171.153.50 - - [26/Mar/2024:10:23:50 -0300] "GET /cormun/static/Shared/jquery/jquery-1.10.2.min.js HTTP/1.1" 200 273199
190.171.153.50 - - [26/Mar/2024:10:23:50 -0300] "GET /cormun/static/Shared/ext/ext-all.js HTTP/1.1" 200 1289687
190.171.153.50 - - [26/Mar/2024:10:23:50 -0300] "GET /cormun/static/Shared/jqueryui/jquery-ui.min.js HTTP/1.1" 200 240427
190.171.153.50 - - [26/Mar/2024:10:23:51 -0300] "GET /cormun/static/SmoothNavMenu/resources/images/down.gif HTTP/1.1" 200 854
190.171.153.50 - - [26/Mar/2024:10:23:51 -0300] "GET /cormun/static/SmoothNavMenu/resources/images/right.gif HTTP/1.1" 200 860
190.171.153.50 - - [26/Mar/2024:10:23:55 -0300] "GET /cormun/servlet/trpermisosgoce? HTTP/1.1" 200 8801
190.171.153.50 - - [26/Mar/2024:10:23:55 -0300] "GET /cormun/static/gxcfg.js?2020121631564 HTTP/1.1" 200 953
190.171.153.50 - - [26/Mar/2024:10:23:55 -0300] "GET /cormun/static/trpermisosgoce.js?2020121633681 HTTP/1.1" 200 35904
190.171.153.50 - - [26/Mar/2024:10:23:55 -0300] "GET /cormun/static/Resources/PXToolsDataSearch.png HTTP/1.1" 200 435
190.171.153.50 - - [26/Mar/2024:10:23:55 -0300] "GET /cormun/static/Resources/PXToolsGridFirstDisabled.gif HTTP/1.1" 200 100
190.171.153.50 - - [26/Mar/2024:10:23:55 -0300] "GET /cormun/static/Resources/PXToolsGridPreviousDisabled.gif HTTP/1.1" 200 90
190.171.153.50 - - [26/Mar/2024:10:23:55 -0300] "GET /cormun/static/Resources/PXToolsGridNextDisabled.gif HTTP/1.1" 200 90
190.171.153.50 - - [26/Mar/2024:10:23:55 -0300] "GET /cormun/static/Resources/PXToolsGridLastDisabled.gif HTTP/1.1" 200 98
190.171.153.50 - - [26/Mar/2024:10:23:55 -0300] "GET /cormun/static/Resources/PXToolsGridPage.gif HTTP/1.1" 200 725
190.171.153.50 - - [26/Mar/2024:10:23:55 -0300] "GET /cormun/static/Resources/PXToolsAddAllAction.png HTTP/1.1" 200 495
190.171.153.50 - - [26/Mar/2024:10:23:55 -0300] "GET /cormun/static/Resources/asc.gif HTTP/1.1" 200 67
190.171.153.50 - - [26/Mar/2024:10:23:55 -0300] "GET /cormun//static/Resources/PXToolsActionDisabled.gif HTTP/1.1" 200 53
190.171.153.50 - - [26/Mar/2024:10:23:55 -0300] "GET /cormun//static/Resources/PXTools/ActionInsert.png HTTP/1.1" 200 1482
190.171.153.50 - - [26/Mar/2024:10:23:55 -0300] "GET /cormun//static/Resources/PXToolsGridDisplay.png HTTP/1.1" 200 525
190.171.153.50 - - [26/Mar/2024:10:23:55 -0300] "GET /cormun//static/Resources/PXToolsActionPrint.png HTTP/1.1" 200 404
190.171.153.50 - - [26/Mar/2024:10:23:55 -0300] "GET /cormun/static/Resources/desc.gif HTTP/1.1" 200 65
190.171.153.50 - - [26/Mar/2024:10:23:55 -0300] "GET /cormun//static/Resources/PXToolsHeaderFavorites.png HTTP/1.1" 200 1414
190.171.153.50 - - [26/Mar/2024:10:23:55 -0300] "GET /cormun//static/Resources/PXToolsHeaderHelp.png HTTP/1.1" 200 1333
190.171.153.50 - - [26/Mar/2024:10:23:55 -0300] "GET /cormun//static/Resources/PXToolsGridDelete.png HTTP/1.1" 200 538
190.171.153.50 - - [26/Mar/2024:10:23:55 -0300] "GET /cormun/static/Shared/ext/resources/themes/images/default/panel/bg-headersPanel.png HTTP/1.1" 200 255
190.171.153.50 - - [26/Mar/2024:10:23:55 -0300] "GET /cormun/static/Shared/ext/resources/themes/images/default/tools/tool-sprites.gif HTTP/1.1" 200 5434
190.171.153.50 - - [26/Mar/2024:10:24:08 -0300] "POST /cormun/servlet/trpermisosgoce?8b7d174516013facdca2df8885dda676,,gx-no-cache=1711459282764 HTTP/1.1" 200 6065
190.171.153.50 - - [26/Mar/2024:10:24:08 -0300] "GET /cormun/static/Shared/jqueryui/images/ui-icons_82798d_256x240.png HTTP/1.1" 404 1089
190.171.153.50 - - [26/Mar/2024:10:24:08 -0300] "GET /cormun/static/Shared/jqueryui/images/ui-bg_highlight-soft_100_c6c2c8_1x100.png HTTP/1.1" 404 1117
190.171.153.50 - - [26/Mar/2024:10:24:08 -0300] "GET /cormun/static/Shared/jqueryui/images/ui-bg_flat_55_fafafa_40x100.png HTTP/1.1" 404 1097
190.171.153.50 - - [26/Mar/2024:10:24:08 -0300] "GET /cormun/static/Shared/jqueryui/images/ui-icons_8d78a5_256x240.png HTTP/1.1" 404 1089
190.95.15.15 - - [26/Mar/2024:10:24:10 -0300] "GET /cormun/servlet/solicitudot?96becd68ec21f36b17e79695d8394590accdedad4a88d15f8230a8aa3d4c6338b483fd9068b584cc2615fd90df1017c7b0db7cb292b0c51102237cda515a58ef56c67b63f474b32ae5bb6f59fe1fc31e725bbde9bb19a10bc08fe3eb9e3d871c0f74146dbbec2ade07b5a752267537c2,gx-no-cache=1711459264840 HTTP/1.1" 200 110
190.171.153.50 - - [26/Mar/2024:10:24:12 -0300] "POST /cormun/servlet/trpermisosgoce?8b7d174516013facdca2df8885dda676,,gx-no-cache=1711459287466 HTTP/1.1" 200 6065
190.171.142.10 - - [26/Mar/2024:10:24:25 -0300] "GET /cormun/servlet/solicitudot?be891f9fe5a422829deb55df2dea892ec7637db56c20bae73e0f9b2703f9a02fb2302843f85d0caf9f56b4d90252d33592e0c487f98ee21c460eb6ab3a53813460623cdab0ca2f6ffeaa60f3b7d98a4cd9ada05323979d603e3a083ba23be60af2bbfaf1a6dd1a30e05b2d7ff58bf2f0,gx-no-cache=1711459280377 HTTP/1.1" 200 110
190.171.142.10 - - [26/Mar/2024:10:24:25 -0300] "POST /cormun/servlet/solicitudot?gx-no-cache=1711459280418 HTTP/1.1" 200 79
190.95.15.15 - - [26/Mar/2024:10:24:30 -0300] "POST /cormun/servlet/solicitudot?gx-no-cache=1711459285238 HTTP/1.1" 200 110
190.171.153.50 - - [26/Mar/2024:10:24:38 -0300] "POST /cormun/servlet/trpermisosgoce?8b7d174516013facdca2df8885dda676,,gx-no-cache=1711459313017 HTTP/1.1" 200 6064
190.95.15.15 - - [26/Mar/2024:10:24:39 -0300] "GET /cormun/servlet/solicitudot?96becd68ec21f36b17e79695d8394590453adef951cc7641ea4fda263e9d88ee196d093c633247cf341402d7f59ed6bbf7c841e4d600779e297cc3e3c2e3df3cf0dfd7a9fb8b2f971d72202b5511ccac4489061ea783874e8abd10939c5ac4fbc544dac1190d1905ba7650e37b823192,gx-no-cache=1711459294410 HTTP/1.1" 200 29
190.95.15.15 - - [26/Mar/2024:10:24:39 -0300] "GET /cormun/static/menuarrow.gif HTTP/1.1" 404 1015
190.171.153.50 - - [26/Mar/2024:10:24:40 -0300] "POST /cormun/servlet/trpermisosgoce?8b7d174516013facdca2df8885dda676,,gx-no-cache=1711459314946 HTTP/1.1" 200 6065
190.171.153.50 - - [26/Mar/2024:10:24:41 -0300] "POST /cormun/servlet/trpermisosgoce?8b7d174516013facdca2df8885dda676,,gx-no-cache=1711459316170 HTTP/1.1" 200 6065
190.171.153.50 - - [26/Mar/2024:10:24:43 -0300] "POST /cormun/servlet/trpermisosgoce?8b7d174516013facdca2df8885dda676,,gx-no-cache=1711459317986 HTTP/1.1" 200 6065
190.95.15.15 - - [26/Mar/2024:10:24:43 -0300] "GET /cormun/servlet/solicitudot?96becd68ec21f36b17e79695d839459015a49d0abec9bd070a8b744800fed601f04d0ef7eca084a50702ed8103874715,gx-no-cache=1711459298432 HTTP/1.1" 200 30
190.171.142.10 - - [26/Mar/2024:10:24:46 -0300] "GET /cormun/servlet/solicitudot?be891f9fe5a422829deb55df2dea892ed61bcb32b962df645c15a68cb0d723469c2ac3c8641fe23df873b530bf57903bdfccb224ba51b709ec7a0342443421f2a8701ca0fabad0731b5f9a4a60822bfccfd77374c0343681a358fcf41346e594c74b2121980eb1c480fc5454b3decdec,gx-no-cache=1711459301638 HTTP/1.1" 200 29
190.171.142.10 - - [26/Mar/2024:10:24:48 -0300] "GET /cormun/static/menuarrow.gif HTTP/1.1" 404 1015
181.212.47.137 - - [26/Mar/2024:10:24:51 -0300] "GET /cormun/servlet/trsolicitudgral? HTTP/1.1" 200 8321
190.171.142.10 - - [26/Mar/2024:10:24:54 -0300] "GET /cormun/servlet/solicitudot?be891f9fe5a422829deb55df2dea892e8165053059d3a3cbaad9fc2a7d9a6405310b13425549697b8909fb28762ea0e8,gx-no-cache=1711459309363 HTTP/1.1" 200 30
190.95.15.15 - - [26/Mar/2024:10:24:55 -0300] "POST /cormun/servlet/solicitudot?gx-no-cache=1711459310103 HTTP/1.1" 200 30
190.95.15.15 - - [26/Mar/2024:10:24:56 -0300] "POST /cormun/servlet/solicitudot?11769a04c1ad05cd2d882deea742a16b,INS,0,0,false,,gx-no-cache=1711459310122 HTTP/1.1" 200 93
190.95.15.15 - - [26/Mar/2024:10:24:56 -0300] "GET /cormun/servlet/hpexe_return? HTTP/1.1" 200 1012
190.95.15.15 - - [26/Mar/2024:10:24:56 -0300] "GET /cormun/servlet/trsolicitudot HTTP/1.1" 200 8487
190.171.142.10 - - [26/Mar/2024:10:25:01 -0300] "POST /cormun/servlet/solicitudot?gx-no-cache=1711459316721 HTTP/1.1" 200 30
190.95.15.15 - - [26/Mar/2024:10:25:07 -0300] "POST /cormun/servlet/trsolicitudot?11769a04c1ad05cd2d882deea742a16b,gx-no-cache=1711459321623 HTTP/1.1" 200 111
190.95.15.15 - - [26/Mar/2024:10:25:07 -0300] "GET /cormun/servlet/solicitudot?UPD,2024,21104,false, HTTP/1.1" 200 16525
190.95.15.15 - - [26/Mar/2024:10:25:07 -0300] "POST /cormun/servlet/solicitudot?gx-no-cache=1711459322370 HTTP/1.1" 200 4090
190.95.15.15 - - [26/Mar/2024:10:25:07 -0300] "POST /cormun/servlet/solicitudot?11769a04c1ad05cd2d882deea742a16b,UPD,2024,21104,false,,gx-no-cache=1711459322454 HTTP/1.1" 200 12732
190.95.15.15 - - [26/Mar/2024:10:25:07 -0300] "GET /cormun/servlet/solicitudot?96becd68ec21f36b17e79695d8394590fd1ba013f3e2ab3f1b1602fcee5ea279e61db4db9466fcfab2fc84bcbacbbd26,gx-no-cache=1711459322526 HTTP/1.1" 200 30
190.95.15.15 - - [26/Mar/2024:10:25:07 -0300] "GET /cormun/servlet/solicitudot?96becd68ec21f36b17e79695d8394590612383ae629c42080cd560d2f532c6a1fd239b3fc003ba2fed99935c6aa96d252e73235a28997a99e30a33a1767c2c68,gx-no-cache=1711459322543 HTTP/1.1" 200 30
190.95.15.15 - - [26/Mar/2024:10:25:07 -0300] "GET /cormun/servlet/solicitudot?96becd68ec21f36b17e79695d83945907ab715ac9e26cc0a0ba2014d32f9eae7,gx-no-cache=1711459322557 HTTP/1.1" 200 29
190.95.15.15 - - [26/Mar/2024:10:25:08 -0300] "POST /cormun/servlet/solicitudot?gx-no-cache=1711459322574 HTTP/1.1" 200 254
190.95.15.15 - - [26/Mar/2024:10:25:08 -0300] "GET /cormun/servlet/solicitudot?96becd68ec21f36b17e79695d83945909ed291f4dc07c2d717047ffd4cde81bd873d1f4619a657b320ba899ecab1f34cd844c36929b8cd63ab4ae22c831df7f79747ace85614cf296470be9619a7deab4d6d9d8fef75cae6985e6da3a78c16f8cb29d1b3a14d33b20df10e83fd935d8e67c49903a3c5c85ed48d9cadc04eb0be475a8c68bbc9a7bc76957331f53e7564e636161debeb489ba55ed6d67969e8d7b27aa9d556982e004b519efe8e9c63109a5837f4029b07b477aa5a68758ea782c171020838ab713dcd2dee172ee7096b6e3a8002fe0ffa529af3fa761a1b6e588c26c7fb4ef3eced78d9ac497bad8fa5571c9d71b99397dd9654c8f19da2c3d0aa033cdb898ceeaa9e378c9b0a903efd9b32b6d5e3fffb04c2c198faffb91d5a53ab2f1abf218b8b0f6ff08b46878178cf43c834741d94a86a07cd19152009c06265c089f342ede3b33f1968e33f25fded33ee3773fb7a96dd13368e0be018ab4d892b688d03d6edb6eae18704aa93f177f3e39de86b4749bc4413274dab5cee,gx-no-cache=1711459322597 HTTP/1.1" 200 30
190.95.15.15 - - [26/Mar/2024:10:25:08 -0300] "POST /cormun/servlet/solicitudot?gx-no-cache=1711459322612 HTTP/1.1" 200 30
190.95.15.15 - - [26/Mar/2024:10:25:08 -0300] "POST /cormun/servlet/solicitudot?gx-no-cache=1711459322630 HTTP/1.1" 200 1475
190.95.15.15 - - [26/Mar/2024:10:25:08 -0300] "POST /cormun/servlet/solicitudot?gx-no-cache=1711459322651 HTTP/1.1" 200 41
190.95.15.15 - - [26/Mar/2024:10:25:09 -0300] "GET /cormun/servlet/solicitudot?96becd68ec21f36b17e79695d8394590accdedad4a88d15f8230a8aa3d4c6338b483fd9068b584cc2615fd90df1017c7b0db7cb292b0c51102237cda515a58ef56c67b63f474b32ae5bb6f59fe1fc31e725bbde9bb19a10bc08fe3eb9e3d871c0f74146dbbec2ade07b5a752267537c2,gx-no-cache=1711459323910 HTTP/1.1" 200 110
190.95.15.15 - - [26/Mar/2024:10:25:09 -0300] "POST /cormun/servlet/solicitudot?gx-no-cache=1711459323928 HTTP/1.1" 200 109
190.95.15.15 - - [26/Mar/2024:10:25:10 -0300] "GET /cormun/servlet/solicitudot?96becd68ec21f36b17e79695d8394590c060c044297f3c35eeab7c30e2e8bb8a36b0da3272061f53867044a97aecdfc4142169bc8188bd73127e78381657a1bc24aa346f8cdc5e96ef8aaef4cb82850662e3275ae0ed2a790e8f4c0a48e1196ca4083f0a827d6366cb0b81a5ca6dbd8b03bba6d12234a88ea4a12f6b172207b54269ef55267036dfe1206fe9f1ec1fb2b3982bce7f7d1eec0243ac93eaa95b09f534ba673a0f9a7f56a948791a2ffb29e0b47b68cad77bc16ce13c10c2713b292af1d10413bba53cbf28ae345750852a,gx-no-cache=1711459324727 HTTP/1.1" 200 30
181.212.47.137 - - [26/Mar/2024:10:25:22 -0300] "POST /cormun/servlet/trsolicitudgral?8289079facef3267739b074a3b64e621,,gx-no-cache=1711459320306 HTTP/1.1" 200 15491
181.212.47.137 - - [26/Mar/2024:10:25:40 -0300] "GET /cormun/servlet/vesolicitudgral?2024,21101,, HTTP/1.1" 200 8390
181.212.47.137 - - [26/Mar/2024:10:25:40 -0300] "GET /cormun/pexe_scrolldiv.js HTTP/1.1" 404 1009
190.171.142.10 - - [26/Mar/2024:10:25:45 -0300] "POST /cormun/servlet/solicitudot?ce2c1e60b33afeb20b87986e57af473a,INS,0,0,false,,gx-no-cache=1711459359871 HTTP/1.1" 200 93
190.171.142.10 - - [26/Mar/2024:10:25:45 -0300] "GET /cormun/servlet/hpexe_return? HTTP/1.1" 200 1034
190.171.142.10 - - [26/Mar/2024:10:25:45 -0300] "GET /cormun/servlet/trsolicitudot?gx-no-cache=1711458102196 HTTP/1.1" 200 10168
190.171.142.10 - - [26/Mar/2024:10:25:53 -0300] "POST /cormun/servlet/trsolicitudot?ce2c1e60b33afeb20b87986e57af473a,gx-no-cache=1711458102196,gx-no-cache=1711459367821 HTTP/1.1" 200 106
190.171.142.10 - - [26/Mar/2024:10:25:53 -0300] "GET /cormun/servlet/trsolicitudadjuntos?2024,21105, HTTP/1.1" 200 6341
190.171.142.10 - - [26/Mar/2024:10:25:56 -0300] "GET /cormun/servlet/solicitudotadjuntos?INS,2024,21105,,1, HTTP/1.1" 200 6266
190.171.142.10 - - [26/Mar/2024:10:25:57 -0300] "GET /cormun/static/about:blank HTTP/1.1" 404 1011
190.171.142.10 - - [26/Mar/2024:10:25:57 -0300] "GET /cormun/servlet/solicitudotadjuntos?be891f9fe5a422829deb55df2dea892e11287be161939571d1e2487532d274dd358cbc4977976efc1bdd0ae677ff9c7e,gx-no-cache=1711459372446 HTTP/1.1" 200 30
190.171.142.10 - - [26/Mar/2024:10:25:57 -0300] "POST /cormun/servlet/solicitudotadjuntos?ce2c1e60b33afeb20b87986e57af473a,INS,2024,21105,,1,,gx-no-cache=1711459372463 HTTP/1.1" 200 4153
190.171.142.10 - - [26/Mar/2024:10:26:01 -0300] "POST /cormun/servlet/solicitudotadjuntos?gx-no-cache=1711459376493 HTTP/1.1" 200 26
190.171.153.50 - - [26/Mar/2024:10:26:02 -0300] "POST /cormun/servlet/trpermisosgoce?8b7d174516013facdca2df8885dda676,,gx-no-cache=1711459397110 HTTP/1.1" 200 6065
190.171.153.50 - - [26/Mar/2024:10:26:09 -0300] "POST /cormun/servlet/trpermisosgoce?8b7d174516013facdca2df8885dda676,,gx-no-cache=1711459404326 HTTP/1.1" 200 6064
190.171.153.50 - - [26/Mar/2024:10:26:11 -0300] "POST /cormun/servlet/trpermisosgoce?8b7d174516013facdca2df8885dda676,,gx-no-cache=1711459406562 HTTP/1.1" 200 6065
190.171.153.50 - - [26/Mar/2024:10:26:14 -0300] "POST /cormun/servlet/trpermisosgoce?8b7d174516013facdca2df8885dda676,,gx-no-cache=1711459409647 HTTP/1.1" 200 6065
181.212.47.137 - - [26/Mar/2024:10:26:22 -0300] "POST /cormun/servlet/vesolicitudgral?8289079facef3267739b074a3b64e621,2024,21101,,,gx-no-cache=1711459380002 HTTP/1.1" 200 12294
181.212.47.137 - - [26/Mar/2024:10:26:22 -0300] "GET /cormun/static/Shared/jqueryui/images/ui-bg_highlight-soft_100_c6c2c8_1x100.png HTTP/1.1" 404 1117
181.212.47.137 - - [26/Mar/2024:10:26:22 -0300] "GET /cormun/static/Shared/jqueryui/images/ui-bg_flat_55_fafafa_40x100.png HTTP/1.1" 404 1097
181.212.47.137 - - [26/Mar/2024:10:26:22 -0300] "GET /cormun/static/Shared/jqueryui/images/ui-icons_8d78a5_256x240.png HTTP/1.1" 404 1089
181.212.47.137 - - [26/Mar/2024:10:26:22 -0300] "GET /cormun/static/Shared/jqueryui/images/ui-icons_82798d_256x240.png HTTP/1.1" 404 1089
181.212.47.137 - - [26/Mar/2024:10:26:22 -0300] "POST /cormun/servlet/vesolicitudgral?8289079facef3267739b074a3b64e621,2024,21101,,,gx-no-cache=1711459380183 HTTP/1.1" 200 12226
181.212.47.137 - - [26/Mar/2024:10:26:23 -0300] "GET /cormun/servlet/trsolicitudgral? HTTP/1.1" 200 18206
190.171.142.10 - - [26/Mar/2024:10:26:26 -0300] "GET /cormun/servlet/solicitudotadjuntos?be891f9fe5a422829deb55df2dea892efe41149f809574d3eec6872075baa88b,gx-no-cache=1711459400919 HTTP/1.1" 200 30
190.171.142.10 - - [26/Mar/2024:10:26:26 -0300] "GET /cormun/servlet/solicitudotadjuntos?be891f9fe5a422829deb55df2dea892efe41149f809574d3eec6872075baa88b,gx-no-cache=1711459400978 HTTP/1.1" 200 30
190.171.142.10 - - [26/Mar/2024:10:26:26 -0300] "POST /cormun/servlet/solicitudotadjuntos?ce2c1e60b33afeb20b87986e57af473a,INS,2024,21105,,1, HTTP/1.1" 200 116
190.171.142.10 - - [26/Mar/2024:10:26:26 -0300] "GET /cormun/servlet/hpexe_return? HTTP/1.1" 200 1030
190.171.142.10 - - [26/Mar/2024:10:26:26 -0300] "GET /cormun/servlet/trsolicitudadjuntos?2024,21105, HTTP/1.1" 200 9293
190.171.142.10 - - [26/Mar/2024:10:26:28 -0300] "GET /cormun/servlet/solicitudotadjuntos?INS,2024,21105,,1, HTTP/1.1" 200 6265
190.171.142.10 - - [26/Mar/2024:10:26:28 -0300] "GET /cormun/static/about:blank HTTP/1.1" 404 1011
190.171.142.10 - - [26/Mar/2024:10:26:28 -0300] "GET /cormun/servlet/solicitudotadjuntos?be891f9fe5a422829deb55df2dea892e11287be161939571d1e2487532d274dd358cbc4977976efc1bdd0ae677ff9c7e,gx-no-cache=1711459403745 HTTP/1.1" 200 30
190.171.142.10 - - [26/Mar/2024:10:26:28 -0300] "POST /cormun/servlet/solicitudotadjuntos?ce2c1e60b33afeb20b87986e57af473a,INS,2024,21105,,1,,gx-no-cache=1711459403767 HTTP/1.1" 200 4151
190.171.142.10 - - [26/Mar/2024:10:26:31 -0300] "POST /cormun/servlet/solicitudotadjuntos?gx-no-cache=1711459406297 HTTP/1.1" 200 26
190.171.142.10 - - [26/Mar/2024:10:26:37 -0300] "GET /cormun/servlet/solicitudotadjuntos?be891f9fe5a422829deb55df2dea892efe41149f809574d3eec6872075baa88b,gx-no-cache=1711459412770 HTTP/1.1" 200 30
190.171.142.10 - - [26/Mar/2024:10:26:37 -0300] "GET /cormun/servlet/solicitudotadjuntos?be891f9fe5a422829deb55df2dea892efe41149f809574d3eec6872075baa88b,gx-no-cache=1711459412782 HTTP/1.1" 200 30
190.171.142.10 - - [26/Mar/2024:10:26:38 -0300] "POST /cormun/servlet/solicitudotadjuntos?ce2c1e60b33afeb20b87986e57af473a,INS,2024,21105,,1, HTTP/1.1" 200 116
190.171.142.10 - - [26/Mar/2024:10:26:38 -0300] "GET /cormun/servlet/hpexe_return? HTTP/1.1" 200 1030
190.171.142.10 - - [26/Mar/2024:10:26:38 -0300] "GET /cormun/servlet/trsolicitudadjuntos?2024,21105, HTTP/1.1" 200 9535
190.171.142.10 - - [26/Mar/2024:10:26:40 -0300] "GET /cormun/servlet/solicitudotadjuntos?INS,2024,21105,,1, HTTP/1.1" 200 6265
190.171.142.10 - - [26/Mar/2024:10:26:40 -0300] "GET /cormun/static/about:blank HTTP/1.1" 404 1011
190.171.142.10 - - [26/Mar/2024:10:26:40 -0300] "GET /cormun/servlet/solicitudotadjuntos?be891f9fe5a422829deb55df2dea892e11287be161939571d1e2487532d274dd358cbc4977976efc1bdd0ae677ff9c7e,gx-no-cache=1711459415545 HTTP/1.1" 200 30
190.171.142.10 - - [26/Mar/2024:10:26:40 -0300] "POST /cormun/servlet/solicitudotadjuntos?ce2c1e60b33afeb20b87986e57af473a,INS,2024,21105,,1,,gx-no-cache=1711459415557 HTTP/1.1" 200 4151
190.171.142.10 - - [26/Mar/2024:10:26:43 -0300] "POST /cormun/servlet/solicitudotadjuntos?gx-no-cache=1711459418006 HTTP/1.1" 200 26
190.171.142.10 - - [26/Mar/2024:10:26:50 -0300] "GET /cormun/servlet/solicitudotadjuntos?be891f9fe5a422829deb55df2dea892efe41149f809574d3eec6872075baa88b,gx-no-cache=1711459425792 HTTP/1.1" 200 30
190.171.142.10 - - [26/Mar/2024:10:26:50 -0300] "GET /cormun/servlet/solicitudotadjuntos?be891f9fe5a422829deb55df2dea892efe41149f809574d3eec6872075baa88b,gx-no-cache=1711459425805 HTTP/1.1" 200 30
190.171.142.10 - - [26/Mar/2024:10:26:51 -0300] "POST /cormun/servlet/solicitudotadjuntos?ce2c1e60b33afeb20b87986e57af473a,INS,2024,21105,,1, HTTP/1.1" 200 116
190.171.142.10 - - [26/Mar/2024:10:26:51 -0300] "GET /cormun/servlet/hpexe_return? HTTP/1.1" 200 1030
190.171.142.10 - - [26/Mar/2024:10:26:51 -0300] "GET /cormun/servlet/trsolicitudadjuntos?2024,21105, HTTP/1.1" 200 9768
181.212.47.137 - - [26/Mar/2024:10:26:51 -0300] "POST /cormun/servlet/trsolicitudgral?8289079facef3267739b074a3b64e621,,gx-no-cache=1711459409212 HTTP/1.1" 200 14850
181.212.47.137 - - [26/Mar/2024:10:26:51 -0300] "GET /cormun/static/Shared/jqueryui/images/ui-bg_highlight-soft_100_c6c2c8_1x100.png HTTP/1.1" 404 1117
181.212.47.137 - - [26/Mar/2024:10:26:51 -0300] "GET /cormun/static/Shared/jqueryui/images/ui-icons_82798d_256x240.png HTTP/1.1" 404 1089
181.212.47.137 - - [26/Mar/2024:10:26:51 -0300] "GET /cormun/static/Shared/jqueryui/images/ui-icons_8d78a5_256x240.png HTTP/1.1" 404 1089
181.212.47.137 - - [26/Mar/2024:10:26:51 -0300] "GET /cormun/static/Shared/jqueryui/images/ui-bg_flat_55_fafafa_40x100.png HTTP/1.1" 404 1097
181.212.47.137 - - [26/Mar/2024:10:26:54 -0300] "POST /cormun/servlet/trsolicitudgral?8289079facef3267739b074a3b64e621,,gx-no-cache=1711459412074 HTTP/1.1" 200 14436
190.171.142.10 - - [26/Mar/2024:10:26:54 -0300] "GET /cormun/servlet/solicitudotadjuntos?INS,2024,21105,,1, HTTP/1.1" 200 6265
190.171.142.10 - - [26/Mar/2024:10:26:54 -0300] "GET /cormun/static/about:blank HTTP/1.1" 404 1011
190.171.142.10 - - [26/Mar/2024:10:26:55 -0300] "GET /cormun/servlet/solicitudotadjuntos?be891f9fe5a422829deb55df2dea892e11287be161939571d1e2487532d274dd358cbc4977976efc1bdd0ae677ff9c7e,gx-no-cache=1711459429933 HTTP/1.1" 200 30
190.171.142.10 - - [26/Mar/2024:10:26:55 -0300] "POST /cormun/servlet/solicitudotadjuntos?ce2c1e60b33afeb20b87986e57af473a,INS,2024,21105,,1,,gx-no-cache=1711459429946 HTTP/1.1" 200 4151
190.171.142.10 - - [26/Mar/2024:10:26:58 -0300] "POST /cormun/servlet/solicitudotadjuntos?gx-no-cache=1711459432996 HTTP/1.1" 200 26
190.171.153.50 - - [26/Mar/2024:10:27:02 -0300] "GET /cormun/servlet/hlogin HTTP/1.1" 200 1718
190.171.153.50 - - [26/Mar/2024:10:27:03 -0300] "GET /cormun/servlet/hlogin HTTP/1.1" 200 1728
190.171.142.10 - - [26/Mar/2024:10:27:06 -0300] "GET /cormun/servlet/solicitudotadjuntos?be891f9fe5a422829deb55df2dea892efe41149f809574d3eec6872075baa88b,gx-no-cache=1711459441824 HTTP/1.1" 200 30
190.171.142.10 - - [26/Mar/2024:10:27:06 -0300] "GET /cormun/servlet/solicitudotadjuntos?be891f9fe5a422829deb55df2dea892efe41149f809574d3eec6872075baa88b,gx-no-cache=1711459441836 HTTP/1.1" 200 30
190.171.142.10 - - [26/Mar/2024:10:27:07 -0300] "POST /cormun/servlet/solicitudotadjuntos?ce2c1e60b33afeb20b87986e57af473a,INS,2024,21105,,1, HTTP/1.1" 200 116
190.171.142.10 - - [26/Mar/2024:10:27:07 -0300] "GET /cormun/servlet/hpexe_return? HTTP/1.1" 200 1030
190.171.142.10 - - [26/Mar/2024:10:27:07 -0300] "GET /cormun/servlet/trsolicitudadjuntos?2024,21105, HTTP/1.1" 200 10007
190.171.153.50 - - [26/Mar/2024:10:27:08 -0300] "POST /cormun/servlet/hlogin?d96ee1acd7ea9e20dc13587ba70fc9b9,gx-no-cache=1711459443954 HTTP/1.1" 200 90
190.171.153.50 - - [26/Mar/2024:10:27:08 -0300] "GET /cormun/servlet/hpexe_link HTTP/1.1" 200 950
190.171.153.50 - - [26/Mar/2024:10:27:09 -0300] "GET /cormun/servlet/hhome HTTP/1.1" 200 4278
190.171.142.10 - - [26/Mar/2024:10:27:09 -0300] "GET /cormun/servlet/solicitudotadjuntos?INS,2024,21105,,1, HTTP/1.1" 200 6265
190.171.142.10 - - [26/Mar/2024:10:27:09 -0300] "GET /cormun/static/about:blank HTTP/1.1" 404 1011
190.171.142.10 - - [26/Mar/2024:10:27:10 -0300] "GET /cormun/servlet/solicitudotadjuntos?be891f9fe5a422829deb55df2dea892e11287be161939571d1e2487532d274dd358cbc4977976efc1bdd0ae677ff9c7e,gx-no-cache=1711459445046 HTTP/1.1" 200 30
190.171.142.10 - - [26/Mar/2024:10:27:10 -0300] "POST /cormun/servlet/solicitudotadjuntos?ce2c1e60b33afeb20b87986e57af473a,INS,2024,21105,,1,,gx-no-cache=1711459445059 HTTP/1.1" 200 4151
190.171.142.10 - - [26/Mar/2024:10:27:13 -0300] "POST /cormun/servlet/solicitudotadjuntos?gx-no-cache=1711459447990 HTTP/1.1" 200 26
190.171.153.50 - - [26/Mar/2024:10:27:13 -0300] "GET /cormun/servlet/trpermisosgoce? HTTP/1.1" 200 8813
190.171.142.10 - - [26/Mar/2024:10:27:18 -0300] "GET /cormun/servlet/solicitudotadjuntos?be891f9fe5a422829deb55df2dea892efe41149f809574d3eec6872075baa88b,gx-no-cache=1711459453766 HTTP/1.1" 200 30
190.171.142.10 - - [26/Mar/2024:10:27:18 -0300] "GET /cormun/servlet/solicitudotadjuntos?be891f9fe5a422829deb55df2dea892efe41149f809574d3eec6872075baa88b,gx-no-cache=1711459453779 HTTP/1.1" 200 30
190.171.142.10 - - [26/Mar/2024:10:27:19 -0300] "POST /cormun/servlet/solicitudotadjuntos?ce2c1e60b33afeb20b87986e57af473a,INS,2024,21105,,1, HTTP/1.1" 200 116
190.171.142.10 - - [26/Mar/2024:10:27:19 -0300] "GET /cormun/servlet/hpexe_return? HTTP/1.1" 200 1030
190.171.142.10 - - [26/Mar/2024:10:27:19 -0300] "GET /cormun/servlet/trsolicitudadjuntos?2024,21105, HTTP/1.1" 200 10315
190.171.142.10 - - [26/Mar/2024:10:27:22 -0300] "GET /cormun/servlet/solicitudotadjuntos?INS,2024,21105,,1, HTTP/1.1" 200 6264
190.171.142.10 - - [26/Mar/2024:10:27:22 -0300] "GET /cormun/static/about:blank HTTP/1.1" 404 1011
190.171.142.10 - - [26/Mar/2024:10:27:22 -0300] "GET /cormun/servlet/solicitudotadjuntos?be891f9fe5a422829deb55df2dea892e11287be161939571d1e2487532d274dd358cbc4977976efc1bdd0ae677ff9c7e,gx-no-cache=1711459457519 HTTP/1.1" 200 30
190.171.142.10 - - [26/Mar/2024:10:27:22 -0300] "POST /cormun/servlet/solicitudotadjuntos?ce2c1e60b33afeb20b87986e57af473a,INS,2024,21105,,1,,gx-no-cache=1711459457542 HTTP/1.1" 200 4151
190.171.142.10 - - [26/Mar/2024:10:27:25 -0300] "POST /cormun/servlet/solicitudotadjuntos?gx-no-cache=1711459460003 HTTP/1.1" 200 26
190.171.142.10 - - [26/Mar/2024:10:27:29 -0300] "GET /cormun/servlet/solicitudotadjuntos?be891f9fe5a422829deb55df2dea892efe41149f809574d3eec6872075baa88b,gx-no-cache=1711459464723 HTTP/1.1" 200 30
190.171.142.10 - - [26/Mar/2024:10:27:29 -0300] "GET /cormun/servlet/solicitudotadjuntos?be891f9fe5a422829deb55df2dea892efe41149f809574d3eec6872075baa88b,gx-no-cache=1711459464736 HTTP/1.1" 200 30
190.171.142.10 - - [26/Mar/2024:10:27:30 -0300] "POST /cormun/servlet/solicitudotadjuntos?ce2c1e60b33afeb20b87986e57af473a,INS,2024,21105,,1, HTTP/1.1" 200 116
190.171.142.10 - - [26/Mar/2024:10:27:30 -0300] "GET /cormun/servlet/hpexe_return? HTTP/1.1" 200 1030
190.171.142.10 - - [26/Mar/2024:10:27:30 -0300] "GET /cormun/servlet/trsolicitudadjuntos?2024,21105, HTTP/1.1" 200 10468
190.171.153.50 - - [26/Mar/2024:10:27:30 -0300] "GET /cormun/servlet/trpermisosadjuntos?16923734,20240321110144,P, HTTP/1.1" 200 7090
190.171.142.10 - - [26/Mar/2024:10:27:36 -0300] "GET /cormun/servlet/solicitudotadjuntos?INS,2024,21105,,1, HTTP/1.1" 200 6264
190.171.142.10 - - [26/Mar/2024:10:27:36 -0300] "GET /cormun/static/about:blank HTTP/1.1" 404 1011
190.171.142.10 - - [26/Mar/2024:10:27:36 -0300] "GET /cormun/servlet/solicitudotadjuntos?be891f9fe5a422829deb55df2dea892e11287be161939571d1e2487532d274dd358cbc4977976efc1bdd0ae677ff9c7e,gx-no-cache=1711459471545 HTTP/1.1" 200 30
190.171.142.10 - - [26/Mar/2024:10:27:36 -0300] "POST /cormun/servlet/solicitudotadjuntos?ce2c1e60b33afeb20b87986e57af473a,INS,2024,21105,,1,,gx-no-cache=1711459471558 HTTP/1.1" 200 4151
190.171.153.50 - - [26/Mar/2024:10:27:37 -0300] "GET /cormun/servlet/trpermisosgoce? HTTP/1.1" 200 8813
190.171.153.50 - - [26/Mar/2024:10:27:41 -0300] "GET /cormun/servlet/trpermisosadjuntos?13581561,20240321110331,P, HTTP/1.1" 200 7092
190.171.142.10 - - [26/Mar/2024:10:27:45 -0300] "GET /cormun/servlet/trsolicitudadjuntos?2024,21105, HTTP/1.1" 200 10468
190.171.153.50 - - [26/Mar/2024:10:27:48 -0300] "GET /cormun/servlet/trpermisosgoce? HTTP/1.1" 200 8813
190.171.142.10 - - [26/Mar/2024:10:27:51 -0300] "GET /cormun/servlet/trautorizarsolicitud? HTTP/1.1" 200 7334
190.171.153.50 - - [26/Mar/2024:10:27:51 -0300] "GET /cormun/servlet/trpermisosadjuntos?9639700,20240315083440,P, HTTP/1.1" 200 7100
181.212.47.137 - - [26/Mar/2024:10:27:53 -0300] "GET /cormun/servlet/trautorizarot? HTTP/1.1" 200 10256
190.171.153.50 - - [26/Mar/2024:10:27:54 -0300] "GET /cormun/servlet/trpermisosgoce? HTTP/1.1" 200 8813
190.171.142.10 - - [26/Mar/2024:10:27:54 -0300] "GET /cormun/servlet/trsolicitudot? HTTP/1.1" 200 10165
181.212.47.137 - - [26/Mar/2024:10:27:55 -0300] "POST /cormun/servlet/trautorizarot?8289079facef3267739b074a3b64e621,,gx-no-cache=1711459473831 HTTP/1.1" 200 5337
190.171.153.50 - - [26/Mar/2024:10:27:56 -0300] "GET /cormun/servlet/trpermisosadjuntos?18252109,20240315083600,P, HTTP/1.1" 200 7092
181.212.47.137 - - [26/Mar/2024:10:27:57 -0300] "GET /cormun/servlet/trsolicitudgral? HTTP/1.1" 200 17502
190.171.153.50 - - [26/Mar/2024:10:27:58 -0300] "GET /cormun/servlet/trpermisosgoce? HTTP/1.1" 200 8813
181.212.47.137 - - [26/Mar/2024:10:28:01 -0300] "POST /cormun/servlet/trsolicitudgral?8289079facef3267739b074a3b64e621,,gx-no-cache=1711459478969 HTTP/1.1" 200 7340
190.171.153.50 - - [26/Mar/2024:10:28:03 -0300] "GET /cormun/servlet/hlogin HTTP/1.1" 200 1738
190.171.142.10 - - [26/Mar/2024:10:28:04 -0300] "GET /cormun/servlet/solicitudot?INS,0,0,false, HTTP/1.1" 200 16182
190.171.153.26 - - [26/Mar/2024:10:28:13 -0300] "POST /cormun/servlet/trlicencias?6bce9047fdf1262f580cfa72e6d92b20,,gx-no-cache=1711463122045 HTTP/1.1" 440 972
190.171.153.26 - - [26/Mar/2024:10:28:14 -0300] "GET /cormun/servlet/trlicencias? HTTP/1.1" 200 6054
190.171.153.26 - - [26/Mar/2024:10:28:15 -0300] "GET /cormun/servlet/hlogin HTTP/1.1" 200 1743
181.212.47.137 - - [26/Mar/2024:10:28:19 -0300] "POST /cormun/servlet/trsolicitudgral?8289079facef3267739b074a3b64e621,,gx-no-cache=1711459497558 HTTP/1.1" 200 6647
190.171.153.26 - - [26/Mar/2024:10:28:19 -0300] "POST /cormun/servlet/hlogin?bc332eed75bb66b96a1ec11295ca6a2f,gx-no-cache=1711463128752 HTTP/1.1" 200 90
190.171.153.26 - - [26/Mar/2024:10:28:20 -0300] "GET /cormun/servlet/hpexe_link HTTP/1.1" 200 961
190.171.153.26 - - [26/Mar/2024:10:28:20 -0300] "GET /cormun/servlet/trlicencias HTTP/1.1" 200 9322
190.95.15.15 - - [26/Mar/2024:10:28:23 -0300] "GET /cormun/servlet/solicitudot?96becd68ec21f36b17e79695d839459015a49d0abec9bd070a8b744800fed601f04d0ef7eca084a50702ed8103874715,gx-no-cache=1711459518034 HTTP/1.1" 200 30
190.95.15.15 - - [26/Mar/2024:10:28:23 -0300] "POST /cormun/servlet/solicitudot?gx-no-cache=1711459518071 HTTP/1.1" 200 30
190.171.142.10 - - [26/Mar/2024:10:28:25 -0300] "GET /cormun/servlet/trsolicitudot? HTTP/1.1" 200 10165
190.171.142.10 - - [26/Mar/2024:10:28:38 -0300] "POST /cormun/servlet/trsolicitudot?ce2c1e60b33afeb20b87986e57af473a,,gx-no-cache=1711459533295 HTTP/1.1" 200 111
190.171.142.10 - - [26/Mar/2024:10:28:38 -0300] "GET /cormun/servlet/solicitudot?UPD,2024,21100,false, HTTP/1.1" 200 16815
190.171.142.10 - - [26/Mar/2024:10:28:39 -0300] "POST /cormun/servlet/solicitudot?gx-no-cache=1711459534077 HTTP/1.1" 200 4110
190.171.142.10 - - [26/Mar/2024:10:28:39 -0300] "POST /cormun/servlet/solicitudot?ce2c1e60b33afeb20b87986e57af473a,UPD,2024,21100,false,,gx-no-cache=1711459534193 HTTP/1.1" 200 13043
190.171.142.10 - - [26/Mar/2024:10:28:39 -0300] "GET /cormun/servlet/solicitudot?be891f9fe5a422829deb55df2dea892e97df2466e2f8ea62fe0e01bacb0cc13903580cfc7b3afec97a2a3d4b35d698ff,gx-no-cache=1711459534281 HTTP/1.1" 200 30
190.171.142.10 - - [26/Mar/2024:10:28:39 -0300] "GET /cormun/servlet/solicitudot?be891f9fe5a422829deb55df2dea892e2fa44ded6d361aa75c2e99e6d4dc5908bdcd021aa8f27cdc9c8df35e53a1d4dcd1ccf6a0130ed8e10e7c1d60339cf006c373c1a585d68828dba18eb6b35313da,gx-no-cache=1711459534297 HTTP/1.1" 200 30
190.171.142.10 - - [26/Mar/2024:10:28:39 -0300] "GET /cormun/servlet/solicitudot?be891f9fe5a422829deb55df2dea892e728c3e71ea2b4b9b511c906ca52320a137bae97407c0c0e212dcdecd8d94ff21de63a430de6cc8c72e42b716d218a37a,gx-no-cache=1711459534311 HTTP/1.1" 200 53
190.171.142.10 - - [26/Mar/2024:10:28:39 -0300] "POST /cormun/servlet/solicitudot?gx-no-cache=1711459534328 HTTP/1.1" 200 255
190.171.142.10 - - [26/Mar/2024:10:28:39 -0300] "GET /cormun/servlet/solicitudot?be891f9fe5a422829deb55df2dea892eb8b87cfcea5df56b69b24f55677ff2624c53c99723edeaf083322cbb06dda076472db81f412adf01cd976ed3e3f654996265ee5ec0f0cb7991d5480864db95112615249e269a2e10f9b389f0df23a1c13372112455066e4ace3ca5911d26cfb6bb06e977a33701860fdc232779e3d525510fe9f61dc4255469b799c414a8e35318accee07db438e716c361495928af1d129cc4a11f3e004a2b8de152d9736cecbf3e74129736e1993ee800bd13324b74e9971391ba5aae935c833a0ebec552ad2da8fc5309a403d2bb79602b5046e3fafc414b7bbb5b1d885eee940643ed9ac538fb02801fe2ba329ea2dc097fec82c85ca0c94a6e553ff9e54a3491da46067cc0bc27e4ff8b51bff08be9110b2a8295976da7d962342d6a4674eafd8f414ad5b59df3961bf621f93a83f53fc22922163e3786b5a76ac3ae82cd7d1a094a5c77ebb339648930ee74f086d1fc6ad3fb99179b1ea3154834542460036c2a18fd388c50803e6688eda75000df55b4f062ac,gx-no-cache=1711459534346 HTTP/1.1" 200 30
190.171.142.10 - - [26/Mar/2024:10:28:39 -0300] "POST /cormun/servlet/solicitudot?gx-no-cache=1711459534361 HTTP/1.1" 200 30
190.171.142.10 - - [26/Mar/2024:10:28:39 -0300] "POST /cormun/servlet/solicitudot?gx-no-cache=1711459534379 HTTP/1.1" 200 1477
190.171.142.10 - - [26/Mar/2024:10:28:39 -0300] "POST /cormun/servlet/solicitudot?gx-no-cache=1711459534457 HTTP/1.1" 200 41
190.171.152.138 - - [26/Mar/2024:10:28:41 -0300] "GET /cormun/servlet/solicitudot?INS,0,0,false, HTTP/1.1" 200 16204
190.171.142.10 - - [26/Mar/2024:10:28:41 -0300] "GET /cormun/servlet/solicitudot?be891f9fe5a422829deb55df2dea892ec7637db56c20bae73e0f9b2703f9a02fb2302843f85d0caf9f56b4d90252d33592e0c487f98ee21c460eb6ab3a53813460623cdab0ca2f6ffeaa60f3b7d98a4cd9ada05323979d603e3a083ba23be60af2bbfaf1a6dd1a30e05b2d7ff58bf2f0,gx-no-cache=1711459536765 HTTP/1.1" 200 110
190.171.142.10 - - [26/Mar/2024:10:28:41 -0300] "POST /cormun/servlet/solicitudot?gx-no-cache=1711459536783 HTTP/1.1" 200 97
190.95.15.15 - - [26/Mar/2024:10:28:44 -0300] "POST /cormun/servlet/solicitudot?11769a04c1ad05cd2d882deea742a16b,UPD,2024,21104,false,,gx-no-cache=1711459538964 HTTP/1.1" 200 93
190.95.15.15 - - [26/Mar/2024:10:28:44 -0300] "GET /cormun/servlet/hpexe_return? HTTP/1.1" 200 1017
190.95.15.15 - - [26/Mar/2024:10:28:44 -0300] "GET /cormun/servlet/trsolicitudot HTTP/1.1" 200 8488
190.171.152.138 - - [26/Mar/2024:10:28:54 -0300] "POST /cormun/servlet/solicitudot?gx-no-cache=1711463099288 HTTP/1.1" 200 4031
190.171.152.138 - - [26/Mar/2024:10:28:54 -0300] "POST /cormun/servlet/solicitudot?49088ddaaaa7e3b89c9d330e2137ed0e,INS,0,0,false,,gx-no-cache=1711463099418 HTTP/1.1" 200 12876
190.171.142.10 - - [26/Mar/2024:10:28:56 -0300] "POST /cormun/servlet/solicitudot?gx-no-cache=1711459551101 HTTP/1.1" 200 30
190.171.142.10 - - [26/Mar/2024:10:28:56 -0300] "POST /cormun/servlet/solicitudot?gx-no-cache=1711459551123 HTTP/1.1" 200 1477
190.171.142.10 - - [26/Mar/2024:10:28:56 -0300] "POST /cormun/servlet/solicitudot?gx-no-cache=1711459551183 HTTP/1.1" 200 41
190.171.142.10 - - [26/Mar/2024:10:28:56 -0300] "GET /cormun/servlet/solicitudot?be891f9fe5a422829deb55df2dea892ec7637db56c20bae73e0f9b2703f9a02fb2302843f85d0caf9f56b4d90252d33592e0c487f98ee21c460eb6ab3a53813460623cdab0ca2f6ffeaa60f3b7d98a4cd9ada05323979d603e3a083ba23be60af2bbfaf1a6dd1a30e05b2d7ff58bf2f0,gx-no-cache=1711459551197 HTTP/1.1" 200 110
190.171.142.10 - - [26/Mar/2024:10:28:56 -0300] "POST /cormun/servlet/solicitudot?gx-no-cache=1711459551213 HTTP/1.1" 200 97
190.171.142.10 - - [26/Mar/2024:10:28:56 -0300] "GET /cormun/servlet/solicitudot?be891f9fe5a422829deb55df2dea892ea7cf6f266e81b9e1511688af11223dee7f6ab18a07886b865d0581c0d3b1cb9070cf52c99c7e9c96db047f3ff528b6a2755d1d7a6d638d7dd2a692d97865bbcb5006cedaf9bfbef2a23e1a2312e264b565c3dfa0a92c1762d376a4618bda17f8ffb4335776fd97a4d3f63b6af2b88035cb000a9b25e6410d97d7fa5e36d7e7a55ea7471feeea84ef841106c8350d22b2,gx-no-cache=1711459551230 HTTP/1.1" 200 29
190.171.142.10 - - [26/Mar/2024:10:28:56 -0300] "GET /cormun/servlet/solicitudot?be891f9fe5a422829deb55df2dea892e32c2a0a6a68bec8b7223543f5f69440c6a280c00bdaf69933f6132ae0ae5d6bf,gx-no-cache=1711459551244 HTTP/1.1" 200 30
190.171.142.10 - - [26/Mar/2024:10:28:56 -0300] "POST /cormun/servlet/solicitudot?gx-no-cache=1711459551259 HTTP/1.1" 200 30
190.171.142.10 - - [26/Mar/2024:10:28:56 -0300] "POST /cormun/servlet/solicitudot?ce2c1e60b33afeb20b87986e57af473a,UPD,2024,21100,false,,gx-no-cache=1711459551276 HTTP/1.1" 200 93
190.171.142.10 - - [26/Mar/2024:10:28:56 -0300] "GET /cormun/servlet/hpexe_return? HTTP/1.1" 200 1018
190.171.142.10 - - [26/Mar/2024:10:28:56 -0300] "GET /cormun/servlet/trsolicitudot HTTP/1.1" 200 10172
190.171.152.138 - - [26/Mar/2024:10:28:56 -0300] "GET /cormun/servlet/solicitudot?6f033861d65ce3fc62460d38670ac7ca94322595ad6482e84d323e526d4e83feb3d35a8c080dfaf66e9cf22be556cef5,gx-no-cache=1711463101452 HTTP/1.1" 200 30
190.171.152.138 - - [26/Mar/2024:10:29:00 -0300] "GET /cormun/servlet/hlogin HTTP/1.1" 200 1717
190.171.142.10 - - [26/Mar/2024:10:29:07 -0300] "POST /cormun/servlet/trsolicitudot?ce2c1e60b33afeb20b87986e57af473a,gx-no-cache=1711459561924 HTTP/1.1" 200 7432
190.171.142.10 - - [26/Mar/2024:10:29:07 -0300] "GET /cormun/static/Shared/jqueryui/images/ui-bg_highlight-soft_100_c6c2c8_1x100.png HTTP/1.1" 404 1117
190.171.142.10 - - [26/Mar/2024:10:29:07 -0300] "GET /cormun/static/Shared/jqueryui/images/ui-icons_82798d_256x240.png HTTP/1.1" 404 1089
190.171.142.10 - - [26/Mar/2024:10:29:07 -0300] "GET /cormun/static/Shared/jqueryui/images/ui-bg_flat_55_fafafa_40x100.png HTTP/1.1" 404 1097
190.171.142.10 - - [26/Mar/2024:10:29:07 -0300] "GET /cormun/static/Shared/jqueryui/images/ui-icons_8d78a5_256x240.png HTTP/1.1" 404 1089
190.171.142.10 - - [26/Mar/2024:10:29:13 -0300] "GET /cormun/servlet/solicitudot?INS,0,0,false, HTTP/1.1" 200 16185
190.171.152.138 - - [26/Mar/2024:10:29:28 -0300] "POST /cormun/servlet/hlogin?7f4fc8451a45df4fe80ba84a162df7fa,gx-no-cache=1711459583240 HTTP/1.1" 200 90
190.171.152.138 - - [26/Mar/2024:10:29:29 -0300] "GET /cormun/servlet/hpexe_link HTTP/1.1" 200 948
190.171.152.138 - - [26/Mar/2024:10:29:30 -0300] "GET /cormun/servlet/hhome HTTP/1.1" 200 3862
190.171.152.138 - - [26/Mar/2024:10:29:34 -0300] "GET /cormun/servlet/trlicencias? HTTP/1.1" 200 9044
190.95.15.15 - - [26/Mar/2024:10:29:47 -0300] "POST /cormun/servlet/trsolicitudot?11769a04c1ad05cd2d882deea742a16b,gx-no-cache=1711459602326 HTTP/1.1" 200 5818
190.95.15.15 - - [26/Mar/2024:10:29:47 -0300] "GET /cormun/static/Shared/jqueryui/images/ui-bg_highlight-soft_100_c6c2c8_1x100.png HTTP/1.1" 404 1117
190.95.15.15 - - [26/Mar/2024:10:29:47 -0300] "GET /cormun/static/Shared/jqueryui/images/ui-icons_82798d_256x240.png HTTP/1.1" 404 1089
190.95.15.15 - - [26/Mar/2024:10:29:47 -0300] "GET /cormun/static/Shared/jqueryui/images/ui-bg_flat_55_fafafa_40x100.png HTTP/1.1" 404 1097
190.95.15.15 - - [26/Mar/2024:10:29:47 -0300] "GET /cormun/static/Shared/jqueryui/images/ui-icons_8d78a5_256x240.png HTTP/1.1" 404 1089
190.95.15.15 - - [26/Mar/2024:10:29:53 -0300] "POST /cormun/servlet/trsolicitudot?11769a04c1ad05cd2d882deea742a16b,gx-no-cache=1711459607688 HTTP/1.1" 200 106
190.95.15.15 - - [26/Mar/2024:10:29:53 -0300] "GET /cormun/servlet/trsolicitudadjuntos?2024,21104, HTTP/1.1" 200 6089
190.95.15.15 - - [26/Mar/2024:10:29:53 -0300] "GET /cormun/static/gxcfg.js?20201215574222 HTTP/1.1" 200 953
190.95.15.15 - - [26/Mar/2024:10:29:53 -0300] "GET /cormun/static/trsolicitudadjuntos.js?20201215574932 HTTP/1.1" 200 17921
190.95.15.15 - - [26/Mar/2024:10:29:53 -0300] "GET /cormun/static/Resources/PXToolsGridNew.png HTTP/1.1" 200 427
190.95.15.15 - - [26/Mar/2024:10:29:55 -0300] "GET /cormun/servlet/solicitudotadjuntos?INS,2024,21104,,1, HTTP/1.1" 200 6033
190.95.15.15 - - [26/Mar/2024:10:29:55 -0300] "GET /cormun/static/solicitudotadjuntos.js?202211298385196 HTTP/1.1" 200 11771
190.95.15.15 - - [26/Mar/2024:10:29:55 -0300] "GET /cormun/static/gxcfg.js?202211298385187 HTTP/1.1" 200 953
190.95.15.15 - - [26/Mar/2024:10:29:55 -0300] "GET /cormun/static/about:blank HTTP/1.1" 404 1011
190.95.15.15 - - [26/Mar/2024:10:29:55 -0300] "GET /cormun/servlet/solicitudotadjuntos?96becd68ec21f36b17e79695d839459043b94c1a27990b4c283ebf3f85de6de67ac4550709643df8f82ab4508c698664,gx-no-cache=1711459610323 HTTP/1.1" 200 30
190.95.15.15 - - [26/Mar/2024:10:29:55 -0300] "POST /cormun/servlet/solicitudotadjuntos?11769a04c1ad05cd2d882deea742a16b,INS,2024,21104,,1,,gx-no-cache=1711459610336 HTTP/1.1" 200 3909
190.171.142.10 - - [26/Mar/2024:10:29:56 -0300] "POST /cormun/servlet/solicitudot?gx-no-cache=1711459611482 HTTP/1.1" 200 4031
190.171.142.10 - - [26/Mar/2024:10:29:57 -0300] "POST /cormun/servlet/solicitudot?ce2c1e60b33afeb20b87986e57af473a,INS,0,0,false,,gx-no-cache=1711459611613 HTTP/1.1" 200 12877
190.95.15.15 - - [26/Mar/2024:10:29:57 -0300] "POST /cormun/servlet/solicitudotadjuntos?gx-no-cache=1711459612544 HTTP/1.1" 200 26
190.171.142.10 - - [26/Mar/2024:10:29:58 -0300] "GET /cormun/servlet/solicitudot?be891f9fe5a422829deb55df2dea892e151ffe60d29269ff1132bd3027515a9fd548bb2e757cdb17b3cd645e5caaf8b7,gx-no-cache=1711459613666 HTTP/1.1" 200 30
190.95.15.15 - - [26/Mar/2024:10:30:04 -0300] "GET /cormun/servlet/solicitudotadjuntos?96becd68ec21f36b17e79695d83945906f4c7912a94bb49ac4451e4b2d4d3513,gx-no-cache=1711459619458 HTTP/1.1" 200 30
190.95.15.15 - - [26/Mar/2024:10:30:04 -0300] "GET /cormun/servlet/solicitudotadjuntos?96becd68ec21f36b17e79695d83945906f4c7912a94bb49ac4451e4b2d4d3513,gx-no-cache=1711459619470 HTTP/1.1" 200 30
190.95.15.15 - - [26/Mar/2024:10:30:05 -0300] "POST /cormun/servlet/solicitudotadjuntos?11769a04c1ad05cd2d882deea742a16b,INS,2024,21104,,1, HTTP/1.1" 200 116
190.95.15.15 - - [26/Mar/2024:10:30:05 -0300] "GET /cormun/servlet/hpexe_return? HTTP/1.1" 200 1029
190.95.15.15 - - [26/Mar/2024:10:30:05 -0300] "GET /cormun/servlet/trsolicitudadjuntos?2024,21104, HTTP/1.1" 200 9014
190.95.15.15 - - [26/Mar/2024:10:30:07 -0300] "GET /cormun/servlet/solicitudotadjuntos?INS,2024,21104,,1, HTTP/1.1" 200 6033
190.95.15.15 - - [26/Mar/2024:10:30:07 -0300] "GET /cormun/static/about:blank HTTP/1.1" 404 1011
190.171.152.138 - - [26/Mar/2024:10:30:08 -0300] "GET /cormun/servlet/trpermisosgoce? HTTP/1.1" 200 9036
