181.212.40.185 - - [26/Mar/2024:12:23:22 -0300] "POST /cormun/servlet/solicitudot?gx-no-cache=1711466417116 HTTP/1.1" 200 38
200.54.107.2 - - [26/Mar/2024:12:23:23 -0300] "GET /cormun/servlet/solicitudotadjuntos?01f05ccf8a35d5e8f3b7bf7a521bbabc3631fa3cf2d4561a697998a30992f76b,gx-no-cache=1711466418635 HTTP/1.1" 200 30
200.54.107.2 - - [26/Mar/2024:12:23:23 -0300] "GET /cormun/servlet/solicitudotadjuntos?01f05ccf8a35d5e8f3b7bf7a521bbabc3631fa3cf2d4561a697998a30992f76b,gx-no-cache=1711466418652 HTTP/1.1" 200 30
200.54.107.2 - - [26/Mar/2024:12:23:24 -0300] "POST /cormun/servlet/solicitudotadjuntos?c6cc1b089b183867a2d6c07de2fb33eb,INS,2024,20908,,1, HTTP/1.1" 200 116
200.54.107.2 - - [26/Mar/2024:12:23:24 -0300] "GET /cormun/servlet/hpexe_return? HTTP/1.1" 200 1023
200.54.107.2 - - [26/Mar/2024:12:23:24 -0300] "GET /cormun/static/gxcfg.js?20221129846035 HTTP/1.1" 200 953
200.54.107.2 - - [26/Mar/2024:12:23:24 -0300] "GET /cormun/static/hpexe_return.js?20221129846037 HTTP/1.1" 200 1633
200.54.107.2 - - [26/Mar/2024:12:23:24 -0300] "GET /cormun/servlet/trsolicitudadjuntos?2024,20908, HTTP/1.1" 200 10638
181.212.40.185 - - [26/Mar/2024:12:23:25 -0300] "GET /cormun/servlet/solicitudot?47dc234e8dbf210d1377fd28fefc32973264afcf114178c34ec49c819db21032f5e7c43b5a7a5e53b15b5cc40d93449950e44bdb79030cc30948eedbae6fa003433ebdc96e13188c180d2ecbe72c24827f8c7e850741e06919e2382d43cbbd31433b07fa3b3ceae3ee41ed98847dced8,gx-no-cache=1711466419905 HTTP/1.1" 200 110
181.212.40.185 - - [26/Mar/2024:12:23:25 -0300] "POST /cormun/servlet/solicitudot?gx-no-cache=1711466419922 HTTP/1.1" 200 97
200.54.107.2 - - [26/Mar/2024:12:23:28 -0300] "GET /cormun/servlet/trsolicitudot? HTTP/1.1" 200 8869
181.212.40.185 - - [26/Mar/2024:12:23:31 -0300] "GET /cormun/servlet/solicitudot?47dc234e8dbf210d1377fd28fefc3297fa605ea86b82cfb663e61c27948b8b64d729b83c401ba76363a3015879238af0c22f00dea80135069b79dd6d2c5c4292564fdee73b1fe3aeec6b2a6af3745c7d3516d23acbc46da9be96c7ba0933baa7f3258d3476032dcd582de4716147e215,gx-no-cache=1711466426236 HTTP/1.1" 200 29
200.54.107.2 - - [26/Mar/2024:12:23:31 -0300] "POST /cormun/servlet/trsolicitudot?c6cc1b089b183867a2d6c07de2fb33eb,,gx-no-cache=1711466426356 HTTP/1.1" 200 4606
200.54.107.2 - - [26/Mar/2024:12:23:31 -0300] "GET /cormun/static/Shared/jqueryui/images/ui-bg_highlight-soft_100_c6c2c8_1x100.png HTTP/1.1" 404 1117
200.54.107.2 - - [26/Mar/2024:12:23:31 -0300] "GET /cormun/static/Shared/jqueryui/images/ui-icons_82798d_256x240.png HTTP/1.1" 404 1089
200.54.107.2 - - [26/Mar/2024:12:23:31 -0300] "GET /cormun/static/Shared/jqueryui/images/ui-bg_flat_55_fafafa_40x100.png HTTP/1.1" 404 1097
200.54.107.2 - - [26/Mar/2024:12:23:31 -0300] "GET /cormun/static/Shared/jqueryui/images/ui-icons_8d78a5_256x240.png HTTP/1.1" 404 1089
200.54.107.2 - - [26/Mar/2024:12:23:31 -0300] "POST /cormun/servlet/trsolicitudot?c6cc1b089b183867a2d6c07de2fb33eb,,gx-no-cache=1711466426592 HTTP/1.1" 200 4367
181.212.40.185 - - [26/Mar/2024:12:23:32 -0300] "GET /cormun/static/menuarrow.gif HTTP/1.1" 404 1015
181.212.40.185 - - [26/Mar/2024:12:23:36 -0300] "GET /cormun/servlet/solicitudot?47dc234e8dbf210d1377fd28fefc32971150816a8b884c5e2cd9975aa5425c6b2694c3e7ff9a7f1ada50959b1172b278,gx-no-cache=1711466431647 HTTP/1.1" 200 30
200.54.107.2 - - [26/Mar/2024:12:23:37 -0300] "GET /cormun/servlet/trautorizarsolicitud? HTTP/1.1" 200 8885
200.54.107.2 - - [26/Mar/2024:12:23:45 -0300] "POST /cormun/servlet/trautorizarsolicitud?c6cc1b089b183867a2d6c07de2fb33eb,,gx-no-cache=1711466439933 HTTP/1.1" 200 4787
200.54.107.2 - - [26/Mar/2024:12:23:45 -0300] "POST /cormun/servlet/trautorizarsolicitud?c6cc1b089b183867a2d6c07de2fb33eb,,gx-no-cache=1711466440060 HTTP/1.1" 200 4549
181.212.40.185 - - [26/Mar/2024:12:23:46 -0300] "POST /cormun/servlet/solicitudot?gx-no-cache=1711466441380 HTTP/1.1" 200 30
181.212.47.137 - - [26/Mar/2024:12:23:49 -0300] "GET /cormun/servlet/vesolicitudgral?2024,21080,,SolicitudOTAdjuntos HTTP/1.1" 200 11098
181.212.47.137 - - [26/Mar/2024:12:23:49 -0300] "GET /cormun/pexe_scrolldiv.js HTTP/1.1" 404 1009
181.212.47.137 - - [26/Mar/2024:12:23:50 -0300] "POST /cormun/servlet/acontrolpreferencessavestate?None,RRHH+DANIELA,true HTTP/1.1" 200 35
181.212.47.137 - - [26/Mar/2024:12:23:52 -0300] "GET /cormun/servlet/vesolicitudgral?2024,21080,,General HTTP/1.1" 200 8448
181.212.47.137 - - [26/Mar/2024:12:23:52 -0300] "GET /cormun/pexe_scrolldiv.js HTTP/1.1" 404 1009
190.171.143.82 - - [26/Mar/2024:12:24:05 -0300] "GET /cormun/servlet/trfichaempleado? HTTP/1.1" 200 12499
200.54.107.2 - - [26/Mar/2024:12:24:37 -0300] "GET /cormun/servlet/trsolicitudot? HTTP/1.1" 200 7397
200.54.107.2 - - [26/Mar/2024:12:24:45 -0300] "GET /cormun/servlet/solicitudot?INS,0,0,false, HTTP/1.1" 200 16340
200.54.107.2 - - [26/Mar/2024:12:24:46 -0300] "GET /cormun/static/gxcfg.js?20221129840861 HTTP/1.1" 200 953
200.54.107.2 - - [26/Mar/2024:12:24:46 -0300] "GET /cormun/static/Resources/prompt.gif HTTP/1.1" 200 902
200.54.107.2 - - [26/Mar/2024:12:24:46 -0300] "GET /cormun/static/solicitudot.js?20221129840983 HTTP/1.1" 200 74072
190.171.141.106 - - [26/Mar/2024:12:25:14 -0300] "POST /cormun/servlet/hlogin?5e148d7de0a7ef07b9df479e38e55772,gx-no-cache=1711466528875 HTTP/1.1" 440 972
190.171.141.106 - - [26/Mar/2024:12:25:21 -0300] "GET /cormun/servlet/hlogin HTTP/1.1" 200 1733
200.54.107.2 - - [26/Mar/2024:12:25:23 -0300] "POST /cormun/servlet/solicitudot?gx-no-cache=1711466538637 HTTP/1.1" 200 4031
200.54.107.2 - - [26/Mar/2024:12:25:24 -0300] "POST /cormun/servlet/solicitudot?c6cc1b089b183867a2d6c07de2fb33eb,INS,0,0,false,,gx-no-cache=1711466538766 HTTP/1.1" 200 12875
190.171.141.106 - - [26/Mar/2024:12:25:24 -0300] "POST /cormun/servlet/hlogin?e285345dcd5b68722722fa16ee964f2f,gx-no-cache=1711466538944 HTTP/1.1" 200 441
200.54.107.2 - - [26/Mar/2024:12:25:26 -0300] "GET /cormun/servlet/solicitudot?01f05ccf8a35d5e8f3b7bf7a521bbabc144dcc258e3fd256e329553d8616decdc545fd83e6236fb2b6135888752b01b5,gx-no-cache=1711466541177 HTTP/1.1" 200 30
190.171.141.106 - - [26/Mar/2024:12:25:39 -0300] "POST /cormun/servlet/hlogin?e285345dcd5b68722722fa16ee964f2f,gx-no-cache=1711466554003 HTTP/1.1" 200 90
190.171.141.106 - - [26/Mar/2024:12:25:39 -0300] "GET /cormun/servlet/hpexe_link HTTP/1.1" 200 954
190.171.141.106 - - [26/Mar/2024:12:25:39 -0300] "GET /cormun/servlet/hhome HTTP/1.1" 200 4274
190.171.141.106 - - [26/Mar/2024:12:25:43 -0300] "GET /cormun/servlet/trautorizarsolicitud? HTTP/1.1" 200 7389
190.171.141.106 - - [26/Mar/2024:12:25:49 -0300] "GET /cormun/servlet/trautorizarsolicitud? HTTP/1.1" 200 7389
181.212.47.137 - - [26/Mar/2024:12:26:42 -0300] "GET /cormun/servlet/trsolicitudgral? HTTP/1.1" 200 11141
181.212.40.185 - - [26/Mar/2024:12:27:56 -0300] "POST /cormun/servlet/solicitudot?6823f9398d07428452c241ccd88d2490,INS,0,0,false,,gx-no-cache=1711466690594 HTTP/1.1" 200 93
181.212.40.185 - - [26/Mar/2024:12:27:56 -0300] "GET /cormun/servlet/hpexe_return? HTTP/1.1" 200 1008
181.212.40.185 - - [26/Mar/2024:12:27:56 -0300] "GET /cormun/servlet/trsolicitudot HTTP/1.1" 200 9861
181.212.47.137 - - [26/Mar/2024:12:28:15 -0300] "POST /cormun/servlet/trsolicitudgral?8289079facef3267739b074a3b64e621,,gx-no-cache=1711466692827 HTTP/1.1" 200 6656
200.54.107.2 - - [26/Mar/2024:12:28:15 -0300] "GET /cormun/static/Resources/PXTools/ClosePrompt.png HTTP/1.1" 200 1036
200.54.107.2 - - [26/Mar/2024:12:28:15 -0300] "GET /cormun/static/Resources/resize.gif HTTP/1.1" 200 77
200.54.107.2 - - [26/Mar/2024:12:28:15 -0300] "GET /cormun/servlet/prbanco?,MD,,gxPopupLevel%3D0%3B HTTP/1.1" 200 6700
200.54.107.2 - - [26/Mar/2024:12:28:15 -0300] "GET /cormun/static/gxcfg.js?20201216131581 HTTP/1.1" 200 953
200.54.107.2 - - [26/Mar/2024:12:28:15 -0300] "GET /cormun/static/prbanco.js?20201216132311 HTTP/1.1" 200 10693
200.54.107.2 - - [26/Mar/2024:12:28:15 -0300] "GET /cormun/static/Resources/PXToolsMenuSearch.png HTTP/1.1" 200 336
200.54.107.2 - - [26/Mar/2024:12:28:15 -0300] "GET /cormun/static/hmpwkw011.js?202211298443482 HTTP/1.1" 200 1968
200.54.107.2 - - [26/Mar/2024:12:28:15 -0300] "GET /cormun/static/menusearch.js?20201214473581 HTTP/1.1" 200 1424
200.54.107.2 - - [26/Mar/2024:12:28:15 -0300] "GET /cormun/static/Resources/PXToolsMenuSearchCancel.png HTTP/1.1" 200 306
200.54.107.2 - - [26/Mar/2024:12:28:21 -0300] "GET /cormun/servlet/solicitudot?01f05ccf8a35d5e8f3b7bf7a521bbabc68226d08a3bdd7cdb349af099cfdbe8505baec7c36fcee1f48024b5da96ab416adff45badb84df72f2b420eb68dd2b46,gx-no-cache=1711466715758 HTTP/1.1" 200 30
200.54.107.2 - - [26/Mar/2024:12:28:22 -0300] "GET /cormun/servlet/solicitudot?01f05ccf8a35d5e8f3b7bf7a521bbabc4bb0734efd1a6590d23d4f476252d862,gx-no-cache=1711466717278 HTTP/1.1" 200 45
181.212.47.137 - - [26/Mar/2024:12:28:23 -0300] "GET /cormun/servlet/vesolicitudgral?2024,21071,, HTTP/1.1" 200 8392
181.212.47.137 - - [26/Mar/2024:12:28:23 -0300] "GET /cormun/pexe_scrolldiv.js HTTP/1.1" 404 1009
200.54.107.2 - - [26/Mar/2024:12:28:45 -0300] "POST /cormun/servlet/solicitudot?c6cc1b089b183867a2d6c07de2fb33eb,INS,0,0,false,,gx-no-cache=1711466739827 HTTP/1.1" 200 13085
200.54.107.2 - - [26/Mar/2024:12:28:47 -0300] "GET /cormun/servlet/solicitudot?01f05ccf8a35d5e8f3b7bf7a521bbabc13bac47d31735e34a41ed282c55f21ac064bdde2ab730c2bbbb401ef00257ed5,gx-no-cache=1711466742155 HTTP/1.1" 200 45
200.54.107.2 - - [26/Mar/2024:12:28:52 -0300] "POST /cormun/servlet/solicitudot?gx-no-cache=1711466747533 HTTP/1.1" 200 240
200.54.107.2 - - [26/Mar/2024:12:28:54 -0300] "GET /cormun/servlet/solicitudot?01f05ccf8a35d5e8f3b7bf7a521bbabce1206c539cb419b210a46c9791374ac06621b84152ebc3977a913fe100a9937767151c0278de207febfadcdeeea4d875025ba21f55786d2355e50fed4bcf5d2cf40f9e33bdb4ec622c0bfe93d04cd980a480545500840cf883a5bf517376015e9635a3c0f9bdaeb233acb5e759045ed219763d9e535049cd9cf032ccd5f5dd4fa2663424ea509783cdf7ed3cc38c085d0ae7d16a4b29d2ce7442948002850ccf49844896ebeac09ddb450acccac9660ce4e195ad0a28ca1876a3a87e82f7927fd46b95f245384e3011fbcbcb7d347f032334492d5bcb3b31d06d91db23e419df947230d633d82b223c8b77bc5e586464a685cf23f3f8a0db5fc31bf2055530fd288b0f93dd3ecf94e0acf2bd5a560ed4f0d998132e700615086da1f0c360835dea157a378dc1e6ac5fdfabacb7bcf69f44da11659ab89ac7490260edb1756b59be8641e5c58e1e2886fbb06ab1501e0fb72766a85746a5948f75941a16ce2755a52105832c678e601d6ed4bd3a96f02f,gx-no-cache=1711466749594 HTTP/1.1" 200 30
200.54.107.2 - - [26/Mar/2024:12:28:59 -0300] "POST /cormun/servlet/solicitudot?gx-no-cache=1711466753860 HTTP/1.1" 200 30
181.212.40.185 - - [26/Mar/2024:12:29:07 -0300] "POST /cormun/servlet/trsolicitudot?6823f9398d07428452c241ccd88d2490,gx-no-cache=1711466761820 HTTP/1.1" 200 106
181.212.40.185 - - [26/Mar/2024:12:29:07 -0300] "GET /cormun/servlet/trsolicitudadjuntos?2024,21115, HTTP/1.1" 200 6319
181.212.40.185 - - [26/Mar/2024:12:29:09 -0300] "GET /cormun/servlet/solicitudotadjuntos?INS,2024,21115,,2, HTTP/1.1" 200 6261
181.212.40.185 - - [26/Mar/2024:12:29:10 -0300] "GET /cormun/static/about:blank HTTP/1.1" 404 1011
181.212.40.185 - - [26/Mar/2024:12:29:10 -0300] "GET /cormun/servlet/solicitudotadjuntos?47dc234e8dbf210d1377fd28fefc3297c0dc826c21e91635ef4b24bff6b953e7dc64fffb864f03f52ef263b01c9a22d2,gx-no-cache=1711466765260 HTTP/1.1" 200 30
181.212.40.185 - - [26/Mar/2024:12:29:10 -0300] "POST /cormun/servlet/solicitudotadjuntos?6823f9398d07428452c241ccd88d2490,INS,2024,21115,,2,,gx-no-cache=1711466765271 HTTP/1.1" 200 4369
181.212.40.185 - - [26/Mar/2024:12:29:13 -0300] "POST /cormun/servlet/solicitudotadjuntos?gx-no-cache=1711466768724 HTTP/1.1" 200 26
181.212.40.185 - - [26/Mar/2024:12:29:24 -0300] "GET /cormun/servlet/solicitudotadjuntos?47dc234e8dbf210d1377fd28fefc3297b7f7b640386b331cde9c95e714db9e54,gx-no-cache=1711466779616 HTTP/1.1" 200 30
181.212.40.185 - - [26/Mar/2024:12:29:24 -0300] "GET /cormun/servlet/solicitudotadjuntos?47dc234e8dbf210d1377fd28fefc3297b7f7b640386b331cde9c95e714db9e54,gx-no-cache=1711466779642 HTTP/1.1" 200 30
181.212.40.185 - - [26/Mar/2024:12:29:24 -0300] "POST /cormun/servlet/solicitudotadjuntos?6823f9398d07428452c241ccd88d2490,INS,2024,21115,,2, HTTP/1.1" 200 116
181.212.40.185 - - [26/Mar/2024:12:29:24 -0300] "GET /cormun/servlet/hpexe_return? HTTP/1.1" 200 1024
181.212.40.185 - - [26/Mar/2024:12:29:24 -0300] "GET /cormun/servlet/trsolicitudadjuntos?2024,21115, HTTP/1.1" 200 9230
181.212.40.185 - - [26/Mar/2024:12:29:26 -0300] "GET /cormun/servlet/solicitudotadjuntos?INS,2024,21115,,1, HTTP/1.1" 200 6263
181.212.40.185 - - [26/Mar/2024:12:29:27 -0300] "GET /cormun/static/about:blank HTTP/1.1" 404 1011
181.212.40.185 - - [26/Mar/2024:12:29:27 -0300] "GET /cormun/servlet/solicitudotadjuntos?47dc234e8dbf210d1377fd28fefc3297c0dc826c21e91635ef4b24bff6b953e7dc64fffb864f03f52ef263b01c9a22d2,gx-no-cache=1711466782352 HTTP/1.1" 200 30
181.212.40.185 - - [26/Mar/2024:12:29:27 -0300] "POST /cormun/servlet/solicitudotadjuntos?6823f9398d07428452c241ccd88d2490,INS,2024,21115,,1,,gx-no-cache=1711466782390 HTTP/1.1" 200 4155
181.212.40.185 - - [26/Mar/2024:12:29:31 -0300] "POST /cormun/servlet/solicitudotadjuntos?gx-no-cache=1711466786794 HTTP/1.1" 200 26
181.212.40.185 - - [26/Mar/2024:12:29:35 -0300] "GET /cormun/servlet/solicitudotadjuntos?47dc234e8dbf210d1377fd28fefc3297b7f7b640386b331cde9c95e714db9e54,gx-no-cache=1711466790064 HTTP/1.1" 200 30
181.212.40.185 - - [26/Mar/2024:12:29:35 -0300] "GET /cormun/servlet/solicitudotadjuntos?47dc234e8dbf210d1377fd28fefc3297b7f7b640386b331cde9c95e714db9e54,gx-no-cache=1711466790073 HTTP/1.1" 200 30
181.212.40.185 - - [26/Mar/2024:12:29:35 -0300] "POST /cormun/servlet/solicitudotadjuntos?6823f9398d07428452c241ccd88d2490,INS,2024,21115,,1, HTTP/1.1" 200 116
181.212.40.185 - - [26/Mar/2024:12:29:35 -0300] "GET /cormun/servlet/hpexe_return? HTTP/1.1" 200 1024
181.212.40.185 - - [26/Mar/2024:12:29:35 -0300] "GET /cormun/servlet/trsolicitudadjuntos?2024,21115, HTTP/1.1" 200 9484
200.54.107.2 - - [26/Mar/2024:12:29:36 -0300] "POST /cormun/servlet/solicitudot?gx-no-cache=1711466791423 HTTP/1.1" 200 1474
200.54.107.2 - - [26/Mar/2024:12:29:36 -0300] "POST /cormun/servlet/solicitudot?gx-no-cache=1711466791487 HTTP/1.1" 200 38
181.212.40.185 - - [26/Mar/2024:12:29:37 -0300] "GET /cormun/servlet/solicitudotadjuntos?INS,2024,21115,,1, HTTP/1.1" 200 6263
181.212.40.185 - - [26/Mar/2024:12:29:37 -0300] "GET /cormun/static/about:blank HTTP/1.1" 404 1011
181.212.40.185 - - [26/Mar/2024:12:29:37 -0300] "GET /cormun/servlet/solicitudotadjuntos?47dc234e8dbf210d1377fd28fefc3297c0dc826c21e91635ef4b24bff6b953e7dc64fffb864f03f52ef263b01c9a22d2,gx-no-cache=1711466792517 HTTP/1.1" 200 30
181.212.40.185 - - [26/Mar/2024:12:29:37 -0300] "POST /cormun/servlet/solicitudotadjuntos?6823f9398d07428452c241ccd88d2490,INS,2024,21115,,1,,gx-no-cache=1711466792539 HTTP/1.1" 200 4155
181.212.40.185 - - [26/Mar/2024:12:29:41 -0300] "POST /cormun/servlet/solicitudotadjuntos?gx-no-cache=1711466796232 HTTP/1.1" 200 26
181.212.40.185 - - [26/Mar/2024:12:29:44 -0300] "POST /cormun/servlet/solicitudotadjuntos?gx-no-cache=1711466799415 HTTP/1.1" 200 26
181.212.40.185 - - [26/Mar/2024:12:29:51 -0300] "GET /cormun/servlet/solicitudotadjuntos?47dc234e8dbf210d1377fd28fefc3297b7f7b640386b331cde9c95e714db9e54,gx-no-cache=1711466805872 HTTP/1.1" 200 30
181.212.40.185 - - [26/Mar/2024:12:29:51 -0300] "GET /cormun/servlet/solicitudotadjuntos?47dc234e8dbf210d1377fd28fefc3297b7f7b640386b331cde9c95e714db9e54,gx-no-cache=1711466805882 HTTP/1.1" 200 30
181.212.40.185 - - [26/Mar/2024:12:29:51 -0300] "POST /cormun/servlet/solicitudotadjuntos?6823f9398d07428452c241ccd88d2490,INS,2024,21115,,1, HTTP/1.1" 200 116
181.212.40.185 - - [26/Mar/2024:12:29:51 -0300] "GET /cormun/servlet/hpexe_return? HTTP/1.1" 200 1024
181.212.40.185 - - [26/Mar/2024:12:29:51 -0300] "GET /cormun/servlet/trsolicitudadjuntos?2024,21115, HTTP/1.1" 200 9758
181.212.40.185 - - [26/Mar/2024:12:29:53 -0300] "GET /cormun/servlet/solicitudotadjuntos?INS,2024,21115,,1, HTTP/1.1" 200 6263
181.212.40.185 - - [26/Mar/2024:12:29:53 -0300] "GET /cormun/static/about:blank HTTP/1.1" 404 1011
181.212.40.185 - - [26/Mar/2024:12:29:54 -0300] "GET /cormun/servlet/solicitudotadjuntos?47dc234e8dbf210d1377fd28fefc3297c0dc826c21e91635ef4b24bff6b953e7dc64fffb864f03f52ef263b01c9a22d2,gx-no-cache=1711466809274 HTTP/1.1" 200 30
181.212.40.185 - - [26/Mar/2024:12:29:54 -0300] "POST /cormun/servlet/solicitudotadjuntos?6823f9398d07428452c241ccd88d2490,INS,2024,21115,,1,,gx-no-cache=1711466809285 HTTP/1.1" 200 4155
181.212.40.185 - - [26/Mar/2024:12:29:56 -0300] "POST /cormun/servlet/solicitudotadjuntos?gx-no-cache=1711466811392 HTTP/1.1" 200 26
181.212.40.185 - - [26/Mar/2024:12:29:59 -0300] "GET /cormun/servlet/solicitudotadjuntos?47dc234e8dbf210d1377fd28fefc3297b7f7b640386b331cde9c95e714db9e54,gx-no-cache=1711466814768 HTTP/1.1" 200 30
181.212.40.185 - - [26/Mar/2024:12:29:59 -0300] "GET /cormun/servlet/solicitudotadjuntos?47dc234e8dbf210d1377fd28fefc3297b7f7b640386b331cde9c95e714db9e54,gx-no-cache=1711466814778 HTTP/1.1" 200 30
181.212.40.185 - - [26/Mar/2024:12:30:00 -0300] "POST /cormun/servlet/solicitudotadjuntos?6823f9398d07428452c241ccd88d2490,INS,2024,21115,,1, HTTP/1.1" 200 116
181.212.40.185 - - [26/Mar/2024:12:30:00 -0300] "GET /cormun/servlet/hpexe_return? HTTP/1.1" 200 1024
181.212.40.185 - - [26/Mar/2024:12:30:00 -0300] "GET /cormun/servlet/trsolicitudadjuntos?2024,21115, HTTP/1.1" 200 9985
181.212.40.185 - - [26/Mar/2024:12:30:08 -0300] "GET /cormun/servlet/solicitudotadjuntos?INS,2024,21115,,1, HTTP/1.1" 200 6263
181.212.40.185 - - [26/Mar/2024:12:30:08 -0300] "GET /cormun/static/about:blank HTTP/1.1" 404 1011
181.212.40.185 - - [26/Mar/2024:12:30:09 -0300] "GET /cormun/servlet/solicitudotadjuntos?47dc234e8dbf210d1377fd28fefc3297c0dc826c21e91635ef4b24bff6b953e7dc64fffb864f03f52ef263b01c9a22d2,gx-no-cache=1711466824019 HTTP/1.1" 200 30
181.212.40.185 - - [26/Mar/2024:12:30:09 -0300] "POST /cormun/servlet/solicitudotadjuntos?6823f9398d07428452c241ccd88d2490,INS,2024,21115,,1,,gx-no-cache=1711466824031 HTTP/1.1" 200 4155
181.212.40.185 - - [26/Mar/2024:12:30:11 -0300] "POST /cormun/servlet/solicitudotadjuntos?gx-no-cache=1711466825903 HTTP/1.1" 200 26
181.212.40.185 - - [26/Mar/2024:12:30:17 -0300] "GET /cormun/servlet/solicitudotadjuntos?47dc234e8dbf210d1377fd28fefc3297b7f7b640386b331cde9c95e714db9e54,gx-no-cache=1711466831919 HTTP/1.1" 200 30
181.212.40.185 - - [26/Mar/2024:12:30:17 -0300] "GET /cormun/servlet/solicitudotadjuntos?47dc234e8dbf210d1377fd28fefc3297b7f7b640386b331cde9c95e714db9e54,gx-no-cache=1711466831929 HTTP/1.1" 200 30
181.212.40.185 - - [26/Mar/2024:12:30:17 -0300] "POST /cormun/servlet/solicitudotadjuntos?6823f9398d07428452c241ccd88d2490,INS,2024,21115,,1, HTTP/1.1" 200 116
181.212.40.185 - - [26/Mar/2024:12:30:17 -0300] "GET /cormun/servlet/hpexe_return? HTTP/1.1" 200 1024
181.212.40.185 - - [26/Mar/2024:12:30:17 -0300] "GET /cormun/servlet/trsolicitudadjuntos?2024,21115, HTTP/1.1" 200 10287
181.212.40.185 - - [26/Mar/2024:12:30:19 -0300] "GET /cormun/servlet/solicitudotadjuntos?INS,2024,21115,,1, HTTP/1.1" 200 6263
181.212.40.185 - - [26/Mar/2024:12:30:19 -0300] "GET /cormun/static/about:blank HTTP/1.1" 404 1011
181.212.40.185 - - [26/Mar/2024:12:30:20 -0300] "GET /cormun/servlet/solicitudotadjuntos?47dc234e8dbf210d1377fd28fefc3297c0dc826c21e91635ef4b24bff6b953e7dc64fffb864f03f52ef263b01c9a22d2,gx-no-cache=1711466834906 HTTP/1.1" 200 30
181.212.40.185 - - [26/Mar/2024:12:30:20 -0300] "POST /cormun/servlet/solicitudotadjuntos?6823f9398d07428452c241ccd88d2490,INS,2024,21115,,1,,gx-no-cache=1711466834917 HTTP/1.1" 200 4155
181.212.40.185 - - [26/Mar/2024:12:30:24 -0300] "POST /cormun/servlet/solicitudotadjuntos?gx-no-cache=1711466839176 HTTP/1.1" 200 26
190.171.143.82 - - [26/Mar/2024:12:30:27 -0300] "GET /cormun/servlet/fichaempleado?UPD,16126097, HTTP/1.1" 500 10
181.212.40.185 - - [26/Mar/2024:12:30:29 -0300] "GET /cormun/servlet/solicitudotadjuntos?47dc234e8dbf210d1377fd28fefc3297b7f7b640386b331cde9c95e714db9e54,gx-no-cache=1711466844256 HTTP/1.1" 200 30
181.212.40.185 - - [26/Mar/2024:12:30:29 -0300] "GET /cormun/servlet/solicitudotadjuntos?47dc234e8dbf210d1377fd28fefc3297b7f7b640386b331cde9c95e714db9e54,gx-no-cache=1711466844266 HTTP/1.1" 200 30
181.212.40.185 - - [26/Mar/2024:12:30:29 -0300] "POST /cormun/servlet/solicitudotadjuntos?6823f9398d07428452c241ccd88d2490,INS,2024,21115,,1, HTTP/1.1" 200 116
181.212.40.185 - - [26/Mar/2024:12:30:29 -0300] "GET /cormun/servlet/hpexe_return? HTTP/1.1" 200 1024
181.212.40.185 - - [26/Mar/2024:12:30:29 -0300] "GET /cormun/servlet/trsolicitudadjuntos?2024,21115, HTTP/1.1" 200 10512
181.212.40.185 - - [26/Mar/2024:12:30:34 -0300] "POST /cormun/servlet/trsolicitudadjuntos?6823f9398d07428452c241ccd88d2490,2024,21115,,gx-no-cache=1711466849690 HTTP/1.1" 200 90
181.212.40.185 - - [26/Mar/2024:12:30:34 -0300] "GET /cormun/servlet/hpexe_link HTTP/1.1" 200 967
181.212.40.185 - - [26/Mar/2024:12:30:35 -0300] "GET /cormun/servlet/trsolicitudot HTTP/1.1" 200 9858
200.54.107.2 - - [26/Mar/2024:12:30:48 -0300] "GET /cormun/servlet/solicitudot?01f05ccf8a35d5e8f3b7bf7a521bbabc8c36b89d88ffeb669b8874b250f32134beaaa6bdeee84c8259041787e311d7061ba1fd09d5a7884b72540b762e9bee236a95c3e38561fefa73a9cf934af325aae5029f5074afcc2aefc637cb7267cd597bb968bdce501a0fd03c23d6fda757c0,gx-no-cache=1711466863641 HTTP/1.1" 200 110
200.54.107.2 - - [26/Mar/2024:12:30:48 -0300] "POST /cormun/servlet/solicitudot?gx-no-cache=1711466863679 HTTP/1.1" 200 83
190.171.143.82 - - [26/Mar/2024:12:33:23 -0300] "GET /cormun/servlet/trfichaempleado? HTTP/1.1" 200 12499
200.54.107.2 - - [26/Mar/2024:12:33:32 -0300] "GET /cormun/servlet/solicitudot?01f05ccf8a35d5e8f3b7bf7a521bbabc0ceb4cc3aeff6560b86675b1b89f07329da227c201544b82e7adbb77a91493f422e3052bf1e51b286663fad5e03c5a1c34b909bf9d6fe994849e5e8d479abe8623c23f20e304ec0330f3e4ba6c6e92e66a0d438897155007a3efa8e28d97adda,gx-no-cache=1711467027273 HTTP/1.1" 200 29
200.54.107.2 - - [26/Mar/2024:12:33:32 -0300] "GET /cormun/static/menuarrow.gif HTTP/1.1" 404 1015
200.54.107.2 - - [26/Mar/2024:12:33:36 -0300] "GET /cormun/servlet/solicitudot?01f05ccf8a35d5e8f3b7bf7a521bbabc187dc1f9345660522a07aa3e3faadfe406818b2a019e8ffce7b76080232b93e6,gx-no-cache=1711467031336 HTTP/1.1" 200 30
200.54.107.2 - - [26/Mar/2024:12:33:48 -0300] "POST /cormun/servlet/solicitudot?gx-no-cache=1711467043193 HTTP/1.1" 200 30
200.54.107.2 - - [26/Mar/2024:12:33:48 -0300] "POST /cormun/servlet/solicitudot?c6cc1b089b183867a2d6c07de2fb33eb,INS,0,0,false,,gx-no-cache=1711467043219 HTTP/1.1" 200 93
200.54.107.2 - - [26/Mar/2024:12:33:49 -0300] "GET /cormun/servlet/hpexe_return? HTTP/1.1" 200 1005
200.54.107.2 - - [26/Mar/2024:12:33:49 -0300] "GET /cormun/servlet/trsolicitudot HTTP/1.1" 200 8860
181.212.47.137 - - [26/Mar/2024:12:33:51 -0300] "POST /cormun/servlet/vesolicitudgral?8289079facef3267739b074a3b64e621,2024,21071,,,gx-no-cache=1711467029219 HTTP/1.1" 200 12542
181.212.47.137 - - [26/Mar/2024:12:33:51 -0300] "GET /cormun/static/Shared/jqueryui/images/ui-bg_highlight-soft_100_c6c2c8_1x100.png HTTP/1.1" 404 1117
181.212.47.137 - - [26/Mar/2024:12:33:51 -0300] "GET /cormun/static/Shared/jqueryui/images/ui-icons_82798d_256x240.png HTTP/1.1" 404 1089
181.212.47.137 - - [26/Mar/2024:12:33:51 -0300] "GET /cormun/static/Shared/jqueryui/images/ui-bg_flat_55_fafafa_40x100.png HTTP/1.1" 404 1097
181.212.47.137 - - [26/Mar/2024:12:33:51 -0300] "GET /cormun/static/Shared/jqueryui/images/ui-icons_8d78a5_256x240.png HTTP/1.1" 404 1089
181.212.47.137 - - [26/Mar/2024:12:33:53 -0300] "GET /cormun/servlet/vesolicitudgral?2024,21071,,SolicitudOTAdjuntos HTTP/1.1" 200 7090
181.212.47.137 - - [26/Mar/2024:12:33:53 -0300] "GET /cormun/pexe_scrolldiv.js HTTP/1.1" 404 1009
181.212.47.137 - - [26/Mar/2024:12:33:54 -0300] "POST /cormun/servlet/acontrolpreferencessavestate?None,RRHH+DANIELA,true HTTP/1.1" 200 35
181.212.47.137 - - [26/Mar/2024:12:33:55 -0300] "GET /cormun/servlet/vesolicitudgral?2024,21071,,General HTTP/1.1" 200 8395
181.212.47.137 - - [26/Mar/2024:12:33:55 -0300] "GET /cormun/pexe_scrolldiv.js HTTP/1.1" 404 1009
181.212.47.137 - - [26/Mar/2024:12:34:24 -0300] "GET /cormun/servlet/vesolicitudgral?2024,21071,,SolicitudOTAdjuntos HTTP/1.1" 200 7090
181.212.47.137 - - [26/Mar/2024:12:34:25 -0300] "POST /cormun/servlet/acontrolpreferencessavestate?None,RRHH+DANIELA,true HTTP/1.1" 200 35
181.212.47.137 - - [26/Mar/2024:12:34:26 -0300] "GET /cormun/servlet/trsolicitudgral? HTTP/1.1" 200 9718
181.212.47.137 - - [26/Mar/2024:12:34:53 -0300] "POST /cormun/servlet/trsolicitudgral?8289079facef3267739b074a3b64e621,,gx-no-cache=1711467091360 HTTP/1.1" 200 8395
181.212.47.137 - - [26/Mar/2024:12:35:58 -0300] "POST /cormun/servlet/trsolicitudgral?8289079facef3267739b074a3b64e621,,gx-no-cache=1711467156200 HTTP/1.1" 200 5272
181.212.47.137 - - [26/Mar/2024:12:36:05 -0300] "POST /cormun/servlet/trsolicitudgral?8289079facef3267739b074a3b64e621,,gx-no-cache=1711467163559 HTTP/1.1" 200 5271
181.212.47.137 - - [26/Mar/2024:12:36:06 -0300] "POST /cormun/servlet/trsolicitudgral?8289079facef3267739b074a3b64e621,,gx-no-cache=1711467164181 HTTP/1.1" 200 5271
181.212.40.185 - - [26/Mar/2024:12:37:08 -0300] "POST /cormun/servlet/trsolicitudot?6823f9398d07428452c241ccd88d2490,gx-no-cache=1711467242754 HTTP/1.1" 200 6601
181.212.40.185 - - [26/Mar/2024:12:37:08 -0300] "POST /cormun/servlet/trsolicitudot?6823f9398d07428452c241ccd88d2490,gx-no-cache=1711467242906 HTTP/1.1" 200 6582
181.212.40.185 - - [26/Mar/2024:12:37:24 -0300] "POST /cormun/servlet/trsolicitudot?6823f9398d07428452c241ccd88d2490,gx-no-cache=1711467259399 HTTP/1.1" 200 4374
181.212.40.185 - - [26/Mar/2024:12:37:25 -0300] "POST /cormun/servlet/trsolicitudot?6823f9398d07428452c241ccd88d2490,gx-no-cache=1711467260687 HTTP/1.1" 200 4375
181.212.40.185 - - [26/Mar/2024:12:37:26 -0300] "POST /cormun/servlet/trsolicitudot?6823f9398d07428452c241ccd88d2490,gx-no-cache=1711467261575 HTTP/1.1" 200 4375
181.212.40.185 - - [26/Mar/2024:12:37:32 -0300] "POST /cormun/servlet/trsolicitudot?6823f9398d07428452c241ccd88d2490,gx-no-cache=1711467266640 HTTP/1.1" 200 4374
181.212.40.185 - - [26/Mar/2024:12:39:11 -0300] "GET /cormun/servlet/trsolicitudot? HTTP/1.1" 200 7263
181.212.40.185 - - [26/Mar/2024:12:39:15 -0300] "GET /cormun/servlet/trautorizarsolicitud? HTTP/1.1" 200 7332
181.212.40.185 - - [26/Mar/2024:12:39:18 -0300] "GET /cormun/servlet/trsolicitudot? HTTP/1.1" 200 7263
181.212.40.185 - - [26/Mar/2024:12:39:28 -0300] "GET /cormun/servlet/trsolicitudot? HTTP/1.1" 200 7263
181.212.40.185 - - [26/Mar/2024:12:39:30 -0300] "GET /cormun/servlet/trsolicitudot? HTTP/1.1" 200 7263
181.212.40.185 - - [26/Mar/2024:12:39:32 -0300] "GET /cormun/servlet/trautorizarsolicitud? HTTP/1.1" 200 7332
181.212.40.185 - - [26/Mar/2024:12:39:36 -0300] "POST /cormun/servlet/trautorizarsolicitud?6823f9398d07428452c241ccd88d2490,,gx-no-cache=1711467390913 HTTP/1.1" 200 90
181.212.40.185 - - [26/Mar/2024:12:39:36 -0300] "GET /cormun/servlet/hpexe_link HTTP/1.1" 200 961
181.212.40.185 - - [26/Mar/2024:12:39:36 -0300] "GET /cormun/servlet/trsolicitudot HTTP/1.1" 200 7264
181.212.40.185 - - [26/Mar/2024:12:39:41 -0300] "POST /cormun/servlet/trsolicitudot?6823f9398d07428452c241ccd88d2490,gx-no-cache=1711467396528 HTTP/1.1" 200 4369
181.212.40.185 - - [26/Mar/2024:12:39:44 -0300] "GET /cormun/servlet/trsolicitudot? HTTP/1.1" 200 7252
181.212.40.185 - - [26/Mar/2024:12:39:48 -0300] "GET /cormun/servlet/hlogin HTTP/1.1" 200 1736
181.212.40.185 - - [26/Mar/2024:12:39:58 -0300] "POST /cormun/servlet/hlogin?6823f9398d07428452c241ccd88d2490,gx-no-cache=1711467413655 HTTP/1.1" 200 90
181.212.40.185 - - [26/Mar/2024:12:39:58 -0300] "GET /cormun/servlet/hpexe_link HTTP/1.1" 200 955
181.212.40.185 - - [26/Mar/2024:12:39:58 -0300] "GET /cormun/servlet/trsolicitudot HTTP/1.1" 200 7254
181.212.40.185 - - [26/Mar/2024:12:40:04 -0300] "GET /cormun/servlet/trlicencias? HTTP/1.1" 200 15976
181.212.40.185 - - [26/Mar/2024:12:40:12 -0300] "GET /cormun/servlet/trsolicitudot? HTTP/1.1" 200 7252
181.212.40.185 - - [26/Mar/2024:12:40:17 -0300] "GET /cormun/servlet/trautorizarsolicitud? HTTP/1.1" 200 7332
181.212.40.185 - - [26/Mar/2024:12:40:23 -0300] "GET /cormun/servlet/trsolicitudot? HTTP/1.1" 200 7253
181.212.40.185 - - [26/Mar/2024:12:40:28 -0300] "GET /cormun/servlet/trvisualizadoreventos? HTTP/1.1" 200 6979
181.212.40.185 - - [26/Mar/2024:12:40:28 -0300] "GET /cormun/static/gxcfg.js?202211298474834 HTTP/1.1" 200 953
181.212.40.185 - - [26/Mar/2024:12:40:28 -0300] "GET /cormun/static/Resources/PXToolsActionPrint.png HTTP/1.1" 200 404
181.212.40.185 - - [26/Mar/2024:12:40:28 -0300] "GET /cormun/static/trvisualizadoreventos.js?202211298474971 HTTP/1.1" 200 19318
181.212.40.185 - - [26/Mar/2024:12:40:36 -0300] "POST /cormun/servlet/trvisualizadoreventos?6823f9398d07428452c241ccd88d2490,,gx-no-cache=1711467451305 HTTP/1.1" 200 4307
181.212.40.185 - - [26/Mar/2024:12:40:37 -0300] "POST /cormun/servlet/trvisualizadoreventos?6823f9398d07428452c241ccd88d2490,,gx-no-cache=1711467452560 HTTP/1.1" 200 4307
181.212.40.185 - - [26/Mar/2024:12:40:42 -0300] "POST /cormun/servlet/trvisualizadoreventos?6823f9398d07428452c241ccd88d2490,,gx-no-cache=1711467457296 HTTP/1.1" 200 4308
181.212.40.185 - - [26/Mar/2024:12:40:55 -0300] "GET /cormun/servlet/trvisualizadoreventos? HTTP/1.1" 200 6991
181.212.47.137 - - [26/Mar/2024:12:41:00 -0300] "POST /cormun/servlet/trsolicitudgral?8289079facef3267739b074a3b64e621,,gx-no-cache=1711467458516 HTTP/1.1" 200 5272
181.212.47.137 - - [26/Mar/2024:12:41:01 -0300] "POST /cormun/servlet/trsolicitudgral?8289079facef3267739b074a3b64e621,,gx-no-cache=1711467459018 HTTP/1.1" 200 5271
181.212.47.137 - - [26/Mar/2024:12:41:01 -0300] "POST /cormun/servlet/trsolicitudgral?8289079facef3267739b074a3b64e621,,gx-no-cache=1711467459185 HTTP/1.1" 200 5273
181.212.47.137 - - [26/Mar/2024:12:41:01 -0300] "POST /cormun/servlet/trsolicitudgral?8289079facef3267739b074a3b64e621,,gx-no-cache=1711467459345 HTTP/1.1" 200 5273
181.212.40.185 - - [26/Mar/2024:12:41:35 -0300] "POST /cormun/servlet/trvisualizadoreventos?6823f9398d07428452c241ccd88d2490,,gx-no-cache=1711467510648 HTTP/1.1" 200 4306
181.212.40.185 - - [26/Mar/2024:12:41:36 -0300] "POST /cormun/servlet/trvisualizadoreventos?6823f9398d07428452c241ccd88d2490,,gx-no-cache=1711467511511 HTTP/1.1" 200 4306
181.212.40.185 - - [26/Mar/2024:12:41:37 -0300] "POST /cormun/servlet/trvisualizadoreventos?6823f9398d07428452c241ccd88d2490,,gx-no-cache=1711467512312 HTTP/1.1" 200 111
181.212.40.185 - - [26/Mar/2024:12:41:37 -0300] "POST /cormun/servlet/trvisualizadoreventos?6823f9398d07428452c241ccd88d2490,,gx-no-cache=1711467512365 HTTP/1.1" 200 4284
181.212.40.185 - - [26/Mar/2024:12:41:37 -0300] "GET /cormun/VisualizadorEventos-3869.xls HTTP/1.1" 200 4096
181.212.40.185 - - [26/Mar/2024:12:41:55 -0300] "GET /cormun/servlet/trsolicitudot? HTTP/1.1" 200 7253
181.212.47.137 - - [26/Mar/2024:12:42:00 -0300] "POST /cormun/servlet/trsolicitudgral?8289079facef3267739b074a3b64e621,,gx-no-cache=1711467517842 HTTP/1.1" 200 17671
181.212.40.185 - - [26/Mar/2024:12:42:14 -0300] "GET /cormun/servlet/solicitudot?INS,0,0,false, HTTP/1.1" 200 16179
181.212.40.185 - - [26/Mar/2024:12:42:22 -0300] "POST /cormun/servlet/solicitudot?gx-no-cache=1711467556969 HTTP/1.1" 200 4156
181.212.40.185 - - [26/Mar/2024:12:42:22 -0300] "POST /cormun/servlet/solicitudot?6823f9398d07428452c241ccd88d2490,INS,0,0,false,,gx-no-cache=1711467557083 HTTP/1.1" 200 13011
181.212.40.185 - - [26/Mar/2024:12:42:24 -0300] "GET /cormun/servlet/solicitudot?47dc234e8dbf210d1377fd28fefc32976a45ef5200359a39f55943aa0a28027b77942a1cb56762a4562302cb20cda04c,gx-no-cache=1711467559412 HTTP/1.1" 200 30
181.212.40.185 - - [26/Mar/2024:12:42:31 -0300] "GET /cormun/servlet/solicitudot?47dc234e8dbf210d1377fd28fefc3297525010f6e4773433bca3fcc0d21a2525bb2dbac729625ba3322b0c74ccf3996b9ed4f5be11403d7b8b9ae99436d7c29e,gx-no-cache=1711467565866 HTTP/1.1" 200 30
181.212.40.185 - - [26/Mar/2024:12:42:31 -0300] "GET /cormun/servlet/solicitudot?47dc234e8dbf210d1377fd28fefc32977c7be7fc7f37e44a8b4e1582c937a23e,gx-no-cache=1711467565897 HTTP/1.1" 200 53
181.212.40.185 - - [26/Mar/2024:12:42:34 -0300] "POST /cormun/servlet/solicitudot?gx-no-cache=1711467569595 HTTP/1.1" 200 297
181.212.40.185 - - [26/Mar/2024:12:42:34 -0300] "GET /cormun/servlet/solicitudot?47dc234e8dbf210d1377fd28fefc32970f28bf7cad78265326646e95dc5d742551f3dc44d4cc9cc221d07bee3b6090ddc4e5b4dd75d479908b156e1fb2c0a4f7aeb26d722a3d61889e310b57d5522ba4a6f51b74e85545ecb8d6475b930b7b3dcd81e143ff01c7934e37a1cbf13a150f124387be66c18b465fdc891e12f37b9599f93d66f560edfae722a4b8cdc332dcbca4d711dc43582011338c5d1a96f325caba5fab0c3415ed916e5e70a99a7a147bbeb738ce9fc9d79379d17700cd1f267bf811df747ec423f9744bbad009d4ac77f272d296c58f8105fbb7c6c77848c93ad8cb27ff49208d6628e3fa16cd58bd5e24f5ec9bc573a5683e0a3dfa43226fcffd98c3636da101809abf56d93bccc5eaf1a6d0cbe054824f8c5c992115677135a18d670b499fccd745080582a701e8ef23f8dfbb722ac5168eef8e4b87a71fb703ab7d9a49a8b7ee9582ac16ff7bd4746eb93e280c62f65f1ffc72e8398f307c0c53f477beeb8e07c76adff0ff5858eb260d580644e3c5c65228228aa30958f1a169af5a44439f2cd546cef6dee6a8,gx-no-cache=1711467569616 HTTP/1.1" 200 30
181.212.40.185 - - [26/Mar/2024:12:42:36 -0300] "POST /cormun/servlet/solicitudot?gx-no-cache=1711467571543 HTTP/1.1" 200 30
181.212.40.185 - - [26/Mar/2024:12:42:38 -0300] "POST /cormun/servlet/solicitudot?gx-no-cache=1711467572881 HTTP/1.1" 200 1473
181.212.40.185 - - [26/Mar/2024:12:42:38 -0300] "POST /cormun/servlet/solicitudot?gx-no-cache=1711467572937 HTTP/1.1" 200 38
181.212.40.185 - - [26/Mar/2024:12:42:38 -0300] "GET /cormun/servlet/solicitudot?47dc234e8dbf210d1377fd28fefc32973264afcf114178c34ec49c819db21032f5e7c43b5a7a5e53b15b5cc40d93449950e44bdb79030cc30948eedbae6fa003433ebdc96e13188c180d2ecbe72c24827f8c7e850741e06919e2382d43cbbd31433b07fa3b3ceae3ee41ed98847dced8,gx-no-cache=1711467572999 HTTP/1.1" 200 110
181.212.40.185 - - [26/Mar/2024:12:42:40 -0300] "POST /cormun/servlet/solicitudot?gx-no-cache=1711467575571 HTTP/1.1" 200 97
181.212.40.185 - - [26/Mar/2024:12:42:46 -0300] "GET /cormun/servlet/solicitudot?47dc234e8dbf210d1377fd28fefc3297fa605ea86b82cfb663e61c27948b8b64d729b83c401ba76363a3015879238af0c22f00dea80135069b79dd6d2c5c4292564fdee73b1fe3aeec6b2a6af3745c7d3516d23acbc46da9be96c7ba0933baa7f3258d3476032dcd582de4716147e215,gx-no-cache=1711467581560 HTTP/1.1" 200 29
181.212.40.185 - - [26/Mar/2024:12:42:46 -0300] "GET /cormun/static/menuarrow.gif HTTP/1.1" 404 1015
181.212.40.185 - - [26/Mar/2024:12:42:49 -0300] "GET /cormun/servlet/solicitudot?47dc234e8dbf210d1377fd28fefc32971150816a8b884c5e2cd9975aa5425c6b2694c3e7ff9a7f1ada50959b1172b278,gx-no-cache=1711467583831 HTTP/1.1" 200 30
181.212.40.185 - - [26/Mar/2024:12:42:58 -0300] "POST /cormun/servlet/solicitudot?gx-no-cache=1711467592796 HTTP/1.1" 200 30
181.212.40.185 - - [26/Mar/2024:12:43:03 -0300] "POST /cormun/servlet/solicitudot?6823f9398d07428452c241ccd88d2490,INS,0,0,false,,gx-no-cache=1711467598314 HTTP/1.1" 200 93
181.212.40.185 - - [26/Mar/2024:12:43:03 -0300] "GET /cormun/servlet/hpexe_return? HTTP/1.1" 200 1008
181.212.40.185 - - [26/Mar/2024:12:43:03 -0300] "GET /cormun/servlet/trsolicitudot HTTP/1.1" 200 7256
190.171.141.106 - - [26/Mar/2024:12:43:12 -0300] "GET /cormun/servlet/hlogin HTTP/1.1" 200 1720
190.171.141.106 - - [26/Mar/2024:12:43:16 -0300] "POST /cormun/servlet/hlogin?503d4396d3c183a67b2b6bd2b3f30385,gx-no-cache=1711467612117 HTTP/1.1" 200 90
190.171.141.106 - - [26/Mar/2024:12:43:16 -0300] "GET /cormun/servlet/hpexe_link HTTP/1.1" 200 952
190.171.141.106 - - [26/Mar/2024:12:43:17 -0300] "GET /cormun/servlet/hhome HTTP/1.1" 200 4273
181.212.40.185 - - [26/Mar/2024:12:43:20 -0300] "GET /cormun/servlet/trlicencias? HTTP/1.1" 200 15976
181.212.47.137 - - [26/Mar/2024:12:46:55 -0300] "GET /cormun/servlet/vesolicitudgral?2024,21087,, HTTP/1.1" 200 8401
181.212.47.137 - - [26/Mar/2024:12:46:56 -0300] "GET /cormun/pexe_scrolldiv.js HTTP/1.1" 404 1009
190.171.141.138 - - [26/Mar/2024:12:47:59 -0300] "GET /cormun/servlet/trpermisosgoce HTTP/1.1" 200 6037
190.171.141.138 - - [26/Mar/2024:12:47:59 -0300] "GET /cormun/servlet/hlogin HTTP/1.1" 200 1740
181.212.47.137 - - [26/Mar/2024:12:48:16 -0300] "GET /cormun/servlet/trsolicitudgral? HTTP/1.1" 200 20723
181.212.47.137 - - [26/Mar/2024:12:51:25 -0300] "POST /cormun/servlet/trsolicitudgral?8289079facef3267739b074a3b64e621,,gx-no-cache=1711468082960 HTTP/1.1" 200 5263
181.212.47.137 - - [26/Mar/2024:12:51:28 -0300] "POST /cormun/servlet/trsolicitudgral?8289079facef3267739b074a3b64e621,,gx-no-cache=1711468086555 HTTP/1.1" 200 6668
181.212.47.137 - - [26/Mar/2024:12:52:50 -0300] "POST /cormun/servlet/trsolicitudgral?8289079facef3267739b074a3b64e621,,gx-no-cache=1711468168460 HTTP/1.1" 200 5261
181.212.47.137 - - [26/Mar/2024:12:53:00 -0300] "POST /cormun/servlet/trsolicitudgral?8289079facef3267739b074a3b64e621,,gx-no-cache=1711468177963 HTTP/1.1" 200 9034
181.212.47.137 - - [26/Mar/2024:12:53:03 -0300] "GET /cormun/servlet/vesolicitudgral?2024,21103,, HTTP/1.1" 200 8372
181.212.47.137 - - [26/Mar/2024:12:53:03 -0300] "GET /cormun/pexe_scrolldiv.js HTTP/1.1" 404 1009
181.212.47.137 - - [26/Mar/2024:12:53:04 -0300] "GET /cormun/servlet/vesolicitudgral?2024,21103,,SolicitudOTAdjuntos HTTP/1.1" 200 7090
181.212.47.137 - - [26/Mar/2024:12:53:04 -0300] "GET /cormun/pexe_scrolldiv.js HTTP/1.1" 404 1009
181.212.47.137 - - [26/Mar/2024:12:53:06 -0300] "POST /cormun/servlet/acontrolpreferencessavestate?None,RRHH+DANIELA,true HTTP/1.1" 200 35
181.212.47.137 - - [26/Mar/2024:12:53:06 -0300] "GET /cormun/servlet/vesolicitudgral?2024,21103,,General HTTP/1.1" 200 8374
181.212.47.137 - - [26/Mar/2024:12:53:06 -0300] "GET /cormun/pexe_scrolldiv.js HTTP/1.1" 404 1009
190.171.152.138 - - [26/Mar/2024:12:54:52 -0300] "POST /cormun/servlet/trsolicitudot?49088ddaaaa7e3b89c9d330e2137ed0e,,gx-no-cache=1711471857063 HTTP/1.1" 440 972
190.171.152.138 - - [26/Mar/2024:12:54:55 -0300] "GET /cormun/servlet/trsolicitudot? HTTP/1.1" 200 6325
190.171.152.138 - - [26/Mar/2024:12:54:56 -0300] "GET /cormun/servlet/hlogin HTTP/1.1" 200 1740
190.171.152.138 - - [26/Mar/2024:12:54:59 -0300] "POST /cormun/servlet/hlogin?c8d4b4352f83f9d32cca4678848968e0,gx-no-cache=1711471863853 HTTP/1.1" 200 90
190.171.152.138 - - [26/Mar/2024:12:54:59 -0300] "GET /cormun/servlet/hpexe_link HTTP/1.1" 200 957
190.171.152.138 - - [26/Mar/2024:12:54:59 -0300] "GET /cormun/servlet/trsolicitudot HTTP/1.1" 200 9619
190.171.152.138 - - [26/Mar/2024:12:55:20 -0300] "POST /cormun/servlet/trsolicitudot?c8d4b4352f83f9d32cca4678848968e0,gx-no-cache=1711471884582 HTTP/1.1" 200 106
190.171.152.138 - - [26/Mar/2024:12:55:20 -0300] "GET /cormun/servlet/trsolicitudadjuntos?2024,21103, HTTP/1.1" 200 6336
190.171.152.138 - - [26/Mar/2024:12:55:35 -0300] "GET /cormun/servlet/solicitudotadjuntos?INS,2024,21103,,1, HTTP/1.1" 200 6283
190.171.152.138 - - [26/Mar/2024:12:55:36 -0300] "GET /cormun/static/about:blank HTTP/1.1" 404 1011
190.171.152.138 - - [26/Mar/2024:12:55:36 -0300] "GET /cormun/servlet/solicitudotadjuntos?f57fc6e6a3bed2bd9e5e61dece646f9c3c931718187d32edb7883a0b84c8376ba304280c0f5d67e57ca2ce242ffcbc87,gx-no-cache=1711471901085 HTTP/1.1" 200 30
190.171.152.138 - - [26/Mar/2024:12:55:36 -0300] "POST /cormun/servlet/solicitudotadjuntos?c8d4b4352f83f9d32cca4678848968e0,INS,2024,21103,,1,,gx-no-cache=1711471901106 HTTP/1.1" 200 4180
190.171.141.90 - - [26/Mar/2024:12:55:39 -0300] "GET /cormun/servlet/hlogin HTTP/1.1" 200 1717
190.171.152.138 - - [26/Mar/2024:12:55:39 -0300] "POST /cormun/servlet/solicitudotadjuntos?gx-no-cache=1711471903730 HTTP/1.1" 200 26
190.171.141.90 - - [26/Mar/2024:12:55:44 -0300] "POST /cormun/servlet/hlogin?b71ee5e169fe38de6fb60901dd330bfe,gx-no-cache=1711468360250 HTTP/1.1" 200 422
190.171.152.138 - - [26/Mar/2024:12:55:47 -0300] "GET /cormun/servlet/solicitudotadjuntos?f57fc6e6a3bed2bd9e5e61dece646f9c7c60fbb77dec176204b56eecfefb4ec0,gx-no-cache=1711471912258 HTTP/1.1" 200 30
190.171.152.138 - - [26/Mar/2024:12:55:47 -0300] "GET /cormun/servlet/solicitudotadjuntos?f57fc6e6a3bed2bd9e5e61dece646f9c7c60fbb77dec176204b56eecfefb4ec0,gx-no-cache=1711471912271 HTTP/1.1" 200 30
190.171.152.138 - - [26/Mar/2024:12:55:48 -0300] "POST /cormun/servlet/solicitudotadjuntos?c8d4b4352f83f9d32cca4678848968e0,INS,2024,21103,,1, HTTP/1.1" 200 116
190.171.152.138 - - [26/Mar/2024:12:55:49 -0300] "GET /cormun/servlet/hpexe_return? HTTP/1.1" 200 1027
190.171.152.138 - - [26/Mar/2024:12:55:49 -0300] "GET /cormun/servlet/trsolicitudadjuntos?2024,21103, HTTP/1.1" 200 9280
190.171.141.90 - - [26/Mar/2024:12:55:50 -0300] "POST /cormun/servlet/hlogin?b71ee5e169fe38de6fb60901dd330bfe,gx-no-cache=1711468366089 HTTP/1.1" 200 90
190.171.141.90 - - [26/Mar/2024:12:55:50 -0300] "GET /cormun/servlet/hpexe_link HTTP/1.1" 200 949
190.171.141.90 - - [26/Mar/2024:12:55:50 -0300] "GET /cormun/servlet/hhome HTTP/1.1" 200 3966
190.171.152.138 - - [26/Mar/2024:12:55:52 -0300] "GET /cormun/servlet/solicitudotadjuntos?INS,2024,21103,,1, HTTP/1.1" 200 6283
190.171.152.138 - - [26/Mar/2024:12:55:52 -0300] "GET /cormun/static/about:blank HTTP/1.1" 404 1011
190.171.152.138 - - [26/Mar/2024:12:55:52 -0300] "GET /cormun/servlet/solicitudotadjuntos?f57fc6e6a3bed2bd9e5e61dece646f9c3c931718187d32edb7883a0b84c8376ba304280c0f5d67e57ca2ce242ffcbc87,gx-no-cache=1711471917245 HTTP/1.1" 200 30
190.171.152.138 - - [26/Mar/2024:12:55:52 -0300] "POST /cormun/servlet/solicitudotadjuntos?c8d4b4352f83f9d32cca4678848968e0,INS,2024,21103,,1,,gx-no-cache=1711471917260 HTTP/1.1" 200 4180
190.171.141.90 - - [26/Mar/2024:12:55:56 -0300] "GET /cormun/servlet/trsolicitudot? HTTP/1.1" 200 8975
190.171.152.138 - - [26/Mar/2024:12:55:58 -0300] "POST /cormun/servlet/solicitudotadjuntos?gx-no-cache=1711471923189 HTTP/1.1" 200 26
190.171.141.90 - - [26/Mar/2024:12:56:02 -0300] "POST /cormun/servlet/trsolicitudot?b71ee5e169fe38de6fb60901dd330bfe,,gx-no-cache=1711468378636 HTTP/1.1" 200 13145
138.199.60.32 - - [26/Mar/2024:12:56:19 -0300] "GET / HTTP/1.1" 200 11217
190.171.152.138 - - [26/Mar/2024:12:56:21 -0300] "GET /cormun/servlet/solicitudotadjuntos?f57fc6e6a3bed2bd9e5e61dece646f9c7c60fbb77dec176204b56eecfefb4ec0,gx-no-cache=1711471945972 HTTP/1.1" 200 30
190.171.152.138 - - [26/Mar/2024:12:56:21 -0300] "GET /cormun/servlet/solicitudotadjuntos?f57fc6e6a3bed2bd9e5e61dece646f9c7c60fbb77dec176204b56eecfefb4ec0,gx-no-cache=1711471945994 HTTP/1.1" 200 30
190.171.152.138 - - [26/Mar/2024:12:56:22 -0300] "POST /cormun/servlet/solicitudotadjuntos?c8d4b4352f83f9d32cca4678848968e0,INS,2024,21103,,1, HTTP/1.1" 200 116
190.171.152.138 - - [26/Mar/2024:12:56:22 -0300] "GET /cormun/servlet/hpexe_return? HTTP/1.1" 200 1027
190.171.152.138 - - [26/Mar/2024:12:56:23 -0300] "GET /cormun/servlet/trsolicitudadjuntos?2024,21103, HTTP/1.1" 200 9507
190.171.152.138 - - [26/Mar/2024:12:56:28 -0300] "GET /cormun/servlet/solicitudotadjuntos?DLT,2024,21103,CARNET,0, HTTP/1.1" 200 6260
190.171.152.138 - - [26/Mar/2024:12:56:29 -0300] "GET /cormun/static/Shared/jqueryui/images/ui-bg_highlight-soft_100_c6c2c8_1x100.png HTTP/1.1" 404 1117
190.171.152.138 - - [26/Mar/2024:12:56:29 -0300] "GET /cormun/static/Shared/jqueryui/images/ui-icons_82798d_256x240.png HTTP/1.1" 404 1089
190.171.152.138 - - [26/Mar/2024:12:56:29 -0300] "GET /cormun/static/Shared/jqueryui/images/ui-icons_8d78a5_256x240.png HTTP/1.1" 404 1089
190.171.152.138 - - [26/Mar/2024:12:56:29 -0300] "GET /cormun/static/Shared/jqueryui/images/ui-bg_flat_55_fafafa_40x100.png HTTP/1.1" 404 1097
190.171.152.138 - - [26/Mar/2024:12:56:29 -0300] "GET /cormun/PublicTempStorage/24tsoledaddcant8390910.pdf HTTP/1.1" 200 1684118
190.171.152.138 - - [26/Mar/2024:12:56:30 -0300] "POST /cormun/servlet/solicitudotadjuntos?c8d4b4352f83f9d32cca4678848968e0,DLT,2024,21103,CARNET,0,,gx-no-cache=1711471954775 HTTP/1.1" 200 93
190.171.152.138 - - [26/Mar/2024:12:56:30 -0300] "GET /cormun/servlet/hpexe_return? HTTP/1.1" 200 1032
190.171.152.138 - - [26/Mar/2024:12:56:30 -0300] "GET /cormun/servlet/trsolicitudadjuntos?2024,21103, HTTP/1.1" 200 9280
190.171.152.138 - - [26/Mar/2024:12:56:33 -0300] "GET /cormun/servlet/solicitudotadjuntos?INS,2024,21103,,1, HTTP/1.1" 200 6283
190.171.152.138 - - [26/Mar/2024:12:56:33 -0300] "GET /cormun/static/about:blank HTTP/1.1" 404 1011
190.171.152.138 - - [26/Mar/2024:12:56:33 -0300] "GET /cormun/servlet/solicitudotadjuntos?f57fc6e6a3bed2bd9e5e61dece646f9c3c931718187d32edb7883a0b84c8376ba304280c0f5d67e57ca2ce242ffcbc87,gx-no-cache=1711471958284 HTTP/1.1" 200 30
190.171.152.138 - - [26/Mar/2024:12:56:33 -0300] "POST /cormun/servlet/solicitudotadjuntos?c8d4b4352f83f9d32cca4678848968e0,INS,2024,21103,,1,,gx-no-cache=1711471958311 HTTP/1.1" 200 4180
190.171.152.138 - - [26/Mar/2024:12:56:37 -0300] "POST /cormun/servlet/solicitudotadjuntos?gx-no-cache=1711471962054 HTTP/1.1" 200 26
190.171.152.138 - - [26/Mar/2024:12:56:49 -0300] "GET /cormun/servlet/solicitudotadjuntos?f57fc6e6a3bed2bd9e5e61dece646f9c7c60fbb77dec176204b56eecfefb4ec0,gx-no-cache=1711471973678 HTTP/1.1" 200 30
190.171.152.138 - - [26/Mar/2024:12:56:49 -0300] "GET /cormun/servlet/solicitudotadjuntos?f57fc6e6a3bed2bd9e5e61dece646f9c7c60fbb77dec176204b56eecfefb4ec0,gx-no-cache=1711471973692 HTTP/1.1" 200 30
190.171.152.138 - - [26/Mar/2024:12:56:50 -0300] "POST /cormun/servlet/solicitudotadjuntos?c8d4b4352f83f9d32cca4678848968e0,INS,2024,21103,,1, HTTP/1.1" 200 116
190.171.152.138 - - [26/Mar/2024:12:56:50 -0300] "GET /cormun/servlet/hpexe_return? HTTP/1.1" 200 1027
190.171.152.138 - - [26/Mar/2024:12:56:50 -0300] "GET /cormun/servlet/trsolicitudadjuntos?2024,21103, HTTP/1.1" 200 9507
190.171.152.138 - - [26/Mar/2024:12:58:09 -0300] "GET /cormun/servlet/solicitudotadjuntos?INS,2024,21103,,1, HTTP/1.1" 200 6284
190.171.152.138 - - [26/Mar/2024:12:58:09 -0300] "GET /cormun/static/about:blank HTTP/1.1" 404 1011
190.171.152.138 - - [26/Mar/2024:12:58:10 -0300] "GET /cormun/servlet/solicitudotadjuntos?f57fc6e6a3bed2bd9e5e61dece646f9c3c931718187d32edb7883a0b84c8376ba304280c0f5d67e57ca2ce242ffcbc87,gx-no-cache=1711472054557 HTTP/1.1" 200 30
190.171.152.138 - - [26/Mar/2024:12:58:10 -0300] "POST /cormun/servlet/solicitudotadjuntos?c8d4b4352f83f9d32cca4678848968e0,INS,2024,21103,,1,,gx-no-cache=1711472054573 HTTP/1.1" 200 4181
190.171.152.138 - - [26/Mar/2024:12:58:12 -0300] "POST /cormun/servlet/solicitudotadjuntos?gx-no-cache=1711472057325 HTTP/1.1" 200 26
190.171.152.138 - - [26/Mar/2024:12:58:25 -0300] "GET /cormun/servlet/solicitudotadjuntos?f57fc6e6a3bed2bd9e5e61dece646f9c7c60fbb77dec176204b56eecfefb4ec0,gx-no-cache=1711472070133 HTTP/1.1" 200 30
190.171.152.138 - - [26/Mar/2024:12:58:25 -0300] "GET /cormun/servlet/solicitudotadjuntos?f57fc6e6a3bed2bd9e5e61dece646f9c7c60fbb77dec176204b56eecfefb4ec0,gx-no-cache=1711472070162 HTTP/1.1" 200 30
190.171.152.138 - - [26/Mar/2024:12:58:26 -0300] "POST /cormun/servlet/solicitudotadjuntos?c8d4b4352f83f9d32cca4678848968e0,INS,2024,21103,,1, HTTP/1.1" 200 116
190.171.152.138 - - [26/Mar/2024:12:58:26 -0300] "GET /cormun/servlet/hpexe_return? HTTP/1.1" 200 1027
190.171.152.138 - - [26/Mar/2024:12:58:26 -0300] "GET /cormun/servlet/trsolicitudadjuntos?2024,21103, HTTP/1.1" 200 9739
190.171.152.138 - - [26/Mar/2024:12:58:29 -0300] "GET /cormun/servlet/solicitudotadjuntos?INS,2024,21103,,1, HTTP/1.1" 200 6284
190.171.152.138 - - [26/Mar/2024:12:58:29 -0300] "GET /cormun/static/about:blank HTTP/1.1" 404 1011
190.171.152.138 - - [26/Mar/2024:12:58:30 -0300] "GET /cormun/servlet/solicitudotadjuntos?f57fc6e6a3bed2bd9e5e61dece646f9c3c931718187d32edb7883a0b84c8376ba304280c0f5d67e57ca2ce242ffcbc87,gx-no-cache=1711472074449 HTTP/1.1" 200 30
190.171.152.138 - - [26/Mar/2024:12:58:30 -0300] "POST /cormun/servlet/solicitudotadjuntos?c8d4b4352f83f9d32cca4678848968e0,INS,2024,21103,,1,,gx-no-cache=1711472074465 HTTP/1.1" 200 4181
190.171.152.138 - - [26/Mar/2024:12:58:32 -0300] "POST /cormun/servlet/solicitudotadjuntos?gx-no-cache=1711472076913 HTTP/1.1" 200 26
190.171.152.138 - - [26/Mar/2024:12:58:34 -0300] "POST /cormun/servlet/solicitudotadjuntos?gx-no-cache=1711472078568 HTTP/1.1" 200 26
190.171.152.138 - - [26/Mar/2024:12:58:42 -0300] "GET /cormun/servlet/solicitudotadjuntos?f57fc6e6a3bed2bd9e5e61dece646f9c7c60fbb77dec176204b56eecfefb4ec0,gx-no-cache=1711472086488 HTTP/1.1" 200 30
190.171.152.138 - - [26/Mar/2024:12:58:42 -0300] "GET /cormun/servlet/solicitudotadjuntos?f57fc6e6a3bed2bd9e5e61dece646f9c7c60fbb77dec176204b56eecfefb4ec0,gx-no-cache=1711472086502 HTTP/1.1" 200 30
190.171.152.138 - - [26/Mar/2024:12:58:44 -0300] "POST /cormun/servlet/solicitudotadjuntos?c8d4b4352f83f9d32cca4678848968e0,INS,2024,21103,,1, HTTP/1.1" 200 116
190.171.152.138 - - [26/Mar/2024:12:58:44 -0300] "GET /cormun/servlet/hpexe_return? HTTP/1.1" 200 1027
190.171.152.138 - - [26/Mar/2024:12:58:45 -0300] "GET /cormun/servlet/trsolicitudadjuntos?2024,21103, HTTP/1.1" 200 9972
190.171.152.138 - - [26/Mar/2024:12:58:47 -0300] "GET /cormun/servlet/solicitudotadjuntos?INS,2024,21103,,1, HTTP/1.1" 200 6284
190.171.152.138 - - [26/Mar/2024:12:58:48 -0300] "GET /cormun/static/about:blank HTTP/1.1" 404 1011
190.171.152.138 - - [26/Mar/2024:12:58:48 -0300] "GET /cormun/servlet/solicitudotadjuntos?f57fc6e6a3bed2bd9e5e61dece646f9c3c931718187d32edb7883a0b84c8376ba304280c0f5d67e57ca2ce242ffcbc87,gx-no-cache=1711472092995 HTTP/1.1" 200 30
190.171.152.138 - - [26/Mar/2024:12:58:48 -0300] "POST /cormun/servlet/solicitudotadjuntos?c8d4b4352f83f9d32cca4678848968e0,INS,2024,21103,,1,,gx-no-cache=1711472093014 HTTP/1.1" 200 4181
190.171.152.138 - - [26/Mar/2024:12:58:56 -0300] "POST /cormun/servlet/solicitudotadjuntos?gx-no-cache=1711472100757 HTTP/1.1" 200 26
190.171.152.138 - - [26/Mar/2024:12:59:08 -0300] "GET /cormun/servlet/solicitudotadjuntos?f57fc6e6a3bed2bd9e5e61dece646f9c7c60fbb77dec176204b56eecfefb4ec0,gx-no-cache=1711472113047 HTTP/1.1" 200 30
190.171.152.138 - - [26/Mar/2024:12:59:08 -0300] "GET /cormun/servlet/solicitudotadjuntos?f57fc6e6a3bed2bd9e5e61dece646f9c7c60fbb77dec176204b56eecfefb4ec0,gx-no-cache=1711472113061 HTTP/1.1" 200 30
