190.171.141.114 - - [26/Mar/2024:08:30:17 -0300] "GET /cormun/servlet/permisogoce?ddc40821a7b376cba52450c0294d2c121a1905baff6021e2b85a4d7bfafaed6fa9403abb9f4c6159a7939b772701ff9f832da74c03fcc1548cbdef10fbc8a675,gx-no-cache=1711452432419 HTTP/1.1" 200 200
190.171.141.114 - - [26/Mar/2024:08:30:23 -0300] "GET /cormun/static/Shared/jqueryui/images/ui-icons_82798d_256x240.png HTTP/1.1" 404 1089
190.171.141.114 - - [26/Mar/2024:08:30:23 -0300] "GET /cormun/static/Shared/jqueryui/images/ui-bg_highlight-soft_100_c6c2c8_1x100.png HTTP/1.1" 404 1117
190.171.141.114 - - [26/Mar/2024:08:30:23 -0300] "GET /cormun/static/Shared/jqueryui/images/ui-bg_flat_55_994d53_40x100.png HTTP/1.1" 404 1097
190.171.141.114 - - [26/Mar/2024:08:30:23 -0300] "GET /cormun/static/Shared/jqueryui/images/ui-icons_ebccce_256x240.png HTTP/1.1" 404 1089
190.171.141.114 - - [26/Mar/2024:08:30:23 -0300] "GET /cormun/static/menuarrow.gif HTTP/1.1" 404 1015
190.171.144.234 - - [26/Mar/2024:08:30:26 -0300] "GET /cormun/servlet/trsolicitudot? HTTP/1.1" 200 7207
190.171.144.234 - - [26/Mar/2024:08:30:37 -0300] "GET /cormun/servlet/trlicencias? HTTP/1.1" 200 9658
181.212.47.137 - - [26/Mar/2024:08:30:42 -0300] "GET /cormun/servlet/vesolicitudgral?2024,21075,, HTTP/1.1" 200 8398
181.212.47.137 - - [26/Mar/2024:08:30:42 -0300] "GET /cormun/pexe_scrolldiv.js HTTP/1.1" 404 1009
190.171.141.114 - - [26/Mar/2024:08:31:35 -0300] "GET /cormun/servlet/permisogoce?ddc40821a7b376cba52450c0294d2c121a1905baff6021e2b85a4d7bfafaed6fa9403abb9f4c6159a7939b772701ff9f832da74c03fcc1548cbdef10fbc8a675,gx-no-cache=1711452503633 HTTP/1.1" 200 200
190.171.141.114 - - [26/Mar/2024:08:31:35 -0300] "GET /cormun/servlet/permisogoce?ddc40821a7b376cba52450c0294d2c121a1905baff6021e2b85a4d7bfafaed6fa9403abb9f4c6159a7939b772701ff9f832da74c03fcc1548cbdef10fbc8a675,gx-no-cache=1711452510847 HTTP/1.1" 200 200
190.171.144.234 - - [26/Mar/2024:08:31:38 -0300] "GET /cormun/servlet/trsolicitudot? HTTP/1.1" 200 7206
190.171.149.74 - - [26/Mar/2024:08:31:41 -0300] "POST /cormun/servlet/trlicencias?9f65f5d3bd1a67cd9dd12dedb4daa0fa,,gx-no-cache=1711452515827 HTTP/1.1" 200 8272
190.171.144.234 - - [26/Mar/2024:08:31:45 -0300] "GET /cormun/servlet/solicitudot?INS,0,0,false, HTTP/1.1" 200 15965
190.171.144.234 - - [26/Mar/2024:08:31:45 -0300] "GET /cormun/static/gxcfg.js?20221129840861 HTTP/1.1" 200 953
190.171.144.234 - - [26/Mar/2024:08:31:45 -0300] "GET /cormun/static/solicitudot.js?20221129840983 HTTP/1.1" 200 74072
181.212.47.137 - - [26/Mar/2024:08:33:16 -0300] "GET /cormun/servlet/vesolicitudgral?2024,21075,,SolicitudOTAdjuntos HTTP/1.1" 200 11127
181.212.47.137 - - [26/Mar/2024:08:33:16 -0300] "GET /cormun/pexe_scrolldiv.js HTTP/1.1" 404 1009
181.212.47.137 - - [26/Mar/2024:08:33:17 -0300] "POST /cormun/servlet/acontrolpreferencessavestate?None,RRHH+DANIELA,true HTTP/1.1" 200 35
181.212.47.137 - - [26/Mar/2024:08:33:18 -0300] "GET /cormun/PublicTempStorage/curriculum_carolina_olguin__%281%295344600.pdf HTTP/1.1" 200 173752
181.212.47.137 - - [26/Mar/2024:08:34:16 -0300] "GET /cormun/servlet/vesolicitudgral?2024,21075,,SolicitudOTAdjuntos HTTP/1.1" 200 11126
181.212.47.137 - - [26/Mar/2024:08:34:17 -0300] "POST /cormun/servlet/acontrolpreferencessavestate?None,RRHH+DANIELA,true HTTP/1.1" 200 35
181.212.47.137 - - [26/Mar/2024:08:34:17 -0300] "GET /cormun/PublicTempStorage/curriculum_carolina_olguin__%281%298855217.pdf HTTP/1.1" 200 173752
181.212.47.137 - - [26/Mar/2024:08:34:20 -0300] "GET /cormun/servlet/vesolicitudgral?2024,21075,,SolicitudOTAdjuntos HTTP/1.1" 200 11127
181.212.47.137 - - [26/Mar/2024:08:34:22 -0300] "POST /cormun/servlet/acontrolpreferencessavestate?None,RRHH+DANIELA,true HTTP/1.1" 200 35
181.212.47.137 - - [26/Mar/2024:08:34:34 -0300] "GET /cormun/PublicTempStorage/certificado_de_afp_%281%298921591.pdf HTTP/1.1" 200 46873
190.171.144.234 - - [26/Mar/2024:08:34:43 -0300] "POST /cormun/servlet/solicitudot?gx-no-cache=1711452698370 HTTP/1.1" 200 4031
190.171.144.234 - - [26/Mar/2024:08:34:43 -0300] "POST /cormun/servlet/solicitudot?d5c8ee4dc456f71b5c8caea13794ef70,INS,0,0,false,,gx-no-cache=1711452698481 HTTP/1.1" 200 12594
190.171.144.234 - - [26/Mar/2024:08:34:47 -0300] "GET /cormun/servlet/solicitudot?b7c64a8b371428c2ded7cc37ba1f4809ea5328b88700598fe57fa140c83272a9af2b8f38a41598fbdef7b2bdcac6e54f,gx-no-cache=1711452702169 HTTP/1.1" 200 30
181.212.47.137 - - [26/Mar/2024:08:34:55 -0300] "GET /cormun/servlet/vesolicitudgral?2024,21075,,SolicitudOTAdjuntos HTTP/1.1" 200 11124
181.212.47.137 - - [26/Mar/2024:08:34:56 -0300] "POST /cormun/servlet/acontrolpreferencessavestate?None,RRHH+DANIELA,true HTTP/1.1" 200 35
181.212.47.137 - - [26/Mar/2024:08:34:57 -0300] "GET /cormun/PublicTempStorage/certificado_fonasa_%281%29921214.pdf HTTP/1.1" 200 71817
181.212.47.137 - - [26/Mar/2024:08:35:22 -0300] "GET /cormun/servlet/vesolicitudgral?2024,21075,,SolicitudOTAdjuntos HTTP/1.1" 200 11127
181.212.47.137 - - [26/Mar/2024:08:35:23 -0300] "POST /cormun/servlet/acontrolpreferencessavestate?None,RRHH+DANIELA,true HTTP/1.1" 200 35
181.212.47.137 - - [26/Mar/2024:08:35:24 -0300] "GET /cormun/servlet/vesolicitudgral?2024,21075,,General HTTP/1.1" 200 8402
181.212.47.137 - - [26/Mar/2024:08:35:24 -0300] "GET /cormun/pexe_scrolldiv.js HTTP/1.1" 404 1009
190.171.143.82 - - [26/Mar/2024:08:37:19 -0300] "GET /cormun/servlet/trlicencias? HTTP/1.1" 200 8875
190.171.153.26 - - [26/Mar/2024:08:39:03 -0300] "GET /cormun/servlet/hlogin HTTP/1.1" 200 1726
190.171.153.26 - - [26/Mar/2024:08:39:03 -0300] "GET /cormun/servlet/hlogin HTTP/1.1" 200 1737
190.171.153.26 - - [26/Mar/2024:08:39:07 -0300] "POST /cormun/servlet/hlogin?6bce9047fdf1262f580cfa72e6d92b20,gx-no-cache=1711456576462 HTTP/1.1" 200 90
190.171.153.26 - - [26/Mar/2024:08:39:07 -0300] "GET /cormun/servlet/hpexe_link HTTP/1.1" 200 955
190.171.153.26 - - [26/Mar/2024:08:39:08 -0300] "GET /cormun/servlet/hhome HTTP/1.1" 200 4297
190.171.153.26 - - [26/Mar/2024:08:39:13 -0300] "GET /cormun/servlet/trlicencias? HTTP/1.1" 200 9454
190.171.153.26 - - [26/Mar/2024:08:39:13 -0300] "GET /cormun/static/gxcfg.js?202211298463625 HTTP/1.1" 200 953
190.171.153.26 - - [26/Mar/2024:08:39:13 -0300] "GET /cormun/static/trlicencias.js?202211298463889 HTTP/1.1" 200 41883
190.171.153.26 - - [26/Mar/2024:08:39:13 -0300] "GET /cormun//static/Resources/PXToolsActionDisabled.gif HTTP/1.1" 200 53
190.171.153.26 - - [26/Mar/2024:08:39:13 -0300] "GET /cormun//static/Resources/PXToolsGridDisplay.png HTTP/1.1" 200 525
190.171.153.26 - - [26/Mar/2024:08:39:13 -0300] "GET /cormun//static/Resources/PXToolsHeaderFavorites.png HTTP/1.1" 200 1414
190.171.153.26 - - [26/Mar/2024:08:39:13 -0300] "GET /cormun//static/Resources/PXToolsHeaderHelp.png HTTP/1.1" 200 1333
190.171.153.26 - - [26/Mar/2024:08:39:13 -0300] "GET /cormun//static/Resources/PXToolsActionPrint.png HTTP/1.1" 200 404
190.171.144.234 - - [26/Mar/2024:08:39:14 -0300] "GET /cormun/servlet/hlogin HTTP/1.1" 200 1719
181.212.47.137 - - [26/Mar/2024:08:39:16 -0300] "GET /cormun/servlet/trsolicitudgral? HTTP/1.1" 200 11268
190.171.144.234 - - [26/Mar/2024:08:39:23 -0300] "POST /cormun/servlet/hlogin?d5c8ee4dc456f71b5c8caea13794ef70,gx-no-cache=1711452977881 HTTP/1.1" 200 90
190.171.144.234 - - [26/Mar/2024:08:39:23 -0300] "GET /cormun/servlet/hpexe_link HTTP/1.1" 200 965
190.171.144.234 - - [26/Mar/2024:08:39:23 -0300] "GET /cormun/servlet/solicitudot?INS,0,0,false, HTTP/1.1" 200 15967
190.171.141.114 - - [26/Mar/2024:08:39:58 -0300] "GET /cormun/servlet/permisogoce?ddc40821a7b376cba52450c0294d2c12c4b7741db35d7ef4e08e88c49f3e8e8abc7bc0871809681f98ed524f5b7701cca9858c7da38ef0dbd47af99c2cc279d4,gx-no-cache=1711453006388 HTTP/1.1" 200 87
190.171.141.114 - - [26/Mar/2024:08:40:01 -0300] "GET /cormun/servlet/permisogoce?ddc40821a7b376cba52450c0294d2c129f6241ebce3a39eee0b0578198860ec1d34337397fa7ad6e4f404108b24039ac6a0080e4e44382293a785737720f2296,gx-no-cache=1711453016836 HTTP/1.1" 200 47
190.171.141.114 - - [26/Mar/2024:08:40:11 -0300] "POST /cormun/servlet/permisogoce?5cb6f85f3c937990b7189a3bd33625d4,INS,0,,,,gx-no-cache=1711453025749 HTTP/1.1" 200 93
190.171.141.114 - - [26/Mar/2024:08:40:11 -0300] "GET /cormun/servlet/hpexe_return? HTTP/1.1" 200 1009
190.171.141.114 - - [26/Mar/2024:08:40:12 -0300] "GET /cormun/servlet/trpermisosgoce HTTP/1.1" 200 9939
190.171.141.114 - - [26/Mar/2024:08:40:15 -0300] "GET /cormun/servlet/apermisogoceprn?17523762,P,20240326082617,PU HTTP/1.1" 200 1656
190.171.153.26 - - [26/Mar/2024:08:40:18 -0300] "GET /cormun/servlet/hlogin HTTP/1.1" 200 1719
190.171.144.234 - - [26/Mar/2024:08:40:23 -0300] "GET /cormun/servlet/hlogin HTTP/1.1" 200 1719
190.171.144.234 - - [26/Mar/2024:08:40:27 -0300] "POST /cormun/servlet/hlogin?d5c8ee4dc456f71b5c8caea13794ef70,gx-no-cache=1711453042221 HTTP/1.1" 200 90
190.171.144.234 - - [26/Mar/2024:08:40:27 -0300] "GET /cormun/servlet/hpexe_link HTTP/1.1" 200 965
190.171.144.234 - - [26/Mar/2024:08:40:27 -0300] "GET /cormun/servlet/solicitudot?INS,0,0,false, HTTP/1.1" 200 15967
190.171.152.114 - - [26/Mar/2024:08:40:28 -0300] "GET /cormun/servlet/hlogin HTTP/1.1" 200 1719
190.171.152.114 - - [26/Mar/2024:08:40:28 -0300] "GET /favicon.ico HTTP/1.1" 200 21630
190.171.144.234 - - [26/Mar/2024:08:40:37 -0300] "GET /cormun/servlet/trsolicitudot? HTTP/1.1" 200 7207
190.171.143.82 - - [26/Mar/2024:08:40:50 -0300] "GET /cormun/servlet/trlicencias? HTTP/1.1" 200 8875
190.171.143.82 - - [26/Mar/2024:08:40:58 -0300] "GET /cormun/servlet/trsolicitudot? HTTP/1.1" 200 7402
190.171.153.26 - - [26/Mar/2024:08:41:04 -0300] "POST /cormun/servlet/hlogin?cc7662af0b03c2cc24eefb917f04bb64,gx-no-cache=1711453080410 HTTP/1.1" 200 425
190.171.141.114 - - [26/Mar/2024:08:41:08 -0300] "POST /cormun/servlet/trpermisosgoce?5cb6f85f3c937990b7189a3bd33625d4,gx-no-cache=1711453080408 HTTP/1.1" 200 7185
190.171.143.82 - - [26/Mar/2024:08:41:08 -0300] "GET /cormun/servlet/trcontratosolicitud? HTTP/1.1" 200 14905
190.171.153.26 - - [26/Mar/2024:08:41:08 -0300] "POST /cormun/servlet/hlogin?cc7662af0b03c2cc24eefb917f04bb64,gx-no-cache=1711453085089 HTTP/1.1" 200 90
190.171.153.26 - - [26/Mar/2024:08:41:08 -0300] "GET /cormun/servlet/hpexe_link HTTP/1.1" 200 950
190.171.153.26 - - [26/Mar/2024:08:41:09 -0300] "GET /cormun/servlet/hhome HTTP/1.1" 200 3968
190.171.153.26 - - [26/Mar/2024:08:41:10 -0300] "GET /cormun/servlet/hhome HTTP/1.1" 200 3965
190.171.153.26 - - [26/Mar/2024:08:41:13 -0300] "GET /cormun/servlet/trlicencias? HTTP/1.1" 200 9139
190.171.153.26 - - [26/Mar/2024:08:41:14 -0300] "GET /cormun/servlet/trlicencias? HTTP/1.1" 200 9136
190.171.144.234 - - [26/Mar/2024:08:41:14 -0300] "POST /cormun/servlet/trsolicitudot?d5c8ee4dc456f71b5c8caea13794ef70,,gx-no-cache=1711453089137 HTTP/1.1" 200 4369
190.171.144.234 - - [26/Mar/2024:08:41:16 -0300] "POST /cormun/servlet/trsolicitudot?d5c8ee4dc456f71b5c8caea13794ef70,,gx-no-cache=1711453091228 HTTP/1.1" 200 4369
190.171.153.26 - - [26/Mar/2024:08:41:17 -0300] "POST /cormun/servlet/trlicencias?cc7662af0b03c2cc24eefb917f04bb64,,gx-no-cache=1711453093506 HTTP/1.1" 200 6582
190.171.153.26 - - [26/Mar/2024:08:41:20 -0300] "POST /cormun/servlet/trlicencias?cc7662af0b03c2cc24eefb917f04bb64,,gx-no-cache=1711453096727 HTTP/1.1" 200 6582
190.171.144.234 - - [26/Mar/2024:08:41:31 -0300] "POST /cormun/servlet/trsolicitudot?d5c8ee4dc456f71b5c8caea13794ef70,,gx-no-cache=1711453105771 HTTP/1.1" 200 4376
190.171.143.82 - - [26/Mar/2024:08:41:50 -0300] "GET /cormun/servlet/trlicencias? HTTP/1.1" 200 8876
190.171.153.26 - - [26/Mar/2024:08:41:52 -0300] "GET /cormun/servlet/trpermisosgoce? HTTP/1.1" 200 9979
190.171.144.234 - - [26/Mar/2024:08:41:52 -0300] "POST /cormun/servlet/trsolicitudot?d5c8ee4dc456f71b5c8caea13794ef70,,gx-no-cache=1711453127417 HTTP/1.1" 200 4376
190.171.153.26 - - [26/Mar/2024:08:41:53 -0300] "GET /cormun/servlet/trpermisosgoce? HTTP/1.1" 200 9981
190.171.144.234 - - [26/Mar/2024:08:42:03 -0300] "GET /cormun/servlet/hlogin HTTP/1.1" 200 1719
190.171.153.26 - - [26/Mar/2024:08:42:06 -0300] "GET /cormun/servlet/permisogoce?INS,0,,, HTTP/1.1" 200 6832
190.171.153.26 - - [26/Mar/2024:08:42:07 -0300] "GET /cormun/servlet/permisogoce?INS,0,,, HTTP/1.1" 200 6831
190.171.144.234 - - [26/Mar/2024:08:42:09 -0300] "POST /cormun/servlet/hlogin?d5c8ee4dc456f71b5c8caea13794ef70,gx-no-cache=1711453144088 HTTP/1.1" 200 90
190.171.144.234 - - [26/Mar/2024:08:42:09 -0300] "GET /cormun/servlet/hpexe_link HTTP/1.1" 200 958
190.171.144.234 - - [26/Mar/2024:08:42:09 -0300] "GET /cormun/servlet/trsolicitudot? HTTP/1.1" 200 7249
190.171.153.26 - - [26/Mar/2024:08:42:20 -0300] "GET /cormun/servlet/permisogoce?03a133cc5575f2ac4d3764adb06f50169df01d8915c7213a66b61faee1ec6acca9201a940b2dc30bbc6823b9d69b9525896f3b6d94af0ee76696230cbdf3ab07,gx-no-cache=1711453156889 HTTP/1.1" 200 226
190.171.153.26 - - [26/Mar/2024:08:42:21 -0300] "GET /cormun/static/Shared/jqueryui/images/ui-bg_flat_55_994d53_40x100.png HTTP/1.1" 404 1097
190.171.153.26 - - [26/Mar/2024:08:42:21 -0300] "GET /cormun/static/Shared/jqueryui/images/ui-icons_82798d_256x240.png HTTP/1.1" 404 1089
190.171.153.26 - - [26/Mar/2024:08:42:21 -0300] "GET /cormun/static/Shared/jqueryui/images/ui-bg_highlight-soft_100_c6c2c8_1x100.png HTTP/1.1" 404 1117
190.171.153.26 - - [26/Mar/2024:08:42:21 -0300] "GET /cormun/static/Shared/jqueryui/images/ui-icons_ebccce_256x240.png HTTP/1.1" 404 1089
190.171.153.26 - - [26/Mar/2024:08:42:30 -0300] "GET /cormun/servlet/permisogoce?03a133cc5575f2ac4d3764adb06f5016e49ca0e65efa2cc0abb317d140d1466926ab3d1a92a27b2d7a015b1c2e222c9f0dec3f1d76ace2f76f896b60392549ae,gx-no-cache=1711453166384 HTTP/1.1" 200 77
190.171.153.26 - - [26/Mar/2024:08:42:32 -0300] "GET /cormun/static/menuarrow.gif HTTP/1.1" 404 1015
190.171.153.26 - - [26/Mar/2024:08:42:36 -0300] "GET /cormun/servlet/permisogoce?03a133cc5575f2ac4d3764adb06f5016d3d1f5df17fc38d7b9176d850ff7330d3d3ac949115517a9d77729210219ee910da9ac64c19255f30ebeeedf7ee3a369,gx-no-cache=1711453173202 HTTP/1.1" 200 47
190.171.153.26 - - [26/Mar/2024:08:42:39 -0300] "POST /cormun/servlet/permisogoce?cc7662af0b03c2cc24eefb917f04bb64,INS,0,,,,gx-no-cache=1711453175476 HTTP/1.1" 200 93
190.171.153.26 - - [26/Mar/2024:08:42:39 -0300] "GET /cormun/servlet/hpexe_return? HTTP/1.1" 200 1007
190.171.153.26 - - [26/Mar/2024:08:42:40 -0300] "GET /cormun/servlet/trpermisosgoce HTTP/1.1" 200 10234
190.171.153.26 - - [26/Mar/2024:08:42:41 -0300] "GET /cormun/servlet/trpermisosgoce HTTP/1.1" 200 10230
190.171.153.26 - - [26/Mar/2024:08:42:46 -0300] "GET /cormun/servlet/apermisogoceprn?16492407,P,20240326083845,PU HTTP/1.1" 200 1655
190.171.153.26 - - [26/Mar/2024:08:42:53 -0300] "GET /cormun/servlet/apermisogoceprn?16492407,P,20240326083845,PU HTTP/1.1" 200 1653
190.171.144.234 - - [26/Mar/2024:08:44:54 -0300] "GET /cormun/servlet/solicitudot?INS,0,0,false, HTTP/1.1" 200 15965
190.171.144.234 - - [26/Mar/2024:08:45:03 -0300] "POST /cormun/servlet/solicitudot?gx-no-cache=1711453317091 HTTP/1.1" 200 4031
200.54.237.82 - - [26/Mar/2024:08:45:03 -0300] "GET /cormun/servlet/trcontratounov2? HTTP/1.1" 200 5907
190.171.144.234 - - [26/Mar/2024:08:45:03 -0300] "POST /cormun/servlet/solicitudot?d5c8ee4dc456f71b5c8caea13794ef70,INS,0,0,false,,gx-no-cache=1711453318263 HTTP/1.1" 200 12595
200.54.237.82 - - [26/Mar/2024:08:45:04 -0300] "GET /cormun/servlet/hlogin HTTP/1.1" 200 1738
190.171.152.114 - - [26/Mar/2024:08:45:04 -0300] "POST /cormun/servlet/hlogin?40684a26f718e72b4d7dfafe9b8666e3,gx-no-cache=1711453319331 HTTP/1.1" 200 90
190.171.152.114 - - [26/Mar/2024:08:45:04 -0300] "GET /cormun/servlet/hpexe_link HTTP/1.1" 200 950
190.171.152.114 - - [26/Mar/2024:08:45:04 -0300] "GET /cormun/servlet/hhome HTTP/1.1" 200 4328
190.171.144.234 - - [26/Mar/2024:08:45:06 -0300] "GET /cormun/servlet/solicitudot?b7c64a8b371428c2ded7cc37ba1f4809ea5328b88700598fe57fa140c83272a9af2b8f38a41598fbdef7b2bdcac6e54f,gx-no-cache=1711453321107 HTTP/1.1" 200 30
200.54.237.82 - - [26/Mar/2024:08:45:07 -0300] "POST /cormun/servlet/hlogin?1c7d70ea7ae1ee515362c4489cee9aa1,gx-no-cache=1711453323236 HTTP/1.1" 200 90
200.54.237.82 - - [26/Mar/2024:08:45:07 -0300] "GET /cormun/servlet/hpexe_link HTTP/1.1" 200 956
200.54.237.82 - - [26/Mar/2024:08:45:07 -0300] "GET /cormun/servlet/trcontratounov2 HTTP/1.1" 200 16711
190.171.152.114 - - [26/Mar/2024:08:45:10 -0300] "GET /cormun/servlet/trlicencias? HTTP/1.1" 200 11658
190.171.152.114 - - [26/Mar/2024:08:45:19 -0300] "GET /cormun/servlet/alicenciaprn?17212068,L,20240321000000,PU HTTP/1.1" 200 1559
190.171.142.10 - - [26/Mar/2024:08:45:39 -0300] "GET /cormun/servlet/hlogin HTTP/1.1" 200 1724
190.171.142.10 - - [26/Mar/2024:08:45:39 -0300] "GET /cormun/static/gxtimezone.js?85251 HTTP/1.1" 200 5781
190.171.142.10 - - [26/Mar/2024:08:45:39 -0300] "GET /cormun/static/gxcfg.js?2022112219184450 HTTP/1.1" 200 953
190.171.142.10 - - [26/Mar/2024:08:45:39 -0300] "GET /cormun/static/Resources/CormunLogin.png HTTP/1.1" 200 19132
190.171.142.10 - - [26/Mar/2024:08:45:39 -0300] "GET /cormun/static/Resources/Spanish/PXTools.css?1759030 HTTP/1.1" 200 100853
190.171.142.10 - - [26/Mar/2024:08:45:39 -0300] "GET /cormun/static/messages.spa.js?85251 HTTP/1.1" 200 30736
190.171.142.10 - - [26/Mar/2024:08:45:39 -0300] "GET /cormun/static/hlogin.js?2022112219184458 HTTP/1.1" 200 2156
190.171.142.10 - - [26/Mar/2024:08:45:39 -0300] "GET /cormun/static/gxgral.js?85251 HTTP/1.1" 200 384558
190.171.142.10 - - [26/Mar/2024:08:45:39 -0300] "GET /cormun/static/Resources/PXToolsLoginBackground.png HTTP/1.1" 200 1164
190.171.142.10 - - [26/Mar/2024:08:45:39 -0300] "GET /cormun/static/Resources/PXToolsLoginTop.png HTTP/1.1" 200 1337
190.171.142.10 - - [26/Mar/2024:08:45:39 -0300] "GET /cormun/static/Resources/PXToolsButtonRight.png HTTP/1.1" 200 1294
190.171.142.10 - - [26/Mar/2024:08:45:39 -0300] "GET /cormun/static/Resources/PXToolsButtonLeft.png HTTP/1.1" 200 1310
190.171.142.10 - - [26/Mar/2024:08:45:39 -0300] "GET /cormun/static/Resources/PXToolsLoginBottom.png HTTP/1.1" 200 1389
190.171.142.10 - - [26/Mar/2024:08:45:39 -0300] "GET /cormun/static/Resources/PXToolsButtonBackground.png HTTP/1.1" 200 1176
190.171.142.10 - - [26/Mar/2024:08:45:39 -0300] "GET /cormun/static/Resources/indicator.gif HTTP/1.1" 200 1553
190.171.142.10 - - [26/Mar/2024:08:45:39 -0300] "GET /cormun/servlet/hlogin HTTP/1.1" 200 1735
190.171.142.10 - - [26/Mar/2024:08:45:39 -0300] "GET /favicon.ico HTTP/1.1" 200 21630
190.171.142.10 - - [26/Mar/2024:08:45:43 -0300] "ü_9aN–^ìbÓ¹üã@ïÍ¥ûg+œ͘þÂ|8Sƛ ývߛ¸ " 400 -
190.171.142.10 - - [26/Mar/2024:08:45:51 -0300] "POST /cormun/servlet/hlogin?ce2c1e60b33afeb20b87986e57af473a,gx-no-cache=1711453366316 HTTP/1.1" 200 90
190.171.142.10 - - [26/Mar/2024:08:45:51 -0300] "GET /cormun/servlet/hpexe_link HTTP/1.1" 200 955
190.171.142.10 - - [26/Mar/2024:08:45:51 -0300] "GET /cormun/static/gxcfg.js?20221129847421 HTTP/1.1" 200 953
190.171.142.10 - - [26/Mar/2024:08:45:51 -0300] "GET /cormun/static/hpexe_link.js?20221129847423 HTTP/1.1" 200 625
190.171.142.10 - - [26/Mar/2024:08:45:51 -0300] "GET /cormun/static/Resources/Spanish/PXTools.css?8354383 HTTP/1.1" 200 100853
190.171.142.10 - - [26/Mar/2024:08:45:52 -0300] "GET /cormun/servlet/hhome HTTP/1.1" 200 4215
190.171.142.10 - - [26/Mar/2024:08:45:52 -0300] "GET /cormun/static/gxcfg.js?20201215495537 HTTP/1.1" 200 953
190.171.142.10 - - [26/Mar/2024:08:45:52 -0300] "GET /cormun/static/scaMessage/css/jquery.pnotify.default.css?1816380 HTTP/1.1" 200 1707
190.171.142.10 - - [26/Mar/2024:08:45:52 -0300] "GET /cormun/static/SmoothNavMenu/resources/ddsmoothmenu-v.css?1112540 HTTP/1.1" 200 1188
190.171.142.10 - - [26/Mar/2024:08:45:52 -0300] "GET /cormun/static/SmoothNavMenu/resources/ddsmoothmenu.css?1112540 HTTP/1.1" 200 2223
190.171.142.10 - - [26/Mar/2024:08:45:52 -0300] "GET /cormun/static/Shared/jqueryui/jquery-ui.min.css?1345370 HTTP/1.1" 200 30288
190.171.142.10 - - [26/Mar/2024:08:45:52 -0300] "GET /cormun/static/PXToolsJavascripts/pexe_autoreload.js HTTP/1.1" 200 1762
190.171.142.10 - - [26/Mar/2024:08:45:52 -0300] "GET /cormun/static/PXToolsJavascripts/pexe_windows.js HTTP/1.1" 200 15249
190.171.142.10 - - [26/Mar/2024:08:45:52 -0300] "GET /cormun/static/PXToolsJavascripts/pexe_cookies.js HTTP/1.1" 200 792
190.171.142.10 - - [26/Mar/2024:08:45:52 -0300] "GET /cormun/static/PXToolsJavascripts/pexe_grid.js HTTP/1.1" 200 7559
190.171.142.10 - - [26/Mar/2024:08:45:52 -0300] "GET /cormun/static/PXToolsJavascripts/pexe_griddivfix.js HTTP/1.1" 200 6946
190.171.142.10 - - [26/Mar/2024:08:45:52 -0300] "GET /cormun/static/PXToolsJavascripts/pexe_link.js HTTP/1.1" 200 5671
190.171.142.10 - - [26/Mar/2024:08:45:52 -0300] "GET /cormun/static/PXToolsJavascripts/pexe_menudivfix.js HTTP/1.1" 200 333
190.171.142.10 - - [26/Mar/2024:08:45:52 -0300] "GET /cormun/static/PXToolsJavascripts/pexe_menus.js HTTP/1.1" 200 1286
190.171.142.10 - - [26/Mar/2024:08:45:52 -0300] "GET /cormun/static/Resources/Spanish/PXTools.css?14345360 HTTP/1.1" 200 100853
190.171.142.10 - - [26/Mar/2024:08:45:52 -0300] "GET /cormun/static/PXToolsJavascripts/pexe_layers.js HTTP/1.1" 200 4114
190.171.142.10 - - [26/Mar/2024:08:45:52 -0300] "GET /cormun/static/PXToolsJavascripts/pexe_oav.js HTTP/1.1" 200 645
190.171.142.10 - - [26/Mar/2024:08:45:52 -0300] "GET /cormun/static/PXToolsJavascripts/pexe_oavdivfix.js HTTP/1.1" 200 639
190.171.142.10 - - [26/Mar/2024:08:45:52 -0300] "GET /cormun/static/PXToolsJavascripts/pexe_picture.js HTTP/1.1" 200 689
190.171.142.10 - - [26/Mar/2024:08:45:52 -0300] "GET /cormun/static/PXToolsJavascripts/pexe_scrolldiv.js HTTP/1.1" 200 4138
190.171.142.10 - - [26/Mar/2024:08:45:52 -0300] "GET /cormun/static/PXToolsJavascripts/pexe_popup.js HTTP/1.1" 200 15149
190.171.142.10 - - [26/Mar/2024:08:45:52 -0300] "GET /cormun/static/PXToolsJavascripts/pexe_tabdivfix.js HTTP/1.1" 200 898
190.171.142.10 - - [26/Mar/2024:08:45:52 -0300] "GET /cormun/static/PXToolsJavascripts/pexe_tabs.js HTTP/1.1" 200 3748
190.171.142.10 - - [26/Mar/2024:08:45:52 -0300] "GET /cormun/static/PXToolsJavascripts/pexe_upload.js HTTP/1.1" 200 1423
190.171.142.10 - - [26/Mar/2024:08:45:52 -0300] "GET /cormun/static/PXToolsJavascripts/PXToolsJavascriptsRender.js HTTP/1.1" 200 367
190.171.142.10 - - [26/Mar/2024:08:45:52 -0300] "GET /cormun/static/Resources/CormunMP2.png HTTP/1.1" 200 6878
190.171.142.10 - - [26/Mar/2024:08:45:52 -0300] "GET /cormun/static/Resources/ImgHome.png HTTP/1.1" 200 1364
190.171.142.10 - - [26/Mar/2024:08:45:52 -0300] "GET /cormun/static/Resources/Llave.png HTTP/1.1" 200 1395
190.171.142.10 - - [26/Mar/2024:08:45:52 -0300] "GET /cormun/static/RunJS/RunJS.js HTTP/1.1" 200 288
190.171.142.10 - - [26/Mar/2024:08:45:52 -0300] "GET /cormun/static/Resources/ImgLogin.png HTTP/1.1" 200 1432
190.171.142.10 - - [26/Mar/2024:08:45:52 -0300] "GET /cormun/static/Shared/ext/locale/ext-lang-en.js HTTP/1.1" 200 10940
190.171.142.10 - - [26/Mar/2024:08:45:52 -0300] "GET /cormun/static/Resources/PXToolsDataTitle.png HTTP/1.1" 200 1173
190.171.142.10 - - [26/Mar/2024:08:45:52 -0300] "GET /cormun/static/hhome.js?20201215495544 HTTP/1.1" 200 777
190.171.142.10 - - [26/Mar/2024:08:45:52 -0300] "GET /cormun/static/hwchdr01.js?2022112219251119 HTTP/1.1" 200 996
190.171.142.10 - - [26/Mar/2024:08:45:52 -0300] "GET /cormun/static/gxui/gxui-all.js HTTP/1.1" 200 107772
190.171.142.10 - - [26/Mar/2024:08:45:52 -0300] "GET /cormun/static/hpexe_recentlink.js?20201214471090 HTTP/1.1" 200 2144
190.171.142.10 - - [26/Mar/2024:08:45:52 -0300] "GET /cormun/static/hpexe_scripts.js?20201214471411 HTTP/1.1" 200 1544
190.171.142.10 - - [26/Mar/2024:08:45:52 -0300] "GET /cormun/static/hpexe_messagecontroller.js?202211298371222 HTTP/1.1" 200 870
190.171.142.10 - - [26/Mar/2024:08:45:52 -0300] "GET /cormun/static/hpexe_messagepopupcomponent.js?2020121447232 HTTP/1.1" 200 605
190.171.142.10 - - [26/Mar/2024:08:45:52 -0300] "GET /cormun/static/hpexe_messagegenexuscomponent.js?20221129836373 HTTP/1.1" 200 587
190.171.142.10 - - [26/Mar/2024:08:45:52 -0300] "GET /cormun/static/cmcontrolpreferences.js?20199141926336 HTTP/1.1" 200 1375
190.171.142.10 - - [26/Mar/2024:08:45:52 -0300] "GET /cormun/static/SmoothNavMenu/resources/ddsmoothmenu.js HTTP/1.1" 200 12712
190.171.142.10 - - [26/Mar/2024:08:45:52 -0300] "GET /cormun/static/Shared/jquery/jquery-1.4.2.min.js HTTP/1.1" 200 72174
190.171.142.10 - - [26/Mar/2024:08:45:52 -0300] "GET /cormun/static/Shared/jqueryui/jquery-ui.min.js HTTP/1.1" 200 240427
190.171.142.10 - - [26/Mar/2024:08:45:52 -0300] "GET /cormun/static/SmoothNavMenu/resources/SmoothNavMenuRender.js HTTP/1.1" 200 5951
190.171.142.10 - - [26/Mar/2024:08:45:52 -0300] "GET /cormun/static/Shared/jquery/jquery-1.10.2.min.js HTTP/1.1" 200 273199
190.171.142.10 - - [26/Mar/2024:08:45:52 -0300] "GET /cormun/static/scaMessage/js/jquery.pnotify.min.js HTTP/1.1" 200 13038
190.171.142.10 - - [26/Mar/2024:08:45:52 -0300] "GET /cormun/static/scaMessage/scaMessageRender.js HTTP/1.1" 200 11977
190.171.142.10 - - [26/Mar/2024:08:45:52 -0300] "GET /cormun/static/hmpwkw03.js?20221129844354 HTTP/1.1" 200 3971
190.171.142.10 - - [26/Mar/2024:08:45:52 -0300] "GET /cormun/static/Shared/ext/ext-all.js HTTP/1.1" 200 1289687
190.171.142.10 - - [26/Mar/2024:08:45:53 -0300] "GET /cormun/static/SmoothNavMenu/resources/images/down.gif HTTP/1.1" 200 854
190.171.142.10 - - [26/Mar/2024:08:45:53 -0300] "GET /cormun/static/SmoothNavMenu/resources/images/right.gif HTTP/1.1" 200 860
190.171.144.234 - - [26/Mar/2024:08:45:57 -0300] "GET /cormun/servlet/solicitudot?b7c64a8b371428c2ded7cc37ba1f480900ed0ceb53ca65d1cf23eda7909521e4a9bdd25240c2a4657555ee41900738d7affe7ac13dd22c8c11cba615cd62a238,gx-no-cache=1711453372286 HTTP/1.1" 200 30
190.171.144.234 - - [26/Mar/2024:08:45:57 -0300] "GET /cormun/servlet/solicitudot?b7c64a8b371428c2ded7cc37ba1f48097ebf8b1c746fa0613336c56901333b83,gx-no-cache=1711453372310 HTTP/1.1" 200 29
190.171.144.234 - - [26/Mar/2024:08:45:58 -0300] "POST /cormun/servlet/solicitudot?gx-no-cache=1711453373639 HTTP/1.1" 200 255
190.171.142.10 - - [26/Mar/2024:08:45:59 -0300] "GET /cormun/servlet/trsolicitudot? HTTP/1.1" 200 7430
190.171.142.10 - - [26/Mar/2024:08:45:59 -0300] "GET /cormun/static/gxui/gxui-all.css?120300 HTTP/1.1" 200 2179
190.171.142.10 - - [26/Mar/2024:08:45:59 -0300] "GET /cormun/static/gxcfg.js?20221129846531 HTTP/1.1" 200 953
190.171.142.10 - - [26/Mar/2024:08:45:59 -0300] "GET /cormun/static/calendar-system.css?85620 HTTP/1.1" 200 5572
190.171.142.10 - - [26/Mar/2024:08:45:59 -0300] "GET /cormun/static/calendar.js?85251 HTTP/1.1" 200 26246
190.171.142.10 - - [26/Mar/2024:08:45:59 -0300] "GET /cormun/static/calendar-setup.js?85251 HTTP/1.1" 200 2588
190.171.142.10 - - [26/Mar/2024:08:45:59 -0300] "GET /cormun/static/calendar-es.js?85251 HTTP/1.1" 200 1901
190.171.142.10 - - [26/Mar/2024:08:45:59 -0300] "GET /cormun/static/gxdec.js?85251 HTTP/1.1" 200 19579
190.171.142.10 - - [26/Mar/2024:08:45:59 -0300] "GET /cormun/static/Resources/PXTools/calendar.png HTTP/1.1" 200 1306
190.171.142.10 - - [26/Mar/2024:08:45:59 -0300] "GET /cormun/static/trsolicitudot.js?202211298465651 HTTP/1.1" 200 54040
190.171.142.10 - - [26/Mar/2024:08:45:59 -0300] "GET /cormun/static/Resources/PXToolsDataSearch.png HTTP/1.1" 200 435
190.171.142.10 - - [26/Mar/2024:08:45:59 -0300] "GET /cormun/static/Shared/ext/resources/css/ext-all.css?215870 HTTP/1.1" 200 416045
190.171.142.10 - - [26/Mar/2024:08:45:59 -0300] "GET /cormun/static/Resources/PXToolsGridFirstDisabled.gif HTTP/1.1" 200 100
190.171.142.10 - - [26/Mar/2024:08:45:59 -0300] "GET /cormun/static/Resources/PXToolsGridPreviousDisabled.gif HTTP/1.1" 200 90
190.171.142.10 - - [26/Mar/2024:08:45:59 -0300] "GET /cormun/static/Resources/PXToolsGridLastDisabled.gif HTTP/1.1" 200 98
190.171.142.10 - - [26/Mar/2024:08:45:59 -0300] "GET /cormun/static/Resources/PXToolsGridNextDisabled.gif HTTP/1.1" 200 90
190.171.142.10 - - [26/Mar/2024:08:45:59 -0300] "GET /cormun/static/Resources/PXToolsAddAllAction.png HTTP/1.1" 200 495
190.171.142.10 - - [26/Mar/2024:08:45:59 -0300] "GET /cormun/static/Resources/PXToolsGridPage.gif HTTP/1.1" 200 725
190.171.142.10 - - [26/Mar/2024:08:45:59 -0300] "GET /cormun/static/Resources/PXToolsActionExcel.png HTTP/1.1" 200 727
190.171.142.10 - - [26/Mar/2024:08:45:59 -0300] "GET /cormun/static/Resources/desc.gif HTTP/1.1" 200 65
190.171.142.10 - - [26/Mar/2024:08:45:59 -0300] "GET /cormun/static/Resources/asc.gif HTTP/1.1" 200 67
190.171.142.10 - - [26/Mar/2024:08:45:59 -0300] "GET /cormun/static/Shared/ext/resources/themes/images/default/tools/tool-sprites.gif HTTP/1.1" 200 5434
190.171.142.10 - - [26/Mar/2024:08:45:59 -0300] "GET /cormun/static/Shared/ext/resources/themes/images/default/panel/bg-headersPanel.png HTTP/1.1" 200 255
190.171.144.234 - - [26/Mar/2024:08:46:01 -0300] "GET /cormun/servlet/solicitudot?b7c64a8b371428c2ded7cc37ba1f4809804c79a2290162430742e4df2df5f95429e83a44eed200b2ad830b3620c704bc3a59a6f61cb9190c9cc0d0664e45233f668d332a2a9a2b5c7ce769c5ca236667819da6ce0809743e013a6f4e39de8527b4c3b77d736decaca0d398ed3944b214249aa3d8e1af7927aa4e2fa1fef1ccd65c2fa8434b682e70313344f4f9aa4a0fa53289e976f950cb164558f809f29a8a3357449764fc55d9af5d93705869c12082ac517930b63843561fbdfed9be18c8a98801b16a1f4f57fe854f5246e3fdcf971af74701a1e2c35bcba9be5112f3c9ae37da73a80824bbd045f6b4723d5ea26d7fab2e02f00f419fd8f24137e95396fed0ec3e075875e952138956ae70f24241fa127587ee82ba02e2c9938d56295f217aab360c5ff093742b2f865cc46f843be7ed3c627c4c760d379c2141ea264c8d9bbc351c21fc13753d73a31bfb9ba5c6e51e0680020a1d1a293ede87d4241e1c4ba2f97b36e0d022fad8452b88f9480b158a9404b3b27a371d4ea59e1c1f63,gx-no-cache=1711453376217 HTTP/1.1" 200 30
190.171.144.234 - - [26/Mar/2024:08:46:22 -0300] "POST /cormun/servlet/solicitudot?gx-no-cache=1711453397505 HTTP/1.1" 200 30
190.171.144.234 - - [26/Mar/2024:08:46:25 -0300] "GET /cormun/static/Resources/resize.gif HTTP/1.1" 200 77
190.171.144.234 - - [26/Mar/2024:08:46:25 -0300] "GET /cormun/static/Resources/PXTools/ClosePrompt.png HTTP/1.1" 200 1036
190.171.144.234 - - [26/Mar/2024:08:46:26 -0300] "GET /cormun/servlet/prcontratosol?19591655,,,,,MD,,gxPopupLevel%3D0%3B HTTP/1.1" 200 7855
190.171.144.234 - - [26/Mar/2024:08:46:26 -0300] "GET /cormun/static/gxcfg.js?202211298464198 HTTP/1.1" 200 953
190.171.144.234 - - [26/Mar/2024:08:46:26 -0300] "GET /cormun/static/Resources/PXToolsMenuSearch.png HTTP/1.1" 200 336
190.171.144.234 - - [26/Mar/2024:08:46:26 -0300] "GET /cormun/static/menusearch.js?20201214473581 HTTP/1.1" 200 1424
190.171.144.234 - - [26/Mar/2024:08:46:26 -0300] "GET /cormun/static/prcontratosol.js?202211298464288 HTTP/1.1" 200 15806
190.171.144.234 - - [26/Mar/2024:08:46:26 -0300] "GET /cormun/static/Resources/PXToolsMenuSearchCancel.png HTTP/1.1" 200 306
190.171.144.234 - - [26/Mar/2024:08:46:26 -0300] "GET /cormun/static/hmpwkw011.js?202211298443482 HTTP/1.1" 200 1968
190.171.144.234 - - [26/Mar/2024:08:46:46 -0300] "POST /cormun/servlet/solicitudot?gx-no-cache=1711453421414 HTTP/1.1" 200 1557
190.171.144.234 - - [26/Mar/2024:08:46:46 -0300] "GET /cormun/static/Shared/jqueryui/images/ui-bg_highlight-soft_100_c6c2c8_1x100.png HTTP/1.1" 404 1117
190.171.144.234 - - [26/Mar/2024:08:46:46 -0300] "GET /cormun/static/Shared/jqueryui/images/ui-icons_82798d_256x240.png HTTP/1.1" 404 1089
190.171.144.234 - - [26/Mar/2024:08:46:46 -0300] "GET /cormun/static/Shared/jqueryui/images/ui-bg_flat_55_994d53_40x100.png HTTP/1.1" 404 1097
190.171.144.234 - - [26/Mar/2024:08:46:46 -0300] "GET /cormun/static/Shared/jqueryui/images/ui-icons_ebccce_256x240.png HTTP/1.1" 404 1089
190.171.144.234 - - [26/Mar/2024:08:46:46 -0300] "POST /cormun/servlet/solicitudot?gx-no-cache=1711453421462 HTTP/1.1" 200 117
190.171.144.234 - - [26/Mar/2024:08:46:46 -0300] "GET /cormun/servlet/solicitudot?b7c64a8b371428c2ded7cc37ba1f4809b60e21f434e56463e05de975607b78831d0ebbb681f1ebd34e0144840b5761f1e34e7667b143fd40e9ee1a936dbcd25290beb2dc7d211caa5108b79565a82d17a8f05b9b37656c027334f2c6018f1822a83a2b85d4df8e4514c23617e8063f16,gx-no-cache=1711453421481 HTTP/1.1" 200 110
190.171.144.234 - - [26/Mar/2024:08:46:46 -0300] "POST /cormun/servlet/solicitudot?gx-no-cache=1711453421504 HTTP/1.1" 200 64
190.171.144.234 - - [26/Mar/2024:08:46:46 -0300] "GET /cormun/servlet/solicitudot?b7c64a8b371428c2ded7cc37ba1f480964f2c6bf47935cf22b2ea64cc7726d52aaca9b009c7f54fcd9a01764339ad460ce237e1ff84f191538e9030e7499015c8ed389322a60110a530e90136e214dc4e036bd5daa98b0e6486a24b68e43fe01db77a1243d2086e9c2abff050b0da162,gx-no-cache=1711453421526 HTTP/1.1" 200 29
190.171.144.234 - - [26/Mar/2024:08:46:46 -0300] "GET /cormun/servlet/solicitudot?b7c64a8b371428c2ded7cc37ba1f4809273f3161be5c8ee75c57837d5904897444cd4a0f0010e93b7574f00efb2a5ec9,gx-no-cache=1711453421541 HTTP/1.1" 200 30
190.171.152.114 - - [26/Mar/2024:08:46:47 -0300] "GET /cormun/servlet/trsolicitudot? HTTP/1.1" 200 10200
190.171.144.234 - - [26/Mar/2024:08:47:15 -0300] "GET /cormun/servlet/prsolicitudot?19591655,,,,,MD,,gxPopupLevel%3D0%3B HTTP/1.1" 200 6068
190.171.144.234 - - [26/Mar/2024:08:47:15 -0300] "GET /cormun/static/gxcfg.js?20201215593468 HTTP/1.1" 200 953
190.171.144.234 - - [26/Mar/2024:08:47:15 -0300] "GET /cormun/static/prsolicitudot.js?20201215593721 HTTP/1.1" 200 13680
190.171.144.234 - - [26/Mar/2024:08:47:31 -0300] "GET /cormun/servlet/prpersonalsolicitud?19591655,,,,,MD,,gxPopupLevel%3D0%3B HTTP/1.1" 200 5634
190.171.144.234 - - [26/Mar/2024:08:47:31 -0300] "GET /cormun/static/calendar-system.css?75620 HTTP/1.1" 200 5572
190.171.144.234 - - [26/Mar/2024:08:47:31 -0300] "GET /cormun/static/gxui/gxui-all.css?110300 HTTP/1.1" 200 2179
190.171.144.234 - - [26/Mar/2024:08:47:31 -0300] "GET /cormun/static/gxcfg.js?20199142022523 HTTP/1.1" 200 953
190.171.144.234 - - [26/Mar/2024:08:47:31 -0300] "GET /cormun/static/prpersonalsolicitud.js?20199142022764 HTTP/1.1" 200 13873
190.171.144.234 - - [26/Mar/2024:08:47:31 -0300] "GET /cormun/static/Resources/Spanish/PXTools.css?19172979 HTTP/1.1" 200 100853
190.171.144.234 - - [26/Mar/2024:08:47:31 -0300] "GET /cormun/static/Shared/ext/resources/css/ext-all.css?205870 HTTP/1.1" 200 416045
190.171.152.234 - - [26/Mar/2024:08:47:44 -0300] "GET /cormun/servlet/hlogin HTTP/1.1" 200 1718
190.171.152.234 - - [26/Mar/2024:08:47:54 -0300] "POST /cormun/servlet/hlogin?919ef90a78263b9616d9be3e5b18020d,gx-no-cache=1711453722144 HTTP/1.1" 200 90
190.171.152.234 - - [26/Mar/2024:08:47:54 -0300] "GET /cormun/servlet/hpexe_link HTTP/1.1" 200 947
190.171.152.234 - - [26/Mar/2024:08:47:54 -0300] "GET /cormun/servlet/hhome HTTP/1.1" 200 4274
190.171.152.234 - - [26/Mar/2024:08:47:59 -0300] "GET /cormun/servlet/trsolicitudot? HTTP/1.1" 200 7491
190.171.152.234 - - [26/Mar/2024:08:48:03 -0300] "GET /cormun/servlet/solicitudot?INS,0,0,false, HTTP/1.1" 200 16255
190.171.144.234 - - [26/Mar/2024:08:48:06 -0300] "POST /cormun/servlet/solicitudot?gx-no-cache=1711453500807 HTTP/1.1" 200 1474
190.171.144.234 - - [26/Mar/2024:08:48:06 -0300] "GET /cormun/static/menuarrow.gif HTTP/1.1" 404 1015
181.212.40.185 - - [26/Mar/2024:08:48:08 -0300] "GET /cormun/servlet/trlicencias? HTTP/1.1" 200 6048
181.212.40.185 - - [26/Mar/2024:08:48:08 -0300] "GET /cormun/servlet/hlogin HTTP/1.1" 200 1739
190.171.152.234 - - [26/Mar/2024:08:48:12 -0300] "POST /cormun/servlet/solicitudot?gx-no-cache=1711453740495 HTTP/1.1" 200 4031
190.171.152.234 - - [26/Mar/2024:08:48:12 -0300] "POST /cormun/servlet/solicitudot?919ef90a78263b9616d9be3e5b18020d,INS,0,0,false,,gx-no-cache=1711453740609 HTTP/1.1" 200 12875
190.171.152.234 - - [26/Mar/2024:08:48:12 -0300] "GET /cormun/servlet/solicitudot?8804ef20166c668f2263c207957e981954a33d39ac17df14f24e6dad1de12e6b2695282f3bb3313ae1821124f7776106,gx-no-cache=1711453741065 HTTP/1.1" 200 30
181.212.40.185 - - [26/Mar/2024:08:48:15 -0300] "POST /cormun/servlet/hlogin?4c90ffb4d4c303c0d9a9724f280241b8,gx-no-cache=1711453510028 HTTP/1.1" 200 452
190.171.144.234 - - [26/Mar/2024:08:48:19 -0300] "POST /cormun/servlet/solicitudot?gx-no-cache=1711453514602 HTTP/1.1" 200 122
181.212.40.185 - - [26/Mar/2024:08:48:21 -0300] "POST /cormun/servlet/hlogin?4c90ffb4d4c303c0d9a9724f280241b8,gx-no-cache=1711453516267 HTTP/1.1" 200 90
181.212.40.185 - - [26/Mar/2024:08:48:21 -0300] "GET /cormun/servlet/hpexe_link HTTP/1.1" 200 956
181.212.40.185 - - [26/Mar/2024:08:48:21 -0300] "GET /cormun/servlet/trlicencias HTTP/1.1" 200 15321
190.171.144.234 - - [26/Mar/2024:08:48:27 -0300] "POST /cormun/servlet/solicitudot?gx-no-cache=1711453521860 HTTP/1.1" 200 41
190.171.144.234 - - [26/Mar/2024:08:49:19 -0300] "GET /cormun/servlet/solicitudot?b7c64a8b371428c2ded7cc37ba1f4809b60e21f434e56463e05de975607b78831d0ebbb681f1ebd34e0144840b5761f1e34e7667b143fd40e9ee1a936dbcd25290beb2dc7d211caa5108b79565a82d17a8f05b9b37656c027334f2c6018f1822a83a2b85d4df8e4514c23617e8063f16,gx-no-cache=1711453573855 HTTP/1.1" 200 110
190.171.144.234 - - [26/Mar/2024:08:49:19 -0300] "POST /cormun/servlet/solicitudot?gx-no-cache=1711453573883 HTTP/1.1" 200 97
190.171.144.234 - - [26/Mar/2024:08:49:30 -0300] "POST /cormun/servlet/solicitudot?gx-no-cache=1711453584782 HTTP/1.1" 200 122
200.54.237.82 - - [26/Mar/2024:08:49:30 -0300] "GET /cormun/servlet/trsolicitudot? HTTP/1.1" 200 10593
200.54.237.82 - - [26/Mar/2024:08:49:31 -0300] "GET /cormun/servlet/trsolicitudot? HTTP/1.1" 200 10592
190.171.152.234 - - [26/Mar/2024:08:49:44 -0300] "GET /cormun/servlet/prbanco?,MD,,gxPopupLevel%3D0%3B HTTP/1.1" 200 6606
190.171.144.234 - - [26/Mar/2024:08:49:56 -0300] "POST /cormun/servlet/solicitudot?gx-no-cache=1711453611498 HTTP/1.1" 200 146
190.171.152.234 - - [26/Mar/2024:08:50:05 -0300] "GET /cormun/servlet/solicitudot?8804ef20166c668f2263c207957e9819340228d658759d916052b67aafa6c715b7243218a7a7a2416d55c36e9757c429da7efb12a0df4f6bdcb19793b973b458,gx-no-cache=1711453853845 HTTP/1.1" 200 30
190.171.152.234 - - [26/Mar/2024:08:50:08 -0300] "GET /cormun/servlet/solicitudot?8804ef20166c668f2263c207957e98199b2e95b6ab4bfc78e5b8cba0d81c3dad,gx-no-cache=1711453856711 HTTP/1.1" 200 51
190.171.144.234 - - [26/Mar/2024:08:50:11 -0300] "GET /cormun/servlet/solicitudot?b7c64a8b371428c2ded7cc37ba1f4809273f3161be5c8ee75c57837d59048974472be13b96cc5a03ac1c26a61a2a49b4,gx-no-cache=1711453626535 HTTP/1.1" 200 30
190.171.152.234 - - [26/Mar/2024:08:50:20 -0300] "POST /cormun/servlet/solicitudot?919ef90a78263b9616d9be3e5b18020d,INS,0,0,false,,gx-no-cache=1711453868435 HTTP/1.1" 200 13091
190.171.144.234 - - [26/Mar/2024:08:50:20 -0300] "POST /cormun/servlet/solicitudot?gx-no-cache=1711453635202 HTTP/1.1" 200 146
190.171.152.234 - - [26/Mar/2024:08:50:20 -0300] "GET /cormun/static/Shared/jqueryui/images/ui-bg_flat_55_fafafa_40x100.png HTTP/1.1" 404 1097
190.171.152.234 - - [26/Mar/2024:08:50:20 -0300] "GET /cormun/static/Shared/jqueryui/images/ui-bg_highlight-soft_100_c6c2c8_1x100.png HTTP/1.1" 404 1117
190.171.152.234 - - [26/Mar/2024:08:50:20 -0300] "GET /cormun/static/Shared/jqueryui/images/ui-icons_82798d_256x240.png HTTP/1.1" 404 1089
190.171.152.234 - - [26/Mar/2024:08:50:20 -0300] "GET /cormun/static/Shared/jqueryui/images/ui-icons_8d78a5_256x240.png HTTP/1.1" 404 1089
190.171.152.234 - - [26/Mar/2024:08:50:24 -0300] "GET /cormun/servlet/solicitudot?8804ef20166c668f2263c207957e9819ad27f9116fe631d5832d898249120e3841c23abb0000359821b2613242c55fb369a9492677f007129618e760e3958efb,gx-no-cache=1711453872369 HTTP/1.1" 200 51
190.171.152.234 - - [26/Mar/2024:08:50:47 -0300] "POST /cormun/servlet/solicitudot?gx-no-cache=1711453895985 HTTP/1.1" 200 255
190.171.152.234 - - [26/Mar/2024:08:50:49 -0300] "GET /cormun/servlet/solicitudot?8804ef20166c668f2263c207957e98197fd73c0dc510bf826ed34d78d37d1a95a6880cddd91a1f5e219f06bd6a2c016d1ba851ef9d58c7248fefbc89ae995e3d331ba194cb0b60a2fd7d299233bd341bf5701c8e7772787722be0ef58969fb43b4b856a01eca8fb539b63b7356f5f74dc52190c9852efe304bea2b50aaa9abaeb110dfd65ab2473c2bb961a881a7dcbd9d01e6edb945b87313807199abf394b6cfefa39c71f9fc27cb64bcf2c376d18b90742d27aa915ad014fdf3521132bbab68a1f32c638ecf5950b93d647909ab3e50c77990420a0cf9a308430c1cc7f678e7fef60d3275a14ca0e7ce56c8ecf07c2f0505cf6d7d9395f4054ad353063b495564f1b052ee648b894da8b9e6d3d90e4feee45c7a15d41739a313ded5d2368b2444e23ab0d068dab0e69db37dba62d8697acee7b8a57551b13e772a198ca3032b8ae7b4b0b46e5513be981fce5351e53f412c84d1b821851791feb0730604b2d11f57ff08792ba7d24ffa1e78f7e9ae3fda0ee84938a2aefd11e332c158c7ec,gx-no-cache=1711453897929 HTTP/1.1" 200 30
190.171.152.234 - - [26/Mar/2024:08:50:56 -0300] "POST /cormun/servlet/solicitudot?gx-no-cache=1711453904353 HTTP/1.1" 200 30
190.171.152.234 - - [26/Mar/2024:08:50:57 -0300] "POST /cormun/servlet/solicitudot?gx-no-cache=1711453906069 HTTP/1.1" 200 1473
190.171.152.234 - - [26/Mar/2024:08:50:57 -0300] "POST /cormun/servlet/solicitudot?gx-no-cache=1711453906100 HTTP/1.1" 200 38
190.171.142.10 - - [26/Mar/2024:08:50:58 -0300] "GET /cormun/static/menuarrow.gif HTTP/1.1" 404 1015
190.171.144.234 - - [26/Mar/2024:08:50:58 -0300] "GET /cormun/servlet/hlogin HTTP/1.1" 200 1719
190.171.144.234 - - [26/Mar/2024:08:51:04 -0300] "POST /cormun/servlet/hlogin?d5c8ee4dc456f71b5c8caea13794ef70,gx-no-cache=1711453678829 HTTP/1.1" 200 90
190.171.144.234 - - [26/Mar/2024:08:51:04 -0300] "GET /cormun/servlet/hpexe_link HTTP/1.1" 200 974
190.171.144.234 - - [26/Mar/2024:08:51:04 -0300] "GET /cormun/servlet/prpersonalsolicitud?19591655,,,,,MD, HTTP/1.1" 200 5626
190.171.152.234 - - [26/Mar/2024:08:51:10 -0300] "GET /cormun/servlet/solicitudot?8804ef20166c668f2263c207957e9819999b3705418e5c9f5defc8dab53f85d7e11f139cf435ac2518657478fb2406b12ad92c5a44979fb1feefa7f1e465332d82da397e539f29d2fd2dce3929400abefccf01a989aa0f403f7b0a05ce8ef60d93ef597726494339c2e4e0b5acbff324,gx-no-cache=1711453918736 HTTP/1.1" 200 110
190.171.152.234 - - [26/Mar/2024:08:51:10 -0300] "POST /cormun/servlet/solicitudot?gx-no-cache=1711453918763 HTTP/1.1" 200 97
200.54.237.82 - - [26/Mar/2024:08:51:22 -0300] "POST /cormun/servlet/trsolicitudot?1c7d70ea7ae1ee515362c4489cee9aa1,,gx-no-cache=1711453699000 HTTP/1.1" 200 4631
190.171.152.234 - - [26/Mar/2024:08:51:24 -0300] "GET /cormun/servlet/solicitudot?8804ef20166c668f2263c207957e98195062ad88a3a27d3f70fabf92cbbef48d928ec8ee81ba4839a2a06b5e4d386b72ccba48c7be85d6ebc866cf99f20c6a73197519619ea6cd2840c6236db0ee6f7287b961b651ab33e4bd4e6085df52197edd288a4d390c62675df9580346f34439,gx-no-cache=1711453932071 HTTP/1.1" 200 29
190.171.152.234 - - [26/Mar/2024:08:51:24 -0300] "GET /cormun/static/menuarrow.gif HTTP/1.1" 404 1015
200.54.237.82 - - [26/Mar/2024:08:51:29 -0300] "GET /cormun/static/menuarrow.gif HTTP/1.1" 404 1015
190.171.152.234 - - [26/Mar/2024:08:51:35 -0300] "GET /cormun/servlet/solicitudot?8804ef20166c668f2263c207957e9819fe39cb01c9b2301456a09d0c126301d16d8c7ea1a4074064b5f0c73b6f9aff82,gx-no-cache=1711453943278 HTTP/1.1" 200 30
190.171.144.234 - - [26/Mar/2024:08:51:44 -0300] "GET /cormun/servlet/hlogin HTTP/1.1" 200 1719
200.54.237.82 - - [26/Mar/2024:08:51:48 -0300] "POST /cormun/servlet/trsolicitudot?1c7d70ea7ae1ee515362c4489cee9aa1,,gx-no-cache=1711453724797 HTTP/1.1" 200 4633
200.54.237.82 - - [26/Mar/2024:08:51:49 -0300] "POST /cormun/servlet/trsolicitudot?1c7d70ea7ae1ee515362c4489cee9aa1,,gx-no-cache=1711453725620 HTTP/1.1" 200 4632
200.54.237.82 - - [26/Mar/2024:08:51:49 -0300] "POST /cormun/servlet/trsolicitudot?1c7d70ea7ae1ee515362c4489cee9aa1,,gx-no-cache=1711453725803 HTTP/1.1" 200 4633
190.171.144.234 - - [26/Mar/2024:08:51:49 -0300] "POST /cormun/servlet/hlogin?d5c8ee4dc456f71b5c8caea13794ef70,gx-no-cache=1711453724329 HTTP/1.1" 200 90
190.171.144.234 - - [26/Mar/2024:08:51:49 -0300] "GET /cormun/servlet/hpexe_link HTTP/1.1" 200 974
190.171.144.234 - - [26/Mar/2024:08:51:49 -0300] "GET /cormun/servlet/prpersonalsolicitud?19591655,,,,,MD, HTTP/1.1" 200 5626
190.171.142.10 - - [26/Mar/2024:08:51:50 -0300] "GET /cormun/servlet/trautorizarsolicitud? HTTP/1.1" 200 7332
190.171.142.10 - - [26/Mar/2024:08:51:50 -0300] "GET /cormun/static/gxcfg.js?202211298474254 HTTP/1.1" 200 953
190.171.142.10 - - [26/Mar/2024:08:51:50 -0300] "GET /cormun/static/trautorizarsolicitud.js?202211298474588 HTTP/1.1" 200 53909
190.171.144.234 - - [26/Mar/2024:08:51:53 -0300] "GET /cormun/servlet/hlogin HTTP/1.1" 200 1719
200.54.237.82 - - [26/Mar/2024:08:51:55 -0300] "POST /cormun/servlet/trsolicitudot?1c7d70ea7ae1ee515362c4489cee9aa1,,gx-no-cache=1711453731452 HTTP/1.1" 200 4630
200.54.237.82 - - [26/Mar/2024:08:51:55 -0300] "POST /cormun/servlet/trsolicitudot?1c7d70ea7ae1ee515362c4489cee9aa1,,gx-no-cache=1711453731796 HTTP/1.1" 200 4631
200.54.237.82 - - [26/Mar/2024:08:51:56 -0300] "POST /cormun/servlet/trsolicitudot?1c7d70ea7ae1ee515362c4489cee9aa1,,gx-no-cache=1711453732491 HTTP/1.1" 200 4631
200.54.237.82 - - [26/Mar/2024:08:51:56 -0300] "POST /cormun/servlet/trsolicitudot?1c7d70ea7ae1ee515362c4489cee9aa1,,gx-no-cache=1711453732684 HTTP/1.1" 200 4631
190.171.144.234 - - [26/Mar/2024:08:51:56 -0300] "POST /cormun/servlet/hlogin?d5c8ee4dc456f71b5c8caea13794ef70,gx-no-cache=1711453731740 HTTP/1.1" 200 424
190.171.142.10 - - [26/Mar/2024:08:52:00 -0300] "GET /cormun/servlet/trsolicitudot? HTTP/1.1" 200 7430
190.171.144.234 - - [26/Mar/2024:08:52:02 -0300] "POST /cormun/servlet/hlogin?d5c8ee4dc456f71b5c8caea13794ef70,gx-no-cache=1711453736793 HTTP/1.1" 200 90
190.171.144.234 - - [26/Mar/2024:08:52:02 -0300] "GET /cormun/servlet/hpexe_link HTTP/1.1" 200 974
190.171.144.234 - - [26/Mar/2024:08:52:02 -0300] "GET /cormun/servlet/prpersonalsolicitud?19591655,,,,,MD, HTTP/1.1" 200 5626
190.171.142.10 - - [26/Mar/2024:08:52:03 -0300] "GET /cormun/servlet/solicitudot?INS,0,0,false, HTTP/1.1" 200 16185
190.171.142.10 - - [26/Mar/2024:08:52:03 -0300] "GET /cormun/static/Resources/prompt.gif HTTP/1.1" 200 902
190.171.142.10 - - [26/Mar/2024:08:52:03 -0300] "GET /cormun/static/gxcfg.js?20221129840861 HTTP/1.1" 200 953
190.171.142.10 - - [26/Mar/2024:08:52:04 -0300] "GET /cormun/static/solicitudot.js?20221129840983 HTTP/1.1" 200 74072
200.54.237.82 - - [26/Mar/2024:08:52:05 -0300] "GET /cormun/servlet/solicitudot?INS,0,0,false, HTTP/1.1" 200 16312
190.171.152.234 - - [26/Mar/2024:08:52:11 -0300] "POST /cormun/servlet/solicitudot?gx-no-cache=1711453979968 HTTP/1.1" 200 30
190.171.152.234 - - [26/Mar/2024:08:52:12 -0300] "POST /cormun/servlet/solicitudot?919ef90a78263b9616d9be3e5b18020d,INS,0,0,false,,gx-no-cache=1711453980004 HTTP/1.1" 200 93
190.171.152.234 - - [26/Mar/2024:08:52:12 -0300] "GET /cormun/servlet/hpexe_return? HTTP/1.1" 200 1006
190.171.152.234 - - [26/Mar/2024:08:52:12 -0300] "GET /cormun/servlet/trsolicitudot HTTP/1.1" 200 8874
190.171.152.234 - - [26/Mar/2024:08:52:15 -0300] "POST /cormun/servlet/trsolicitudot?919ef90a78263b9616d9be3e5b18020d,gx-no-cache=1711453984052 HTTP/1.1" 200 107
190.171.152.234 - - [26/Mar/2024:08:52:16 -0300] "GET /cormun/servlet/trsolicitudadjuntos?2024,21088, HTTP/1.1" 200 6380
190.171.152.234 - - [26/Mar/2024:08:52:17 -0300] "GET /cormun/servlet/solicitudotadjuntos?INS,2024,21088,,1, HTTP/1.1" 200 6325
190.171.152.234 - - [26/Mar/2024:08:52:18 -0300] "GET /cormun/static/about:blank HTTP/1.1" 404 1011
190.171.142.10 - - [26/Mar/2024:08:52:18 -0300] "POST /cormun/servlet/solicitudot?gx-no-cache=1711453753416 HTTP/1.1" 200 4031
190.171.152.234 - - [26/Mar/2024:08:52:18 -0300] "GET /cormun/servlet/solicitudotadjuntos?8804ef20166c668f2263c207957e9819418bf280a5a045b4ddd408fe920a45199cea173062c02c4d804d1a8c271208d9,gx-no-cache=1711453986916 HTTP/1.1" 200 30
190.171.152.234 - - [26/Mar/2024:08:52:18 -0300] "POST /cormun/servlet/solicitudotadjuntos?919ef90a78263b9616d9be3e5b18020d,INS,2024,21088,,1,,gx-no-cache=1711453986931 HTTP/1.1" 200 4191
190.171.142.10 - - [26/Mar/2024:08:52:18 -0300] "POST /cormun/servlet/solicitudot?ce2c1e60b33afeb20b87986e57af473a,INS,0,0,false,,gx-no-cache=1711453753519 HTTP/1.1" 200 12880
190.171.144.234 - - [26/Mar/2024:08:52:19 -0300] "GET /cormun/servlet/hlogin HTTP/1.1" 200 1754
190.171.152.234 - - [26/Mar/2024:08:52:20 -0300] "POST /cormun/servlet/solicitudotadjuntos?gx-no-cache=1711453988440 HTTP/1.1" 200 26
190.171.142.10 - - [26/Mar/2024:08:52:20 -0300] "GET /cormun/servlet/solicitudot?be891f9fe5a422829deb55df2dea892eb849eff487d9ed2109d7f13352816cd4d548bb2e757cdb17b3cd645e5caaf8b7,gx-no-cache=1711453755875 HTTP/1.1" 200 30
190.171.152.234 - - [26/Mar/2024:08:52:28 -0300] "GET /cormun/servlet/solicitudotadjuntos?8804ef20166c668f2263c207957e98192d31eba985e6117fbcfab751f895db92,gx-no-cache=1711453996247 HTTP/1.1" 200 30
190.171.152.234 - - [26/Mar/2024:08:52:28 -0300] "GET /cormun/servlet/solicitudotadjuntos?8804ef20166c668f2263c207957e98192d31eba985e6117fbcfab751f895db92,gx-no-cache=1711453996263 HTTP/1.1" 200 30
190.171.152.234 - - [26/Mar/2024:08:52:28 -0300] "POST /cormun/servlet/solicitudotadjuntos?919ef90a78263b9616d9be3e5b18020d,INS,2024,21088,,1, HTTP/1.1" 200 116
190.171.152.234 - - [26/Mar/2024:08:52:28 -0300] "GET /cormun/servlet/hpexe_return? HTTP/1.1" 200 1022
190.171.152.234 - - [26/Mar/2024:08:52:28 -0300] "GET /cormun/servlet/trsolicitudadjuntos?2024,21088, HTTP/1.1" 200 9293
190.171.152.234 - - [26/Mar/2024:08:52:30 -0300] "GET /cormun/servlet/solicitudotadjuntos?INS,2024,21088,,1, HTTP/1.1" 200 6326
190.171.152.234 - - [26/Mar/2024:08:52:30 -0300] "GET /cormun/static/about:blank HTTP/1.1" 404 1011
190.171.152.234 - - [26/Mar/2024:08:52:31 -0300] "GET /cormun/servlet/solicitudotadjuntos?8804ef20166c668f2263c207957e9819418bf280a5a045b4ddd408fe920a45199cea173062c02c4d804d1a8c271208d9,gx-no-cache=1711453999405 HTTP/1.1" 200 30
190.171.152.234 - - [26/Mar/2024:08:52:31 -0300] "POST /cormun/servlet/solicitudotadjuntos?919ef90a78263b9616d9be3e5b18020d,INS,2024,21088,,1,,gx-no-cache=1711453999418 HTTP/1.1" 200 4192
190.171.152.234 - - [26/Mar/2024:08:52:33 -0300] "POST /cormun/servlet/solicitudotadjuntos?gx-no-cache=1711454001272 HTTP/1.1" 200 26
190.171.152.234 - - [26/Mar/2024:08:52:36 -0300] "GET /cormun/servlet/solicitudotadjuntos?8804ef20166c668f2263c207957e98192d31eba985e6117fbcfab751f895db92,gx-no-cache=1711454005039 HTTP/1.1" 200 30
