190.171.152.234 - - [26/Mar/2024:08:52:36 -0300] "GET /cormun/servlet/solicitudotadjuntos?8804ef20166c668f2263c207957e98192d31eba985e6117fbcfab751f895db92,gx-no-cache=1711454005049 HTTP/1.1" 200 30
190.171.152.234 - - [26/Mar/2024:08:52:37 -0300] "POST /cormun/servlet/solicitudotadjuntos?919ef90a78263b9616d9be3e5b18020d,INS,2024,21088,,1, HTTP/1.1" 200 116
190.171.152.234 - - [26/Mar/2024:08:52:37 -0300] "GET /cormun/servlet/hpexe_return? HTTP/1.1" 200 1022
190.171.152.234 - - [26/Mar/2024:08:52:37 -0300] "GET /cormun/servlet/trsolicitudadjuntos?2024,21088, HTTP/1.1" 200 9522
190.171.152.234 - - [26/Mar/2024:08:52:39 -0300] "GET /cormun/servlet/solicitudotadjuntos?INS,2024,21088,,1, HTTP/1.1" 200 6326
190.171.152.234 - - [26/Mar/2024:08:52:39 -0300] "GET /cormun/static/about:blank HTTP/1.1" 404 1011
190.171.152.234 - - [26/Mar/2024:08:52:40 -0300] "GET /cormun/servlet/solicitudotadjuntos?8804ef20166c668f2263c207957e9819418bf280a5a045b4ddd408fe920a45199cea173062c02c4d804d1a8c271208d9,gx-no-cache=1711454008507 HTTP/1.1" 200 30
190.171.152.234 - - [26/Mar/2024:08:52:40 -0300] "POST /cormun/servlet/solicitudotadjuntos?919ef90a78263b9616d9be3e5b18020d,INS,2024,21088,,1,,gx-no-cache=1711454008521 HTTP/1.1" 200 4192
190.171.152.234 - - [26/Mar/2024:08:52:42 -0300] "POST /cormun/servlet/solicitudotadjuntos?gx-no-cache=1711454010640 HTTP/1.1" 200 26
190.171.152.234 - - [26/Mar/2024:08:52:46 -0300] "GET /cormun/servlet/solicitudotadjuntos?8804ef20166c668f2263c207957e98192d31eba985e6117fbcfab751f895db92,gx-no-cache=1711454014127 HTTP/1.1" 200 30
190.171.152.234 - - [26/Mar/2024:08:52:46 -0300] "GET /cormun/servlet/solicitudotadjuntos?8804ef20166c668f2263c207957e98192d31eba985e6117fbcfab751f895db92,gx-no-cache=1711454014137 HTTP/1.1" 200 30
190.171.152.234 - - [26/Mar/2024:08:52:46 -0300] "POST /cormun/servlet/solicitudotadjuntos?919ef90a78263b9616d9be3e5b18020d,INS,2024,21088,,1, HTTP/1.1" 200 116
190.171.152.234 - - [26/Mar/2024:08:52:46 -0300] "GET /cormun/servlet/hpexe_return? HTTP/1.1" 200 1022
190.171.152.234 - - [26/Mar/2024:08:52:46 -0300] "GET /cormun/servlet/trsolicitudadjuntos?2024,21088, HTTP/1.1" 200 9772
190.171.152.234 - - [26/Mar/2024:08:52:49 -0300] "GET /cormun/servlet/solicitudotadjuntos?INS,2024,21088,,1, HTTP/1.1" 200 6326
190.171.152.234 - - [26/Mar/2024:08:52:49 -0300] "GET /cormun/static/about:blank HTTP/1.1" 404 1011
190.171.152.234 - - [26/Mar/2024:08:52:49 -0300] "GET /cormun/servlet/solicitudotadjuntos?8804ef20166c668f2263c207957e9819418bf280a5a045b4ddd408fe920a45199cea173062c02c4d804d1a8c271208d9,gx-no-cache=1711454017942 HTTP/1.1" 200 30
190.171.152.234 - - [26/Mar/2024:08:52:49 -0300] "POST /cormun/servlet/solicitudotadjuntos?919ef90a78263b9616d9be3e5b18020d,INS,2024,21088,,1,,gx-no-cache=1711454017956 HTTP/1.1" 200 4192
181.212.47.137 - - [26/Mar/2024:08:52:50 -0300] "POST /cormun/servlet/trsolicitudgral?8289079facef3267739b074a3b64e621,,gx-no-cache=1711453768810 HTTP/1.1" 200 6656
190.171.152.234 - - [26/Mar/2024:08:52:52 -0300] "POST /cormun/servlet/solicitudotadjuntos?gx-no-cache=1711454020937 HTTP/1.1" 200 26
181.212.47.137 - - [26/Mar/2024:08:52:56 -0300] "POST /cormun/servlet/trsolicitudgral?8289079facef3267739b074a3b64e621,,gx-no-cache=1711453774985 HTTP/1.1" 200 8119
190.171.152.234 - - [26/Mar/2024:08:52:57 -0300] "GET /cormun/servlet/solicitudotadjuntos?8804ef20166c668f2263c207957e98192d31eba985e6117fbcfab751f895db92,gx-no-cache=1711454025671 HTTP/1.1" 200 30
190.171.152.234 - - [26/Mar/2024:08:52:57 -0300] "GET /cormun/servlet/solicitudotadjuntos?8804ef20166c668f2263c207957e98192d31eba985e6117fbcfab751f895db92,gx-no-cache=1711454025682 HTTP/1.1" 200 30
190.171.152.234 - - [26/Mar/2024:08:52:57 -0300] "POST /cormun/servlet/solicitudotadjuntos?919ef90a78263b9616d9be3e5b18020d,INS,2024,21088,,1, HTTP/1.1" 200 116
190.171.152.234 - - [26/Mar/2024:08:52:57 -0300] "GET /cormun/servlet/hpexe_return? HTTP/1.1" 200 1022
190.171.152.234 - - [26/Mar/2024:08:52:58 -0300] "GET /cormun/servlet/trsolicitudadjuntos?2024,21088, HTTP/1.1" 200 9977
190.171.152.234 - - [26/Mar/2024:08:53:00 -0300] "GET /cormun/servlet/solicitudotadjuntos?INS,2024,21088,,1, HTTP/1.1" 200 6326
190.171.152.234 - - [26/Mar/2024:08:53:00 -0300] "GET /cormun/static/about:blank HTTP/1.1" 404 1011
190.171.152.234 - - [26/Mar/2024:08:53:00 -0300] "GET /cormun/servlet/solicitudotadjuntos?8804ef20166c668f2263c207957e9819418bf280a5a045b4ddd408fe920a45199cea173062c02c4d804d1a8c271208d9,gx-no-cache=1711454028993 HTTP/1.1" 200 30
190.171.152.234 - - [26/Mar/2024:08:53:01 -0300] "POST /cormun/servlet/solicitudotadjuntos?919ef90a78263b9616d9be3e5b18020d,INS,2024,21088,,1,,gx-no-cache=1711454029096 HTTP/1.1" 200 4192
200.54.237.82 - - [26/Mar/2024:08:53:01 -0300] "GET /cormun/servlet/trcontratounov2? HTTP/1.1" 200 16725
190.171.152.234 - - [26/Mar/2024:08:53:04 -0300] "POST /cormun/servlet/solicitudotadjuntos?gx-no-cache=1711454032976 HTTP/1.1" 200 26
190.171.152.234 - - [26/Mar/2024:08:53:14 -0300] "GET /cormun/servlet/solicitudotadjuntos?8804ef20166c668f2263c207957e98192d31eba985e6117fbcfab751f895db92,gx-no-cache=1711454042751 HTTP/1.1" 200 30
190.171.152.234 - - [26/Mar/2024:08:53:14 -0300] "GET /cormun/servlet/solicitudotadjuntos?8804ef20166c668f2263c207957e98192d31eba985e6117fbcfab751f895db92,gx-no-cache=1711454042762 HTTP/1.1" 200 30
190.171.152.234 - - [26/Mar/2024:08:53:15 -0300] "POST /cormun/servlet/solicitudotadjuntos?919ef90a78263b9616d9be3e5b18020d,INS,2024,21088,,1, HTTP/1.1" 200 116
190.171.152.234 - - [26/Mar/2024:08:53:15 -0300] "GET /cormun/servlet/hpexe_return? HTTP/1.1" 200 1022
190.171.152.234 - - [26/Mar/2024:08:53:15 -0300] "GET /cormun/servlet/trsolicitudadjuntos?2024,21088, HTTP/1.1" 200 10239
190.171.152.234 - - [26/Mar/2024:08:53:18 -0300] "GET /cormun/servlet/solicitudotadjuntos?INS,2024,21088,,1, HTTP/1.1" 200 6326
190.171.152.234 - - [26/Mar/2024:08:53:19 -0300] "GET /cormun/static/about:blank HTTP/1.1" 404 1011
190.171.144.234 - - [26/Mar/2024:08:53:19 -0300] "GET /cormun/servlet/solicitudot?b7c64a8b371428c2ded7cc37ba1f4809804c79a2290162430742e4df2df5f95429e83a44eed200b2ad830b3620c704bc3a59a6f61cb9190c9cc0d0664e45233f668d332a2a9a2b5c7ce769c5ca236667819da6ce0809743e013a6f4e39de8527b4c3b77d736decaca0d398ed3944b214249aa3d8e1af7927aa4e2fa1fef1ccd65c2fa8434b682e70313344f4f9aa4a0fa53289e976f950cb164558f809f29a8a3357449764fc55d9af5d93705869c12082ac517930b63843561fbdfed9be18c8a98801b16a1f4f57fe854f5246e3fdcf971af74701a1e2c35bcba9be5112f3c9ae37da73a80824bbd045f6b4723d5ea26d7fab2e02f00f419fd8f24137e95396fed0ec3e075875e952138956ae70f24241fa127587ee82ba02e2c9938d56295f217aab360c5ff093742b2f865cc46f843be7ed3c627c4c760d379c2141ea264c8d9bbc351c21fc13753d73a31bfb9ba5c6e51e0680020a1d1a293ede87d4241e1c4ba2f97b36e0d022fad8452b88f948b09aab22a6630f83d72e6faa44211d7b,gx-no-cache=1711453814129 HTTP/1.1" 200 30
190.171.144.234 - - [26/Mar/2024:08:53:19 -0300] "POST /cormun/servlet/solicitudot?gx-no-cache=1711453814155 HTTP/1.1" 200 30
190.171.144.234 - - [26/Mar/2024:08:53:19 -0300] "POST /cormun/servlet/solicitudot?gx-no-cache=1711453814174 HTTP/1.1" 200 1474
190.171.152.234 - - [26/Mar/2024:08:53:19 -0300] "GET /cormun/servlet/solicitudotadjuntos?8804ef20166c668f2263c207957e9819418bf280a5a045b4ddd408fe920a45199cea173062c02c4d804d1a8c271208d9,gx-no-cache=1711454047771 HTTP/1.1" 200 30
190.171.152.234 - - [26/Mar/2024:08:53:19 -0300] "POST /cormun/servlet/solicitudotadjuntos?919ef90a78263b9616d9be3e5b18020d,INS,2024,21088,,1,,gx-no-cache=1711454047786 HTTP/1.1" 200 4192
190.171.152.234 - - [26/Mar/2024:08:53:29 -0300] "POST /cormun/servlet/solicitudotadjuntos?gx-no-cache=1711454057480 HTTP/1.1" 200 26
190.171.152.234 - - [26/Mar/2024:08:53:35 -0300] "GET /cormun/servlet/solicitudotadjuntos?8804ef20166c668f2263c207957e98192d31eba985e6117fbcfab751f895db92,gx-no-cache=1711454063311 HTTP/1.1" 200 30
190.171.152.234 - - [26/Mar/2024:08:53:35 -0300] "GET /cormun/servlet/solicitudotadjuntos?8804ef20166c668f2263c207957e98192d31eba985e6117fbcfab751f895db92,gx-no-cache=1711454063322 HTTP/1.1" 200 30
190.171.152.234 - - [26/Mar/2024:08:53:35 -0300] "POST /cormun/servlet/solicitudotadjuntos?919ef90a78263b9616d9be3e5b18020d,INS,2024,21088,,1, HTTP/1.1" 200 116
190.171.152.234 - - [26/Mar/2024:08:53:35 -0300] "GET /cormun/servlet/hpexe_return? HTTP/1.1" 200 1022
190.171.152.234 - - [26/Mar/2024:08:53:35 -0300] "GET /cormun/servlet/trsolicitudadjuntos?2024,21088, HTTP/1.1" 200 10407
190.171.144.234 - - [26/Mar/2024:08:53:36 -0300] "GET /cormun/servlet/prpersonalsolicitud?19591655,,,,,MD,,gxPopupLevel%3D0%3B HTTP/1.1" 302 -
190.171.144.234 - - [26/Mar/2024:08:53:36 -0300] "GET /cormun/servlet/hlogin?gxPopupLevel%3D0%3B HTTP/1.1" 200 1779
190.171.144.234 - - [26/Mar/2024:08:53:39 -0300] "POST /cormun/servlet/solicitudot?gx-no-cache=1711453834201 HTTP/1.1" 200 41
190.171.144.234 - - [26/Mar/2024:08:53:39 -0300] "GET /cormun/servlet/solicitudot?b7c64a8b371428c2ded7cc37ba1f4809b60e21f434e56463e05de975607b78831d0ebbb681f1ebd34e0144840b5761f1e34e7667b143fd40e9ee1a936dbcd25290beb2dc7d211caa5108b79565a82d17a8f05b9b37656c027334f2c6018f1822a83a2b85d4df8e4514c23617e8063f16,gx-no-cache=1711453834219 HTTP/1.1" 200 110
190.171.144.234 - - [26/Mar/2024:08:53:39 -0300] "POST /cormun/servlet/solicitudot?gx-no-cache=1711453834244 HTTP/1.1" 200 97
190.171.144.234 - - [26/Mar/2024:08:53:40 -0300] "GET /cormun/servlet/prsolicitudot?19591655,,,,,MD,,gxPopupLevel%3D0%3B HTTP/1.1" 302 -
190.171.144.234 - - [26/Mar/2024:08:53:40 -0300] "GET /cormun/servlet/hlogin?gxPopupLevel%3D0%3B HTTP/1.1" 200 1775
190.171.144.234 - - [26/Mar/2024:08:53:44 -0300] "GET /cormun/servlet/prcontratosol?19591655,,,,,MD,,gxPopupLevel%3D0%3B HTTP/1.1" 302 -
190.171.144.234 - - [26/Mar/2024:08:53:44 -0300] "GET /cormun/servlet/hlogin?gxPopupLevel%3D0%3B HTTP/1.1" 200 1774
190.171.144.234 - - [26/Mar/2024:08:53:58 -0300] "GET /cormun/servlet/hlogin HTTP/1.1" 200 1719
190.171.144.234 - - [26/Mar/2024:08:54:02 -0300] "POST /cormun/servlet/hlogin?d5c8ee4dc456f71b5c8caea13794ef70,gx-no-cache=1711453857278 HTTP/1.1" 200 90
190.171.144.234 - - [26/Mar/2024:08:54:02 -0300] "GET /cormun/servlet/hpexe_link HTTP/1.1" 200 974
190.171.144.234 - - [26/Mar/2024:08:54:02 -0300] "GET /cormun/servlet/prpersonalsolicitud?19591655,,,,,MD, HTTP/1.1" 200 5626
190.171.144.234 - - [26/Mar/2024:08:54:09 -0300] "GET /cormun/servlet/hlogin HTTP/1.1" 200 1719
190.171.144.234 - - [26/Mar/2024:08:54:16 -0300] "POST /cormun/servlet/hlogin?d5c8ee4dc456f71b5c8caea13794ef70,gx-no-cache=1711453871324 HTTP/1.1" 200 90
190.171.144.234 - - [26/Mar/2024:08:54:16 -0300] "GET /cormun/servlet/hpexe_link HTTP/1.1" 200 951
190.171.144.234 - - [26/Mar/2024:08:54:16 -0300] "GET /cormun/servlet/hhome HTTP/1.1" 200 4150
190.171.152.234 - - [26/Mar/2024:08:54:22 -0300] "GET /cormun/servlet/trsolicitudot? HTTP/1.1" 200 8877
190.171.144.234 - - [26/Mar/2024:08:54:22 -0300] "GET /cormun/servlet/trlicencias? HTTP/1.1" 200 9824
190.171.152.234 - - [26/Mar/2024:08:54:27 -0300] "POST /cormun/servlet/trsolicitudot?919ef90a78263b9616d9be3e5b18020d,,gx-no-cache=1711454115547 HTTP/1.1" 200 4864
190.171.152.234 - - [26/Mar/2024:08:54:27 -0300] "GET /cormun/static/Shared/jqueryui/images/ui-bg_highlight-soft_100_c6c2c8_1x100.png HTTP/1.1" 404 1117
190.171.152.234 - - [26/Mar/2024:08:54:27 -0300] "GET /cormun/static/Shared/jqueryui/images/ui-icons_82798d_256x240.png HTTP/1.1" 404 1089
190.171.152.234 - - [26/Mar/2024:08:54:27 -0300] "GET /cormun/static/Shared/jqueryui/images/ui-bg_flat_55_fafafa_40x100.png HTTP/1.1" 404 1097
190.171.152.234 - - [26/Mar/2024:08:54:27 -0300] "GET /cormun/static/Shared/jqueryui/images/ui-icons_8d78a5_256x240.png HTTP/1.1" 404 1089
190.171.152.234 - - [26/Mar/2024:08:54:27 -0300] "POST /cormun/servlet/trsolicitudot?919ef90a78263b9616d9be3e5b18020d,,gx-no-cache=1711454115669 HTTP/1.1" 200 4637
190.171.152.234 - - [26/Mar/2024:08:54:30 -0300] "GET /cormun/servlet/trautorizarsolicitud? HTTP/1.1" 200 8763
190.171.144.234 - - [26/Mar/2024:08:54:32 -0300] "GET /cormun/static/menuarrow.gif HTTP/1.1" 404 1015
190.171.152.234 - - [26/Mar/2024:08:54:34 -0300] "POST /cormun/servlet/trautorizarsolicitud?919ef90a78263b9616d9be3e5b18020d,,gx-no-cache=1711454122459 HTTP/1.1" 200 4781
190.171.152.234 - - [26/Mar/2024:08:54:34 -0300] "POST /cormun/servlet/trautorizarsolicitud?919ef90a78263b9616d9be3e5b18020d,,gx-no-cache=1711454122555 HTTP/1.1" 200 4554
190.171.144.234 - - [26/Mar/2024:08:54:37 -0300] "POST /cormun/servlet/trlicencias?d5c8ee4dc456f71b5c8caea13794ef70,,gx-no-cache=1711453892082 HTTP/1.1" 200 5962
190.171.144.234 - - [26/Mar/2024:08:55:06 -0300] "GET /cormun/servlet/hlogin HTTP/1.1" 200 1719
190.171.144.234 - - [26/Mar/2024:08:55:11 -0300] "GET /cormun/servlet/hlogin HTTP/1.1" 200 1719
190.171.144.234 - - [26/Mar/2024:08:55:13 -0300] "POST /cormun/servlet/hlogin?d5c8ee4dc456f71b5c8caea13794ef70,gx-no-cache=1711453928586 HTTP/1.1" 200 90
190.171.144.234 - - [26/Mar/2024:08:55:13 -0300] "GET /cormun/servlet/hpexe_link HTTP/1.1" 200 951
190.171.144.234 - - [26/Mar/2024:08:55:13 -0300] "GET /cormun/servlet/hhome HTTP/1.1" 200 3989
190.171.144.234 - - [26/Mar/2024:08:55:24 -0300] "GET /cormun/servlet/trsolicitudot? HTTP/1.1" 200 7248
190.171.144.234 - - [26/Mar/2024:08:55:31 -0300] "GET /cormun/servlet/solicitudot?INS,0,0,false, HTTP/1.1" 200 15965
190.171.144.234 - - [26/Mar/2024:08:55:42 -0300] "POST /cormun/servlet/solicitudot?gx-no-cache=1711453957625 HTTP/1.1" 200 4031
190.171.144.234 - - [26/Mar/2024:08:55:42 -0300] "POST /cormun/servlet/solicitudot?d5c8ee4dc456f71b5c8caea13794ef70,INS,0,0,false,,gx-no-cache=1711453957726 HTTP/1.1" 200 12594
190.171.144.234 - - [26/Mar/2024:08:55:46 -0300] "GET /cormun/servlet/solicitudot?b7c64a8b371428c2ded7cc37ba1f4809ea5328b88700598fe57fa140c83272a9af2b8f38a41598fbdef7b2bdcac6e54f,gx-no-cache=1711453961754 HTTP/1.1" 200 30
190.171.144.234 - - [26/Mar/2024:08:56:17 -0300] "GET /cormun/servlet/solicitudot?b7c64a8b371428c2ded7cc37ba1f480900ed0ceb53ca65d1cf23eda7909521e4a9bdd25240c2a4657555ee41900738d7affe7ac13dd22c8c11cba615cd62a238,gx-no-cache=1711453991826 HTTP/1.1" 200 30
190.171.144.234 - - [26/Mar/2024:08:56:17 -0300] "GET /cormun/servlet/solicitudot?b7c64a8b371428c2ded7cc37ba1f48097ebf8b1c746fa0613336c56901333b83,gx-no-cache=1711453991850 HTTP/1.1" 200 29
190.171.144.234 - - [26/Mar/2024:08:56:18 -0300] "POST /cormun/servlet/solicitudot?gx-no-cache=1711453993251 HTTP/1.1" 200 255
190.171.144.234 - - [26/Mar/2024:08:56:21 -0300] "GET /cormun/servlet/solicitudot?b7c64a8b371428c2ded7cc37ba1f4809804c79a2290162430742e4df2df5f95429e83a44eed200b2ad830b3620c704bc3a59a6f61cb9190c9cc0d0664e45233f668d332a2a9a2b5c7ce769c5ca236667819da6ce0809743e013a6f4e39de8527b4c3b77d736decaca0d398ed3944b214249aa3d8e1af7927aa4e2fa1fef1ccd65c2fa8434b682e70313344f4f9aa4a0fa53289e976f950cb164558f809f29a8a3357449764fc55d9af5d93705869c12082ac517930b63843561fbdfed9be18c8a98801b16a1f4f57fe854f5246e3fdcf971af74701a1e2c35bcba9be5112f3c9ae37da73a80824bbd045f6b4723d5ea26d7fab2e02f00f419fd8f24137e95396fed0ec3e075875e952138956ae70f24241fa127587ee82ba02e2c9938d56295f217aab360c5ff093742b2f865cc46f843be7ed3c627c4c760d379c2141ea264c8d9bbc351c21fc13753d73a31bfb9ba5c6e51e0680020a1d1a293ede87d4241e1c4ba2f97b36e0d022fad8452b88f9480b158a9404b3b27a371d4ea59e1c1f63,gx-no-cache=1711453996625 HTTP/1.1" 200 30
190.171.144.234 - - [26/Mar/2024:08:56:26 -0300] "POST /cormun/servlet/solicitudot?gx-no-cache=1711454001320 HTTP/1.1" 200 30
190.171.144.234 - - [26/Mar/2024:08:56:26 -0300] "POST /cormun/servlet/solicitudot?gx-no-cache=1711454001344 HTTP/1.1" 200 1474
190.171.144.234 - - [26/Mar/2024:08:56:26 -0300] "POST /cormun/servlet/solicitudot?gx-no-cache=1711454001372 HTTP/1.1" 200 38
190.171.144.234 - - [26/Mar/2024:08:56:34 -0300] "POST /cormun/servlet/solicitudot?gx-no-cache=1711454009204 HTTP/1.1" 200 30
190.171.144.234 - - [26/Mar/2024:08:56:38 -0300] "GET /cormun/servlet/prcontratosol?19591655,,,,,MD,,gxPopupLevel%3D0%3B HTTP/1.1" 200 7855
190.171.144.234 - - [26/Mar/2024:08:56:56 -0300] "POST /cormun/servlet/solicitudot?gx-no-cache=1711454030790 HTTP/1.1" 200 1557
190.171.144.234 - - [26/Mar/2024:08:56:56 -0300] "GET /cormun/static/Shared/jqueryui/images/ui-bg_highlight-soft_100_c6c2c8_1x100.png HTTP/1.1" 404 1117
190.171.144.234 - - [26/Mar/2024:08:56:56 -0300] "GET /cormun/static/Shared/jqueryui/images/ui-icons_82798d_256x240.png HTTP/1.1" 404 1089
190.171.144.234 - - [26/Mar/2024:08:56:56 -0300] "GET /cormun/static/Shared/jqueryui/images/ui-bg_flat_55_994d53_40x100.png HTTP/1.1" 404 1097
190.171.144.234 - - [26/Mar/2024:08:56:56 -0300] "GET /cormun/static/Shared/jqueryui/images/ui-icons_ebccce_256x240.png HTTP/1.1" 404 1089
190.171.144.234 - - [26/Mar/2024:08:56:56 -0300] "POST /cormun/servlet/solicitudot?gx-no-cache=1711454030832 HTTP/1.1" 200 117
190.171.144.234 - - [26/Mar/2024:08:56:56 -0300] "GET /cormun/servlet/solicitudot?b7c64a8b371428c2ded7cc37ba1f4809b60e21f434e56463e05de975607b78831d0ebbb681f1ebd34e0144840b5761f1e34e7667b143fd40e9ee1a936dbcd25290beb2dc7d211caa5108b79565a82d17a8f05b9b37656c027334f2c6018f1822a83a2b85d4df8e4514c23617e8063f16,gx-no-cache=1711454030856 HTTP/1.1" 200 110
190.171.144.234 - - [26/Mar/2024:08:56:56 -0300] "POST /cormun/servlet/solicitudot?gx-no-cache=1711454030874 HTTP/1.1" 200 97
190.171.144.234 - - [26/Mar/2024:08:56:56 -0300] "GET /cormun/servlet/solicitudot?b7c64a8b371428c2ded7cc37ba1f480964f2c6bf47935cf22b2ea64cc7726d52aaca9b009c7f54fcd9a01764339ad460ce237e1ff84f191538e9030e7499015c8ed389322a60110a530e90136e214dc4e036bd5daa98b0e6486a24b68e43fe01db77a1243d2086e9c2abff050b0da162,gx-no-cache=1711454030894 HTTP/1.1" 200 29
190.171.144.234 - - [26/Mar/2024:08:56:56 -0300] "GET /cormun/servlet/solicitudot?b7c64a8b371428c2ded7cc37ba1f4809273f3161be5c8ee75c57837d5904897444cd4a0f0010e93b7574f00efb2a5ec9,gx-no-cache=1711454030908 HTTP/1.1" 200 30
190.171.144.234 - - [26/Mar/2024:08:57:08 -0300] "POST /cormun/servlet/solicitudot?gx-no-cache=1711454042840 HTTP/1.1" 200 1474
190.171.144.234 - - [26/Mar/2024:08:57:12 -0300] "GET /cormun/static/menuarrow.gif HTTP/1.1" 404 1015
190.171.144.234 - - [26/Mar/2024:08:57:23 -0300] "POST /cormun/servlet/solicitudot?gx-no-cache=1711454058236 HTTP/1.1" 200 41
190.171.144.234 - - [26/Mar/2024:08:57:43 -0300] "GET /cormun/servlet/solicitudot?b7c64a8b371428c2ded7cc37ba1f4809b60e21f434e56463e05de975607b78831d0ebbb681f1ebd34e0144840b5761f1e34e7667b143fd40e9ee1a936dbcd25290beb2dc7d211caa5108b79565a82d17a8f05b9b37656c027334f2c6018f1822a83a2b85d4df8e4514c23617e8063f16,gx-no-cache=1711454078349 HTTP/1.1" 200 110
190.171.144.234 - - [26/Mar/2024:08:57:43 -0300] "POST /cormun/servlet/solicitudot?gx-no-cache=1711454078389 HTTP/1.1" 200 97
190.171.144.234 - - [26/Mar/2024:08:58:02 -0300] "POST /cormun/servlet/solicitudot?gx-no-cache=1711454097668 HTTP/1.1" 200 122
190.171.144.234 - - [26/Mar/2024:08:58:17 -0300] "POST /cormun/servlet/solicitudot?gx-no-cache=1711454112027 HTTP/1.1" 200 146
190.171.144.234 - - [26/Mar/2024:08:58:47 -0300] "GET /cormun/servlet/solicitudot?b7c64a8b371428c2ded7cc37ba1f48090632bd0465847cb5b5bcf576f51d99c7ef37f7d3f2d018ec5e537ccc7a769105,gx-no-cache=1711454141837 HTTP/1.1" 200 134
190.171.144.234 - - [26/Mar/2024:08:59:02 -0300] "GET /cormun/servlet/solicitudot?b7c64a8b371428c2ded7cc37ba1f4809273f3161be5c8ee75c57837d59048974fbf5bea0dbec55e0ce364de554647d75,gx-no-cache=1711454157699 HTTP/1.1" 200 30
190.171.142.10 - - [26/Mar/2024:08:59:06 -0300] "GET /cormun/servlet/solicitudot?be891f9fe5a422829deb55df2dea892e959c371551999c778abab404c6f7354adb48c5394edb8a51df2df14eb5388ad9aacf705c9d1b85533f4aee27788ae6ac,gx-no-cache=1711454161020 HTTP/1.1" 200 30
190.171.144.234 - - [26/Mar/2024:08:59:10 -0300] "POST /cormun/servlet/solicitudot?gx-no-cache=1711454165254 HTTP/1.1" 200 146
181.212.47.137 - - [26/Mar/2024:08:59:11 -0300] "POST /cormun/servlet/trsolicitudgral?8289079facef3267739b074a3b64e621,,gx-no-cache=1711454148461 HTTP/1.1" 200 25843
181.212.47.137 - - [26/Mar/2024:08:59:16 -0300] "POST /cormun/servlet/trsolicitudgral?8289079facef3267739b074a3b64e621,,gx-no-cache=1711454154192 HTTP/1.1" 200 15068
200.54.237.82 - - [26/Mar/2024:08:59:29 -0300] "GET /cormun/servlet/trsolicitudot? HTTP/1.1" 200 7548
190.171.144.234 - - [26/Mar/2024:08:59:32 -0300] "POST /cormun/servlet/solicitudot?gx-no-cache=1711454187397 HTTP/1.1" 200 122
200.54.237.82 - - [26/Mar/2024:08:59:33 -0300] "GET /cormun/servlet/solicitudot?INS,0,0,false, HTTP/1.1" 200 16312
200.54.237.82 - - [26/Mar/2024:08:59:45 -0300] "POST /cormun/servlet/solicitudot?gx-no-cache=1711454202087 HTTP/1.1" 200 4022
200.54.237.82 - - [26/Mar/2024:08:59:45 -0300] "POST /cormun/servlet/solicitudot?1c7d70ea7ae1ee515362c4489cee9aa1,INS,0,0,false,,gx-no-cache=1711454202237 HTTP/1.1" 200 12871
200.54.237.82 - - [26/Mar/2024:08:59:47 -0300] "GET /cormun/servlet/solicitudot?77cb67c819c479b02cdd6c054c9a0ec575e535ccd03716374b3e3fd755e91b9f7acc9ac3948e93da10140d8b42a7ff5b,gx-no-cache=1711454203987 HTTP/1.1" 200 30
190.171.144.234 - - [26/Mar/2024:08:59:50 -0300] "POST /cormun/servlet/solicitudot?gx-no-cache=1711454205599 HTTP/1.1" 200 122
190.171.144.234 - - [26/Mar/2024:09:00:12 -0300] "POST /cormun/servlet/solicitudot?gx-no-cache=1711454227270 HTTP/1.1" 200 122
190.171.142.10 - - [26/Mar/2024:09:00:20 -0300] "GET /cormun/static/Resources/resize.gif HTTP/1.1" 200 77
190.171.142.10 - - [26/Mar/2024:09:00:20 -0300] "GET /cormun/static/Resources/PXTools/ClosePrompt.png HTTP/1.1" 200 1036
190.171.142.10 - - [26/Mar/2024:09:00:21 -0300] "GET /cormun/servlet/prbanco?,MD,,gxPopupLevel%3D0%3B HTTP/1.1" 200 6538
190.171.142.10 - - [26/Mar/2024:09:00:21 -0300] "GET /cormun/static/gxcfg.js?20201216131581 HTTP/1.1" 200 953
190.171.142.10 - - [26/Mar/2024:09:00:21 -0300] "GET /cormun/static/Resources/PXToolsMenuSearch.png HTTP/1.1" 200 336
190.171.142.10 - - [26/Mar/2024:09:00:21 -0300] "GET /cormun/static/prbanco.js?20201216132311 HTTP/1.1" 200 10693
190.171.142.10 - - [26/Mar/2024:09:00:21 -0300] "GET /cormun/static/menusearch.js?20201214473581 HTTP/1.1" 200 1424
190.171.142.10 - - [26/Mar/2024:09:00:21 -0300] "GET /cormun/static/hmpwkw011.js?202211298443482 HTTP/1.1" 200 1968
190.171.142.10 - - [26/Mar/2024:09:00:21 -0300] "GET /cormun/static/Resources/PXToolsMenuSearchCancel.png HTTP/1.1" 200 306
190.171.144.234 - - [26/Mar/2024:09:00:27 -0300] "POST /cormun/servlet/solicitudot?gx-no-cache=1711454242321 HTTP/1.1" 200 122
190.171.142.10 - - [26/Mar/2024:09:00:29 -0300] "GET /cormun/servlet/solicitudot?be891f9fe5a422829deb55df2dea892e7a7fbe6d16fb2aef4710b0f66f55357a,gx-no-cache=1711454244163 HTTP/1.1" 200 53
181.212.40.185 - - [26/Mar/2024:09:00:45 -0300] "GET /cormun/servlet/trsolicitudot? HTTP/1.1" 200 12907
190.171.144.234 - - [26/Mar/2024:09:00:51 -0300] "POST /cormun/servlet/solicitudot?gx-no-cache=1711454266663 HTTP/1.1" 200 122
190.171.144.234 - - [26/Mar/2024:09:00:51 -0300] "GET /cormun/servlet/solicitudot?b7c64a8b371428c2ded7cc37ba1f4809b60e21f434e56463e05de975607b78831d0ebbb681f1ebd34e0144840b5761f1e34e7667b143fd40e9ee1a936dbcd25290beb2dc7d211caa5108b79565a82d17a8f05b9b37656c027334f2c6018f1822a83a2b85d4df8e4514c23617e8063f16,gx-no-cache=1711454266692 HTTP/1.1" 200 110
181.212.40.185 - - [26/Mar/2024:09:00:54 -0300] "POST /cormun/servlet/trsolicitudot?4c90ffb4d4c303c0d9a9724f280241b8,,gx-no-cache=1711454269775 HTTP/1.1" 200 9776
181.212.40.185 - - [26/Mar/2024:09:00:55 -0300] "POST /cormun/servlet/trsolicitudot?4c90ffb4d4c303c0d9a9724f280241b8,,gx-no-cache=1711454270066 HTTP/1.1" 200 9754
181.212.40.185 - - [26/Mar/2024:09:00:58 -0300] "POST /cormun/servlet/trsolicitudot?4c90ffb4d4c303c0d9a9724f280241b8,,gx-no-cache=1711454273692 HTTP/1.1" 200 9405
181.212.40.185 - - [26/Mar/2024:09:00:58 -0300] "POST /cormun/servlet/trsolicitudot?4c90ffb4d4c303c0d9a9724f280241b8,,gx-no-cache=1711454273903 HTTP/1.1" 200 9385
190.171.144.234 - - [26/Mar/2024:09:01:00 -0300] "POST /cormun/servlet/solicitudot?gx-no-cache=1711454275289 HTTP/1.1" 200 41
190.171.144.234 - - [26/Mar/2024:09:01:00 -0300] "GET /cormun/servlet/solicitudot?b7c64a8b371428c2ded7cc37ba1f4809b60e21f434e56463e05de975607b78831d0ebbb681f1ebd34e0144840b5761f1e34e7667b143fd40e9ee1a936dbcd25290beb2dc7d211caa5108b79565a82d17a8f05b9b37656c027334f2c6018f1822a83a2b85d4df8e4514c23617e8063f16,gx-no-cache=1711454275308 HTTP/1.1" 200 110
181.212.40.185 - - [26/Mar/2024:09:01:01 -0300] "POST /cormun/servlet/trsolicitudot?4c90ffb4d4c303c0d9a9724f280241b8,,gx-no-cache=1711454276580 HTTP/1.1" 200 9083
181.212.40.185 - - [26/Mar/2024:09:01:01 -0300] "POST /cormun/servlet/trsolicitudot?4c90ffb4d4c303c0d9a9724f280241b8,,gx-no-cache=1711454276783 HTTP/1.1" 200 9062
190.171.142.10 - - [26/Mar/2024:09:01:03 -0300] "GET /cormun/servlet/prrenuncias?,MD,,gxPopupLevel%3D0%3B HTTP/1.1" 200 5911
190.171.142.10 - - [26/Mar/2024:09:01:03 -0300] "GET /cormun/static/gxui/gxui-all.css?110300 HTTP/1.1" 200 2179
190.171.142.10 - - [26/Mar/2024:09:01:03 -0300] "GET /cormun/static/calendar-system.css?75620 HTTP/1.1" 200 5572
190.171.142.10 - - [26/Mar/2024:09:01:03 -0300] "GET /cormun/static/Shared/ext/resources/css/ext-all.css?205870 HTTP/1.1" 200 416045
190.171.142.10 - - [26/Mar/2024:09:01:03 -0300] "GET /cormun/static/gxcfg.js?201992416202991 HTTP/1.1" 200 953
190.171.142.10 - - [26/Mar/2024:09:01:03 -0300] "GET /cormun/static/prrenuncias.js?201992416203493 HTTP/1.1" 200 22278
190.171.142.10 - - [26/Mar/2024:09:01:03 -0300] "GET /cormun/static/Resources/Spanish/PXTools.css?2294816 HTTP/1.1" 200 100853
181.212.47.137 - - [26/Mar/2024:09:01:03 -0300] "POST /cormun/servlet/trsolicitudgral?8289079facef3267739b074a3b64e621,,gx-no-cache=1711454261615 HTTP/1.1" 200 14614
181.212.47.137 - - [26/Mar/2024:09:01:03 -0300] "GET /cormun/static/Shared/jqueryui/images/ui-icons_82798d_256x240.png HTTP/1.1" 404 1089
181.212.47.137 - - [26/Mar/2024:09:01:03 -0300] "GET /cormun/static/Shared/jqueryui/images/ui-bg_highlight-soft_100_c6c2c8_1x100.png HTTP/1.1" 404 1117
181.212.47.137 - - [26/Mar/2024:09:01:03 -0300] "GET /cormun/static/Shared/jqueryui/images/ui-bg_flat_55_fafafa_40x100.png HTTP/1.1" 404 1097
181.212.47.137 - - [26/Mar/2024:09:01:03 -0300] "GET /cormun/static/Shared/jqueryui/images/ui-icons_8d78a5_256x240.png HTTP/1.1" 404 1089
181.212.40.185 - - [26/Mar/2024:09:01:03 -0300] "POST /cormun/servlet/trsolicitudot?4c90ffb4d4c303c0d9a9724f280241b8,,gx-no-cache=1711454278804 HTTP/1.1" 200 8709
181.212.40.185 - - [26/Mar/2024:09:01:04 -0300] "POST /cormun/servlet/trsolicitudot?4c90ffb4d4c303c0d9a9724f280241b8,,gx-no-cache=1711454279062 HTTP/1.1" 200 8691
190.171.144.234 - - [26/Mar/2024:09:01:04 -0300] "GET /cormun/servlet/solicitudot?b7c64a8b371428c2ded7cc37ba1f4809b60e21f434e56463e05de975607b78831d0ebbb681f1ebd34e0144840b5761f1e34e7667b143fd40e9ee1a936dbcd25290beb2dc7d211caa5108b79565a82d17a8f05b9b37656c027334f2c6018f1822a83a2b85d4df8e4514c23617e8063f16,gx-no-cache=1711454278985 HTTP/1.1" 200 110
190.171.144.234 - - [26/Mar/2024:09:01:06 -0300] "POST /cormun/servlet/solicitudot?gx-no-cache=1711454281395 HTTP/1.1" 200 122
200.54.237.82 - - [26/Mar/2024:09:01:13 -0300] "GET /cormun/servlet/prbanco?,MD,,gxPopupLevel%3D0%3B HTTP/1.1" 200 6671
190.171.142.10 - - [26/Mar/2024:09:01:13 -0300] "POST /cormun/servlet/solicitudot?gx-no-cache=1711454288623 HTTP/1.1" 200 255
190.171.144.234 - - [26/Mar/2024:09:01:15 -0300] "GET /cormun/servlet/solicitudot?b7c64a8b371428c2ded7cc37ba1f4809273f3161be5c8ee75c57837d59048974d83255f6cad7ee38b4619205f9d2d737,gx-no-cache=1711454289861 HTTP/1.1" 200 30
190.171.142.10 - - [26/Mar/2024:09:01:16 -0300] "GET /cormun/servlet/solicitudot?be891f9fe5a422829deb55df2dea892eb8b87cfcea5df56b69b24f55677ff2624c53c99723edeaf083322cbb06dda076472db81f412adf01cd976ed3e3f654996265ee5ec0f0cb7991d5480864db95112615249e269a2e10f9b389f0df23a1c13372112455066e4ace3ca5911d26cfb6bb06e977a33701860fdc232779e3d525510fe9f61dc4255469b799c414a8e35318accee07db438e716c361495928af1d129cc4a11f3e004a2b8de152d9736cecbf3e74129736e1993ee800bd13324b74e9971391ba5aae935c833a0ebec552ad2da8fc5309a403d2bb79602b5046e3fafc414b7bbb5b1d885eee940643ed9ac538fb02801fe2ba329ea2dc097fec82c85ca0c94a6e553ff9e54a3491da46067cc0bc27e4ff8b51bff08be9110b2a8295976da7d962342d6a4674eafd8f414ad5b59df3961bf621f93a83f53fc22922163e3786b5a76ac3ae82cd7d1a094a5c77ebb339648930ee74f086d1fc6ad3fb99179b1ea3154834542460036c2a18fd38bf27f0b5512cf445453040504b921d5e,gx-no-cache=1711454291511 HTTP/1.1" 200 30
190.171.144.234 - - [26/Mar/2024:09:01:19 -0300] "POST /cormun/servlet/solicitudot?gx-no-cache=1711454294118 HTTP/1.1" 200 32
200.54.237.82 - - [26/Mar/2024:09:01:23 -0300] "GET /cormun/servlet/solicitudot?77cb67c819c479b02cdd6c054c9a0ec5385144ce9768a39c8bdd77f52a96da657af301e9bf52853d9e17626f847f1c5c302392add3cecaf9da32e570c218ba24,gx-no-cache=1711454299366 HTTP/1.1" 200 30
200.54.237.82 - - [26/Mar/2024:09:01:25 -0300] "GET /cormun/servlet/solicitudot?77cb67c819c479b02cdd6c054c9a0ec55e48bdfcf7ee9d86bc0e997c6d0f29a1,gx-no-cache=1711454302043 HTTP/1.1" 200 70
190.171.142.10 - - [26/Mar/2024:09:01:29 -0300] "POST /cormun/servlet/solicitudot?gx-no-cache=1711454304922 HTTP/1.1" 200 30
190.171.142.10 - - [26/Mar/2024:09:01:32 -0300] "POST /cormun/servlet/solicitudot?gx-no-cache=1711454307709 HTTP/1.1" 200 1474
190.171.142.10 - - [26/Mar/2024:09:01:32 -0300] "POST /cormun/servlet/solicitudot?gx-no-cache=1711454307747 HTTP/1.1" 200 38
190.171.144.234 - - [26/Mar/2024:09:01:34 -0300] "POST /cormun/servlet/solicitudot?d5c8ee4dc456f71b5c8caea13794ef70,INS,0,0,false,,gx-no-cache=1711454308313 HTTP/1.1" 200 93
190.171.144.234 - - [26/Mar/2024:09:01:34 -0300] "GET /cormun/servlet/hpexe_return? HTTP/1.1" 200 1008
190.171.144.234 - - [26/Mar/2024:09:01:34 -0300] "GET /cormun/servlet/trsolicitudot HTTP/1.1" 200 7251
200.54.237.82 - - [26/Mar/2024:09:01:57 -0300] "POST /cormun/servlet/solicitudot?gx-no-cache=1711454333359 HTTP/1.1" 200 297
200.54.237.82 - - [26/Mar/2024:09:01:59 -0300] "GET /cormun/servlet/solicitudot?77cb67c819c479b02cdd6c054c9a0ec58a9da8a492ce819ad216788c328c1a5d7f51edc2302eea6bd04bab3cb77e80dddde2bf8c13f8ca0a4fe84fde4cb1b016051e14e2a3df6cab466663abc26d370b6c798f5d5ce8f1a7071b2f8a8b6f37f3a690d77f2a50025610c27a6f400deff36739170809a8a89c4812d5da15b8c7456ed11ea2d6f0b1abbc8e4b383b3599e28c63a2c8e5df9c65c43d8803fa2eb1cafe268e9a9cc71d35e142ccb6062e26019858ae4120625542d011f937143ecfb07d38102ba1cf68b39ed1b48e34a7e4a118a2934890c01c9e103d109478ed325603adf24b572c66920ece0f63ee2c4a19412e789f6abde8ba9e25a320ffd4503ea7695193694328214f07cf0600410ae394370c9ac4712b77a5e4e8b865da582daf6395d111b9bc41dfb89c6134d05613058f0b42a52c724f08f781d72455a109e18b45a50534c6fa2602af5e1e9597370371cd0f97b2d8f93098818d2e61abdb83440bef053994eddd0f08d84175d1c0ff4261a33cefda1d95ccf0025060bf4e34e097828a65d662f5c0d6a48046e2c2,gx-no-cache=1711454335860 HTTP/1.1" 200 30
200.54.237.82 - - [26/Mar/2024:09:02:03 -0300] "POST /cormun/servlet/solicitudot?gx-no-cache=1711454339948 HTTP/1.1" 200 30
200.54.237.82 - - [26/Mar/2024:09:02:05 -0300] "POST /cormun/servlet/solicitudot?gx-no-cache=1711454341684 HTTP/1.1" 200 1472
200.54.237.82 - - [26/Mar/2024:09:02:05 -0300] "POST /cormun/servlet/solicitudot?gx-no-cache=1711454341733 HTTP/1.1" 200 38
181.212.40.185 - - [26/Mar/2024:09:02:12 -0300] "POST /cormun/servlet/trsolicitudot?4c90ffb4d4c303c0d9a9724f280241b8,,gx-no-cache=1711454347844 HTTP/1.1" 200 8450
181.212.40.185 - - [26/Mar/2024:09:02:13 -0300] "POST /cormun/servlet/trsolicitudot?4c90ffb4d4c303c0d9a9724f280241b8,,gx-no-cache=1711454348081 HTTP/1.1" 200 8431
181.212.40.185 - - [26/Mar/2024:09:02:15 -0300] "POST /cormun/servlet/trsolicitudot?4c90ffb4d4c303c0d9a9724f280241b8,,gx-no-cache=1711454350443 HTTP/1.1" 200 8139
181.212.40.185 - - [26/Mar/2024:09:02:15 -0300] "POST /cormun/servlet/trsolicitudot?4c90ffb4d4c303c0d9a9724f280241b8,,gx-no-cache=1711454350634 HTTP/1.1" 200 8118
181.212.40.185 - - [26/Mar/2024:09:02:18 -0300] "POST /cormun/servlet/trsolicitudot?4c90ffb4d4c303c0d9a9724f280241b8,,gx-no-cache=1711454353163 HTTP/1.1" 200 7793
181.212.40.185 - - [26/Mar/2024:09:02:18 -0300] "POST /cormun/servlet/trsolicitudot?4c90ffb4d4c303c0d9a9724f280241b8,,gx-no-cache=1711454353360 HTTP/1.1" 200 7773
190.171.144.234 - - [26/Mar/2024:09:02:27 -0300] "POST /cormun/servlet/hlogin?d5c8ee4dc456f71b5c8caea13794ef70,gx-no-cache=1711454361960 HTTP/1.1" 200 90
190.171.144.234 - - [26/Mar/2024:09:02:27 -0300] "GET /cormun/servlet/hpexe_link HTTP/1.1" 200 951
190.171.144.234 - - [26/Mar/2024:09:02:27 -0300] "GET /cormun/servlet/hhome HTTP/1.1" 200 4150
190.171.144.234 - - [26/Mar/2024:09:02:33 -0300] "GET /cormun/servlet/trautorizarsolicitud? HTTP/1.1" 200 7263
190.171.142.10 - - [26/Mar/2024:09:02:34 -0300] "GET /cormun/servlet/solicitudot?be891f9fe5a422829deb55df2dea892ec7637db56c20bae73e0f9b2703f9a02fb2302843f85d0caf9f56b4d90252d33592e0c487f98ee21c460eb6ab3a53813460623cdab0ca2f6ffeaa60f3b7d98a4cd9ada05323979d603e3a083ba23be60af2bbfaf1a6dd1a30e05b2d7ff58bf2f0,gx-no-cache=1711454369726 HTTP/1.1" 200 110
200.54.237.82 - - [26/Mar/2024:09:02:35 -0300] "POST /cormun/servlet/solicitudot?gx-no-cache=1711454372218 HTTP/1.1" 200 30
200.54.237.82 - - [26/Mar/2024:09:02:35 -0300] "POST /cormun/servlet/solicitudot?gx-no-cache=1711454372269 HTTP/1.1" 200 1472
200.54.237.82 - - [26/Mar/2024:09:02:35 -0300] "POST /cormun/servlet/solicitudot?gx-no-cache=1711454372304 HTTP/1.1" 200 38
200.54.237.82 - - [26/Mar/2024:09:02:35 -0300] "GET /cormun/servlet/solicitudot?77cb67c819c479b02cdd6c054c9a0ec5655406ca7585aa4fddbf904d57d43d6bf95a992ce284b0fc9d161fccef3c383b6ae26884c184849c19211e85e1e59e4a8c792f362efb7181bc0ba3915551155b11e17be9b7eadd534568885ab787f61efe2a8ef20599757eeba6e81fa03d3314,gx-no-cache=1711454372322 HTTP/1.1" 200 110
190.171.142.10 - - [26/Mar/2024:09:02:38 -0300] "POST /cormun/servlet/solicitudot?gx-no-cache=1711454373532 HTTP/1.1" 200 110
200.54.237.82 - - [26/Mar/2024:09:02:46 -0300] "POST /cormun/servlet/solicitudot?gx-no-cache=1711454383062 HTTP/1.1" 200 97
190.171.142.10 - - [26/Mar/2024:09:02:49 -0300] "GET /cormun/servlet/solicitudot?be891f9fe5a422829deb55df2dea892ed61bcb32b962df645c15a68cb0d723469c2ac3c8641fe23df873b530bf57903bdfccb224ba51b709ec7a0342443421f2a8701ca0fabad0731b5f9a4a60822bfccfd77374c0343681a358fcf41346e594c74b2121980eb1c480fc5454b3decdec,gx-no-cache=1711454383977 HTTP/1.1" 200 29
181.212.40.185 - - [26/Mar/2024:09:02:50 -0300] "POST /cormun/servlet/trsolicitudot?4c90ffb4d4c303c0d9a9724f280241b8,,gx-no-cache=1711454383524 HTTP/1.1" 200 7522
181.212.40.185 - - [26/Mar/2024:09:02:50 -0300] "POST /cormun/servlet/trsolicitudot?4c90ffb4d4c303c0d9a9724f280241b8,,gx-no-cache=1711454385342 HTTP/1.1" 200 7504
181.212.40.185 - - [26/Mar/2024:09:02:52 -0300] "POST /cormun/servlet/trsolicitudot?4c90ffb4d4c303c0d9a9724f280241b8,,gx-no-cache=1711454387156 HTTP/1.1" 200 7217
181.212.40.185 - - [26/Mar/2024:09:02:52 -0300] "POST /cormun/servlet/trsolicitudot?4c90ffb4d4c303c0d9a9724f280241b8,,gx-no-cache=1711454387460 HTTP/1.1" 200 7197
190.171.144.234 - - [26/Mar/2024:09:02:52 -0300] "POST /cormun/servlet/trautorizarsolicitud?d5c8ee4dc456f71b5c8caea13794ef70,,gx-no-cache=1711454387693 HTTP/1.1" 200 4553
181.212.40.185 - - [26/Mar/2024:09:02:55 -0300] "POST /cormun/servlet/trsolicitudot?4c90ffb4d4c303c0d9a9724f280241b8,,gx-no-cache=1711454389372 HTTP/1.1" 200 6820
190.171.142.10 - - [26/Mar/2024:09:02:55 -0300] "GET /cormun/static/menuarrow.gif HTTP/1.1" 404 1015
181.212.40.185 - - [26/Mar/2024:09:02:55 -0300] "POST /cormun/servlet/trsolicitudot?4c90ffb4d4c303c0d9a9724f280241b8,,gx-no-cache=1711454390332 HTTP/1.1" 200 6799
200.54.237.82 - - [26/Mar/2024:09:03:00 -0300] "GET /cormun/servlet/solicitudot?77cb67c819c479b02cdd6c054c9a0ec5fb211e93a5c4215a79dd6c982a2cc7a8ec6ba6a520bfa5f918e82c95a4328815231869db1696de54d5afbc4af63a9abdbb318d3ec1f85231f29e144ef7640f7f1ff2382e44c791c45ab2c6a008adfd7faeaf2438b2a2b3549452d64c71fc320f,gx-no-cache=1711454396723 HTTP/1.1" 200 29
200.54.237.82 - - [26/Mar/2024:09:03:00 -0300] "GET /cormun/static/menuarrow.gif HTTP/1.1" 404 1015
190.171.142.10 - - [26/Mar/2024:09:03:02 -0300] "GET /cormun/servlet/solicitudot?be891f9fe5a422829deb55df2dea892e8165053059d3a3cbaad9fc2a7d9a6405310b13425549697b8909fb28762ea0e8,gx-no-cache=1711454397000 HTTP/1.1" 200 30
200.54.237.82 - - [26/Mar/2024:09:03:05 -0300] "GET /cormun/servlet/solicitudot?77cb67c819c479b02cdd6c054c9a0ec5c8c22b5ed199d008defa866cdf10404af96e92a8c95db6419bd9929c5a3abc6f,gx-no-cache=1711454401570 HTTP/1.1" 200 30
190.171.142.10 - - [26/Mar/2024:09:03:14 -0300] "POST /cormun/servlet/solicitudot?gx-no-cache=1711454409436 HTTP/1.1" 200 30
200.54.237.82 - - [26/Mar/2024:09:03:16 -0300] "POST /cormun/servlet/solicitudot?gx-no-cache=1711454412851 HTTP/1.1" 200 30
200.54.237.82 - - [26/Mar/2024:09:03:19 -0300] "POST /cormun/servlet/solicitudot?1c7d70ea7ae1ee515362c4489cee9aa1,INS,0,0,false,,gx-no-cache=1711454414973 HTTP/1.1" 200 93
200.54.237.82 - - [26/Mar/2024:09:03:19 -0300] "GET /cormun/servlet/hpexe_return? HTTP/1.1" 200 1008
200.54.237.82 - - [26/Mar/2024:09:03:19 -0300] "GET /cormun/servlet/trsolicitudot HTTP/1.1" 200 7551
190.171.144.234 - - [26/Mar/2024:09:03:24 -0300] "GET /cormun/servlet/hlogin HTTP/1.1" 200 1719
190.171.144.234 - - [26/Mar/2024:09:03:30 -0300] "POST /cormun/servlet/hlogin?d5c8ee4dc456f71b5c8caea13794ef70,gx-no-cache=1711454425144 HTTP/1.1" 200 90
190.171.144.234 - - [26/Mar/2024:09:03:30 -0300] "GET /cormun/servlet/hpexe_link HTTP/1.1" 200 951
190.171.144.234 - - [26/Mar/2024:09:03:30 -0300] "GET /cormun/servlet/hhome HTTP/1.1" 200 3989
200.54.237.82 - - [26/Mar/2024:09:03:32 -0300] "POST /cormun/servlet/trsolicitudot?1c7d70ea7ae1ee515362c4489cee9aa1,gx-no-cache=1711454428748 HTTP/1.1" 200 8087
190.171.144.234 - - [26/Mar/2024:09:03:34 -0300] "GET /cormun/servlet/trsolicitudot? HTTP/1.1" 200 7248
200.54.237.82 - - [26/Mar/2024:09:03:38 -0300] "POST /cormun/servlet/trsolicitudot?1c7d70ea7ae1ee515362c4489cee9aa1,gx-no-cache=1711454435221 HTTP/1.1" 200 106
200.54.237.82 - - [26/Mar/2024:09:03:38 -0300] "GET /cormun/servlet/trsolicitudadjuntos?2024,21090, HTTP/1.1" 200 6439
200.54.237.82 - - [26/Mar/2024:09:03:41 -0300] "GET /cormun/servlet/solicitudotadjuntos?INS,2024,21090,,1, HTTP/1.1" 200 6384
200.54.237.82 - - [26/Mar/2024:09:03:41 -0300] "GET /cormun/static/about:blank HTTP/1.1" 404 1011
200.54.237.82 - - [26/Mar/2024:09:03:42 -0300] "GET /cormun/servlet/solicitudotadjuntos?77cb67c819c479b02cdd6c054c9a0ec5e887cc5d06cb4485b4b44948bfb6859062987e662b5b06fe478b99ad235e75a9,gx-no-cache=1711454438527 HTTP/1.1" 200 30
200.54.237.82 - - [26/Mar/2024:09:03:42 -0300] "POST /cormun/servlet/solicitudotadjuntos?1c7d70ea7ae1ee515362c4489cee9aa1,INS,2024,21090,,1,,gx-no-cache=1711454438557 HTTP/1.1" 200 4150
190.171.144.234 - - [26/Mar/2024:09:03:43 -0300] "GET /cormun/servlet/solicitudot?INS,0,0,false, HTTP/1.1" 200 15964
200.54.237.82 - - [26/Mar/2024:09:03:44 -0300] "POST /cormun/servlet/solicitudotadjuntos?gx-no-cache=1711454440874 HTTP/1.1" 200 26
181.212.40.185 - - [26/Mar/2024:09:03:51 -0300] "GET /cormun/servlet/trlicencias? HTTP/1.1" 200 15590
200.54.237.82 - - [26/Mar/2024:09:03:57 -0300] "GET /cormun/servlet/solicitudotadjuntos?77cb67c819c479b02cdd6c054c9a0ec5e818798bf5930a75db7225e2626824ca,gx-no-cache=1711454453698 HTTP/1.1" 200 30
200.54.237.82 - - [26/Mar/2024:09:03:57 -0300] "GET /cormun/servlet/solicitudotadjuntos?77cb67c819c479b02cdd6c054c9a0ec5e818798bf5930a75db7225e2626824ca,gx-no-cache=1711454453717 HTTP/1.1" 200 30
200.54.237.82 - - [26/Mar/2024:09:03:57 -0300] "POST /cormun/servlet/solicitudotadjuntos?1c7d70ea7ae1ee515362c4489cee9aa1,INS,2024,21090,,1, HTTP/1.1" 200 6606
200.54.237.82 - - [26/Mar/2024:09:03:57 -0300] "GET /cormun/static/Shared/jqueryui/images/ui-icons_82798d_256x240.png HTTP/1.1" 404 1089
200.54.237.82 - - [26/Mar/2024:09:03:57 -0300] "GET /cormun/static/Shared/jqueryui/images/ui-bg_highlight-soft_100_c6c2c8_1x100.png HTTP/1.1" 404 1117
200.54.237.82 - - [26/Mar/2024:09:03:57 -0300] "GET /cormun/static/Shared/jqueryui/images/ui-bg_flat_55_994d53_40x100.png HTTP/1.1" 404 1097
200.54.237.82 - - [26/Mar/2024:09:03:57 -0300] "GET /cormun/static/Shared/jqueryui/images/ui-icons_ebccce_256x240.png HTTP/1.1" 404 1089
200.54.237.82 - - [26/Mar/2024:09:03:57 -0300] "GET /cormun/PrivateTempStorage/upload_00017821.I HTTP/1.1" 200 295755
190.171.144.234 - - [26/Mar/2024:09:04:01 -0300] "POST /cormun/servlet/solicitudot?gx-no-cache=1711454456661 HTTP/1.1" 200 4031
190.171.144.234 - - [26/Mar/2024:09:04:02 -0300] "POST /cormun/servlet/solicitudot?d5c8ee4dc456f71b5c8caea13794ef70,INS,0,0,false,,gx-no-cache=1711454456803 HTTP/1.1" 200 12592
190.171.144.234 - - [26/Mar/2024:09:04:09 -0300] "GET /cormun/servlet/solicitudot?b7c64a8b371428c2ded7cc37ba1f4809ea5328b88700598fe57fa140c83272a9af2b8f38a41598fbdef7b2bdcac6e54f,gx-no-cache=1711454464054 HTTP/1.1" 200 30
200.54.237.82 - - [26/Mar/2024:09:04:37 -0300] "GET /cormun/servlet/solicitudotadjuntos?77cb67c819c479b02cdd6c054c9a0ec5c78f85e0f2abcd9822e3800dd581e9fc,gx-no-cache=1711454494266 HTTP/1.1" 200 30
200.54.237.82 - - [26/Mar/2024:09:04:37 -0300] "GET /cormun/servlet/solicitudotadjuntos?77cb67c819c479b02cdd6c054c9a0ec5c78f85e0f2abcd9822e3800dd581e9fc,gx-no-cache=1711454494286 HTTP/1.1" 200 30
200.54.237.82 - - [26/Mar/2024:09:04:38 -0300] "POST /cormun/servlet/solicitudotadjuntos?1c7d70ea7ae1ee515362c4489cee9aa1,INS,2024,21090,,1, HTTP/1.1" 200 6608
200.54.237.82 - - [26/Mar/2024:09:04:38 -0300] "GET /cormun/PrivateTempStorage/upload_00017833.I HTTP/1.1" 200 295755
190.171.144.234 - - [26/Mar/2024:09:04:41 -0300] "GET /cormun/servlet/solicitudot?b7c64a8b371428c2ded7cc37ba1f480900ed0ceb53ca65d1cf23eda7909521e4a9bdd25240c2a4657555ee41900738d7affe7ac13dd22c8c11cba615cd62a238,gx-no-cache=1711454495971 HTTP/1.1" 200 30
190.171.144.234 - - [26/Mar/2024:09:04:41 -0300] "GET /cormun/servlet/solicitudot?b7c64a8b371428c2ded7cc37ba1f48097ebf8b1c746fa0613336c56901333b83,gx-no-cache=1711454495995 HTTP/1.1" 200 29
190.171.144.234 - - [26/Mar/2024:09:04:42 -0300] "POST /cormun/servlet/solicitudot?gx-no-cache=1711454497244 HTTP/1.1" 200 255
190.171.144.234 - - [26/Mar/2024:09:04:44 -0300] "GET /cormun/servlet/solicitudot?b7c64a8b371428c2ded7cc37ba1f4809804c79a2290162430742e4df2df5f95429e83a44eed200b2ad830b3620c704bc3a59a6f61cb9190c9cc0d0664e45233f668d332a2a9a2b5c7ce769c5ca236667819da6ce0809743e013a6f4e39de8527b4c3b77d736decaca0d398ed3944b214249aa3d8e1af7927aa4e2fa1fef1ccd65c2fa8434b682e70313344f4f9aa4a0fa53289e976f950cb164558f809f29a8a3357449764fc55d9af5d93705869c12082ac517930b63843561fbdfed9be18c8a98801b16a1f4f57fe854f5246e3fdcf971af74701a1e2c35bcba9be5112f3c9ae37da73a80824bbd045f6b4723d5ea26d7fab2e02f00f419fd8f24137e95396fed0ec3e075875e952138956ae70f24241fa127587ee82ba02e2c9938d56295f217aab360c5ff093742b2f865cc46f843be7ed3c627c4c760d379c2141ea264c8d9bbc351c21fc13753d73a31bfb9ba5c6e51e0680020a1d1a293ede87d4241e1c4ba2f97b36e0d022fad8452b88f9480b158a9404b3b27a371d4ea59e1c1f63,gx-no-cache=1711454499575 HTTP/1.1" 200 30
190.171.144.234 - - [26/Mar/2024:09:04:49 -0300] "POST /cormun/servlet/solicitudot?gx-no-cache=1711454504471 HTTP/1.1" 200 30
190.171.144.234 - - [26/Mar/2024:09:04:49 -0300] "POST /cormun/servlet/solicitudot?gx-no-cache=1711454504504 HTTP/1.1" 200 1474
190.171.144.234 - - [26/Mar/2024:09:04:49 -0300] "POST /cormun/servlet/solicitudot?gx-no-cache=1711454504535 HTTP/1.1" 200 38
190.171.142.10 - - [26/Mar/2024:09:05:09 -0300] "POST /cormun/servlet/solicitudot?ce2c1e60b33afeb20b87986e57af473a,INS,0,0,false,,gx-no-cache=1711454524255 HTTP/1.1" 200 93
190.171.142.10 - - [26/Mar/2024:09:05:09 -0300] "GET /cormun/servlet/hpexe_return? HTTP/1.1" 200 1013
190.171.142.10 - - [26/Mar/2024:09:05:10 -0300] "GET /cormun/static/gxcfg.js?20221129846035 HTTP/1.1" 200 953
190.171.142.10 - - [26/Mar/2024:09:05:10 -0300] "GET /cormun/static/hpexe_return.js?20221129846037 HTTP/1.1" 200 1633
190.171.142.10 - - [26/Mar/2024:09:05:10 -0300] "GET /cormun/servlet/trsolicitudot HTTP/1.1" 200 8843
190.171.142.10 - - [26/Mar/2024:09:05:10 -0300] "GET /cormun//static/Resources/PXToolsGridUpdate.png HTTP/1.1" 200 470
190.171.142.10 - - [26/Mar/2024:09:05:10 -0300] "GET /cormun//static/Resources/PXToolsActionView.png HTTP/1.1" 200 398
190.171.142.10 - - [26/Mar/2024:09:05:10 -0300] "GET /cormun//static/Resources/PXToolsGridDelete.png HTTP/1.1" 200 538
190.171.142.10 - - [26/Mar/2024:09:05:10 -0300] "GET /cormun//static/Resources/PXTools/ActionInsert.png HTTP/1.1" 200 1482
190.171.142.10 - - [26/Mar/2024:09:05:10 -0300] "GET /cormun//static/Resources/PXToolsRemoveAllAction.png HTTP/1.1" 200 487
190.171.142.10 - - [26/Mar/2024:09:05:17 -0300] "POST /cormun/servlet/trsolicitudot?ce2c1e60b33afeb20b87986e57af473a,gx-no-cache=1711454532005 HTTP/1.1" 200 106
190.171.142.10 - - [26/Mar/2024:09:05:17 -0300] "GET /cormun/servlet/trsolicitudadjuntos?2024,21091, HTTP/1.1" 200 6321
190.171.142.10 - - [26/Mar/2024:09:05:17 -0300] "GET /cormun/static/gxcfg.js?20201215574222 HTTP/1.1" 200 953
190.171.142.10 - - [26/Mar/2024:09:05:17 -0300] "GET /cormun/static/trsolicitudadjuntos.js?20201215574932 HTTP/1.1" 200 17921
190.171.142.10 - - [26/Mar/2024:09:05:17 -0300] "GET /cormun/static/Resources/PXToolsGridNew.png HTTP/1.1" 200 427
190.171.142.10 - - [26/Mar/2024:09:05:20 -0300] "GET /cormun/servlet/trsolicitudot HTTP/1.1" 200 8843
190.171.144.234 - - [26/Mar/2024:09:05:23 -0300] "POST /cormun/servlet/solicitudot?gx-no-cache=1711454538499 HTTP/1.1" 200 30
190.171.144.234 - - [26/Mar/2024:09:05:29 -0300] "GET /cormun/servlet/prcontratosol?19591655,,,,,MD,,gxPopupLevel%3D0%3B HTTP/1.1" 200 7855
190.171.142.10 - - [26/Mar/2024:09:05:32 -0300] "GET /cormun/servlet/solicitudot?INS,0,0,false, HTTP/1.1" 200 16186
190.171.142.10 - - [26/Mar/2024:09:05:35 -0300] "GET /cormun/servlet/trsolicitudot HTTP/1.1" 200 8839
190.171.142.10 - - [26/Mar/2024:09:05:40 -0300] "POST /cormun/servlet/trsolicitudot?ce2c1e60b33afeb20b87986e57af473a,gx-no-cache=1711454555199 HTTP/1.1" 200 106
190.171.142.10 - - [26/Mar/2024:09:05:40 -0300] "GET /cormun/servlet/trsolicitudadjuntos?2024,21091, HTTP/1.1" 200 6321
190.171.142.10 - - [26/Mar/2024:09:05:42 -0300] "GET /cormun/servlet/solicitudotadjuntos?INS,2024,21091,,1, HTTP/1.1" 200 6264
190.171.142.10 - - [26/Mar/2024:09:05:42 -0300] "GET /cormun/static/gxcfg.js?202211298385187 HTTP/1.1" 200 953
190.171.142.10 - - [26/Mar/2024:09:05:42 -0300] "GET /cormun/static/solicitudotadjuntos.js?202211298385196 HTTP/1.1" 200 11771
190.171.142.10 - - [26/Mar/2024:09:05:43 -0300] "GET /cormun/static/about:blank HTTP/1.1" 404 1011
190.171.142.10 - - [26/Mar/2024:09:05:43 -0300] "GET /cormun/servlet/solicitudotadjuntos?be891f9fe5a422829deb55df2dea892e8af11b1db64d99d7a6e5d602cbddab36bed9d2bfc9e5fb30bdbd10269a137184,gx-no-cache=1711454558550 HTTP/1.1" 200 30
190.171.142.10 - - [26/Mar/2024:09:05:43 -0300] "POST /cormun/servlet/solicitudotadjuntos?ce2c1e60b33afeb20b87986e57af473a,INS,2024,21091,,1,,gx-no-cache=1711454558563 HTTP/1.1" 200 4186
190.171.142.10 - - [26/Mar/2024:09:05:51 -0300] "POST /cormun/servlet/solicitudotadjuntos?gx-no-cache=1711454565990 HTTP/1.1" 200 26
190.171.144.234 - - [26/Mar/2024:09:05:52 -0300] "POST /cormun/servlet/solicitudot?gx-no-cache=1711454566928 HTTP/1.1" 200 1557
190.171.144.234 - - [26/Mar/2024:09:05:52 -0300] "GET /cormun/static/Shared/jqueryui/images/ui-bg_highlight-soft_100_c6c2c8_1x100.png HTTP/1.1" 404 1117
190.171.144.234 - - [26/Mar/2024:09:05:52 -0300] "GET /cormun/static/Shared/jqueryui/images/ui-icons_82798d_256x240.png HTTP/1.1" 404 1089
190.171.144.234 - - [26/Mar/2024:09:05:52 -0300] "GET /cormun/static/Shared/jqueryui/images/ui-bg_flat_55_994d53_40x100.png HTTP/1.1" 404 1097
190.171.144.234 - - [26/Mar/2024:09:05:52 -0300] "GET /cormun/static/Shared/jqueryui/images/ui-icons_ebccce_256x240.png HTTP/1.1" 404 1089
190.171.144.234 - - [26/Mar/2024:09:05:52 -0300] "POST /cormun/servlet/solicitudot?gx-no-cache=1711454566980 HTTP/1.1" 200 117
190.171.144.234 - - [26/Mar/2024:09:05:52 -0300] "GET /cormun/servlet/solicitudot?b7c64a8b371428c2ded7cc37ba1f4809b60e21f434e56463e05de975607b78831d0ebbb681f1ebd34e0144840b5761f1e34e7667b143fd40e9ee1a936dbcd25290beb2dc7d211caa5108b79565a82d17a8f05b9b37656c027334f2c6018f1822a83a2b85d4df8e4514c23617e8063f16,gx-no-cache=1711454567003 HTTP/1.1" 200 110
190.171.144.234 - - [26/Mar/2024:09:05:52 -0300] "POST /cormun/servlet/solicitudot?gx-no-cache=1711454567038 HTTP/1.1" 200 97
190.171.144.234 - - [26/Mar/2024:09:05:52 -0300] "GET /cormun/servlet/solicitudot?b7c64a8b371428c2ded7cc37ba1f480964f2c6bf47935cf22b2ea64cc7726d52aaca9b009c7f54fcd9a01764339ad460ce237e1ff84f191538e9030e7499015c8ed389322a60110a530e90136e214dc4e036bd5daa98b0e6486a24b68e43fe01db77a1243d2086e9c2abff050b0da162,gx-no-cache=1711454567061 HTTP/1.1" 200 29
190.171.144.234 - - [26/Mar/2024:09:05:52 -0300] "GET /cormun/servlet/solicitudot?b7c64a8b371428c2ded7cc37ba1f4809c950c5d558225277fcce933b1719a7e2,gx-no-cache=1711454567077 HTTP/1.1" 200 30
190.171.144.234 - - [26/Mar/2024:09:06:13 -0300] "POST /cormun/servlet/solicitudot?gx-no-cache=1711454587868 HTTP/1.1" 200 1474
190.171.144.234 - - [26/Mar/2024:09:06:14 -0300] "GET /cormun/static/menuarrow.gif HTTP/1.1" 404 1015
190.171.142.10 - - [26/Mar/2024:09:06:16 -0300] "GET /cormun/servlet/solicitudotadjuntos?be891f9fe5a422829deb55df2dea892efe41149f809574d3eec6872075baa88b,gx-no-cache=1711454591414 HTTP/1.1" 200 30
190.171.142.10 - - [26/Mar/2024:09:06:16 -0300] "GET /cormun/servlet/solicitudotadjuntos?be891f9fe5a422829deb55df2dea892efe41149f809574d3eec6872075baa88b,gx-no-cache=1711454591435 HTTP/1.1" 200 30
190.171.142.10 - - [26/Mar/2024:09:06:16 -0300] "POST /cormun/servlet/solicitudotadjuntos?ce2c1e60b33afeb20b87986e57af473a,INS,2024,21091,,1, HTTP/1.1" 200 116
190.171.142.10 - - [26/Mar/2024:09:06:16 -0300] "GET /cormun/servlet/hpexe_return? HTTP/1.1" 200 1030
190.171.142.10 - - [26/Mar/2024:09:06:16 -0300] "GET /cormun/servlet/trsolicitudadjuntos?2024,21091, HTTP/1.1" 200 9280
190.171.142.10 - - [26/Mar/2024:09:06:20 -0300] "GET /cormun/servlet/solicitudotadjuntos?INS,2024,21091,,1, HTTP/1.1" 200 6264
190.171.142.10 - - [26/Mar/2024:09:06:20 -0300] "GET /cormun/static/about:blank HTTP/1.1" 404 1011
