190.171.153.26 - - [26/Mar/2024:09:29:13 -0300] "GET /cormun/servlet/permisosadjuntos?INS,18955083,P,20240325152019,, HTTP/1.1" 200 5616
190.171.142.10 - - [26/Mar/2024:09:29:13 -0300] "GET /cormun/static/about:blank HTTP/1.1" 404 1011
190.171.153.26 - - [26/Mar/2024:09:29:13 -0300] "GET /cormun/static/about:blank HTTP/1.1" 404 1011
190.171.153.26 - - [26/Mar/2024:09:29:13 -0300] "GET /cormun/servlet/permisosadjuntos?INS,18955083,P,20240325152019,, HTTP/1.1" 200 5606
190.171.142.10 - - [26/Mar/2024:09:29:13 -0300] "GET /cormun/servlet/solicitudotadjuntos?be891f9fe5a422829deb55df2dea892ecec64e0b19e05a990fbab276de31a9e5358cbc4977976efc1bdd0ae677ff9c7e,gx-no-cache=1711455968655 HTTP/1.1" 200 30
190.171.142.10 - - [26/Mar/2024:09:29:13 -0300] "POST /cormun/servlet/solicitudotadjuntos?ce2c1e60b33afeb20b87986e57af473a,INS,2024,21095,,1,,gx-no-cache=1711455968670 HTTP/1.1" 200 4151
190.171.142.10 - - [26/Mar/2024:09:29:17 -0300] "POST /cormun/servlet/solicitudotadjuntos?gx-no-cache=1711455972191 HTTP/1.1" 200 26
190.171.153.26 - - [26/Mar/2024:09:29:20 -0300] "POST /cormun/servlet/permisosadjuntos?b9a815bee743894a66a738e0197bffe6,INS,18955083,P,20240325152019,, HTTP/1.1" 200 116
190.171.153.26 - - [26/Mar/2024:09:29:20 -0300] "GET /cormun/servlet/hpexe_return? HTTP/1.1" 200 1039
190.171.153.26 - - [26/Mar/2024:09:29:20 -0300] "GET /cormun/servlet/trpermisosadjuntos?18955083,20240325152019,P, HTTP/1.1" 200 6655
190.171.153.26 - - [26/Mar/2024:09:29:21 -0300] "GET /cormun/servlet/trpermisosadjuntos?18955083,20240325152019,P, HTTP/1.1" 200 6650
190.171.153.26 - - [26/Mar/2024:09:29:24 -0300] "GET /cormun/servlet/trpermisosgoce? HTTP/1.1" 200 10235
190.171.153.26 - - [26/Mar/2024:09:29:24 -0300] "GET /cormun/servlet/trpermisosgoce? HTTP/1.1" 200 10223
190.171.142.10 - - [26/Mar/2024:09:29:25 -0300] "GET /cormun/servlet/solicitudotadjuntos?be891f9fe5a422829deb55df2dea892efe41149f809574d3eec6872075baa88b,gx-no-cache=1711455980899 HTTP/1.1" 200 30
190.171.142.10 - - [26/Mar/2024:09:29:25 -0300] "GET /cormun/servlet/solicitudotadjuntos?be891f9fe5a422829deb55df2dea892efe41149f809574d3eec6872075baa88b,gx-no-cache=1711455980909 HTTP/1.1" 200 30
190.171.142.10 - - [26/Mar/2024:09:29:26 -0300] "POST /cormun/servlet/solicitudotadjuntos?ce2c1e60b33afeb20b87986e57af473a,INS,2024,21095,,1, HTTP/1.1" 200 116
190.171.142.10 - - [26/Mar/2024:09:29:26 -0300] "GET /cormun/servlet/hpexe_return? HTTP/1.1" 200 1029
190.171.142.10 - - [26/Mar/2024:09:29:26 -0300] "GET /cormun/servlet/trsolicitudadjuntos?2024,21095, HTTP/1.1" 200 10017
200.54.237.82 - - [26/Mar/2024:09:29:27 -0300] "GET /cormun/servlet/trsolicitudot? HTTP/1.1" 200 13488
190.171.142.10 - - [26/Mar/2024:09:29:29 -0300] "GET /cormun/servlet/solicitudotadjuntos?INS,2024,21095,,1, HTTP/1.1" 200 6265
190.171.142.10 - - [26/Mar/2024:09:29:29 -0300] "GET /cormun/static/about:blank HTTP/1.1" 404 1011
190.171.153.26 - - [26/Mar/2024:09:29:29 -0300] "POST /cormun/servlet/trpermisosgoce?b9a815bee743894a66a738e0197bffe6,,gx-no-cache=1711455985792 HTTP/1.1" 200 7569
190.171.153.26 - - [26/Mar/2024:09:29:29 -0300] "GET /cormun/static/Shared/jqueryui/images/ui-bg_highlight-soft_100_c6c2c8_1x100.png HTTP/1.1" 404 1117
190.171.153.26 - - [26/Mar/2024:09:29:29 -0300] "GET /cormun/static/Shared/jqueryui/images/ui-icons_82798d_256x240.png HTTP/1.1" 404 1089
190.171.153.26 - - [26/Mar/2024:09:29:29 -0300] "GET /cormun/static/Shared/jqueryui/images/ui-bg_flat_55_fafafa_40x100.png HTTP/1.1" 404 1097
190.171.153.26 - - [26/Mar/2024:09:29:29 -0300] "GET /cormun/static/Shared/jqueryui/images/ui-icons_8d78a5_256x240.png HTTP/1.1" 404 1089
190.171.142.10 - - [26/Mar/2024:09:29:29 -0300] "GET /cormun/servlet/solicitudotadjuntos?be891f9fe5a422829deb55df2dea892ecec64e0b19e05a990fbab276de31a9e5358cbc4977976efc1bdd0ae677ff9c7e,gx-no-cache=1711455984703 HTTP/1.1" 200 30
190.171.142.10 - - [26/Mar/2024:09:29:29 -0300] "POST /cormun/servlet/solicitudotadjuntos?ce2c1e60b33afeb20b87986e57af473a,INS,2024,21095,,1,,gx-no-cache=1711455984716 HTTP/1.1" 200 4152
200.54.237.82 - - [26/Mar/2024:09:29:31 -0300] "GET /cormun/servlet/solicitudot?INS,0,0,false, HTTP/1.1" 200 16315
190.171.142.10 - - [26/Mar/2024:09:29:36 -0300] "POST /cormun/servlet/solicitudotadjuntos?gx-no-cache=1711455991430 HTTP/1.1" 200 26
200.54.237.82 - - [26/Mar/2024:09:29:43 -0300] "POST /cormun/servlet/solicitudot?gx-no-cache=1711455999563 HTTP/1.1" 200 4031
200.54.237.82 - - [26/Mar/2024:09:29:43 -0300] "POST /cormun/servlet/solicitudot?1c7d70ea7ae1ee515362c4489cee9aa1,INS,0,0,false,,gx-no-cache=1711455999746 HTTP/1.1" 200 12876
190.171.142.10 - - [26/Mar/2024:09:29:45 -0300] "GET /cormun/servlet/solicitudotadjuntos?be891f9fe5a422829deb55df2dea892efe41149f809574d3eec6872075baa88b,gx-no-cache=1711456000248 HTTP/1.1" 200 30
190.171.142.10 - - [26/Mar/2024:09:29:45 -0300] "GET /cormun/servlet/solicitudotadjuntos?be891f9fe5a422829deb55df2dea892efe41149f809574d3eec6872075baa88b,gx-no-cache=1711456000259 HTTP/1.1" 200 30
190.171.142.10 - - [26/Mar/2024:09:29:45 -0300] "POST /cormun/servlet/solicitudotadjuntos?ce2c1e60b33afeb20b87986e57af473a,INS,2024,21095,,1, HTTP/1.1" 200 116
190.171.142.10 - - [26/Mar/2024:09:29:45 -0300] "GET /cormun/servlet/hpexe_return? HTTP/1.1" 200 1029
190.171.142.10 - - [26/Mar/2024:09:29:45 -0300] "GET /cormun/servlet/trsolicitudadjuntos?2024,21095, HTTP/1.1" 200 10300
200.54.237.82 - - [26/Mar/2024:09:29:46 -0300] "GET /cormun/servlet/solicitudot?77cb67c819c479b02cdd6c054c9a0ec55e2dfee7f9c40eb4ac20d0af6835d5ab7acc9ac3948e93da10140d8b42a7ff5b,gx-no-cache=1711456002697 HTTP/1.1" 200 30
181.212.47.137 - - [26/Mar/2024:09:29:47 -0300] "GET /cormun/servlet/vesolicitudgral?2024,20984,,SolicitudOTAdjuntos HTTP/1.1" 200 11083
181.212.47.137 - - [26/Mar/2024:09:29:47 -0300] "GET /cormun/pexe_scrolldiv.js HTTP/1.1" 404 1009
190.171.142.10 - - [26/Mar/2024:09:29:48 -0300] "GET /cormun/servlet/solicitudotadjuntos?INS,2024,21095,,1, HTTP/1.1" 200 6265
190.171.142.10 - - [26/Mar/2024:09:29:48 -0300] "GET /cormun/static/about:blank HTTP/1.1" 404 1011
190.171.142.10 - - [26/Mar/2024:09:29:48 -0300] "GET /cormun/servlet/solicitudotadjuntos?be891f9fe5a422829deb55df2dea892ecec64e0b19e05a990fbab276de31a9e5358cbc4977976efc1bdd0ae677ff9c7e,gx-no-cache=1711456003715 HTTP/1.1" 200 30
181.212.47.137 - - [26/Mar/2024:09:29:48 -0300] "POST /cormun/servlet/acontrolpreferencessavestate?None,RRHH+DANIELA,true HTTP/1.1" 200 35
190.171.142.10 - - [26/Mar/2024:09:29:48 -0300] "POST /cormun/servlet/solicitudotadjuntos?ce2c1e60b33afeb20b87986e57af473a,INS,2024,21095,,1,,gx-no-cache=1711456003727 HTTP/1.1" 200 4152
181.212.47.137 - - [26/Mar/2024:09:29:50 -0300] "GET /cormun/PublicTempStorage/cv_psicologa_carmen_reyes_2024752924.pdf HTTP/1.1" 200 434701
190.171.142.10 - - [26/Mar/2024:09:29:51 -0300] "POST /cormun/servlet/solicitudotadjuntos?gx-no-cache=1711456006644 HTTP/1.1" 200 26
190.171.142.10 - - [26/Mar/2024:09:29:57 -0300] "GET /cormun/servlet/solicitudotadjuntos?be891f9fe5a422829deb55df2dea892efe41149f809574d3eec6872075baa88b,gx-no-cache=1711456012445 HTTP/1.1" 200 30
190.171.142.10 - - [26/Mar/2024:09:29:57 -0300] "GET /cormun/servlet/solicitudotadjuntos?be891f9fe5a422829deb55df2dea892efe41149f809574d3eec6872075baa88b,gx-no-cache=1711456012455 HTTP/1.1" 200 30
190.171.142.10 - - [26/Mar/2024:09:29:57 -0300] "POST /cormun/servlet/solicitudotadjuntos?ce2c1e60b33afeb20b87986e57af473a,INS,2024,21095,,1, HTTP/1.1" 200 116
190.171.142.10 - - [26/Mar/2024:09:29:57 -0300] "GET /cormun/servlet/hpexe_return? HTTP/1.1" 200 1029
190.171.142.10 - - [26/Mar/2024:09:29:57 -0300] "GET /cormun/servlet/trsolicitudadjuntos?2024,21095, HTTP/1.1" 200 10454
190.171.142.10 - - [26/Mar/2024:09:30:07 -0300] "GET /cormun/servlet/solicitudotadjuntos?INS,2024,21095,,1, HTTP/1.1" 200 6265
190.171.142.10 - - [26/Mar/2024:09:30:07 -0300] "GET /cormun/static/about:blank HTTP/1.1" 404 1011
190.171.142.10 - - [26/Mar/2024:09:30:07 -0300] "GET /cormun/servlet/solicitudotadjuntos?be891f9fe5a422829deb55df2dea892ecec64e0b19e05a990fbab276de31a9e5358cbc4977976efc1bdd0ae677ff9c7e,gx-no-cache=1711456022766 HTTP/1.1" 200 30
190.171.142.10 - - [26/Mar/2024:09:30:07 -0300] "POST /cormun/servlet/solicitudotadjuntos?ce2c1e60b33afeb20b87986e57af473a,INS,2024,21095,,1,,gx-no-cache=1711456022779 HTTP/1.1" 200 4152
190.171.142.10 - - [26/Mar/2024:09:30:15 -0300] "POST /cormun/servlet/solicitudotadjuntos?gx-no-cache=1711456029969 HTTP/1.1" 200 26
190.171.142.10 - - [26/Mar/2024:09:30:15 -0300] "GET /cormun/servlet/solicitudotadjuntos?be891f9fe5a422829deb55df2dea892efe41149f809574d3eec6872075baa88b,gx-no-cache=1711456029979 HTTP/1.1" 200 30
190.171.142.10 - - [26/Mar/2024:09:30:15 -0300] "GET /cormun/servlet/solicitudotadjuntos?be891f9fe5a422829deb55df2dea892efe41149f809574d3eec6872075baa88b,gx-no-cache=1711456029988 HTTP/1.1" 200 30
190.171.142.10 - - [26/Mar/2024:09:30:15 -0300] "POST /cormun/servlet/solicitudotadjuntos?ce2c1e60b33afeb20b87986e57af473a,INS,2024,21095,,1,,gx-no-cache=1711456029997 HTTP/1.1" 200 4000
190.171.142.10 - - [26/Mar/2024:09:30:15 -0300] "GET /cormun/static/Shared/jqueryui/images/ui-bg_highlight-soft_100_c6c2c8_1x100.png HTTP/1.1" 404 1117
190.171.142.10 - - [26/Mar/2024:09:30:15 -0300] "GET /cormun/static/Shared/jqueryui/images/ui-icons_82798d_256x240.png HTTP/1.1" 404 1089
190.171.142.10 - - [26/Mar/2024:09:30:15 -0300] "GET /cormun/static/Shared/jqueryui/images/ui-bg_flat_55_994d53_40x100.png HTTP/1.1" 404 1097
190.171.142.10 - - [26/Mar/2024:09:30:15 -0300] "GET /cormun/static/Shared/jqueryui/images/ui-icons_ebccce_256x240.png HTTP/1.1" 404 1089
190.171.142.10 - - [26/Mar/2024:09:30:19 -0300] "GET /cormun/servlet/trautorizarsolicitud? HTTP/1.1" 200 7340
190.171.142.10 - - [26/Mar/2024:09:30:24 -0300] "GET /cormun/servlet/trsolicitudot? HTTP/1.1" 200 9304
190.171.142.10 - - [26/Mar/2024:09:30:31 -0300] "GET /cormun/servlet/trsolicitudot? HTTP/1.1" 200 9303
181.212.47.137 - - [26/Mar/2024:09:30:36 -0300] "GET /cormun/servlet/vesolicitudgral?2024,20984,,SolicitudOTAdjuntos HTTP/1.1" 200 11084
181.212.47.137 - - [26/Mar/2024:09:30:37 -0300] "POST /cormun/servlet/acontrolpreferencessavestate?None,RRHH+DANIELA,true HTTP/1.1" 200 35
181.212.47.137 - - [26/Mar/2024:09:30:38 -0300] "GET /cormun/servlet/vesolicitudgral?2024,20984,,General HTTP/1.1" 200 8402
181.212.47.137 - - [26/Mar/2024:09:30:38 -0300] "GET /cormun/pexe_scrolldiv.js HTTP/1.1" 404 1009
200.54.100.179 - - [26/Mar/2024:09:30:54 -0300] "GET /cormun/servlet/hlogin HTTP/1.1" 200 1721
200.54.100.179 - - [26/Mar/2024:09:30:58 -0300] "POST /cormun/servlet/hlogin?0f5591734a6c323fe39dcfd607dd7c8d,gx-no-cache=1711456074796 HTTP/1.1" 200 90
200.54.100.179 - - [26/Mar/2024:09:30:58 -0300] "GET /cormun/servlet/hpexe_link HTTP/1.1" 200 957
200.54.100.179 - - [26/Mar/2024:09:30:59 -0300] "GET /cormun/servlet/trcontratosolicitud HTTP/1.1" 200 13694
190.171.153.26 - - [26/Mar/2024:09:31:00 -0300] "GET /cormun/servlet/trpermisosadjuntos?15731222,20240320091051,P, HTTP/1.1" 200 6111
190.171.153.26 - - [26/Mar/2024:09:31:01 -0300] "GET /cormun/servlet/trpermisosadjuntos?15731222,20240320091051,P, HTTP/1.1" 200 6111
190.171.153.26 - - [26/Mar/2024:09:31:03 -0300] "GET /cormun/servlet/permisosadjuntos?INS,15731222,P,20240320091051,, HTTP/1.1" 200 5612
190.171.153.26 - - [26/Mar/2024:09:31:03 -0300] "GET /cormun/static/about:blank HTTP/1.1" 404 1011
190.171.153.26 - - [26/Mar/2024:09:31:03 -0300] "GET /cormun/servlet/permisosadjuntos?INS,15731222,P,20240320091051,, HTTP/1.1" 200 5602
200.54.237.82 - - [26/Mar/2024:09:31:05 -0300] "GET /cormun/servlet/solicitudot?77cb67c819c479b02cdd6c054c9a0ec596a494066ca7753adbeb63c625cc275f51b77bbac67cb9e8d7ba6159c5445525,gx-no-cache=1711456081885 HTTP/1.1" 200 30
200.54.237.82 - - [26/Mar/2024:09:31:07 -0300] "GET /cormun/servlet/prbanco?,MD,,gxPopupLevel%3D0%3B HTTP/1.1" 200 6671
190.171.153.26 - - [26/Mar/2024:09:31:10 -0300] "POST /cormun/servlet/permisosadjuntos?b9a815bee743894a66a738e0197bffe6,INS,15731222,P,20240320091051,, HTTP/1.1" 200 116
190.171.153.26 - - [26/Mar/2024:09:31:10 -0300] "GET /cormun/servlet/hpexe_return? HTTP/1.1" 200 1040
190.171.153.26 - - [26/Mar/2024:09:31:10 -0300] "GET /cormun/servlet/trpermisosadjuntos?15731222,20240320091051,P, HTTP/1.1" 200 6649
190.171.153.26 - - [26/Mar/2024:09:31:11 -0300] "GET /cormun/servlet/trpermisosadjuntos?15731222,20240320091051,P, HTTP/1.1" 200 6647
200.54.237.82 - - [26/Mar/2024:09:31:12 -0300] "GET /cormun/servlet/solicitudot?77cb67c819c479b02cdd6c054c9a0ec5bf2764e7ca2f64b56864917a25eb36fa,gx-no-cache=1711456088295 HTTP/1.1" 200 53
190.171.153.26 - - [26/Mar/2024:09:31:14 -0300] "GET /cormun/servlet/trpermisosgoce? HTTP/1.1" 200 10221
190.171.153.26 - - [26/Mar/2024:09:31:14 -0300] "GET /cormun/servlet/trpermisosgoce? HTTP/1.1" 200 10211
200.54.100.179 - - [26/Mar/2024:09:31:23 -0300] "GET /cormun/servlet/trfichaempleado? HTTP/1.1" 200 11221
190.171.153.26 - - [26/Mar/2024:09:31:23 -0300] "POST /cormun/servlet/trpermisosgoce?b9a815bee743894a66a738e0197bffe6,,gx-no-cache=1711456100064 HTTP/1.1" 200 7570
190.171.153.26 - - [26/Mar/2024:09:31:23 -0300] "GET /cormun/static/Shared/jqueryui/images/ui-icons_82798d_256x240.png HTTP/1.1" 404 1089
190.171.153.26 - - [26/Mar/2024:09:31:23 -0300] "GET /cormun/static/Shared/jqueryui/images/ui-bg_highlight-soft_100_c6c2c8_1x100.png HTTP/1.1" 404 1117
190.171.153.26 - - [26/Mar/2024:09:31:23 -0300] "GET /cormun/static/Shared/jqueryui/images/ui-bg_flat_55_fafafa_40x100.png HTTP/1.1" 404 1097
190.171.153.26 - - [26/Mar/2024:09:31:23 -0300] "GET /cormun/static/Shared/jqueryui/images/ui-icons_8d78a5_256x240.png HTTP/1.1" 404 1089
200.54.237.82 - - [26/Mar/2024:09:31:24 -0300] "POST /cormun/servlet/solicitudot?gx-no-cache=1711456100848 HTTP/1.1" 200 297
200.54.237.82 - - [26/Mar/2024:09:31:25 -0300] "GET /cormun/servlet/solicitudot?77cb67c819c479b02cdd6c054c9a0ec58a9da8a492ce819ad216788c328c1a5d7f51edc2302eea6bd04bab3cb77e80dddde2bf8c13f8ca0a4fe84fde4cb1b016051e14e2a3df6cab466663abc26d370b6c798f5d5ce8f1a7071b2f8a8b6f37f3a690d77f2a50025610c27a6f400deff36739170809a8a89c4812d5da15b8c7456ed11ea2d6f0b1abbc8e4b383b3599e28c63a2c8e5df9c65c43d8803fa2eb1cafe268e9a9cc71d35e142ccb6062e26019858ae4120625542d011f937143ecfb07d38102ba1cf68b39ed1b48e34a7e4a118a2934890c01c9e103d109478ed325603adf24b572c66920ece0f63ee2c4a19412e789f6abde8ba9e25a320ffd4503ea7695193694328214f07cf0600410ae394370c9ac4712b77a5e4e8b865da582daf6395d111b9bc41dfb89c6134d05613058f0b42a52c724f08f781d72455a109e18b45a50534c6fa2602af5e1e9597370371cd0f97b2d8f93098818d2e61abdb83440bef053994eddd0f08d84175d1c0ff4261a33cefda1d95ccf0025060bf4e34e097828a65d662f5c0d6a48046e2c2,gx-no-cache=1711456102018 HTTP/1.1" 200 30
200.54.237.82 - - [26/Mar/2024:09:31:29 -0300] "POST /cormun/servlet/solicitudot?gx-no-cache=1711456105443 HTTP/1.1" 200 30
200.54.237.82 - - [26/Mar/2024:09:31:31 -0300] "POST /cormun/servlet/solicitudot?gx-no-cache=1711456107523 HTTP/1.1" 200 1474
200.54.237.82 - - [26/Mar/2024:09:31:31 -0300] "POST /cormun/servlet/solicitudot?gx-no-cache=1711456107576 HTTP/1.1" 200 38
181.212.43.89 - - [26/Mar/2024:09:31:43 -0300] "POST /cormun/servlet/trsolicitudot?e5b19473d3cc3697a89f5a3f4b9c25dd,gx-no-cache=1711456118678 HTTP/1.1" 200 107
181.212.43.89 - - [26/Mar/2024:09:31:43 -0300] "GET /cormun/servlet/trsolicitudadjuntos?2024,21094, HTTP/1.1" 200 6124
181.212.43.89 - - [26/Mar/2024:09:31:46 -0300] "GET /cormun/servlet/solicitudotadjuntos?INS,2024,21094,,1, HTTP/1.1" 200 6066
181.212.43.89 - - [26/Mar/2024:09:31:46 -0300] "GET /cormun/static/about:blank HTTP/1.1" 404 1011
181.212.43.89 - - [26/Mar/2024:09:31:47 -0300] "GET /cormun/servlet/solicitudotadjuntos?3f81e613f2240026f1452047c8fd79473168521c06cf5e79a6664a7034e20afe30c2dade6a94d45d1500811f2cfba32a,gx-no-cache=1711456122147 HTTP/1.1" 200 30
181.212.43.89 - - [26/Mar/2024:09:31:47 -0300] "POST /cormun/servlet/solicitudotadjuntos?e5b19473d3cc3697a89f5a3f4b9c25dd,INS,2024,21094,,1,,gx-no-cache=1711456122160 HTTP/1.1" 200 3884
181.212.43.89 - - [26/Mar/2024:09:31:49 -0300] "POST /cormun/servlet/solicitudotadjuntos?gx-no-cache=1711456124172 HTTP/1.1" 200 26
200.54.237.82 - - [26/Mar/2024:09:31:54 -0300] "GET /cormun/servlet/solicitudot?77cb67c819c479b02cdd6c054c9a0ec5655406ca7585aa4fddbf904d57d43d6bf95a992ce284b0fc9d161fccef3c383b6ae26884c184849c19211e85e1e59e4a8c792f362efb7181bc0ba3915551155b11e17be9b7eadd534568885ab787f61efe2a8ef20599757eeba6e81fa03d3314,gx-no-cache=1711456130302 HTTP/1.1" 200 110
200.54.237.82 - - [26/Mar/2024:09:32:01 -0300] "POST /cormun/servlet/solicitudot?gx-no-cache=1711456137629 HTTP/1.1" 200 72
200.54.237.82 - - [26/Mar/2024:09:32:07 -0300] "GET /cormun/servlet/solicitudot?77cb67c819c479b02cdd6c054c9a0ec5fb211e93a5c4215a79dd6c982a2cc7a8ec6ba6a520bfa5f918e82c95a4328815231869db1696de54d5afbc4af63a9abdbb318d3ec1f85231f29e144ef7640f7f1ff2382e44c791c45ab2c6a008adfd7faeaf2438b2a2b3549452d64c71fc320f,gx-no-cache=1711456143817 HTTP/1.1" 200 29
200.54.237.82 - - [26/Mar/2024:09:32:07 -0300] "GET /cormun/static/menuarrow.gif HTTP/1.1" 404 1015
181.212.43.89 - - [26/Mar/2024:09:32:10 -0300] "GET /cormun/servlet/solicitudotadjuntos?3f81e613f2240026f1452047c8fd7947793584e8caf047b1309eedce3c3ee81e,gx-no-cache=1711456145730 HTTP/1.1" 200 30
181.212.43.89 - - [26/Mar/2024:09:32:10 -0300] "GET /cormun/servlet/solicitudotadjuntos?3f81e613f2240026f1452047c8fd7947793584e8caf047b1309eedce3c3ee81e,gx-no-cache=1711456145747 HTTP/1.1" 200 30
181.212.43.89 - - [26/Mar/2024:09:32:11 -0300] "POST /cormun/servlet/solicitudotadjuntos?e5b19473d3cc3697a89f5a3f4b9c25dd,INS,2024,21094,,1, HTTP/1.1" 200 116
181.212.43.89 - - [26/Mar/2024:09:32:11 -0300] "GET /cormun/servlet/hpexe_return? HTTP/1.1" 200 1027
181.212.43.89 - - [26/Mar/2024:09:32:11 -0300] "GET /cormun/servlet/trsolicitudadjuntos?2024,21094, HTTP/1.1" 200 9098
200.54.237.82 - - [26/Mar/2024:09:32:11 -0300] "GET /cormun/servlet/solicitudot?77cb67c819c479b02cdd6c054c9a0ec5c8c22b5ed199d008defa866cdf10404af96e92a8c95db6419bd9929c5a3abc6f,gx-no-cache=1711456147960 HTTP/1.1" 200 30
181.212.43.89 - - [26/Mar/2024:09:32:13 -0300] "GET /cormun/servlet/solicitudotadjuntos?INS,2024,21094,,1, HTTP/1.1" 200 6066
181.212.43.89 - - [26/Mar/2024:09:32:13 -0300] "GET /cormun/static/about:blank HTTP/1.1" 404 1011
181.212.43.89 - - [26/Mar/2024:09:32:14 -0300] "GET /cormun/servlet/solicitudotadjuntos?3f81e613f2240026f1452047c8fd79473168521c06cf5e79a6664a7034e20afe30c2dade6a94d45d1500811f2cfba32a,gx-no-cache=1711456149233 HTTP/1.1" 200 30
181.212.43.89 - - [26/Mar/2024:09:32:14 -0300] "POST /cormun/servlet/solicitudotadjuntos?e5b19473d3cc3697a89f5a3f4b9c25dd,INS,2024,21094,,1,,gx-no-cache=1711456149247 HTTP/1.1" 200 3884
181.212.43.89 - - [26/Mar/2024:09:32:15 -0300] "POST /cormun/servlet/solicitudotadjuntos?gx-no-cache=1711456150689 HTTP/1.1" 200 26
200.54.237.82 - - [26/Mar/2024:09:32:21 -0300] "POST /cormun/servlet/solicitudot?gx-no-cache=1711456158152 HTTP/1.1" 200 30
181.212.43.89 - - [26/Mar/2024:09:32:22 -0300] "GET /cormun/servlet/solicitudotadjuntos?3f81e613f2240026f1452047c8fd7947793584e8caf047b1309eedce3c3ee81e,gx-no-cache=1711456157426 HTTP/1.1" 200 30
181.212.43.89 - - [26/Mar/2024:09:32:22 -0300] "GET /cormun/servlet/solicitudotadjuntos?3f81e613f2240026f1452047c8fd7947793584e8caf047b1309eedce3c3ee81e,gx-no-cache=1711456157448 HTTP/1.1" 200 30
181.212.43.89 - - [26/Mar/2024:09:32:22 -0300] "POST /cormun/servlet/solicitudotadjuntos?e5b19473d3cc3697a89f5a3f4b9c25dd,INS,2024,21094,,1, HTTP/1.1" 200 116
181.212.43.89 - - [26/Mar/2024:09:32:22 -0300] "GET /cormun/servlet/hpexe_return? HTTP/1.1" 200 1027
181.212.43.89 - - [26/Mar/2024:09:32:23 -0300] "GET /cormun/servlet/trsolicitudadjuntos?2024,21094, HTTP/1.1" 200 9351
200.54.237.82 - - [26/Mar/2024:09:32:24 -0300] "POST /cormun/servlet/solicitudot?1c7d70ea7ae1ee515362c4489cee9aa1,INS,0,0,false,,gx-no-cache=1711456160627 HTTP/1.1" 200 93
200.54.237.82 - - [26/Mar/2024:09:32:24 -0300] "GET /cormun/servlet/hpexe_return? HTTP/1.1" 200 1008
181.212.43.89 - - [26/Mar/2024:09:32:24 -0300] "GET /cormun/servlet/solicitudotadjuntos?INS,2024,21094,,1, HTTP/1.1" 200 6066
200.54.237.82 - - [26/Mar/2024:09:32:24 -0300] "GET /cormun/servlet/trsolicitudot HTTP/1.1" 200 13899
181.212.43.89 - - [26/Mar/2024:09:32:24 -0300] "GET /cormun/static/about:blank HTTP/1.1" 404 1011
181.212.43.89 - - [26/Mar/2024:09:32:25 -0300] "GET /cormun/servlet/solicitudotadjuntos?3f81e613f2240026f1452047c8fd79473168521c06cf5e79a6664a7034e20afe30c2dade6a94d45d1500811f2cfba32a,gx-no-cache=1711456160203 HTTP/1.1" 200 30
181.212.43.89 - - [26/Mar/2024:09:32:25 -0300] "POST /cormun/servlet/solicitudotadjuntos?e5b19473d3cc3697a89f5a3f4b9c25dd,INS,2024,21094,,1,,gx-no-cache=1711456160217 HTTP/1.1" 200 3885
181.212.43.89 - - [26/Mar/2024:09:32:28 -0300] "POST /cormun/servlet/solicitudotadjuntos?gx-no-cache=1711456163442 HTTP/1.1" 200 26
200.54.237.82 - - [26/Mar/2024:09:32:28 -0300] "POST /cormun/servlet/trsolicitudot?1c7d70ea7ae1ee515362c4489cee9aa1,gx-no-cache=1711456165005 HTTP/1.1" 200 107
200.54.237.82 - - [26/Mar/2024:09:32:28 -0300] "GET /cormun/servlet/trsolicitudadjuntos?2024,21096, HTTP/1.1" 200 6439
200.54.237.82 - - [26/Mar/2024:09:32:30 -0300] "GET /cormun/servlet/solicitudotadjuntos?INS,2024,21096,,1, HTTP/1.1" 200 6386
200.54.237.82 - - [26/Mar/2024:09:32:30 -0300] "GET /cormun/static/about:blank HTTP/1.1" 404 1011
200.54.237.82 - - [26/Mar/2024:09:32:31 -0300] "GET /cormun/servlet/solicitudotadjuntos?77cb67c819c479b02cdd6c054c9a0ec5804a9e8e375ebb7d83b6b8e72ca3638b62987e662b5b06fe478b99ad235e75a9,gx-no-cache=1711456167795 HTTP/1.1" 200 30
200.54.237.82 - - [26/Mar/2024:09:32:31 -0300] "POST /cormun/servlet/solicitudotadjuntos?1c7d70ea7ae1ee515362c4489cee9aa1,INS,2024,21096,,1,,gx-no-cache=1711456167828 HTTP/1.1" 200 4153
200.54.237.82 - - [26/Mar/2024:09:32:33 -0300] "POST /cormun/servlet/solicitudotadjuntos?gx-no-cache=1711456169471 HTTP/1.1" 200 26
181.212.43.89 - - [26/Mar/2024:09:32:35 -0300] "GET /cormun/servlet/solicitudotadjuntos?3f81e613f2240026f1452047c8fd7947793584e8caf047b1309eedce3c3ee81e,gx-no-cache=1711456170050 HTTP/1.1" 200 30
181.212.43.89 - - [26/Mar/2024:09:32:35 -0300] "GET /cormun/servlet/solicitudotadjuntos?3f81e613f2240026f1452047c8fd7947793584e8caf047b1309eedce3c3ee81e,gx-no-cache=1711456170062 HTTP/1.1" 200 30
181.212.43.89 - - [26/Mar/2024:09:32:35 -0300] "POST /cormun/servlet/solicitudotadjuntos?e5b19473d3cc3697a89f5a3f4b9c25dd,INS,2024,21094,,1, HTTP/1.1" 200 116
181.212.43.89 - - [26/Mar/2024:09:32:35 -0300] "GET /cormun/servlet/hpexe_return? HTTP/1.1" 200 1027
181.212.43.89 - - [26/Mar/2024:09:32:35 -0300] "GET /cormun/servlet/trsolicitudadjuntos?2024,21094, HTTP/1.1" 200 9588
181.212.43.89 - - [26/Mar/2024:09:32:37 -0300] "GET /cormun/servlet/solicitudotadjuntos?INS,2024,21094,,1, HTTP/1.1" 200 6066
181.212.43.89 - - [26/Mar/2024:09:32:38 -0300] "GET /cormun/static/about:blank HTTP/1.1" 404 1011
181.212.43.89 - - [26/Mar/2024:09:32:38 -0300] "GET /cormun/servlet/solicitudotadjuntos?3f81e613f2240026f1452047c8fd79473168521c06cf5e79a6664a7034e20afe30c2dade6a94d45d1500811f2cfba32a,gx-no-cache=1711456173390 HTTP/1.1" 200 30
181.212.43.89 - - [26/Mar/2024:09:32:38 -0300] "POST /cormun/servlet/solicitudotadjuntos?e5b19473d3cc3697a89f5a3f4b9c25dd,INS,2024,21094,,1,,gx-no-cache=1711456173404 HTTP/1.1" 200 3885
181.212.43.89 - - [26/Mar/2024:09:32:40 -0300] "POST /cormun/servlet/solicitudotadjuntos?gx-no-cache=1711456175785 HTTP/1.1" 200 26
200.54.237.82 - - [26/Mar/2024:09:32:43 -0300] "GET /cormun/servlet/solicitudotadjuntos?77cb67c819c479b02cdd6c054c9a0ec5e818798bf5930a75db7225e2626824ca,gx-no-cache=1711456179417 HTTP/1.1" 200 30
200.54.237.82 - - [26/Mar/2024:09:32:43 -0300] "GET /cormun/servlet/solicitudotadjuntos?77cb67c819c479b02cdd6c054c9a0ec5e818798bf5930a75db7225e2626824ca,gx-no-cache=1711456179577 HTTP/1.1" 200 30
200.54.237.82 - - [26/Mar/2024:09:32:44 -0300] "POST /cormun/servlet/solicitudotadjuntos?1c7d70ea7ae1ee515362c4489cee9aa1,INS,2024,21096,,1, HTTP/1.1" 200 116
200.54.237.82 - - [26/Mar/2024:09:32:44 -0300] "GET /cormun/servlet/hpexe_return? HTTP/1.1" 200 1027
200.54.237.82 - - [26/Mar/2024:09:32:44 -0300] "GET /cormun/servlet/trsolicitudadjuntos?2024,21096, HTTP/1.1" 200 9352
200.54.237.82 - - [26/Mar/2024:09:32:46 -0300] "GET /cormun/servlet/solicitudotadjuntos?INS,2024,21096,,1, HTTP/1.1" 200 6386
181.212.43.89 - - [26/Mar/2024:09:32:47 -0300] "GET /cormun/servlet/solicitudotadjuntos?3f81e613f2240026f1452047c8fd7947793584e8caf047b1309eedce3c3ee81e,gx-no-cache=1711456181898 HTTP/1.1" 200 30
200.54.237.82 - - [26/Mar/2024:09:32:47 -0300] "GET /cormun/static/about:blank HTTP/1.1" 404 1011
181.212.43.89 - - [26/Mar/2024:09:32:47 -0300] "GET /cormun/servlet/solicitudotadjuntos?3f81e613f2240026f1452047c8fd7947793584e8caf047b1309eedce3c3ee81e,gx-no-cache=1711456181968 HTTP/1.1" 200 30
181.212.43.89 - - [26/Mar/2024:09:32:47 -0300] "POST /cormun/servlet/solicitudotadjuntos?e5b19473d3cc3697a89f5a3f4b9c25dd,INS,2024,21094,,1, HTTP/1.1" 200 116
181.212.43.89 - - [26/Mar/2024:09:32:47 -0300] "GET /cormun/servlet/hpexe_return? HTTP/1.1" 200 1027
200.54.237.82 - - [26/Mar/2024:09:32:47 -0300] "GET /cormun/servlet/solicitudotadjuntos?77cb67c819c479b02cdd6c054c9a0ec5804a9e8e375ebb7d83b6b8e72ca3638b62987e662b5b06fe478b99ad235e75a9,gx-no-cache=1711456183869 HTTP/1.1" 200 30
200.54.237.82 - - [26/Mar/2024:09:32:47 -0300] "POST /cormun/servlet/solicitudotadjuntos?1c7d70ea7ae1ee515362c4489cee9aa1,INS,2024,21096,,1,,gx-no-cache=1711456183966 HTTP/1.1" 200 4153
181.212.43.89 - - [26/Mar/2024:09:32:47 -0300] "GET /cormun/servlet/trsolicitudadjuntos?2024,21094, HTTP/1.1" 200 9846
200.54.237.82 - - [26/Mar/2024:09:32:49 -0300] "POST /cormun/servlet/solicitudotadjuntos?gx-no-cache=1711456185706 HTTP/1.1" 200 26
181.212.43.89 - - [26/Mar/2024:09:32:49 -0300] "GET /cormun/servlet/solicitudotadjuntos?INS,2024,21094,,1, HTTP/1.1" 200 6066
181.212.43.89 - - [26/Mar/2024:09:32:50 -0300] "GET /cormun/static/about:blank HTTP/1.1" 404 1011
181.212.43.89 - - [26/Mar/2024:09:32:50 -0300] "GET /cormun/servlet/solicitudotadjuntos?3f81e613f2240026f1452047c8fd79473168521c06cf5e79a6664a7034e20afe30c2dade6a94d45d1500811f2cfba32a,gx-no-cache=1711456185400 HTTP/1.1" 200 30
181.212.43.89 - - [26/Mar/2024:09:32:50 -0300] "POST /cormun/servlet/solicitudotadjuntos?e5b19473d3cc3697a89f5a3f4b9c25dd,INS,2024,21094,,1,,gx-no-cache=1711456185414 HTTP/1.1" 200 3885
181.212.43.89 - - [26/Mar/2024:09:32:52 -0300] "POST /cormun/servlet/solicitudotadjuntos?gx-no-cache=1711456187770 HTTP/1.1" 200 26
200.54.237.82 - - [26/Mar/2024:09:32:55 -0300] "GET /cormun/servlet/solicitudotadjuntos?77cb67c819c479b02cdd6c054c9a0ec5e818798bf5930a75db7225e2626824ca,gx-no-cache=1711456191657 HTTP/1.1" 200 30
200.54.237.82 - - [26/Mar/2024:09:32:55 -0300] "GET /cormun/servlet/solicitudotadjuntos?77cb67c819c479b02cdd6c054c9a0ec5e818798bf5930a75db7225e2626824ca,gx-no-cache=1711456191678 HTTP/1.1" 200 30
200.54.237.82 - - [26/Mar/2024:09:32:55 -0300] "POST /cormun/servlet/solicitudotadjuntos?1c7d70ea7ae1ee515362c4489cee9aa1,INS,2024,21096,,1, HTTP/1.1" 200 116
200.54.237.82 - - [26/Mar/2024:09:32:55 -0300] "GET /cormun/servlet/hpexe_return? HTTP/1.1" 200 1027
200.54.237.82 - - [26/Mar/2024:09:32:55 -0300] "GET /cormun/servlet/trsolicitudadjuntos?2024,21096, HTTP/1.1" 200 9571
200.54.237.82 - - [26/Mar/2024:09:32:57 -0300] "GET /cormun/servlet/solicitudotadjuntos?INS,2024,21096,,1, HTTP/1.1" 200 6386
200.54.237.82 - - [26/Mar/2024:09:32:57 -0300] "GET /cormun/static/about:blank HTTP/1.1" 404 1011
181.212.43.89 - - [26/Mar/2024:09:32:58 -0300] "GET /cormun/servlet/solicitudotadjuntos?3f81e613f2240026f1452047c8fd7947793584e8caf047b1309eedce3c3ee81e,gx-no-cache=1711456192951 HTTP/1.1" 200 30
181.212.43.89 - - [26/Mar/2024:09:32:58 -0300] "GET /cormun/servlet/solicitudotadjuntos?3f81e613f2240026f1452047c8fd7947793584e8caf047b1309eedce3c3ee81e,gx-no-cache=1711456192964 HTTP/1.1" 200 30
181.212.43.89 - - [26/Mar/2024:09:32:58 -0300] "POST /cormun/servlet/solicitudotadjuntos?e5b19473d3cc3697a89f5a3f4b9c25dd,INS,2024,21094,,1, HTTP/1.1" 200 116
200.54.237.82 - - [26/Mar/2024:09:32:58 -0300] "GET /cormun/servlet/solicitudotadjuntos?77cb67c819c479b02cdd6c054c9a0ec5804a9e8e375ebb7d83b6b8e72ca3638b62987e662b5b06fe478b99ad235e75a9,gx-no-cache=1711456194595 HTTP/1.1" 200 30
181.212.43.89 - - [26/Mar/2024:09:32:58 -0300] "GET /cormun/servlet/hpexe_return? HTTP/1.1" 200 1027
200.54.237.82 - - [26/Mar/2024:09:32:58 -0300] "POST /cormun/servlet/solicitudotadjuntos?1c7d70ea7ae1ee515362c4489cee9aa1,INS,2024,21096,,1,,gx-no-cache=1711456194615 HTTP/1.1" 200 4153
181.212.43.89 - - [26/Mar/2024:09:32:58 -0300] "GET /cormun/servlet/trsolicitudadjuntos?2024,21094, HTTP/1.1" 200 10122
200.54.237.82 - - [26/Mar/2024:09:33:00 -0300] "POST /cormun/servlet/solicitudotadjuntos?gx-no-cache=1711456196531 HTTP/1.1" 200 26
181.212.43.89 - - [26/Mar/2024:09:33:00 -0300] "GET /cormun/servlet/solicitudotadjuntos?INS,2024,21094,,1, HTTP/1.1" 200 6066
181.212.43.89 - - [26/Mar/2024:09:33:01 -0300] "GET /cormun/static/about:blank HTTP/1.1" 404 1011
181.212.43.89 - - [26/Mar/2024:09:33:01 -0300] "GET /cormun/servlet/solicitudotadjuntos?3f81e613f2240026f1452047c8fd79473168521c06cf5e79a6664a7034e20afe30c2dade6a94d45d1500811f2cfba32a,gx-no-cache=1711456196430 HTTP/1.1" 200 30
181.212.43.89 - - [26/Mar/2024:09:33:01 -0300] "POST /cormun/servlet/solicitudotadjuntos?e5b19473d3cc3697a89f5a3f4b9c25dd,INS,2024,21094,,1,,gx-no-cache=1711456196443 HTTP/1.1" 200 3885
181.212.43.89 - - [26/Mar/2024:09:33:06 -0300] "POST /cormun/servlet/solicitudotadjuntos?gx-no-cache=1711456201467 HTTP/1.1" 200 26
200.54.237.82 - - [26/Mar/2024:09:33:07 -0300] "GET /cormun/servlet/solicitudotadjuntos?77cb67c819c479b02cdd6c054c9a0ec5e818798bf5930a75db7225e2626824ca,gx-no-cache=1711456203737 HTTP/1.1" 200 30
200.54.237.82 - - [26/Mar/2024:09:33:07 -0300] "GET /cormun/servlet/solicitudotadjuntos?77cb67c819c479b02cdd6c054c9a0ec5e818798bf5930a75db7225e2626824ca,gx-no-cache=1711456203758 HTTP/1.1" 200 30
200.54.237.82 - - [26/Mar/2024:09:33:07 -0300] "POST /cormun/servlet/solicitudotadjuntos?1c7d70ea7ae1ee515362c4489cee9aa1,INS,2024,21096,,1, HTTP/1.1" 200 116
200.54.237.82 - - [26/Mar/2024:09:33:07 -0300] "GET /cormun/servlet/hpexe_return? HTTP/1.1" 200 1027
200.54.237.82 - - [26/Mar/2024:09:33:07 -0300] "GET /cormun/servlet/trsolicitudadjuntos?2024,21096, HTTP/1.1" 200 9822
200.54.237.82 - - [26/Mar/2024:09:33:09 -0300] "GET /cormun/servlet/solicitudotadjuntos?INS,2024,21096,,1, HTTP/1.1" 200 6386
200.54.237.82 - - [26/Mar/2024:09:33:09 -0300] "GET /cormun/static/about:blank HTTP/1.1" 404 1011
200.54.237.82 - - [26/Mar/2024:09:33:10 -0300] "GET /cormun/servlet/solicitudotadjuntos?77cb67c819c479b02cdd6c054c9a0ec5804a9e8e375ebb7d83b6b8e72ca3638b62987e662b5b06fe478b99ad235e75a9,gx-no-cache=1711456206749 HTTP/1.1" 200 30
200.54.237.82 - - [26/Mar/2024:09:33:10 -0300] "POST /cormun/servlet/solicitudotadjuntos?1c7d70ea7ae1ee515362c4489cee9aa1,INS,2024,21096,,1,,gx-no-cache=1711456206785 HTTP/1.1" 200 4153
200.54.237.82 - - [26/Mar/2024:09:33:13 -0300] "POST /cormun/servlet/solicitudotadjuntos?gx-no-cache=1711456209706 HTTP/1.1" 200 26
181.212.43.89 - - [26/Mar/2024:09:33:13 -0300] "GET /cormun/servlet/solicitudotadjuntos?3f81e613f2240026f1452047c8fd7947793584e8caf047b1309eedce3c3ee81e,gx-no-cache=1711456208341 HTTP/1.1" 200 30
181.212.43.89 - - [26/Mar/2024:09:33:13 -0300] "GET /cormun/servlet/solicitudotadjuntos?3f81e613f2240026f1452047c8fd7947793584e8caf047b1309eedce3c3ee81e,gx-no-cache=1711456208353 HTTP/1.1" 200 30
181.212.43.89 - - [26/Mar/2024:09:33:13 -0300] "POST /cormun/servlet/solicitudotadjuntos?e5b19473d3cc3697a89f5a3f4b9c25dd,INS,2024,21094,,1, HTTP/1.1" 200 116
181.212.43.89 - - [26/Mar/2024:09:33:13 -0300] "GET /cormun/servlet/hpexe_return? HTTP/1.1" 200 1027
181.212.43.89 - - [26/Mar/2024:09:33:14 -0300] "GET /cormun/servlet/trsolicitudadjuntos?2024,21094, HTTP/1.1" 200 10287
200.54.237.82 - - [26/Mar/2024:09:33:17 -0300] "GET /cormun/servlet/solicitudotadjuntos?77cb67c819c479b02cdd6c054c9a0ec5e818798bf5930a75db7225e2626824ca,gx-no-cache=1711456214178 HTTP/1.1" 200 30
200.54.237.82 - - [26/Mar/2024:09:33:17 -0300] "GET /cormun/servlet/solicitudotadjuntos?77cb67c819c479b02cdd6c054c9a0ec5e818798bf5930a75db7225e2626824ca,gx-no-cache=1711456214200 HTTP/1.1" 200 30
200.54.237.82 - - [26/Mar/2024:09:33:18 -0300] "POST /cormun/servlet/solicitudotadjuntos?1c7d70ea7ae1ee515362c4489cee9aa1,INS,2024,21096,,1, HTTP/1.1" 200 116
200.54.237.82 - - [26/Mar/2024:09:33:18 -0300] "GET /cormun/servlet/hpexe_return? HTTP/1.1" 200 1027
200.54.237.82 - - [26/Mar/2024:09:33:18 -0300] "GET /cormun/servlet/trsolicitudadjuntos?2024,21096, HTTP/1.1" 200 10027
200.54.237.82 - - [26/Mar/2024:09:33:20 -0300] "GET /cormun/servlet/solicitudotadjuntos?INS,2024,21096,,1, HTTP/1.1" 200 6386
200.54.237.82 - - [26/Mar/2024:09:33:20 -0300] "GET /cormun/static/about:blank HTTP/1.1" 404 1011
200.54.237.82 - - [26/Mar/2024:09:33:20 -0300] "GET /cormun/servlet/solicitudotadjuntos?77cb67c819c479b02cdd6c054c9a0ec5804a9e8e375ebb7d83b6b8e72ca3638b62987e662b5b06fe478b99ad235e75a9,gx-no-cache=1711456217058 HTTP/1.1" 200 30
200.54.237.82 - - [26/Mar/2024:09:33:20 -0300] "POST /cormun/servlet/solicitudotadjuntos?1c7d70ea7ae1ee515362c4489cee9aa1,INS,2024,21096,,1,,gx-no-cache=1711456217109 HTTP/1.1" 200 4153
200.54.237.82 - - [26/Mar/2024:09:33:25 -0300] "POST /cormun/servlet/solicitudotadjuntos?gx-no-cache=1711456221578 HTTP/1.1" 200 26
200.54.237.82 - - [26/Mar/2024:09:33:29 -0300] "GET /cormun/servlet/solicitudotadjuntos?77cb67c819c479b02cdd6c054c9a0ec5e818798bf5930a75db7225e2626824ca,gx-no-cache=1711456226144 HTTP/1.1" 200 30
200.54.237.82 - - [26/Mar/2024:09:33:29 -0300] "GET /cormun/servlet/solicitudotadjuntos?77cb67c819c479b02cdd6c054c9a0ec5e818798bf5930a75db7225e2626824ca,gx-no-cache=1711456226157 HTTP/1.1" 200 30
200.54.237.82 - - [26/Mar/2024:09:33:29 -0300] "POST /cormun/servlet/solicitudotadjuntos?1c7d70ea7ae1ee515362c4489cee9aa1,INS,2024,21096,,1, HTTP/1.1" 200 116
200.54.237.82 - - [26/Mar/2024:09:33:30 -0300] "GET /cormun/servlet/hpexe_return? HTTP/1.1" 200 1027
200.54.237.82 - - [26/Mar/2024:09:33:30 -0300] "GET /cormun/servlet/trsolicitudadjuntos?2024,21096, HTTP/1.1" 200 10302
200.54.237.82 - - [26/Mar/2024:09:33:32 -0300] "GET /cormun/servlet/solicitudotadjuntos?INS,2024,21096,,1, HTTP/1.1" 200 6386
200.54.237.82 - - [26/Mar/2024:09:33:32 -0300] "GET /cormun/static/about:blank HTTP/1.1" 404 1011
200.54.237.82 - - [26/Mar/2024:09:33:32 -0300] "GET /cormun/servlet/solicitudotadjuntos?77cb67c819c479b02cdd6c054c9a0ec5804a9e8e375ebb7d83b6b8e72ca3638b62987e662b5b06fe478b99ad235e75a9,gx-no-cache=1711456229140 HTTP/1.1" 200 30
200.54.237.82 - - [26/Mar/2024:09:33:32 -0300] "POST /cormun/servlet/solicitudotadjuntos?1c7d70ea7ae1ee515362c4489cee9aa1,INS,2024,21096,,1,,gx-no-cache=1711456229169 HTTP/1.1" 200 4152
190.171.142.10 - - [26/Mar/2024:09:33:33 -0300] "GET /cormun/servlet/trautorizarsolicitud? HTTP/1.1" 200 7332
200.54.237.82 - - [26/Mar/2024:09:33:35 -0300] "POST /cormun/servlet/solicitudotadjuntos?gx-no-cache=1711456231553 HTTP/1.1" 200 26
200.54.237.82 - - [26/Mar/2024:09:33:39 -0300] "GET /cormun/servlet/solicitudotadjuntos?77cb67c819c479b02cdd6c054c9a0ec5e818798bf5930a75db7225e2626824ca,gx-no-cache=1711456235849 HTTP/1.1" 200 30
200.54.237.82 - - [26/Mar/2024:09:33:39 -0300] "GET /cormun/servlet/solicitudotadjuntos?77cb67c819c479b02cdd6c054c9a0ec5e818798bf5930a75db7225e2626824ca,gx-no-cache=1711456235961 HTTP/1.1" 200 30
200.54.237.82 - - [26/Mar/2024:09:33:40 -0300] "POST /cormun/servlet/solicitudotadjuntos?1c7d70ea7ae1ee515362c4489cee9aa1,INS,2024,21096,,1, HTTP/1.1" 200 116
200.54.237.82 - - [26/Mar/2024:09:33:40 -0300] "GET /cormun/servlet/hpexe_return? HTTP/1.1" 200 1027
200.54.237.82 - - [26/Mar/2024:09:33:40 -0300] "GET /cormun/servlet/trsolicitudadjuntos?2024,21096, HTTP/1.1" 200 10448
200.54.237.82 - - [26/Mar/2024:09:33:46 -0300] "GET /cormun/servlet/trsolicitudot? HTTP/1.1" 200 13901
200.54.237.82 - - [26/Mar/2024:09:33:50 -0300] "POST /cormun/servlet/trsolicitudot?1c7d70ea7ae1ee515362c4489cee9aa1,,gx-no-cache=1711456246228 HTTP/1.1" 200 11094
200.54.237.82 - - [26/Mar/2024:09:33:50 -0300] "GET /cormun/static/Shared/jqueryui/images/ui-bg_highlight-soft_100_c6c2c8_1x100.png HTTP/1.1" 404 1117
200.54.237.82 - - [26/Mar/2024:09:33:50 -0300] "GET /cormun/static/Shared/jqueryui/images/ui-icons_82798d_256x240.png HTTP/1.1" 404 1089
200.54.237.82 - - [26/Mar/2024:09:33:50 -0300] "GET /cormun/static/Shared/jqueryui/images/ui-bg_flat_55_fafafa_40x100.png HTTP/1.1" 404 1097
200.54.237.82 - - [26/Mar/2024:09:33:50 -0300] "GET /cormun/static/Shared/jqueryui/images/ui-icons_8d78a5_256x240.png HTTP/1.1" 404 1089
200.54.237.82 - - [26/Mar/2024:09:33:50 -0300] "POST /cormun/servlet/trsolicitudot?1c7d70ea7ae1ee515362c4489cee9aa1,,gx-no-cache=1711456246534 HTTP/1.1" 200 11035
200.54.237.82 - - [26/Mar/2024:09:33:52 -0300] "GET /cormun/servlet/trautorizarsolicitud? HTTP/1.1" 200 8852
200.54.237.82 - - [26/Mar/2024:09:33:58 -0300] "POST /cormun/servlet/trautorizarsolicitud?1c7d70ea7ae1ee515362c4489cee9aa1,,gx-no-cache=1711456254555 HTTP/1.1" 200 4798
200.54.237.82 - - [26/Mar/2024:09:33:58 -0300] "POST /cormun/servlet/trautorizarsolicitud?1c7d70ea7ae1ee515362c4489cee9aa1,,gx-no-cache=1711456254722 HTTP/1.1" 200 4546
200.54.237.82 - - [26/Mar/2024:09:34:06 -0300] "GET /cormun/servlet/trsolicitudot? HTTP/1.1" 200 13894
181.212.47.137 - - [26/Mar/2024:09:34:09 -0300] "GET /cormun/servlet/trsolicitudgral? HTTP/1.1" 200 10155
200.54.237.82 - - [26/Mar/2024:09:34:09 -0300] "POST /cormun/servlet/trsolicitudot?1c7d70ea7ae1ee515362c4489cee9aa1,,gx-no-cache=1711456266139 HTTP/1.1" 200 103
200.54.237.82 - - [26/Mar/2024:09:34:10 -0300] "POST /cormun/servlet/trsolicitudot?1c7d70ea7ae1ee515362c4489cee9aa1,,gx-no-cache=1711456266299 HTTP/1.1" 200 11025
200.54.237.82 - - [26/Mar/2024:09:34:10 -0300] "GET /cormun/SolicitudOT-6384.xls HTTP/1.1" 200 10752
181.212.47.137 - - [26/Mar/2024:09:34:31 -0300] "GET /cormun/servlet/vesolicitudgral?2024,20971,, HTTP/1.1" 200 8419
181.212.47.137 - - [26/Mar/2024:09:34:31 -0300] "GET /cormun/pexe_scrolldiv.js HTTP/1.1" 404 1009
190.171.142.10 - - [26/Mar/2024:09:34:42 -0300] "GET /cormun/servlet/trautorizarsolicitud? HTTP/1.1" 200 7332
190.171.142.10 - - [26/Mar/2024:09:34:45 -0300] "GET /cormun/servlet/trsolicitudot? HTTP/1.1" 200 9304
190.171.142.10 - - [26/Mar/2024:09:34:54 -0300] "GET /cormun/servlet/trautorizarsolicitud? HTTP/1.1" 200 7332
190.171.142.10 - - [26/Mar/2024:09:34:57 -0300] "GET /cormun/servlet/trsolicitudot? HTTP/1.1" 200 9304
181.212.42.153 - - [26/Mar/2024:09:35:01 -0300] "GET /favicon.ico HTTP/1.1" 200 21630
181.212.42.153 - - [26/Mar/2024:09:35:01 -0300] "GET /cormun/servlet/trsolicitudot? HTTP/1.1" 200 6326
181.212.42.153 - - [26/Mar/2024:09:35:01 -0300] "GET /cormun/servlet/hlogin HTTP/1.1" 200 1740
181.212.42.153 - - [26/Mar/2024:09:35:01 -0300] "GET /cormun/servlet/trsolicitudot? HTTP/1.1" 200 6325
190.171.142.10 - - [26/Mar/2024:09:35:08 -0300] "GET /cormun/servlet/trsolicitudot? HTTP/1.1" 200 9303
181.212.42.153 - - [26/Mar/2024:09:35:10 -0300] "POST /cormun/servlet/hlogin?64b4fe638b2aa2c501be1c605da434c3,gx-no-cache=1711456326080 HTTP/1.1" 200 90
181.212.42.153 - - [26/Mar/2024:09:35:10 -0300] "GET /cormun/servlet/hpexe_link HTTP/1.1" 200 959
181.212.42.153 - - [26/Mar/2024:09:35:10 -0300] "GET /cormun/servlet/trsolicitudot HTTP/1.1" 200 9320
190.171.142.10 - - [26/Mar/2024:09:35:14 -0300] "GET /cormun/servlet/trautorizarsolicitud? HTTP/1.1" 200 7332
181.212.42.153 - - [26/Mar/2024:09:35:16 -0300] "GET /cormun/servlet/vesolicitudot?2024,21033,, HTTP/1.1" 200 8359
181.212.42.153 - - [26/Mar/2024:09:35:16 -0300] "GET /cormun/static/gxcfg.js?202211298465857 HTTP/1.1" 200 953
181.212.42.153 - - [26/Mar/2024:09:35:16 -0300] "GET /cormun/pexe_scrolldiv.js HTTP/1.1" 404 1009
181.212.42.153 - - [26/Mar/2024:09:35:16 -0300] "GET /cormun/static/vesolicitudot.js?202211298465886 HTTP/1.1" 200 6091
181.212.42.153 - - [26/Mar/2024:09:35:18 -0300] "GET /cormun/servlet/vesolicitudot?2024,21033,,SolicitudOTLog HTTP/1.1" 200 9982
181.212.42.153 - - [26/Mar/2024:09:35:18 -0300] "GET /cormun/pexe_scrolldiv.js HTTP/1.1" 404 1009
181.212.42.153 - - [26/Mar/2024:09:35:18 -0300] "GET /cormun/static/tbsolicitudot03.js?20221129837931 HTTP/1.1" 200 13332
181.212.42.153 - - [26/Mar/2024:09:35:19 -0300] "POST /cormun/servlet/acontrolpreferencessavestate?None,CA-7,true HTTP/1.1" 200 35
181.212.42.153 - - [26/Mar/2024:09:35:26 -0300] "GET /cormun/servlet/vesolicitudot?2024,21033,, HTTP/1.1" 200 8359
181.212.42.153 - - [26/Mar/2024:09:35:29 -0300] "GET /cormun/servlet/trsolicitudot? HTTP/1.1" 200 9320
181.212.42.153 - - [26/Mar/2024:09:35:32 -0300] "GET /cormun/servlet/solicitudot?INS,0,0,false, HTTP/1.1" 200 15944
181.212.42.153 - - [26/Mar/2024:09:35:41 -0300] "POST /cormun/servlet/solicitudot?gx-no-cache=1711456357002 HTTP/1.1" 200 4022
181.212.42.153 - - [26/Mar/2024:09:35:41 -0300] "POST /cormun/servlet/solicitudot?64b4fe638b2aa2c501be1c605da434c3,INS,0,0,false,,gx-no-cache=1711456357146 HTTP/1.1" 200 12593
181.212.42.153 - - [26/Mar/2024:09:35:42 -0300] "GET /cormun/servlet/solicitudot?a1a20044c2c62f854c87da3f5dbc6a72821bddbf8c8033f23ccc817516931d636cf4b05fb9a40a45e7842cd88d749109,gx-no-cache=1711456357948 HTTP/1.1" 200 30
38.222.127.189 - - [26/Mar/2024:09:35:45 -0300] "POST /goform/set_LimitClient_cfg HTTP/1.1" 400 -
181.212.47.137 - - [26/Mar/2024:09:36:00 -0300] "GET /cormun/servlet/vesolicitudgral?2024,20971,,SolicitudOTAdjuntos HTTP/1.1" 200 10988
181.212.47.137 - - [26/Mar/2024:09:36:00 -0300] "GET /cormun/pexe_scrolldiv.js HTTP/1.1" 404 1009
181.212.47.137 - - [26/Mar/2024:09:36:01 -0300] "POST /cormun/servlet/acontrolpreferencessavestate?None,RRHH+DANIELA,true HTTP/1.1" 200 35
181.212.47.137 - - [26/Mar/2024:09:36:03 -0300] "GET /cormun/PublicTempStorage/certificado_afp9399730.pdf HTTP/1.1" 200 72851
181.212.47.137 - - [26/Mar/2024:09:36:06 -0300] "GET /cormun/servlet/vesolicitudgral?2024,20971,,SolicitudOTAdjuntos HTTP/1.1" 200 10988
181.212.47.137 - - [26/Mar/2024:09:36:07 -0300] "POST /cormun/servlet/acontrolpreferencessavestate?None,RRHH+DANIELA,true HTTP/1.1" 200 35
181.212.47.137 - - [26/Mar/2024:09:36:08 -0300] "GET /cormun/servlet/vesolicitudgral?2024,20971,,General HTTP/1.1" 200 8422
181.212.47.137 - - [26/Mar/2024:09:36:08 -0300] "GET /cormun/pexe_scrolldiv.js HTTP/1.1" 404 1009
190.95.15.15 - - [26/Mar/2024:09:36:16 -0300] "GET /cormun/servlet/hlogin HTTP/1.1" 200 1724
190.95.15.15 - - [26/Mar/2024:09:36:16 -0300] "GET /cormun/servlet/hlogin HTTP/1.1" 200 1734
181.212.42.153 - - [26/Mar/2024:09:36:18 -0300] "GET /cormun/servlet/prbanco?,MD,,gxPopupLevel%3D0%3B HTTP/1.1" 200 6572
190.171.142.10 - - [26/Mar/2024:09:36:20 -0300] "GET /cormun/servlet/trautorizarsolicitud? HTTP/1.1" 200 7332
181.212.42.153 - - [26/Mar/2024:09:36:21 -0300] "GET /cormun/servlet/solicitudot?a1a20044c2c62f854c87da3f5dbc6a72db2078ea984ed7a9f812d01df9f7dd2ac966a37fff6548f7c8b9f157289efba9ef05ce0cbc982681c110c5a554d7f035,gx-no-cache=1711456396849 HTTP/1.1" 200 30
181.212.42.153 - - [26/Mar/2024:09:36:22 -0300] "GET /cormun/servlet/solicitudot?a1a20044c2c62f854c87da3f5dbc6a72b3b7a0e8b25e1bd004d939fb043f6bff,gx-no-cache=1711456398030 HTTP/1.1" 200 70
190.171.142.10 - - [26/Mar/2024:09:36:25 -0300] "GET /cormun/servlet/trautorizarsolicitud? HTTP/1.1" 200 7332
190.95.15.15 - - [26/Mar/2024:09:36:25 -0300] "POST /cormun/servlet/hlogin?0bf740273215b30eefc8e5139e26c85e,gx-no-cache=1711456400442 HTTP/1.1" 200 90
190.95.15.15 - - [26/Mar/2024:09:36:25 -0300] "GET /cormun/servlet/hpexe_link HTTP/1.1" 200 953
190.95.15.15 - - [26/Mar/2024:09:36:25 -0300] "GET /cormun/servlet/hhome HTTP/1.1" 200 3979
190.95.15.15 - - [26/Mar/2024:09:36:28 -0300] "GET /cormun/servlet/trlicencias? HTTP/1.1" 200 10185
190.171.142.10 - - [26/Mar/2024:09:36:28 -0300] "GET /cormun/servlet/trsolicitudot? HTTP/1.1" 200 9304
181.212.42.153 - - [26/Mar/2024:09:36:46 -0300] "POST /cormun/servlet/solicitudot?gx-no-cache=1711456421751 HTTP/1.1" 200 255
181.212.42.153 - - [26/Mar/2024:09:36:48 -0300] "GET /cormun/servlet/solicitudot?a1a20044c2c62f854c87da3f5dbc6a725be936be507117d3d79ee3056abb8a078729a4f186664f2eb99f7c6916748ae4b63251e266f068921051688973ed69e6ee86a9f90b225a0a0d6be154101d7e234f1efdba544d7e9e40acfcfa03b2655e986f10599baf4aa1ca995c3fe68f1781cf202b176947432a856c29f30ba2e88a1522d676e19bf3d89cb88f89e7890f948850f0576dbb2420e5703b1a64a3f8c6e00ace5cc991bfe98e9341af52f3c53b33ca5dda4d14ce4bc0553c4b96640bf5e20f5fe3ee0f6e5aa627b29309cf1552b174eb2216edec5ce735505ecfc6e4899a96144e73e1545922dc68139c87bee869618f74fa08229175a6a7c719a6cb27c3e2b67116765a053eadb37040f23a0dab9674d0b3580cd7e432d895ea58de8dd1069ef6000aecfdf3d52ac507042b8267fe643de2c95160f6725bbf58c030a3480808b6bff366f019e96e46808bc9d38cdb6b0c16bcbd530a6500f8246afd59a0e8dcc156023da14aa464768618f663c14b1b22704f8da96d1e8fc9ef2ac2a4,gx-no-cache=1711456423872 HTTP/1.1" 200 30
181.212.42.153 - - [26/Mar/2024:09:37:06 -0300] "POST /cormun/servlet/solicitudot?gx-no-cache=1711456442383 HTTP/1.1" 200 30
181.212.42.153 - - [26/Mar/2024:09:37:08 -0300] "POST /cormun/servlet/solicitudot?gx-no-cache=1711456444210 HTTP/1.1" 200 1472
181.212.42.153 - - [26/Mar/2024:09:37:08 -0300] "POST /cormun/servlet/solicitudot?gx-no-cache=1711456444235 HTTP/1.1" 200 38
190.171.142.10 - - [26/Mar/2024:09:37:09 -0300] "POST /cormun/servlet/trsolicitudot?ce2c1e60b33afeb20b87986e57af473a,,gx-no-cache=1711456444657 HTTP/1.1" 200 107
190.171.142.10 - - [26/Mar/2024:09:37:09 -0300] "GET /cormun/servlet/trsolicitudadjuntos?2024,21095, HTTP/1.1" 200 10450
190.171.142.10 - - [26/Mar/2024:09:37:13 -0300] "GET /cormun/servlet/trsolicitudot? HTTP/1.1" 200 9304
190.171.142.10 - - [26/Mar/2024:09:37:19 -0300] "GET /cormun/servlet/vesolicitudot?2024,21095,, HTTP/1.1" 200 8595
190.171.142.10 - - [26/Mar/2024:09:37:20 -0300] "GET /cormun/static/gxcfg.js?202211298465857 HTTP/1.1" 200 953
190.171.142.10 - - [26/Mar/2024:09:37:20 -0300] "GET /cormun/pexe_scrolldiv.js HTTP/1.1" 404 1009
190.171.142.10 - - [26/Mar/2024:09:37:20 -0300] "GET /cormun/static/Resources/PXToolsTabFirstSelected.png HTTP/1.1" 200 1270
190.171.142.10 - - [26/Mar/2024:09:37:20 -0300] "GET /cormun/static/vesolicitudot.js?202211298465886 HTTP/1.1" 200 6091
190.171.142.10 - - [26/Mar/2024:09:37:20 -0300] "GET /cormun/static/hwcviewtabs.js?201991422154026 HTTP/1.1" 200 1074
190.171.142.10 - - [26/Mar/2024:09:37:20 -0300] "GET /cormun/static/hpexe_tabsview.js?2020121447381 HTTP/1.1" 200 1661
190.171.142.10 - - [26/Mar/2024:09:37:20 -0300] "GET /cormun/static/Resources/PXToolsTabNext.gif HTTP/1.1" 200 168
190.171.142.10 - - [26/Mar/2024:09:37:20 -0300] "GET /cormun/static/Resources/PXToolsTabLastUnselected.png HTTP/1.1" 200 1297
190.171.142.10 - - [26/Mar/2024:09:37:20 -0300] "GET /cormun/static/Resources/PXToolsTabPrevious.gif HTTP/1.1" 200 172
190.171.142.10 - - [26/Mar/2024:09:37:20 -0300] "GET /cormun/static/tbsolicitudot01.js?20201214462316 HTTP/1.1" 200 30566
190.171.142.10 - - [26/Mar/2024:09:37:20 -0300] "GET /cormun/static/calendar-system.css HTTP/1.1" 200 5572
190.171.142.10 - - [26/Mar/2024:09:37:20 -0300] "GET /cormun/static/Resources/PXToolsTabBackSelected.png HTTP/1.1" 200 1157
190.171.142.10 - - [26/Mar/2024:09:37:20 -0300] "GET /cormun/static/Resources/PXToolsTabBackUnselected.png HTTP/1.1" 200 1175
190.171.142.10 - - [26/Mar/2024:09:37:20 -0300] "GET /cormun/static/Resources/PXToolsTabSelectedUnselected.png HTTP/1.1" 200 1451
190.171.142.10 - - [26/Mar/2024:09:37:20 -0300] "GET /cormun/static/Resources/PXToolsTabUnselectedUnselected.png HTTP/1.1" 200 1470
190.171.142.10 - - [26/Mar/2024:09:37:37 -0300] "GET /cormun/servlet/trsolicitudot? HTTP/1.1" 200 9304
181.212.42.153 - - [26/Mar/2024:09:37:40 -0300] "GET /cormun/servlet/solicitudot?a1a20044c2c62f854c87da3f5dbc6a7206e97ab698b12aa88a17a1270c73947e0955525fe570cf5976e02d59a48294304619a4b10dab10e235453ab38f32844843dcd2a75275a0a72438e5a326a4e5f7dc25801bd9d617d2af018fe3d8cebf894fbd34f449f5a32ff28bb370d263b1a7,gx-no-cache=1711456476258 HTTP/1.1" 200 110
190.171.142.10 - - [26/Mar/2024:09:37:43 -0300] "GET /cormun/servlet/trvisualizadoreventos? HTTP/1.1" 200 6980
190.171.142.10 - - [26/Mar/2024:09:37:53 -0300] "GET /cormun/servlet/trcontratounov2? HTTP/1.1" 200 17548
190.171.142.10 - - [26/Mar/2024:09:37:53 -0300] "GET /cormun/static/gxcfg.js?2020121614367 HTTP/1.1" 200 953
190.171.142.10 - - [26/Mar/2024:09:37:53 -0300] "GET /cormun/static/Resources/PXToolsAddSelectedAction.png HTTP/1.1" 200 523
190.171.142.10 - - [26/Mar/2024:09:37:53 -0300] "GET /cormun/static/trcontratounov2.js?20201216143065 HTTP/1.1" 200 38486
190.171.142.10 - - [26/Mar/2024:09:37:53 -0300] "GET /cormun//static/Resources/PXToolsActionDisabled.gif HTTP/1.1" 200 53
181.212.42.153 - - [26/Mar/2024:09:37:56 -0300] "POST /cormun/servlet/solicitudot?gx-no-cache=1711456492409 HTTP/1.1" 200 97
181.212.42.153 - - [26/Mar/2024:09:38:30 -0300] "GET /cormun/servlet/solicitudot?a1a20044c2c62f854c87da3f5dbc6a72bb46178617bc48b316ba5c3a26b4f05da855422cfac1352d2f007d449ced5f0fd29252cf96babe0ab63e26bcd30723c656030a71eddea26322c6eaac2e9de60403375d7ac8687a5e6ad441abbdc7f93dc6129891b62dcd10297ee9154057d49a,gx-no-cache=1711456525942 HTTP/1.1" 200 29
181.212.42.153 - - [26/Mar/2024:09:38:30 -0300] "GET /cormun/static/menuarrow.gif HTTP/1.1" 404 1015
181.212.42.153 - - [26/Mar/2024:09:38:34 -0300] "GET /cormun/servlet/solicitudot?a1a20044c2c62f854c87da3f5dbc6a729165bea8b5e1c2e5ce9b447d15b06cc58e302997a1be25fb8377fd519c0339dd,gx-no-cache=1711456529977 HTTP/1.1" 200 30
181.212.42.153 - - [26/Mar/2024:09:38:39 -0300] "POST /cormun/servlet/solicitudot?gx-no-cache=1711456535689 HTTP/1.1" 200 30
190.171.142.10 - - [26/Mar/2024:09:38:44 -0300] "GET /cormun/servlet/trautorizarsolicitud? HTTP/1.1" 200 7319
190.171.142.10 - - [26/Mar/2024:09:38:47 -0300] "GET /cormun/servlet/trsolicitudot? HTTP/1.1" 200 9304
190.171.142.10 - - [26/Mar/2024:09:38:58 -0300] "GET /cormun/servlet/trautorizarsolicitud? HTTP/1.1" 200 7332
