200.54.237.82 - - [26/Mar/2024:09:19:24 -0300] "POST /cormun/servlet/solicitudotadjuntos?1c7d70ea7ae1ee515362c4489cee9aa1,INS,2024,21093,,1,,gx-no-cache=1711455381239 HTTP/1.1" 200 4151
200.54.237.82 - - [26/Mar/2024:09:19:26 -0300] "POST /cormun/servlet/solicitudotadjuntos?gx-no-cache=1711455383066 HTTP/1.1" 200 26
200.54.237.82 - - [26/Mar/2024:09:19:41 -0300] "GET /cormun/servlet/solicitudotadjuntos?77cb67c819c479b02cdd6c054c9a0ec5e818798bf5930a75db7225e2626824ca,gx-no-cache=1711455397674 HTTP/1.1" 200 30
200.54.237.82 - - [26/Mar/2024:09:19:41 -0300] "GET /cormun/servlet/solicitudotadjuntos?77cb67c819c479b02cdd6c054c9a0ec5e818798bf5930a75db7225e2626824ca,gx-no-cache=1711455397693 HTTP/1.1" 200 30
200.54.237.82 - - [26/Mar/2024:09:19:41 -0300] "POST /cormun/servlet/solicitudotadjuntos?1c7d70ea7ae1ee515362c4489cee9aa1,INS,2024,21093,,1, HTTP/1.1" 200 116
200.54.237.82 - - [26/Mar/2024:09:19:41 -0300] "GET /cormun/servlet/hpexe_return? HTTP/1.1" 200 1027
200.54.237.82 - - [26/Mar/2024:09:19:41 -0300] "GET /cormun/servlet/trsolicitudadjuntos?2024,21093, HTTP/1.1" 200 10622
200.54.237.82 - - [26/Mar/2024:09:19:45 -0300] "GET /cormun/servlet/trsolicitudot? HTTP/1.1" 200 13495
200.54.237.82 - - [26/Mar/2024:09:19:51 -0300] "POST /cormun/servlet/trsolicitudot?1c7d70ea7ae1ee515362c4489cee9aa1,,gx-no-cache=1711455408084 HTTP/1.1" 200 10575
200.54.237.82 - - [26/Mar/2024:09:19:52 -0300] "GET /cormun/static/Shared/jqueryui/images/ui-bg_highlight-soft_100_c6c2c8_1x100.png HTTP/1.1" 404 1117
200.54.237.82 - - [26/Mar/2024:09:19:52 -0300] "GET /cormun/static/Shared/jqueryui/images/ui-icons_82798d_256x240.png HTTP/1.1" 404 1089
200.54.237.82 - - [26/Mar/2024:09:19:52 -0300] "GET /cormun/static/Shared/jqueryui/images/ui-bg_flat_55_fafafa_40x100.png HTTP/1.1" 404 1097
200.54.237.82 - - [26/Mar/2024:09:19:52 -0300] "GET /cormun/static/Shared/jqueryui/images/ui-icons_8d78a5_256x240.png HTTP/1.1" 404 1089
200.54.237.82 - - [26/Mar/2024:09:19:52 -0300] "POST /cormun/servlet/trsolicitudot?1c7d70ea7ae1ee515362c4489cee9aa1,,gx-no-cache=1711455408418 HTTP/1.1" 200 10515
190.171.142.10 - - [26/Mar/2024:09:19:52 -0300] "POST /cormun/servlet/solicitudot?gx-no-cache=1711455407476 HTTP/1.1" 200 4063
190.171.142.10 - - [26/Mar/2024:09:19:52 -0300] "POST /cormun/servlet/solicitudot?ce2c1e60b33afeb20b87986e57af473a,INS,0,0,false,,gx-no-cache=1711455407601 HTTP/1.1" 200 13111
190.171.142.10 - - [26/Mar/2024:09:19:52 -0300] "GET /cormun/servlet/solicitudot?be891f9fe5a422829deb55df2dea892e7ecdc81c25984c45fcaada4f671f37e4b9087cef05f173eb086e64a8998af931,gx-no-cache=1711455407690 HTTP/1.1" 200 111
190.171.142.10 - - [26/Mar/2024:09:19:52 -0300] "GET /cormun/servlet/solicitudot?be891f9fe5a422829deb55df2dea892edeb52838d3782ab68aba8ba1daa3e4c2,gx-no-cache=1711455407708 HTTP/1.1" 200 94
200.54.237.82 - - [26/Mar/2024:09:20:08 -0300] "GET /cormun/servlet/trautorizarsolicitud? HTTP/1.1" 200 9209
200.54.237.82 - - [26/Mar/2024:09:20:14 -0300] "POST /cormun/servlet/trautorizarsolicitud?1c7d70ea7ae1ee515362c4489cee9aa1,,gx-no-cache=1711455430468 HTTP/1.1" 200 5967
200.54.237.82 - - [26/Mar/2024:09:20:14 -0300] "POST /cormun/servlet/trautorizarsolicitud?1c7d70ea7ae1ee515362c4489cee9aa1,,gx-no-cache=1711455430622 HTTP/1.1" 200 5912
200.54.237.82 - - [26/Mar/2024:09:20:15 -0300] "POST /cormun/servlet/trautorizarsolicitud?1c7d70ea7ae1ee515362c4489cee9aa1,,gx-no-cache=1711455431770 HTTP/1.1" 200 4777
200.54.237.82 - - [26/Mar/2024:09:20:15 -0300] "POST /cormun/servlet/trautorizarsolicitud?1c7d70ea7ae1ee515362c4489cee9aa1,,gx-no-cache=1711455431884 HTTP/1.1" 200 4545
51.159.101.212 - - [26/Mar/2024:09:20:18 -0300] "HEAD / HTTP/1.1" 200 -
51.159.101.212 - - [26/Mar/2024:09:20:21 -0300] "GET / HTTP/1.1" 200 11217
51.159.101.212 - - [26/Mar/2024:09:20:21 -0300] "GET /favicon.ico HTTP/1.1" 200 21630
51.159.101.212 - - [26/Mar/2024:09:20:22 -0300] "GET /ads.txt HTTP/1.1" 404 975
51.159.101.212 - - [26/Mar/2024:09:20:22 -0300] "GET /app-ads.txt HTTP/1.1" 404 983
51.159.101.212 - - [26/Mar/2024:09:20:23 -0300] "GET /sellers.json HTTP/1.1" 404 985
51.159.101.212 - - [26/Mar/2024:09:20:25 -0300] "ü×séé¿d%ñ›¨Ë"’\õÛê9 â`-G­cbÌé q" 400 -
181.212.47.137 - - [26/Mar/2024:09:21:07 -0300] "GET /cormun/servlet/trsolicitudgral? HTTP/1.1" 200 10375
181.212.47.137 - - [26/Mar/2024:09:21:07 -0300] "GET /cormun/servlet/trsolicitudgral? HTTP/1.1" 200 10375
181.212.47.137 - - [26/Mar/2024:09:21:15 -0300] "POST /cormun/servlet/trsolicitudgral?8289079facef3267739b074a3b64e621,,gx-no-cache=1711455473481 HTTP/1.1" 200 7783
181.212.47.137 - - [26/Mar/2024:09:21:17 -0300] "GET /cormun/servlet/vesolicitudgral?2024,20989,, HTTP/1.1" 200 8383
181.212.47.137 - - [26/Mar/2024:09:21:17 -0300] "GET /cormun/pexe_scrolldiv.js HTTP/1.1" 404 1009
181.212.43.89 - - [26/Mar/2024:09:21:35 -0300] "GET /cormun/servlet/hlogin HTTP/1.1" 200 1722
181.212.43.89 - - [26/Mar/2024:09:21:41 -0300] "POST /cormun/servlet/hlogin?e5b19473d3cc3697a89f5a3f4b9c25dd,gx-no-cache=1711455516274 HTTP/1.1" 200 90
181.212.43.89 - - [26/Mar/2024:09:21:41 -0300] "GET /cormun/servlet/hpexe_link HTTP/1.1" 200 952
181.212.43.89 - - [26/Mar/2024:09:21:41 -0300] "GET /cormun/servlet/hhome HTTP/1.1" 200 4016
181.212.43.89 - - [26/Mar/2024:09:21:45 -0300] "GET /cormun/servlet/trsolicitudot? HTTP/1.1" 200 7233
181.212.43.89 - - [26/Mar/2024:09:21:49 -0300] "GET /cormun/servlet/solicitudot?INS,0,0,false, HTTP/1.1" 200 16003
181.212.43.89 - - [26/Mar/2024:09:21:58 -0300] "POST /cormun/servlet/solicitudot?gx-no-cache=1711455533101 HTTP/1.1" 200 4022
181.212.43.89 - - [26/Mar/2024:09:21:58 -0300] "POST /cormun/servlet/solicitudot?e5b19473d3cc3697a89f5a3f4b9c25dd,INS,0,0,false,,gx-no-cache=1711455533234 HTTP/1.1" 200 12591
181.212.43.89 - - [26/Mar/2024:09:22:05 -0300] "GET /cormun/servlet/solicitudot?3f81e613f2240026f1452047c8fd7947d7ad6e75e7e5cdcf86dcfdb5dea9bc38d2f537ea50abecf9651dd50a31b570d5,gx-no-cache=1711455540488 HTTP/1.1" 200 30
190.171.142.10 - - [26/Mar/2024:09:22:34 -0300] "GET /cormun/servlet/solicitudot?be891f9fe5a422829deb55df2dea892e924772464044b7b7dd4ece30e7fa726c523ad5b6885dad77d7547e92d7bd644cb2b7cb4c1271e7e1921e9f132d3b15b3bc02f5f5956af8b57bdc88293f68ccc5,gx-no-cache=1711455569157 HTTP/1.1" 200 30
190.171.142.10 - - [26/Mar/2024:09:22:36 -0300] "GET /cormun/servlet/prbanco?,MD,,gxPopupLevel%3D0%3B HTTP/1.1" 200 6538
190.171.142.10 - - [26/Mar/2024:09:22:41 -0300] "GET /cormun/servlet/solicitudot?be891f9fe5a422829deb55df2dea892e8e9d1e37a139b340ca016eab6f7813fd,gx-no-cache=1711455576173 HTTP/1.1" 200 70
181.212.47.137 - - [26/Mar/2024:09:23:21 -0300] "GET /cormun/servlet/vesolicitudgral?2024,20989,,SolicitudOTAdjuntos HTTP/1.1" 200 10994
181.212.47.137 - - [26/Mar/2024:09:23:21 -0300] "GET /cormun/pexe_scrolldiv.js HTTP/1.1" 404 1009
181.212.47.137 - - [26/Mar/2024:09:23:22 -0300] "POST /cormun/servlet/acontrolpreferencessavestate?None,RRHH+DANIELA,true HTTP/1.1" 200 35
181.212.47.137 - - [26/Mar/2024:09:23:23 -0300] "GET /cormun/PublicTempStorage/afiliacion_afp7038365.pdf HTTP/1.1" 200 74398
181.212.43.89 - - [26/Mar/2024:09:23:41 -0300] "GET /cormun/servlet/prbanco?,MD,,gxPopupLevel%3D0%3B HTTP/1.1" 200 6622
181.212.43.89 - - [26/Mar/2024:09:23:45 -0300] "GET /cormun/servlet/solicitudot?3f81e613f2240026f1452047c8fd7947bff1837004975d3792f0aa002e45d09aff27c679fe39e64b2f613f2be3a2dd71d7b91d07f484b199bdd4ddf8c608faec,gx-no-cache=1711455640303 HTTP/1.1" 200 30
181.212.43.89 - - [26/Mar/2024:09:23:46 -0300] "GET /cormun/servlet/solicitudot?3f81e613f2240026f1452047c8fd7947337537257668bdc61b649f6cf56ced97,gx-no-cache=1711455641370 HTTP/1.1" 200 53
181.212.47.137 - - [26/Mar/2024:09:23:50 -0300] "GET /cormun/servlet/vesolicitudgral?2024,20989,,SolicitudOTAdjuntos HTTP/1.1" 200 10998
181.212.47.137 - - [26/Mar/2024:09:23:51 -0300] "POST /cormun/servlet/acontrolpreferencessavestate?None,RRHH+DANIELA,true HTTP/1.1" 200 35
181.212.47.137 - - [26/Mar/2024:09:23:52 -0300] "GET /cormun/PublicTempStorage/fonasa3974376.pdf HTTP/1.1" 200 71805
181.212.47.137 - - [26/Mar/2024:09:23:58 -0300] "GET /cormun/servlet/vesolicitudgral?2024,20989,,SolicitudOTAdjuntos HTTP/1.1" 200 10995
181.212.47.137 - - [26/Mar/2024:09:23:59 -0300] "POST /cormun/servlet/acontrolpreferencessavestate?None,RRHH+DANIELA,true HTTP/1.1" 200 35
181.212.47.137 - - [26/Mar/2024:09:24:01 -0300] "GET /cormun/PublicTempStorage/c.v.3046479.pdf HTTP/1.1" 200 135240
181.212.47.137 - - [26/Mar/2024:09:24:06 -0300] "GET /cormun/servlet/vesolicitudgral?2024,20989,,SolicitudOTAdjuntos HTTP/1.1" 200 10995
181.212.47.137 - - [26/Mar/2024:09:24:07 -0300] "POST /cormun/servlet/acontrolpreferencessavestate?None,RRHH+DANIELA,true HTTP/1.1" 200 35
181.212.47.137 - - [26/Mar/2024:09:24:07 -0300] "GET /cormun/PublicTempStorage/c.ant1842885.pdf HTTP/1.1" 200 34372
181.212.43.89 - - [26/Mar/2024:09:24:08 -0300] "POST /cormun/servlet/solicitudot?gx-no-cache=1711455663190 HTTP/1.1" 200 297
181.212.43.89 - - [26/Mar/2024:09:24:09 -0300] "GET /cormun/servlet/solicitudot?3f81e613f2240026f1452047c8fd7947ac086bac0d7c20cd52aafb9e4d5a2f6784d8676106bda3d92642506a1521c0a570551470c627372454915e94cebdc846d8b313a6ff4b45a0e8c4106e0130dd27b31ebb76cb79878b2ce8d87d3177c464a282aaa60f4d9360f1393e3d1d13b66e2def7021f31cd48c8589a564dc0b4ba19379bae355de9f0d6112d750f3b27fed528cdca16aafb7ea3a4a294430d78b69962c55dd84ae7ede7e3131e59045c94973b17fe2aaa1d623cea3b80dcf935e19da77c5eefc8c438813870b39da6935a202ac67d85367a56fa73aef05b77d2aebb0fb05a55de45b63e771ecb84bd6ec8c762cd0794b843d9af225dff4b98d17b98d98edabe2e13ceb3276cee6cb989617fff91c6953aeacc6de60ed5ddd74bbf76d001da0612238546d97273e71d2bd89e5d37d5b1ca81da7584fd00af13648425637f86e437d4a953ae3dbe7fa5cd0fa06303151840c3b3512290ac6b33ebf3901eb3304582659372e339e2757dd7d26769b4fa61039ca7bbd8a36fd265d02d60d6dbcf700f56b495b1534d3d044ef37,gx-no-cache=1711455664280 HTTP/1.1" 200 30
181.212.43.89 - - [26/Mar/2024:09:24:11 -0300] "POST /cormun/servlet/solicitudot?gx-no-cache=1711455666803 HTTP/1.1" 200 30
181.212.43.89 - - [26/Mar/2024:09:24:13 -0300] "POST /cormun/servlet/solicitudot?gx-no-cache=1711455668696 HTTP/1.1" 200 1472
181.212.43.89 - - [26/Mar/2024:09:24:13 -0300] "POST /cormun/servlet/solicitudot?gx-no-cache=1711455668724 HTTP/1.1" 200 38
190.171.142.10 - - [26/Mar/2024:09:24:19 -0300] "POST /cormun/servlet/solicitudot?gx-no-cache=1711455674361 HTTP/1.1" 200 255
190.171.142.10 - - [26/Mar/2024:09:24:21 -0300] "GET /cormun/servlet/solicitudot?be891f9fe5a422829deb55df2dea892eb8b87cfcea5df56b69b24f55677ff2624c53c99723edeaf083322cbb06dda076472db81f412adf01cd976ed3e3f654996265ee5ec0f0cb7991d5480864db95112615249e269a2e10f9b389f0df23a1c13372112455066e4ace3ca5911d26cfb6bb06e977a33701860fdc232779e3d525510fe9f61dc4255469b799c414a8e35318accee07db438e716c361495928af1d129cc4a11f3e004a2b8de152d9736cecbf3e74129736e1993ee800bd13324b74e9971391ba5aae935c833a0ebec552ad2da8fc5309a403d2bb79602b5046e3fafc414b7bbb5b1d885eee940643ed9ac538fb02801fe2ba329ea2dc097fec82c85ca0c94a6e553ff9e54a3491da46067cc0bc27e4ff8b51bff08be9110b2a8295976da7d962342d6a4674eafd8f414ad5b59df3961bf621f93a83f53fc22922163e3786b5a76ac3ae82cd7d1a094a5c77ebb339648930ee74f086d1fc6ad3fb99179b1ea3154834542460036c2a18fd38bf27f0b5512cf445453040504b921d5e,gx-no-cache=1711455676528 HTTP/1.1" 200 30
190.171.142.10 - - [26/Mar/2024:09:24:26 -0300] "POST /cormun/servlet/solicitudot?gx-no-cache=1711455681296 HTTP/1.1" 200 30
190.171.153.26 - - [26/Mar/2024:09:24:27 -0300] "GET /cormun/servlet/trpermisosadjuntos?19021489,20240325093337,P, HTTP/1.1" 200 5455
190.171.142.10 - - [26/Mar/2024:09:24:27 -0300] "POST /cormun/servlet/solicitudot?gx-no-cache=1711455682884 HTTP/1.1" 200 1472
190.171.142.10 - - [26/Mar/2024:09:24:27 -0300] "POST /cormun/servlet/solicitudot?gx-no-cache=1711455682912 HTTP/1.1" 200 38
190.171.153.26 - - [26/Mar/2024:09:24:28 -0300] "GET /cormun/servlet/hlogin HTTP/1.1" 200 1766
190.171.153.26 - - [26/Mar/2024:09:24:28 -0300] "GET /cormun/servlet/trpermisosadjuntos?19021489,20240325093337,P, HTTP/1.1" 200 5452
190.171.153.26 - - [26/Mar/2024:09:24:34 -0300] "POST /cormun/servlet/hlogin?b9a815bee743894a66a738e0197bffe6,gx-no-cache=1711455691176 HTTP/1.1" 200 90
190.171.153.26 - - [26/Mar/2024:09:24:34 -0300] "GET /cormun/servlet/hpexe_link HTTP/1.1" 200 985
190.171.153.26 - - [26/Mar/2024:09:24:35 -0300] "GET /cormun/servlet/trpermisosadjuntos?19021489,20240325093337,P, HTTP/1.1" 200 6117
190.171.153.26 - - [26/Mar/2024:09:24:35 -0300] "GET /cormun/servlet/trpermisosadjuntos?19021489,20240325093337,P, HTTP/1.1" 200 6115
190.171.142.10 - - [26/Mar/2024:09:24:37 -0300] "GET /cormun/servlet/solicitudot?be891f9fe5a422829deb55df2dea892ec7637db56c20bae73e0f9b2703f9a02fb2302843f85d0caf9f56b4d90252d33592e0c487f98ee21c460eb6ab3a53813460623cdab0ca2f6ffeaa60f3b7d98a4cd9ada05323979d603e3a083ba23be60af2bbfaf1a6dd1a30e05b2d7ff58bf2f0,gx-no-cache=1711455692287 HTTP/1.1" 200 110
190.171.153.26 - - [26/Mar/2024:09:24:39 -0300] "GET /cormun/servlet/permisosadjuntos?INS,19021489,P,20240325093337,, HTTP/1.1" 200 5616
190.171.153.26 - - [26/Mar/2024:09:24:39 -0300] "GET /cormun/static/about:blank HTTP/1.1" 404 1011
190.171.153.26 - - [26/Mar/2024:09:24:39 -0300] "GET /cormun/servlet/permisosadjuntos?INS,19021489,P,20240325093337,, HTTP/1.1" 200 5606
181.212.47.137 - - [26/Mar/2024:09:24:45 -0300] "GET /cormun/servlet/vesolicitudgral?2024,20989,,SolicitudOTAdjuntos HTTP/1.1" 200 10998
190.171.142.10 - - [26/Mar/2024:09:24:46 -0300] "POST /cormun/servlet/solicitudot?gx-no-cache=1711455701141 HTTP/1.1" 200 97
181.212.47.137 - - [26/Mar/2024:09:24:46 -0300] "POST /cormun/servlet/acontrolpreferencessavestate?None,RRHH+DANIELA,true HTTP/1.1" 200 35
181.212.47.137 - - [26/Mar/2024:09:24:47 -0300] "GET /cormun/servlet/vesolicitudgral?2024,20989,,General HTTP/1.1" 200 8389
181.212.47.137 - - [26/Mar/2024:09:24:47 -0300] "GET /cormun/pexe_scrolldiv.js HTTP/1.1" 404 1009
181.212.43.89 - - [26/Mar/2024:09:24:53 -0300] "GET /cormun/servlet/solicitudot?3f81e613f2240026f1452047c8fd794773b7fc33f9eb66a24027c15373c5d23d9bfebd9e5405e7ce2611bc8139eb7d91b45205c12e7d88560db0d124eb0e085901a635c3f0809a43d4a0a0f4430a4c3892309f8c82deca2f140037a46a17d808f869f05c291a163355175f88944bc193,gx-no-cache=1711455707974 HTTP/1.1" 200 110
190.171.142.10 - - [26/Mar/2024:09:25:01 -0300] "GET /cormun/servlet/solicitudot?be891f9fe5a422829deb55df2dea892ed61bcb32b962df645c15a68cb0d723469c2ac3c8641fe23df873b530bf57903bdfccb224ba51b709ec7a0342443421f2a8701ca0fabad0731b5f9a4a60822bfccfd77374c0343681a358fcf41346e594c74b2121980eb1c480fc5454b3decdec,gx-no-cache=1711455716568 HTTP/1.1" 200 29
200.54.100.179 - - [26/Mar/2024:09:25:08 -0300] "WS7\Jþ!®ldž¾Ú.…|dh)1™æ±ÄÚIÓ`ù¿ y-Ô|HQµm"x^iËi¬,€‘ŠscX‹1~î jjÀ+À/À,À0̨̩ÀÀœ/5ꪪ  +êê-Dih2#þ" 400 -
200.54.100.179 - - [26/Mar/2024:09:25:08 -0300] "73îI#š©Å¹`†-ð%hA,¤>åö¦XvÄ÷Õ7à ca4àa¸ ’ " 400 -
190.171.142.10 - - [26/Mar/2024:09:25:08 -0300] "GET /cormun/servlet/solicitudot?be891f9fe5a422829deb55df2dea892e8165053059d3a3cbaad9fc2a7d9a6405310b13425549697b8909fb28762ea0e8,gx-no-cache=1711455723554 HTTP/1.1" 200 30
200.54.100.179 - - [26/Mar/2024:09:25:08 -0300] "GET /cormun/servlet/hlogin HTTP/1.1" 200 1721
200.54.100.179 - - [26/Mar/2024:09:25:08 -0300] "GET /cormun/static/gxtimezone.js?85251 HTTP/1.1" 200 5781
200.54.100.179 - - [26/Mar/2024:09:25:08 -0300] "GET /cormun/static/gxcfg.js?2022112219184450 HTTP/1.1" 200 953
200.54.100.179 - - [26/Mar/2024:09:25:08 -0300] "GET /cormun/static/Resources/CormunLogin.png HTTP/1.1" 200 19132
200.54.100.179 - - [26/Mar/2024:09:25:08 -0300] "GET /cormun/static/messages.spa.js?85251 HTTP/1.1" 200 30736
200.54.100.179 - - [26/Mar/2024:09:25:08 -0300] "GET /cormun/static/hlogin.js?2022112219184458 HTTP/1.1" 200 2156
200.54.100.179 - - [26/Mar/2024:09:25:08 -0300] "GET /cormun/static/Resources/Spanish/PXTools.css?1759030 HTTP/1.1" 200 100853
181.212.43.89 - - [26/Mar/2024:09:25:08 -0300] "POST /cormun/servlet/solicitudot?gx-no-cache=1711455723567 HTTP/1.1" 200 79
200.54.100.179 - - [26/Mar/2024:09:25:08 -0300] "GET /cormun/static/gxgral.js?85251 HTTP/1.1" 200 384558
200.54.100.179 - - [26/Mar/2024:09:25:08 -0300] "GET /cormun/static/Resources/PXToolsLoginBackground.png HTTP/1.1" 200 1164
200.54.100.179 - - [26/Mar/2024:09:25:08 -0300] "GET /cormun/static/Resources/PXToolsLoginTop.png HTTP/1.1" 200 1337
200.54.100.179 - - [26/Mar/2024:09:25:08 -0300] "GET /cormun/static/Resources/PXToolsLoginBottom.png HTTP/1.1" 200 1389
200.54.100.179 - - [26/Mar/2024:09:25:08 -0300] "GET /cormun/static/Resources/PXToolsButtonRight.png HTTP/1.1" 200 1294
200.54.100.179 - - [26/Mar/2024:09:25:08 -0300] "GET /cormun/static/Resources/PXToolsButtonBackground.png HTTP/1.1" 200 1176
200.54.100.179 - - [26/Mar/2024:09:25:08 -0300] "GET /cormun/static/Resources/PXToolsButtonLeft.png HTTP/1.1" 200 1310
200.54.100.179 - - [26/Mar/2024:09:25:08 -0300] "GET /cormun/static/Resources/indicator.gif HTTP/1.1" 200 1553
200.54.100.179 - - [26/Mar/2024:09:25:08 -0300] "GET /cormun/servlet/hlogin HTTP/1.1" 200 1731
200.54.100.179 - - [26/Mar/2024:09:25:08 -0300] "GET /favicon.ico HTTP/1.1" 200 21630
190.171.142.10 - - [26/Mar/2024:09:25:17 -0300] "POST /cormun/servlet/solicitudot?gx-no-cache=1711455732480 HTTP/1.1" 200 30
190.171.153.26 - - [26/Mar/2024:09:25:25 -0300] "POST /cormun/servlet/permisosadjuntos?b9a815bee743894a66a738e0197bffe6,INS,19021489,P,20240325093337,, HTTP/1.1" 200 116
190.171.153.26 - - [26/Mar/2024:09:25:25 -0300] "GET /cormun/servlet/hpexe_return? HTTP/1.1" 200 1040
190.171.153.26 - - [26/Mar/2024:09:25:25 -0300] "GET /cormun/servlet/trpermisosadjuntos?19021489,20240325093337,P, HTTP/1.1" 200 6650
190.171.153.26 - - [26/Mar/2024:09:25:26 -0300] "GET /cormun/servlet/trpermisosadjuntos?19021489,20240325093337,P, HTTP/1.1" 200 6649
200.54.100.179 - - [26/Mar/2024:09:25:27 -0300] "POST /cormun/servlet/hlogin?0f5591734a6c323fe39dcfd607dd7c8d,gx-no-cache=1711455743626 HTTP/1.1" 200 442
190.171.153.26 - - [26/Mar/2024:09:25:32 -0300] "GET /cormun/servlet/trpermisosgoce? HTTP/1.1" 200 10242
190.171.153.26 - - [26/Mar/2024:09:25:32 -0300] "GET /cormun/servlet/trpermisosgoce? HTTP/1.1" 200 10232
190.171.142.10 - - [26/Mar/2024:09:25:39 -0300] "POST /cormun/servlet/solicitudot?gx-no-cache=1711455754514 HTTP/1.1" 200 297
200.54.100.179 - - [26/Mar/2024:09:25:41 -0300] "POST /cormun/servlet/hlogin?0f5591734a6c323fe39dcfd607dd7c8d,gx-no-cache=1711455757674 HTTP/1.1" 200 90
200.54.100.179 - - [26/Mar/2024:09:25:41 -0300] "GET /cormun/servlet/hpexe_link HTTP/1.1" 200 949
200.54.100.179 - - [26/Mar/2024:09:25:41 -0300] "GET /cormun/static/gxcfg.js?20221129847421 HTTP/1.1" 200 953
200.54.100.179 - - [26/Mar/2024:09:25:41 -0300] "GET /cormun/static/hpexe_link.js?20221129847423 HTTP/1.1" 200 625
200.54.100.179 - - [26/Mar/2024:09:25:41 -0300] "GET /cormun/static/Resources/Spanish/PXTools.css?8354383 HTTP/1.1" 200 100853
200.54.100.179 - - [26/Mar/2024:09:25:41 -0300] "GET /cormun/servlet/hhome HTTP/1.1" 200 4322
200.54.100.179 - - [26/Mar/2024:09:25:41 -0300] "GET /cormun/static/SmoothNavMenu/resources/ddsmoothmenu.css?1112540 HTTP/1.1" 200 2223
200.54.100.179 - - [26/Mar/2024:09:25:41 -0300] "GET /cormun/static/SmoothNavMenu/resources/ddsmoothmenu-v.css?1112540 HTTP/1.1" 200 1188
200.54.100.179 - - [26/Mar/2024:09:25:41 -0300] "GET /cormun/static/Resources/Spanish/PXTools.css?14345360 HTTP/1.1" 200 100853
200.54.100.179 - - [26/Mar/2024:09:25:41 -0300] "GET /cormun/static/scaMessage/css/jquery.pnotify.default.css?1816380 HTTP/1.1" 200 1707
200.54.100.179 - - [26/Mar/2024:09:25:41 -0300] "GET /cormun/static/Shared/jqueryui/jquery-ui.min.css?1345370 HTTP/1.1" 200 30288
200.54.100.179 - - [26/Mar/2024:09:25:41 -0300] "GET /cormun/static/gxcfg.js?20201215495537 HTTP/1.1" 200 953
200.54.100.179 - - [26/Mar/2024:09:25:41 -0300] "GET /cormun/static/PXToolsJavascripts/pexe_autoreload.js HTTP/1.1" 200 1762
200.54.100.179 - - [26/Mar/2024:09:25:42 -0300] "GET /cormun/static/PXToolsJavascripts/pexe_cookies.js HTTP/1.1" 200 792
200.54.100.179 - - [26/Mar/2024:09:25:42 -0300] "GET /cormun/static/PXToolsJavascripts/pexe_windows.js HTTP/1.1" 200 15249
200.54.100.179 - - [26/Mar/2024:09:25:42 -0300] "GET /cormun/static/PXToolsJavascripts/pexe_link.js HTTP/1.1" 200 5671
200.54.100.179 - - [26/Mar/2024:09:25:42 -0300] "GET /cormun/static/PXToolsJavascripts/pexe_menudivfix.js HTTP/1.1" 200 333
200.54.100.179 - - [26/Mar/2024:09:25:42 -0300] "GET /cormun/static/PXToolsJavascripts/pexe_grid.js HTTP/1.1" 200 7559
200.54.100.179 - - [26/Mar/2024:09:25:42 -0300] "GET /cormun/static/PXToolsJavascripts/pexe_griddivfix.js HTTP/1.1" 200 6946
200.54.100.179 - - [26/Mar/2024:09:25:42 -0300] "GET /cormun/static/PXToolsJavascripts/pexe_menus.js HTTP/1.1" 200 1286
200.54.100.179 - - [26/Mar/2024:09:25:42 -0300] "GET /cormun/static/PXToolsJavascripts/pexe_layers.js HTTP/1.1" 200 4114
200.54.100.179 - - [26/Mar/2024:09:25:42 -0300] "GET /cormun/static/PXToolsJavascripts/pexe_oav.js HTTP/1.1" 200 645
200.54.100.179 - - [26/Mar/2024:09:25:42 -0300] "GET /cormun/static/PXToolsJavascripts/pexe_oavdivfix.js HTTP/1.1" 200 639
200.54.100.179 - - [26/Mar/2024:09:25:42 -0300] "GET /cormun/static/PXToolsJavascripts/pexe_picture.js HTTP/1.1" 200 689
200.54.100.179 - - [26/Mar/2024:09:25:42 -0300] "GET /cormun/static/PXToolsJavascripts/pexe_scrolldiv.js HTTP/1.1" 200 4138
200.54.100.179 - - [26/Mar/2024:09:25:42 -0300] "GET /cormun/static/PXToolsJavascripts/pexe_popup.js HTTP/1.1" 200 15149
200.54.100.179 - - [26/Mar/2024:09:25:42 -0300] "GET /cormun/static/PXToolsJavascripts/pexe_tabs.js HTTP/1.1" 200 3748
200.54.100.179 - - [26/Mar/2024:09:25:42 -0300] "GET /cormun/static/PXToolsJavascripts/pexe_tabdivfix.js HTTP/1.1" 200 898
200.54.100.179 - - [26/Mar/2024:09:25:42 -0300] "GET /cormun/static/PXToolsJavascripts/pexe_upload.js HTTP/1.1" 200 1423
200.54.100.179 - - [26/Mar/2024:09:25:42 -0300] "GET /cormun/static/PXToolsJavascripts/PXToolsJavascriptsRender.js HTTP/1.1" 200 367
200.54.100.179 - - [26/Mar/2024:09:25:42 -0300] "GET /cormun/static/Resources/ImgHome.png HTTP/1.1" 200 1364
200.54.100.179 - - [26/Mar/2024:09:25:42 -0300] "GET /cormun/static/Resources/CormunMP2.png HTTP/1.1" 200 6878
200.54.100.179 - - [26/Mar/2024:09:25:42 -0300] "GET /cormun/static/Resources/Llave.png HTTP/1.1" 200 1395
200.54.100.179 - - [26/Mar/2024:09:25:42 -0300] "GET /cormun/static/RunJS/RunJS.js HTTP/1.1" 200 288
200.54.100.179 - - [26/Mar/2024:09:25:42 -0300] "GET /cormun/static/Resources/ImgLogin.png HTTP/1.1" 200 1432
200.54.100.179 - - [26/Mar/2024:09:25:42 -0300] "GET /cormun/static/Resources/PXToolsDataTitle.png HTTP/1.1" 200 1173
200.54.100.179 - - [26/Mar/2024:09:25:42 -0300] "GET /cormun/static/hhome.js?20201215495544 HTTP/1.1" 200 777
200.54.100.179 - - [26/Mar/2024:09:25:42 -0300] "GET /cormun/static/Shared/ext/locale/ext-lang-en.js HTTP/1.1" 200 10940
200.54.100.179 - - [26/Mar/2024:09:25:42 -0300] "GET /cormun/static/hwchdr01.js?2022112219251119 HTTP/1.1" 200 996
200.54.100.179 - - [26/Mar/2024:09:25:42 -0300] "GET /cormun/static/hpexe_recentlink.js?20201214471090 HTTP/1.1" 200 2144
200.54.100.179 - - [26/Mar/2024:09:25:42 -0300] "GET /cormun/static/hpexe_scripts.js?20201214471411 HTTP/1.1" 200 1544
200.54.100.179 - - [26/Mar/2024:09:25:42 -0300] "GET /cormun/static/hpexe_messagepopupcomponent.js?2020121447232 HTTP/1.1" 200 605
200.54.100.179 - - [26/Mar/2024:09:25:42 -0300] "GET /cormun/static/gxui/gxui-all.js HTTP/1.1" 200 107772
200.54.100.179 - - [26/Mar/2024:09:25:42 -0300] "GET /cormun/static/hpexe_messagegenexuscomponent.js?20221129836373 HTTP/1.1" 200 587
200.54.100.179 - - [26/Mar/2024:09:25:42 -0300] "GET /cormun/static/cmcontrolpreferences.js?20199141926336 HTTP/1.1" 200 1375
200.54.100.179 - - [26/Mar/2024:09:25:42 -0300] "GET /cormun/static/hpexe_messagecontroller.js?202211298371222 HTTP/1.1" 200 870
200.54.100.179 - - [26/Mar/2024:09:25:42 -0300] "GET /cormun/static/SmoothNavMenu/resources/ddsmoothmenu.js HTTP/1.1" 200 12712
200.54.100.179 - - [26/Mar/2024:09:25:42 -0300] "GET /cormun/static/SmoothNavMenu/resources/SmoothNavMenuRender.js HTTP/1.1" 200 5951
200.54.100.179 - - [26/Mar/2024:09:25:42 -0300] "GET /cormun/static/scaMessage/js/jquery.pnotify.min.js HTTP/1.1" 200 13038
200.54.100.179 - - [26/Mar/2024:09:25:42 -0300] "GET /cormun/static/scaMessage/scaMessageRender.js HTTP/1.1" 200 11977
200.54.100.179 - - [26/Mar/2024:09:25:42 -0300] "GET /cormun/static/Shared/jquery/jquery-1.4.2.min.js HTTP/1.1" 200 72174
200.54.100.179 - - [26/Mar/2024:09:25:42 -0300] "GET /cormun/static/Shared/jquery/jquery-1.10.2.min.js HTTP/1.1" 200 273199
200.54.100.179 - - [26/Mar/2024:09:25:42 -0300] "GET /cormun/static/hmpwkw03.js?20221129844354 HTTP/1.1" 200 3971
200.54.100.179 - - [26/Mar/2024:09:25:42 -0300] "GET /cormun/static/Shared/jqueryui/jquery-ui.min.js HTTP/1.1" 200 240427
200.54.100.179 - - [26/Mar/2024:09:25:42 -0300] "GET /cormun/static/Shared/ext/ext-all.js HTTP/1.1" 200 1289687
200.54.100.179 - - [26/Mar/2024:09:25:42 -0300] "GET /cormun/static/SmoothNavMenu/resources/images/right.gif HTTP/1.1" 200 860
200.54.100.179 - - [26/Mar/2024:09:25:42 -0300] "GET /cormun/static/SmoothNavMenu/resources/images/down.gif HTTP/1.1" 200 854
190.171.153.26 - - [26/Mar/2024:09:25:44 -0300] "POST /cormun/servlet/trpermisosgoce?b9a815bee743894a66a738e0197bffe6,,gx-no-cache=1711455760964 HTTP/1.1" 200 7594
190.171.153.26 - - [26/Mar/2024:09:25:44 -0300] "GET /cormun/static/Shared/jqueryui/images/ui-bg_highlight-soft_100_c6c2c8_1x100.png HTTP/1.1" 404 1117
190.171.153.26 - - [26/Mar/2024:09:25:44 -0300] "GET /cormun/static/Shared/jqueryui/images/ui-icons_82798d_256x240.png HTTP/1.1" 404 1089
190.171.153.26 - - [26/Mar/2024:09:25:44 -0300] "GET /cormun/static/Shared/jqueryui/images/ui-bg_flat_55_fafafa_40x100.png HTTP/1.1" 404 1097
190.171.153.26 - - [26/Mar/2024:09:25:44 -0300] "GET /cormun/static/Shared/jqueryui/images/ui-icons_8d78a5_256x240.png HTTP/1.1" 404 1089
190.171.142.10 - - [26/Mar/2024:09:25:45 -0300] "GET /cormun/servlet/solicitudot?be891f9fe5a422829deb55df2dea892eb8b87cfcea5df56b69b24f55677ff262987140e22d5ecfd2fe7adc1fc8b75c35472db81f412adf01cd976ed3e3f654996265ee5ec0f0cb7991d5480864db95112615249e269a2e10f9b389f0df23a1c13372112455066e4ace3ca5911d26cfb6bb06e977a33701860fdc232779e3d525510fe9f61dc4255469b799c414a8e35318accee07db438e716c361495928af1d129cc4a11f3e004a2b8de152d9736cecbf3e74129736e1993ee800bd13324b74e9971391ba5aae935c833a0ebec552ad2da8fc5309a403d2bb79602b5046e3fafc414b7bbb5b1d885eee940643ed9ac550a3fcce9cbb357d1ab6d0ec65d936065ca0c94a6e553ff9e54a3491da46067c195a35b3abddb9d125217c9a653dc4c6663f5c1ecf64b037fcb866ad9c02453b5c67add5252c2b3c78160add9357b52830bff80bd3c31d5a3bc33f6544630f9cc6776b67e9eeb644a1b0be1d6048ba3affc0c33794fdce115a7df25d9f2e683a8698bcf956ca8b389cd8c25ed72b52efd31029b9795658638dcba9add5dd2c2d,gx-no-cache=1711455760073 HTTP/1.1" 200 30
190.171.153.26 - - [26/Mar/2024:09:25:50 -0300] "GET /cormun/servlet/trpermisosadjuntos?13098789,20240325093432,P, HTTP/1.1" 200 6108
190.171.153.26 - - [26/Mar/2024:09:25:50 -0300] "GET /cormun/servlet/trpermisosadjuntos?13098789,20240325093432,P, HTTP/1.1" 200 6109
181.212.43.89 - - [26/Mar/2024:09:25:51 -0300] "GET /cormun/servlet/solicitudot?3f81e613f2240026f1452047c8fd79479ff61c154c6a725bfaf3b6aa69840e820aa28f40c872a19777f8243381b590e596e9e80d191a9c34559f16fcd6d1e37fc9f8694f993eeba8801c0b5a6b9ce0bd7ff477412d55cd0212e268cd848c08e788f10f756546ec55eabf7e7dc0835806,gx-no-cache=1711455766855 HTTP/1.1" 200 29
181.212.43.89 - - [26/Mar/2024:09:25:52 -0300] "GET /cormun/static/menuarrow.gif HTTP/1.1" 404 1015
190.171.153.26 - - [26/Mar/2024:09:25:52 -0300] "GET /cormun/servlet/permisosadjuntos?INS,13098789,P,20240325093432,, HTTP/1.1" 200 5610
190.171.153.26 - - [26/Mar/2024:09:25:52 -0300] "GET /cormun/static/about:blank HTTP/1.1" 404 1011
190.171.153.26 - - [26/Mar/2024:09:25:52 -0300] "GET /cormun/servlet/permisosadjuntos?INS,13098789,P,20240325093432,, HTTP/1.1" 200 5600
181.212.43.89 - - [26/Mar/2024:09:26:02 -0300] "GET /cormun/servlet/solicitudot?3f81e613f2240026f1452047c8fd7947a1a58134921d995ffabe5987a513e3beafc9e7d4a6f0d71afc84a9f353979b13,gx-no-cache=1711455776916 HTTP/1.1" 200 30
190.171.153.26 - - [26/Mar/2024:09:26:04 -0300] "POST /cormun/servlet/permisosadjuntos?b9a815bee743894a66a738e0197bffe6,INS,13098789,P,20240325093432,, HTTP/1.1" 200 116
190.171.153.26 - - [26/Mar/2024:09:26:04 -0300] "GET /cormun/servlet/hpexe_return? HTTP/1.1" 200 1040
190.171.153.26 - - [26/Mar/2024:09:26:04 -0300] "GET /cormun/servlet/trpermisosadjuntos?13098789,20240325093432,P, HTTP/1.1" 200 6644
190.171.153.26 - - [26/Mar/2024:09:26:05 -0300] "GET /cormun/servlet/trpermisosadjuntos?13098789,20240325093432,P, HTTP/1.1" 200 6642
190.171.153.26 - - [26/Mar/2024:09:26:07 -0300] "GET /cormun/servlet/trpermisosgoce? HTTP/1.1" 200 10246
190.171.153.26 - - [26/Mar/2024:09:26:07 -0300] "GET /cormun/servlet/trpermisosgoce? HTTP/1.1" 200 10233
181.212.43.89 - - [26/Mar/2024:09:26:08 -0300] "POST /cormun/servlet/solicitudot?gx-no-cache=1711455783424 HTTP/1.1" 200 30
190.171.153.26 - - [26/Mar/2024:09:26:12 -0300] "POST /cormun/servlet/trpermisosgoce?b9a815bee743894a66a738e0197bffe6,,gx-no-cache=1711455788835 HTTP/1.1" 200 7590
190.171.153.26 - - [26/Mar/2024:09:26:12 -0300] "GET /cormun/static/Shared/jqueryui/images/ui-bg_highlight-soft_100_c6c2c8_1x100.png HTTP/1.1" 404 1117
190.171.153.26 - - [26/Mar/2024:09:26:12 -0300] "GET /cormun/static/Shared/jqueryui/images/ui-icons_82798d_256x240.png HTTP/1.1" 404 1089
190.171.153.26 - - [26/Mar/2024:09:26:12 -0300] "GET /cormun/static/Shared/jqueryui/images/ui-bg_flat_55_fafafa_40x100.png HTTP/1.1" 404 1097
190.171.153.26 - - [26/Mar/2024:09:26:12 -0300] "GET /cormun/static/Shared/jqueryui/images/ui-icons_8d78a5_256x240.png HTTP/1.1" 404 1089
181.212.43.89 - - [26/Mar/2024:09:26:14 -0300] "POST /cormun/servlet/solicitudot?e5b19473d3cc3697a89f5a3f4b9c25dd,INS,0,0,false,,gx-no-cache=1711455788438 HTTP/1.1" 200 93
181.212.43.89 - - [26/Mar/2024:09:26:14 -0300] "GET /cormun/servlet/hpexe_return? HTTP/1.1" 200 1010
181.212.43.89 - - [26/Mar/2024:09:26:14 -0300] "GET /cormun/servlet/trsolicitudot HTTP/1.1" 200 8653
200.54.100.179 - - [26/Mar/2024:09:26:20 -0300] "GET /cormun/servlet/trcontratounov2? HTTP/1.1" 200 16814
200.54.100.179 - - [26/Mar/2024:09:26:20 -0300] "GET /cormun/static/gxui/gxui-all.css?120300 HTTP/1.1" 200 2179
200.54.100.179 - - [26/Mar/2024:09:26:21 -0300] "GET /cormun/static/calendar-system.css?85620 HTTP/1.1" 200 5572
200.54.100.179 - - [26/Mar/2024:09:26:21 -0300] "GET /cormun/static/gxcfg.js?2020121614367 HTTP/1.1" 200 953
200.54.100.179 - - [26/Mar/2024:09:26:21 -0300] "GET /cormun/static/calendar-es.js?85251 HTTP/1.1" 200 1901
200.54.100.179 - - [26/Mar/2024:09:26:21 -0300] "GET /cormun/static/calendar-setup.js?85251 HTTP/1.1" 200 2588
200.54.100.179 - - [26/Mar/2024:09:26:21 -0300] "GET /cormun/static/calendar.js?85251 HTTP/1.1" 200 26246
200.54.100.179 - - [26/Mar/2024:09:26:21 -0300] "GET /cormun/static/Resources/PXToolsDataSearch.png HTTP/1.1" 200 435
200.54.100.179 - - [26/Mar/2024:09:26:21 -0300] "GET /cormun/static/gxdec.js?85251 HTTP/1.1" 200 19579
200.54.100.179 - - [26/Mar/2024:09:26:21 -0300] "GET /cormun/static/trcontratounov2.js?20201216143065 HTTP/1.1" 200 38486
200.54.100.179 - - [26/Mar/2024:09:26:21 -0300] "GET /cormun/static/Shared/ext/resources/css/ext-all.css?215870 HTTP/1.1" 200 416045
200.54.100.179 - - [26/Mar/2024:09:26:21 -0300] "GET /cormun/static/Resources/PXToolsGridFirstDisabled.gif HTTP/1.1" 200 100
200.54.100.179 - - [26/Mar/2024:09:26:21 -0300] "GET /cormun/static/Resources/PXToolsGridPreviousDisabled.gif HTTP/1.1" 200 90
200.54.100.179 - - [26/Mar/2024:09:26:21 -0300] "GET /cormun/static/Resources/PXToolsGridNextDisabled.gif HTTP/1.1" 200 90
200.54.100.179 - - [26/Mar/2024:09:26:21 -0300] "GET /cormun/static/Resources/PXToolsActionExcel.png HTTP/1.1" 200 727
200.54.100.179 - - [26/Mar/2024:09:26:21 -0300] "GET /cormun/static/Resources/PXToolsAddAllAction.png HTTP/1.1" 200 495
200.54.100.179 - - [26/Mar/2024:09:26:21 -0300] "GET /cormun/static/Resources/PXToolsGridLastDisabled.gif HTTP/1.1" 200 98
200.54.100.179 - - [26/Mar/2024:09:26:21 -0300] "GET /cormun/static/Resources/PXToolsGridPage.gif HTTP/1.1" 200 725
200.54.100.179 - - [26/Mar/2024:09:26:21 -0300] "GET /cormun/static/Resources/PXToolsAddSelectedAction.png HTTP/1.1" 200 523
200.54.100.179 - - [26/Mar/2024:09:26:21 -0300] "GET /cormun/static/Resources/asc.gif HTTP/1.1" 200 67
200.54.100.179 - - [26/Mar/2024:09:26:21 -0300] "GET /cormun/static/Resources/desc.gif HTTP/1.1" 200 65
200.54.100.179 - - [26/Mar/2024:09:26:21 -0300] "GET /cormun//static/Resources/PXToolsActionDisabled.gif HTTP/1.1" 200 53
200.54.100.179 - - [26/Mar/2024:09:26:21 -0300] "GET /cormun/static/Shared/ext/resources/themes/images/default/tools/tool-sprites.gif HTTP/1.1" 200 5434
200.54.100.179 - - [26/Mar/2024:09:26:21 -0300] "GET /cormun/static/Shared/ext/resources/themes/images/default/panel/bg-headersPanel.png HTTP/1.1" 200 255
181.212.47.137 - - [26/Mar/2024:09:26:35 -0300] "GET /cormun/servlet/trsolicitudgral? HTTP/1.1" 200 10486
190.171.153.26 - - [26/Mar/2024:09:26:55 -0300] "GET /cormun/servlet/trpermisosadjuntos?18647449,20240325134531,P, HTTP/1.1" 200 6109
190.171.153.26 - - [26/Mar/2024:09:26:56 -0300] "GET /cormun/servlet/trpermisosadjuntos?18647449,20240325134531,P, HTTP/1.1" 200 6109
190.171.153.26 - - [26/Mar/2024:09:26:59 -0300] "GET /cormun/servlet/permisosadjuntos?INS,18647449,P,20240325134531,, HTTP/1.1" 200 5612
190.171.153.26 - - [26/Mar/2024:09:26:59 -0300] "GET /cormun/static/about:blank HTTP/1.1" 404 1011
190.171.153.26 - - [26/Mar/2024:09:26:59 -0300] "GET /cormun/servlet/permisosadjuntos?INS,18647449,P,20240325134531,, HTTP/1.1" 200 5602
190.171.142.10 - - [26/Mar/2024:09:26:59 -0300] "POST /cormun/servlet/solicitudot?gx-no-cache=1711455834648 HTTP/1.1" 200 4116
190.171.142.10 - - [26/Mar/2024:09:26:59 -0300] "POST /cormun/servlet/solicitudot?ce2c1e60b33afeb20b87986e57af473a,INS,0,0,false,,gx-no-cache=1711455834763 HTTP/1.1" 200 13318
190.171.142.10 - - [26/Mar/2024:09:27:04 -0300] "GET /cormun/servlet/solicitudot?be891f9fe5a422829deb55df2dea892e9a7996788d147ea5c77dde931a394f6bd548bb2e757cdb17b3cd645e5caaf8b7,gx-no-cache=1711455839277 HTTP/1.1" 200 30
190.171.142.10 - - [26/Mar/2024:09:27:04 -0300] "GET /cormun/servlet/solicitudot?be891f9fe5a422829deb55df2dea892e924772464044b7b7dd4ece30e7fa726c523ad5b6885dad77d7547e92d7bd644cb2b7cb4c1271e7e1921e9f132d3b15b3f789cea1779283a59cdd55a3fdf27f17,gx-no-cache=1711455839301 HTTP/1.1" 200 30
190.171.142.10 - - [26/Mar/2024:09:27:04 -0300] "GET /cormun/servlet/solicitudot?be891f9fe5a422829deb55df2dea892ee3cdb988d93aec56d9407d393742f8bbe0b36ccc063a9c30d4288d7bc37a4127080fc33fa61740bb723a426c14af68a28d80091dfa42a07f059a9990448bf36e02c4d1c24e887768c1e7a2010d3984af,gx-no-cache=1711455839325 HTTP/1.1" 200 70
190.171.142.10 - - [26/Mar/2024:09:27:04 -0300] "POST /cormun/servlet/solicitudot?gx-no-cache=1711455839382 HTTP/1.1" 200 297
190.171.142.10 - - [26/Mar/2024:09:27:04 -0300] "GET /cormun/servlet/solicitudot?be891f9fe5a422829deb55df2dea892eb8b87cfcea5df56b69b24f55677ff262987140e22d5ecfd2fe7adc1fc8b75c35472db81f412adf01cd976ed3e3f654996265ee5ec0f0cb7991d5480864db95112615249e269a2e10f9b389f0df23a1c13372112455066e4ace3ca5911d26cfb6bb06e977a33701860fdc232779e3d525510fe9f61dc4255469b799c414a8e35318accee07db438e716c361495928af1d129cc4a11f3e004a2b8de152d9736cecbf3e74129736e1993ee800bd13324b74e9971391ba5aae935c833a0ebec552ad2da8fc5309a403d2bb79602b5046e3fafc414b7bbb5b1d885eee940643ed9ac550a3fcce9cbb357d1ab6d0ec65d936065ca0c94a6e553ff9e54a3491da46067c195a35b3abddb9d125217c9a653dc4c6663f5c1ecf64b037fcb866ad9c02453b5c67add5252c2b3c78160add9357b52830bff80bd3c31d5a3bc33f6544630f9cc6776b67e9eeb644a1b0be1d6048ba3affc0c33794fdce115a7df25d9f2e683a8698bcf956ca8b389cd8c25ed72b52efd31029b9795658638dcba9add5dd2c2d,gx-no-cache=1711455839401 HTTP/1.1" 200 30
190.171.142.10 - - [26/Mar/2024:09:27:04 -0300] "POST /cormun/servlet/solicitudot?gx-no-cache=1711455839417 HTTP/1.1" 200 30
190.171.142.10 - - [26/Mar/2024:09:27:04 -0300] "POST /cormun/servlet/solicitudot?gx-no-cache=1711455839438 HTTP/1.1" 200 1474
190.171.142.10 - - [26/Mar/2024:09:27:04 -0300] "POST /cormun/servlet/solicitudot?gx-no-cache=1711455839463 HTTP/1.1" 200 41
190.171.142.10 - - [26/Mar/2024:09:27:04 -0300] "GET /cormun/servlet/solicitudot?be891f9fe5a422829deb55df2dea892ec7637db56c20bae73e0f9b2703f9a02fb2302843f85d0caf9f56b4d90252d33592e0c487f98ee21c460eb6ab3a53813460623cdab0ca2f6ffeaa60f3b7d98a4cd9ada05323979d603e3a083ba23be60af2bbfaf1a6dd1a30e05b2d7ff58bf2f0,gx-no-cache=1711455839479 HTTP/1.1" 200 110
190.171.142.10 - - [26/Mar/2024:09:27:04 -0300] "POST /cormun/servlet/solicitudot?gx-no-cache=1711455839497 HTTP/1.1" 200 96
190.171.142.10 - - [26/Mar/2024:09:27:04 -0300] "GET /cormun/servlet/solicitudot?be891f9fe5a422829deb55df2dea892e8165053059d3a3cbaad9fc2a7d9a6405310b13425549697b8909fb28762ea0e8,gx-no-cache=1711455839516 HTTP/1.1" 200 30
190.171.142.10 - - [26/Mar/2024:09:27:04 -0300] "POST /cormun/servlet/solicitudot?gx-no-cache=1711455839532 HTTP/1.1" 200 30
190.171.142.10 - - [26/Mar/2024:09:27:04 -0300] "POST /cormun/servlet/solicitudot?ce2c1e60b33afeb20b87986e57af473a,INS,0,0,false,,gx-no-cache=1711455839550 HTTP/1.1" 200 93
190.171.142.10 - - [26/Mar/2024:09:27:04 -0300] "GET /cormun/servlet/hpexe_return? HTTP/1.1" 200 1013
190.171.142.10 - - [26/Mar/2024:09:27:05 -0300] "GET /cormun/servlet/trsolicitudot HTTP/1.1" 200 9307
190.171.153.26 - - [26/Mar/2024:09:27:09 -0300] "POST /cormun/servlet/permisosadjuntos?b9a815bee743894a66a738e0197bffe6,INS,18647449,P,20240325134531,, HTTP/1.1" 200 116
190.171.153.26 - - [26/Mar/2024:09:27:09 -0300] "GET /cormun/servlet/hpexe_return? HTTP/1.1" 200 1040
190.171.153.26 - - [26/Mar/2024:09:27:09 -0300] "GET /cormun/servlet/trpermisosadjuntos?18647449,20240325134531,P, HTTP/1.1" 200 6656
190.171.153.26 - - [26/Mar/2024:09:27:09 -0300] "GET /cormun/servlet/trpermisosadjuntos?18647449,20240325134531,P, HTTP/1.1" 200 6654
181.212.47.137 - - [26/Mar/2024:09:27:11 -0300] "GET /cormun/servlet/vesolicitudgral?2024,20984,, HTTP/1.1" 200 8399
181.212.47.137 - - [26/Mar/2024:09:27:11 -0300] "GET /cormun/pexe_scrolldiv.js HTTP/1.1" 404 1009
200.54.100.179 - - [26/Mar/2024:09:27:11 -0300] "GET /cormun/servlet/trcargahoraria? HTTP/1.1" 200 6722
200.54.100.179 - - [26/Mar/2024:09:27:12 -0300] "GET /cormun/static/gxcfg.js?202012113392337 HTTP/1.1" 200 953
200.54.100.179 - - [26/Mar/2024:09:27:12 -0300] "GET /cormun/static/trcargahoraria.js?202012113392783 HTTP/1.1" 200 28768
190.171.153.26 - - [26/Mar/2024:09:27:13 -0300] "GET /cormun/servlet/trpermisosgoce? HTTP/1.1" 200 10243
190.171.142.10 - - [26/Mar/2024:09:27:13 -0300] "POST /cormun/servlet/trsolicitudot?ce2c1e60b33afeb20b87986e57af473a,gx-no-cache=1711455848062 HTTP/1.1" 200 107
190.171.142.10 - - [26/Mar/2024:09:27:13 -0300] "GET /cormun/servlet/trsolicitudadjuntos?2024,21095, HTTP/1.1" 200 6320
190.171.153.26 - - [26/Mar/2024:09:27:13 -0300] "GET /cormun/servlet/trpermisosgoce? HTTP/1.1" 200 10229
200.54.100.179 - - [26/Mar/2024:09:27:16 -0300] "GET /cormun/servlet/trreportecargahoraria? HTTP/1.1" 200 6901
200.54.100.179 - - [26/Mar/2024:09:27:16 -0300] "GET /cormun/static/gxcfg.js?202211298504121 HTTP/1.1" 200 953
200.54.100.179 - - [26/Mar/2024:09:27:16 -0300] "GET /cormun/static/trreportecargahoraria.js?20221129850435 HTTP/1.1" 200 29376
190.171.142.10 - - [26/Mar/2024:09:27:17 -0300] "GET /cormun/servlet/trsolicitudot HTTP/1.1" 200 9307
190.171.142.10 - - [26/Mar/2024:09:27:23 -0300] "POST /cormun/servlet/trsolicitudot?ce2c1e60b33afeb20b87986e57af473a,gx-no-cache=1711455858079 HTTP/1.1" 200 107
190.171.142.10 - - [26/Mar/2024:09:27:23 -0300] "GET /cormun/servlet/trsolicitudadjuntos?2024,21095, HTTP/1.1" 200 6320
190.171.153.26 - - [26/Mar/2024:09:27:24 -0300] "POST /cormun/servlet/trpermisosgoce?b9a815bee743894a66a738e0197bffe6,,gx-no-cache=1711455860775 HTTP/1.1" 200 7586
190.171.153.26 - - [26/Mar/2024:09:27:24 -0300] "GET /cormun/static/Shared/jqueryui/images/ui-icons_82798d_256x240.png HTTP/1.1" 404 1089
190.171.153.26 - - [26/Mar/2024:09:27:24 -0300] "GET /cormun/static/Shared/jqueryui/images/ui-bg_highlight-soft_100_c6c2c8_1x100.png HTTP/1.1" 404 1117
190.171.153.26 - - [26/Mar/2024:09:27:24 -0300] "GET /cormun/static/Shared/jqueryui/images/ui-bg_flat_55_fafafa_40x100.png HTTP/1.1" 404 1097
190.171.153.26 - - [26/Mar/2024:09:27:24 -0300] "GET /cormun/static/Shared/jqueryui/images/ui-icons_8d78a5_256x240.png HTTP/1.1" 404 1089
190.171.142.10 - - [26/Mar/2024:09:27:25 -0300] "GET /cormun/servlet/solicitudotadjuntos?INS,2024,21095,,1, HTTP/1.1" 200 6264
190.171.142.10 - - [26/Mar/2024:09:27:25 -0300] "GET /cormun/static/about:blank HTTP/1.1" 404 1011
190.171.142.10 - - [26/Mar/2024:09:27:26 -0300] "GET /cormun/servlet/solicitudotadjuntos?be891f9fe5a422829deb55df2dea892ecec64e0b19e05a990fbab276de31a9e5358cbc4977976efc1bdd0ae677ff9c7e,gx-no-cache=1711455860937 HTTP/1.1" 200 30
190.171.142.10 - - [26/Mar/2024:09:27:26 -0300] "POST /cormun/servlet/solicitudotadjuntos?ce2c1e60b33afeb20b87986e57af473a,INS,2024,21095,,1,,gx-no-cache=1711455860998 HTTP/1.1" 200 4151
190.171.142.10 - - [26/Mar/2024:09:27:28 -0300] "POST /cormun/servlet/solicitudotadjuntos?gx-no-cache=1711455863687 HTTP/1.1" 200 26
200.54.100.179 - - [26/Mar/2024:09:27:31 -0300] "GET /cormun/servlet/trvisualizadoreventos? HTTP/1.1" 200 7101
200.54.100.179 - - [26/Mar/2024:09:27:31 -0300] "GET /cormun/servlet/trvisualizadoreventos? HTTP/1.1" 200 7101
200.54.100.179 - - [26/Mar/2024:09:27:31 -0300] "GET /cormun/servlet/trvisualizadoreventos? HTTP/1.1" 200 7039
200.54.100.179 - - [26/Mar/2024:09:27:31 -0300] "GET /cormun/servlet/trvisualizadoreventos? HTTP/1.1" 200 7101
200.54.100.179 - - [26/Mar/2024:09:27:31 -0300] "GET /cormun/static/Resources/PXTools/calendar.png HTTP/1.1" 200 1306
200.54.100.179 - - [26/Mar/2024:09:27:31 -0300] "GET /cormun/static/gxcfg.js?202211298474834 HTTP/1.1" 200 953
200.54.100.179 - - [26/Mar/2024:09:27:31 -0300] "GET /cormun/static/Resources/PXToolsActionPrint.png HTTP/1.1" 200 404
200.54.100.179 - - [26/Mar/2024:09:27:31 -0300] "GET /cormun/static/trvisualizadoreventos.js?202211298474971 HTTP/1.1" 200 19318
200.54.100.179 - - [26/Mar/2024:09:27:44 -0300] "GET /cormun/servlet/trsolicitudot? HTTP/1.1" 200 7534
200.54.100.179 - - [26/Mar/2024:09:27:44 -0300] "GET /cormun/static/gxcfg.js?20221129846531 HTTP/1.1" 200 953
200.54.100.179 - - [26/Mar/2024:09:27:44 -0300] "GET /cormun/static/trsolicitudot.js?202211298465651 HTTP/1.1" 200 54040
200.54.100.179 - - [26/Mar/2024:09:28:03 -0300] "POST /cormun/servlet/trsolicitudot?0f5591734a6c323fe39dcfd607dd7c8d,,gx-no-cache=1711455899253 HTTP/1.1" 200 4629
190.171.153.26 - - [26/Mar/2024:09:28:04 -0300] "GET /cormun/servlet/trpermisosadjuntos?18647449,20240325134633,P, HTTP/1.1" 200 6109
190.171.153.26 - - [26/Mar/2024:09:28:04 -0300] "GET /cormun/servlet/trpermisosadjuntos?18647449,20240325134633,P, HTTP/1.1" 200 6110
200.54.100.179 - - [26/Mar/2024:09:28:04 -0300] "POST /cormun/servlet/trsolicitudot?0f5591734a6c323fe39dcfd607dd7c8d,,gx-no-cache=1711455900498 HTTP/1.1" 200 4629
190.171.153.26 - - [26/Mar/2024:09:28:06 -0300] "GET /cormun/servlet/permisosadjuntos?INS,18647449,P,20240325134633,, HTTP/1.1" 200 5612
190.171.153.26 - - [26/Mar/2024:09:28:06 -0300] "GET /cormun/static/about:blank HTTP/1.1" 404 1011
190.171.153.26 - - [26/Mar/2024:09:28:06 -0300] "GET /cormun/servlet/permisosadjuntos?INS,18647449,P,20240325134633,, HTTP/1.1" 200 5602
190.171.153.26 - - [26/Mar/2024:09:28:16 -0300] "POST /cormun/servlet/permisosadjuntos?b9a815bee743894a66a738e0197bffe6,INS,18647449,P,20240325134633,, HTTP/1.1" 200 116
190.171.153.26 - - [26/Mar/2024:09:28:16 -0300] "GET /cormun/servlet/hpexe_return? HTTP/1.1" 200 1040
190.171.153.26 - - [26/Mar/2024:09:28:16 -0300] "GET /cormun/servlet/trpermisosadjuntos?18647449,20240325134633,P, HTTP/1.1" 200 6653
190.171.153.26 - - [26/Mar/2024:09:28:16 -0300] "GET /cormun/servlet/trpermisosadjuntos?18647449,20240325134633,P, HTTP/1.1" 200 6649
190.171.153.26 - - [26/Mar/2024:09:28:19 -0300] "GET /cormun/servlet/trpermisosgoce? HTTP/1.1" 200 10235
190.171.153.26 - - [26/Mar/2024:09:28:20 -0300] "GET /cormun/servlet/trpermisosgoce? HTTP/1.1" 200 10223
190.171.142.10 - - [26/Mar/2024:09:28:23 -0300] "GET /cormun/servlet/solicitudotadjuntos?be891f9fe5a422829deb55df2dea892efe41149f809574d3eec6872075baa88b,gx-no-cache=1711455918278 HTTP/1.1" 200 30
190.171.142.10 - - [26/Mar/2024:09:28:23 -0300] "GET /cormun/servlet/solicitudotadjuntos?be891f9fe5a422829deb55df2dea892efe41149f809574d3eec6872075baa88b,gx-no-cache=1711455918300 HTTP/1.1" 200 30
190.171.142.10 - - [26/Mar/2024:09:28:23 -0300] "POST /cormun/servlet/solicitudotadjuntos?ce2c1e60b33afeb20b87986e57af473a,INS,2024,21095,,1, HTTP/1.1" 200 116
190.171.142.10 - - [26/Mar/2024:09:28:23 -0300] "GET /cormun/servlet/hpexe_return? HTTP/1.1" 200 1029
190.171.142.10 - - [26/Mar/2024:09:28:23 -0300] "GET /cormun/servlet/trsolicitudadjuntos?2024,21095, HTTP/1.1" 200 9284
200.54.100.179 - - [26/Mar/2024:09:28:23 -0300] "GET /cormun/servlet/trcontratosolicitud? HTTP/1.1" 200 13695
200.54.100.179 - - [26/Mar/2024:09:28:23 -0300] "GET /cormun/static/gxcfg.js?202211298514361 HTTP/1.1" 200 953
200.54.100.179 - - [26/Mar/2024:09:28:23 -0300] "GET /cormun/static/trcontratosolicitud.js?202211298514531 HTTP/1.1" 200 28237
200.54.100.179 - - [26/Mar/2024:09:28:24 -0300] "GET /cormun//static/Resources/PXToolsGridNew.png HTTP/1.1" 200 427
190.171.142.10 - - [26/Mar/2024:09:28:28 -0300] "GET /cormun/servlet/solicitudotadjuntos?INS,2024,21095,,1, HTTP/1.1" 200 6264
190.171.142.10 - - [26/Mar/2024:09:28:28 -0300] "GET /cormun/static/about:blank HTTP/1.1" 404 1011
190.171.142.10 - - [26/Mar/2024:09:28:28 -0300] "GET /cormun/servlet/solicitudotadjuntos?be891f9fe5a422829deb55df2dea892ecec64e0b19e05a990fbab276de31a9e5358cbc4977976efc1bdd0ae677ff9c7e,gx-no-cache=1711455923675 HTTP/1.1" 200 30
190.171.142.10 - - [26/Mar/2024:09:28:28 -0300] "POST /cormun/servlet/solicitudotadjuntos?ce2c1e60b33afeb20b87986e57af473a,INS,2024,21095,,1,,gx-no-cache=1711455923687 HTTP/1.1" 200 4151
190.171.153.26 - - [26/Mar/2024:09:28:29 -0300] "POST /cormun/servlet/trpermisosgoce?b9a815bee743894a66a738e0197bffe6,,gx-no-cache=1711455925804 HTTP/1.1" 200 7581
190.171.153.26 - - [26/Mar/2024:09:28:29 -0300] "GET /cormun/static/Shared/jqueryui/images/ui-icons_82798d_256x240.png HTTP/1.1" 404 1089
190.171.153.26 - - [26/Mar/2024:09:28:29 -0300] "GET /cormun/static/Shared/jqueryui/images/ui-bg_highlight-soft_100_c6c2c8_1x100.png HTTP/1.1" 404 1117
190.171.153.26 - - [26/Mar/2024:09:28:29 -0300] "GET /cormun/static/Shared/jqueryui/images/ui-bg_flat_55_fafafa_40x100.png HTTP/1.1" 404 1097
190.171.153.26 - - [26/Mar/2024:09:28:29 -0300] "GET /cormun/static/Shared/jqueryui/images/ui-icons_8d78a5_256x240.png HTTP/1.1" 404 1089
190.171.142.10 - - [26/Mar/2024:09:28:42 -0300] "POST /cormun/servlet/solicitudotadjuntos?gx-no-cache=1711455937682 HTTP/1.1" 200 26
190.171.153.26 - - [26/Mar/2024:09:28:48 -0300] "GET /cormun/servlet/apermisogoceprn?18647449,P,20240325134633,PU HTTP/1.1" 200 1654
190.171.142.10 - - [26/Mar/2024:09:28:49 -0300] "GET /cormun/servlet/solicitudotadjuntos?be891f9fe5a422829deb55df2dea892efe41149f809574d3eec6872075baa88b,gx-no-cache=1711455944771 HTTP/1.1" 200 30
190.171.142.10 - - [26/Mar/2024:09:28:49 -0300] "GET /cormun/servlet/solicitudotadjuntos?be891f9fe5a422829deb55df2dea892efe41149f809574d3eec6872075baa88b,gx-no-cache=1711455944782 HTTP/1.1" 200 30
190.171.142.10 - - [26/Mar/2024:09:28:50 -0300] "POST /cormun/servlet/solicitudotadjuntos?ce2c1e60b33afeb20b87986e57af473a,INS,2024,21095,,1, HTTP/1.1" 200 116
190.171.142.10 - - [26/Mar/2024:09:28:50 -0300] "GET /cormun/servlet/hpexe_return? HTTP/1.1" 200 1029
190.171.142.10 - - [26/Mar/2024:09:28:50 -0300] "GET /cormun/servlet/trsolicitudadjuntos?2024,21095, HTTP/1.1" 200 9523
190.171.142.10 - - [26/Mar/2024:09:28:52 -0300] "GET /cormun/servlet/solicitudotadjuntos?INS,2024,21095,,1, HTTP/1.1" 200 6264
190.171.142.10 - - [26/Mar/2024:09:28:52 -0300] "GET /cormun/static/about:blank HTTP/1.1" 404 1011
190.171.142.10 - - [26/Mar/2024:09:28:53 -0300] "GET /cormun/servlet/solicitudotadjuntos?be891f9fe5a422829deb55df2dea892ecec64e0b19e05a990fbab276de31a9e5358cbc4977976efc1bdd0ae677ff9c7e,gx-no-cache=1711455948150 HTTP/1.1" 200 30
190.171.142.10 - - [26/Mar/2024:09:28:53 -0300] "POST /cormun/servlet/solicitudotadjuntos?ce2c1e60b33afeb20b87986e57af473a,INS,2024,21095,,1,,gx-no-cache=1711455948189 HTTP/1.1" 200 4151
190.171.142.10 - - [26/Mar/2024:09:28:57 -0300] "POST /cormun/servlet/solicitudotadjuntos?gx-no-cache=1711455952102 HTTP/1.1" 200 26
190.171.153.26 - - [26/Mar/2024:09:29:00 -0300] "GET /cormun/servlet/apermisogoceprn?18647449,P,20240325134531,PU HTTP/1.1" 200 1654
190.171.153.26 - - [26/Mar/2024:09:29:10 -0300] "GET /cormun/servlet/trpermisosadjuntos?18955083,20240325152019,P, HTTP/1.1" 200 6112
190.171.142.10 - - [26/Mar/2024:09:29:10 -0300] "GET /cormun/servlet/solicitudotadjuntos?be891f9fe5a422829deb55df2dea892efe41149f809574d3eec6872075baa88b,gx-no-cache=1711455965552 HTTP/1.1" 200 30
190.171.142.10 - - [26/Mar/2024:09:29:10 -0300] "GET /cormun/servlet/solicitudotadjuntos?be891f9fe5a422829deb55df2dea892efe41149f809574d3eec6872075baa88b,gx-no-cache=1711455965564 HTTP/1.1" 200 30
190.171.153.26 - - [26/Mar/2024:09:29:10 -0300] "GET /cormun/servlet/trpermisosadjuntos?18955083,20240325152019,P, HTTP/1.1" 200 6113
190.171.142.10 - - [26/Mar/2024:09:29:10 -0300] "POST /cormun/servlet/solicitudotadjuntos?ce2c1e60b33afeb20b87986e57af473a,INS,2024,21095,,1, HTTP/1.1" 200 116
190.171.142.10 - - [26/Mar/2024:09:29:10 -0300] "GET /cormun/servlet/hpexe_return? HTTP/1.1" 200 1029
190.171.142.10 - - [26/Mar/2024:09:29:10 -0300] "GET /cormun/servlet/trsolicitudadjuntos?2024,21095, HTTP/1.1" 200 9756
190.171.142.10 - - [26/Mar/2024:09:29:13 -0300] "GET /cormun/servlet/solicitudotadjuntos?INS,2024,21095,,1, HTTP/1.1" 200 6264
