200.54.237.82 - - [26/Mar/2024:09:50:15 -0300] "GET /cormun/servlet/solicitudotadjuntos?77cb67c819c479b02cdd6c054c9a0ec537f0c19edfd663e89250b518425bab0562987e662b5b06fe478b99ad235e75a9,gx-no-cache=1711457231492 HTTP/1.1" 200 30
200.54.237.82 - - [26/Mar/2024:09:50:15 -0300] "POST /cormun/servlet/solicitudotadjuntos?1c7d70ea7ae1ee515362c4489cee9aa1,INS,2024,21098,,1,,gx-no-cache=1711457231522 HTTP/1.1" 200 4153
200.54.237.82 - - [26/Mar/2024:09:50:18 -0300] "POST /cormun/servlet/solicitudotadjuntos?gx-no-cache=1711457234697 HTTP/1.1" 200 26
190.171.142.10 - - [26/Mar/2024:09:50:20 -0300] "GET /cormun/servlet/trsolicitudot? HTTP/1.1" 200 9304
200.54.237.82 - - [26/Mar/2024:09:50:22 -0300] "GET /cormun/servlet/solicitudotadjuntos?77cb67c819c479b02cdd6c054c9a0ec5e818798bf5930a75db7225e2626824ca,gx-no-cache=1711457238704 HTTP/1.1" 200 30
200.54.237.82 - - [26/Mar/2024:09:50:22 -0300] "GET /cormun/servlet/solicitudotadjuntos?77cb67c819c479b02cdd6c054c9a0ec5e818798bf5930a75db7225e2626824ca,gx-no-cache=1711457238725 HTTP/1.1" 200 30
200.54.237.82 - - [26/Mar/2024:09:50:22 -0300] "POST /cormun/servlet/solicitudotadjuntos?1c7d70ea7ae1ee515362c4489cee9aa1,INS,2024,21098,,1, HTTP/1.1" 200 116
200.54.237.82 - - [26/Mar/2024:09:50:22 -0300] "GET /cormun/servlet/hpexe_return? HTTP/1.1" 200 1027
200.54.237.82 - - [26/Mar/2024:09:50:22 -0300] "GET /cormun/servlet/trsolicitudadjuntos?2024,21098, HTTP/1.1" 200 10302
200.54.237.82 - - [26/Mar/2024:09:50:24 -0300] "GET /cormun/servlet/solicitudotadjuntos?INS,2024,21098,,1, HTTP/1.1" 200 6386
200.54.237.82 - - [26/Mar/2024:09:50:25 -0300] "GET /cormun/static/about:blank HTTP/1.1" 404 1011
200.54.237.82 - - [26/Mar/2024:09:50:25 -0300] "GET /cormun/servlet/solicitudotadjuntos?77cb67c819c479b02cdd6c054c9a0ec537f0c19edfd663e89250b518425bab0562987e662b5b06fe478b99ad235e75a9,gx-no-cache=1711457241921 HTTP/1.1" 200 30
200.54.237.82 - - [26/Mar/2024:09:50:25 -0300] "POST /cormun/servlet/solicitudotadjuntos?1c7d70ea7ae1ee515362c4489cee9aa1,INS,2024,21098,,1,,gx-no-cache=1711457241955 HTTP/1.1" 200 4152
200.54.237.82 - - [26/Mar/2024:09:50:27 -0300] "POST /cormun/servlet/solicitudotadjuntos?gx-no-cache=1711457243521 HTTP/1.1" 200 26
190.171.142.10 - - [26/Mar/2024:09:50:31 -0300] "GET /cormun/servlet/trvisualizadoreventos? HTTP/1.1" 200 6980
200.54.237.82 - - [26/Mar/2024:09:50:31 -0300] "GET /cormun/servlet/solicitudotadjuntos?77cb67c819c479b02cdd6c054c9a0ec5e818798bf5930a75db7225e2626824ca,gx-no-cache=1711457247664 HTTP/1.1" 200 30
200.54.237.82 - - [26/Mar/2024:09:50:31 -0300] "GET /cormun/servlet/solicitudotadjuntos?77cb67c819c479b02cdd6c054c9a0ec5e818798bf5930a75db7225e2626824ca,gx-no-cache=1711457247689 HTTP/1.1" 200 30
200.54.237.82 - - [26/Mar/2024:09:50:31 -0300] "POST /cormun/servlet/solicitudotadjuntos?1c7d70ea7ae1ee515362c4489cee9aa1,INS,2024,21098,,1, HTTP/1.1" 200 116
200.54.237.82 - - [26/Mar/2024:09:50:31 -0300] "GET /cormun/servlet/hpexe_return? HTTP/1.1" 200 1027
200.54.237.82 - - [26/Mar/2024:09:50:31 -0300] "GET /cormun/servlet/trsolicitudadjuntos?2024,21098, HTTP/1.1" 200 10445
190.171.142.10 - - [26/Mar/2024:09:50:35 -0300] "GET /cormun/servlet/trsolicitudot? HTTP/1.1" 200 9304
200.54.237.82 - - [26/Mar/2024:09:50:36 -0300] "GET /cormun/servlet/trsolicitudot? HTTP/1.1" 200 14246
200.54.237.82 - - [26/Mar/2024:09:50:40 -0300] "POST /cormun/servlet/trsolicitudot?1c7d70ea7ae1ee515362c4489cee9aa1,,gx-no-cache=1711457256772 HTTP/1.1" 200 11479
200.54.237.82 - - [26/Mar/2024:09:50:40 -0300] "GET /cormun/static/Shared/jqueryui/images/ui-bg_highlight-soft_100_c6c2c8_1x100.png HTTP/1.1" 404 1117
200.54.237.82 - - [26/Mar/2024:09:50:40 -0300] "GET /cormun/static/Shared/jqueryui/images/ui-icons_82798d_256x240.png HTTP/1.1" 404 1089
200.54.237.82 - - [26/Mar/2024:09:50:40 -0300] "GET /cormun/static/Shared/jqueryui/images/ui-bg_flat_55_fafafa_40x100.png HTTP/1.1" 404 1097
200.54.237.82 - - [26/Mar/2024:09:50:40 -0300] "GET /cormun/static/Shared/jqueryui/images/ui-icons_8d78a5_256x240.png HTTP/1.1" 404 1089
200.54.237.82 - - [26/Mar/2024:09:50:41 -0300] "POST /cormun/servlet/trsolicitudot?1c7d70ea7ae1ee515362c4489cee9aa1,,gx-no-cache=1711457257121 HTTP/1.1" 200 11421
200.54.237.82 - - [26/Mar/2024:09:50:42 -0300] "GET /cormun/servlet/trautorizarsolicitud? HTTP/1.1" 200 8859
190.171.142.10 - - [26/Mar/2024:09:50:42 -0300] "GET /cormun/servlet/trautorizarsolicitud? HTTP/1.1" 200 7332
200.54.237.82 - - [26/Mar/2024:09:50:46 -0300] "POST /cormun/servlet/trautorizarsolicitud?1c7d70ea7ae1ee515362c4489cee9aa1,,gx-no-cache=1711457263210 HTTP/1.1" 200 4797
200.54.237.82 - - [26/Mar/2024:09:50:47 -0300] "POST /cormun/servlet/trautorizarsolicitud?1c7d70ea7ae1ee515362c4489cee9aa1,,gx-no-cache=1711457263345 HTTP/1.1" 200 4545
190.171.142.10 - - [26/Mar/2024:09:50:48 -0300] "GET /cormun/servlet/trsolicitudot? HTTP/1.1" 200 9304
190.171.134.178 - - [26/Mar/2024:09:50:56 -0300] "GET /cormun/servlet/hlogin HTTP/1.1" 200 1727
190.171.134.178 - - [26/Mar/2024:09:51:14 -0300] "POST /cormun/servlet/hlogin?d4d46e2c1e267f9a50cb960c7c49a02d,gx-no-cache=1711457288262 HTTP/1.1" 200 90
190.171.134.178 - - [26/Mar/2024:09:51:14 -0300] "GET /cormun/servlet/hpexe_link HTTP/1.1" 200 954
190.171.134.178 - - [26/Mar/2024:09:51:14 -0300] "GET /cormun/servlet/hhome HTTP/1.1" 200 3941
190.171.134.178 - - [26/Mar/2024:09:51:14 -0300] "GET /cormun/servlet/hhome HTTP/1.1" 200 3937
190.171.142.10 - - [26/Mar/2024:09:51:15 -0300] "GET /cormun/servlet/trautorizarsolicitud? HTTP/1.1" 200 7332
190.171.142.10 - - [26/Mar/2024:09:51:23 -0300] "POST /cormun/servlet/acontrolpreferencessavestate?None,JJARA,true HTTP/1.1" 200 35
190.171.142.10 - - [26/Mar/2024:09:51:24 -0300] "POST /cormun/servlet/acontrolpreferencessavestate?None,JJARA,true HTTP/1.1" 200 35
190.171.134.178 - - [26/Mar/2024:09:51:44 -0300] "GET /cormun/servlet/trsolicitudot? HTTP/1.1" 200 8625
190.171.134.178 - - [26/Mar/2024:09:51:44 -0300] "GET /cormun/servlet/trsolicitudot? HTTP/1.1" 200 8623
181.212.42.153 - - [26/Mar/2024:09:51:49 -0300] "GET /cormun/servlet/trsolicitudot? HTTP/1.1" 200 9710
181.212.42.153 - - [26/Mar/2024:09:51:52 -0300] "POST /cormun/servlet/trsolicitudot?64b4fe638b2aa2c501be1c605da434c3,,gx-no-cache=1711457328669 HTTP/1.1" 200 107
181.212.42.153 - - [26/Mar/2024:09:51:53 -0300] "GET /cormun/servlet/trsolicitudadjuntos?2024,21097, HTTP/1.1" 200 9819
190.171.134.178 - - [26/Mar/2024:09:51:56 -0300] "POST /cormun/servlet/trsolicitudot?d4d46e2c1e267f9a50cb960c7c49a02d,,gx-no-cache=1711457329958 HTTP/1.1" 200 4599
190.171.134.178 - - [26/Mar/2024:09:51:56 -0300] "GET /cormun/static/Shared/jqueryui/images/ui-bg_highlight-soft_100_c6c2c8_1x100.png HTTP/1.1" 404 1117
190.171.134.178 - - [26/Mar/2024:09:51:56 -0300] "GET /cormun/static/Shared/jqueryui/images/ui-icons_82798d_256x240.png HTTP/1.1" 404 1089
190.171.134.178 - - [26/Mar/2024:09:51:56 -0300] "GET /cormun/static/Shared/jqueryui/images/ui-bg_flat_55_fafafa_40x100.png HTTP/1.1" 404 1097
190.171.134.178 - - [26/Mar/2024:09:51:56 -0300] "GET /cormun/static/Shared/jqueryui/images/ui-icons_8d78a5_256x240.png HTTP/1.1" 404 1089
190.171.134.178 - - [26/Mar/2024:09:51:56 -0300] "POST /cormun/servlet/trsolicitudot?d4d46e2c1e267f9a50cb960c7c49a02d,,gx-no-cache=1711457330110 HTTP/1.1" 200 4333
181.212.42.153 - - [26/Mar/2024:09:51:56 -0300] "GET /cormun/servlet/solicitudotadjuntos?INS,2024,21097,,1, HTTP/1.1" 200 6020
181.212.42.153 - - [26/Mar/2024:09:51:56 -0300] "GET /cormun/static/about:blank HTTP/1.1" 404 1011
181.212.42.153 - - [26/Mar/2024:09:51:56 -0300] "GET /cormun/servlet/solicitudotadjuntos?a1a20044c2c62f854c87da3f5dbc6a72cec16315000d05ae82b85fef762e260738d0c721404ab66f9d2239e38227606c,gx-no-cache=1711457332524 HTTP/1.1" 200 30
181.212.42.153 - - [26/Mar/2024:09:51:56 -0300] "POST /cormun/servlet/solicitudotadjuntos?64b4fe638b2aa2c501be1c605da434c3,INS,2024,21097,,1,,gx-no-cache=1711457332537 HTTP/1.1" 200 3900
181.212.42.153 - - [26/Mar/2024:09:51:58 -0300] "POST /cormun/servlet/solicitudotadjuntos?gx-no-cache=1711457334354 HTTP/1.1" 200 26
181.212.42.153 - - [26/Mar/2024:09:52:04 -0300] "GET /cormun/servlet/solicitudotadjuntos?a1a20044c2c62f854c87da3f5dbc6a72915d037daa19acfc5c0670e88264a46a,gx-no-cache=1711457340010 HTTP/1.1" 200 30
181.212.42.153 - - [26/Mar/2024:09:52:04 -0300] "GET /cormun/servlet/solicitudotadjuntos?a1a20044c2c62f854c87da3f5dbc6a72915d037daa19acfc5c0670e88264a46a,gx-no-cache=1711457340021 HTTP/1.1" 200 30
181.212.42.153 - - [26/Mar/2024:09:52:04 -0300] "POST /cormun/servlet/solicitudotadjuntos?64b4fe638b2aa2c501be1c605da434c3,INS,2024,21097,,1, HTTP/1.1" 200 116
181.212.42.153 - - [26/Mar/2024:09:52:04 -0300] "GET /cormun/servlet/hpexe_return? HTTP/1.1" 200 1029
181.212.42.153 - - [26/Mar/2024:09:52:04 -0300] "GET /cormun/servlet/trsolicitudadjuntos?2024,21097, HTTP/1.1" 200 10115
181.212.42.153 - - [26/Mar/2024:09:52:06 -0300] "GET /cormun/servlet/solicitudotadjuntos?INS,2024,21097,,1, HTTP/1.1" 200 6020
190.171.134.178 - - [26/Mar/2024:09:52:06 -0300] "GET /cormun/servlet/hlogin HTTP/1.1" 200 1741
181.212.42.153 - - [26/Mar/2024:09:52:06 -0300] "GET /cormun/static/about:blank HTTP/1.1" 404 1011
181.212.42.153 - - [26/Mar/2024:09:52:07 -0300] "GET /cormun/servlet/solicitudotadjuntos?a1a20044c2c62f854c87da3f5dbc6a72cec16315000d05ae82b85fef762e260738d0c721404ab66f9d2239e38227606c,gx-no-cache=1711457342723 HTTP/1.1" 200 30
181.212.42.153 - - [26/Mar/2024:09:52:07 -0300] "POST /cormun/servlet/solicitudotadjuntos?64b4fe638b2aa2c501be1c605da434c3,INS,2024,21097,,1,,gx-no-cache=1711457342741 HTTP/1.1" 200 3900
181.212.42.153 - - [26/Mar/2024:09:52:08 -0300] "POST /cormun/servlet/solicitudotadjuntos?gx-no-cache=1711457344154 HTTP/1.1" 200 26
181.212.42.153 - - [26/Mar/2024:09:52:16 -0300] "GET /cormun/servlet/solicitudotadjuntos?a1a20044c2c62f854c87da3f5dbc6a72915d037daa19acfc5c0670e88264a46a,gx-no-cache=1711457352098 HTTP/1.1" 200 30
181.212.42.153 - - [26/Mar/2024:09:52:16 -0300] "GET /cormun/servlet/solicitudotadjuntos?a1a20044c2c62f854c87da3f5dbc6a72915d037daa19acfc5c0670e88264a46a,gx-no-cache=1711457352106 HTTP/1.1" 200 30
181.212.42.153 - - [26/Mar/2024:09:52:16 -0300] "POST /cormun/servlet/solicitudotadjuntos?64b4fe638b2aa2c501be1c605da434c3,INS,2024,21097,,1, HTTP/1.1" 200 116
181.212.42.153 - - [26/Mar/2024:09:52:16 -0300] "GET /cormun/servlet/hpexe_return? HTTP/1.1" 200 1029
181.212.42.153 - - [26/Mar/2024:09:52:16 -0300] "GET /cormun/servlet/trsolicitudadjuntos?2024,21097, HTTP/1.1" 200 10264
190.171.134.178 - - [26/Mar/2024:09:52:19 -0300] "POST /cormun/servlet/hlogin?d4d46e2c1e267f9a50cb960c7c49a02d,gx-no-cache=1711457353669 HTTP/1.1" 200 90
190.171.134.178 - - [26/Mar/2024:09:52:19 -0300] "GET /cormun/servlet/hpexe_link HTTP/1.1" 200 954
190.171.134.178 - - [26/Mar/2024:09:52:19 -0300] "GET /cormun/servlet/hhome HTTP/1.1" 200 4237
181.212.42.153 - - [26/Mar/2024:09:52:20 -0300] "GET /cormun/servlet/trlicencias? HTTP/1.1" 200 14444
190.171.134.178 - - [26/Mar/2024:09:52:20 -0300] "GET /cormun/servlet/hhome HTTP/1.1" 200 4233
190.171.134.178 - - [26/Mar/2024:09:52:23 -0300] "GET /cormun/servlet/trautorizarsolicitud? HTTP/1.1" 200 8801
181.212.42.153 - - [26/Mar/2024:09:52:23 -0300] "GET /cormun/servlet/trsolicitudot? HTTP/1.1" 200 9710
190.171.134.178 - - [26/Mar/2024:09:52:23 -0300] "GET /cormun/servlet/trautorizarsolicitud? HTTP/1.1" 200 8799
181.212.47.137 - - [26/Mar/2024:09:52:26 -0300] "GET /cormun/servlet/trautorizarot? HTTP/1.1" 200 9996
181.212.42.153 - - [26/Mar/2024:09:52:26 -0300] "POST /cormun/servlet/trsolicitudot?64b4fe638b2aa2c501be1c605da434c3,,gx-no-cache=1711457361988 HTTP/1.1" 200 6453
181.212.42.153 - - [26/Mar/2024:09:52:26 -0300] "GET /cormun/static/Shared/jqueryui/images/ui-icons_82798d_256x240.png HTTP/1.1" 404 1089
181.212.42.153 - - [26/Mar/2024:09:52:26 -0300] "GET /cormun/static/Shared/jqueryui/images/ui-bg_highlight-soft_100_c6c2c8_1x100.png HTTP/1.1" 404 1117
181.212.42.153 - - [26/Mar/2024:09:52:26 -0300] "GET /cormun/static/Shared/jqueryui/images/ui-bg_flat_55_fafafa_40x100.png HTTP/1.1" 404 1097
181.212.42.153 - - [26/Mar/2024:09:52:26 -0300] "GET /cormun/static/Shared/jqueryui/images/ui-icons_8d78a5_256x240.png HTTP/1.1" 404 1089
181.212.42.153 - - [26/Mar/2024:09:52:26 -0300] "POST /cormun/servlet/trsolicitudot?64b4fe638b2aa2c501be1c605da434c3,,gx-no-cache=1711457362165 HTTP/1.1" 200 6395
190.171.134.178 - - [26/Mar/2024:09:52:27 -0300] "POST /cormun/servlet/trautorizarsolicitud?d4d46e2c1e267f9a50cb960c7c49a02d,,gx-no-cache=1711457361109 HTTP/1.1" 200 4806
190.171.134.178 - - [26/Mar/2024:09:52:27 -0300] "GET /cormun/static/Shared/jqueryui/images/ui-bg_highlight-soft_100_c6c2c8_1x100.png HTTP/1.1" 404 1117
190.171.134.178 - - [26/Mar/2024:09:52:27 -0300] "GET /cormun/static/Shared/jqueryui/images/ui-icons_82798d_256x240.png HTTP/1.1" 404 1089
190.171.134.178 - - [26/Mar/2024:09:52:27 -0300] "GET /cormun/static/Shared/jqueryui/images/ui-bg_flat_55_fafafa_40x100.png HTTP/1.1" 404 1097
190.171.134.178 - - [26/Mar/2024:09:52:27 -0300] "GET /cormun/static/Shared/jqueryui/images/ui-icons_8d78a5_256x240.png HTTP/1.1" 404 1089
190.171.134.178 - - [26/Mar/2024:09:52:27 -0300] "POST /cormun/servlet/trautorizarsolicitud?d4d46e2c1e267f9a50cb960c7c49a02d,,gx-no-cache=1711457361257 HTTP/1.1" 200 4539
181.212.47.137 - - [26/Mar/2024:09:52:28 -0300] "POST /cormun/servlet/trautorizarot?8289079facef3267739b074a3b64e621,,gx-no-cache=1711457346489 HTTP/1.1" 200 5331
181.212.42.153 - - [26/Mar/2024:09:52:30 -0300] "GET /cormun/servlet/trlicencias? HTTP/1.1" 200 14444
181.212.42.153 - - [26/Mar/2024:09:52:32 -0300] "GET /cormun/servlet/hlogin HTTP/1.1" 200 1739
190.171.134.178 - - [26/Mar/2024:09:52:37 -0300] "GET /cormun/servlet/hhome HTTP/1.1" 200 4237
190.171.134.178 - - [26/Mar/2024:09:52:37 -0300] "GET /cormun/servlet/hhome HTTP/1.1" 200 4233
190.171.141.82 - - [26/Mar/2024:09:52:38 -0300] "GET /cormun/servlet/hlogin HTTP/1.1" 200 1713
190.171.134.178 - - [26/Mar/2024:09:52:42 -0300] "GET /cormun/servlet/trvisualizadoreventos? HTTP/1.1" 200 7003
190.171.134.178 - - [26/Mar/2024:09:52:42 -0300] "GET /cormun/static/gxcfg.js?202211298474834 HTTP/1.1" 200 953
190.171.134.178 - - [26/Mar/2024:09:52:42 -0300] "GET /cormun/static/trvisualizadoreventos.js?202211298474971 HTTP/1.1" 200 19318
190.171.134.178 - - [26/Mar/2024:09:52:42 -0300] "GET /cormun/static/Resources/PXToolsActionPrint.png HTTP/1.1" 200 404
181.212.47.137 - - [26/Mar/2024:09:52:42 -0300] "GET /cormun/servlet/trsolicitudgral? HTTP/1.1" 200 18018
190.171.134.178 - - [26/Mar/2024:09:52:42 -0300] "GET /cormun/servlet/trvisualizadoreventos? HTTP/1.1" 200 7002
181.212.42.153 - - [26/Mar/2024:09:52:43 -0300] "POST /cormun/servlet/hlogin?64b4fe638b2aa2c501be1c605da434c3,gx-no-cache=1711457379078 HTTP/1.1" 200 456
190.171.134.178 - - [26/Mar/2024:09:52:47 -0300] "POST /cormun/servlet/trvisualizadoreventos?d4d46e2c1e267f9a50cb960c7c49a02d,,gx-no-cache=1711457381844 HTTP/1.1" 200 110
190.171.134.178 - - [26/Mar/2024:09:52:47 -0300] "POST /cormun/servlet/trvisualizadoreventos?d4d46e2c1e267f9a50cb960c7c49a02d,,gx-no-cache=1711457381917 HTTP/1.1" 200 4267
190.171.134.178 - - [26/Mar/2024:09:52:48 -0300] "GET /cormun/VisualizadorEventos-300.xls HTTP/1.1" 200 4096
181.212.42.153 - - [26/Mar/2024:09:52:50 -0300] "POST /cormun/servlet/hlogin?64b4fe638b2aa2c501be1c605da434c3,gx-no-cache=1711457386585 HTTP/1.1" 200 90
181.212.42.153 - - [26/Mar/2024:09:52:50 -0300] "GET /cormun/servlet/hpexe_link HTTP/1.1" 200 953
181.212.42.153 - - [26/Mar/2024:09:52:50 -0300] "GET /cormun/servlet/hhome HTTP/1.1" 200 4342
181.212.47.137 - - [26/Mar/2024:09:52:53 -0300] "GET /cormun/servlet/vesolicitudgral?2024,21079,, HTTP/1.1" 200 8430
181.212.47.137 - - [26/Mar/2024:09:52:53 -0300] "GET /cormun/pexe_scrolldiv.js HTTP/1.1" 404 1009
181.212.42.153 - - [26/Mar/2024:09:52:54 -0300] "GET /cormun/servlet/trautorizarsolicitud? HTTP/1.1" 200 8857
181.212.42.153 - - [26/Mar/2024:09:52:56 -0300] "POST /cormun/servlet/trautorizarsolicitud?64b4fe638b2aa2c501be1c605da434c3,,gx-no-cache=1711457392604 HTTP/1.1" 200 4775
181.212.42.153 - - [26/Mar/2024:09:52:57 -0300] "POST /cormun/servlet/trautorizarsolicitud?64b4fe638b2aa2c501be1c605da434c3,,gx-no-cache=1711457392698 HTTP/1.1" 200 4535
181.212.42.153 - - [26/Mar/2024:09:53:00 -0300] "GET /cormun/servlet/trlicencias? HTTP/1.1" 200 14808
190.171.142.10 - - [26/Mar/2024:09:53:14 -0300] "GET /cormun/servlet/trautorizarsolicitud? HTTP/1.1" 200 7332
190.171.142.10 - - [26/Mar/2024:09:53:18 -0300] "GET /cormun/servlet/trsolicitudot? HTTP/1.1" 200 9304
181.212.47.137 - - [26/Mar/2024:09:53:21 -0300] "POST /cormun/servlet/vesolicitudgral?8289079facef3267739b074a3b64e621,2024,21079,,,gx-no-cache=1711457399620 HTTP/1.1" 200 12354
181.212.47.137 - - [26/Mar/2024:09:53:21 -0300] "POST /cormun/servlet/vesolicitudgral?8289079facef3267739b074a3b64e621,2024,21079,,,gx-no-cache=1711457399797 HTTP/1.1" 200 12287
181.212.47.137 - - [26/Mar/2024:09:53:23 -0300] "GET /cormun/servlet/trsolicitudgral? HTTP/1.1" 200 17883
190.171.149.74 - - [26/Mar/2024:09:53:27 -0300] "GET /cormun/servlet/trpermisosgoce? HTTP/1.1" 200 6031
190.171.149.74 - - [26/Mar/2024:09:53:28 -0300] "GET /cormun/servlet/hlogin HTTP/1.1" 200 1740
190.171.142.10 - - [26/Mar/2024:09:53:28 -0300] "GET /cormun/servlet/solicitudot?INS,0,0,false, HTTP/1.1" 200 16184
190.171.149.74 - - [26/Mar/2024:09:53:33 -0300] "POST /cormun/servlet/hlogin?65088d8dbd417268a49d87b7d179c7fb,gx-no-cache=1711457427377 HTTP/1.1" 200 90
190.171.149.74 - - [26/Mar/2024:09:53:33 -0300] "GET /cormun/servlet/hpexe_link HTTP/1.1" 200 956
190.171.149.74 - - [26/Mar/2024:09:53:33 -0300] "GET /cormun/servlet/trpermisosgoce HTTP/1.1" 200 11007
190.171.149.74 - - [26/Mar/2024:09:53:36 -0300] "GET /cormun/servlet/permisogoce?INS,0,,, HTTP/1.1" 200 6843
190.171.149.74 - - [26/Mar/2024:09:53:43 -0300] "GET /cormun/servlet/permisogoce?13b29b563ef908da52e8124b20e27583ee842a02255684318da5704c9ead935d7bb99d8cab4fad594b82adfc5b2a305e446fe16078ee26058c5bf1fb185d6bcc,gx-no-cache=1711457437199 HTTP/1.1" 200 79
190.171.149.74 - - [26/Mar/2024:09:53:44 -0300] "GET /cormun/static/menuarrow.gif HTTP/1.1" 404 1015
181.212.47.137 - - [26/Mar/2024:09:53:48 -0300] "GET /cormun/servlet/vesolicitudgral?2024,21098,, HTTP/1.1" 200 8405
181.212.47.137 - - [26/Mar/2024:09:53:48 -0300] "GET /cormun/pexe_scrolldiv.js HTTP/1.1" 404 1009
190.171.142.10 - - [26/Mar/2024:09:53:49 -0300] "POST /cormun/servlet/solicitudot?gx-no-cache=1711457444352 HTTP/1.1" 200 4031
190.171.142.10 - - [26/Mar/2024:09:53:50 -0300] "POST /cormun/servlet/solicitudot?ce2c1e60b33afeb20b87986e57af473a,INS,0,0,false,,gx-no-cache=1711457444612 HTTP/1.1" 200 12878
190.171.142.10 - - [26/Mar/2024:09:53:50 -0300] "GET /cormun/servlet/solicitudot?be891f9fe5a422829deb55df2dea892e8b5681294ffae392f222d2aa5633a3242fe01827ca042e3808af62a649633af1,gx-no-cache=1711457445007 HTTP/1.1" 200 111
190.171.149.74 - - [26/Mar/2024:09:53:51 -0300] "GET /cormun/servlet/permisogoce?13b29b563ef908da52e8124b20e2758318ffa50f16108e4c4a2c2f586f3900ef74665b91507651b0a82d308a809f3da2dc500f2033239a1a749fcff554de22af,gx-no-cache=1711457446151 HTTP/1.1" 200 47
190.171.149.74 - - [26/Mar/2024:09:53:54 -0300] "POST /cormun/servlet/permisogoce?65088d8dbd417268a49d87b7d179c7fb,INS,0,,,,gx-no-cache=1711457447491 HTTP/1.1" 200 93
190.171.149.74 - - [26/Mar/2024:09:53:54 -0300] "GET /cormun/servlet/hpexe_return? HTTP/1.1" 200 1009
190.171.149.74 - - [26/Mar/2024:09:53:54 -0300] "GET /cormun/servlet/trpermisosgoce HTTP/1.1" 200 11231
190.171.142.10 - - [26/Mar/2024:09:53:56 -0300] "GET /cormun/servlet/solicitudot?be891f9fe5a422829deb55df2dea892e97df2466e2f8ea62fe0e01bacb0cc139d548bb2e757cdb17b3cd645e5caaf8b7,gx-no-cache=1711457451367 HTTP/1.1" 200 30
190.171.149.74 - - [26/Mar/2024:09:53:58 -0300] "GET /cormun/servlet/apermisogoceprn?19679348,P,20240326095015,PU HTTP/1.1" 200 1646
190.171.141.82 - - [26/Mar/2024:09:54:10 -0300] "POST /cormun/servlet/hlogin?9ff702144a9064e2ad7d70e7a3934d64,gx-no-cache=1711457466306 HTTP/1.1" 200 90
190.171.141.82 - - [26/Mar/2024:09:54:10 -0300] "GET /cormun/servlet/hpexe_link HTTP/1.1" 200 944
190.171.141.82 - - [26/Mar/2024:09:54:11 -0300] "GET /cormun/servlet/hhome HTTP/1.1" 200 4313
181.212.47.137 - - [26/Mar/2024:09:54:11 -0300] "GET /cormun/servlet/trsolicitudgral? HTTP/1.1" 200 17879
190.171.141.82 - - [26/Mar/2024:09:54:24 -0300] "GET /cormun/servlet/trsolicitudot? HTTP/1.1" 200 7531
181.212.47.137 - - [26/Mar/2024:09:54:39 -0300] "POST /cormun/servlet/trsolicitudgral?8289079facef3267739b074a3b64e621,,gx-no-cache=1711457477124 HTTP/1.1" 200 14427
190.171.141.82 - - [26/Mar/2024:09:55:07 -0300] "GET /cormun/servlet/trsolicitudot? HTTP/1.1" 200 7529
190.171.141.82 - - [26/Mar/2024:09:55:09 -0300] "GET /cormun/servlet/solicitudot?INS,0,0,false, HTTP/1.1" 200 16292
190.171.141.82 - - [26/Mar/2024:09:55:15 -0300] "POST /cormun/servlet/solicitudot?gx-no-cache=1711457530502 HTTP/1.1" 200 4022
190.171.141.82 - - [26/Mar/2024:09:55:15 -0300] "POST /cormun/servlet/solicitudot?9ff702144a9064e2ad7d70e7a3934d64,INS,0,0,false,,gx-no-cache=1711457530640 HTTP/1.1" 200 12869
190.171.141.82 - - [26/Mar/2024:09:55:18 -0300] "POST /cormun/servlet/solicitudot?gx-no-cache=1711457533782 HTTP/1.1" 200 4084
190.171.141.82 - - [26/Mar/2024:09:55:18 -0300] "GET /cormun/static/Shared/jqueryui/images/ui-bg_highlight-soft_100_c6c2c8_1x100.png HTTP/1.1" 404 1117
190.171.141.82 - - [26/Mar/2024:09:55:18 -0300] "GET /cormun/static/Shared/jqueryui/images/ui-icons_82798d_256x240.png HTTP/1.1" 404 1089
190.171.141.82 - - [26/Mar/2024:09:55:18 -0300] "GET /cormun/static/Shared/jqueryui/images/ui-icons_ebccce_256x240.png HTTP/1.1" 404 1089
190.171.141.82 - - [26/Mar/2024:09:55:18 -0300] "GET /cormun/static/Shared/jqueryui/images/ui-bg_flat_55_994d53_40x100.png HTTP/1.1" 404 1097
190.171.141.82 - - [26/Mar/2024:09:55:28 -0300] "POST /cormun/servlet/solicitudot?gx-no-cache=1711457543897 HTTP/1.1" 200 4025
190.171.141.82 - - [26/Mar/2024:09:55:28 -0300] "POST /cormun/servlet/solicitudot?9ff702144a9064e2ad7d70e7a3934d64,INS,0,0,false,,gx-no-cache=1711457544048 HTTP/1.1" 200 12917
190.171.141.82 - - [26/Mar/2024:09:55:30 -0300] "GET /cormun/servlet/solicitudot?4c28f3386417393bd4b57dd2141be1afb653db6209a4ae61008382dc5d59ed2ae22aad8e5604d9cc42780762ff1c68fa,gx-no-cache=1711457546329 HTTP/1.1" 200 30
181.212.47.137 - - [26/Mar/2024:09:55:42 -0300] "GET /cormun/servlet/trautorizarot? HTTP/1.1" 200 10053
181.212.47.137 - - [26/Mar/2024:09:55:45 -0300] "POST /cormun/servlet/trautorizarot?8289079facef3267739b074a3b64e621,,gx-no-cache=1711457543095 HTTP/1.1" 200 5352
181.212.47.137 - - [26/Mar/2024:09:55:50 -0300] "GET /cormun/servlet/trsolicitudgral? HTTP/1.1" 200 17502
181.212.47.137 - - [26/Mar/2024:09:55:53 -0300] "POST /cormun/servlet/trsolicitudgral?8289079facef3267739b074a3b64e621,,gx-no-cache=1711457551201 HTTP/1.1" 200 7147
181.212.47.137 - - [26/Mar/2024:09:56:06 -0300] "POST /cormun/servlet/trsolicitudgral?8289079facef3267739b074a3b64e621,,gx-no-cache=1711457564294 HTTP/1.1" 200 6629
181.212.47.137 - - [26/Mar/2024:09:56:07 -0300] "GET /cormun/servlet/vesolicitudgral?2024,21097,, HTTP/1.1" 200 8432
181.212.47.137 - - [26/Mar/2024:09:56:07 -0300] "GET /cormun/pexe_scrolldiv.js HTTP/1.1" 404 1009
190.171.141.82 - - [26/Mar/2024:09:56:14 -0300] "GET /cormun/servlet/solicitudot?4c28f3386417393bd4b57dd2141be1aff363262c35d46674be01b5d4685aad1009987aa1ce67241fb9b4833b3ef318527caa7c2b72ec150e52f7ca44a31c1f75,gx-no-cache=1711457590386 HTTP/1.1" 200 30
190.171.141.82 - - [26/Mar/2024:09:56:14 -0300] "GET /cormun/servlet/solicitudot?4c28f3386417393bd4b57dd2141be1af75cb60758c065d1e18b1dae0b367c494,gx-no-cache=1711457590413 HTTP/1.1" 200 29
190.171.141.82 - - [26/Mar/2024:09:56:14 -0300] "POST /cormun/servlet/solicitudot?gx-no-cache=1711457590435 HTTP/1.1" 200 297
190.171.141.82 - - [26/Mar/2024:09:56:18 -0300] "POST /cormun/servlet/solicitudot?gx-no-cache=1711457594240 HTTP/1.1" 200 255
190.171.141.82 - - [26/Mar/2024:09:56:20 -0300] "GET /cormun/servlet/solicitudot?4c28f3386417393bd4b57dd2141be1af9e760c6703e116301fd7c41b8a16ba12f9dff3fa5a116ea3900b1d0fabc966bdd30f37bf3d01e40804f0c993fc5766cf96241d784f885bf3bab223e2001effc5af4cba338fa9df707338de728695784bee27bd251f6ba78c7211333f77a7c950e2cc63315365990e11bcdca3dcb1a5c6e62e74ffc5d46cba93129fb33d625622d9fc884c858f640ee848006c7bd83dba2df7e31c537fc42be0e728b944ed4b4f0ed16be7a0779d107ea3696bf10562c6e040cb83e939441cb21c9cd2b586637572d3d0bab27d2573dcf18cfe7f5e5fda26904062f080f62c39aacf3695f0ebec3b678c2fbbfa5dc3cc9a0babd3ebf216b8e8343c14dd2026b66491cf0552467afad687163b14fff115271ccc8211dba8ac9e6e8a74ad97c8731d51c4c82d9cfff9d8523a1a564b3cf80bd448d2a8cb19e8fb400b8dbd341b33ff7faa7cb6166a0619952b2dae049dd70a5ab53091b26655e9ac7c2555a3156c676f8bfc49b7583d0bcffa422780c0717ed2884ef8807d,gx-no-cache=1711457596273 HTTP/1.1" 200 30
190.171.141.82 - - [26/Mar/2024:09:56:23 -0300] "POST /cormun/servlet/solicitudot?gx-no-cache=1711457598632 HTTP/1.1" 200 30
190.171.141.82 - - [26/Mar/2024:09:56:24 -0300] "POST /cormun/servlet/solicitudot?gx-no-cache=1711457599643 HTTP/1.1" 200 1472
190.171.141.82 - - [26/Mar/2024:09:56:24 -0300] "POST /cormun/servlet/solicitudot?gx-no-cache=1711457599682 HTTP/1.1" 200 38
190.171.142.10 - - [26/Mar/2024:09:56:48 -0300] "GET /cormun/servlet/solicitudot?be891f9fe5a422829deb55df2dea892e2fa44ded6d361aa75c2e99e6d4dc5908bdcd021aa8f27cdc9c8df35e53a1d4dcd1ccf6a0130ed8e10e7c1d60339cf0062fe01827ca042e3808af62a649633af1,gx-no-cache=1711457623774 HTTP/1.1" 200 30
190.171.142.10 - - [26/Mar/2024:09:56:48 -0300] "GET /cormun/servlet/solicitudot?be891f9fe5a422829deb55df2dea892edb0da42c9955f40eab3b22b1f7a13a5e,gx-no-cache=1711457623810 HTTP/1.1" 200 29
190.171.142.10 - - [26/Mar/2024:09:56:50 -0300] "POST /cormun/servlet/solicitudot?gx-no-cache=1711457624910 HTTP/1.1" 200 255
190.171.142.10 - - [26/Mar/2024:09:56:52 -0300] "GET /cormun/servlet/solicitudot?be891f9fe5a422829deb55df2dea892eb8b87cfcea5df56b69b24f55677ff2624c53c99723edeaf083322cbb06dda076472db81f412adf01cd976ed3e3f654996265ee5ec0f0cb7991d5480864db95112615249e269a2e10f9b389f0df23a1c13372112455066e4ace3ca5911d26cfb6bb06e977a33701860fdc232779e3d525510fe9f61dc4255469b799c414a8e35318accee07db438e716c361495928af1d129cc4a11f3e004a2b8de152d9736cecbf3e74129736e1993ee800bd13324b74e9971391ba5aae935c833a0ebec552ad2da8fc5309a403d2bb79602b5046e3fafc414b7bbb5b1d885eee940643ed9ac538fb02801fe2ba329ea2dc097fec82c85ca0c94a6e553ff9e54a3491da46067cc0bc27e4ff8b51bff08be9110b2a8295976da7d962342d6a4674eafd8f414ad5b59df3961bf621f93a83f53fc22922163e3786b5a76ac3ae82cd7d1a094a5c77ebb339648930ee74f086d1fc6ad3fb99179b1ea3154834542460036c2a18fd38bf27f0b5512cf445453040504b921d5e,gx-no-cache=1711457627080 HTTP/1.1" 200 30
181.212.43.89 - - [26/Mar/2024:09:57:21 -0300] "POST /cormun/servlet/trsolicitudadjuntos?e5b19473d3cc3697a89f5a3f4b9c25dd,2024,21094,,gx-no-cache=1711457656682 HTTP/1.1" 200 90
181.212.43.89 - - [26/Mar/2024:09:57:21 -0300] "GET /cormun/servlet/hpexe_link HTTP/1.1" 200 970
181.212.43.89 - - [26/Mar/2024:09:57:22 -0300] "GET /cormun/servlet/trsolicitudot HTTP/1.1" 200 8650
190.171.142.10 - - [26/Mar/2024:09:58:01 -0300] "POST /cormun/servlet/solicitudot?gx-no-cache=1711457696061 HTTP/1.1" 200 30
190.171.142.10 - - [26/Mar/2024:09:58:01 -0300] "POST /cormun/servlet/solicitudot?gx-no-cache=1711457696096 HTTP/1.1" 200 1474
190.171.142.10 - - [26/Mar/2024:09:58:01 -0300] "POST /cormun/servlet/solicitudot?gx-no-cache=1711457696124 HTTP/1.1" 200 38
190.171.142.10 - - [26/Mar/2024:09:58:18 -0300] "GET /cormun/servlet/solicitudot?be891f9fe5a422829deb55df2dea892ec7637db56c20bae73e0f9b2703f9a02fb2302843f85d0caf9f56b4d90252d33592e0c487f98ee21c460eb6ab3a53813460623cdab0ca2f6ffeaa60f3b7d98a4cd9ada05323979d603e3a083ba23be60af2bbfaf1a6dd1a30e05b2d7ff58bf2f0,gx-no-cache=1711457713316 HTTP/1.1" 200 110
190.171.142.10 - - [26/Mar/2024:09:58:24 -0300] "POST /cormun/servlet/solicitudot?gx-no-cache=1711457719856 HTTP/1.1" 200 97
190.171.141.82 - - [26/Mar/2024:09:58:31 -0300] "GET /cormun/servlet/solicitudot?4c28f3386417393bd4b57dd2141be1af4ba522ef15441921cc2eacd06db7704e3743bfaae1847f3fe7f78eee6615f09ea22723730b246236e03f6540d2abc211ee1204d53ace183f2f845ca069b78ee84216b00e8ac310cd8637f13005bb710ad7b69a3c646a24cece1d467cc22d1e4c,gx-no-cache=1711457727456 HTTP/1.1" 200 110
190.171.142.10 - - [26/Mar/2024:09:58:33 -0300] "GET /cormun/servlet/solicitudot?be891f9fe5a422829deb55df2dea892ed61bcb32b962df645c15a68cb0d723469c2ac3c8641fe23df873b530bf57903bdfccb224ba51b709ec7a0342443421f2a8701ca0fabad0731b5f9a4a60822bfccfd77374c0343681a358fcf41346e594c74b2121980eb1c480fc5454b3decdec,gx-no-cache=1711457728610 HTTP/1.1" 200 29
190.171.142.10 - - [26/Mar/2024:09:58:39 -0300] "GET /cormun/servlet/solicitudot?be891f9fe5a422829deb55df2dea892e32c2a0a6a68bec8b7223543f5f69440cb9087cef05f173eb086e64a8998af931,gx-no-cache=1711457734751 HTTP/1.1" 200 30
190.171.141.82 - - [26/Mar/2024:09:58:40 -0300] "POST /cormun/servlet/solicitudot?gx-no-cache=1711457736412 HTTP/1.1" 200 110
190.171.142.10 - - [26/Mar/2024:09:58:46 -0300] "POST /cormun/servlet/solicitudot?gx-no-cache=1711457741268 HTTP/1.1" 200 30
190.171.141.82 - - [26/Mar/2024:09:58:48 -0300] "GET /cormun/servlet/solicitudot?4c28f3386417393bd4b57dd2141be1af1de5474cdbd1725325c59192c5fce0bd69e2bf98cd7fe0bf2f2fd4fadf0ea8339e585809e4c0dccfbe5e62f07e79edc59bfd6776beab4eb2c6e6abcb7d51af83e14206914bcb73a5452ad744acf66facf3f9f7f2c3d50814dc5c38cac633e733,gx-no-cache=1711457744199 HTTP/1.1" 200 29
190.171.141.82 - - [26/Mar/2024:09:58:48 -0300] "GET /cormun/static/menuarrow.gif HTTP/1.1" 404 1015
190.171.141.82 - - [26/Mar/2024:09:58:51 -0300] "GET /cormun/servlet/solicitudot?4c28f3386417393bd4b57dd2141be1af04bb8009715e87e287206ea0dfff5deb2fa30179fa8721ff8ff98f94d2614783,gx-no-cache=1711457747190 HTTP/1.1" 200 30
190.171.141.82 - - [26/Mar/2024:09:59:27 -0300] "POST /cormun/servlet/solicitudot?gx-no-cache=1711457782928 HTTP/1.1" 200 30
190.171.141.82 - - [26/Mar/2024:09:59:28 -0300] "POST /cormun/servlet/solicitudot?9ff702144a9064e2ad7d70e7a3934d64,INS,0,0,false,,gx-no-cache=1711457782979 HTTP/1.1" 200 93
190.171.141.82 - - [26/Mar/2024:09:59:28 -0300] "GET /cormun/servlet/hpexe_return? HTTP/1.1" 200 1002
190.171.141.82 - - [26/Mar/2024:09:59:29 -0300] "GET /cormun/servlet/trsolicitudot HTTP/1.1" 200 8948
190.171.141.82 - - [26/Mar/2024:09:59:31 -0300] "POST /cormun/servlet/trsolicitudot?9ff702144a9064e2ad7d70e7a3934d64,gx-no-cache=1711457787242 HTTP/1.1" 200 107
190.171.141.82 - - [26/Mar/2024:09:59:31 -0300] "GET /cormun/servlet/trsolicitudadjuntos?2024,21099, HTTP/1.1" 200 6419
190.171.141.82 - - [26/Mar/2024:09:59:33 -0300] "GET /cormun/servlet/solicitudotadjuntos?INS,2024,21099,,1, HTTP/1.1" 200 6360
190.171.141.82 - - [26/Mar/2024:09:59:33 -0300] "GET /cormun/static/about:blank HTTP/1.1" 404 1011
190.171.141.82 - - [26/Mar/2024:09:59:34 -0300] "GET /cormun/servlet/solicitudotadjuntos?4c28f3386417393bd4b57dd2141be1afe2bd71bf5521e317c84bd219f3bf1acc0808e34f49f169b809f93919390b84ad,gx-no-cache=1711457790016 HTTP/1.1" 200 30
190.171.141.82 - - [26/Mar/2024:09:59:34 -0300] "POST /cormun/servlet/solicitudotadjuntos?9ff702144a9064e2ad7d70e7a3934d64,INS,2024,21099,,1,,gx-no-cache=1711457790035 HTTP/1.1" 200 4174
190.171.141.82 - - [26/Mar/2024:09:59:35 -0300] "POST /cormun/servlet/solicitudotadjuntos?gx-no-cache=1711457791225 HTTP/1.1" 200 26
190.171.152.138 - - [26/Mar/2024:10:00:15 -0300] "POST /cormun/servlet/hlogin?2debf3b13253ec4c08af85dc0bb6fb52,gx-no-cache=1711461380139 HTTP/1.1" 440 972
190.171.152.138 - - [26/Mar/2024:10:00:17 -0300] "GET /cormun/servlet/hlogin HTTP/1.1" 200 1736
190.171.152.138 - - [26/Mar/2024:10:00:18 -0300] "GET /cormun/servlet/hlogin HTTP/1.1" 200 1736
190.171.141.82 - - [26/Mar/2024:10:00:29 -0300] "GET /cormun/servlet/solicitudotadjuntos?4c28f3386417393bd4b57dd2141be1af630b456ec399711d909fb53a211843bb,gx-no-cache=1711457845223 HTTP/1.1" 200 30
190.171.141.82 - - [26/Mar/2024:10:00:29 -0300] "GET /cormun/servlet/solicitudotadjuntos?4c28f3386417393bd4b57dd2141be1af630b456ec399711d909fb53a211843bb,gx-no-cache=1711457845245 HTTP/1.1" 200 30
190.171.141.82 - - [26/Mar/2024:10:00:30 -0300] "POST /cormun/servlet/solicitudotadjuntos?9ff702144a9064e2ad7d70e7a3934d64,INS,2024,21099,,1, HTTP/1.1" 200 116
190.171.141.82 - - [26/Mar/2024:10:00:30 -0300] "GET /cormun/servlet/hpexe_return? HTTP/1.1" 200 1019
190.171.141.82 - - [26/Mar/2024:10:00:30 -0300] "GET /cormun/servlet/trsolicitudadjuntos?2024,21099, HTTP/1.1" 200 9366
190.171.141.82 - - [26/Mar/2024:10:00:32 -0300] "GET /cormun/servlet/solicitudotadjuntos?INS,2024,21099,,1, HTTP/1.1" 200 6360
190.171.141.82 - - [26/Mar/2024:10:00:32 -0300] "GET /cormun/static/about:blank HTTP/1.1" 404 1011
190.171.141.82 - - [26/Mar/2024:10:00:32 -0300] "GET /cormun/servlet/solicitudotadjuntos?4c28f3386417393bd4b57dd2141be1afe2bd71bf5521e317c84bd219f3bf1acc0808e34f49f169b809f93919390b84ad,gx-no-cache=1711457848283 HTTP/1.1" 200 30
190.171.141.82 - - [26/Mar/2024:10:00:32 -0300] "POST /cormun/servlet/solicitudotadjuntos?9ff702144a9064e2ad7d70e7a3934d64,INS,2024,21099,,1,,gx-no-cache=1711457848299 HTTP/1.1" 200 4174
190.171.141.82 - - [26/Mar/2024:10:00:35 -0300] "POST /cormun/servlet/solicitudotadjuntos?gx-no-cache=1711457851440 HTTP/1.1" 200 26
190.171.141.82 - - [26/Mar/2024:10:00:41 -0300] "GET /cormun/servlet/solicitudotadjuntos?4c28f3386417393bd4b57dd2141be1af630b456ec399711d909fb53a211843bb,gx-no-cache=1711457857351 HTTP/1.1" 200 30
190.171.141.82 - - [26/Mar/2024:10:00:41 -0300] "GET /cormun/servlet/solicitudotadjuntos?4c28f3386417393bd4b57dd2141be1af630b456ec399711d909fb53a211843bb,gx-no-cache=1711457857366 HTTP/1.1" 200 30
190.171.141.82 - - [26/Mar/2024:10:00:42 -0300] "POST /cormun/servlet/solicitudotadjuntos?9ff702144a9064e2ad7d70e7a3934d64,INS,2024,21099,,1, HTTP/1.1" 200 116
190.171.141.82 - - [26/Mar/2024:10:00:42 -0300] "GET /cormun/servlet/hpexe_return? HTTP/1.1" 200 1019
190.171.141.82 - - [26/Mar/2024:10:00:42 -0300] "GET /cormun/servlet/trsolicitudadjuntos?2024,21099, HTTP/1.1" 200 9638
190.171.141.82 - - [26/Mar/2024:10:00:44 -0300] "GET /cormun/servlet/solicitudotadjuntos?INS,2024,21099,,1, HTTP/1.1" 200 6360
190.171.141.82 - - [26/Mar/2024:10:00:44 -0300] "GET /cormun/static/about:blank HTTP/1.1" 404 1011
190.171.141.82 - - [26/Mar/2024:10:00:45 -0300] "GET /cormun/servlet/solicitudotadjuntos?4c28f3386417393bd4b57dd2141be1afe2bd71bf5521e317c84bd219f3bf1acc0808e34f49f169b809f93919390b84ad,gx-no-cache=1711457860713 HTTP/1.1" 200 30
190.171.141.82 - - [26/Mar/2024:10:00:45 -0300] "POST /cormun/servlet/solicitudotadjuntos?9ff702144a9064e2ad7d70e7a3934d64,INS,2024,21099,,1,,gx-no-cache=1711457860730 HTTP/1.1" 200 4174
190.171.141.82 - - [26/Mar/2024:10:00:46 -0300] "POST /cormun/servlet/solicitudotadjuntos?gx-no-cache=1711457862464 HTTP/1.1" 200 26
190.171.141.82 - - [26/Mar/2024:10:00:54 -0300] "GET /cormun/servlet/solicitudotadjuntos?4c28f3386417393bd4b57dd2141be1af630b456ec399711d909fb53a211843bb,gx-no-cache=1711457869991 HTTP/1.1" 200 30
190.171.141.82 - - [26/Mar/2024:10:00:54 -0300] "GET /cormun/servlet/solicitudotadjuntos?4c28f3386417393bd4b57dd2141be1af630b456ec399711d909fb53a211843bb,gx-no-cache=1711457870006 HTTP/1.1" 200 30
190.171.141.82 - - [26/Mar/2024:10:00:54 -0300] "POST /cormun/servlet/solicitudotadjuntos?9ff702144a9064e2ad7d70e7a3934d64,INS,2024,21099,,1, HTTP/1.1" 200 116
190.171.141.82 - - [26/Mar/2024:10:00:54 -0300] "GET /cormun/servlet/hpexe_return? HTTP/1.1" 200 1019
190.171.141.82 - - [26/Mar/2024:10:00:54 -0300] "GET /cormun/servlet/trsolicitudadjuntos?2024,21099, HTTP/1.1" 200 9906
181.212.47.137 - - [26/Mar/2024:10:00:55 -0300] "GET /cormun/servlet/trsolicitudgral? HTTP/1.1" 200 9697
190.171.141.82 - - [26/Mar/2024:10:00:57 -0300] "GET /cormun/servlet/solicitudotadjuntos?INS,2024,21099,,1, HTTP/1.1" 200 6360
190.171.141.82 - - [26/Mar/2024:10:00:57 -0300] "GET /cormun/static/about:blank HTTP/1.1" 404 1011
190.171.141.82 - - [26/Mar/2024:10:00:58 -0300] "GET /cormun/servlet/solicitudotadjuntos?4c28f3386417393bd4b57dd2141be1afe2bd71bf5521e317c84bd219f3bf1acc0808e34f49f169b809f93919390b84ad,gx-no-cache=1711457873519 HTTP/1.1" 200 30
190.171.141.82 - - [26/Mar/2024:10:00:58 -0300] "POST /cormun/servlet/solicitudotadjuntos?9ff702144a9064e2ad7d70e7a3934d64,INS,2024,21099,,1,,gx-no-cache=1711457873538 HTTP/1.1" 200 4174
190.171.141.82 - - [26/Mar/2024:10:00:59 -0300] "POST /cormun/servlet/solicitudotadjuntos?gx-no-cache=1711457875503 HTTP/1.1" 200 26
181.212.47.137 - - [26/Mar/2024:10:01:03 -0300] "POST /cormun/servlet/trsolicitudgral?8289079facef3267739b074a3b64e621,,gx-no-cache=1711457860278 HTTP/1.1" 200 25828
181.212.47.137 - - [26/Mar/2024:10:01:08 -0300] "POST /cormun/servlet/trsolicitudgral?8289079facef3267739b074a3b64e621,,gx-no-cache=1711457866041 HTTP/1.1" 200 7335
181.212.47.137 - - [26/Mar/2024:10:01:16 -0300] "GET /cormun/servlet/vesolicitudgral?2024,21092,, HTTP/1.1" 200 8389
181.212.47.137 - - [26/Mar/2024:10:01:16 -0300] "GET /cormun/pexe_scrolldiv.js HTTP/1.1" 404 1009
190.171.142.10 - - [26/Mar/2024:10:01:21 -0300] "GET /cormun/servlet/prbanco?,MD,,gxPopupLevel%3D0%3B HTTP/1.1" 200 6538
190.171.141.82 - - [26/Mar/2024:10:01:28 -0300] "GET /cormun/servlet/solicitudotadjuntos?4c28f3386417393bd4b57dd2141be1af630b456ec399711d909fb53a211843bb,gx-no-cache=1711457903967 HTTP/1.1" 200 30
190.171.141.82 - - [26/Mar/2024:10:01:28 -0300] "GET /cormun/servlet/solicitudotadjuntos?4c28f3386417393bd4b57dd2141be1af630b456ec399711d909fb53a211843bb,gx-no-cache=1711457903988 HTTP/1.1" 200 30
190.171.141.82 - - [26/Mar/2024:10:01:28 -0300] "POST /cormun/servlet/solicitudotadjuntos?9ff702144a9064e2ad7d70e7a3934d64,INS,2024,21099,,1, HTTP/1.1" 200 116
190.171.141.82 - - [26/Mar/2024:10:01:28 -0300] "GET /cormun/servlet/hpexe_return? HTTP/1.1" 200 1019
190.171.142.10 - - [26/Mar/2024:10:01:28 -0300] "GET /cormun/servlet/solicitudot?be891f9fe5a422829deb55df2dea892e7a7fbe6d16fb2aef4710b0f66f55357a,gx-no-cache=1711457903605 HTTP/1.1" 200 53
190.171.141.82 - - [26/Mar/2024:10:01:28 -0300] "GET /cormun/servlet/trsolicitudadjuntos?2024,21099, HTTP/1.1" 200 10124
190.171.141.82 - - [26/Mar/2024:10:01:31 -0300] "GET /cormun/servlet/solicitudotadjuntos?INS,2024,21099,,1, HTTP/1.1" 200 6359
190.171.141.82 - - [26/Mar/2024:10:01:31 -0300] "GET /cormun/static/about:blank HTTP/1.1" 404 1011
190.171.141.82 - - [26/Mar/2024:10:01:31 -0300] "GET /cormun/servlet/solicitudotadjuntos?4c28f3386417393bd4b57dd2141be1afe2bd71bf5521e317c84bd219f3bf1acc0808e34f49f169b809f93919390b84ad,gx-no-cache=1711457907274 HTTP/1.1" 200 30
190.171.141.82 - - [26/Mar/2024:10:01:31 -0300] "POST /cormun/servlet/solicitudotadjuntos?9ff702144a9064e2ad7d70e7a3934d64,INS,2024,21099,,1,,gx-no-cache=1711457907291 HTTP/1.1" 200 4174
190.171.141.82 - - [26/Mar/2024:10:01:33 -0300] "POST /cormun/servlet/solicitudotadjuntos?gx-no-cache=1711457908680 HTTP/1.1" 200 26
190.171.141.82 - - [26/Mar/2024:10:01:40 -0300] "GET /cormun/servlet/solicitudotadjuntos?4c28f3386417393bd4b57dd2141be1af630b456ec399711d909fb53a211843bb,gx-no-cache=1711457916487 HTTP/1.1" 200 30
190.171.141.82 - - [26/Mar/2024:10:01:40 -0300] "GET /cormun/servlet/solicitudotadjuntos?4c28f3386417393bd4b57dd2141be1af630b456ec399711d909fb53a211843bb,gx-no-cache=1711457916502 HTTP/1.1" 200 30
190.171.141.82 - - [26/Mar/2024:10:01:41 -0300] "POST /cormun/servlet/solicitudotadjuntos?9ff702144a9064e2ad7d70e7a3934d64,INS,2024,21099,,1, HTTP/1.1" 200 116
190.171.141.82 - - [26/Mar/2024:10:01:41 -0300] "GET /cormun/servlet/hpexe_return? HTTP/1.1" 200 1019
190.171.141.82 - - [26/Mar/2024:10:01:41 -0300] "GET /cormun/servlet/trsolicitudadjuntos?2024,21099, HTTP/1.1" 200 10431
190.171.141.82 - - [26/Mar/2024:10:01:46 -0300] "POST /cormun/servlet/trsolicitudadjuntos?9ff702144a9064e2ad7d70e7a3934d64,2024,21099,,gx-no-cache=1711457921529 HTTP/1.1" 200 90
190.171.141.82 - - [26/Mar/2024:10:01:46 -0300] "GET /cormun/servlet/hpexe_link HTTP/1.1" 200 962
190.171.141.82 - - [26/Mar/2024:10:01:46 -0300] "GET /cormun/servlet/trsolicitudot HTTP/1.1" 200 8945
190.171.141.82 - - [26/Mar/2024:10:01:50 -0300] "POST /cormun/servlet/trsolicitudot?9ff702144a9064e2ad7d70e7a3934d64,gx-no-cache=1711457926362 HTTP/1.1" 200 6125
190.171.141.82 - - [26/Mar/2024:10:01:50 -0300] "GET /cormun/static/Shared/jqueryui/images/ui-bg_flat_55_fafafa_40x100.png HTTP/1.1" 404 1097
190.171.141.82 - - [26/Mar/2024:10:01:50 -0300] "GET /cormun/static/Shared/jqueryui/images/ui-icons_8d78a5_256x240.png HTTP/1.1" 404 1089
190.171.141.82 - - [26/Mar/2024:10:01:56 -0300] "POST /cormun/servlet/trsolicitudot?9ff702144a9064e2ad7d70e7a3934d64,gx-no-cache=1711457932272 HTTP/1.1" 200 6124
190.171.141.82 - - [26/Mar/2024:10:02:04 -0300] "POST /cormun/servlet/trsolicitudot?9ff702144a9064e2ad7d70e7a3934d64,gx-no-cache=1711457940389 HTTP/1.1" 200 107
190.171.141.82 - - [26/Mar/2024:10:02:05 -0300] "GET /cormun/servlet/trsolicitudadjuntos?2024,21099, HTTP/1.1" 200 10428
190.171.141.82 - - [26/Mar/2024:10:02:06 -0300] "GET /cormun/servlet/solicitudotadjuntos?INS,2024,21099,,1, HTTP/1.1" 200 6359
190.171.141.82 - - [26/Mar/2024:10:02:07 -0300] "GET /cormun/static/about:blank HTTP/1.1" 404 1011
190.171.141.82 - - [26/Mar/2024:10:02:07 -0300] "GET /cormun/servlet/solicitudotadjuntos?4c28f3386417393bd4b57dd2141be1afe2bd71bf5521e317c84bd219f3bf1acc0808e34f49f169b809f93919390b84ad,gx-no-cache=1711457943098 HTTP/1.1" 200 30
190.171.141.82 - - [26/Mar/2024:10:02:07 -0300] "POST /cormun/servlet/solicitudotadjuntos?9ff702144a9064e2ad7d70e7a3934d64,INS,2024,21099,,1,,gx-no-cache=1711457943116 HTTP/1.1" 200 4174
190.171.142.10 - - [26/Mar/2024:10:02:10 -0300] "GET /cormun/servlet/prrenuncias?,MD,,gxPopupLevel%3D0%3B HTTP/1.1" 200 5911
190.171.141.82 - - [26/Mar/2024:10:02:20 -0300] "POST /cormun/servlet/solicitudotadjuntos?gx-no-cache=1711457955960 HTTP/1.1" 200 26
190.171.141.82 - - [26/Mar/2024:10:02:23 -0300] "GET /cormun/servlet/solicitudotadjuntos?4c28f3386417393bd4b57dd2141be1af630b456ec399711d909fb53a211843bb,gx-no-cache=1711457959503 HTTP/1.1" 200 30
190.171.141.82 - - [26/Mar/2024:10:02:24 -0300] "GET /cormun/servlet/solicitudotadjuntos?4c28f3386417393bd4b57dd2141be1af630b456ec399711d909fb53a211843bb,gx-no-cache=1711457959523 HTTP/1.1" 200 30
190.171.141.82 - - [26/Mar/2024:10:02:24 -0300] "POST /cormun/servlet/solicitudotadjuntos?9ff702144a9064e2ad7d70e7a3934d64,INS,2024,21099,,1, HTTP/1.1" 200 116
190.171.141.82 - - [26/Mar/2024:10:02:24 -0300] "GET /cormun/servlet/hpexe_return? HTTP/1.1" 200 1019
190.171.141.82 - - [26/Mar/2024:10:02:24 -0300] "GET /cormun/servlet/trsolicitudadjuntos?2024,21099, HTTP/1.1" 200 10579
190.171.141.82 - - [26/Mar/2024:10:02:27 -0300] "POST /cormun/servlet/trsolicitudadjuntos?9ff702144a9064e2ad7d70e7a3934d64,2024,21099,,gx-no-cache=1711457962609 HTTP/1.1" 200 90
190.171.141.82 - - [26/Mar/2024:10:02:27 -0300] "GET /cormun/servlet/hpexe_link HTTP/1.1" 200 983
190.171.141.82 - - [26/Mar/2024:10:02:27 -0300] "GET /cormun/servlet/trsolicitudot?gx-no-cache=1711457932272 HTTP/1.1" 200 8945
190.171.141.82 - - [26/Mar/2024:10:02:31 -0300] "POST /cormun/servlet/trsolicitudot?9ff702144a9064e2ad7d70e7a3934d64,gx-no-cache=1711457932272,gx-no-cache=1711457966993 HTTP/1.1" 200 4848
190.171.141.82 - - [26/Mar/2024:10:02:31 -0300] "POST /cormun/servlet/trsolicitudot?9ff702144a9064e2ad7d70e7a3934d64,gx-no-cache=1711457932272,gx-no-cache=1711457967100 HTTP/1.1" 200 4602
190.171.141.82 - - [26/Mar/2024:10:02:33 -0300] "GET /cormun/servlet/trautorizarsolicitud? HTTP/1.1" 200 8858
190.171.141.82 - - [26/Mar/2024:10:02:34 -0300] "GET /cormun/static/gxcfg.js?202211298474254 HTTP/1.1" 200 953
190.171.141.82 - - [26/Mar/2024:10:02:34 -0300] "GET /cormun/static/trautorizarsolicitud.js?202211298474588 HTTP/1.1" 200 53909
190.171.141.82 - - [26/Mar/2024:10:02:40 -0300] "POST /cormun/servlet/trautorizarsolicitud?9ff702144a9064e2ad7d70e7a3934d64,,gx-no-cache=1711457976321 HTTP/1.1" 200 4788
190.171.141.82 - - [26/Mar/2024:10:02:40 -0300] "POST /cormun/servlet/trautorizarsolicitud?9ff702144a9064e2ad7d70e7a3934d64,,gx-no-cache=1711457976432 HTTP/1.1" 200 4543
190.171.141.82 - - [26/Mar/2024:10:02:45 -0300] "POST /cormun/servlet/trautorizarsolicitud?9ff702144a9064e2ad7d70e7a3934d64,,gx-no-cache=1711457981288 HTTP/1.1" 200 7357
190.171.142.10 - - [26/Mar/2024:10:02:49 -0300] "GET /cormun/servlet/solicitudot?be891f9fe5a422829deb55df2dea892eb8b87cfcea5df56b69b24f55677ff2624c53c99723edeaf083322cbb06dda076472db81f412adf01cd976ed3e3f654996265ee5ec0f0cb7991d5480864db95112615249e269a2e10f9b389f0df23a1c13372112455066e4ace3ca5911d26cfb6bb06e977a33701860fdc232779e3d525510fe9f61dc4255469b799c414a8e35318accee07db438e716c361495928af1d129cc4a11f3e004a2b8de152d9736cecbf3e74129736e1993ee800bd13324b74e9971391ba5aae935c833a0ebec552ad2da8fc5309a403d2bb79602b5046e3fafc414b7bbb5b1d885eee940643ed9ac538fb02801fe2ba329ea2dc097fec82c85ca0c94a6e553ff9e54a3491da46067cc0bc27e4ff8b51bff08be9110b2a8295976da7d962342d6a4674eafd8f414ad5b59df3961bf621f93a83f53fc22922163e3786b5a76ac3ae82cd7d1a094a5c77ebb339648930ee74f086d1fc6ad3fb99179b1ea3154834542460036c2a18fd388c50803e6688eda75000df55b4f062ac,gx-no-cache=1711457984022 HTTP/1.1" 200 30
190.171.141.82 - - [26/Mar/2024:10:02:51 -0300] "POST /cormun/servlet/trautorizarsolicitud?9ff702144a9064e2ad7d70e7a3934d64,,gx-no-cache=1711457987369 HTTP/1.1" 200 7371
190.171.142.10 - - [26/Mar/2024:10:03:04 -0300] "POST /cormun/servlet/solicitudot?gx-no-cache=1711457998944 HTTP/1.1" 200 30
190.171.142.10 - - [26/Mar/2024:10:03:06 -0300] "POST /cormun/servlet/solicitudot?gx-no-cache=1711458001733 HTTP/1.1" 200 30
190.171.141.82 - - [26/Mar/2024:10:03:12 -0300] "POST /cormun/servlet/trautorizarsolicitud?9ff702144a9064e2ad7d70e7a3934d64,,gx-no-cache=1711458008336 HTTP/1.1" 200 7372
190.171.141.82 - - [26/Mar/2024:10:03:28 -0300] "POST /cormun/servlet/trautorizarsolicitud?9ff702144a9064e2ad7d70e7a3934d64,,gx-no-cache=1711458024159 HTTP/1.1" 200 7372
190.171.141.82 - - [26/Mar/2024:10:03:29 -0300] "POST /cormun/servlet/trautorizarsolicitud?9ff702144a9064e2ad7d70e7a3934d64,,gx-no-cache=1711458025345 HTTP/1.1" 200 7373
190.171.142.10 - - [26/Mar/2024:10:03:34 -0300] "POST /cormun/servlet/solicitudot?gx-no-cache=1711458029292 HTTP/1.1" 200 1474
190.171.142.10 - - [26/Mar/2024:10:03:34 -0300] "POST /cormun/servlet/solicitudot?gx-no-cache=1711458029331 HTTP/1.1" 200 41
190.171.142.10 - - [26/Mar/2024:10:03:34 -0300] "GET /cormun/servlet/solicitudot?be891f9fe5a422829deb55df2dea892ec7637db56c20bae73e0f9b2703f9a02fb2302843f85d0caf9f56b4d90252d33592e0c487f98ee21c460eb6ab3a53813460623cdab0ca2f6ffeaa60f3b7d98a4cd9ada05323979d603e3a083ba23be60af2bbfaf1a6dd1a30e05b2d7ff58bf2f0,gx-no-cache=1711458029348 HTTP/1.1" 200 110
190.171.142.10 - - [26/Mar/2024:10:03:34 -0300] "POST /cormun/servlet/solicitudot?gx-no-cache=1711458029365 HTTP/1.1" 200 97
190.171.142.10 - - [26/Mar/2024:10:03:34 -0300] "GET /cormun/servlet/solicitudot?be891f9fe5a422829deb55df2dea892e32c2a0a6a68bec8b7223543f5f69440cb9087cef05f173eb086e64a8998af931,gx-no-cache=1711458029386 HTTP/1.1" 200 30
190.171.142.10 - - [26/Mar/2024:10:03:34 -0300] "POST /cormun/servlet/solicitudot?gx-no-cache=1711458029403 HTTP/1.1" 200 30
190.171.142.10 - - [26/Mar/2024:10:03:34 -0300] "POST /cormun/servlet/solicitudot?ce2c1e60b33afeb20b87986e57af473a,INS,0,0,false,,gx-no-cache=1711458029422 HTTP/1.1" 200 93
190.171.142.10 - - [26/Mar/2024:10:03:34 -0300] "GET /cormun/servlet/hpexe_return? HTTP/1.1" 200 1013
190.171.142.10 - - [26/Mar/2024:10:03:34 -0300] "GET /cormun/servlet/trsolicitudot HTTP/1.1" 200 9748
190.171.141.82 - - [26/Mar/2024:10:03:35 -0300] "GET /cormun/servlet/trsolicitudot? HTTP/1.1" 200 7529
190.171.141.82 - - [26/Mar/2024:10:03:39 -0300] "GET /cormun/servlet/solicitudot?INS,0,0,false, HTTP/1.1" 200 16291
190.171.142.10 - - [26/Mar/2024:10:03:52 -0300] "GET /cormun/servlet/solicitudot?INS,0,0,false, HTTP/1.1" 200 16185
190.171.142.10 - - [26/Mar/2024:10:03:55 -0300] "GET /cormun/servlet/trsolicitudot HTTP/1.1" 200 9748
190.171.141.82 - - [26/Mar/2024:10:03:55 -0300] "POST /cormun/servlet/solicitudot?gx-no-cache=1711458051300 HTTP/1.1" 200 4022
190.171.141.82 - - [26/Mar/2024:10:03:56 -0300] "POST /cormun/servlet/solicitudot?9ff702144a9064e2ad7d70e7a3934d64,INS,0,0,false,,gx-no-cache=1711458051469 HTTP/1.1" 200 12866
190.171.141.82 - - [26/Mar/2024:10:03:58 -0300] "GET /cormun/servlet/solicitudot?4c28f3386417393bd4b57dd2141be1af1daf57dd859248c6ec4122ce02a40435e22aad8e5604d9cc42780762ff1c68fa,gx-no-cache=1711458053825 HTTP/1.1" 200 30
190.171.142.10 - - [26/Mar/2024:10:03:58 -0300] "POST /cormun/servlet/trsolicitudot?ce2c1e60b33afeb20b87986e57af473a,gx-no-cache=1711458053787 HTTP/1.1" 200 6994
190.171.142.10 - - [26/Mar/2024:10:03:59 -0300] "GET /cormun/static/Shared/jqueryui/images/ui-bg_highlight-soft_100_c6c2c8_1x100.png HTTP/1.1" 404 1117
190.171.142.10 - - [26/Mar/2024:10:03:59 -0300] "GET /cormun/static/Shared/jqueryui/images/ui-icons_82798d_256x240.png HTTP/1.1" 404 1089
190.171.142.10 - - [26/Mar/2024:10:03:59 -0300] "GET /cormun/static/Shared/jqueryui/images/ui-bg_flat_55_fafafa_40x100.png HTTP/1.1" 404 1097
190.171.142.10 - - [26/Mar/2024:10:03:59 -0300] "GET /cormun/static/Shared/jqueryui/images/ui-icons_8d78a5_256x240.png HTTP/1.1" 404 1089
190.171.142.10 - - [26/Mar/2024:10:04:05 -0300] "POST /cormun/servlet/trsolicitudot?ce2c1e60b33afeb20b87986e57af473a,gx-no-cache=1711458059951 HTTP/1.1" 200 6993
190.171.142.10 - - [26/Mar/2024:10:04:10 -0300] "POST /cormun/servlet/trsolicitudot?ce2c1e60b33afeb20b87986e57af473a,gx-no-cache=1711458064962 HTTP/1.1" 200 6994
190.171.142.10 - - [26/Mar/2024:10:04:17 -0300] "GET /cormun/servlet/solicitudot?INS,0,0,false, HTTP/1.1" 200 16185
190.171.142.10 - - [26/Mar/2024:10:04:20 -0300] "GET /cormun/servlet/trsolicitudot HTTP/1.1" 200 9743
190.171.142.10 - - [26/Mar/2024:10:04:24 -0300] "POST /cormun/servlet/trsolicitudot?ce2c1e60b33afeb20b87986e57af473a,gx-no-cache=1711458078936 HTTP/1.1" 200 111
190.171.142.10 - - [26/Mar/2024:10:04:24 -0300] "GET /cormun/servlet/solicitudot?UPD,2024,21100,false, HTTP/1.1" 200 16823
