190.95.15.15 - - [26/Mar/2024:10:30:08 -0300] "GET /cormun/servlet/solicitudotadjuntos?96becd68ec21f36b17e79695d839459043b94c1a27990b4c283ebf3f85de6de67ac4550709643df8f82ab4508c698664,gx-no-cache=1711459622660 HTTP/1.1" 200 30
190.95.15.15 - - [26/Mar/2024:10:30:08 -0300] "POST /cormun/servlet/solicitudotadjuntos?11769a04c1ad05cd2d882deea742a16b,INS,2024,21104,,1,,gx-no-cache=1711459622671 HTTP/1.1" 200 3909
190.95.15.15 - - [26/Mar/2024:10:30:10 -0300] "POST /cormun/servlet/solicitudotadjuntos?gx-no-cache=1711459625095 HTTP/1.1" 200 26
190.95.15.15 - - [26/Mar/2024:10:30:18 -0300] "GET /cormun/servlet/solicitudotadjuntos?96becd68ec21f36b17e79695d83945906f4c7912a94bb49ac4451e4b2d4d3513,gx-no-cache=1711459632814 HTTP/1.1" 200 30
190.95.15.15 - - [26/Mar/2024:10:30:18 -0300] "GET /cormun/servlet/solicitudotadjuntos?96becd68ec21f36b17e79695d83945906f4c7912a94bb49ac4451e4b2d4d3513,gx-no-cache=1711459632824 HTTP/1.1" 200 30
190.95.15.15 - - [26/Mar/2024:10:30:18 -0300] "POST /cormun/servlet/solicitudotadjuntos?11769a04c1ad05cd2d882deea742a16b,INS,2024,21104,,1, HTTP/1.1" 200 116
190.95.15.15 - - [26/Mar/2024:10:30:18 -0300] "GET /cormun/servlet/hpexe_return? HTTP/1.1" 200 1029
190.95.15.15 - - [26/Mar/2024:10:30:18 -0300] "GET /cormun/servlet/trsolicitudadjuntos?2024,21104, HTTP/1.1" 200 9251
190.95.15.15 - - [26/Mar/2024:10:30:21 -0300] "GET /cormun/servlet/solicitudotadjuntos?INS,2024,21104,,1, HTTP/1.1" 200 6033
190.95.15.15 - - [26/Mar/2024:10:30:21 -0300] "GET /cormun/static/about:blank HTTP/1.1" 404 1011
190.95.15.15 - - [26/Mar/2024:10:30:21 -0300] "GET /cormun/servlet/solicitudotadjuntos?96becd68ec21f36b17e79695d839459043b94c1a27990b4c283ebf3f85de6de67ac4550709643df8f82ab4508c698664,gx-no-cache=1711459636347 HTTP/1.1" 200 30
190.95.15.15 - - [26/Mar/2024:10:30:21 -0300] "POST /cormun/servlet/solicitudotadjuntos?11769a04c1ad05cd2d882deea742a16b,INS,2024,21104,,1,,gx-no-cache=1711459636359 HTTP/1.1" 200 3909
190.95.15.15 - - [26/Mar/2024:10:30:25 -0300] "POST /cormun/servlet/solicitudotadjuntos?gx-no-cache=1711459639655 HTTP/1.1" 200 26
190.95.15.15 - - [26/Mar/2024:10:30:32 -0300] "GET /cormun/servlet/solicitudotadjuntos?96becd68ec21f36b17e79695d83945906f4c7912a94bb49ac4451e4b2d4d3513,gx-no-cache=1711459646865 HTTP/1.1" 200 30
190.95.15.15 - - [26/Mar/2024:10:30:32 -0300] "GET /cormun/servlet/solicitudotadjuntos?96becd68ec21f36b17e79695d83945906f4c7912a94bb49ac4451e4b2d4d3513,gx-no-cache=1711459646876 HTTP/1.1" 200 30
190.95.15.15 - - [26/Mar/2024:10:30:32 -0300] "POST /cormun/servlet/solicitudotadjuntos?11769a04c1ad05cd2d882deea742a16b,INS,2024,21104,,1, HTTP/1.1" 200 116
190.95.15.15 - - [26/Mar/2024:10:30:32 -0300] "GET /cormun/servlet/hpexe_return? HTTP/1.1" 200 1029
190.95.15.15 - - [26/Mar/2024:10:30:32 -0300] "GET /cormun/servlet/trsolicitudadjuntos?2024,21104, HTTP/1.1" 200 9464
190.95.15.15 - - [26/Mar/2024:10:30:38 -0300] "GET /cormun/servlet/solicitudotadjuntos?INS,2024,21104,,1, HTTP/1.1" 200 6033
190.95.15.15 - - [26/Mar/2024:10:30:38 -0300] "GET /cormun/static/about:blank HTTP/1.1" 404 1011
190.95.15.15 - - [26/Mar/2024:10:30:38 -0300] "GET /cormun/servlet/solicitudotadjuntos?96becd68ec21f36b17e79695d839459043b94c1a27990b4c283ebf3f85de6de67ac4550709643df8f82ab4508c698664,gx-no-cache=1711459653551 HTTP/1.1" 200 30
190.95.15.15 - - [26/Mar/2024:10:30:39 -0300] "POST /cormun/servlet/solicitudotadjuntos?11769a04c1ad05cd2d882deea742a16b,INS,2024,21104,,1,,gx-no-cache=1711459653564 HTTP/1.1" 200 3909
190.95.15.15 - - [26/Mar/2024:10:30:41 -0300] "POST /cormun/servlet/solicitudotadjuntos?gx-no-cache=1711459656186 HTTP/1.1" 200 26
181.212.47.137 - - [26/Mar/2024:10:30:45 -0300] "GET /cormun/servlet/vesolicitudgral?2024,21101,, HTTP/1.1" 200 8393
181.212.47.137 - - [26/Mar/2024:10:30:45 -0300] "GET /cormun/pexe_scrolldiv.js HTTP/1.1" 404 1009
190.95.15.15 - - [26/Mar/2024:10:30:48 -0300] "GET /cormun/servlet/solicitudotadjuntos?96becd68ec21f36b17e79695d83945906f4c7912a94bb49ac4451e4b2d4d3513,gx-no-cache=1711459663545 HTTP/1.1" 200 30
190.95.15.15 - - [26/Mar/2024:10:30:49 -0300] "GET /cormun/servlet/solicitudotadjuntos?96becd68ec21f36b17e79695d83945906f4c7912a94bb49ac4451e4b2d4d3513,gx-no-cache=1711459663558 HTTP/1.1" 200 30
190.95.15.15 - - [26/Mar/2024:10:30:49 -0300] "POST /cormun/servlet/solicitudotadjuntos?11769a04c1ad05cd2d882deea742a16b,INS,2024,21104,,1, HTTP/1.1" 200 116
190.95.15.15 - - [26/Mar/2024:10:30:49 -0300] "GET /cormun/servlet/hpexe_return? HTTP/1.1" 200 1029
190.95.15.15 - - [26/Mar/2024:10:30:50 -0300] "GET /cormun/servlet/trsolicitudadjuntos?2024,21104, HTTP/1.1" 200 9741
190.171.152.138 - - [26/Mar/2024:10:30:51 -0300] "GET /cormun/servlet/solicitudot?6f033861d65ce3fc62460d38670ac7ca2806495bb28e31b03a5c40e0d4e60fe582abfbcd996961838e8247a00fef04888261a311c87b48dd44f8c26614941a08,gx-no-cache=1711463216004 HTTP/1.1" 200 30
190.95.15.15 - - [26/Mar/2024:10:30:54 -0300] "GET /cormun/servlet/solicitudotadjuntos?INS,2024,21104,,1, HTTP/1.1" 200 6033
190.95.15.15 - - [26/Mar/2024:10:30:54 -0300] "GET /cormun/static/about:blank HTTP/1.1" 404 1011
190.171.152.138 - - [26/Mar/2024:10:30:54 -0300] "GET /cormun/servlet/solicitudot?6f033861d65ce3fc62460d38670ac7cafaa6d747ba93cdf5f2a0d2b44e8c7186,gx-no-cache=1711463219251 HTTP/1.1" 200 53
190.95.15.15 - - [26/Mar/2024:10:30:55 -0300] "GET /cormun/servlet/solicitudotadjuntos?96becd68ec21f36b17e79695d839459043b94c1a27990b4c283ebf3f85de6de67ac4550709643df8f82ab4508c698664,gx-no-cache=1711459669580 HTTP/1.1" 200 30
190.95.15.15 - - [26/Mar/2024:10:30:55 -0300] "POST /cormun/servlet/solicitudotadjuntos?11769a04c1ad05cd2d882deea742a16b,INS,2024,21104,,1,,gx-no-cache=1711459669592 HTTP/1.1" 200 3909
190.95.15.15 - - [26/Mar/2024:10:30:57 -0300] "POST /cormun/servlet/solicitudotadjuntos?gx-no-cache=1711459672193 HTTP/1.1" 200 26
190.171.152.138 - - [26/Mar/2024:10:31:00 -0300] "GET /cormun/servlet/trlicencias? HTTP/1.1" 200 9043
190.95.15.15 - - [26/Mar/2024:10:31:05 -0300] "GET /cormun/servlet/solicitudotadjuntos?96becd68ec21f36b17e79695d83945906f4c7912a94bb49ac4451e4b2d4d3513,gx-no-cache=1711459679824 HTTP/1.1" 200 30
190.95.15.15 - - [26/Mar/2024:10:31:05 -0300] "GET /cormun/servlet/solicitudotadjuntos?96becd68ec21f36b17e79695d83945906f4c7912a94bb49ac4451e4b2d4d3513,gx-no-cache=1711459679835 HTTP/1.1" 200 30
190.95.15.15 - - [26/Mar/2024:10:31:05 -0300] "POST /cormun/servlet/solicitudotadjuntos?11769a04c1ad05cd2d882deea742a16b,INS,2024,21104,,1, HTTP/1.1" 200 116
190.95.15.15 - - [26/Mar/2024:10:31:05 -0300] "GET /cormun/servlet/hpexe_return? HTTP/1.1" 200 1029
190.95.15.15 - - [26/Mar/2024:10:31:05 -0300] "GET /cormun/servlet/trsolicitudadjuntos?2024,21104, HTTP/1.1" 200 10029
190.95.15.15 - - [26/Mar/2024:10:31:08 -0300] "GET /cormun/servlet/solicitudotadjuntos?INS,2024,21104,,1, HTTP/1.1" 200 6033
190.95.15.15 - - [26/Mar/2024:10:31:08 -0300] "GET /cormun/static/about:blank HTTP/1.1" 404 1011
190.95.15.15 - - [26/Mar/2024:10:31:08 -0300] "GET /cormun/servlet/solicitudotadjuntos?96becd68ec21f36b17e79695d839459043b94c1a27990b4c283ebf3f85de6de67ac4550709643df8f82ab4508c698664,gx-no-cache=1711459683411 HTTP/1.1" 200 30
190.95.15.15 - - [26/Mar/2024:10:31:08 -0300] "POST /cormun/servlet/solicitudotadjuntos?11769a04c1ad05cd2d882deea742a16b,INS,2024,21104,,1,,gx-no-cache=1711459683423 HTTP/1.1" 200 3909
190.171.152.138 - - [26/Mar/2024:10:31:11 -0300] "POST /cormun/servlet/solicitudot?gx-no-cache=1711463236135 HTTP/1.1" 200 255
190.95.15.15 - - [26/Mar/2024:10:31:11 -0300] "POST /cormun/servlet/solicitudotadjuntos?gx-no-cache=1711459686352 HTTP/1.1" 200 26
190.171.152.138 - - [26/Mar/2024:10:31:13 -0300] "GET /cormun/servlet/solicitudot?6f033861d65ce3fc62460d38670ac7ca0f5a8e975bf11cf479f0d1fb555481a716ef2cacc5b27f393a0a5a89d8c333cb5fba5e62fff705fe21a5a6aec8552804a1b89a85d5c33dd016917ce21713eff6b0ed0c36b385e3868413fe93dde649b751b925417c15a42425a642ac8015e6b4e0c950ddd1b0f706e42eb6ed125ec6683924742a0c22da8b3230dc464036daec0d1618fe57bf78b6faac5a560dff426130fd11bd31c3615b182c81266df42d9d13105ab60400e08513b446d9a8bb6d85d2eb5d5efbbe5463bf281b9077ec4b7d06010ff5edf15fea4c1ab257825821292477421df0bb649e2bc3c7a357df300d957a43bb38ef1f00a95538fbc6062fcb03da1c0279f1f31516358acc93dd9ff1c8d91072abd390d4932602ecd08631c287353f0a0578dcf9d9dbc9b417c79e6018d9463a26faca275603264c40e7d9ab3af7d91f2083112dcb47df153a168002382e43702bfbb583ae3d5bbf40e1dcff2f811b81b9bf4d169bc5d514a33e8a409604780cd63f60cfc5654fee263344bb,gx-no-cache=1711463237622 HTTP/1.1" 200 30
181.212.47.137 - - [26/Mar/2024:10:31:14 -0300] "GET /cormun/servlet/vesolicitudgral?2024,21101,,SolicitudOTAdjuntos HTTP/1.1" 200 11138
181.212.47.137 - - [26/Mar/2024:10:31:14 -0300] "GET /cormun/pexe_scrolldiv.js HTTP/1.1" 404 1009
181.212.47.137 - - [26/Mar/2024:10:31:15 -0300] "POST /cormun/servlet/acontrolpreferencessavestate?None,RRHH+DANIELA,true HTTP/1.1" 200 35
190.171.152.138 - - [26/Mar/2024:10:31:15 -0300] "POST /cormun/servlet/solicitudot?gx-no-cache=1711463240364 HTTP/1.1" 200 30
181.212.47.137 - - [26/Mar/2024:10:31:17 -0300] "GET /cormun/PublicTempStorage/afp7662208.pdf HTTP/1.1" 200 25638
190.171.152.138 - - [26/Mar/2024:10:31:18 -0300] "POST /cormun/servlet/solicitudot?gx-no-cache=1711463242651 HTTP/1.1" 200 1474
190.171.152.138 - - [26/Mar/2024:10:31:18 -0300] "POST /cormun/servlet/solicitudot?gx-no-cache=1711463242691 HTTP/1.1" 200 38
190.171.152.138 - - [26/Mar/2024:10:31:19 -0300] "GET /cormun/servlet/hlogin HTTP/1.1" 200 1733
181.212.47.137 - - [26/Mar/2024:10:31:51 -0300] "GET /cormun/servlet/vesolicitudgral?2024,21101,,SolicitudOTAdjuntos HTTP/1.1" 200 11138
181.212.47.137 - - [26/Mar/2024:10:31:52 -0300] "POST /cormun/servlet/acontrolpreferencessavestate?None,RRHH+DANIELA,true HTTP/1.1" 200 35
181.212.47.137 - - [26/Mar/2024:10:31:53 -0300] "GET /cormun/PublicTempStorage/fonasa2765081.pdf HTTP/1.1" 200 71810
190.171.152.138 - - [26/Mar/2024:10:32:04 -0300] "GET /cormun/servlet/solicitudot?6f033861d65ce3fc62460d38670ac7ca7223ba6e852b7401a930eb32ccb7c7537c422236ed1bfdb5459a0af4177a34eaf14729fa5f1c27f2bb1818f1d2aaee4c79f4be51bbb8cfb672e9b109944222526db44a40363e589c0e70ecd8804e9f2e3e3417c4f4a1614135f26bdc5fd7670c,gx-no-cache=1711463288758 HTTP/1.1" 200 110
181.212.47.137 - - [26/Mar/2024:10:32:04 -0300] "GET /cormun/servlet/vesolicitudgral?2024,21101,,SolicitudOTAdjuntos HTTP/1.1" 200 11136
181.212.47.137 - - [26/Mar/2024:10:32:05 -0300] "POST /cormun/servlet/acontrolpreferencessavestate?None,RRHH+DANIELA,true HTTP/1.1" 200 35
181.212.47.137 - - [26/Mar/2024:10:32:06 -0300] "GET /cormun/servlet/vesolicitudgral?2024,21101,,General HTTP/1.1" 200 8392
181.212.47.137 - - [26/Mar/2024:10:32:06 -0300] "GET /cormun/pexe_scrolldiv.js HTTP/1.1" 404 1009
190.171.152.138 - - [26/Mar/2024:10:32:07 -0300] "POST /cormun/servlet/solicitudot?gx-no-cache=1711463292175 HTTP/1.1" 200 97
190.171.152.138 - - [26/Mar/2024:10:32:17 -0300] "GET /cormun/servlet/solicitudot?6f033861d65ce3fc62460d38670ac7caf7ff028ac81dda29758ef60093e505adee38f7e33ff96b795301f7cf72280d9b6251407972d2483752344366487c8ca393c6197aeec884ee67898a6cb1ebc8eaf67e845c2199918ad20c0c3c878dcd0d0b98c0e2b496881b86494c3565c86961,gx-no-cache=1711463301970 HTTP/1.1" 200 29
190.171.152.138 - - [26/Mar/2024:10:32:17 -0300] "GET /cormun/static/menuarrow.gif HTTP/1.1" 404 1015
190.171.152.138 - - [26/Mar/2024:10:32:20 -0300] "GET /cormun/servlet/solicitudot?6f033861d65ce3fc62460d38670ac7cae1c8dee5a0f2e13881c1be104487743fc092b3eb716e10c32757a39b2c704021,gx-no-cache=1711463304777 HTTP/1.1" 200 30
181.212.47.137 - - [26/Mar/2024:10:32:22 -0300] "GET /cormun/servlet/vesolicitudgral?2024,21101,,SolicitudOTAdjuntos HTTP/1.1" 200 11139
181.212.47.137 - - [26/Mar/2024:10:32:22 -0300] "GET /cormun/pexe_scrolldiv.js HTTP/1.1" 404 1009
181.212.47.137 - - [26/Mar/2024:10:32:23 -0300] "POST /cormun/servlet/acontrolpreferencessavestate?None,RRHH+DANIELA,true HTTP/1.1" 200 35
181.212.47.137 - - [26/Mar/2024:10:32:26 -0300] "GET /cormun/PublicTempStorage/curriculum_daniela_olate6769712.pdf HTTP/1.1" 200 207521
190.171.152.138 - - [26/Mar/2024:10:32:26 -0300] "POST /cormun/servlet/solicitudot?gx-no-cache=1711463311507 HTTP/1.1" 200 30
190.171.152.138 - - [26/Mar/2024:10:32:27 -0300] "POST /cormun/servlet/solicitudot?49088ddaaaa7e3b89c9d330e2137ed0e,INS,0,0,false,,gx-no-cache=1711463311534 HTTP/1.1" 200 93
190.171.152.138 - - [26/Mar/2024:10:32:27 -0300] "GET /cormun/servlet/hpexe_return? HTTP/1.1" 200 1014
190.171.152.138 - - [26/Mar/2024:10:32:27 -0300] "GET /cormun/servlet/trsolicitudot HTTP/1.1" 200 10513
181.212.47.137 - - [26/Mar/2024:10:32:54 -0300] "GET /cormun/servlet/vesolicitudgral?2024,21101,,SolicitudOTAdjuntos HTTP/1.1" 200 11141
181.212.47.137 - - [26/Mar/2024:10:32:55 -0300] "POST /cormun/servlet/acontrolpreferencessavestate?None,RRHH+DANIELA,true HTTP/1.1" 200 35
181.212.47.137 - - [26/Mar/2024:10:32:55 -0300] "GET /cormun/servlet/vesolicitudgral?2024,21101,,General HTTP/1.1" 200 8392
181.212.47.137 - - [26/Mar/2024:10:32:55 -0300] "GET /cormun/pexe_scrolldiv.js HTTP/1.1" 404 1009
181.212.47.137 - - [26/Mar/2024:10:34:38 -0300] "GET /cormun/servlet/trsolicitudgral? HTTP/1.1" 200 8320
200.54.107.2 - - [26/Mar/2024:10:34:39 -0300] "GET /cormun/servlet/trautorizarsolicitud? HTTP/1.1" 200 6218
200.54.107.2 - - [26/Mar/2024:10:34:40 -0300] "GET /cormun/static/gxui/gxui-all.css?120300 HTTP/1.1" 200 2179
200.54.107.2 - - [26/Mar/2024:10:34:40 -0300] "GET /cormun/static/calendar-system.css?85620 HTTP/1.1" 200 5572
200.54.107.2 - - [26/Mar/2024:10:34:41 -0300] "GET /cormun/static/Shared/ext/resources/css/ext-all.css?215870 HTTP/1.1" 200 416045
181.212.47.137 - - [26/Mar/2024:10:34:42 -0300] "POST /cormun/servlet/trsolicitudgral?8289079facef3267739b074a3b64e621,,gx-no-cache=1711459879869 HTTP/1.1" 200 14405
200.54.107.2 - - [26/Mar/2024:10:34:42 -0300] "GET /cormun/static/Resources/Spanish/PXTools.css?8354383 HTTP/1.1" 200 100853
200.54.107.2 - - [26/Mar/2024:10:34:42 -0300] "GET /cormun/static/Shared/jqueryui/jquery-ui.min.css?1345370 HTTP/1.1" 200 30288
200.54.107.2 - - [26/Mar/2024:10:34:42 -0300] "GET /cormun/static/SmoothNavMenu/resources/ddsmoothmenu.css?1112540 HTTP/1.1" 200 2223
200.54.107.2 - - [26/Mar/2024:10:34:43 -0300] "GET /cormun/static/SmoothNavMenu/resources/ddsmoothmenu-v.css?1112540 HTTP/1.1" 200 1188
200.54.107.2 - - [26/Mar/2024:10:34:43 -0300] "GET /cormun/static/scaMessage/css/jquery.pnotify.default.css?1816380 HTTP/1.1" 200 1707
190.171.152.138 - - [26/Mar/2024:10:34:43 -0300] "POST /cormun/servlet/trsolicitudot?49088ddaaaa7e3b89c9d330e2137ed0e,gx-no-cache=1711463448252 HTTP/1.1" 200 107
190.171.152.138 - - [26/Mar/2024:10:34:43 -0300] "GET /cormun/servlet/trsolicitudadjuntos?2024,21087, HTTP/1.1" 200 6341
190.171.152.138 - - [26/Mar/2024:10:34:45 -0300] "GET /cormun/servlet/solicitudotadjuntos?INS,2024,21087,,1, HTTP/1.1" 200 6290
200.54.107.2 - - [26/Mar/2024:10:34:46 -0300] "GET /cormun/static/gxtimezone.js?85251 HTTP/1.1" 200 5781
200.54.107.2 - - [26/Mar/2024:10:34:46 -0300] "GET /cormun/static/gxcfg.js?202211298474254 HTTP/1.1" 200 953
200.54.107.2 - - [26/Mar/2024:10:34:46 -0300] "GET /cormun/static/calendar-setup.js?85251 HTTP/1.1" 200 2588
200.54.107.2 - - [26/Mar/2024:10:34:46 -0300] "GET /cormun/static/calendar.js?85251 HTTP/1.1" 200 26246
190.171.152.138 - - [26/Mar/2024:10:34:46 -0300] "GET /cormun/static/about:blank HTTP/1.1" 404 1011
200.54.107.2 - - [26/Mar/2024:10:34:46 -0300] "GET /cormun/static/gxgral.js?85251 HTTP/1.1" 200 384558
200.54.107.2 - - [26/Mar/2024:10:34:46 -0300] "GET /cormun/static/calendar-es.js?85251 HTTP/1.1" 200 1901
190.171.152.138 - - [26/Mar/2024:10:34:46 -0300] "GET /cormun/servlet/solicitudotadjuntos?6f033861d65ce3fc62460d38670ac7ca2dc951e4c3c3dc0f7fdbc9c45ac797cc5def1907d41a4e3352c562360481499b,gx-no-cache=1711463451370 HTTP/1.1" 200 30
190.171.152.138 - - [26/Mar/2024:10:34:46 -0300] "POST /cormun/servlet/solicitudotadjuntos?49088ddaaaa7e3b89c9d330e2137ed0e,INS,2024,21087,,1,,gx-no-cache=1711463451390 HTTP/1.1" 200 4151
200.54.107.2 - - [26/Mar/2024:10:34:46 -0300] "GET /cormun/static/gxui/gxui-all.js HTTP/1.1" 200 107772
200.54.107.2 - - [26/Mar/2024:10:34:46 -0300] "GET /cormun/static/RunJS/RunJS.js HTTP/1.1" 200 288
200.54.107.2 - - [26/Mar/2024:10:34:47 -0300] "GET /cormun/static/PXToolsJavascripts/pexe_autoreload.js HTTP/1.1" 200 1762
200.54.107.2 - - [26/Mar/2024:10:34:47 -0300] "GET /cormun/static/PXToolsJavascripts/pexe_cookies.js HTTP/1.1" 200 792
200.54.107.2 - - [26/Mar/2024:10:34:47 -0300] "GET /cormun/static/PXToolsJavascripts/pexe_windows.js HTTP/1.1" 200 15249
200.54.107.2 - - [26/Mar/2024:10:34:47 -0300] "GET /cormun/static/PXToolsJavascripts/pexe_griddivfix.js HTTP/1.1" 200 6946
200.54.107.2 - - [26/Mar/2024:10:34:47 -0300] "GET /cormun/static/PXToolsJavascripts/pexe_grid.js HTTP/1.1" 200 7559
200.54.107.2 - - [26/Mar/2024:10:34:47 -0300] "GET /cormun/static/Shared/ext/ext-all.js HTTP/1.1" 200 1289687
200.54.107.2 - - [26/Mar/2024:10:34:47 -0300] "GET /cormun/static/PXToolsJavascripts/pexe_link.js HTTP/1.1" 200 5671
200.54.107.2 - - [26/Mar/2024:10:34:48 -0300] "GET /cormun/static/PXToolsJavascripts/pexe_menudivfix.js HTTP/1.1" 200 333
200.54.107.2 - - [26/Mar/2024:10:34:48 -0300] "GET /cormun/static/PXToolsJavascripts/pexe_menus.js HTTP/1.1" 200 1286
200.54.107.2 - - [26/Mar/2024:10:34:48 -0300] "GET /cormun/static/PXToolsJavascripts/pexe_layers.js HTTP/1.1" 200 4114
200.54.107.2 - - [26/Mar/2024:10:34:48 -0300] "GET /cormun/static/PXToolsJavascripts/pexe_oav.js HTTP/1.1" 200 645
200.54.107.2 - - [26/Mar/2024:10:34:48 -0300] "GET /cormun/static/PXToolsJavascripts/pexe_oavdivfix.js HTTP/1.1" 200 639
200.54.107.2 - - [26/Mar/2024:10:34:48 -0300] "GET /cormun/static/PXToolsJavascripts/pexe_picture.js HTTP/1.1" 200 689
200.54.107.2 - - [26/Mar/2024:10:34:48 -0300] "GET /cormun/static/PXToolsJavascripts/pexe_popup.js HTTP/1.1" 200 15149
200.54.107.2 - - [26/Mar/2024:10:34:48 -0300] "GET /cormun/static/PXToolsJavascripts/pexe_scrolldiv.js HTTP/1.1" 200 4138
200.54.107.2 - - [26/Mar/2024:10:34:48 -0300] "GET /cormun/static/PXToolsJavascripts/pexe_tabdivfix.js HTTP/1.1" 200 898
200.54.107.2 - - [26/Mar/2024:10:34:48 -0300] "GET /cormun/static/PXToolsJavascripts/pexe_tabs.js HTTP/1.1" 200 3748
200.54.107.2 - - [26/Mar/2024:10:34:48 -0300] "GET /cormun/static/PXToolsJavascripts/pexe_upload.js HTTP/1.1" 200 1423
200.54.107.2 - - [26/Mar/2024:10:34:48 -0300] "GET /cormun/static/PXToolsJavascripts/PXToolsJavascriptsRender.js HTTP/1.1" 200 367
200.54.107.2 - - [26/Mar/2024:10:34:48 -0300] "GET /cormun/static/Resources/CormunMP2.png HTTP/1.1" 200 6878
200.54.107.2 - - [26/Mar/2024:10:34:48 -0300] "GET /cormun/static/Resources/ImgHome.png HTTP/1.1" 200 1364
200.54.107.2 - - [26/Mar/2024:10:34:49 -0300] "GET /cormun/static/Resources/ImgLogin.png HTTP/1.1" 200 1432
200.54.107.2 - - [26/Mar/2024:10:34:49 -0300] "GET /cormun/static/Resources/Llave.png HTTP/1.1" 200 1395
200.54.107.2 - - [26/Mar/2024:10:34:50 -0300] "GET /cormun/static/Resources/PXToolsGridFirstDisabled.gif HTTP/1.1" 200 100
200.54.107.2 - - [26/Mar/2024:10:34:50 -0300] "GET /cormun/static/Resources/PXToolsGridPreviousDisabled.gif HTTP/1.1" 200 90
200.54.107.2 - - [26/Mar/2024:10:34:50 -0300] "GET /cormun/static/Resources/PXToolsDataTitle.png HTTP/1.1" 200 1173
200.54.107.2 - - [26/Mar/2024:10:34:50 -0300] "GET /cormun/static/Resources/PXToolsGridNextDisabled.gif HTTP/1.1" 200 90
200.54.107.2 - - [26/Mar/2024:10:34:50 -0300] "GET /cormun/static/Resources/PXToolsGridLastDisabled.gif HTTP/1.1" 200 98
200.54.107.2 - - [26/Mar/2024:10:34:50 -0300] "GET /cormun/static/Resources/PXToolsGridPage.gif HTTP/1.1" 200 725
200.54.107.2 - - [26/Mar/2024:10:34:50 -0300] "GET /cormun/static/Resources/PXToolsActionExcel.png HTTP/1.1" 200 727
200.54.107.2 - - [26/Mar/2024:10:34:50 -0300] "GET /cormun/static/Shared/ext/locale/ext-lang-en.js HTTP/1.1" 200 10940
200.54.107.2 - - [26/Mar/2024:10:34:50 -0300] "GET /cormun/static/messages.spa.js?85251 HTTP/1.1" 200 30736
200.54.107.2 - - [26/Mar/2024:10:34:50 -0300] "GET /cormun/static/Resources/PXTools/calendar.png HTTP/1.1" 200 1306
200.54.107.2 - - [26/Mar/2024:10:34:50 -0300] "GET /cormun/static/gxdec.js?85251 HTTP/1.1" 200 19579
190.171.152.138 - - [26/Mar/2024:10:34:50 -0300] "POST /cormun/servlet/solicitudotadjuntos?gx-no-cache=1711463455408 HTTP/1.1" 200 26
200.54.107.2 - - [26/Mar/2024:10:34:51 -0300] "GET /cormun/static/trautorizarsolicitud.js?202211298474588 HTTP/1.1" 200 53909
200.54.107.2 - - [26/Mar/2024:10:34:51 -0300] "GET /cormun/static/hwchdr01.js?2022112219251119 HTTP/1.1" 200 996
200.54.107.2 - - [26/Mar/2024:10:34:51 -0300] "GET /cormun/static/hpexe_recentlink.js?20201214471090 HTTP/1.1" 200 2144
200.54.107.2 - - [26/Mar/2024:10:34:51 -0300] "GET /cormun/static/hpexe_scripts.js?20201214471411 HTTP/1.1" 200 1544
200.54.107.2 - - [26/Mar/2024:10:34:51 -0300] "GET /cormun/static/hpexe_messagecontroller.js?202211298371222 HTTP/1.1" 200 870
200.54.107.2 - - [26/Mar/2024:10:34:51 -0300] "GET /cormun/static/hpexe_messagepopupcomponent.js?2020121447232 HTTP/1.1" 200 605
200.54.107.2 - - [26/Mar/2024:10:34:51 -0300] "GET /cormun/static/hpexe_messagegenexuscomponent.js?20221129836373 HTTP/1.1" 200 587
200.54.107.2 - - [26/Mar/2024:10:34:51 -0300] "GET /cormun/static/cmcontrolpreferences.js?20199141926336 HTTP/1.1" 200 1375
200.54.107.2 - - [26/Mar/2024:10:34:51 -0300] "GET /cormun/static/Shared/jquery/jquery-1.4.2.min.js HTTP/1.1" 200 72174
200.54.107.2 - - [26/Mar/2024:10:34:51 -0300] "GET /cormun/static/Shared/jquery/jquery-1.10.2.min.js HTTP/1.1" 200 273199
200.54.107.2 - - [26/Mar/2024:10:34:51 -0300] "GET /cormun/static/SmoothNavMenu/resources/ddsmoothmenu.js HTTP/1.1" 200 12712
200.54.107.2 - - [26/Mar/2024:10:34:51 -0300] "GET /cormun/static/SmoothNavMenu/resources/SmoothNavMenuRender.js HTTP/1.1" 200 5951
200.54.107.2 - - [26/Mar/2024:10:34:51 -0300] "GET /cormun/static/Shared/jqueryui/jquery-ui.min.js HTTP/1.1" 200 240427
200.54.107.2 - - [26/Mar/2024:10:34:51 -0300] "GET /cormun/static/scaMessage/js/jquery.pnotify.min.js HTTP/1.1" 200 13038
200.54.107.2 - - [26/Mar/2024:10:34:51 -0300] "GET /cormun/static/scaMessage/scaMessageRender.js HTTP/1.1" 200 11977
200.54.107.2 - - [26/Mar/2024:10:34:51 -0300] "GET /cormun/static/hmpwkw03.js?20221129844354 HTTP/1.1" 200 3971
200.54.107.2 - - [26/Mar/2024:10:34:51 -0300] "GET /cormun/static/Resources/PXToolsDataSearch.png HTTP/1.1" 200 435
200.54.107.2 - - [26/Mar/2024:10:34:52 -0300] "GET /cormun/static/Resources/asc.gif HTTP/1.1" 200 67
200.54.107.2 - - [26/Mar/2024:10:34:52 -0300] "GET /cormun/static/Resources/indicator.gif HTTP/1.1" 200 1553
200.54.107.2 - - [26/Mar/2024:10:34:52 -0300] "GET /cormun/servlet/hlogin HTTP/1.1" 200 1742
200.54.107.2 - - [26/Mar/2024:10:34:52 -0300] "GET /cormun/static/gxcfg.js?2022112219184450 HTTP/1.1" 200 953
200.54.107.2 - - [26/Mar/2024:10:34:52 -0300] "GET /cormun/static/Resources/CormunLogin.png HTTP/1.1" 200 19132
200.54.107.2 - - [26/Mar/2024:10:34:52 -0300] "GET /cormun/static/hlogin.js?2022112219184458 HTTP/1.1" 200 2156
200.54.107.2 - - [26/Mar/2024:10:34:52 -0300] "GET /cormun/static/Resources/Spanish/PXTools.css?1759030 HTTP/1.1" 200 100853
190.171.141.138 - - [26/Mar/2024:10:34:52 -0300] "GET /cormun/servlet/hlogin HTTP/1.1" 200 1721
200.54.107.2 - - [26/Mar/2024:10:34:52 -0300] "GET /cormun/static/Resources/PXToolsLoginTop.png HTTP/1.1" 200 1337
200.54.107.2 - - [26/Mar/2024:10:34:52 -0300] "GET /cormun/static/Resources/PXToolsLoginBackground.png HTTP/1.1" 200 1164
200.54.107.2 - - [26/Mar/2024:10:34:52 -0300] "GET /cormun/static/Resources/PXToolsButtonLeft.png HTTP/1.1" 200 1310
200.54.107.2 - - [26/Mar/2024:10:34:53 -0300] "GET /cormun/static/Resources/PXToolsLoginBottom.png HTTP/1.1" 200 1389
200.54.107.2 - - [26/Mar/2024:10:34:53 -0300] "GET /cormun/static/Resources/PXToolsButtonRight.png HTTP/1.1" 200 1294
200.54.107.2 - - [26/Mar/2024:10:34:53 -0300] "GET /cormun/static/Resources/PXToolsButtonBackground.png HTTP/1.1" 200 1176
190.95.15.15 - - [26/Mar/2024:10:34:54 -0300] "GET /cormun/servlet/solicitudotadjuntos?96becd68ec21f36b17e79695d83945906f4c7912a94bb49ac4451e4b2d4d3513,gx-no-cache=1711459909246 HTTP/1.1" 200 30
190.95.15.15 - - [26/Mar/2024:10:34:54 -0300] "GET /cormun/servlet/solicitudotadjuntos?96becd68ec21f36b17e79695d83945906f4c7912a94bb49ac4451e4b2d4d3513,gx-no-cache=1711459909276 HTTP/1.1" 200 30
200.54.107.2 - - [26/Mar/2024:10:34:54 -0300] "GET /cormun/static/Resources/indicator.gif HTTP/1.1" 200 1553
190.95.15.15 - - [26/Mar/2024:10:34:55 -0300] "POST /cormun/servlet/solicitudotadjuntos?11769a04c1ad05cd2d882deea742a16b,INS,2024,21104,,1, HTTP/1.1" 200 116
190.95.15.15 - - [26/Mar/2024:10:34:55 -0300] "GET /cormun/servlet/hpexe_return? HTTP/1.1" 200 1029
190.95.15.15 - - [26/Mar/2024:10:34:55 -0300] "GET /cormun/servlet/trsolicitudadjuntos?2024,21104, HTTP/1.1" 200 10185
200.54.100.179 - - [26/Mar/2024:10:34:56 -0300] "GET /cormun/servlet/trlicencias? HTTP/1.1" 200 6057
190.171.141.138 - - [26/Mar/2024:10:34:56 -0300] "POST /cormun/servlet/hlogin?e0be54770b56bfdca7b8d0b8818a5744,gx-no-cache=1711459913576 HTTP/1.1" 200 90
200.54.100.179 - - [26/Mar/2024:10:34:56 -0300] "GET /cormun/servlet/hlogin HTTP/1.1" 200 1742
190.171.141.138 - - [26/Mar/2024:10:34:56 -0300] "GET /cormun/servlet/hpexe_link HTTP/1.1" 200 952
190.171.141.138 - - [26/Mar/2024:10:34:57 -0300] "GET /cormun/servlet/hhome HTTP/1.1" 200 4483
190.95.15.15 - - [26/Mar/2024:10:34:59 -0300] "POST /cormun/servlet/trsolicitudadjuntos?11769a04c1ad05cd2d882deea742a16b,2024,21104,,gx-no-cache=1711459914436 HTTP/1.1" 200 90
190.95.15.15 - - [26/Mar/2024:10:34:59 -0300] "GET /cormun/servlet/hpexe_link HTTP/1.1" 200 993
190.95.15.15 - - [26/Mar/2024:10:35:00 -0300] "GET /cormun/servlet/trsolicitudot?gx-no-cache=1711459602326 HTTP/1.1" 200 8485
200.54.100.179 - - [26/Mar/2024:10:35:00 -0300] "POST /cormun/servlet/hlogin?227fb0a527a69ce1b3204728cf93922f,gx-no-cache=1711459912921 HTTP/1.1" 200 90
200.54.100.179 - - [26/Mar/2024:10:35:00 -0300] "GET /cormun/servlet/hpexe_link HTTP/1.1" 200 959
200.54.100.179 - - [26/Mar/2024:10:35:00 -0300] "GET /cormun/servlet/trlicencias HTTP/1.1" 200 9051
190.171.152.138 - - [26/Mar/2024:10:35:14 -0300] "GET /cormun/servlet/solicitudotadjuntos?6f033861d65ce3fc62460d38670ac7ca86d4571db8d34e7c836706fa6625eaaf,gx-no-cache=1711463478948 HTTP/1.1" 200 30
190.171.152.138 - - [26/Mar/2024:10:35:14 -0300] "GET /cormun/servlet/solicitudotadjuntos?6f033861d65ce3fc62460d38670ac7ca86d4571db8d34e7c836706fa6625eaaf,gx-no-cache=1711463478971 HTTP/1.1" 200 30
190.171.152.138 - - [26/Mar/2024:10:35:14 -0300] "POST /cormun/servlet/solicitudotadjuntos?49088ddaaaa7e3b89c9d330e2137ed0e,INS,2024,21087,,1, HTTP/1.1" 200 116
190.171.152.138 - - [26/Mar/2024:10:35:14 -0300] "GET /cormun/servlet/hpexe_return? HTTP/1.1" 200 1033
190.171.152.138 - - [26/Mar/2024:10:35:14 -0300] "GET /cormun/servlet/trsolicitudadjuntos?2024,21087, HTTP/1.1" 200 9270
181.212.47.137 - - [26/Mar/2024:10:35:15 -0300] "POST /cormun/servlet/trsolicitudgral?8289079facef3267739b074a3b64e621,,gx-no-cache=1711459913358 HTTP/1.1" 200 5264
190.171.152.138 - - [26/Mar/2024:10:35:17 -0300] "GET /cormun/servlet/solicitudotadjuntos?INS,2024,21087,,1, HTTP/1.1" 200 6290
190.171.152.138 - - [26/Mar/2024:10:35:17 -0300] "GET /cormun/static/about:blank HTTP/1.1" 404 1011
190.171.152.138 - - [26/Mar/2024:10:35:17 -0300] "GET /cormun/servlet/solicitudotadjuntos?6f033861d65ce3fc62460d38670ac7ca2dc951e4c3c3dc0f7fdbc9c45ac797cc5def1907d41a4e3352c562360481499b,gx-no-cache=1711463482429 HTTP/1.1" 200 30
190.171.152.138 - - [26/Mar/2024:10:35:17 -0300] "POST /cormun/servlet/solicitudotadjuntos?49088ddaaaa7e3b89c9d330e2137ed0e,INS,2024,21087,,1,,gx-no-cache=1711463482447 HTTP/1.1" 200 4151
181.212.47.137 - - [26/Mar/2024:10:35:19 -0300] "POST /cormun/servlet/trsolicitudgral?8289079facef3267739b074a3b64e621,,gx-no-cache=1711459917827 HTTP/1.1" 200 5264
190.171.152.138 - - [26/Mar/2024:10:35:20 -0300] "POST /cormun/servlet/solicitudotadjuntos?gx-no-cache=1711463484677 HTTP/1.1" 200 26
181.212.47.137 - - [26/Mar/2024:10:35:20 -0300] "POST /cormun/servlet/trsolicitudgral?8289079facef3267739b074a3b64e621,,gx-no-cache=1711459918401 HTTP/1.1" 200 5263
181.212.47.137 - - [26/Mar/2024:10:35:20 -0300] "POST /cormun/servlet/trsolicitudgral?8289079facef3267739b074a3b64e621,,gx-no-cache=1711459918570 HTTP/1.1" 200 5264
181.212.47.137 - - [26/Mar/2024:10:35:20 -0300] "POST /cormun/servlet/trsolicitudgral?8289079facef3267739b074a3b64e621,,gx-no-cache=1711459918745 HTTP/1.1" 200 5264
190.171.152.138 - - [26/Mar/2024:10:35:29 -0300] "GET /cormun/servlet/solicitudotadjuntos?6f033861d65ce3fc62460d38670ac7ca86d4571db8d34e7c836706fa6625eaaf,gx-no-cache=1711463494107 HTTP/1.1" 200 30
190.171.152.138 - - [26/Mar/2024:10:35:29 -0300] "GET /cormun/servlet/solicitudotadjuntos?6f033861d65ce3fc62460d38670ac7ca86d4571db8d34e7c836706fa6625eaaf,gx-no-cache=1711463494121 HTTP/1.1" 200 30
190.171.152.138 - - [26/Mar/2024:10:35:29 -0300] "POST /cormun/servlet/solicitudotadjuntos?49088ddaaaa7e3b89c9d330e2137ed0e,INS,2024,21087,,1, HTTP/1.1" 200 6632
190.171.152.138 - - [26/Mar/2024:10:35:29 -0300] "GET /cormun/static/Shared/jqueryui/images/ui-bg_highlight-soft_100_c6c2c8_1x100.png HTTP/1.1" 404 1117
190.171.152.138 - - [26/Mar/2024:10:35:29 -0300] "GET /cormun/static/Shared/jqueryui/images/ui-icons_82798d_256x240.png HTTP/1.1" 404 1089
190.171.152.138 - - [26/Mar/2024:10:35:29 -0300] "GET /cormun/static/Shared/jqueryui/images/ui-icons_ebccce_256x240.png HTTP/1.1" 404 1089
190.171.152.138 - - [26/Mar/2024:10:35:29 -0300] "GET /cormun/static/Shared/jqueryui/images/ui-bg_flat_55_994d53_40x100.png HTTP/1.1" 404 1097
190.171.152.138 - - [26/Mar/2024:10:35:29 -0300] "GET /cormun/PrivateTempStorage/upload_00018780.pdf HTTP/1.1" 200 71804
190.171.152.138 - - [26/Mar/2024:10:35:31 -0300] "GET /cormun/servlet/solicitudotadjuntos?6f033861d65ce3fc62460d38670ac7ca8c785dbe92b338f95b8e3c0cb667136f9642cba8071dfe9b25d1fc3406e2b7ee,gx-no-cache=1711463496510 HTTP/1.1" 200 30
190.171.152.138 - - [26/Mar/2024:10:35:32 -0300] "POST /cormun/servlet/solicitudotadjuntos?49088ddaaaa7e3b89c9d330e2137ed0e,INS,2024,21087,,1, HTTP/1.1" 200 6631
190.171.152.138 - - [26/Mar/2024:10:35:32 -0300] "GET /cormun/PrivateTempStorage/upload_00018792.pdf HTTP/1.1" 200 71804
190.171.152.138 - - [26/Mar/2024:10:35:34 -0300] "GET /cormun/servlet/solicitudotadjuntos?6f033861d65ce3fc62460d38670ac7cae295ec3615b4b0ea8593bf9606a8ccff9642cba8071dfe9b25d1fc3406e2b7ee,gx-no-cache=1711463499132 HTTP/1.1" 200 30
190.171.152.138 - - [26/Mar/2024:10:35:34 -0300] "POST /cormun/servlet/solicitudotadjuntos?49088ddaaaa7e3b89c9d330e2137ed0e,INS,2024,21087,,1, HTTP/1.1" 200 6631
190.171.152.138 - - [26/Mar/2024:10:35:34 -0300] "GET /cormun/PrivateTempStorage/upload_00018804.pdf HTTP/1.1" 200 71804
190.171.152.138 - - [26/Mar/2024:10:35:38 -0300] "POST /cormun/servlet/solicitudotadjuntos?gx-no-cache=1711463502629 HTTP/1.1" 200 26
190.171.152.138 - - [26/Mar/2024:10:35:39 -0300] "GET /cormun/servlet/solicitudotadjuntos?6f033861d65ce3fc62460d38670ac7cae295ec3615b4b0ea8593bf9606a8ccff9642cba8071dfe9b25d1fc3406e2b7ee,gx-no-cache=1711463503681 HTTP/1.1" 200 30
190.171.152.138 - - [26/Mar/2024:10:35:39 -0300] "GET /cormun/servlet/solicitudotadjuntos?6f033861d65ce3fc62460d38670ac7cae295ec3615b4b0ea8593bf9606a8ccff9642cba8071dfe9b25d1fc3406e2b7ee,gx-no-cache=1711463503706 HTTP/1.1" 200 30
190.171.152.138 - - [26/Mar/2024:10:35:39 -0300] "POST /cormun/servlet/solicitudotadjuntos?49088ddaaaa7e3b89c9d330e2137ed0e,INS,2024,21087,,1, HTTP/1.1" 200 116
190.171.152.138 - - [26/Mar/2024:10:35:39 -0300] "GET /cormun/servlet/hpexe_return? HTTP/1.1" 200 1033
190.171.152.138 - - [26/Mar/2024:10:35:39 -0300] "GET /cormun/servlet/trsolicitudadjuntos?2024,21087, HTTP/1.1" 200 9552
190.171.152.138 - - [26/Mar/2024:10:35:42 -0300] "GET /cormun/servlet/solicitudotadjuntos?INS,2024,21087,,1, HTTP/1.1" 200 6289
190.171.152.138 - - [26/Mar/2024:10:35:42 -0300] "GET /cormun/static/about:blank HTTP/1.1" 404 1011
190.171.152.138 - - [26/Mar/2024:10:35:42 -0300] "GET /cormun/servlet/solicitudotadjuntos?6f033861d65ce3fc62460d38670ac7ca2dc951e4c3c3dc0f7fdbc9c45ac797cc5def1907d41a4e3352c562360481499b,gx-no-cache=1711463507386 HTTP/1.1" 200 30
190.171.152.138 - - [26/Mar/2024:10:35:42 -0300] "POST /cormun/servlet/solicitudotadjuntos?49088ddaaaa7e3b89c9d330e2137ed0e,INS,2024,21087,,1,,gx-no-cache=1711463507403 HTTP/1.1" 200 4151
190.171.142.10 - - [26/Mar/2024:10:35:44 -0300] "GET /cormun/servlet/solicitudot?be891f9fe5a422829deb55df2dea892eb1561ccc50fd6f7e7543ce7e892b2b2106c9b5bbfda1c3790c03c7e21d29767ae151e29140da55a3bbed5745569cf3d0d548bb2e757cdb17b3cd645e5caaf8b7,gx-no-cache=1711459959587 HTTP/1.1" 200 30
190.171.142.10 - - [26/Mar/2024:10:35:45 -0300] "GET /cormun/servlet/solicitudot?be891f9fe5a422829deb55df2dea892edb0da42c9955f40eab3b22b1f7a13a5e,gx-no-cache=1711459959804 HTTP/1.1" 200 29
190.171.142.10 - - [26/Mar/2024:10:35:46 -0300] "POST /cormun/servlet/solicitudot?gx-no-cache=1711459961411 HTTP/1.1" 200 255
190.171.142.10 - - [26/Mar/2024:10:35:49 -0300] "GET /cormun/servlet/solicitudot?be891f9fe5a422829deb55df2dea892eb8b87cfcea5df56b69b24f55677ff2624c53c99723edeaf083322cbb06dda076472db81f412adf01cd976ed3e3f654996265ee5ec0f0cb7991d5480864db95112615249e269a2e10f9b389f0df23a1c13372112455066e4ace3ca5911d26cfb6bb06e977a33701860fdc232779e3d525510fe9f61dc4255469b799c414a8e35318accee07db438e716c361495928af1d129cc4a11f3e004a2b8de152d9736cecbf3e74129736e1993ee800bd13324b74e9971391ba5aae935c833a0ebec552ad2da8fc5309a403d2bb79602b5046e3fafc414b7bbb5b1d885eee940643ed9ac538fb02801fe2ba329ea2dc097fec82c85ca0c94a6e553ff9e54a3491da46067cc0bc27e4ff8b51bff08be9110b2a8295976da7d962342d6a4674eafd8f414ad5b59df3961bf621f93a83f53fc22922163e3786b5a76ac3ae82cd7d1a094a5c77ebb339648930ee74f086d1fc6ad3fb99179b1ea3154834542460036c2a18fd38bf27f0b5512cf445453040504b921d5e,gx-no-cache=1711459964564 HTTP/1.1" 200 30
190.171.142.10 - - [26/Mar/2024:10:36:06 -0300] "POST /cormun/servlet/solicitudot?gx-no-cache=1711459981637 HTTP/1.1" 200 30
190.171.142.10 - - [26/Mar/2024:10:36:07 -0300] "POST /cormun/servlet/solicitudot?gx-no-cache=1711459981754 HTTP/1.1" 200 1474
190.171.142.10 - - [26/Mar/2024:10:36:07 -0300] "POST /cormun/servlet/solicitudot?gx-no-cache=1711459982285 HTTP/1.1" 200 38
190.171.152.138 - - [26/Mar/2024:10:36:10 -0300] "POST /cormun/servlet/solicitudotadjuntos?gx-no-cache=1711463535040 HTTP/1.1" 200 26
190.171.152.138 - - [26/Mar/2024:10:36:15 -0300] "GET /cormun/servlet/solicitudotadjuntos?6f033861d65ce3fc62460d38670ac7ca86d4571db8d34e7c836706fa6625eaaf,gx-no-cache=1711463540284 HTTP/1.1" 200 30
190.171.152.138 - - [26/Mar/2024:10:36:15 -0300] "GET /cormun/servlet/solicitudotadjuntos?6f033861d65ce3fc62460d38670ac7ca86d4571db8d34e7c836706fa6625eaaf,gx-no-cache=1711463540408 HTTP/1.1" 200 30
190.171.152.138 - - [26/Mar/2024:10:36:16 -0300] "POST /cormun/servlet/solicitudotadjuntos?49088ddaaaa7e3b89c9d330e2137ed0e,INS,2024,21087,,1, HTTP/1.1" 200 116
190.171.152.138 - - [26/Mar/2024:10:36:16 -0300] "GET /cormun/servlet/hpexe_return? HTTP/1.1" 200 1033
190.171.152.138 - - [26/Mar/2024:10:36:16 -0300] "GET /cormun/servlet/trsolicitudadjuntos?2024,21087, HTTP/1.1" 200 9800
190.171.152.138 - - [26/Mar/2024:10:36:39 -0300] "GET /cormun/servlet/solicitudotadjuntos?INS,2024,21087,,1, HTTP/1.1" 200 6290
190.171.152.138 - - [26/Mar/2024:10:36:39 -0300] "GET /cormun/static/about:blank HTTP/1.1" 404 1011
190.171.152.138 - - [26/Mar/2024:10:36:39 -0300] "GET /cormun/servlet/solicitudotadjuntos?6f033861d65ce3fc62460d38670ac7ca2dc951e4c3c3dc0f7fdbc9c45ac797cc5def1907d41a4e3352c562360481499b,gx-no-cache=1711463564411 HTTP/1.1" 200 30
190.171.152.138 - - [26/Mar/2024:10:36:39 -0300] "POST /cormun/servlet/solicitudotadjuntos?49088ddaaaa7e3b89c9d330e2137ed0e,INS,2024,21087,,1,,gx-no-cache=1711463564430 HTTP/1.1" 200 4152
190.171.152.138 - - [26/Mar/2024:10:36:44 -0300] "POST /cormun/servlet/solicitudotadjuntos?gx-no-cache=1711463569415 HTTP/1.1" 200 26
190.171.152.138 - - [26/Mar/2024:10:36:50 -0300] "GET /cormun/servlet/solicitudotadjuntos?6f033861d65ce3fc62460d38670ac7ca86d4571db8d34e7c836706fa6625eaaf,gx-no-cache=1711463575316 HTTP/1.1" 200 30
190.171.152.138 - - [26/Mar/2024:10:36:50 -0300] "GET /cormun/servlet/solicitudotadjuntos?6f033861d65ce3fc62460d38670ac7ca86d4571db8d34e7c836706fa6625eaaf,gx-no-cache=1711463575376 HTTP/1.1" 200 30
190.171.152.138 - - [26/Mar/2024:10:36:51 -0300] "POST /cormun/servlet/solicitudotadjuntos?49088ddaaaa7e3b89c9d330e2137ed0e,INS,2024,21087,,1, HTTP/1.1" 200 116
190.171.152.138 - - [26/Mar/2024:10:36:51 -0300] "GET /cormun/servlet/hpexe_return? HTTP/1.1" 200 1033
190.171.152.138 - - [26/Mar/2024:10:36:51 -0300] "GET /cormun/servlet/trsolicitudadjuntos?2024,21087, HTTP/1.1" 200 10068
190.171.152.138 - - [26/Mar/2024:10:36:54 -0300] "GET /cormun/servlet/solicitudotadjuntos?INS,2024,21087,,1, HTTP/1.1" 200 6290
190.171.152.138 - - [26/Mar/2024:10:36:54 -0300] "GET /cormun/static/about:blank HTTP/1.1" 404 1011
190.171.152.138 - - [26/Mar/2024:10:36:54 -0300] "GET /cormun/servlet/solicitudotadjuntos?6f033861d65ce3fc62460d38670ac7ca2dc951e4c3c3dc0f7fdbc9c45ac797cc5def1907d41a4e3352c562360481499b,gx-no-cache=1711463579502 HTTP/1.1" 200 30
190.171.152.138 - - [26/Mar/2024:10:36:55 -0300] "POST /cormun/servlet/solicitudotadjuntos?49088ddaaaa7e3b89c9d330e2137ed0e,INS,2024,21087,,1,,gx-no-cache=1711463579527 HTTP/1.1" 200 4152
190.171.152.138 - - [26/Mar/2024:10:36:58 -0300] "POST /cormun/servlet/solicitudotadjuntos?gx-no-cache=1711463582579 HTTP/1.1" 200 26
181.212.47.137 - - [26/Mar/2024:10:37:03 -0300] "POST /cormun/servlet/trsolicitudgral?8289079facef3267739b074a3b64e621,,gx-no-cache=1711460021808 HTTP/1.1" 200 9034
190.171.152.138 - - [26/Mar/2024:10:37:11 -0300] "GET /cormun/servlet/solicitudotadjuntos?6f033861d65ce3fc62460d38670ac7ca86d4571db8d34e7c836706fa6625eaaf,gx-no-cache=1711463595706 HTTP/1.1" 200 30
190.171.152.138 - - [26/Mar/2024:10:37:11 -0300] "GET /cormun/servlet/solicitudotadjuntos?6f033861d65ce3fc62460d38670ac7ca86d4571db8d34e7c836706fa6625eaaf,gx-no-cache=1711463595720 HTTP/1.1" 200 30
190.171.152.138 - - [26/Mar/2024:10:37:11 -0300] "POST /cormun/servlet/solicitudotadjuntos?49088ddaaaa7e3b89c9d330e2137ed0e,INS,2024,21087,,1, HTTP/1.1" 200 6635
190.171.152.138 - - [26/Mar/2024:10:37:11 -0300] "GET /cormun/static/Shared/jqueryui/images/ui-bg_highlight-soft_100_c6c2c8_1x100.png HTTP/1.1" 404 1117
190.171.152.138 - - [26/Mar/2024:10:37:11 -0300] "GET /cormun/static/Shared/jqueryui/images/ui-icons_82798d_256x240.png HTTP/1.1" 404 1089
190.171.152.138 - - [26/Mar/2024:10:37:11 -0300] "GET /cormun/static/Shared/jqueryui/images/ui-bg_flat_55_994d53_40x100.png HTTP/1.1" 404 1097
190.171.152.138 - - [26/Mar/2024:10:37:11 -0300] "GET /cormun/static/Shared/jqueryui/images/ui-icons_ebccce_256x240.png HTTP/1.1" 404 1089
190.171.152.138 - - [26/Mar/2024:10:37:11 -0300] "GET /cormun/PrivateTempStorage/upload_00018852.pdf HTTP/1.1" 200 34453
181.212.47.137 - - [26/Mar/2024:10:37:12 -0300] "POST /cormun/servlet/trsolicitudgral?8289079facef3267739b074a3b64e621,,gx-no-cache=1711460029938 HTTP/1.1" 200 9036
190.171.152.138 - - [26/Mar/2024:10:37:18 -0300] "POST /cormun/servlet/solicitudotadjuntos?gx-no-cache=1711463603317 HTTP/1.1" 200 26
190.171.152.138 - - [26/Mar/2024:10:37:19 -0300] "GET /cormun/servlet/solicitudotadjuntos?6f033861d65ce3fc62460d38670ac7ca8c785dbe92b338f95b8e3c0cb667136f9642cba8071dfe9b25d1fc3406e2b7ee,gx-no-cache=1711463604177 HTTP/1.1" 200 30
190.171.152.138 - - [26/Mar/2024:10:37:19 -0300] "GET /cormun/servlet/solicitudotadjuntos?6f033861d65ce3fc62460d38670ac7cae295ec3615b4b0ea8593bf9606a8ccff9642cba8071dfe9b25d1fc3406e2b7ee,gx-no-cache=1711463604211 HTTP/1.1" 200 30
190.171.152.138 - - [26/Mar/2024:10:37:19 -0300] "POST /cormun/servlet/solicitudotadjuntos?49088ddaaaa7e3b89c9d330e2137ed0e,INS,2024,21087,,1, HTTP/1.1" 200 116
190.171.152.138 - - [26/Mar/2024:10:37:19 -0300] "GET /cormun/servlet/hpexe_return? HTTP/1.1" 200 1033
190.171.152.138 - - [26/Mar/2024:10:37:20 -0300] "GET /cormun/servlet/trsolicitudadjuntos?2024,21087, HTTP/1.1" 200 10307
190.171.152.138 - - [26/Mar/2024:10:37:22 -0300] "GET /cormun/servlet/solicitudotadjuntos?INS,2024,21087,,1, HTTP/1.1" 200 6290
190.171.152.138 - - [26/Mar/2024:10:37:22 -0300] "GET /cormun/static/about:blank HTTP/1.1" 404 1011
190.171.152.138 - - [26/Mar/2024:10:37:23 -0300] "GET /cormun/servlet/solicitudotadjuntos?6f033861d65ce3fc62460d38670ac7ca2dc951e4c3c3dc0f7fdbc9c45ac797cc5def1907d41a4e3352c562360481499b,gx-no-cache=1711463608068 HTTP/1.1" 200 30
181.212.47.137 - - [26/Mar/2024:10:37:23 -0300] "GET /cormun/servlet/vesolicitudgral?2024,21091,, HTTP/1.1" 200 8431
190.171.152.138 - - [26/Mar/2024:10:37:23 -0300] "POST /cormun/servlet/solicitudotadjuntos?49088ddaaaa7e3b89c9d330e2137ed0e,INS,2024,21087,,1,,gx-no-cache=1711463608108 HTTP/1.1" 200 4151
181.212.47.137 - - [26/Mar/2024:10:37:23 -0300] "GET /cormun/pexe_scrolldiv.js HTTP/1.1" 404 1009
181.212.47.137 - - [26/Mar/2024:10:37:25 -0300] "GET /cormun/servlet/vesolicitudgral?2024,21091,,SolicitudOTLog HTTP/1.1" 200 7081
181.212.47.137 - - [26/Mar/2024:10:37:25 -0300] "GET /cormun/pexe_scrolldiv.js HTTP/1.1" 404 1009
181.212.47.137 - - [26/Mar/2024:10:37:26 -0300] "POST /cormun/servlet/acontrolpreferencessavestate?None,RRHH+DANIELA,true HTTP/1.1" 200 35
190.171.152.138 - - [26/Mar/2024:10:37:26 -0300] "POST /cormun/servlet/solicitudotadjuntos?gx-no-cache=1711463611380 HTTP/1.1" 200 26
190.171.152.138 - - [26/Mar/2024:10:37:33 -0300] "GET /cormun/servlet/solicitudotadjuntos?6f033861d65ce3fc62460d38670ac7ca86d4571db8d34e7c836706fa6625eaaf,gx-no-cache=1711463617552 HTTP/1.1" 200 30
190.171.152.138 - - [26/Mar/2024:10:37:33 -0300] "GET /cormun/servlet/solicitudotadjuntos?6f033861d65ce3fc62460d38670ac7ca86d4571db8d34e7c836706fa6625eaaf,gx-no-cache=1711463617570 HTTP/1.1" 200 30
190.171.152.138 - - [26/Mar/2024:10:37:33 -0300] "POST /cormun/servlet/solicitudotadjuntos?49088ddaaaa7e3b89c9d330e2137ed0e,INS,2024,21087,,1, HTTP/1.1" 200 116
190.171.152.138 - - [26/Mar/2024:10:37:33 -0300] "GET /cormun/servlet/hpexe_return? HTTP/1.1" 200 1033
190.171.152.138 - - [26/Mar/2024:10:37:33 -0300] "GET /cormun/servlet/trsolicitudadjuntos?2024,21087, HTTP/1.1" 200 10501
181.212.47.137 - - [26/Mar/2024:10:37:33 -0300] "GET /cormun/servlet/vesolicitudgral?2024,21091,,SolicitudOTAdjuntos HTTP/1.1" 200 11057
181.212.47.137 - - [26/Mar/2024:10:37:33 -0300] "GET /cormun/pexe_scrolldiv.js HTTP/1.1" 404 1009
181.212.47.137 - - [26/Mar/2024:10:37:34 -0300] "GET /cormun/servlet/vesolicitudgral?2024,21091,,General HTTP/1.1" 200 8433
181.212.47.137 - - [26/Mar/2024:10:37:34 -0300] "GET /cormun/pexe_scrolldiv.js HTTP/1.1" 404 1009
190.171.152.138 - - [26/Mar/2024:10:37:38 -0300] "POST /cormun/servlet/trsolicitudadjuntos?49088ddaaaa7e3b89c9d330e2137ed0e,2024,21087,,gx-no-cache=1711463622723 HTTP/1.1" 200 90
190.171.152.138 - - [26/Mar/2024:10:37:38 -0300] "GET /cormun/servlet/hpexe_link HTTP/1.1" 200 975
190.171.152.138 - - [26/Mar/2024:10:37:38 -0300] "GET /cormun/servlet/trsolicitudot HTTP/1.1" 200 10509
181.212.43.89 - - [26/Mar/2024:10:37:42 -0300] "GET /cormun/servlet/hlogin HTTP/1.1" 200 1716
181.212.43.89 - - [26/Mar/2024:10:37:42 -0300] "GET /cormun/static/gxtimezone.js?85251 HTTP/1.1" 200 5781
181.212.43.89 - - [26/Mar/2024:10:37:42 -0300] "GET /cormun/static/gxcfg.js?2022112219184450 HTTP/1.1" 200 953
181.212.43.89 - - [26/Mar/2024:10:37:43 -0300] "GET /cormun/static/Resources/CormunLogin.png HTTP/1.1" 200 19132
181.212.43.89 - - [26/Mar/2024:10:37:43 -0300] "GET /cormun/static/messages.spa.js?85251 HTTP/1.1" 200 30736
181.212.43.89 - - [26/Mar/2024:10:37:43 -0300] "GET /cormun/static/hlogin.js?2022112219184458 HTTP/1.1" 200 2156
181.212.43.89 - - [26/Mar/2024:10:37:43 -0300] "GET /cormun/static/gxgral.js?85251 HTTP/1.1" 200 384558
181.212.43.89 - - [26/Mar/2024:10:37:43 -0300] "GET /cormun/static/Resources/Spanish/PXTools.css?1759030 HTTP/1.1" 200 100853
181.212.43.89 - - [26/Mar/2024:10:37:43 -0300] "GET /cormun/static/Resources/PXToolsLoginTop.png HTTP/1.1" 200 1337
181.212.43.89 - - [26/Mar/2024:10:37:43 -0300] "GET /cormun/static/Resources/PXToolsButtonRight.png HTTP/1.1" 200 1294
181.212.43.89 - - [26/Mar/2024:10:37:43 -0300] "GET /cormun/static/Resources/PXToolsLoginBottom.png HTTP/1.1" 200 1389
181.212.43.89 - - [26/Mar/2024:10:37:43 -0300] "GET /cormun/static/Resources/PXToolsButtonLeft.png HTTP/1.1" 200 1310
181.212.43.89 - - [26/Mar/2024:10:37:43 -0300] "GET /cormun/static/Resources/PXToolsLoginBackground.png HTTP/1.1" 200 1164
181.212.43.89 - - [26/Mar/2024:10:37:43 -0300] "GET /cormun/static/Resources/PXToolsButtonBackground.png HTTP/1.1" 200 1176
181.212.43.89 - - [26/Mar/2024:10:37:43 -0300] "GET /cormun/static/Resources/indicator.gif HTTP/1.1" 200 1553
181.212.43.89 - - [26/Mar/2024:10:37:43 -0300] "GET /cormun/servlet/hlogin HTTP/1.1" 200 1726
181.212.43.89 - - [26/Mar/2024:10:37:43 -0300] "GET /favicon.ico HTTP/1.1" 200 21630
190.171.152.138 - - [26/Mar/2024:10:37:45 -0300] "POST /cormun/servlet/trsolicitudot?49088ddaaaa7e3b89c9d330e2137ed0e,gx-no-cache=1711463629676 HTTP/1.1" 200 7354
190.171.152.138 - - [26/Mar/2024:10:37:45 -0300] "GET /cormun/static/Shared/jqueryui/images/ui-bg_flat_55_fafafa_40x100.png HTTP/1.1" 404 1097
190.171.152.138 - - [26/Mar/2024:10:37:45 -0300] "GET /cormun/static/Shared/jqueryui/images/ui-icons_8d78a5_256x240.png HTTP/1.1" 404 1089
190.171.152.138 - - [26/Mar/2024:10:37:45 -0300] "POST /cormun/servlet/trsolicitudot?49088ddaaaa7e3b89c9d330e2137ed0e,gx-no-cache=1711463629890 HTTP/1.1" 200 7298
190.171.152.138 - - [26/Mar/2024:10:37:47 -0300] "POST /cormun/servlet/trsolicitudot?49088ddaaaa7e3b89c9d330e2137ed0e,gx-no-cache=1711463632221 HTTP/1.1" 200 7571
181.212.47.137 - - [26/Mar/2024:10:37:48 -0300] "GET /cormun/servlet/trsolicitudgral? HTTP/1.1" 200 12033
190.171.152.138 - - [26/Mar/2024:10:37:48 -0300] "POST /cormun/servlet/trsolicitudot?49088ddaaaa7e3b89c9d330e2137ed0e,gx-no-cache=1711463632902 HTTP/1.1" 200 6985
190.171.152.138 - - [26/Mar/2024:10:37:48 -0300] "POST /cormun/servlet/trsolicitudot?49088ddaaaa7e3b89c9d330e2137ed0e,gx-no-cache=1711463633161 HTTP/1.1" 200 6928
181.212.43.89 - - [26/Mar/2024:10:37:49 -0300] "POST /cormun/servlet/hlogin?1457dfaad279385c8c3ca83959410eab,gx-no-cache=1711460080766 HTTP/1.1" 200 90
190.171.152.138 - - [26/Mar/2024:10:37:49 -0300] "POST /cormun/servlet/trsolicitudot?49088ddaaaa7e3b89c9d330e2137ed0e,gx-no-cache=1711463633643 HTTP/1.1" 200 7158
181.212.43.89 - - [26/Mar/2024:10:37:49 -0300] "GET /cormun/servlet/hpexe_link HTTP/1.1" 200 946
181.212.43.89 - - [26/Mar/2024:10:37:49 -0300] "GET /cormun/static/hpexe_link.js?20221129847423 HTTP/1.1" 200 625
181.212.43.89 - - [26/Mar/2024:10:37:49 -0300] "GET /cormun/static/gxcfg.js?20221129847421 HTTP/1.1" 200 953
181.212.43.89 - - [26/Mar/2024:10:37:49 -0300] "GET /cormun/static/Resources/Spanish/PXTools.css?8354383 HTTP/1.1" 200 100853
181.212.43.89 - - [26/Mar/2024:10:37:50 -0300] "GET /cormun/servlet/hhome HTTP/1.1" 200 4243
181.212.43.89 - - [26/Mar/2024:10:37:50 -0300] "GET /cormun/static/Shared/jqueryui/jquery-ui.min.css?1345370 HTTP/1.1" 200 30288
181.212.43.89 - - [26/Mar/2024:10:37:50 -0300] "GET /cormun/static/gxcfg.js?20201215495537 HTTP/1.1" 200 953
181.212.43.89 - - [26/Mar/2024:10:37:50 -0300] "GET /cormun/static/SmoothNavMenu/resources/ddsmoothmenu.css?1112540 HTTP/1.1" 200 2223
181.212.43.89 - - [26/Mar/2024:10:37:50 -0300] "GET /cormun/static/SmoothNavMenu/resources/ddsmoothmenu-v.css?1112540 HTTP/1.1" 200 1188
181.212.43.89 - - [26/Mar/2024:10:37:50 -0300] "GET /cormun/static/scaMessage/css/jquery.pnotify.default.css?1816380 HTTP/1.1" 200 1707
181.212.43.89 - - [26/Mar/2024:10:37:50 -0300] "GET /cormun/static/PXToolsJavascripts/pexe_autoreload.js HTTP/1.1" 200 1762
181.212.43.89 - - [26/Mar/2024:10:37:50 -0300] "GET /cormun/static/PXToolsJavascripts/pexe_cookies.js HTTP/1.1" 200 792
181.212.43.89 - - [26/Mar/2024:10:37:50 -0300] "GET /cormun/static/PXToolsJavascripts/pexe_grid.js HTTP/1.1" 200 7559
181.212.43.89 - - [26/Mar/2024:10:37:50 -0300] "GET /cormun/static/Resources/Spanish/PXTools.css?14345360 HTTP/1.1" 200 100853
181.212.43.89 - - [26/Mar/2024:10:37:50 -0300] "GET /cormun/static/PXToolsJavascripts/pexe_griddivfix.js HTTP/1.1" 200 6946
181.212.43.89 - - [26/Mar/2024:10:37:50 -0300] "GET /cormun/static/PXToolsJavascripts/pexe_windows.js HTTP/1.1" 200 15249
181.212.43.89 - - [26/Mar/2024:10:37:50 -0300] "GET /cormun/static/PXToolsJavascripts/pexe_link.js HTTP/1.1" 200 5671
181.212.43.89 - - [26/Mar/2024:10:37:50 -0300] "GET /cormun/static/PXToolsJavascripts/pexe_menus.js HTTP/1.1" 200 1286
181.212.43.89 - - [26/Mar/2024:10:37:50 -0300] "GET /cormun/static/PXToolsJavascripts/pexe_menudivfix.js HTTP/1.1" 200 333
181.212.43.89 - - [26/Mar/2024:10:37:50 -0300] "GET /cormun/static/PXToolsJavascripts/pexe_layers.js HTTP/1.1" 200 4114
181.212.43.89 - - [26/Mar/2024:10:37:50 -0300] "GET /cormun/static/PXToolsJavascripts/pexe_oav.js HTTP/1.1" 200 645
181.212.43.89 - - [26/Mar/2024:10:37:50 -0300] "GET /cormun/static/PXToolsJavascripts/pexe_oavdivfix.js HTTP/1.1" 200 639
181.212.43.89 - - [26/Mar/2024:10:37:50 -0300] "GET /cormun/static/PXToolsJavascripts/pexe_scrolldiv.js HTTP/1.1" 200 4138
181.212.43.89 - - [26/Mar/2024:10:37:50 -0300] "GET /cormun/static/PXToolsJavascripts/pexe_popup.js HTTP/1.1" 200 15149
181.212.43.89 - - [26/Mar/2024:10:37:50 -0300] "GET /cormun/static/PXToolsJavascripts/pexe_picture.js HTTP/1.1" 200 689
181.212.43.89 - - [26/Mar/2024:10:37:50 -0300] "GET /cormun/static/PXToolsJavascripts/pexe_tabdivfix.js HTTP/1.1" 200 898
181.212.43.89 - - [26/Mar/2024:10:37:50 -0300] "GET /cormun/static/PXToolsJavascripts/pexe_upload.js HTTP/1.1" 200 1423
181.212.43.89 - - [26/Mar/2024:10:37:50 -0300] "GET /cormun/static/PXToolsJavascripts/pexe_tabs.js HTTP/1.1" 200 3748
181.212.43.89 - - [26/Mar/2024:10:37:50 -0300] "GET /cormun/static/PXToolsJavascripts/PXToolsJavascriptsRender.js HTTP/1.1" 200 367
