190.171.141.106 - - [26/Mar/2024:13:15:00 -0300] "GET /cormun/servlet/solicitudotadjuntos?b609d885b8c9d7b8ef9dbca42d74886947e95cee13a498f30ae7793b5728338860eca5a5ca3aa5e61a1d8e03032d9e3b,gx-no-cache=1711469515731 HTTP/1.1" 200 30
190.171.141.106 - - [26/Mar/2024:13:15:00 -0300] "POST /cormun/servlet/solicitudotadjuntos?a68d0e6ebd5bc0aad8ff5a13bbfacfc6,INS,2024,21118,,1,,gx-no-cache=1711469515762 HTTP/1.1" 200 4187
181.212.47.137 - - [26/Mar/2024:13:15:03 -0300] "GET /cormun/servlet/trsolicitudgral? HTTP/1.1" 200 10664
190.171.141.106 - - [26/Mar/2024:13:15:04 -0300] "POST /cormun/servlet/solicitudotadjuntos?gx-no-cache=1711469519803 HTTP/1.1" 200 26
181.212.47.137 - - [26/Mar/2024:13:15:13 -0300] "POST /cormun/servlet/trsolicitudgral?8289079facef3267739b074a3b64e621,,gx-no-cache=1711469509500 HTTP/1.1" 200 26057
190.171.141.106 - - [26/Mar/2024:13:15:14 -0300] "GET /cormun/servlet/solicitudotadjuntos?b609d885b8c9d7b8ef9dbca42d7488695d5127e8ead7b16c927dba699073992b,gx-no-cache=1711469530322 HTTP/1.1" 200 30
190.171.141.106 - - [26/Mar/2024:13:15:14 -0300] "GET /cormun/servlet/solicitudotadjuntos?b609d885b8c9d7b8ef9dbca42d7488695d5127e8ead7b16c927dba699073992b,gx-no-cache=1711469530334 HTTP/1.1" 200 30
190.171.141.106 - - [26/Mar/2024:13:15:15 -0300] "POST /cormun/servlet/solicitudotadjuntos?a68d0e6ebd5bc0aad8ff5a13bbfacfc6,INS,2024,21118,,1, HTTP/1.1" 200 116
190.171.141.106 - - [26/Mar/2024:13:15:15 -0300] "GET /cormun/servlet/hpexe_return? HTTP/1.1" 200 1023
190.171.141.106 - - [26/Mar/2024:13:15:15 -0300] "GET /cormun/servlet/trsolicitudadjuntos?2024,21118, HTTP/1.1" 200 10295
181.212.47.137 - - [26/Mar/2024:13:15:17 -0300] "POST /cormun/servlet/trsolicitudgral?8289079facef3267739b074a3b64e621,,gx-no-cache=1711469514831 HTTP/1.1" 200 9034
190.171.141.106 - - [26/Mar/2024:13:15:18 -0300] "GET /cormun/servlet/solicitudotadjuntos?INS,2024,21118,,1, HTTP/1.1" 200 6321
190.171.141.106 - - [26/Mar/2024:13:15:18 -0300] "GET /cormun/static/about:blank HTTP/1.1" 404 1011
190.171.141.106 - - [26/Mar/2024:13:15:18 -0300] "GET /cormun/servlet/solicitudotadjuntos?b609d885b8c9d7b8ef9dbca42d74886947e95cee13a498f30ae7793b5728338860eca5a5ca3aa5e61a1d8e03032d9e3b,gx-no-cache=1711469534446 HTTP/1.1" 200 30
190.171.141.106 - - [26/Mar/2024:13:15:18 -0300] "POST /cormun/servlet/solicitudotadjuntos?a68d0e6ebd5bc0aad8ff5a13bbfacfc6,INS,2024,21118,,1,,gx-no-cache=1711469534469 HTTP/1.1" 200 4187
190.171.141.106 - - [26/Mar/2024:13:15:22 -0300] "POST /cormun/servlet/solicitudotadjuntos?gx-no-cache=1711469537979 HTTP/1.1" 200 26
181.212.47.137 - - [26/Mar/2024:13:15:26 -0300] "POST /cormun/servlet/trsolicitudgral?8289079facef3267739b074a3b64e621,,gx-no-cache=1711469524659 HTTP/1.1" 200 7606
181.212.47.137 - - [26/Mar/2024:13:15:32 -0300] "GET /cormun/servlet/vesolicitudgral?2024,21103,, HTTP/1.1" 200 8363
181.212.47.137 - - [26/Mar/2024:13:15:32 -0300] "GET /cormun/pexe_scrolldiv.js HTTP/1.1" 404 1009
190.171.141.106 - - [26/Mar/2024:13:15:33 -0300] "GET /cormun/servlet/solicitudotadjuntos?b609d885b8c9d7b8ef9dbca42d7488695d5127e8ead7b16c927dba699073992b,gx-no-cache=1711469549162 HTTP/1.1" 200 30
190.171.141.106 - - [26/Mar/2024:13:15:33 -0300] "GET /cormun/servlet/solicitudotadjuntos?b609d885b8c9d7b8ef9dbca42d7488695d5127e8ead7b16c927dba699073992b,gx-no-cache=1711469549185 HTTP/1.1" 200 30
190.171.141.106 - - [26/Mar/2024:13:15:34 -0300] "POST /cormun/servlet/solicitudotadjuntos?a68d0e6ebd5bc0aad8ff5a13bbfacfc6,INS,2024,21118,,1, HTTP/1.1" 200 116
190.171.141.106 - - [26/Mar/2024:13:15:34 -0300] "GET /cormun/servlet/hpexe_return? HTTP/1.1" 200 1023
190.171.141.106 - - [26/Mar/2024:13:15:35 -0300] "GET /cormun/servlet/trsolicitudadjuntos?2024,21118, HTTP/1.1" 200 10446
190.171.141.106 - - [26/Mar/2024:13:16:11 -0300] "GET /cormun/servlet/solicitudotadjuntos?INS,2024,21118,,2, HTTP/1.1" 200 6318
190.171.141.106 - - [26/Mar/2024:13:16:12 -0300] "GET /cormun/static/about:blank HTTP/1.1" 404 1011
190.171.141.106 - - [26/Mar/2024:13:16:12 -0300] "GET /cormun/servlet/solicitudotadjuntos?b609d885b8c9d7b8ef9dbca42d74886947e95cee13a498f30ae7793b5728338860eca5a5ca3aa5e61a1d8e03032d9e3b,gx-no-cache=1711469588128 HTTP/1.1" 200 30
190.171.141.106 - - [26/Mar/2024:13:16:12 -0300] "POST /cormun/servlet/solicitudotadjuntos?a68d0e6ebd5bc0aad8ff5a13bbfacfc6,INS,2024,21118,,2,,gx-no-cache=1711469588152 HTTP/1.1" 200 4327
190.171.141.106 - - [26/Mar/2024:13:16:17 -0300] "POST /cormun/servlet/solicitudotadjuntos?gx-no-cache=1711469592959 HTTP/1.1" 200 26
190.95.15.15 - - [26/Mar/2024:13:16:19 -0300] "GET /cormun/servlet/trlicencias? HTTP/1.1" 200 6056
190.95.15.15 - - [26/Mar/2024:13:16:20 -0300] "GET /cormun/servlet/hlogin HTTP/1.1" 200 1738
190.171.141.106 - - [26/Mar/2024:13:16:24 -0300] "GET /cormun/servlet/solicitudotadjuntos?b609d885b8c9d7b8ef9dbca42d7488695d5127e8ead7b16c927dba699073992b,gx-no-cache=1711469600355 HTTP/1.1" 200 30
190.171.141.106 - - [26/Mar/2024:13:16:24 -0300] "GET /cormun/servlet/solicitudotadjuntos?b609d885b8c9d7b8ef9dbca42d7488695d5127e8ead7b16c927dba699073992b,gx-no-cache=1711469600371 HTTP/1.1" 200 30
190.171.141.106 - - [26/Mar/2024:13:16:25 -0300] "POST /cormun/servlet/solicitudotadjuntos?a68d0e6ebd5bc0aad8ff5a13bbfacfc6,INS,2024,21118,,2, HTTP/1.1" 200 116
190.171.141.106 - - [26/Mar/2024:13:16:25 -0300] "GET /cormun/servlet/hpexe_return? HTTP/1.1" 200 1023
181.212.47.137 - - [26/Mar/2024:13:16:25 -0300] "GET /cormun/servlet/vesolicitudgral?2024,21103,,SolicitudOTAdjuntos HTTP/1.1" 200 10997
181.212.47.137 - - [26/Mar/2024:13:16:25 -0300] "GET /cormun/pexe_scrolldiv.js HTTP/1.1" 404 1009
190.171.141.106 - - [26/Mar/2024:13:16:25 -0300] "GET /cormun/servlet/trsolicitudadjuntos?2024,21118, HTTP/1.1" 200 10626
181.212.47.137 - - [26/Mar/2024:13:16:26 -0300] "POST /cormun/servlet/acontrolpreferencessavestate?None,RRHH+DANIELA,true HTTP/1.1" 200 35
181.212.47.137 - - [26/Mar/2024:13:16:28 -0300] "GET /cormun/PublicTempStorage/24tsoledaddci8848919.pdf HTTP/1.1" 200 1230002
190.95.15.15 - - [26/Mar/2024:13:16:28 -0300] "POST /cormun/servlet/hlogin?9354d562379c46b3a00eaf3dcb75a2d8,gx-no-cache=1711469602556 HTTP/1.1" 200 90
190.95.15.15 - - [26/Mar/2024:13:16:28 -0300] "GET /cormun/servlet/hpexe_link HTTP/1.1" 200 958
190.95.15.15 - - [26/Mar/2024:13:16:28 -0300] "GET /cormun/servlet/trlicencias HTTP/1.1" 200 10049
190.171.141.106 - - [26/Mar/2024:13:16:29 -0300] "GET /cormun/servlet/solicitudotadjuntos?INS,2024,21118,,2, HTTP/1.1" 200 6318
190.171.141.106 - - [26/Mar/2024:13:16:29 -0300] "GET /cormun/static/about:blank HTTP/1.1" 404 1011
190.171.141.106 - - [26/Mar/2024:13:16:30 -0300] "GET /cormun/servlet/solicitudotadjuntos?b609d885b8c9d7b8ef9dbca42d74886947e95cee13a498f30ae7793b5728338860eca5a5ca3aa5e61a1d8e03032d9e3b,gx-no-cache=1711469605499 HTTP/1.1" 200 30
190.171.141.106 - - [26/Mar/2024:13:16:30 -0300] "POST /cormun/servlet/solicitudotadjuntos?a68d0e6ebd5bc0aad8ff5a13bbfacfc6,INS,2024,21118,,2,,gx-no-cache=1711469605581 HTTP/1.1" 200 4327
190.171.141.106 - - [26/Mar/2024:13:16:33 -0300] "POST /cormun/servlet/solicitudotadjuntos?gx-no-cache=1711469609436 HTTP/1.1" 200 26
190.171.152.138 - - [26/Mar/2024:13:16:37 -0300] "GET /cormun/servlet/solicitudotadjuntos?f57fc6e6a3bed2bd9e5e61dece646f9c7c60fbb77dec176204b56eecfefb4ec0,gx-no-cache=1711473161386 HTTP/1.1" 200 30
190.171.152.138 - - [26/Mar/2024:13:16:37 -0300] "GET /cormun/servlet/solicitudotadjuntos?f57fc6e6a3bed2bd9e5e61dece646f9c7c60fbb77dec176204b56eecfefb4ec0,gx-no-cache=1711473161406 HTTP/1.1" 200 30
190.171.152.138 - - [26/Mar/2024:13:16:37 -0300] "POST /cormun/servlet/solicitudotadjuntos?c8d4b4352f83f9d32cca4678848968e0,INS,2024,21070,,1, HTTP/1.1" 200 116
190.171.152.138 - - [26/Mar/2024:13:16:37 -0300] "GET /cormun/servlet/hpexe_return? HTTP/1.1" 200 1027
190.171.152.138 - - [26/Mar/2024:13:16:37 -0300] "GET /cormun/servlet/trsolicitudadjuntos?2024,21070, HTTP/1.1" 200 10083
181.212.47.137 - - [26/Mar/2024:13:16:38 -0300] "GET /cormun/servlet/vesolicitudgral?2024,21103,,SolicitudOTAdjuntos HTTP/1.1" 200 10998
181.212.47.137 - - [26/Mar/2024:13:16:39 -0300] "POST /cormun/servlet/acontrolpreferencessavestate?None,RRHH+DANIELA,true HTTP/1.1" 200 35
190.171.152.138 - - [26/Mar/2024:13:16:40 -0300] "GET /cormun/servlet/solicitudotadjuntos?INS,2024,21070,,1, HTTP/1.1" 200 6285
190.171.152.138 - - [26/Mar/2024:13:16:40 -0300] "GET /cormun/static/about:blank HTTP/1.1" 404 1011
190.171.152.138 - - [26/Mar/2024:13:16:41 -0300] "GET /cormun/servlet/solicitudotadjuntos?f57fc6e6a3bed2bd9e5e61dece646f9cd1b5c66230a350af1d2bae0bdc4b3bf7674488c9881ed6eae64f0b67de7f39e0,gx-no-cache=1711473165764 HTTP/1.1" 200 30
190.171.152.138 - - [26/Mar/2024:13:16:41 -0300] "POST /cormun/servlet/solicitudotadjuntos?c8d4b4352f83f9d32cca4678848968e0,INS,2024,21070,,1,,gx-no-cache=1711473165795 HTTP/1.1" 200 4147
181.212.47.137 - - [26/Mar/2024:13:16:41 -0300] "GET /cormun/PublicTempStorage/24tsoledaddcv9170938.pdf HTTP/1.1" 200 3360905
181.212.47.137 - - [26/Mar/2024:13:16:49 -0300] "GET /cormun/servlet/vesolicitudgral?2024,21103,,SolicitudOTAdjuntos HTTP/1.1" 200 10997
181.212.47.137 - - [26/Mar/2024:13:16:50 -0300] "POST /cormun/servlet/acontrolpreferencessavestate?None,RRHH+DANIELA,true HTTP/1.1" 200 35
181.212.47.137 - - [26/Mar/2024:13:16:55 -0300] "GET /cormun/PublicTempStorage/24tsoledaddcafp9208927.pdf HTTP/1.1" 200 993122
190.171.141.106 - - [26/Mar/2024:13:17:06 -0300] "GET /cormun/servlet/solicitudotadjuntos?b609d885b8c9d7b8ef9dbca42d7488695d5127e8ead7b16c927dba699073992b,gx-no-cache=1711469642451 HTTP/1.1" 200 30
190.171.141.106 - - [26/Mar/2024:13:17:07 -0300] "GET /cormun/servlet/solicitudotadjuntos?b609d885b8c9d7b8ef9dbca42d7488695d5127e8ead7b16c927dba699073992b,gx-no-cache=1711469642514 HTTP/1.1" 200 30
190.171.141.106 - - [26/Mar/2024:13:17:07 -0300] "POST /cormun/servlet/solicitudotadjuntos?a68d0e6ebd5bc0aad8ff5a13bbfacfc6,INS,2024,21118,,2, HTTP/1.1" 200 116
190.171.141.106 - - [26/Mar/2024:13:17:07 -0300] "GET /cormun/servlet/hpexe_return? HTTP/1.1" 200 1023
190.171.141.106 - - [26/Mar/2024:13:17:07 -0300] "GET /cormun/servlet/trsolicitudadjuntos?2024,21118, HTTP/1.1" 200 10777
181.212.47.137 - - [26/Mar/2024:13:17:13 -0300] "GET /cormun/servlet/vesolicitudgral?2024,21103,,SolicitudOTAdjuntos HTTP/1.1" 200 10994
181.212.47.137 - - [26/Mar/2024:13:17:14 -0300] "POST /cormun/servlet/acontrolpreferencessavestate?None,RRHH+DANIELA,true HTTP/1.1" 200 35
181.212.47.137 - - [26/Mar/2024:13:17:15 -0300] "GET /cormun/PublicTempStorage/24tsoledaddcf6451505.pdf HTTP/1.1" 200 1198956
181.212.47.137 - - [26/Mar/2024:13:17:19 -0300] "GET /cormun/servlet/vesolicitudgral?2024,21103,,SolicitudOTAdjuntos HTTP/1.1" 200 10995
181.212.47.137 - - [26/Mar/2024:13:17:21 -0300] "POST /cormun/servlet/acontrolpreferencessavestate?None,RRHH+DANIELA,true HTTP/1.1" 200 35
190.171.152.138 - - [26/Mar/2024:13:17:25 -0300] "POST /cormun/servlet/solicitudotadjuntos?gx-no-cache=1711473209657 HTTP/1.1" 200 26
181.212.47.137 - - [26/Mar/2024:13:17:28 -0300] "GET /cormun/servlet/vesolicitudgral?2024,21103,,General HTTP/1.1" 200 8365
181.212.47.137 - - [26/Mar/2024:13:17:28 -0300] "GET /cormun/pexe_scrolldiv.js HTTP/1.1" 404 1009
190.171.152.138 - - [26/Mar/2024:13:17:34 -0300] "GET /cormun/servlet/solicitudotadjuntos?f57fc6e6a3bed2bd9e5e61dece646f9c7c60fbb77dec176204b56eecfefb4ec0,gx-no-cache=1711473219114 HTTP/1.1" 200 30
190.171.152.138 - - [26/Mar/2024:13:17:34 -0300] "GET /cormun/servlet/solicitudotadjuntos?f57fc6e6a3bed2bd9e5e61dece646f9c7c60fbb77dec176204b56eecfefb4ec0,gx-no-cache=1711473219136 HTTP/1.1" 200 30
190.171.152.138 - - [26/Mar/2024:13:17:35 -0300] "POST /cormun/servlet/solicitudotadjuntos?c8d4b4352f83f9d32cca4678848968e0,INS,2024,21070,,1, HTTP/1.1" 200 116
190.171.152.138 - - [26/Mar/2024:13:17:35 -0300] "GET /cormun/servlet/hpexe_return? HTTP/1.1" 200 1027
190.171.152.138 - - [26/Mar/2024:13:17:35 -0300] "GET /cormun/servlet/trsolicitudadjuntos?2024,21070, HTTP/1.1" 200 10375
190.171.152.138 - - [26/Mar/2024:13:17:38 -0300] "POST /cormun/servlet/trsolicitudadjuntos?c8d4b4352f83f9d32cca4678848968e0,2024,21070,,gx-no-cache=1711473222575 HTTP/1.1" 200 90
190.171.152.138 - - [26/Mar/2024:13:17:38 -0300] "GET /cormun/servlet/hpexe_link HTTP/1.1" 200 970
190.171.152.138 - - [26/Mar/2024:13:17:38 -0300] "GET /cormun/servlet/trsolicitudot HTTP/1.1" 200 9240
190.171.142.42 - - [26/Mar/2024:13:17:39 -0300] "GET /cormun/servlet/permisogoce?INS,0,,, HTTP/1.1" 200 7178
190.171.152.138 - - [26/Mar/2024:13:17:42 -0300] "POST /cormun/servlet/trsolicitudot?c8d4b4352f83f9d32cca4678848968e0,gx-no-cache=1711473226783 HTTP/1.1" 200 6390
190.171.152.138 - - [26/Mar/2024:13:17:42 -0300] "GET /cormun/static/Shared/jqueryui/images/ui-bg_flat_55_fafafa_40x100.png HTTP/1.1" 404 1097
190.171.152.138 - - [26/Mar/2024:13:17:42 -0300] "GET /cormun/static/Shared/jqueryui/images/ui-icons_8d78a5_256x240.png HTTP/1.1" 404 1089
190.171.152.138 - - [26/Mar/2024:13:17:46 -0300] "POST /cormun/servlet/trsolicitudot?c8d4b4352f83f9d32cca4678848968e0,gx-no-cache=1711473230588 HTTP/1.1" 200 107
190.171.152.138 - - [26/Mar/2024:13:17:46 -0300] "GET /cormun/servlet/trsolicitudadjuntos?2024,21070, HTTP/1.1" 200 10370
190.171.142.42 - - [26/Mar/2024:13:17:53 -0300] "GET /cormun/servlet/permisogoce?aaa2a8f44c53f4a5c2e83a5446dcdfbda2de6322fd9f2bde6683d9aa988b54c531c55d49505cad6ae4577846f4abfffd70ff69821ef5080da25e9ba8f6ab6bf0,gx-no-cache=1711469685630 HTTP/1.1" 200 182
190.171.142.42 - - [26/Mar/2024:13:17:53 -0300] "GET /cormun/static/Shared/jqueryui/images/ui-bg_highlight-soft_100_c6c2c8_1x100.png HTTP/1.1" 404 1117
190.171.142.42 - - [26/Mar/2024:13:17:53 -0300] "GET /cormun/static/Shared/jqueryui/images/ui-icons_82798d_256x240.png HTTP/1.1" 404 1089
190.171.142.42 - - [26/Mar/2024:13:17:53 -0300] "GET /cormun/static/Shared/jqueryui/images/ui-bg_flat_55_994d53_40x100.png HTTP/1.1" 404 1097
190.171.142.42 - - [26/Mar/2024:13:17:53 -0300] "GET /cormun/static/Shared/jqueryui/images/ui-icons_ebccce_256x240.png HTTP/1.1" 404 1089
190.171.141.106 - - [26/Mar/2024:13:18:13 -0300] "GET /cormun/servlet/hlogin HTTP/1.1" 200 1715
190.171.142.42 - - [26/Mar/2024:13:18:17 -0300] "GET /cormun/servlet/permisogoce?aaa2a8f44c53f4a5c2e83a5446dcdfbda2de6322fd9f2bde6683d9aa988b54c531c55d49505cad6ae4577846f4abfffd70ff69821ef5080da25e9ba8f6ab6bf0,gx-no-cache=1711469709248 HTTP/1.1" 200 182
190.171.141.106 - - [26/Mar/2024:13:18:19 -0300] "POST /cormun/servlet/hlogin?251b2a12bd2d71e4ff541369f8343926,gx-no-cache=1711469714996 HTTP/1.1" 200 90
190.171.141.106 - - [26/Mar/2024:13:18:19 -0300] "GET /cormun/servlet/hpexe_link HTTP/1.1" 200 947
190.171.141.106 - - [26/Mar/2024:13:18:19 -0300] "GET /cormun/servlet/hhome HTTP/1.1" 200 4267
190.171.141.106 - - [26/Mar/2024:13:18:24 -0300] "GET /cormun/servlet/trsolicitudot? HTTP/1.1" 200 8943
190.171.141.106 - - [26/Mar/2024:13:18:29 -0300] "POST /cormun/servlet/trsolicitudot?251b2a12bd2d71e4ff541369f8343926,,gx-no-cache=1711469724744 HTTP/1.1" 200 107
190.171.141.106 - - [26/Mar/2024:13:18:29 -0300] "GET /cormun/servlet/trsolicitudadjuntos?2024,21118, HTTP/1.1" 200 10771
190.171.141.106 - - [26/Mar/2024:13:18:32 -0300] "GET /cormun/servlet/trsolicitudot? HTTP/1.1" 200 8943
190.171.141.106 - - [26/Mar/2024:13:18:42 -0300] "POST /cormun/servlet/trsolicitudot?251b2a12bd2d71e4ff541369f8343926,,gx-no-cache=1711469737687 HTTP/1.1" 200 4886
190.171.141.106 - - [26/Mar/2024:13:18:42 -0300] "GET /cormun/static/Shared/jqueryui/images/ui-bg_highlight-soft_100_c6c2c8_1x100.png HTTP/1.1" 404 1117
190.171.141.106 - - [26/Mar/2024:13:18:42 -0300] "GET /cormun/static/Shared/jqueryui/images/ui-icons_82798d_256x240.png HTTP/1.1" 404 1089
190.171.141.106 - - [26/Mar/2024:13:18:42 -0300] "GET /cormun/static/Shared/jqueryui/images/ui-bg_flat_55_fafafa_40x100.png HTTP/1.1" 404 1097
190.171.141.106 - - [26/Mar/2024:13:18:42 -0300] "GET /cormun/static/Shared/jqueryui/images/ui-icons_8d78a5_256x240.png HTTP/1.1" 404 1089
190.171.141.106 - - [26/Mar/2024:13:18:42 -0300] "POST /cormun/servlet/trsolicitudot?251b2a12bd2d71e4ff541369f8343926,,gx-no-cache=1711469738023 HTTP/1.1" 200 4614
181.212.47.137 - - [26/Mar/2024:13:19:17 -0300] "GET /cormun/servlet/trsolicitudgral? HTTP/1.1" 200 10259
181.212.47.137 - - [26/Mar/2024:13:19:26 -0300] "POST /cormun/servlet/trsolicitudgral?8289079facef3267739b074a3b64e621,,gx-no-cache=1711469764528 HTTP/1.1" 200 6679
5.237.245.143 - - [26/Mar/2024:13:19:49 -0300] "GET / HTTP/1.1" 200 11217
181.212.47.137 - - [26/Mar/2024:13:19:57 -0300] "POST /cormun/servlet/trsolicitudgral?8289079facef3267739b074a3b64e621,,gx-no-cache=1711469794767 HTTP/1.1" 200 9030
190.171.141.106 - - [26/Mar/2024:13:19:58 -0300] "GET /cormun/servlet/hhome HTTP/1.1" 200 3333
181.212.47.137 - - [26/Mar/2024:13:19:58 -0300] "GET /cormun/servlet/vesolicitudgral?2024,21103,, HTTP/1.1" 200 8366
181.212.47.137 - - [26/Mar/2024:13:19:58 -0300] "GET /cormun/pexe_scrolldiv.js HTTP/1.1" 404 1009
190.171.141.106 - - [26/Mar/2024:13:19:59 -0300] "GET /cormun/servlet/hhome HTTP/1.1" 200 3333
190.171.141.106 - - [26/Mar/2024:13:19:59 -0300] "GET /cormun/servlet/hlogin HTTP/1.1" 200 1734
190.171.141.106 - - [26/Mar/2024:13:20:02 -0300] "POST /cormun/servlet/hlogin?acfe9febbb0d7d72f1400603e7e7a153,gx-no-cache=1711469817196 HTTP/1.1" 200 90
190.171.141.106 - - [26/Mar/2024:13:20:02 -0300] "GET /cormun/servlet/hpexe_link HTTP/1.1" 200 954
190.171.141.106 - - [26/Mar/2024:13:20:02 -0300] "GET /cormun/servlet/hhome HTTP/1.1" 200 4274
190.171.141.106 - - [26/Mar/2024:13:20:04 -0300] "GET /cormun/servlet/trlicencias? HTTP/1.1" 200 12107
190.171.141.106 - - [26/Mar/2024:13:20:07 -0300] "POST /cormun/servlet/trlicencias?acfe9febbb0d7d72f1400603e7e7a153,,gx-no-cache=1711469822094 HTTP/1.1" 200 9593
190.171.141.106 - - [26/Mar/2024:13:20:45 -0300] "GET /cormun/servlet/trautorizarsolicitud? HTTP/1.1" 200 6220
190.171.141.106 - - [26/Mar/2024:13:20:47 -0300] "GET /cormun/servlet/hlogin HTTP/1.1" 200 1742
190.171.141.106 - - [26/Mar/2024:13:21:02 -0300] "POST /cormun/servlet/hlogin?093ee5c5a2f93e186e31cff6c1de7dff,gx-no-cache=1711469877126 HTTP/1.1" 200 461
190.171.141.106 - - [26/Mar/2024:13:21:17 -0300] "POST /cormun/servlet/hlogin?093ee5c5a2f93e186e31cff6c1de7dff,gx-no-cache=1711469892036 HTTP/1.1" 200 461
190.171.141.90 - - [26/Mar/2024:13:21:28 -0300] "GET /cormun/servlet/hlogin HTTP/1.1" 200 1717
190.171.141.106 - - [26/Mar/2024:13:21:29 -0300] "POST /cormun/servlet/hlogin?093ee5c5a2f93e186e31cff6c1de7dff,gx-no-cache=1711469904532 HTTP/1.1" 200 461
190.171.141.90 - - [26/Mar/2024:13:21:34 -0300] "POST /cormun/servlet/hlogin?b71ee5e169fe38de6fb60901dd330bfe,gx-no-cache=1711469910975 HTTP/1.1" 200 90
190.171.141.90 - - [26/Mar/2024:13:21:34 -0300] "GET /cormun/servlet/hpexe_link HTTP/1.1" 200 955
190.171.141.90 - - [26/Mar/2024:13:21:35 -0300] "GET /cormun/servlet/trsolicitudot? HTTP/1.1" 200 15916
190.171.141.90 - - [26/Mar/2024:13:21:42 -0300] "GET /cormun/servlet/solicitudot?INS,0,0,false, HTTP/1.1" 200 15950
190.171.141.106 - - [26/Mar/2024:13:21:44 -0300] "POST /cormun/servlet/hlogin?093ee5c5a2f93e186e31cff6c1de7dff,gx-no-cache=1711469919539 HTTP/1.1" 200 461
190.171.141.106 - - [26/Mar/2024:13:21:46 -0300] "POST /cormun/servlet/hlogin?093ee5c5a2f93e186e31cff6c1de7dff,gx-no-cache=1711469921601 HTTP/1.1" 200 460
190.171.141.106 - - [26/Mar/2024:13:21:57 -0300] "POST /cormun/servlet/hlogin?093ee5c5a2f93e186e31cff6c1de7dff,gx-no-cache=1711469932697 HTTP/1.1" 200 461
190.171.141.106 - - [26/Mar/2024:13:22:15 -0300] "POST /cormun/servlet/hlogin?093ee5c5a2f93e186e31cff6c1de7dff,gx-no-cache=1711469950385 HTTP/1.1" 200 90
190.171.141.106 - - [26/Mar/2024:13:22:15 -0300] "GET /cormun/servlet/hpexe_link HTTP/1.1" 200 962
190.171.141.106 - - [26/Mar/2024:13:22:16 -0300] "GET /cormun/servlet/trautorizarsolicitud HTTP/1.1" 200 8714
190.171.141.106 - - [26/Mar/2024:13:22:21 -0300] "POST /cormun/servlet/trautorizarsolicitud?093ee5c5a2f93e186e31cff6c1de7dff,gx-no-cache=1711469956072 HTTP/1.1" 200 4548
190.171.141.106 - - [26/Mar/2024:13:22:21 -0300] "GET /cormun/static/Shared/jqueryui/images/ui-icons_82798d_256x240.png HTTP/1.1" 404 1089
190.171.141.106 - - [26/Mar/2024:13:22:21 -0300] "GET /cormun/static/Shared/jqueryui/images/ui-bg_highlight-soft_100_c6c2c8_1x100.png HTTP/1.1" 404 1117
190.171.141.106 - - [26/Mar/2024:13:22:21 -0300] "GET /cormun/static/Shared/jqueryui/images/ui-bg_flat_55_fafafa_40x100.png HTTP/1.1" 404 1097
190.171.141.106 - - [26/Mar/2024:13:22:21 -0300] "GET /cormun/static/Shared/jqueryui/images/ui-icons_8d78a5_256x240.png HTTP/1.1" 404 1089
190.171.141.106 - - [26/Mar/2024:13:22:21 -0300] "POST /cormun/servlet/trautorizarsolicitud?093ee5c5a2f93e186e31cff6c1de7dff,gx-no-cache=1711469956295 HTTP/1.1" 200 4277
190.171.141.106 - - [26/Mar/2024:13:22:25 -0300] "GET /cormun/servlet/trautorizarsolicitud? HTTP/1.1" 200 7209
190.171.141.90 - - [26/Mar/2024:13:22:33 -0300] "POST /cormun/servlet/solicitudot?gx-no-cache=1711469969287 HTTP/1.1" 200 4031
190.171.141.90 - - [26/Mar/2024:13:22:33 -0300] "POST /cormun/servlet/solicitudot?b71ee5e169fe38de6fb60901dd330bfe,INS,0,0,false,,gx-no-cache=1711469969386 HTTP/1.1" 200 12598
190.171.141.90 - - [26/Mar/2024:13:22:35 -0300] "GET /cormun/servlet/solicitudot?90dc98160b611ab53d5ddd660128a6c5ee0b895b7170c92f1d8ffa3c91b0b9dcc536f7d1da3f5610ee69c6788e2d0f1e,gx-no-cache=1711469971835 HTTP/1.1" 200 30
190.171.152.138 - - [26/Mar/2024:13:23:16 -0300] "GET /cormun/servlet/solicitudotadjuntos?INS,2024,21070,,1, HTTP/1.1" 200 6285
190.171.152.138 - - [26/Mar/2024:13:23:16 -0300] "GET /cormun/static/about:blank HTTP/1.1" 404 1011
190.171.152.138 - - [26/Mar/2024:13:23:17 -0300] "GET /cormun/servlet/solicitudotadjuntos?f57fc6e6a3bed2bd9e5e61dece646f9cd1b5c66230a350af1d2bae0bdc4b3bf7674488c9881ed6eae64f0b67de7f39e0,gx-no-cache=1711473561981 HTTP/1.1" 200 30
190.171.152.138 - - [26/Mar/2024:13:23:17 -0300] "POST /cormun/servlet/solicitudotadjuntos?c8d4b4352f83f9d32cca4678848968e0,INS,2024,21070,,1,,gx-no-cache=1711473561999 HTTP/1.1" 200 4148
190.171.152.138 - - [26/Mar/2024:13:23:20 -0300] "POST /cormun/servlet/solicitudotadjuntos?gx-no-cache=1711473565167 HTTP/1.1" 200 26
190.171.152.138 - - [26/Mar/2024:13:23:37 -0300] "GET /cormun/servlet/solicitudotadjuntos?f57fc6e6a3bed2bd9e5e61dece646f9c7c60fbb77dec176204b56eecfefb4ec0,gx-no-cache=1711473582021 HTTP/1.1" 200 30
190.171.152.138 - - [26/Mar/2024:13:23:37 -0300] "GET /cormun/servlet/solicitudotadjuntos?f57fc6e6a3bed2bd9e5e61dece646f9c7c60fbb77dec176204b56eecfefb4ec0,gx-no-cache=1711473582057 HTTP/1.1" 200 30
190.171.152.138 - - [26/Mar/2024:13:23:38 -0300] "POST /cormun/servlet/solicitudotadjuntos?c8d4b4352f83f9d32cca4678848968e0,INS,2024,21070,,1, HTTP/1.1" 200 116
190.171.152.138 - - [26/Mar/2024:13:23:38 -0300] "GET /cormun/servlet/hpexe_return? HTTP/1.1" 200 1027
190.171.152.138 - - [26/Mar/2024:13:23:38 -0300] "GET /cormun/servlet/trsolicitudadjuntos?2024,21070, HTTP/1.1" 200 10541
190.171.152.138 - - [26/Mar/2024:13:24:06 -0300] "POST /cormun/servlet/trsolicitudadjuntos?c8d4b4352f83f9d32cca4678848968e0,2024,21070,,gx-no-cache=1711473586325 HTTP/1.1" 200 90
190.171.152.138 - - [26/Mar/2024:13:24:06 -0300] "GET /cormun/servlet/hpexe_link HTTP/1.1" 200 990
190.171.152.138 - - [26/Mar/2024:13:24:06 -0300] "GET /cormun/servlet/trsolicitudot?gx-no-cache=1711473226783 HTTP/1.1" 200 9240
190.171.152.138 - - [26/Mar/2024:13:24:07 -0300] "POST /cormun/servlet/trsolicitudadjuntos?c8d4b4352f83f9d32cca4678848968e0,2024,21070,,gx-no-cache=1711473586325 HTTP/1.1" 500 10
181.212.47.137 - - [26/Mar/2024:13:24:08 -0300] "GET /cormun/servlet/trsolicitudgral? HTTP/1.1" 200 12031
190.171.152.138 - - [26/Mar/2024:13:24:10 -0300] "POST /cormun/servlet/trsolicitudot?c8d4b4352f83f9d32cca4678848968e0,gx-no-cache=1711473226783,gx-no-cache=1711473614662 HTTP/1.1" 200 5876
190.171.152.138 - - [26/Mar/2024:13:24:10 -0300] "GET /cormun/static/Shared/jqueryui/images/ui-icons_82798d_256x240.png HTTP/1.1" 404 1089
190.171.152.138 - - [26/Mar/2024:13:24:10 -0300] "GET /cormun/static/Shared/jqueryui/images/ui-bg_flat_55_fafafa_40x100.png HTTP/1.1" 404 1097
190.171.152.138 - - [26/Mar/2024:13:24:10 -0300] "GET /cormun/static/Shared/jqueryui/images/ui-icons_8d78a5_256x240.png HTTP/1.1" 404 1089
190.171.152.138 - - [26/Mar/2024:13:24:10 -0300] "GET /cormun/static/Shared/jqueryui/images/ui-bg_highlight-soft_100_c6c2c8_1x100.png HTTP/1.1" 404 1117
190.171.152.138 - - [26/Mar/2024:13:24:10 -0300] "POST /cormun/servlet/trsolicitudot?c8d4b4352f83f9d32cca4678848968e0,gx-no-cache=1711473226783,gx-no-cache=1711473614862 HTTP/1.1" 200 5819
190.171.152.138 - - [26/Mar/2024:13:24:11 -0300] "POST /cormun/servlet/trsolicitudot?c8d4b4352f83f9d32cca4678848968e0,gx-no-cache=1711473226783,gx-no-cache=1711473616235 HTTP/1.1" 200 112
190.171.152.138 - - [26/Mar/2024:13:24:12 -0300] "GET /cormun/servlet/solicitudot?UPD,2024,21071,false, HTTP/1.1" 200 16834
190.171.152.138 - - [26/Mar/2024:13:24:13 -0300] "POST /cormun/servlet/solicitudot?gx-no-cache=1711473617323 HTTP/1.1" 200 4116
190.171.152.138 - - [26/Mar/2024:13:24:13 -0300] "POST /cormun/servlet/solicitudot?c8d4b4352f83f9d32cca4678848968e0,UPD,2024,21071,false,,gx-no-cache=1711473617447 HTTP/1.1" 200 13050
190.171.152.138 - - [26/Mar/2024:13:24:13 -0300] "GET /cormun/servlet/solicitudot?f57fc6e6a3bed2bd9e5e61dece646f9c47847a4b5c16120bc3dba5818dc70b111d1cd1abacdba5664b42e6a914edb980,gx-no-cache=1711473617582 HTTP/1.1" 200 30
190.171.152.138 - - [26/Mar/2024:13:24:13 -0300] "GET /cormun/servlet/solicitudot?f57fc6e6a3bed2bd9e5e61dece646f9c6b782dbb46cb03f2e9d4c55132f3ee7890ca085220e10082a422669ccfdad98bedc7887a3b74e601fc3d92928618a9151494367b303ba84ad649cd1fd46adaae,gx-no-cache=1711473617607 HTTP/1.1" 200 30
190.171.152.138 - - [26/Mar/2024:13:24:13 -0300] "GET /cormun/servlet/solicitudot?f57fc6e6a3bed2bd9e5e61dece646f9cd5a636ae7d5fd02d6c27ad451be938a48935d2d33f7bf22e88b76b0eb3a8ec3b8945219a44f9617dee0b8109ac44d468,gx-no-cache=1711473617624 HTTP/1.1" 200 53
190.171.152.138 - - [26/Mar/2024:13:24:13 -0300] "POST /cormun/servlet/solicitudot?gx-no-cache=1711473617651 HTTP/1.1" 200 254
190.171.152.138 - - [26/Mar/2024:13:24:13 -0300] "GET /cormun/servlet/solicitudot?f57fc6e6a3bed2bd9e5e61dece646f9c3489c88b376fcbef9ccfd100881100f3dce674771942535994a888f88177bddbb96e6bce592c6eecf9dc98d1d5f943b35564e7e5955932577bff4b04981e11788225932eee937a471b49fdfd57f6cca8d2ade0fb3f517e2d91db4f515ce1c3cf3a46e8fd27cc6208c3caa470414d7665b38fc806e23df1450d87ce17bf783793406d90bf3391c687740e1328c94e30d4776c9344afb4df555c4a3e16daaea685741a6216ae4f4e17a4d78a09f3f0b8eb24209d5492c37916d50e2b05056ff0db5499ef6b59d758f2f9f2c05e2cdcbe18cffc4bcdf7469bfd557c2f155f43b31a0fedad44b845c0cd9bccb6e59f7e7f97ab0e7f9d662c67746b56d28d4b6c668de251c67387ebefd6b74ec3c515e8e7905a36c01a84c38667f1e03edc6999f691a967e4ccdfde7bddf6bff2fbf9900a3a9706de3bf09590b6e5ab53fc1526505189e124e70e88a639ba2cd314d3f6657c0b1dcf6dae96eab068532dcf2410af6413f12c6a106c1eeb0905b615c6660d94,gx-no-cache=1711473617675 HTTP/1.1" 200 30
190.171.152.138 - - [26/Mar/2024:13:24:13 -0300] "POST /cormun/servlet/solicitudot?gx-no-cache=1711473617694 HTTP/1.1" 200 30
190.171.152.138 - - [26/Mar/2024:13:24:13 -0300] "POST /cormun/servlet/solicitudot?gx-no-cache=1711473617741 HTTP/1.1" 200 1475
190.171.152.138 - - [26/Mar/2024:13:24:13 -0300] "POST /cormun/servlet/solicitudot?gx-no-cache=1711473617772 HTTP/1.1" 200 41
190.171.141.90 - - [26/Mar/2024:13:24:14 -0300] "POST /cormun/servlet/solicitudot?b71ee5e169fe38de6fb60901dd330bfe,INS,0,0,false,,gx-no-cache=1711470070812 HTTP/1.1" 200 12765
190.171.152.138 - - [26/Mar/2024:13:24:14 -0300] "POST /cormun/servlet/solicitudot?c8d4b4352f83f9d32cca4678848968e0,UPD,2024,21071,false,,gx-no-cache=1711473619165 HTTP/1.1" 200 93
190.171.141.90 - - [26/Mar/2024:13:24:14 -0300] "GET /cormun/static/Shared/jqueryui/images/ui-bg_highlight-soft_100_c6c2c8_1x100.png HTTP/1.1" 404 1117
190.171.141.90 - - [26/Mar/2024:13:24:14 -0300] "GET /cormun/static/Shared/jqueryui/images/ui-icons_82798d_256x240.png HTTP/1.1" 404 1089
190.171.141.90 - - [26/Mar/2024:13:24:14 -0300] "GET /cormun/static/Shared/jqueryui/images/ui-bg_flat_55_fafafa_40x100.png HTTP/1.1" 404 1097
190.171.141.90 - - [26/Mar/2024:13:24:14 -0300] "GET /cormun/static/Shared/jqueryui/images/ui-icons_8d78a5_256x240.png HTTP/1.1" 404 1089
190.171.152.138 - - [26/Mar/2024:13:24:15 -0300] "GET /cormun/servlet/hpexe_return? HTTP/1.1" 200 1037
190.171.152.138 - - [26/Mar/2024:13:24:15 -0300] "GET /cormun/servlet/trsolicitudot?gx-no-cache=1711473226783 HTTP/1.1" 200 8747
181.212.47.137 - - [26/Mar/2024:13:24:15 -0300] "POST /cormun/servlet/trsolicitudgral?8289079facef3267739b074a3b64e621,,gx-no-cache=1711470052814 HTTP/1.1" 200 18187
190.171.141.90 - - [26/Mar/2024:13:24:16 -0300] "GET /cormun/servlet/solicitudot?90dc98160b611ab53d5ddd660128a6c57c04f1a52c2c28289de62aab756c4da8c523a9e1f064c74653c7873ad6d0e8d3,gx-no-cache=1711470072851 HTTP/1.1" 200 30
190.171.141.90 - - [26/Mar/2024:13:24:16 -0300] "GET /cormun/servlet/solicitudot?90dc98160b611ab53d5ddd660128a6c599d4b6aa239566fd8056367e7b4d8624,gx-no-cache=1711470072866 HTTP/1.1" 200 29
190.171.152.138 - - [26/Mar/2024:13:24:18 -0300] "POST /cormun/servlet/trsolicitudot?c8d4b4352f83f9d32cca4678848968e0,gx-no-cache=1711473226783,gx-no-cache=1711473622384 HTTP/1.1" 200 6091
190.171.152.138 - - [26/Mar/2024:13:24:20 -0300] "POST /cormun/servlet/trsolicitudot?c8d4b4352f83f9d32cca4678848968e0,gx-no-cache=1711473226783,gx-no-cache=1711473625220 HTTP/1.1" 200 107
190.171.152.138 - - [26/Mar/2024:13:24:20 -0300] "GET /cormun/servlet/trsolicitudadjuntos?2024,21071, HTTP/1.1" 200 6358
190.171.141.90 - - [26/Mar/2024:13:24:22 -0300] "POST /cormun/servlet/solicitudot?gx-no-cache=1711470078778 HTTP/1.1" 200 297
190.171.141.90 - - [26/Mar/2024:13:24:22 -0300] "GET /cormun/servlet/solicitudot?90dc98160b611ab53d5ddd660128a6c56ccfca4167d0f3d9e3c9e9faaf53744be5bb4bf8ec5ab50e648e30f4eb662ab3902a62e083025769b4e6ec751951dc7332d326bfb47548a977809f22d68879b52c19ac103bc0f5527ff87e438f988cf7e37723bd38719c934d16e92cd3451bd8c2e38ef66334529199d3d8411b3ba4dfa332e72698db6173fecc7cfcdcb32561185c41cb10f01e461d322042485dba2adff0dd2b7272ce4d7a52721d70c78bd866380730cc38cf3bd2fb9d8edd04ae008bf52fe5d953cc644e48025e429143e386e4457b15bee579eccaf828812e60d2eb1063a9f77860b21b2ed1bab5f81e8004ae51bec02e05b9dd186b22f3404b7ead0e00bb229d0341f10642c6df76e3489283e158c3dc11da5ba39d01f6d4d3efd0db1591be6f50dc1522a917ddd0bc37827d32acb72d970aed3b3d1fe105ebc9cffa3938b18f0f88bb847b3acace9d561c3c66bcc620c1d087de115b7fa249b9a1ba1d6a649e10f7ee63c28afe8a1d324ba1bce11923dbc83889433361722e1569165354335b876f39a361a0eebce388,gx-no-cache=1711470078797 HTTP/1.1" 200 30
190.171.141.90 - - [26/Mar/2024:13:24:24 -0300] "POST /cormun/servlet/solicitudot?gx-no-cache=1711470080891 HTTP/1.1" 200 30
190.171.141.90 - - [26/Mar/2024:13:24:28 -0300] "POST /cormun/servlet/solicitudot?gx-no-cache=1711470084436 HTTP/1.1" 200 1472
190.171.141.90 - - [26/Mar/2024:13:24:28 -0300] "POST /cormun/servlet/solicitudot?gx-no-cache=1711470084462 HTTP/1.1" 200 38
181.212.47.137 - - [26/Mar/2024:13:24:53 -0300] "POST /cormun/servlet/trsolicitudgral?8289079facef3267739b074a3b64e621,,gx-no-cache=1711470090806 HTTP/1.1" 200 6654
181.212.47.137 - - [26/Mar/2024:13:24:57 -0300] "GET /cormun/servlet/vesolicitudgral?2024,21071,, HTTP/1.1" 200 8392
181.212.47.137 - - [26/Mar/2024:13:24:57 -0300] "GET /cormun/pexe_scrolldiv.js HTTP/1.1" 404 1009
190.171.141.90 - - [26/Mar/2024:13:24:58 -0300] "GET /cormun/servlet/solicitudot?90dc98160b611ab53d5ddd660128a6c538d1644dcad25872d687046563e0edfe4d4f0221197a0b5c6646ca4a29189bb4aef78dbda3510dfb85230dd1aee6513152b85818571785f3474890d5e16953588cd92094ecd9697f26a4a50792e467e16f13bf9a4111e670ebb16aaa31799e02,gx-no-cache=1711470114107 HTTP/1.1" 200 110
190.171.141.90 - - [26/Mar/2024:13:24:58 -0300] "POST /cormun/servlet/solicitudot?gx-no-cache=1711470114127 HTTP/1.1" 200 110
190.171.141.90 - - [26/Mar/2024:13:25:04 -0300] "GET /cormun/servlet/solicitudot?90dc98160b611ab53d5ddd660128a6c5f8291b5ac8a65b2b5ba48c5e2cfb9273f316ed9221452f43a8dcb076e7d2fa83bfbfb67e654b380c21b21cc506e1872367c2adb4ddb95510532704ab72b3b17b8c2b526900b7fa6a6bafd2e44c9223cb5ef153ca144c60c7e62bf6c6e8f4141c,gx-no-cache=1711470120675 HTTP/1.1" 200 29
190.171.141.90 - - [26/Mar/2024:13:25:04 -0300] "GET /cormun/static/menuarrow.gif HTTP/1.1" 404 1015
181.212.47.137 - - [26/Mar/2024:13:25:05 -0300] "GET /cormun/servlet/vesolicitudgral?2024,21071,,SolicitudOTAdjuntos HTTP/1.1" 200 7090
181.212.47.137 - - [26/Mar/2024:13:25:05 -0300] "GET /cormun/pexe_scrolldiv.js HTTP/1.1" 404 1009
181.212.47.137 - - [26/Mar/2024:13:25:06 -0300] "POST /cormun/servlet/acontrolpreferencessavestate?None,RRHH+DANIELA,true HTTP/1.1" 200 35
181.212.47.137 - - [26/Mar/2024:13:25:07 -0300] "GET /cormun/servlet/vesolicitudgral?2024,21071,,General HTTP/1.1" 200 8395
181.212.47.137 - - [26/Mar/2024:13:25:07 -0300] "GET /cormun/pexe_scrolldiv.js HTTP/1.1" 404 1009
190.171.141.106 - - [26/Mar/2024:13:25:10 -0300] "GET /cormun/static/menuarrow.gif HTTP/1.1" 404 1015
190.171.141.106 - - [26/Mar/2024:13:25:14 -0300] "POST /cormun/servlet/trlicencias?acfe9febbb0d7d72f1400603e7e7a153,,gx-no-cache=1711470129001 HTTP/1.1" 200 10938
181.212.47.137 - - [26/Mar/2024:13:25:27 -0300] "GET /cormun/servlet/trsolicitudgral? HTTP/1.1" 200 9714
181.212.47.137 - - [26/Mar/2024:13:25:33 -0300] "POST /cormun/servlet/trsolicitudgral?8289079facef3267739b074a3b64e621,,gx-no-cache=1711470131101 HTTP/1.1" 200 6947
190.171.141.90 - - [26/Mar/2024:13:25:34 -0300] "GET /cormun/servlet/solicitudot?90dc98160b611ab53d5ddd660128a6c595a822a90f7d16d1443fd77d4f8842c708c2aa92b37ac110df69cb54862a8033,gx-no-cache=1711470150347 HTTP/1.1" 200 30
190.171.141.90 - - [26/Mar/2024:13:25:43 -0300] "POST /cormun/servlet/solicitudot?gx-no-cache=1711470159259 HTTP/1.1" 200 30
190.171.141.90 - - [26/Mar/2024:13:25:47 -0300] "POST /cormun/servlet/solicitudot?b71ee5e169fe38de6fb60901dd330bfe,INS,0,0,false,,gx-no-cache=1711470162494 HTTP/1.1" 200 93
190.171.141.90 - - [26/Mar/2024:13:25:47 -0300] "GET /cormun/servlet/hpexe_return? HTTP/1.1" 200 1007
190.171.141.90 - - [26/Mar/2024:13:25:47 -0300] "GET /cormun/servlet/trsolicitudot HTTP/1.1" 200 16319
190.171.141.90 - - [26/Mar/2024:13:25:57 -0300] "POST /cormun/servlet/trsolicitudot?b71ee5e169fe38de6fb60901dd330bfe,gx-no-cache=1711470173112 HTTP/1.1" 200 106
190.171.141.90 - - [26/Mar/2024:13:25:57 -0300] "GET /cormun/servlet/trsolicitudadjuntos?2024,21119, HTTP/1.1" 200 6077
190.171.141.90 - - [26/Mar/2024:13:25:59 -0300] "GET /cormun/servlet/solicitudotadjuntos?INS,2024,21119,,1, HTTP/1.1" 200 6022
190.171.141.90 - - [26/Mar/2024:13:25:59 -0300] "GET /cormun/static/about:blank HTTP/1.1" 404 1011
190.171.141.90 - - [26/Mar/2024:13:25:59 -0300] "GET /cormun/servlet/solicitudotadjuntos?90dc98160b611ab53d5ddd660128a6c54d1963676407789f23b45038ba26d435e531cd81c4afd5630c4cadcae64cb2d2,gx-no-cache=1711470175683 HTTP/1.1" 200 30
190.171.141.90 - - [26/Mar/2024:13:25:59 -0300] "POST /cormun/servlet/solicitudotadjuntos?b71ee5e169fe38de6fb60901dd330bfe,INS,2024,21119,,1,,gx-no-cache=1711470175694 HTTP/1.1" 200 3865
190.171.152.138 - - [26/Mar/2024:13:26:01 -0300] "GET /cormun/servlet/solicitudotadjuntos?INS,2024,21071,,1, HTTP/1.1" 200 6284
190.171.152.138 - - [26/Mar/2024:13:26:01 -0300] "GET /cormun/static/about:blank HTTP/1.1" 404 1011
190.171.152.138 - - [26/Mar/2024:13:26:02 -0300] "GET /cormun/servlet/solicitudotadjuntos?f57fc6e6a3bed2bd9e5e61dece646f9c344a2db966f9da002cf22c34b7a380c8a304280c0f5d67e57ca2ce242ffcbc87,gx-no-cache=1711473726529 HTTP/1.1" 200 30
190.171.152.138 - - [26/Mar/2024:13:26:02 -0300] "POST /cormun/servlet/solicitudotadjuntos?c8d4b4352f83f9d32cca4678848968e0,INS,2024,21071,,1,,gx-no-cache=1711473726547 HTTP/1.1" 200 4180
190.171.141.90 - - [26/Mar/2024:13:26:02 -0300] "POST /cormun/servlet/solicitudotadjuntos?gx-no-cache=1711470178554 HTTP/1.1" 200 26
190.171.152.138 - - [26/Mar/2024:13:26:04 -0300] "POST /cormun/servlet/solicitudotadjuntos?gx-no-cache=1711473728696 HTTP/1.1" 200 26
190.171.141.90 - - [26/Mar/2024:13:26:09 -0300] "GET /cormun/servlet/solicitudotadjuntos?90dc98160b611ab53d5ddd660128a6c5f436608149f41d2fb3b3f157fe90d4ad,gx-no-cache=1711470185980 HTTP/1.1" 200 30
190.171.141.90 - - [26/Mar/2024:13:26:09 -0300] "GET /cormun/servlet/solicitudotadjuntos?90dc98160b611ab53d5ddd660128a6c5f436608149f41d2fb3b3f157fe90d4ad,gx-no-cache=1711470185998 HTTP/1.1" 200 30
190.171.141.90 - - [26/Mar/2024:13:26:10 -0300] "POST /cormun/servlet/solicitudotadjuntos?b71ee5e169fe38de6fb60901dd330bfe,INS,2024,21119,,1, HTTP/1.1" 200 116
190.171.141.90 - - [26/Mar/2024:13:26:10 -0300] "GET /cormun/servlet/hpexe_return? HTTP/1.1" 200 1023
190.171.141.90 - - [26/Mar/2024:13:26:10 -0300] "GET /cormun/servlet/trsolicitudadjuntos?2024,21119, HTTP/1.1" 200 9050
190.171.141.90 - - [26/Mar/2024:13:26:11 -0300] "GET /cormun/servlet/solicitudotadjuntos?INS,2024,21119,,1, HTTP/1.1" 200 6022
190.171.141.90 - - [26/Mar/2024:13:26:11 -0300] "GET /cormun/static/about:blank HTTP/1.1" 404 1011
190.171.141.90 - - [26/Mar/2024:13:26:12 -0300] "GET /cormun/servlet/solicitudotadjuntos?90dc98160b611ab53d5ddd660128a6c54d1963676407789f23b45038ba26d435e531cd81c4afd5630c4cadcae64cb2d2,gx-no-cache=1711470188442 HTTP/1.1" 200 30
190.171.141.90 - - [26/Mar/2024:13:26:12 -0300] "POST /cormun/servlet/solicitudotadjuntos?b71ee5e169fe38de6fb60901dd330bfe,INS,2024,21119,,1,,gx-no-cache=1711470188453 HTTP/1.1" 200 3865
190.171.141.90 - - [26/Mar/2024:13:26:14 -0300] "POST /cormun/servlet/solicitudotadjuntos?gx-no-cache=1711470190371 HTTP/1.1" 200 26
190.171.152.138 - - [26/Mar/2024:13:26:19 -0300] "GET /cormun/servlet/solicitudotadjuntos?f57fc6e6a3bed2bd9e5e61dece646f9c7c60fbb77dec176204b56eecfefb4ec0,gx-no-cache=1711473743941 HTTP/1.1" 200 30
190.171.152.138 - - [26/Mar/2024:13:26:19 -0300] "GET /cormun/servlet/solicitudotadjuntos?f57fc6e6a3bed2bd9e5e61dece646f9c7c60fbb77dec176204b56eecfefb4ec0,gx-no-cache=1711473744098 HTTP/1.1" 200 30
190.171.152.138 - - [26/Mar/2024:13:26:19 -0300] "POST /cormun/servlet/solicitudotadjuntos?c8d4b4352f83f9d32cca4678848968e0,INS,2024,21071,,1, HTTP/1.1" 200 116
190.171.152.138 - - [26/Mar/2024:13:26:20 -0300] "GET /cormun/servlet/hpexe_return? HTTP/1.1" 200 1027
190.171.152.138 - - [26/Mar/2024:13:26:20 -0300] "GET /cormun/servlet/trsolicitudadjuntos?2024,21071, HTTP/1.1" 200 9291
190.171.152.138 - - [26/Mar/2024:13:26:22 -0300] "GET /cormun/servlet/solicitudotadjuntos?INS,2024,21071,,1, HTTP/1.1" 200 6284
190.171.152.138 - - [26/Mar/2024:13:26:23 -0300] "GET /cormun/static/about:blank HTTP/1.1" 404 1011
190.171.152.138 - - [26/Mar/2024:13:26:23 -0300] "GET /cormun/servlet/solicitudotadjuntos?f57fc6e6a3bed2bd9e5e61dece646f9c344a2db966f9da002cf22c34b7a380c8a304280c0f5d67e57ca2ce242ffcbc87,gx-no-cache=1711473748028 HTTP/1.1" 200 30
190.171.152.138 - - [26/Mar/2024:13:26:23 -0300] "POST /cormun/servlet/solicitudotadjuntos?c8d4b4352f83f9d32cca4678848968e0,INS,2024,21071,,1,,gx-no-cache=1711473748056 HTTP/1.1" 200 4181
190.171.152.138 - - [26/Mar/2024:13:26:27 -0300] "POST /cormun/servlet/solicitudotadjuntos?gx-no-cache=1711473752105 HTTP/1.1" 200 26
190.171.152.138 - - [26/Mar/2024:13:26:34 -0300] "GET /cormun/servlet/solicitudotadjuntos?f57fc6e6a3bed2bd9e5e61dece646f9c7c60fbb77dec176204b56eecfefb4ec0,gx-no-cache=1711473758467 HTTP/1.1" 200 30
190.171.152.138 - - [26/Mar/2024:13:26:34 -0300] "GET /cormun/servlet/solicitudotadjuntos?f57fc6e6a3bed2bd9e5e61dece646f9c7c60fbb77dec176204b56eecfefb4ec0,gx-no-cache=1711473758489 HTTP/1.1" 200 30
190.171.152.138 - - [26/Mar/2024:13:26:34 -0300] "POST /cormun/servlet/solicitudotadjuntos?c8d4b4352f83f9d32cca4678848968e0,INS,2024,21071,,1, HTTP/1.1" 200 116
190.171.152.138 - - [26/Mar/2024:13:26:34 -0300] "GET /cormun/servlet/hpexe_return? HTTP/1.1" 200 1027
190.171.152.138 - - [26/Mar/2024:13:26:34 -0300] "GET /cormun/servlet/trsolicitudadjuntos?2024,21071, HTTP/1.1" 200 9583
190.171.141.90 - - [26/Mar/2024:13:26:38 -0300] "GET /cormun/servlet/solicitudotadjuntos?90dc98160b611ab53d5ddd660128a6c5f436608149f41d2fb3b3f157fe90d4ad,gx-no-cache=1711470214234 HTTP/1.1" 200 30
190.171.141.90 - - [26/Mar/2024:13:26:38 -0300] "GET /cormun/servlet/solicitudotadjuntos?90dc98160b611ab53d5ddd660128a6c5f436608149f41d2fb3b3f157fe90d4ad,gx-no-cache=1711470214262 HTTP/1.1" 200 30
190.171.141.90 - - [26/Mar/2024:13:26:38 -0300] "POST /cormun/servlet/solicitudotadjuntos?b71ee5e169fe38de6fb60901dd330bfe,INS,2024,21119,,1, HTTP/1.1" 200 116
190.171.141.90 - - [26/Mar/2024:13:26:38 -0300] "GET /cormun/servlet/hpexe_return? HTTP/1.1" 200 1023
190.171.141.90 - - [26/Mar/2024:13:26:38 -0300] "GET /cormun/servlet/trsolicitudadjuntos?2024,21119, HTTP/1.1" 200 9349
190.171.141.90 - - [26/Mar/2024:13:26:40 -0300] "GET /cormun/servlet/solicitudotadjuntos?INS,2024,21119,,1, HTTP/1.1" 200 6021
190.171.141.90 - - [26/Mar/2024:13:26:40 -0300] "GET /cormun/static/about:blank HTTP/1.1" 404 1011
190.171.141.90 - - [26/Mar/2024:13:26:40 -0300] "GET /cormun/servlet/solicitudotadjuntos?90dc98160b611ab53d5ddd660128a6c54d1963676407789f23b45038ba26d435e531cd81c4afd5630c4cadcae64cb2d2,gx-no-cache=1711470216882 HTTP/1.1" 200 30
190.171.141.90 - - [26/Mar/2024:13:26:40 -0300] "POST /cormun/servlet/solicitudotadjuntos?b71ee5e169fe38de6fb60901dd330bfe,INS,2024,21119,,1,,gx-no-cache=1711470216893 HTTP/1.1" 200 3865
190.171.141.90 - - [26/Mar/2024:13:27:12 -0300] "POST /cormun/servlet/solicitudotadjuntos?gx-no-cache=1711470248500 HTTP/1.1" 200 26
200.54.107.2 - - [26/Mar/2024:13:27:13 -0300] "POST /cormun/servlet/trsolicitudot?c6cc1b089b183867a2d6c07de2fb33eb,gx-no-cache=1711470247784 HTTP/1.1" 440 972
200.54.107.2 - - [26/Mar/2024:13:27:14 -0300] "GET /cormun/servlet/trsolicitudot HTTP/1.1" 200 6321
200.54.107.2 - - [26/Mar/2024:13:27:15 -0300] "GET /cormun/servlet/hlogin HTTP/1.1" 200 1733
200.54.107.2 - - [26/Mar/2024:13:27:19 -0300] "POST /cormun/servlet/hlogin?ebda8a43049fbf1ba6db7da07a62708b,gx-no-cache=1711470254275 HTTP/1.1" 200 90
200.54.107.2 - - [26/Mar/2024:13:27:19 -0300] "GET /cormun/servlet/hpexe_link HTTP/1.1" 200 954
200.54.107.2 - - [26/Mar/2024:13:27:19 -0300] "GET /cormun/servlet/trsolicitudot HTTP/1.1" 200 8857
200.54.107.2 - - [26/Mar/2024:13:27:23 -0300] "POST /cormun/servlet/trsolicitudot?ebda8a43049fbf1ba6db7da07a62708b,gx-no-cache=1711470258199 HTTP/1.1" 200 107
200.54.107.2 - - [26/Mar/2024:13:27:23 -0300] "GET /cormun/servlet/trsolicitudadjuntos?2024,21116, HTTP/1.1" 200 6463
200.54.107.2 - - [26/Mar/2024:13:27:27 -0300] "GET /cormun/servlet/solicitudotadjuntos?INS,2024,21116,,1, HTTP/1.1" 200 6406
200.54.107.2 - - [26/Mar/2024:13:27:27 -0300] "GET /cormun/static/about:blank HTTP/1.1" 404 1011
200.54.107.2 - - [26/Mar/2024:13:27:28 -0300] "GET /cormun/servlet/solicitudotadjuntos?e76b427a99ddb343c00cc72b536b58032670fdc2fcd25d11e58bef32c582f354e170f519f3bbb2f6cdff17b31d9fea4d,gx-no-cache=1711470263018 HTTP/1.1" 200 30
200.54.107.2 - - [26/Mar/2024:13:27:28 -0300] "POST /cormun/servlet/solicitudotadjuntos?ebda8a43049fbf1ba6db7da07a62708b,INS,2024,21116,,1,,gx-no-cache=1711470263050 HTTP/1.1" 200 4152
190.171.141.90 - - [26/Mar/2024:13:27:31 -0300] "GET /cormun/servlet/solicitudotadjuntos?90dc98160b611ab53d5ddd660128a6c5f436608149f41d2fb3b3f157fe90d4ad,gx-no-cache=1711470267243 HTTP/1.1" 200 30
190.171.141.90 - - [26/Mar/2024:13:27:31 -0300] "GET /cormun/servlet/solicitudotadjuntos?90dc98160b611ab53d5ddd660128a6c5f436608149f41d2fb3b3f157fe90d4ad,gx-no-cache=1711470267253 HTTP/1.1" 200 30
190.171.141.90 - - [26/Mar/2024:13:27:31 -0300] "POST /cormun/servlet/solicitudotadjuntos?b71ee5e169fe38de6fb60901dd330bfe,INS,2024,21119,,1, HTTP/1.1" 200 116
190.171.141.90 - - [26/Mar/2024:13:27:31 -0300] "GET /cormun/servlet/hpexe_return? HTTP/1.1" 200 1023
190.171.141.90 - - [26/Mar/2024:13:27:31 -0300] "GET /cormun/servlet/trsolicitudadjuntos?2024,21119, HTTP/1.1" 200 9619
190.171.141.90 - - [26/Mar/2024:13:27:33 -0300] "GET /cormun/servlet/solicitudotadjuntos?INS,2024,21119,,1, HTTP/1.1" 200 6020
190.171.141.90 - - [26/Mar/2024:13:27:33 -0300] "GET /cormun/static/about:blank HTTP/1.1" 404 1011
190.171.141.90 - - [26/Mar/2024:13:27:34 -0300] "GET /cormun/servlet/solicitudotadjuntos?90dc98160b611ab53d5ddd660128a6c54d1963676407789f23b45038ba26d435e531cd81c4afd5630c4cadcae64cb2d2,gx-no-cache=1711470270446 HTTP/1.1" 200 30
190.171.141.90 - - [26/Mar/2024:13:27:34 -0300] "POST /cormun/servlet/solicitudotadjuntos?b71ee5e169fe38de6fb60901dd330bfe,INS,2024,21119,,1,,gx-no-cache=1711470270457 HTTP/1.1" 200 3863
190.171.141.90 - - [26/Mar/2024:13:27:36 -0300] "POST /cormun/servlet/solicitudotadjuntos?gx-no-cache=1711470272651 HTTP/1.1" 200 26
200.54.107.2 - - [26/Mar/2024:13:27:36 -0300] "POST /cormun/servlet/solicitudotadjuntos?gx-no-cache=1711470271262 HTTP/1.1" 200 26
190.171.141.90 - - [26/Mar/2024:13:27:42 -0300] "GET /cormun/servlet/solicitudotadjuntos?90dc98160b611ab53d5ddd660128a6c5f436608149f41d2fb3b3f157fe90d4ad,gx-no-cache=1711470279057 HTTP/1.1" 200 30
190.171.141.90 - - [26/Mar/2024:13:27:42 -0300] "GET /cormun/servlet/solicitudotadjuntos?90dc98160b611ab53d5ddd660128a6c5f436608149f41d2fb3b3f157fe90d4ad,gx-no-cache=1711470279066 HTTP/1.1" 200 30
190.171.141.90 - - [26/Mar/2024:13:27:43 -0300] "POST /cormun/servlet/solicitudotadjuntos?b71ee5e169fe38de6fb60901dd330bfe,INS,2024,21119,,1, HTTP/1.1" 200 116
190.171.141.90 - - [26/Mar/2024:13:27:43 -0300] "GET /cormun/servlet/hpexe_return? HTTP/1.1" 200 1023
190.171.141.90 - - [26/Mar/2024:13:27:43 -0300] "GET /cormun/servlet/trsolicitudadjuntos?2024,21119, HTTP/1.1" 200 9921
190.171.141.90 - - [26/Mar/2024:13:27:45 -0300] "GET /cormun/servlet/solicitudotadjuntos?INS,2024,21119,,1, HTTP/1.1" 200 6020
190.171.141.90 - - [26/Mar/2024:13:27:45 -0300] "GET /cormun/static/about:blank HTTP/1.1" 404 1011
190.171.141.90 - - [26/Mar/2024:13:27:45 -0300] "GET /cormun/servlet/solicitudotadjuntos?90dc98160b611ab53d5ddd660128a6c54d1963676407789f23b45038ba26d435e531cd81c4afd5630c4cadcae64cb2d2,gx-no-cache=1711470282042 HTTP/1.1" 200 30
190.171.141.90 - - [26/Mar/2024:13:27:46 -0300] "POST /cormun/servlet/solicitudotadjuntos?b71ee5e169fe38de6fb60901dd330bfe,INS,2024,21119,,1,,gx-no-cache=1711470282053 HTTP/1.1" 200 3863
190.171.141.90 - - [26/Mar/2024:13:27:48 -0300] "POST /cormun/servlet/solicitudotadjuntos?gx-no-cache=1711470284363 HTTP/1.1" 200 26
200.54.107.2 - - [26/Mar/2024:13:27:50 -0300] "GET /cormun/servlet/solicitudotadjuntos?e76b427a99ddb343c00cc72b536b58033b758f7f3f64b815be8f56f2ea103f56,gx-no-cache=1711470285580 HTTP/1.1" 200 30
200.54.107.2 - - [26/Mar/2024:13:27:50 -0300] "GET /cormun/servlet/solicitudotadjuntos?e76b427a99ddb343c00cc72b536b58033b758f7f3f64b815be8f56f2ea103f56,gx-no-cache=1711470285598 HTTP/1.1" 200 30
200.54.107.2 - - [26/Mar/2024:13:27:51 -0300] "POST /cormun/servlet/solicitudotadjuntos?ebda8a43049fbf1ba6db7da07a62708b,INS,2024,21116,,1, HTTP/1.1" 200 116
200.54.107.2 - - [26/Mar/2024:13:27:51 -0300] "GET /cormun/servlet/hpexe_return? HTTP/1.1" 200 1022
200.54.107.2 - - [26/Mar/2024:13:27:51 -0300] "GET /cormun/servlet/trsolicitudadjuntos?2024,21116, HTTP/1.1" 200 9405
200.54.107.2 - - [26/Mar/2024:13:27:55 -0300] "GET /cormun/servlet/solicitudotadjuntos?INS,2024,21116,,1, HTTP/1.1" 200 6406
200.54.107.2 - - [26/Mar/2024:13:27:55 -0300] "GET /cormun/static/about:blank HTTP/1.1" 404 1011
200.54.107.2 - - [26/Mar/2024:13:27:55 -0300] "GET /cormun/servlet/solicitudotadjuntos?e76b427a99ddb343c00cc72b536b58032670fdc2fcd25d11e58bef32c582f354e170f519f3bbb2f6cdff17b31d9fea4d,gx-no-cache=1711470290366 HTTP/1.1" 200 30
200.54.107.2 - - [26/Mar/2024:13:27:55 -0300] "POST /cormun/servlet/solicitudotadjuntos?ebda8a43049fbf1ba6db7da07a62708b,INS,2024,21116,,1,,gx-no-cache=1711470290452 HTTP/1.1" 200 4152
190.171.141.90 - - [26/Mar/2024:13:27:57 -0300] "GET /cormun/servlet/solicitudotadjuntos?90dc98160b611ab53d5ddd660128a6c5f436608149f41d2fb3b3f157fe90d4ad,gx-no-cache=1711470293882 HTTP/1.1" 200 30
190.171.141.90 - - [26/Mar/2024:13:27:57 -0300] "GET /cormun/servlet/solicitudotadjuntos?90dc98160b611ab53d5ddd660128a6c5f436608149f41d2fb3b3f157fe90d4ad,gx-no-cache=1711470293892 HTTP/1.1" 200 30
190.171.141.90 - - [26/Mar/2024:13:27:57 -0300] "POST /cormun/servlet/solicitudotadjuntos?b71ee5e169fe38de6fb60901dd330bfe,INS,2024,21119,,1, HTTP/1.1" 200 116
190.171.141.90 - - [26/Mar/2024:13:27:57 -0300] "GET /cormun/servlet/hpexe_return? HTTP/1.1" 200 1023
190.171.141.90 - - [26/Mar/2024:13:27:58 -0300] "GET /cormun/servlet/trsolicitudadjuntos?2024,21119, HTTP/1.1" 200 10199
200.54.107.2 - - [26/Mar/2024:13:28:00 -0300] "POST /cormun/servlet/solicitudotadjuntos?gx-no-cache=1711470295117 HTTP/1.1" 200 26
190.171.141.90 - - [26/Mar/2024:13:28:00 -0300] "GET /cormun/servlet/solicitudotadjuntos?INS,2024,21119,,1, HTTP/1.1" 200 6020
190.171.141.90 - - [26/Mar/2024:13:28:00 -0300] "GET /cormun/static/about:blank HTTP/1.1" 404 1011
190.171.141.90 - - [26/Mar/2024:13:28:01 -0300] "GET /cormun/servlet/solicitudotadjuntos?90dc98160b611ab53d5ddd660128a6c54d1963676407789f23b45038ba26d435e531cd81c4afd5630c4cadcae64cb2d2,gx-no-cache=1711470297486 HTTP/1.1" 200 30
190.171.141.90 - - [26/Mar/2024:13:28:01 -0300] "POST /cormun/servlet/solicitudotadjuntos?b71ee5e169fe38de6fb60901dd330bfe,INS,2024,21119,,1,,gx-no-cache=1711470297498 HTTP/1.1" 200 3863
190.171.141.90 - - [26/Mar/2024:13:28:03 -0300] "POST /cormun/servlet/solicitudotadjuntos?gx-no-cache=1711470299795 HTTP/1.1" 200 26
200.54.107.2 - - [26/Mar/2024:13:28:07 -0300] "GET /cormun/servlet/solicitudotadjuntos?e76b427a99ddb343c00cc72b536b58033b758f7f3f64b815be8f56f2ea103f56,gx-no-cache=1711470302228 HTTP/1.1" 200 30
200.54.107.2 - - [26/Mar/2024:13:28:07 -0300] "GET /cormun/servlet/solicitudotadjuntos?e76b427a99ddb343c00cc72b536b58033b758f7f3f64b815be8f56f2ea103f56,gx-no-cache=1711470302246 HTTP/1.1" 200 30
200.54.107.2 - - [26/Mar/2024:13:28:07 -0300] "POST /cormun/servlet/solicitudotadjuntos?ebda8a43049fbf1ba6db7da07a62708b,INS,2024,21116,,1, HTTP/1.1" 200 116
200.54.107.2 - - [26/Mar/2024:13:28:07 -0300] "GET /cormun/servlet/hpexe_return? HTTP/1.1" 200 1022
