190.171.141.106 - - [25/Mar/2024:13:29:29 -0300] "GET /cormun/servlet/solicitudotadjuntos?2778e7b387dd0d4adf918c033287bd4e23f55025d103e99b7f9eed77fd2d30346f54d71fc0c9c7505d5821bd7e54c917,gx-no-cache=1711383986385 HTTP/1.1" 200 30
190.171.141.106 - - [25/Mar/2024:13:29:29 -0300] "POST /cormun/servlet/solicitudotadjuntos?51d8b5b869194d094b18417d99649e46,INS,2024,21047,,2,,gx-no-cache=1711383986411 HTTP/1.1" 200 4376
190.171.141.106 - - [25/Mar/2024:13:29:34 -0300] "POST /cormun/servlet/solicitudotadjuntos?gx-no-cache=1711383992101 HTTP/1.1" 200 26
190.171.141.106 - - [25/Mar/2024:13:29:59 -0300] "GET /cormun/servlet/solicitudotadjuntos?2778e7b387dd0d4adf918c033287bd4e9bbd71d1b4c03ab94d3d91e0a925ed14,gx-no-cache=1711384017209 HTTP/1.1" 200 30
190.171.141.106 - - [25/Mar/2024:13:29:59 -0300] "GET /cormun/servlet/solicitudotadjuntos?2778e7b387dd0d4adf918c033287bd4e9bbd71d1b4c03ab94d3d91e0a925ed14,gx-no-cache=1711384017252 HTTP/1.1" 200 30
190.171.141.106 - - [25/Mar/2024:13:30:00 -0300] "POST /cormun/servlet/solicitudotadjuntos?51d8b5b869194d094b18417d99649e46,INS,2024,21047,,2, HTTP/1.1" 200 116
190.171.141.106 - - [25/Mar/2024:13:30:00 -0300] "GET /cormun/servlet/hpexe_return? HTTP/1.1" 200 1030
190.171.141.106 - - [25/Mar/2024:13:30:00 -0300] "GET /cormun/servlet/trsolicitudadjuntos?2024,21047, HTTP/1.1" 200 10796
190.171.141.106 - - [25/Mar/2024:13:30:52 -0300] "GET /cormun/servlet/solicitudotadjuntos?INS,2024,21047,,2, HTTP/1.1" 200 6327
190.171.141.106 - - [25/Mar/2024:13:30:52 -0300] "GET /cormun/static/about:blank HTTP/1.1" 404 1011
190.171.141.106 - - [25/Mar/2024:13:30:53 -0300] "GET /cormun/servlet/solicitudotadjuntos?2778e7b387dd0d4adf918c033287bd4e23f55025d103e99b7f9eed77fd2d30346f54d71fc0c9c7505d5821bd7e54c917,gx-no-cache=1711384070445 HTTP/1.1" 200 30
190.171.141.106 - - [25/Mar/2024:13:30:53 -0300] "POST /cormun/servlet/solicitudotadjuntos?51d8b5b869194d094b18417d99649e46,INS,2024,21047,,2, HTTP/1.1" 200 7210
190.171.141.106 - - [25/Mar/2024:13:30:53 -0300] "GET /cormun/PrivateTempStorage/upload_00016294.pdf HTTP/1.1" 200 168334
190.95.15.15 - - [25/Mar/2024:13:31:33 -0300] "GET /cormun/servlet/trlicencias HTTP/1.1" 200 10042
190.95.15.15 - - [25/Mar/2024:13:31:36 -0300] "GET /cormun/servlet/trsolicitudot? HTTP/1.1" 200 7182
190.95.15.15 - - [25/Mar/2024:13:31:36 -0300] "GET /cormun/static/gxcfg.js?20221129846531 HTTP/1.1" 200 953
190.95.15.15 - - [25/Mar/2024:13:31:36 -0300] "GET /cormun/static/trsolicitudot.js?202211298465651 HTTP/1.1" 200 54040
190.95.15.15 - - [25/Mar/2024:13:31:39 -0300] "GET /cormun/servlet/solicitudot?INS,0,0,false, HTTP/1.1" 200 15950
190.95.15.15 - - [25/Mar/2024:13:31:39 -0300] "GET /cormun/static/gxcfg.js?20221129840861 HTTP/1.1" 200 953
190.95.15.15 - - [25/Mar/2024:13:31:39 -0300] "GET /cormun/static/solicitudot.js?20221129840983 HTTP/1.1" 200 74072
209.141.55.133 - - [25/Mar/2024:13:31:45 -0300] "GET /manager/html HTTP/1.1" 401 2474
209.141.55.133 - - [25/Mar/2024:13:31:45 -0300] "GET /manager/html HTTP/1.1" 401 2474
190.95.15.15 - - [25/Mar/2024:13:32:06 -0300] "POST /cormun/servlet/solicitudot?gx-no-cache=1711384143947 HTTP/1.1" 200 4159
190.95.15.15 - - [25/Mar/2024:13:32:06 -0300] "POST /cormun/servlet/solicitudot?369f92497cd1989b07f3f3a1727db26a,INS,0,0,false,,gx-no-cache=1711384144074 HTTP/1.1" 200 12745
190.95.15.15 - - [25/Mar/2024:13:32:18 -0300] "GET /cormun/servlet/solicitudot?dc697369f86b5dfe2df69ec20e594969c80f10920782416b14ba9422a3d2dcb45f0c715bf93d102f585fd16128d445dd,gx-no-cache=1711384155589 HTTP/1.1" 200 30
190.95.15.15 - - [25/Mar/2024:13:33:00 -0300] "GET /cormun/servlet/solicitudot?dc697369f86b5dfe2df69ec20e5949698b65e10fad71429db6a4af322a6342d6e0b32012efcb985d5b4cfb9f60061635828f68df4018421acdb0e56461fe5367,gx-no-cache=1711384197757 HTTP/1.1" 200 30
190.95.15.15 - - [25/Mar/2024:13:33:00 -0300] "GET /cormun/servlet/solicitudot?dc697369f86b5dfe2df69ec20e5949693e9fba157f588cfff9b71243baa68998,gx-no-cache=1711384197783 HTTP/1.1" 200 53
190.95.15.15 - - [25/Mar/2024:13:33:00 -0300] "POST /cormun/servlet/solicitudot?gx-no-cache=1711384197801 HTTP/1.1" 200 297
190.95.15.15 - - [25/Mar/2024:13:33:00 -0300] "GET /cormun/servlet/solicitudot?dc697369f86b5dfe2df69ec20e594969e888d858635cc4801c5ff3c9324e7ca5d0d5caf2dcee9c952caa1b243771d51ec9f25e04d98e42ea846b5b4848bc4e3919d2103597c19351a9090ae17cd81857b58f05de7532af182053fef39372a0c2ae0cc267da3bb942bff5cf546543713c02444c3e2f59b280c8a97f04c8b2404dbfd727fee90b20e4ec14a179e7f80b51f7c5e328e040f2237fbf569d2df4c62477ea7c7440f03197b463508da29bb791e1f0154dd24b61c3c1c94ab47965c1560f3c03d9390cf1f05fef3ee29c9308c6899cbbfcac0c066300a9d9445ee2e4bb1de06dfe8c51ec296aa8523cef535ded78ec4ad1174da28a87e0150ac0385258268cdbbcf2300ac58b9a1d38ec32f5d74615fd5f2701c4bbb7ba51b8c18fd806efdbf81977be1fe12e32f58c07da9f566e0db7f55b888f2174c158673d0321e0c14e63581e6c4067b4eef4994a9efa4e2b4169e0ffb30fe7e5f523ecf34f56b5925d10886565bc1a747795b364bc10ca205c790e74119c5c1089df7e7766c6dd76fdb4a2d222549b70f3cb110f1d2ac2,gx-no-cache=1711384197823 HTTP/1.1" 200 30
190.95.15.15 - - [25/Mar/2024:13:33:21 -0300] "POST /cormun/servlet/solicitudot?gx-no-cache=1711384219190 HTTP/1.1" 200 30
190.95.15.15 - - [25/Mar/2024:13:33:24 -0300] "POST /cormun/servlet/solicitudot?gx-no-cache=1711384221329 HTTP/1.1" 200 1473
190.95.15.15 - - [25/Mar/2024:13:33:24 -0300] "POST /cormun/servlet/solicitudot?gx-no-cache=1711384221357 HTTP/1.1" 200 38
190.95.15.15 - - [25/Mar/2024:13:33:56 -0300] "GET /cormun/servlet/solicitudot?dc697369f86b5dfe2df69ec20e59496994142f762850413c04389b49536d2490d0094024336fa5d913c6b64e2c39110bfb3bc1714abdcfff0097b1e96d370b07e6fda4481f55da5dec50cab81e1e480b761041edd87701a2fef21f8a5125324e784f6931692322a92012dc7ffff5e2e4,gx-no-cache=1711384254162 HTTP/1.1" 200 110
190.171.141.106 - - [25/Mar/2024:13:34:04 -0300] "GET /cormun/servlet/hlogin HTTP/1.1" 200 1724
200.54.100.179 - - [25/Mar/2024:13:34:07 -0300] "POST /cormun/servlet/solicitudotadjuntos?gx-no-cache=1711384262776 HTTP/1.1" 200 26
200.54.100.179 - - [25/Mar/2024:13:34:22 -0300] "POST /cormun/servlet/solicitudotadjuntos?gx-no-cache=1711384277644 HTTP/1.1" 200 26
190.95.15.15 - - [25/Mar/2024:13:34:25 -0300] "POST /cormun/servlet/solicitudot?gx-no-cache=1711384282837 HTTP/1.1" 200 83
190.95.15.15 - - [25/Mar/2024:13:34:34 -0300] "GET /cormun/servlet/solicitudot?dc697369f86b5dfe2df69ec20e594969f7ade230cf66760139dd43575f4e3bad82c681e095b0937d381c66817dec8458de9e2c22327a463d9035df0905ceb8e6168191004d00939c4c52445f733a6a6b633a68c06f4c801a8786aa61f9543bb66417415f512d648ec2ad026dc05da27a,gx-no-cache=1711384291936 HTTP/1.1" 200 29
190.95.15.15 - - [25/Mar/2024:13:34:34 -0300] "GET /cormun/static/menuarrow.gif HTTP/1.1" 404 1015
190.95.15.15 - - [25/Mar/2024:13:34:39 -0300] "GET /cormun/servlet/solicitudot?dc697369f86b5dfe2df69ec20e594969d118e2269fc77c2a344c385be1aab81a9a3292511a3e1f3134c15d2b391db68a,gx-no-cache=1711384296460 HTTP/1.1" 200 30
190.95.15.15 - - [25/Mar/2024:13:34:53 -0300] "POST /cormun/servlet/solicitudot?gx-no-cache=1711384310481 HTTP/1.1" 200 30
190.95.15.15 - - [25/Mar/2024:13:34:54 -0300] "POST /cormun/servlet/solicitudot?369f92497cd1989b07f3f3a1727db26a,INS,0,0,false,,gx-no-cache=1711384310502 HTTP/1.1" 200 93
190.95.15.15 - - [25/Mar/2024:13:34:54 -0300] "GET /cormun/servlet/hpexe_return? HTTP/1.1" 200 1005
190.95.15.15 - - [25/Mar/2024:13:34:54 -0300] "GET /cormun/servlet/trsolicitudot HTTP/1.1" 200 8597
190.95.15.15 - - [25/Mar/2024:13:34:54 -0300] "GET /cormun//static/Resources/PXToolsActionView.png HTTP/1.1" 200 398
190.95.15.15 - - [25/Mar/2024:13:34:54 -0300] "GET /cormun//static/Resources/PXToolsRemoveAllAction.png HTTP/1.1" 200 487
190.95.15.15 - - [25/Mar/2024:13:35:02 -0300] "POST /cormun/servlet/trsolicitudot?369f92497cd1989b07f3f3a1727db26a,gx-no-cache=1711384319700 HTTP/1.1" 200 113
190.95.15.15 - - [25/Mar/2024:13:35:02 -0300] "GET /cormun/servlet/solicitudot?UPD,2024,21076,false, HTTP/1.1" 200 16650
190.95.15.15 - - [25/Mar/2024:13:35:03 -0300] "POST /cormun/servlet/solicitudot?gx-no-cache=1711384320459 HTTP/1.1" 200 4122
190.95.15.15 - - [25/Mar/2024:13:35:03 -0300] "POST /cormun/servlet/solicitudot?369f92497cd1989b07f3f3a1727db26a,UPD,2024,21076,false,,gx-no-cache=1711384320560 HTTP/1.1" 200 12758
190.95.15.15 - - [25/Mar/2024:13:35:03 -0300] "GET /cormun/servlet/solicitudot?dc697369f86b5dfe2df69ec20e594969c80f10920782416b14ba9422a3d2dcb494eb17683dd6816d3ff20b95324d4b22,gx-no-cache=1711384320649 HTTP/1.1" 200 30
190.95.15.15 - - [25/Mar/2024:13:35:03 -0300] "GET /cormun/servlet/solicitudot?dc697369f86b5dfe2df69ec20e5949698b65e10fad71429db6a4af322a6342d6e0b32012efcb985d5b4cfb9f60061635eb37037ca124cb33d8d90bac9c7eafb1,gx-no-cache=1711384320669 HTTP/1.1" 200 30
190.95.15.15 - - [25/Mar/2024:13:35:03 -0300] "GET /cormun/servlet/solicitudot?dc697369f86b5dfe2df69ec20e5949697640d450696f16ede826232f8dee71f584278a54ef4a4f38db4faecc9200c686540431087fc7ef6559d79a09d5335c4f,gx-no-cache=1711384320684 HTTP/1.1" 200 53
190.95.15.15 - - [25/Mar/2024:13:35:03 -0300] "POST /cormun/servlet/solicitudot?gx-no-cache=1711384320701 HTTP/1.1" 200 297
190.95.15.15 - - [25/Mar/2024:13:35:03 -0300] "GET /cormun/servlet/solicitudot?dc697369f86b5dfe2df69ec20e594969e888d858635cc4801c5ff3c9324e7ca5d0d5caf2dcee9c952caa1b243771d51ec9f25e04d98e42ea846b5b4848bc4e3919d2103597c19351a9090ae17cd81857b58f05de7532af182053fef39372a0c2ae0cc267da3bb942bff5cf546543713c02444c3e2f59b280c8a97f04c8b2404dbfd727fee90b20e4ec14a179e7f80b51f7c5e328e040f2237fbf569d2df4c62477ea7c7440f03197b463508da29bb791e1f0154dd24b61c3c1c94ab47965c1560f3c03d9390cf1f05fef3ee29c9308c6899cbbfcac0c066300a9d9445ee2e4bb1de06dfe8c51ec296aa8523cef535ded78ec4ad1174da28a87e0150ac0385258268cdbbcf2300ac58b9a1d38ec32f5d74615fd5f2701c4bbb7ba51b8c18fd806efdbf81977be1fe12e32f58c07da9f566e0db7f55b888f2174c158673d0321e0c14e63581e6c4067b4eef4994a9efa4e2b4169e0ffb30fe7e5f523ecf34f56b5925d10886565bc1a747795b364bc10ca637adeff48ad8d0dcd6f7ff9c9b1a79276fdb4a2d222549b70f3cb110f1d2ac2,gx-no-cache=1711384320720 HTTP/1.1" 200 30
190.95.15.15 - - [25/Mar/2024:13:35:03 -0300] "POST /cormun/servlet/solicitudot?gx-no-cache=1711384320737 HTTP/1.1" 200 30
190.95.15.15 - - [25/Mar/2024:13:35:03 -0300] "POST /cormun/servlet/solicitudot?gx-no-cache=1711384320756 HTTP/1.1" 200 1473
190.95.15.15 - - [25/Mar/2024:13:35:03 -0300] "POST /cormun/servlet/solicitudot?gx-no-cache=1711384320781 HTTP/1.1" 200 41
200.54.100.179 - - [25/Mar/2024:13:35:24 -0300] "POST /cormun/servlet/solicitudotadjuntos?gx-no-cache=1711384339953 HTTP/1.1" 200 26
190.171.141.106 - - [25/Mar/2024:13:35:44 -0300] "POST /cormun/servlet/hlogin?e90654063285ed2d60b4ee07fb3f5b83,gx-no-cache=1711384361912 HTTP/1.1" 200 90
190.171.141.106 - - [25/Mar/2024:13:35:44 -0300] "GET /cormun/servlet/hpexe_link HTTP/1.1" 200 953
190.95.15.15 - - [25/Mar/2024:13:35:46 -0300] "GET /cormun/servlet/solicitudot?dc697369f86b5dfe2df69ec20e59496994142f762850413c04389b49536d2490d0094024336fa5d913c6b64e2c39110bfb3bc1714abdcfff0097b1e96d370b07e6fda4481f55da5dec50cab81e1e480b761041edd87701a2fef21f8a5125324e784f6931692322a92012dc7ffff5e2e4,gx-no-cache=1711384363992 HTTP/1.1" 200 110
190.95.15.15 - - [25/Mar/2024:13:35:46 -0300] "POST /cormun/servlet/solicitudot?gx-no-cache=1711384364022 HTTP/1.1" 200 67
190.171.141.106 - - [25/Mar/2024:13:35:48 -0300] "GET /cormun/servlet/hhome HTTP/1.1" 200 4274
190.171.141.106 - - [25/Mar/2024:13:35:54 -0300] "GET /cormun/servlet/trsolicitudot? HTTP/1.1" 200 8897
190.95.15.15 - - [25/Mar/2024:13:35:56 -0300] "POST /cormun/servlet/solicitudot?gx-no-cache=1711384374015 HTTP/1.1" 200 91
190.171.141.106 - - [25/Mar/2024:13:36:04 -0300] "POST /cormun/servlet/trsolicitudot?e90654063285ed2d60b4ee07fb3f5b83,,gx-no-cache=1711384381251 HTTP/1.1" 200 4882
190.171.141.106 - - [25/Mar/2024:13:36:04 -0300] "GET /cormun/static/Shared/jqueryui/images/ui-bg_highlight-soft_100_c6c2c8_1x100.png HTTP/1.1" 404 1117
190.171.141.106 - - [25/Mar/2024:13:36:04 -0300] "GET /cormun/static/Shared/jqueryui/images/ui-icons_82798d_256x240.png HTTP/1.1" 404 1089
190.171.141.106 - - [25/Mar/2024:13:36:04 -0300] "GET /cormun/static/Shared/jqueryui/images/ui-icons_8d78a5_256x240.png HTTP/1.1" 404 1089
190.171.141.106 - - [25/Mar/2024:13:36:04 -0300] "GET /cormun/static/Shared/jqueryui/images/ui-bg_flat_55_fafafa_40x100.png HTTP/1.1" 404 1097
190.171.141.106 - - [25/Mar/2024:13:36:04 -0300] "POST /cormun/servlet/trsolicitudot?e90654063285ed2d60b4ee07fb3f5b83,,gx-no-cache=1711384381751 HTTP/1.1" 200 4621
200.54.100.179 - - [25/Mar/2024:13:36:05 -0300] "POST /cormun/servlet/solicitudotadjuntos?gx-no-cache=1711384380836 HTTP/1.1" 200 26
200.54.100.179 - - [25/Mar/2024:13:36:21 -0300] "POST /cormun/servlet/solicitudotadjuntos?gx-no-cache=1711384396563 HTTP/1.1" 200 26
190.95.15.15 - - [25/Mar/2024:13:36:37 -0300] "GET /cormun/servlet/solicitudot?dc697369f86b5dfe2df69ec20e594969367b6eb118ed68cb34aa5c3e9d9928ad3acfec8f7a90bdf3e13cd938c050b79d10e73a41858dee3a9dce1920dddb95b4e9b46924d81ebfe91a01b5027cf010199793066e4d6e67153acb58bf749f93145b07170c4448019687ea6d757d8df868,gx-no-cache=1711384414979 HTTP/1.1" 200 29
190.95.15.15 - - [25/Mar/2024:13:36:37 -0300] "GET /cormun/servlet/solicitudot?dc697369f86b5dfe2df69ec20e594969d118e2269fc77c2a344c385be1aab81a9a3292511a3e1f3134c15d2b391db68a,gx-no-cache=1711384415015 HTTP/1.1" 200 30
190.95.15.15 - - [25/Mar/2024:13:36:37 -0300] "POST /cormun/servlet/solicitudot?gx-no-cache=1711384415033 HTTP/1.1" 200 30
200.54.100.179 - - [25/Mar/2024:13:36:42 -0300] "GET /cormun/servlet/solicitudotadjuntos?d33e62c19dc3b0e4be0467b12ed804bfce86920e39a1d0ccd8b8ee7d96a332af,gx-no-cache=1711384417673 HTTP/1.1" 200 30
200.54.100.179 - - [25/Mar/2024:13:36:42 -0300] "GET /cormun/servlet/solicitudotadjuntos?d33e62c19dc3b0e4be0467b12ed804bfce86920e39a1d0ccd8b8ee7d96a332af,gx-no-cache=1711384417692 HTTP/1.1" 200 30
200.54.100.179 - - [25/Mar/2024:13:36:42 -0300] "POST /cormun/servlet/solicitudotadjuntos?7fb6201663efb90c84e0f8f86ff58846,INS,2024,21075,,1, HTTP/1.1" 200 116
200.54.100.179 - - [25/Mar/2024:13:36:42 -0300] "GET /cormun/servlet/hpexe_return? HTTP/1.1" 200 1029
200.54.100.179 - - [25/Mar/2024:13:36:42 -0300] "GET /cormun/servlet/trsolicitudadjuntos?2024,21075, HTTP/1.1" 200 9435
181.212.47.137 - - [25/Mar/2024:13:36:47 -0300] "GET /cormun/servlet/trsolicitudgral? HTTP/1.1" 200 9743
200.54.100.179 - - [25/Mar/2024:13:36:52 -0300] "GET /cormun/servlet/solicitudotadjuntos?INS,2024,21075,,1, HTTP/1.1" 200 6377
200.54.100.179 - - [25/Mar/2024:13:36:52 -0300] "GET /cormun/static/about:blank HTTP/1.1" 404 1011
200.54.100.179 - - [25/Mar/2024:13:36:53 -0300] "GET /cormun/servlet/solicitudotadjuntos?d33e62c19dc3b0e4be0467b12ed804bfb481b0ec3698d56e23b2b83e1fa55d860c2126fc5ee729ef05d5f7bcff79e373,gx-no-cache=1711384428634 HTTP/1.1" 200 30
200.54.100.179 - - [25/Mar/2024:13:36:53 -0300] "POST /cormun/servlet/solicitudotadjuntos?7fb6201663efb90c84e0f8f86ff58846,INS,2024,21075,,1,,gx-no-cache=1711384428652 HTTP/1.1" 200 4154
200.54.100.179 - - [25/Mar/2024:13:36:56 -0300] "POST /cormun/servlet/solicitudotadjuntos?gx-no-cache=1711384432348 HTTP/1.1" 200 26
190.95.15.15 - - [25/Mar/2024:13:37:01 -0300] "POST /cormun/servlet/solicitudot?369f92497cd1989b07f3f3a1727db26a,UPD,2024,21076,false,,gx-no-cache=1711384438518 HTTP/1.1" 200 93
190.95.15.15 - - [25/Mar/2024:13:37:01 -0300] "GET /cormun/servlet/hpexe_return? HTTP/1.1" 200 1011
190.95.15.15 - - [25/Mar/2024:13:37:01 -0300] "GET /cormun/servlet/trsolicitudot HTTP/1.1" 200 8604
200.54.100.179 - - [25/Mar/2024:13:37:08 -0300] "GET /cormun/servlet/solicitudotadjuntos?d33e62c19dc3b0e4be0467b12ed804bfce86920e39a1d0ccd8b8ee7d96a332af,gx-no-cache=1711384444486 HTTP/1.1" 200 30
200.54.100.179 - - [25/Mar/2024:13:37:08 -0300] "GET /cormun/servlet/solicitudotadjuntos?d33e62c19dc3b0e4be0467b12ed804bfce86920e39a1d0ccd8b8ee7d96a332af,gx-no-cache=1711384444503 HTTP/1.1" 200 30
200.54.100.179 - - [25/Mar/2024:13:37:09 -0300] "POST /cormun/servlet/solicitudotadjuntos?7fb6201663efb90c84e0f8f86ff58846,INS,2024,21075,,1, HTTP/1.1" 200 116
200.54.100.179 - - [25/Mar/2024:13:37:09 -0300] "GET /cormun/servlet/hpexe_return? HTTP/1.1" 200 1029
200.54.100.179 - - [25/Mar/2024:13:37:09 -0300] "GET /cormun/servlet/trsolicitudadjuntos?2024,21075, HTTP/1.1" 200 9662
200.54.100.179 - - [25/Mar/2024:13:37:12 -0300] "GET /cormun/servlet/solicitudotadjuntos?INS,2024,21075,,1, HTTP/1.1" 200 6377
200.54.100.179 - - [25/Mar/2024:13:37:12 -0300] "GET /cormun/static/about:blank HTTP/1.1" 404 1011
200.54.100.179 - - [25/Mar/2024:13:37:13 -0300] "GET /cormun/servlet/solicitudotadjuntos?d33e62c19dc3b0e4be0467b12ed804bfb481b0ec3698d56e23b2b83e1fa55d860c2126fc5ee729ef05d5f7bcff79e373,gx-no-cache=1711384448967 HTTP/1.1" 200 30
200.54.100.179 - - [25/Mar/2024:13:37:13 -0300] "POST /cormun/servlet/solicitudotadjuntos?7fb6201663efb90c84e0f8f86ff58846,INS,2024,21075,,1,,gx-no-cache=1711384448992 HTTP/1.1" 200 4154
200.54.100.179 - - [25/Mar/2024:13:37:18 -0300] "POST /cormun/servlet/solicitudotadjuntos?gx-no-cache=1711384454223 HTTP/1.1" 200 26
200.54.100.179 - - [25/Mar/2024:13:37:28 -0300] "GET /cormun/servlet/solicitudotadjuntos?d33e62c19dc3b0e4be0467b12ed804bfce86920e39a1d0ccd8b8ee7d96a332af,gx-no-cache=1711384463835 HTTP/1.1" 200 30
200.54.100.179 - - [25/Mar/2024:13:37:28 -0300] "GET /cormun/servlet/solicitudotadjuntos?d33e62c19dc3b0e4be0467b12ed804bfce86920e39a1d0ccd8b8ee7d96a332af,gx-no-cache=1711384463847 HTTP/1.1" 200 30
200.54.100.179 - - [25/Mar/2024:13:37:28 -0300] "POST /cormun/servlet/solicitudotadjuntos?7fb6201663efb90c84e0f8f86ff58846,INS,2024,21075,,1, HTTP/1.1" 200 116
200.54.100.179 - - [25/Mar/2024:13:37:28 -0300] "GET /cormun/servlet/hpexe_return? HTTP/1.1" 200 1029
200.54.100.179 - - [25/Mar/2024:13:37:28 -0300] "GET /cormun/servlet/trsolicitudadjuntos?2024,21075, HTTP/1.1" 200 9917
200.54.100.179 - - [25/Mar/2024:13:37:31 -0300] "GET /cormun/servlet/solicitudotadjuntos?INS,2024,21075,,1, HTTP/1.1" 200 6378
200.54.100.179 - - [25/Mar/2024:13:37:31 -0300] "GET /cormun/static/about:blank HTTP/1.1" 404 1011
200.54.100.179 - - [25/Mar/2024:13:37:32 -0300] "GET /cormun/servlet/solicitudotadjuntos?d33e62c19dc3b0e4be0467b12ed804bfb481b0ec3698d56e23b2b83e1fa55d860c2126fc5ee729ef05d5f7bcff79e373,gx-no-cache=1711384467966 HTTP/1.1" 200 30
200.54.100.179 - - [25/Mar/2024:13:37:32 -0300] "POST /cormun/servlet/solicitudotadjuntos?7fb6201663efb90c84e0f8f86ff58846,INS,2024,21075,,1,,gx-no-cache=1711384467983 HTTP/1.1" 200 4153
200.54.100.179 - - [25/Mar/2024:13:37:36 -0300] "POST /cormun/servlet/solicitudotadjuntos?gx-no-cache=1711384472244 HTTP/1.1" 200 26
200.54.100.179 - - [25/Mar/2024:13:37:46 -0300] "GET /cormun/servlet/solicitudotadjuntos?d33e62c19dc3b0e4be0467b12ed804bfce86920e39a1d0ccd8b8ee7d96a332af,gx-no-cache=1711384481685 HTTP/1.1" 200 30
200.54.100.179 - - [25/Mar/2024:13:37:46 -0300] "GET /cormun/servlet/solicitudotadjuntos?d33e62c19dc3b0e4be0467b12ed804bfce86920e39a1d0ccd8b8ee7d96a332af,gx-no-cache=1711384481699 HTTP/1.1" 200 30
200.54.100.179 - - [25/Mar/2024:13:37:46 -0300] "POST /cormun/servlet/solicitudotadjuntos?7fb6201663efb90c84e0f8f86ff58846,INS,2024,21075,,1, HTTP/1.1" 200 116
200.54.100.179 - - [25/Mar/2024:13:37:46 -0300] "GET /cormun/servlet/hpexe_return? HTTP/1.1" 200 1029
200.54.100.179 - - [25/Mar/2024:13:37:46 -0300] "GET /cormun/servlet/trsolicitudadjuntos?2024,21075, HTTP/1.1" 200 10141
200.54.100.179 - - [25/Mar/2024:13:37:53 -0300] "GET /cormun/servlet/solicitudotadjuntos?INS,2024,21075,,1, HTTP/1.1" 200 6378
200.54.100.179 - - [25/Mar/2024:13:37:53 -0300] "GET /cormun/static/about:blank HTTP/1.1" 404 1011
200.54.100.179 - - [25/Mar/2024:13:37:54 -0300] "GET /cormun/servlet/solicitudotadjuntos?d33e62c19dc3b0e4be0467b12ed804bfb481b0ec3698d56e23b2b83e1fa55d860c2126fc5ee729ef05d5f7bcff79e373,gx-no-cache=1711384489641 HTTP/1.1" 200 30
200.54.100.179 - - [25/Mar/2024:13:37:54 -0300] "POST /cormun/servlet/solicitudotadjuntos?7fb6201663efb90c84e0f8f86ff58846,INS,2024,21075,,1,,gx-no-cache=1711384489659 HTTP/1.1" 200 4153
200.54.100.179 - - [25/Mar/2024:13:38:03 -0300] "POST /cormun/servlet/solicitudotadjuntos?gx-no-cache=1711384499239 HTTP/1.1" 200 26
209.141.55.133 - - [25/Mar/2024:13:38:04 -0300] "GET /manager/html HTTP/1.1" 401 2474
209.141.55.133 - - [25/Mar/2024:13:38:04 -0300] "GET /manager/html HTTP/1.1" 401 2474
200.54.100.179 - - [25/Mar/2024:13:38:10 -0300] "GET /cormun/servlet/solicitudotadjuntos?d33e62c19dc3b0e4be0467b12ed804bfce86920e39a1d0ccd8b8ee7d96a332af,gx-no-cache=1711384505884 HTTP/1.1" 200 30
200.54.100.179 - - [25/Mar/2024:13:38:10 -0300] "GET /cormun/servlet/solicitudotadjuntos?d33e62c19dc3b0e4be0467b12ed804bfce86920e39a1d0ccd8b8ee7d96a332af,gx-no-cache=1711384505900 HTTP/1.1" 200 30
200.54.100.179 - - [25/Mar/2024:13:38:10 -0300] "POST /cormun/servlet/solicitudotadjuntos?7fb6201663efb90c84e0f8f86ff58846,INS,2024,21075,,1, HTTP/1.1" 200 6678
200.54.100.179 - - [25/Mar/2024:13:38:10 -0300] "GET /cormun/static/Shared/jqueryui/images/ui-icons_82798d_256x240.png HTTP/1.1" 404 1089
200.54.100.179 - - [25/Mar/2024:13:38:10 -0300] "GET /cormun/static/Shared/jqueryui/images/ui-bg_highlight-soft_100_c6c2c8_1x100.png HTTP/1.1" 404 1117
200.54.100.179 - - [25/Mar/2024:13:38:10 -0300] "GET /cormun/static/Shared/jqueryui/images/ui-bg_flat_55_994d53_40x100.png HTTP/1.1" 404 1097
200.54.100.179 - - [25/Mar/2024:13:38:10 -0300] "GET /cormun/static/Shared/jqueryui/images/ui-icons_ebccce_256x240.png HTTP/1.1" 404 1089
200.54.100.179 - - [25/Mar/2024:13:38:10 -0300] "GET /cormun/PrivateTempStorage/upload_00016354.pdf HTTP/1.1" 200 34434
200.54.100.179 - - [25/Mar/2024:13:38:14 -0300] "GET /cormun/servlet/solicitudotadjuntos?d33e62c19dc3b0e4be0467b12ed804bfa3c6c3c896974e6d4fd0d0ceccd35b432fd0fb98f6911e4a206e52dbf4b0b40c,gx-no-cache=1711384509811 HTTP/1.1" 200 30
200.54.100.179 - - [25/Mar/2024:13:38:14 -0300] "POST /cormun/servlet/solicitudotadjuntos?7fb6201663efb90c84e0f8f86ff58846,INS,2024,21075,,1, HTTP/1.1" 200 6678
200.54.100.179 - - [25/Mar/2024:13:38:14 -0300] "GET /cormun/PrivateTempStorage/upload_00016366.pdf HTTP/1.1" 200 34434
181.212.47.137 - - [25/Mar/2024:13:38:21 -0300] "GET /cormun/servlet/vesolicitudgral?2024,21020,, HTTP/1.1" 200 8418
181.212.47.137 - - [25/Mar/2024:13:38:21 -0300] "GET /cormun/pexe_scrolldiv.js HTTP/1.1" 404 1009
200.54.100.179 - - [25/Mar/2024:13:38:24 -0300] "GET /cormun/servlet/solicitudotadjuntos?d33e62c19dc3b0e4be0467b12ed804bffd695f2f408cd703bcf7be79828c09a12fd0fb98f6911e4a206e52dbf4b0b40c,gx-no-cache=1711384520331 HTTP/1.1" 200 30
200.54.100.179 - - [25/Mar/2024:13:38:24 -0300] "GET /cormun/servlet/solicitudotadjuntos?d33e62c19dc3b0e4be0467b12ed804bffd695f2f408cd703bcf7be79828c09a12fd0fb98f6911e4a206e52dbf4b0b40c,gx-no-cache=1711384520347 HTTP/1.1" 200 30
200.54.100.179 - - [25/Mar/2024:13:38:24 -0300] "POST /cormun/servlet/solicitudotadjuntos?7fb6201663efb90c84e0f8f86ff58846,INS,2024,21075,,1, HTTP/1.1" 200 6679
200.54.100.179 - - [25/Mar/2024:13:38:24 -0300] "GET /cormun/PrivateTempStorage/upload_00016378.pdf HTTP/1.1" 200 34434
200.54.100.179 - - [25/Mar/2024:13:38:31 -0300] "POST /cormun/servlet/solicitudotadjuntos?7fb6201663efb90c84e0f8f86ff58846,INS,2024,21075,,1, HTTP/1.1" 200 116
200.54.100.179 - - [25/Mar/2024:13:38:31 -0300] "GET /cormun/servlet/hpexe_return? HTTP/1.1" 200 1029
200.54.100.179 - - [25/Mar/2024:13:38:31 -0300] "GET /cormun/servlet/trsolicitudadjuntos?2024,21075, HTTP/1.1" 200 10135
200.54.100.179 - - [25/Mar/2024:13:38:37 -0300] "GET /cormun/servlet/solicitudotadjuntos?INS,2024,21075,,1, HTTP/1.1" 200 6377
200.54.100.179 - - [25/Mar/2024:13:38:37 -0300] "GET /cormun/static/about:blank HTTP/1.1" 404 1011
200.54.100.179 - - [25/Mar/2024:13:38:37 -0300] "GET /cormun/servlet/solicitudotadjuntos?d33e62c19dc3b0e4be0467b12ed804bfb481b0ec3698d56e23b2b83e1fa55d860c2126fc5ee729ef05d5f7bcff79e373,gx-no-cache=1711384533291 HTTP/1.1" 200 30
200.54.100.179 - - [25/Mar/2024:13:38:37 -0300] "POST /cormun/servlet/solicitudotadjuntos?7fb6201663efb90c84e0f8f86ff58846,INS,2024,21075,,1,,gx-no-cache=1711384533308 HTTP/1.1" 200 4154
200.54.100.179 - - [25/Mar/2024:13:38:42 -0300] "POST /cormun/servlet/solicitudotadjuntos?gx-no-cache=1711384537583 HTTP/1.1" 200 26
200.54.100.179 - - [25/Mar/2024:13:38:46 -0300] "GET /cormun/servlet/solicitudotadjuntos?d33e62c19dc3b0e4be0467b12ed804bfce86920e39a1d0ccd8b8ee7d96a332af,gx-no-cache=1711384542319 HTTP/1.1" 200 30
200.54.100.179 - - [25/Mar/2024:13:38:46 -0300] "GET /cormun/servlet/solicitudotadjuntos?d33e62c19dc3b0e4be0467b12ed804bfce86920e39a1d0ccd8b8ee7d96a332af,gx-no-cache=1711384542330 HTTP/1.1" 200 30
200.54.100.179 - - [25/Mar/2024:13:38:46 -0300] "POST /cormun/servlet/solicitudotadjuntos?7fb6201663efb90c84e0f8f86ff58846,INS,2024,21075,,1, HTTP/1.1" 200 116
200.54.100.179 - - [25/Mar/2024:13:38:47 -0300] "GET /cormun/servlet/hpexe_return? HTTP/1.1" 200 1029
200.54.100.179 - - [25/Mar/2024:13:38:47 -0300] "GET /cormun/servlet/trsolicitudadjuntos?2024,21075, HTTP/1.1" 200 10432
181.212.43.89 - - [25/Mar/2024:13:38:53 -0300] "GET /cormun/servlet/hlogin HTTP/1.1" 200 1716
181.212.43.89 - - [25/Mar/2024:13:38:53 -0300] "GET /cormun/servlet/hlogin HTTP/1.1" 200 1727
190.95.15.15 - - [25/Mar/2024:13:38:59 -0300] "POST /cormun/servlet/trsolicitudot?369f92497cd1989b07f3f3a1727db26a,gx-no-cache=1711384557141 HTTP/1.1" 200 113
190.95.15.15 - - [25/Mar/2024:13:39:00 -0300] "GET /cormun/servlet/solicitudot?UPD,2024,21076,false, HTTP/1.1" 200 16680
190.95.15.15 - - [25/Mar/2024:13:39:00 -0300] "POST /cormun/servlet/solicitudot?gx-no-cache=1711384557917 HTTP/1.1" 200 4122
190.95.15.15 - - [25/Mar/2024:13:39:00 -0300] "POST /cormun/servlet/solicitudot?369f92497cd1989b07f3f3a1727db26a,UPD,2024,21076,false,,gx-no-cache=1711384558024 HTTP/1.1" 200 12771
190.95.15.15 - - [25/Mar/2024:13:39:00 -0300] "GET /cormun/servlet/solicitudot?dc697369f86b5dfe2df69ec20e594969c80f10920782416b14ba9422a3d2dcb494eb17683dd6816d3ff20b95324d4b22,gx-no-cache=1711384558110 HTTP/1.1" 200 30
181.212.43.89 - - [25/Mar/2024:13:39:00 -0300] "POST /cormun/servlet/hlogin?8e14f2923d899b7254e6cbdd619843ce,gx-no-cache=1711384553344 HTTP/1.1" 200 90
190.95.15.15 - - [25/Mar/2024:13:39:00 -0300] "GET /cormun/servlet/solicitudot?dc697369f86b5dfe2df69ec20e5949698b65e10fad71429db6a4af322a6342d6e0b32012efcb985d5b4cfb9f60061635eb37037ca124cb33d8d90bac9c7eafb1,gx-no-cache=1711384558136 HTTP/1.1" 200 30
181.212.43.89 - - [25/Mar/2024:13:39:00 -0300] "GET /cormun/servlet/hpexe_link HTTP/1.1" 200 947
190.95.15.15 - - [25/Mar/2024:13:39:00 -0300] "GET /cormun/servlet/solicitudot?dc697369f86b5dfe2df69ec20e5949697640d450696f16ede826232f8dee71f584278a54ef4a4f38db4faecc9200c686540431087fc7ef6559d79a09d5335c4f,gx-no-cache=1711384558151 HTTP/1.1" 200 53
190.95.15.15 - - [25/Mar/2024:13:39:00 -0300] "POST /cormun/servlet/solicitudot?gx-no-cache=1711384558167 HTTP/1.1" 200 297
190.95.15.15 - - [25/Mar/2024:13:39:00 -0300] "GET /cormun/servlet/solicitudot?dc697369f86b5dfe2df69ec20e594969e888d858635cc4801c5ff3c9324e7ca5d0d5caf2dcee9c952caa1b243771d51ec9f25e04d98e42ea846b5b4848bc4e3919d2103597c19351a9090ae17cd81857b58f05de7532af182053fef39372a0c2ae0cc267da3bb942bff5cf546543713c02444c3e2f59b280c8a97f04c8b2404dbfd727fee90b20e4ec14a179e7f80b51f7c5e328e040f2237fbf569d2df4c62477ea7c7440f03197b463508da29bb791e1f0154dd24b61c3c1c94ab47965c1560f3c03d9390cf1f05fef3ee29c9308c6899cbbfcac0c066300a9d9445ee2e4bb1de06dfe8c51ec296aa8523cef535ded78ec4ad1174da28a87e0150ac0385258268cdbbcf2300ac58b9a1d38ec32f5d74615fd5f2701c4bbb7ba51b8c18fd806efdbf81977be1fe12e32f58c07da9f566e0db7f55b888f2174c158673d0321e0c14e63581e6c4067b4eef4994a9efa4e2b4169e0ffb30fe7e5f523ecf34f56b5925d10886565bc1a747795b364bc10ca637adeff48ad8d0dcd6f7ff9c9b1a79276fdb4a2d222549b70f3cb110f1d2ac2,gx-no-cache=1711384558188 HTTP/1.1" 200 30
181.212.43.89 - - [25/Mar/2024:13:39:00 -0300] "GET /cormun/servlet/hhome HTTP/1.1" 200 4013
190.95.15.15 - - [25/Mar/2024:13:39:00 -0300] "POST /cormun/servlet/solicitudot?gx-no-cache=1711384558208 HTTP/1.1" 200 30
190.95.15.15 - - [25/Mar/2024:13:39:00 -0300] "POST /cormun/servlet/solicitudot?gx-no-cache=1711384558227 HTTP/1.1" 200 1474
190.95.15.15 - - [25/Mar/2024:13:39:01 -0300] "POST /cormun/servlet/solicitudot?gx-no-cache=1711384558253 HTTP/1.1" 200 41
181.212.43.89 - - [25/Mar/2024:13:39:05 -0300] "GET /cormun/servlet/trpermisosgoce? HTTP/1.1" 200 9906
181.212.43.89 - - [25/Mar/2024:13:39:09 -0300] "GET /cormun/servlet/permisogoce?INS,0,,, HTTP/1.1" 200 6876
200.54.100.179 - - [25/Mar/2024:13:39:19 -0300] "GET /cormun/servlet/solicitudotadjuntos?INS,2024,21075,,1, HTTP/1.1" 200 6377
200.54.100.179 - - [25/Mar/2024:13:39:19 -0300] "GET /cormun/static/about:blank HTTP/1.1" 404 1011
200.54.100.179 - - [25/Mar/2024:13:39:19 -0300] "GET /cormun/servlet/solicitudotadjuntos?d33e62c19dc3b0e4be0467b12ed804bfb481b0ec3698d56e23b2b83e1fa55d860c2126fc5ee729ef05d5f7bcff79e373,gx-no-cache=1711384575441 HTTP/1.1" 200 30
200.54.100.179 - - [25/Mar/2024:13:39:20 -0300] "POST /cormun/servlet/solicitudotadjuntos?7fb6201663efb90c84e0f8f86ff58846,INS,2024,21075,,1, HTTP/1.1" 200 6929
200.54.100.179 - - [25/Mar/2024:13:39:20 -0300] "GET /cormun/PrivateTempStorage/upload_00016413.pdf HTTP/1.1" 200 40960
200.54.100.179 - - [25/Mar/2024:13:39:20 -0300] "GET /cormun/servlet/trsolicitudadjuntos?2024,21075, HTTP/1.1" 200 10429
181.212.43.89 - - [25/Mar/2024:13:39:20 -0300] "GET /cormun/servlet/permisogoce?003977846a149255cd33894b2058fabbb3391c9761d2fa0af3d20e0f55f80312862b158ace8bd37f8487a7779285ead9e080ba513a212a4c222052db4a1b9275,gx-no-cache=1711384573074 HTTP/1.1" 200 226
181.212.43.89 - - [25/Mar/2024:13:39:20 -0300] "GET /cormun/static/Shared/jqueryui/images/ui-bg_highlight-soft_100_c6c2c8_1x100.png HTTP/1.1" 404 1117
181.212.43.89 - - [25/Mar/2024:13:39:20 -0300] "GET /cormun/static/Shared/jqueryui/images/ui-icons_82798d_256x240.png HTTP/1.1" 404 1089
181.212.43.89 - - [25/Mar/2024:13:39:20 -0300] "GET /cormun/static/Shared/jqueryui/images/ui-icons_ebccce_256x240.png HTTP/1.1" 404 1089
181.212.43.89 - - [25/Mar/2024:13:39:20 -0300] "GET /cormun/static/Shared/jqueryui/images/ui-bg_flat_55_994d53_40x100.png HTTP/1.1" 404 1097
200.54.100.179 - - [25/Mar/2024:13:39:21 -0300] "GET /cormun/servlet/solicitudotadjuntos?INS,2024,21075,,1, HTTP/1.1" 200 6378
200.54.100.179 - - [25/Mar/2024:13:39:21 -0300] "GET /cormun/static/about:blank HTTP/1.1" 404 1011
200.54.100.179 - - [25/Mar/2024:13:39:22 -0300] "GET /cormun/servlet/solicitudotadjuntos?d33e62c19dc3b0e4be0467b12ed804bfb481b0ec3698d56e23b2b83e1fa55d860c2126fc5ee729ef05d5f7bcff79e373,gx-no-cache=1711384578006 HTTP/1.1" 200 30
200.54.100.179 - - [25/Mar/2024:13:39:22 -0300] "POST /cormun/servlet/solicitudotadjuntos?7fb6201663efb90c84e0f8f86ff58846,INS,2024,21075,,1, HTTP/1.1" 200 6828
200.54.100.179 - - [25/Mar/2024:13:39:22 -0300] "GET /cormun/PrivateTempStorage/upload_00016424.pdf HTTP/1.1" 200 34434
200.54.100.179 - - [25/Mar/2024:13:39:27 -0300] "GET /cormun/servlet/trsolicitudadjuntos?2024,21075, HTTP/1.1" 200 10431
181.212.43.89 - - [25/Mar/2024:13:39:28 -0300] "GET /cormun/servlet/permisogoce?003977846a149255cd33894b2058fabbebd4ffae0179b2e15e3543273767a435ed209864ff56f35d880892648a73b420e2251ca6b56080ba50b0075ab28d82f4,gx-no-cache=1711384580809 HTTP/1.1" 200 78
200.54.100.179 - - [25/Mar/2024:13:39:32 -0300] "GET /cormun/servlet/trvisualizadoreventos? HTTP/1.1" 200 7122
200.54.100.179 - - [25/Mar/2024:13:39:37 -0300] "GET /cormun/servlet/trsolicitudot? HTTP/1.1" 200 8979
190.95.15.15 - - [25/Mar/2024:13:39:40 -0300] "POST /cormun/servlet/solicitudot?gx-no-cache=1711384598085 HTTP/1.1" 200 297
190.95.15.15 - - [25/Mar/2024:13:39:40 -0300] "GET /cormun/servlet/solicitudot?dc697369f86b5dfe2df69ec20e594969e888d858635cc4801c5ff3c9324e7ca5d0d5caf2dcee9c952caa1b243771d51ec9f25e04d98e42ea846b5b4848bc4e3919d2103597c19351a9090ae17cd81857b58f05de7532af182053fef39372a0c2ae0cc267da3bb942bff5cf546543713c02444c3e2f59b280c8a97f04c8b2404dbfd727fee90b20e4ec14a179e7f80b51f7c5e328e040f2237fbf569d2df4c62477ea7c7440f03197b463508da29bb791e1f0154dd24b61c3c1c94ab47965c1560f3c03d9390cf1f05fef3ee29c9308c6899cbbfcac0c066300a9d9445ee2e4bb1de06dfe8c51ec296aa8523cef535ded78ec4ad1174da28a87e0150ac0385258268cdbbcf2300ac58b9a1d38ec32f5d74615fd5f2701c4bbb7ba51b8c18fd806efdbf81977be1fe12e32f58c07da9f566e0db7f55b888f2174c158673d0321e0c14e63581e6c4067b4eef4994a9efa4e2b4169e0ffb30fe7e5f523ecf34f56b5925d10886565bc1a747795b364bc10ca637adeff48ad8d0dcd6f7ff9c9b1a79276fdb4a2d222549b70f3cb110f1d2ac2,gx-no-cache=1711384598117 HTTP/1.1" 200 30
190.95.15.15 - - [25/Mar/2024:13:39:40 -0300] "POST /cormun/servlet/solicitudot?gx-no-cache=1711384598136 HTTP/1.1" 200 30
190.95.15.15 - - [25/Mar/2024:13:39:40 -0300] "POST /cormun/servlet/solicitudot?gx-no-cache=1711384598157 HTTP/1.1" 200 1474
190.95.15.15 - - [25/Mar/2024:13:39:40 -0300] "POST /cormun/servlet/solicitudot?gx-no-cache=1711384598183 HTTP/1.1" 200 41
190.95.15.15 - - [25/Mar/2024:13:39:40 -0300] "GET /cormun/servlet/solicitudot?dc697369f86b5dfe2df69ec20e59496994142f762850413c04389b49536d2490d0094024336fa5d913c6b64e2c39110bfb3bc1714abdcfff0097b1e96d370b07e6fda4481f55da5dec50cab81e1e480b761041edd87701a2fef21f8a5125324e784f6931692322a92012dc7ffff5e2e4,gx-no-cache=1711384598200 HTTP/1.1" 200 110
190.95.15.15 - - [25/Mar/2024:13:39:40 -0300] "POST /cormun/servlet/solicitudot?gx-no-cache=1711384598219 HTTP/1.1" 200 83
190.95.15.15 - - [25/Mar/2024:13:39:40 -0300] "GET /cormun/servlet/solicitudot?dc697369f86b5dfe2df69ec20e594969367b6eb118ed68cb34aa5c3e9d9928ad3acfec8f7a90bdf3e13cd938c050b79d10e73a41858dee3a9dce1920dddb95b4e9b46924d81ebfe91a01b5027cf010199793066e4d6e67153acb58bf749f93145b07170c4448019687ea6d757d8df868,gx-no-cache=1711384598240 HTTP/1.1" 200 29
190.95.15.15 - - [25/Mar/2024:13:39:41 -0300] "GET /cormun/servlet/solicitudot?dc697369f86b5dfe2df69ec20e594969d118e2269fc77c2a344c385be1aab81a9a3292511a3e1f3134c15d2b391db68a,gx-no-cache=1711384598255 HTTP/1.1" 200 30
190.95.15.15 - - [25/Mar/2024:13:39:41 -0300] "POST /cormun/servlet/solicitudot?gx-no-cache=1711384598271 HTTP/1.1" 200 30
190.95.15.15 - - [25/Mar/2024:13:39:41 -0300] "POST /cormun/servlet/solicitudot?369f92497cd1989b07f3f3a1727db26a,UPD,2024,21076,false,,gx-no-cache=1711384598290 HTTP/1.1" 200 93
190.95.15.15 - - [25/Mar/2024:13:39:41 -0300] "GET /cormun/servlet/hpexe_return? HTTP/1.1" 200 1011
190.95.15.15 - - [25/Mar/2024:13:39:41 -0300] "GET /cormun/servlet/trsolicitudot HTTP/1.1" 200 8604
181.212.43.89 - - [25/Mar/2024:13:39:46 -0300] "GET /cormun/static/menuarrow.gif HTTP/1.1" 404 1015
200.54.100.179 - - [25/Mar/2024:13:39:49 -0300] "POST /cormun/servlet/trsolicitudot?7fb6201663efb90c84e0f8f86ff58846,,gx-no-cache=1711384605158 HTTP/1.1" 200 6111
200.54.100.179 - - [25/Mar/2024:13:39:49 -0300] "GET /cormun/static/Shared/jqueryui/images/ui-bg_flat_55_fafafa_40x100.png HTTP/1.1" 404 1097
200.54.100.179 - - [25/Mar/2024:13:39:49 -0300] "GET /cormun/static/Shared/jqueryui/images/ui-icons_8d78a5_256x240.png HTTP/1.1" 404 1089
190.95.15.15 - - [25/Mar/2024:13:39:49 -0300] "POST /cormun/servlet/trsolicitudot?369f92497cd1989b07f3f3a1727db26a,gx-no-cache=1711384607061 HTTP/1.1" 200 4594
190.95.15.15 - - [25/Mar/2024:13:39:49 -0300] "GET /cormun/static/Shared/jqueryui/images/ui-bg_highlight-soft_100_c6c2c8_1x100.png HTTP/1.1" 404 1117
190.95.15.15 - - [25/Mar/2024:13:39:49 -0300] "GET /cormun/static/Shared/jqueryui/images/ui-icons_82798d_256x240.png HTTP/1.1" 404 1089
190.95.15.15 - - [25/Mar/2024:13:39:49 -0300] "GET /cormun/static/Shared/jqueryui/images/ui-bg_flat_55_fafafa_40x100.png HTTP/1.1" 404 1097
190.95.15.15 - - [25/Mar/2024:13:39:49 -0300] "GET /cormun/static/Shared/jqueryui/images/ui-icons_8d78a5_256x240.png HTTP/1.1" 404 1089
190.95.15.15 - - [25/Mar/2024:13:39:49 -0300] "POST /cormun/servlet/trsolicitudot?369f92497cd1989b07f3f3a1727db26a,gx-no-cache=1711384607161 HTTP/1.1" 200 4329
181.212.43.89 - - [25/Mar/2024:13:39:50 -0300] "GET /cormun/servlet/permisogoce?003977846a149255cd33894b2058fabb35b4606bb80b4348480b573e99ae007552406e9752353b346c36a79e125c7f528244d91a74e847f0d9e1f65febd94eec,gx-no-cache=1711384602778 HTTP/1.1" 200 48
181.212.43.89 - - [25/Mar/2024:13:39:57 -0300] "POST /cormun/servlet/permisogoce?8e14f2923d899b7254e6cbdd619843ce,INS,0,,,,gx-no-cache=1711384608976 HTTP/1.1" 200 93
181.212.43.89 - - [25/Mar/2024:13:39:57 -0300] "GET /cormun/servlet/hpexe_return? HTTP/1.1" 200 1006
181.212.43.89 - - [25/Mar/2024:13:39:57 -0300] "GET /cormun/servlet/trpermisosgoce HTTP/1.1" 200 10152
200.54.100.179 - - [25/Mar/2024:13:39:58 -0300] "POST /cormun/servlet/trsolicitudot?7fb6201663efb90c84e0f8f86ff58846,,gx-no-cache=1711384614265 HTTP/1.1" 200 107
200.54.100.179 - - [25/Mar/2024:13:39:58 -0300] "GET /cormun/servlet/trsolicitudadjuntos?2024,21075, HTTP/1.1" 200 10427
190.95.15.15 - - [25/Mar/2024:13:40:00 -0300] "GET /cormun/servlet/hlogin HTTP/1.1" 200 1732
190.95.15.15 - - [25/Mar/2024:13:40:07 -0300] "POST /cormun/servlet/hlogin?369f92497cd1989b07f3f3a1727db26a,gx-no-cache=1711384625035 HTTP/1.1" 200 90
190.95.15.15 - - [25/Mar/2024:13:40:07 -0300] "GET /cormun/servlet/hpexe_link HTTP/1.1" 200 947
190.95.15.15 - - [25/Mar/2024:13:40:07 -0300] "GET /cormun/servlet/hhome HTTP/1.1" 200 4220
190.95.15.15 - - [25/Mar/2024:13:40:10 -0300] "GET /cormun/servlet/trautorizarsolicitud? HTTP/1.1" 200 8742
190.95.15.15 - - [25/Mar/2024:13:40:10 -0300] "GET /cormun/static/gxcfg.js?202211298474254 HTTP/1.1" 200 953
190.95.15.15 - - [25/Mar/2024:13:40:10 -0300] "GET /cormun/static/trautorizarsolicitud.js?202211298474588 HTTP/1.1" 200 53909
181.212.43.89 - - [25/Mar/2024:13:40:11 -0300] "GET /cormun/servlet/permisogoce?INS,0,,, HTTP/1.1" 200 6876
200.54.100.179 - - [25/Mar/2024:13:40:12 -0300] "GET /cormun/servlet/solicitudotadjuntos?INS,2024,21075,,1, HTTP/1.1" 200 6378
200.54.100.179 - - [25/Mar/2024:13:40:12 -0300] "GET /cormun/static/about:blank HTTP/1.1" 404 1011
200.54.100.179 - - [25/Mar/2024:13:40:13 -0300] "GET /cormun/servlet/solicitudotadjuntos?d33e62c19dc3b0e4be0467b12ed804bfb481b0ec3698d56e23b2b83e1fa55d860c2126fc5ee729ef05d5f7bcff79e373,gx-no-cache=1711384628910 HTTP/1.1" 200 30
200.54.100.179 - - [25/Mar/2024:13:40:13 -0300] "POST /cormun/servlet/solicitudotadjuntos?7fb6201663efb90c84e0f8f86ff58846,INS,2024,21075,,1,,gx-no-cache=1711384628925 HTTP/1.1" 200 4155
181.212.43.89 - - [25/Mar/2024:13:40:16 -0300] "GET /cormun/servlet/permisogoce?003977846a149255cd33894b2058fabbec1a0671db9613b7bfe3f204ffcb766aed209864ff56f35d880892648a73b420e2251ca6b56080ba50b0075ab28d82f4,gx-no-cache=1711384629170 HTTP/1.1" 200 76
200.54.100.179 - - [25/Mar/2024:13:40:16 -0300] "POST /cormun/servlet/solicitudotadjuntos?gx-no-cache=1711384632371 HTTP/1.1" 200 26
200.54.100.179 - - [25/Mar/2024:13:40:21 -0300] "GET /cormun/servlet/solicitudotadjuntos?d33e62c19dc3b0e4be0467b12ed804bfce86920e39a1d0ccd8b8ee7d96a332af,gx-no-cache=1711384637119 HTTP/1.1" 200 30
200.54.100.179 - - [25/Mar/2024:13:40:21 -0300] "GET /cormun/servlet/solicitudotadjuntos?d33e62c19dc3b0e4be0467b12ed804bfce86920e39a1d0ccd8b8ee7d96a332af,gx-no-cache=1711384637130 HTTP/1.1" 200 30
200.54.100.179 - - [25/Mar/2024:13:40:21 -0300] "POST /cormun/servlet/solicitudotadjuntos?7fb6201663efb90c84e0f8f86ff58846,INS,2024,21075,,1, HTTP/1.1" 200 6636
200.54.100.179 - - [25/Mar/2024:13:40:21 -0300] "GET /cormun/PrivateTempStorage/upload_00016436.pdf HTTP/1.1" 200 173752
181.212.43.89 - - [25/Mar/2024:13:40:23 -0300] "GET /cormun/servlet/permisogoce?003977846a149255cd33894b2058fabbec68e0a26f73eb92c94e681978dbd6385bc486722d581301f36c7553270980c78244d91a74e847f0d9e1f65febd94eec,gx-no-cache=1711384635811 HTTP/1.1" 200 47
190.95.15.15 - - [25/Mar/2024:13:40:27 -0300] "POST /cormun/servlet/trautorizarsolicitud?369f92497cd1989b07f3f3a1727db26a,,gx-no-cache=1711384644959 HTTP/1.1" 200 4800
190.95.15.15 - - [25/Mar/2024:13:40:27 -0300] "POST /cormun/servlet/trautorizarsolicitud?369f92497cd1989b07f3f3a1727db26a,,gx-no-cache=1711384645063 HTTP/1.1" 200 4531
200.54.100.179 - - [25/Mar/2024:13:40:28 -0300] "POST /cormun/servlet/solicitudotadjuntos?7fb6201663efb90c84e0f8f86ff58846,INS,2024,21075,,1, HTTP/1.1" 200 116
200.54.100.179 - - [25/Mar/2024:13:40:28 -0300] "GET /cormun/servlet/hpexe_return? HTTP/1.1" 200 1029
200.54.100.179 - - [25/Mar/2024:13:40:28 -0300] "GET /cormun/servlet/trsolicitudadjuntos?2024,21075, HTTP/1.1" 200 10433
181.212.43.89 - - [25/Mar/2024:13:40:32 -0300] "POST /cormun/servlet/permisogoce?8e14f2923d899b7254e6cbdd619843ce,INS,0,,,,gx-no-cache=1711384644566 HTTP/1.1" 200 93
181.212.43.89 - - [25/Mar/2024:13:40:32 -0300] "GET /cormun/servlet/hpexe_return? HTTP/1.1" 200 1006
181.212.43.89 - - [25/Mar/2024:13:40:32 -0300] "GET /cormun/servlet/trpermisosgoce HTTP/1.1" 200 10403
200.54.100.179 - - [25/Mar/2024:13:40:34 -0300] "GET /cormun/servlet/solicitudotadjuntos?DLT,2024,21075,CARNET,0, HTTP/1.1" 200 6394
200.54.100.179 - - [25/Mar/2024:13:40:34 -0300] "GET /cormun/PublicTempStorage/curriculum_carolina_olguin__%281%291493126.pdf HTTP/1.1" 200 173752
200.54.100.179 - - [25/Mar/2024:13:40:40 -0300] "POST /cormun/servlet/solicitudotadjuntos?7fb6201663efb90c84e0f8f86ff58846,DLT,2024,21075,CARNET,0,,gx-no-cache=1711384655533 HTTP/1.1" 200 93
200.54.100.179 - - [25/Mar/2024:13:40:40 -0300] "GET /cormun/servlet/hpexe_return? HTTP/1.1" 200 1035
200.54.100.179 - - [25/Mar/2024:13:40:40 -0300] "GET /cormun/servlet/trsolicitudadjuntos?2024,21075, HTTP/1.1" 200 10431
181.212.43.89 - - [25/Mar/2024:13:40:43 -0300] "GET /cormun/servlet/permisogoce?INS,0,,, HTTP/1.1" 200 6876
181.212.43.89 - - [25/Mar/2024:13:40:49 -0300] "GET /cormun/servlet/permisogoce?003977846a149255cd33894b2058fabbbbd28a02c31fc71ac783d0ad3e6adeb3ed209864ff56f35d880892648a73b420e2251ca6b56080ba50b0075ab28d82f4,gx-no-cache=1711384662394 HTTP/1.1" 200 77
190.95.15.15 - - [25/Mar/2024:13:40:51 -0300] "GET /cormun/servlet/hlogin HTTP/1.1" 200 1738
190.171.143.82 - - [25/Mar/2024:13:40:54 -0300] "WSêõ'M¦—º³ç‚¯ï–Íá|ΓҩzzLÏtTb; "ݨpô¸è»ç)kMˊZ[}“ " 400 -
190.171.143.82 - - [25/Mar/2024:13:40:54 -0300] "h±ùi)Aÿt®¬©?YüÇֆ(I]v×V9oݝ~ïj ôž¨xЄÿöG\·d5^TƒÃz*…„ìêêÆ„˱g ÚÚÀ+À/À,À0̨̩ÀÀœ/5ªŠŠ" 400 -
190.171.143.82 - - [25/Mar/2024:13:40:54 -0300] "GET /cormun/servlet/hlogin HTTP/1.1" 200 1715
190.171.143.82 - - [25/Mar/2024:13:40:54 -0300] "GET /cormun/static/gxtimezone.js?85251 HTTP/1.1" 200 5781
190.171.143.82 - - [25/Mar/2024:13:40:54 -0300] "GET /cormun/static/gxcfg.js?2022112219184450 HTTP/1.1" 200 953
190.171.143.82 - - [25/Mar/2024:13:40:54 -0300] "GET /cormun/static/Resources/CormunLogin.png HTTP/1.1" 200 19132
190.171.143.82 - - [25/Mar/2024:13:40:54 -0300] "GET /cormun/static/Resources/Spanish/PXTools.css?1759030 HTTP/1.1" 200 100853
190.171.143.82 - - [25/Mar/2024:13:40:54 -0300] "GET /cormun/static/messages.spa.js?85251 HTTP/1.1" 200 30736
190.171.143.82 - - [25/Mar/2024:13:40:54 -0300] "GET /cormun/static/hlogin.js?2022112219184458 HTTP/1.1" 200 2156
190.171.143.82 - - [25/Mar/2024:13:40:54 -0300] "GET /cormun/static/gxgral.js?85251 HTTP/1.1" 200 384558
190.171.143.82 - - [25/Mar/2024:13:40:54 -0300] "GET /cormun/static/Resources/PXToolsLoginTop.png HTTP/1.1" 200 1337
190.171.143.82 - - [25/Mar/2024:13:40:54 -0300] "GET /cormun/static/Resources/PXToolsLoginBackground.png HTTP/1.1" 200 1164
190.171.143.82 - - [25/Mar/2024:13:40:54 -0300] "GET /cormun/static/Resources/PXToolsButtonRight.png HTTP/1.1" 200 1294
190.171.143.82 - - [25/Mar/2024:13:40:54 -0300] "GET /cormun/static/Resources/PXToolsLoginBottom.png HTTP/1.1" 200 1389
190.171.143.82 - - [25/Mar/2024:13:40:54 -0300] "GET /cormun/static/Resources/PXToolsButtonLeft.png HTTP/1.1" 200 1310
190.171.143.82 - - [25/Mar/2024:13:40:54 -0300] "GET /cormun/static/Resources/PXToolsButtonBackground.png HTTP/1.1" 200 1176
190.171.143.82 - - [25/Mar/2024:13:40:54 -0300] "GET /cormun/static/Resources/indicator.gif HTTP/1.1" 200 1553
190.171.143.82 - - [25/Mar/2024:13:40:54 -0300] "GET /cormun/servlet/hlogin HTTP/1.1" 200 1726
190.171.143.82 - - [25/Mar/2024:13:40:54 -0300] "GET /favicon.ico HTTP/1.1" 200 21630
181.212.43.89 - - [25/Mar/2024:13:40:57 -0300] "GET /cormun/servlet/permisogoce?003977846a149255cd33894b2058fabb28bf7e9d46436cb7a86ae4f90b16022ab68f1bd37d8da0005e68875ede2d09648244d91a74e847f0d9e1f65febd94eec,gx-no-cache=1711384670450 HTTP/1.1" 200 47
190.95.15.15 - - [25/Mar/2024:13:40:59 -0300] "POST /cormun/servlet/hlogin?369f92497cd1989b07f3f3a1727db26a,gx-no-cache=1711384676719 HTTP/1.1" 200 90
190.95.15.15 - - [25/Mar/2024:13:40:59 -0300] "GET /cormun/servlet/hpexe_link HTTP/1.1" 200 947
190.95.15.15 - - [25/Mar/2024:13:40:59 -0300] "GET /cormun/servlet/hhome HTTP/1.1" 200 3970
181.212.43.89 - - [25/Mar/2024:13:41:04 -0300] "POST /cormun/servlet/permisogoce?8e14f2923d899b7254e6cbdd619843ce,INS,0,,,,gx-no-cache=1711384676735 HTTP/1.1" 200 93
181.212.43.89 - - [25/Mar/2024:13:41:04 -0300] "GET /cormun/servlet/hpexe_return? HTTP/1.1" 200 1006
181.212.43.89 - - [25/Mar/2024:13:41:04 -0300] "GET /cormun/servlet/trpermisosgoce HTTP/1.1" 200 10639
190.171.143.82 - - [25/Mar/2024:13:41:11 -0300] "POST /cormun/servlet/hlogin?3989fe89d2329fd0cb020091019815e5,gx-no-cache=1711384662109 HTTP/1.1" 200 90
190.171.143.82 - - [25/Mar/2024:13:41:11 -0300] "GET /cormun/servlet/hpexe_link HTTP/1.1" 200 945
190.171.143.82 - - [25/Mar/2024:13:41:11 -0300] "GET /cormun/static/gxcfg.js?20221129847421 HTTP/1.1" 200 953
190.171.143.82 - - [25/Mar/2024:13:41:11 -0300] "GET /cormun/static/hpexe_link.js?20221129847423 HTTP/1.1" 200 625
190.171.143.82 - - [25/Mar/2024:13:41:11 -0300] "GET /cormun/static/Resources/Spanish/PXTools.css?8354383 HTTP/1.1" 200 100853
190.171.143.82 - - [25/Mar/2024:13:41:11 -0300] "GET /cormun/servlet/hhome HTTP/1.1" 200 4175
190.95.15.15 - - [25/Mar/2024:13:41:11 -0300] "GET /cormun/servlet/trlicencias? HTTP/1.1" 200 10177
190.171.143.82 - - [25/Mar/2024:13:41:11 -0300] "GET /cormun/static/SmoothNavMenu/resources/ddsmoothmenu.css?1112540 HTTP/1.1" 200 2223
190.171.143.82 - - [25/Mar/2024:13:41:11 -0300] "GET /cormun/static/SmoothNavMenu/resources/ddsmoothmenu-v.css?1112540 HTTP/1.1" 200 1188
190.171.143.82 - - [25/Mar/2024:13:41:11 -0300] "GET /cormun/static/scaMessage/css/jquery.pnotify.default.css?1816380 HTTP/1.1" 200 1707
190.171.143.82 - - [25/Mar/2024:13:41:11 -0300] "GET /cormun/static/gxcfg.js?20201215495537 HTTP/1.1" 200 953
190.171.143.82 - - [25/Mar/2024:13:41:11 -0300] "GET /cormun/static/Resources/Spanish/PXTools.css?14345360 HTTP/1.1" 200 100853
190.171.143.82 - - [25/Mar/2024:13:41:11 -0300] "GET /cormun/static/Shared/jqueryui/jquery-ui.min.css?1345370 HTTP/1.1" 200 30288
190.171.143.82 - - [25/Mar/2024:13:41:11 -0300] "GET /cormun/static/PXToolsJavascripts/pexe_autoreload.js HTTP/1.1" 200 1762
190.171.143.82 - - [25/Mar/2024:13:41:11 -0300] "GET /cormun/static/PXToolsJavascripts/pexe_windows.js HTTP/1.1" 200 15249
190.171.143.82 - - [25/Mar/2024:13:41:11 -0300] "GET /cormun/static/PXToolsJavascripts/pexe_grid.js HTTP/1.1" 200 7559
190.171.143.82 - - [25/Mar/2024:13:41:11 -0300] "GET /cormun/static/PXToolsJavascripts/pexe_cookies.js HTTP/1.1" 200 792
190.171.143.82 - - [25/Mar/2024:13:41:11 -0300] "GET /cormun/static/PXToolsJavascripts/pexe_griddivfix.js HTTP/1.1" 200 6946
190.171.143.82 - - [25/Mar/2024:13:41:11 -0300] "GET /cormun/static/PXToolsJavascripts/pexe_link.js HTTP/1.1" 200 5671
190.171.143.82 - - [25/Mar/2024:13:41:11 -0300] "GET /cormun/static/PXToolsJavascripts/pexe_menudivfix.js HTTP/1.1" 200 333
190.171.143.82 - - [25/Mar/2024:13:41:11 -0300] "GET /cormun/static/PXToolsJavascripts/pexe_menus.js HTTP/1.1" 200 1286
190.171.143.82 - - [25/Mar/2024:13:41:11 -0300] "GET /cormun/static/PXToolsJavascripts/pexe_oav.js HTTP/1.1" 200 645
190.171.143.82 - - [25/Mar/2024:13:41:11 -0300] "GET /cormun/static/PXToolsJavascripts/pexe_oavdivfix.js HTTP/1.1" 200 639
190.171.143.82 - - [25/Mar/2024:13:41:11 -0300] "GET /cormun/static/PXToolsJavascripts/pexe_picture.js HTTP/1.1" 200 689
190.171.143.82 - - [25/Mar/2024:13:41:11 -0300] "GET /cormun/static/PXToolsJavascripts/pexe_popup.js HTTP/1.1" 200 15149
190.171.143.82 - - [25/Mar/2024:13:41:11 -0300] "GET /cormun/static/PXToolsJavascripts/pexe_scrolldiv.js HTTP/1.1" 200 4138
190.171.143.82 - - [25/Mar/2024:13:41:11 -0300] "GET /cormun/static/PXToolsJavascripts/pexe_tabdivfix.js HTTP/1.1" 200 898
190.171.143.82 - - [25/Mar/2024:13:41:11 -0300] "GET /cormun/static/PXToolsJavascripts/pexe_upload.js HTTP/1.1" 200 1423
190.171.143.82 - - [25/Mar/2024:13:41:11 -0300] "GET /cormun/static/PXToolsJavascripts/pexe_tabs.js HTTP/1.1" 200 3748
190.171.143.82 - - [25/Mar/2024:13:41:11 -0300] "GET /cormun/static/PXToolsJavascripts/PXToolsJavascriptsRender.js HTTP/1.1" 200 367
190.171.143.82 - - [25/Mar/2024:13:41:11 -0300] "GET /cormun/static/Resources/CormunMP2.png HTTP/1.1" 200 6878
190.171.143.82 - - [25/Mar/2024:13:41:11 -0300] "GET /cormun/static/PXToolsJavascripts/pexe_layers.js HTTP/1.1" 200 4114
190.171.143.82 - - [25/Mar/2024:13:41:11 -0300] "GET /cormun/static/Resources/ImgHome.png HTTP/1.1" 200 1364
190.171.143.82 - - [25/Mar/2024:13:41:11 -0300] "GET /cormun/static/Resources/ImgLogin.png HTTP/1.1" 200 1432
190.171.143.82 - - [25/Mar/2024:13:41:11 -0300] "GET /cormun/static/Resources/Llave.png HTTP/1.1" 200 1395
190.171.143.82 - - [25/Mar/2024:13:41:11 -0300] "GET /cormun/static/RunJS/RunJS.js HTTP/1.1" 200 288
190.171.143.82 - - [25/Mar/2024:13:41:11 -0300] "GET /cormun/static/Shared/ext/locale/ext-lang-en.js HTTP/1.1" 200 10940
190.171.143.82 - - [25/Mar/2024:13:41:11 -0300] "GET /cormun/static/hhome.js?20201215495544 HTTP/1.1" 200 777
190.171.143.82 - - [25/Mar/2024:13:41:11 -0300] "GET /cormun/static/hwchdr01.js?2022112219251119 HTTP/1.1" 200 996
190.171.143.82 - - [25/Mar/2024:13:41:11 -0300] "GET /cormun/static/gxui/gxui-all.js HTTP/1.1" 200 107772
190.171.143.82 - - [25/Mar/2024:13:41:11 -0300] "GET /cormun/static/Resources/PXToolsDataTitle.png HTTP/1.1" 200 1173
190.171.143.82 - - [25/Mar/2024:13:41:11 -0300] "GET /cormun/static/hpexe_recentlink.js?20201214471090 HTTP/1.1" 200 2144
190.171.143.82 - - [25/Mar/2024:13:41:11 -0300] "GET /cormun/static/hpexe_messagecontroller.js?202211298371222 HTTP/1.1" 200 870
