190.171.153.34 - - [25/Mar/2024:10:03:13 -0300] "GET /cormun/servlet/solicitudotadjuntos?899da21c2b43c339e735b3898bff5d2cdb93b5c9abcdec01c8b6ba316bdd2890a41e8794f71ff3bd785d41fe621a3d9c,gx-no-cache=1711371609662 HTTP/1.1" 200 30
190.171.153.34 - - [25/Mar/2024:10:03:13 -0300] "POST /cormun/servlet/solicitudotadjuntos?2062b7387c273b74f6bffbf495add142,INS,2024,21063,,1,,gx-no-cache=1711371609686 HTTP/1.1" 200 4186
181.212.47.137 - - [25/Mar/2024:10:03:15 -0300] "GET /cormun/servlet/vesolicitudgral?2024,21047,,SolicitudOTLog HTTP/1.1" 200 7079
181.212.47.137 - - [25/Mar/2024:10:03:15 -0300] "GET /cormun/pexe_scrolldiv.js HTTP/1.1" 404 1009
181.212.47.137 - - [25/Mar/2024:10:03:16 -0300] "POST /cormun/servlet/acontrolpreferencessavestate?None,RRHH+DANIELA,true HTTP/1.1" 200 35
190.171.153.34 - - [25/Mar/2024:10:03:17 -0300] "POST /cormun/servlet/solicitudotadjuntos?gx-no-cache=1711371613381 HTTP/1.1" 200 26
181.212.47.137 - - [25/Mar/2024:10:03:17 -0300] "GET /cormun/servlet/vesolicitudgral?2024,21047,,SolicitudOTAdjuntos HTTP/1.1" 200 7087
181.212.47.137 - - [25/Mar/2024:10:03:18 -0300] "GET /cormun/pexe_scrolldiv.js HTTP/1.1" 404 1009
181.212.47.137 - - [25/Mar/2024:10:03:19 -0300] "POST /cormun/servlet/acontrolpreferencessavestate?None,RRHH+DANIELA,true HTTP/1.1" 200 35
181.212.47.137 - - [25/Mar/2024:10:03:20 -0300] "GET /cormun/servlet/vesolicitudgral?2024,21047,,General HTTP/1.1" 200 8403
181.212.47.137 - - [25/Mar/2024:10:03:20 -0300] "GET /cormun/pexe_scrolldiv.js HTTP/1.1" 404 1009
209.141.55.133 - tomcat [25/Mar/2024:10:03:22 -0300] "GET /manager/html HTTP/1.1" 403 3196
209.141.55.133 - tomcat [25/Mar/2024:10:03:22 -0300] "GET /manager/html HTTP/1.1" 403 3196
190.171.153.34 - - [25/Mar/2024:10:03:24 -0300] "GET /cormun/servlet/solicitudotadjuntos?899da21c2b43c339e735b3898bff5d2c036a79c3495ddc77d823b9f89b03beec,gx-no-cache=1711371620292 HTTP/1.1" 200 30
190.171.153.34 - - [25/Mar/2024:10:03:24 -0300] "GET /cormun/servlet/solicitudotadjuntos?899da21c2b43c339e735b3898bff5d2c036a79c3495ddc77d823b9f89b03beec,gx-no-cache=1711371620303 HTTP/1.1" 200 30
190.171.153.34 - - [25/Mar/2024:10:03:24 -0300] "POST /cormun/servlet/solicitudotadjuntos?2062b7387c273b74f6bffbf495add142,INS,2024,21063,,1, HTTP/1.1" 200 116
190.171.153.34 - - [25/Mar/2024:10:03:24 -0300] "GET /cormun/servlet/hpexe_return? HTTP/1.1" 200 1027
190.171.153.34 - - [25/Mar/2024:10:03:24 -0300] "GET /cormun/servlet/trsolicitudadjuntos?2024,21063, HTTP/1.1" 200 10162
181.212.47.137 - - [25/Mar/2024:10:03:24 -0300] "GET /cormun/servlet/vesolicitudgral?2024,21047,,SolicitudOTAdjuntos HTTP/1.1" 200 7087
181.212.47.137 - - [25/Mar/2024:10:03:24 -0300] "GET /cormun/pexe_scrolldiv.js HTTP/1.1" 404 1009
181.212.47.137 - - [25/Mar/2024:10:03:25 -0300] "POST /cormun/servlet/acontrolpreferencessavestate?None,RRHH+DANIELA,true HTTP/1.1" 200 35
190.171.143.82 - - [25/Mar/2024:10:03:26 -0300] "GET /cormun/servlet/hhome HTTP/1.1" 200 4146
190.171.153.34 - - [25/Mar/2024:10:03:27 -0300] "GET /cormun/servlet/solicitudotadjuntos?INS,2024,21063,,1, HTTP/1.1" 200 6400
190.171.153.34 - - [25/Mar/2024:10:03:27 -0300] "GET /cormun/static/about:blank HTTP/1.1" 404 1011
181.212.47.137 - - [25/Mar/2024:10:03:27 -0300] "GET /cormun/servlet/vesolicitudgral?2024,21047,,SolicitudOTLog HTTP/1.1" 200 7080
181.212.47.137 - - [25/Mar/2024:10:03:27 -0300] "GET /cormun/pexe_scrolldiv.js HTTP/1.1" 404 1009
190.171.153.34 - - [25/Mar/2024:10:03:28 -0300] "GET /cormun/servlet/solicitudotadjuntos?899da21c2b43c339e735b3898bff5d2cdb93b5c9abcdec01c8b6ba316bdd2890a41e8794f71ff3bd785d41fe621a3d9c,gx-no-cache=1711371624300 HTTP/1.1" 200 30
190.171.153.34 - - [25/Mar/2024:10:03:28 -0300] "POST /cormun/servlet/solicitudotadjuntos?2062b7387c273b74f6bffbf495add142,INS,2024,21063,,1,,gx-no-cache=1711371624316 HTTP/1.1" 200 4183
181.212.47.137 - - [25/Mar/2024:10:03:28 -0300] "POST /cormun/servlet/acontrolpreferencessavestate?None,RRHH+DANIELA,true HTTP/1.1" 200 35
181.212.47.137 - - [25/Mar/2024:10:03:29 -0300] "GET /cormun/servlet/vesolicitudgral?2024,21047,,General HTTP/1.1" 200 8403
181.212.47.137 - - [25/Mar/2024:10:03:29 -0300] "GET /cormun/pexe_scrolldiv.js HTTP/1.1" 404 1009
190.171.153.34 - - [25/Mar/2024:10:03:30 -0300] "POST /cormun/servlet/solicitudotadjuntos?gx-no-cache=1711371627172 HTTP/1.1" 200 26
190.171.153.34 - - [25/Mar/2024:10:03:37 -0300] "GET /cormun/servlet/solicitudotadjuntos?899da21c2b43c339e735b3898bff5d2c036a79c3495ddc77d823b9f89b03beec,gx-no-cache=1711371633436 HTTP/1.1" 200 30
190.171.153.34 - - [25/Mar/2024:10:03:37 -0300] "GET /cormun/servlet/solicitudotadjuntos?899da21c2b43c339e735b3898bff5d2c036a79c3495ddc77d823b9f89b03beec,gx-no-cache=1711371633447 HTTP/1.1" 200 30
190.171.153.34 - - [25/Mar/2024:10:03:37 -0300] "POST /cormun/servlet/solicitudotadjuntos?2062b7387c273b74f6bffbf495add142,INS,2024,21063,,1, HTTP/1.1" 200 116
190.171.153.34 - - [25/Mar/2024:10:03:37 -0300] "GET /cormun/servlet/hpexe_return? HTTP/1.1" 200 1027
190.171.153.34 - - [25/Mar/2024:10:03:37 -0300] "GET /cormun/servlet/trsolicitudadjuntos?2024,21063, HTTP/1.1" 200 10453
190.171.153.34 - - [25/Mar/2024:10:03:39 -0300] "GET /cormun/servlet/solicitudotadjuntos?INS,2024,21063,,1, HTTP/1.1" 200 6400
190.171.153.34 - - [25/Mar/2024:10:03:39 -0300] "GET /cormun/static/about:blank HTTP/1.1" 404 1011
190.171.153.34 - - [25/Mar/2024:10:03:40 -0300] "GET /cormun/servlet/solicitudotadjuntos?899da21c2b43c339e735b3898bff5d2cdb93b5c9abcdec01c8b6ba316bdd2890a41e8794f71ff3bd785d41fe621a3d9c,gx-no-cache=1711371636646 HTTP/1.1" 200 30
190.171.153.34 - - [25/Mar/2024:10:03:40 -0300] "POST /cormun/servlet/solicitudotadjuntos?2062b7387c273b74f6bffbf495add142,INS,2024,21063,,1,,gx-no-cache=1711371636660 HTTP/1.1" 200 4183
181.212.47.137 - - [25/Mar/2024:10:03:41 -0300] "GET /cormun/servlet/vesolicitudgral?2024,21047,,SolicitudOTAdjuntos HTTP/1.1" 200 7087
181.212.47.137 - - [25/Mar/2024:10:03:41 -0300] "GET /cormun/pexe_scrolldiv.js HTTP/1.1" 404 1009
181.212.47.137 - - [25/Mar/2024:10:03:42 -0300] "POST /cormun/servlet/acontrolpreferencessavestate?None,RRHH+DANIELA,true HTTP/1.1" 200 35
190.171.153.34 - - [25/Mar/2024:10:03:43 -0300] "POST /cormun/servlet/solicitudotadjuntos?gx-no-cache=1711371640141 HTTP/1.1" 200 26
190.171.153.34 - - [25/Mar/2024:10:03:50 -0300] "GET /cormun/servlet/solicitudotadjuntos?899da21c2b43c339e735b3898bff5d2c036a79c3495ddc77d823b9f89b03beec,gx-no-cache=1711371646372 HTTP/1.1" 200 30
190.171.153.34 - - [25/Mar/2024:10:03:50 -0300] "GET /cormun/servlet/solicitudotadjuntos?899da21c2b43c339e735b3898bff5d2c036a79c3495ddc77d823b9f89b03beec,gx-no-cache=1711371646384 HTTP/1.1" 200 30
190.171.153.34 - - [25/Mar/2024:10:03:50 -0300] "POST /cormun/servlet/solicitudotadjuntos?2062b7387c273b74f6bffbf495add142,INS,2024,21063,,1, HTTP/1.1" 200 116
190.171.153.34 - - [25/Mar/2024:10:03:50 -0300] "GET /cormun/servlet/hpexe_return? HTTP/1.1" 200 1027
190.171.153.34 - - [25/Mar/2024:10:03:50 -0300] "GET /cormun/servlet/trsolicitudadjuntos?2024,21063, HTTP/1.1" 200 10600
190.171.153.34 - - [25/Mar/2024:10:04:02 -0300] "GET /cormun/servlet/trsolicitudot? HTTP/1.1" 200 9007
190.171.153.34 - - [25/Mar/2024:10:04:07 -0300] "POST /cormun/servlet/trsolicitudot?2062b7387c273b74f6bffbf495add142,,gx-no-cache=1711371663928 HTTP/1.1" 200 4886
190.171.153.34 - - [25/Mar/2024:10:04:07 -0300] "GET /cormun/static/Shared/jqueryui/images/ui-bg_highlight-soft_100_c6c2c8_1x100.png HTTP/1.1" 404 1117
190.171.153.34 - - [25/Mar/2024:10:04:07 -0300] "GET /cormun/static/Shared/jqueryui/images/ui-icons_82798d_256x240.png HTTP/1.1" 404 1089
190.171.153.34 - - [25/Mar/2024:10:04:07 -0300] "GET /cormun/static/Shared/jqueryui/images/ui-bg_flat_55_fafafa_40x100.png HTTP/1.1" 404 1097
190.171.153.34 - - [25/Mar/2024:10:04:07 -0300] "GET /cormun/static/Shared/jqueryui/images/ui-icons_8d78a5_256x240.png HTTP/1.1" 404 1089
190.171.153.34 - - [25/Mar/2024:10:04:07 -0300] "POST /cormun/servlet/trsolicitudot?2062b7387c273b74f6bffbf495add142,,gx-no-cache=1711371664026 HTTP/1.1" 200 4629
190.171.153.34 - - [25/Mar/2024:10:04:12 -0300] "GET /cormun/servlet/trsolicitudot? HTTP/1.1" 200 7568
190.171.153.34 - - [25/Mar/2024:10:04:16 -0300] "GET /cormun/servlet/trautorizarsolicitud? HTTP/1.1" 200 8895
190.171.153.34 - - [25/Mar/2024:10:04:21 -0300] "POST /cormun/servlet/trautorizarsolicitud?2062b7387c273b74f6bffbf495add142,,gx-no-cache=1711371677799 HTTP/1.1" 200 4803
190.171.153.34 - - [25/Mar/2024:10:04:21 -0300] "POST /cormun/servlet/trautorizarsolicitud?2062b7387c273b74f6bffbf495add142,,gx-no-cache=1711371677887 HTTP/1.1" 200 4544
181.212.47.136 - - [25/Mar/2024:10:04:44 -0300] "GET /cormun/servlet/hlogin HTTP/1.1" 200 1735
181.212.47.136 - - [25/Mar/2024:10:04:50 -0300] "POST /cormun/servlet/hlogin?6b813afc76a7ab365d7bcd117e45430b,gx-no-cache=1711371690151 HTTP/1.1" 200 90
181.212.47.136 - - [25/Mar/2024:10:04:50 -0300] "GET /cormun/servlet/hpexe_link HTTP/1.1" 200 949
181.212.47.136 - - [25/Mar/2024:10:04:50 -0300] "GET /cormun/servlet/hhome HTTP/1.1" 200 3820
190.171.153.34 - - [25/Mar/2024:10:05:10 -0300] "GET /cormun/servlet/trsolicitudot? HTTP/1.1" 200 7568
190.171.141.106 - - [25/Mar/2024:10:05:29 -0300] "GET /cormun/servlet/hlogin HTTP/1.1" 200 1716
190.171.153.34 - - [25/Mar/2024:10:05:30 -0300] "GET /cormun/servlet/solicitudot?INS,0,0,false, HTTP/1.1" 200 16327
190.171.141.106 - - [25/Mar/2024:10:05:33 -0300] "POST /cormun/servlet/hlogin?128aa252eabf4703334d8c2f78f4f5f1,gx-no-cache=1711371750688 HTTP/1.1" 200 90
190.171.141.106 - - [25/Mar/2024:10:05:33 -0300] "GET /cormun/servlet/hpexe_link HTTP/1.1" 200 953
190.171.141.106 - - [25/Mar/2024:10:05:33 -0300] "GET /cormun/servlet/trsolicitudot HTTP/1.1" 200 8889
190.171.153.34 - - [25/Mar/2024:10:05:52 -0300] "POST /cormun/servlet/solicitudot?gx-no-cache=1711371768756 HTTP/1.1" 200 4031
190.171.153.34 - - [25/Mar/2024:10:05:52 -0300] "POST /cormun/servlet/solicitudot?2062b7387c273b74f6bffbf495add142,INS,0,0,false,,gx-no-cache=1711371768886 HTTP/1.1" 200 12877
190.171.153.34 - - [25/Mar/2024:10:05:55 -0300] "GET /cormun/servlet/solicitudot?899da21c2b43c339e735b3898bff5d2c39eb2ec20f262db219a700ec36dc6817c64ba3cf04021aeda00a932e6494be28,gx-no-cache=1711371771893 HTTP/1.1" 200 30
181.212.47.136 - - [25/Mar/2024:10:05:58 -0300] "GET /cormun/servlet/trsolicitudgral? HTTP/1.1" 200 19435
181.212.47.136 - - [25/Mar/2024:10:06:09 -0300] "POST /cormun/servlet/trsolicitudgral?6b813afc76a7ab365d7bcd117e45430b,,gx-no-cache=1711371769762 HTTP/1.1" 200 6669
181.212.47.136 - - [25/Mar/2024:10:06:47 -0300] "POST /cormun/servlet/trsolicitudgral?6b813afc76a7ab365d7bcd117e45430b,,gx-no-cache=1711371807873 HTTP/1.1" 200 6669
181.212.47.136 - - [25/Mar/2024:10:07:05 -0300] "POST /cormun/servlet/trsolicitudgral?6b813afc76a7ab365d7bcd117e45430b,,gx-no-cache=1711371825245 HTTP/1.1" 200 5256
181.212.47.136 - - [25/Mar/2024:10:07:05 -0300] "POST /cormun/servlet/trsolicitudgral?6b813afc76a7ab365d7bcd117e45430b,,gx-no-cache=1711371825909 HTTP/1.1" 200 5255
181.212.47.136 - - [25/Mar/2024:10:07:05 -0300] "POST /cormun/servlet/trsolicitudgral?6b813afc76a7ab365d7bcd117e45430b,,gx-no-cache=1711371826108 HTTP/1.1" 200 5256
181.212.47.136 - - [25/Mar/2024:10:07:06 -0300] "POST /cormun/servlet/trsolicitudgral?6b813afc76a7ab365d7bcd117e45430b,,gx-no-cache=1711371826301 HTTP/1.1" 200 5255
190.171.153.34 - - [25/Mar/2024:10:08:12 -0300] "GET /cormun/servlet/prbanco?,MD,,gxPopupLevel%3D0%3B HTTP/1.1" 200 6691
190.171.153.34 - - [25/Mar/2024:10:08:20 -0300] "GET /cormun/servlet/solicitudot?899da21c2b43c339e735b3898bff5d2cbb15118a6e9047692e325fee9187d77fdcfbf9b6022eafcc8782b1a2614efdea378406da87e6388729bdd24dc3d901f0,gx-no-cache=1711371916470 HTTP/1.1" 200 30
190.171.153.34 - - [25/Mar/2024:10:08:22 -0300] "GET /cormun/servlet/solicitudot?899da21c2b43c339e735b3898bff5d2ce861e5eeee73c14be3b6405cf8767b7c,gx-no-cache=1711371918463 HTTP/1.1" 200 53
190.171.153.34 - - [25/Mar/2024:10:08:47 -0300] "POST /cormun/servlet/solicitudot?gx-no-cache=1711371944013 HTTP/1.1" 200 255
190.171.153.34 - - [25/Mar/2024:10:08:50 -0300] "GET /cormun/servlet/solicitudot?899da21c2b43c339e735b3898bff5d2cf62e0bfae6b494a2253732039e0b2781db13fd44f9c0fd9ccc1f8113eafa4a887331b155e65bfb4b61893974ebb0d9548691c2350f7304bcf598b00abab25ef5c0d7057bd9cb11233c5832ed7e62726582c7aa99640423b14bbd8aa1dbb97f1a1be71fecd2c53b0de8bcee2a63dd950930e07011b3311ac906b765d4298f12c28f568ff4bca6bbdc94642f6a549936e7afd47230efce0bdb59c3cc23745ff5ebcf54d6e4f2863a4e7c74fad36de66dd9650681e6be306c288fc8780354099b3b948d7bbc18befae3af54a51509396e7d75d53f5122ad8833efae2ee9249d8a418bb7b31516e43311ed3b1caa7cf88740cb3e73efd61b1cb563492e2af738b4e152c38b9d3c028e679f2c50063b0f6081179102d0583ab8e8fd84b27e990b20953703e8c50c48ff8cb5bc863d18d235049af3a512a340efbfc912a5519bd69320759d906cbfe954ae447b677e2e17759602348df979387e87dda5e7ab29a5b3da2c09b15465db4153bd909f7f30a4ad7a,gx-no-cache=1711371946414 HTTP/1.1" 200 30
190.171.153.34 - - [25/Mar/2024:10:08:53 -0300] "POST /cormun/servlet/solicitudot?gx-no-cache=1711371949613 HTTP/1.1" 200 30
190.171.153.34 - - [25/Mar/2024:10:09:01 -0300] "POST /cormun/servlet/solicitudot?gx-no-cache=1711371957571 HTTP/1.1" 200 1474
190.171.153.34 - - [25/Mar/2024:10:09:01 -0300] "POST /cormun/servlet/solicitudot?gx-no-cache=1711371957600 HTTP/1.1" 200 38
190.171.149.90 - - [25/Mar/2024:10:09:10 -0300] "GET /cormun/servlet/trsolicitudot? HTTP/1.1" 200 8448
190.171.149.90 - - [25/Mar/2024:10:09:16 -0300] "POST /cormun/servlet/trsolicitudot?bd489e56802f9e768162841a7b7e349a,,gx-no-cache=1711371972308 HTTP/1.1" 200 112
190.171.149.90 - - [25/Mar/2024:10:09:16 -0300] "GET /cormun/servlet/solicitudot?UPD,2024,21062,false, HTTP/1.1" 200 16502
190.171.149.90 - - [25/Mar/2024:10:09:17 -0300] "POST /cormun/servlet/solicitudot?gx-no-cache=1711371973254 HTTP/1.1" 200 4136
190.171.149.90 - - [25/Mar/2024:10:09:17 -0300] "POST /cormun/servlet/solicitudot?bd489e56802f9e768162841a7b7e349a,UPD,2024,21062,false,,gx-no-cache=1711371973376 HTTP/1.1" 200 12797
190.171.149.90 - - [25/Mar/2024:10:09:17 -0300] "GET /cormun/servlet/solicitudot?79e9fa58c814abd9157aee0487a566d9d6af90d9a6ae5a5047c79aa310497a5f0a94ad0ebe59275035faefd5e117ead2,gx-no-cache=1711371973486 HTTP/1.1" 200 30
190.171.149.90 - - [25/Mar/2024:10:09:17 -0300] "GET /cormun/servlet/solicitudot?79e9fa58c814abd9157aee0487a566d9d795abbb288a29c1f5e65b4fadd22608bd1569fcb8d633497db77b4c8f414048bf07ab422a698179d619a4a6c64cbc2713918feb44407147d64f2ebf2b7e399a,gx-no-cache=1711371973508 HTTP/1.1" 200 30
190.171.149.90 - - [25/Mar/2024:10:09:17 -0300] "GET /cormun/servlet/solicitudot?79e9fa58c814abd9157aee0487a566d9c45fbb36e4e269697ff45eae3a36f9517b7f1f0ee9f99f0c2e81fd3afddcb3d7,gx-no-cache=1711371973525 HTTP/1.1" 200 45
190.171.149.90 - - [25/Mar/2024:10:09:17 -0300] "POST /cormun/servlet/solicitudot?gx-no-cache=1711371973548 HTTP/1.1" 200 297
190.171.149.90 - - [25/Mar/2024:10:09:17 -0300] "GET /cormun/servlet/solicitudot?79e9fa58c814abd9157aee0487a566d9abf204dcfb3876e09de4e18584a2edb0b270fcea886018a8cc31eda15b15b6c57d9ff5e6f896b3ac164673efd9c72fa5862a9d8c84baecd10991b43ec95dcd07df23b339ab8f05a8cd0a9f14f85433dec15e46caf856bf1c4952e973943120afa85c5958e7a0c96d0ce6282bbf44cb6e27f0cb5e61b443fa949ddc09305e1eb3ccdf4e76cbb0bc12931f582e8eeb191ed50b7ce0b787acad62f9e41ff0c7e079a68e032eed7853759550ac974f29702b6b72368093067479ebdf68154e71fb9ee5a74be471aed6f85d6a341ba1a332a9164a696989ae3f29456e95c1485c22bee550a07e28ff0f00878039f1b62e8d17723cab21d9ffe1e7682db2da824b08d84d27d5642fb3663fc2b90a088dac286f575ac65f98de3b6d839f04208a330ff3062ff340d94b99de580a4378115c8663d10a15d9ff0e4b5268f84c48840520e8f3ba4d0ab5bdd270871e99569d3c8e0bddaf4a0b840ac40f19e42d3f8ca9d40915cab596c95936bdbf01642796041c2c3bc7fbbb4306005cdb6cab0eb624e071,gx-no-cache=1711371973573 HTTP/1.1" 200 30
190.171.149.90 - - [25/Mar/2024:10:09:17 -0300] "POST /cormun/servlet/solicitudot?gx-no-cache=1711371973592 HTTP/1.1" 200 30
190.171.149.90 - - [25/Mar/2024:10:09:17 -0300] "POST /cormun/servlet/solicitudot?gx-no-cache=1711371973622 HTTP/1.1" 200 1472
190.171.149.90 - - [25/Mar/2024:10:09:17 -0300] "POST /cormun/servlet/solicitudot?gx-no-cache=1711371973662 HTTP/1.1" 200 41
190.171.149.90 - - [25/Mar/2024:10:09:32 -0300] "POST /cormun/servlet/solicitudot?gx-no-cache=1711371989125 HTTP/1.1" 200 1472
190.171.149.90 - - [25/Mar/2024:10:09:32 -0300] "POST /cormun/servlet/solicitudot?gx-no-cache=1711371989160 HTTP/1.1" 200 41
190.171.149.90 - - [25/Mar/2024:10:09:32 -0300] "GET /cormun/servlet/solicitudot?79e9fa58c814abd9157aee0487a566d9bada8c8d97b69bbf587c6f8c481081a8ebb2938901e76bc1ce7250adbe366b6b42435ff7652a7b98dccca884b41f564569c5bca886b4ce6a0eec94504a9759b018b5b63f76fea465017f6298019ed4247802ada29918910ce0533e210759e111,gx-no-cache=1711371989184 HTTP/1.1" 200 110
190.171.149.90 - - [25/Mar/2024:10:09:32 -0300] "POST /cormun/servlet/solicitudot?gx-no-cache=1711371989211 HTTP/1.1" 200 109
190.171.149.90 - - [25/Mar/2024:10:09:32 -0300] "GET /cormun/servlet/solicitudot?79e9fa58c814abd9157aee0487a566d92a4f8303a93e1a5509d417516bcb7a64b33ff894b516e7cc4abe76bf867a38fad2d083127061eae65bf33eb591caba8337f24d0a4364f00309bf02205dfb3275cc99409d0fe76460099cef963f848f5a7b99509e3aa08c5e25a676bd1f72cc44,gx-no-cache=1711371989236 HTTP/1.1" 200 29
190.171.149.90 - - [25/Mar/2024:10:09:32 -0300] "GET /cormun/static/menuarrow.gif HTTP/1.1" 404 1015
209.141.55.133 - tomcat [25/Mar/2024:10:09:33 -0300] "GET /manager/html HTTP/1.1" 403 3196
209.141.55.133 - tomcat [25/Mar/2024:10:09:33 -0300] "GET /manager/html HTTP/1.1" 403 3196
190.171.149.90 - - [25/Mar/2024:10:09:44 -0300] "POST /cormun/servlet/solicitudot?gx-no-cache=1711372000358 HTTP/1.1" 200 1472
190.171.149.90 - - [25/Mar/2024:10:09:44 -0300] "POST /cormun/servlet/solicitudot?gx-no-cache=1711372000391 HTTP/1.1" 200 41
190.171.149.90 - - [25/Mar/2024:10:09:44 -0300] "GET /cormun/servlet/solicitudot?79e9fa58c814abd9157aee0487a566d9bada8c8d97b69bbf587c6f8c481081a8ebb2938901e76bc1ce7250adbe366b6b42435ff7652a7b98dccca884b41f564569c5bca886b4ce6a0eec94504a9759b018b5b63f76fea465017f6298019ed4247802ada29918910ce0533e210759e111,gx-no-cache=1711372000410 HTTP/1.1" 200 110
190.171.149.90 - - [25/Mar/2024:10:09:44 -0300] "POST /cormun/servlet/solicitudot?gx-no-cache=1711372000432 HTTP/1.1" 200 109
190.171.149.90 - - [25/Mar/2024:10:09:45 -0300] "GET /cormun/servlet/solicitudot?79e9fa58c814abd9157aee0487a566d9b1526ab1f7f8cfff1a550e9d01980723ef14dbac93972aa6354f212656713fbc,gx-no-cache=1711372002198 HTTP/1.1" 200 30
190.171.149.90 - - [25/Mar/2024:10:10:00 -0300] "POST /cormun/servlet/solicitudot?gx-no-cache=1711372016277 HTTP/1.1" 200 33
190.171.149.90 - - [25/Mar/2024:10:10:00 -0300] "POST /cormun/servlet/solicitudot?bd489e56802f9e768162841a7b7e349a,UPD,2024,21062,false,,gx-no-cache=1711372016407 HTTP/1.1" 200 93
190.171.149.90 - - [25/Mar/2024:10:10:00 -0300] "GET /cormun/servlet/hpexe_return? HTTP/1.1" 200 1006
190.171.149.90 - - [25/Mar/2024:10:10:00 -0300] "GET /cormun/servlet/trsolicitudot HTTP/1.1" 200 8444
190.171.153.34 - - [25/Mar/2024:10:11:11 -0300] "GET /cormun/servlet/solicitudot?899da21c2b43c339e735b3898bff5d2c65851b32ce96afca7c651efc1244bd56abddb061b20d4d9aea05e4b7f31e9b93e2a02a4b44b0f7900c73558179e666baf5c5f0c7aba7f211c562201d3427b3a2d15de257676b15d1696478642c92cdea46c7ee6f2cf24d032463a62d656e3c7b,gx-no-cache=1711372087285 HTTP/1.1" 200 110
190.171.153.34 - - [25/Mar/2024:10:11:11 -0300] "POST /cormun/servlet/solicitudot?gx-no-cache=1711372087318 HTTP/1.1" 200 110
190.171.153.34 - - [25/Mar/2024:10:11:20 -0300] "GET /cormun/servlet/solicitudot?899da21c2b43c339e735b3898bff5d2c32b22541f7b246f0a91e64e3b7c8f6ff09e6384af9a31acf8a67e1e5072936c05edbe419f7e7b0229b04e569f043155adbd4aefc55a06329c6993ee64a2f09ae3ee645300663834a26548ab206cdf1c10371f9e2d8142f7b179a69572b077a30,gx-no-cache=1711372096357 HTTP/1.1" 200 29
190.171.153.34 - - [25/Mar/2024:10:11:23 -0300] "GET /cormun/servlet/solicitudot?899da21c2b43c339e735b3898bff5d2cb7a89a9a991233ca2fa8cd03a167d471efac8bb33f3917ab08822ba3c7f088f1,gx-no-cache=1711372100180 HTTP/1.1" 200 30
181.212.47.137 - - [25/Mar/2024:10:11:28 -0300] "GET /cormun/servlet/trautorizarot? HTTP/1.1" 200 12600
181.212.47.137 - - [25/Mar/2024:10:11:31 -0300] "POST /cormun/servlet/trautorizarot?ad53d6505b92350c13e0768a12b2862e,,gx-no-cache=1711372091793 HTTP/1.1" 200 5368
181.212.47.137 - - [25/Mar/2024:10:11:33 -0300] "GET /cormun/servlet/trsolicitudgral? HTTP/1.1" 200 9735
190.171.149.90 - - [25/Mar/2024:10:11:34 -0300] "POST /cormun/servlet/trsolicitudot?bd489e56802f9e768162841a7b7e349a,gx-no-cache=1711372098977 HTTP/1.1" 200 4572
190.171.149.90 - - [25/Mar/2024:10:11:34 -0300] "GET /cormun/static/Shared/jqueryui/images/ui-icons_82798d_256x240.png HTTP/1.1" 404 1089
190.171.149.90 - - [25/Mar/2024:10:11:34 -0300] "GET /cormun/static/Shared/jqueryui/images/ui-bg_highlight-soft_100_c6c2c8_1x100.png HTTP/1.1" 404 1117
190.171.149.90 - - [25/Mar/2024:10:11:34 -0300] "GET /cormun/static/Shared/jqueryui/images/ui-bg_flat_55_fafafa_40x100.png HTTP/1.1" 404 1097
190.171.149.90 - - [25/Mar/2024:10:11:34 -0300] "GET /cormun/static/Shared/jqueryui/images/ui-icons_8d78a5_256x240.png HTTP/1.1" 404 1089
190.171.149.90 - - [25/Mar/2024:10:11:34 -0300] "POST /cormun/servlet/trsolicitudot?bd489e56802f9e768162841a7b7e349a,gx-no-cache=1711372110865 HTTP/1.1" 200 4327
190.171.153.34 - - [25/Mar/2024:10:11:35 -0300] "POST /cormun/servlet/solicitudot?gx-no-cache=1711372111445 HTTP/1.1" 200 30
190.171.153.34 - - [25/Mar/2024:10:11:35 -0300] "POST /cormun/servlet/solicitudot?2062b7387c273b74f6bffbf495add142,INS,0,0,false,,gx-no-cache=1711372111464 HTTP/1.1" 200 93
190.171.153.34 - - [25/Mar/2024:10:11:35 -0300] "GET /cormun/servlet/hpexe_return? HTTP/1.1" 200 1009
190.171.153.34 - - [25/Mar/2024:10:11:35 -0300] "GET /cormun/servlet/trsolicitudot HTTP/1.1" 200 8991
190.171.153.34 - - [25/Mar/2024:10:11:43 -0300] "POST /cormun/servlet/trsolicitudot?2062b7387c273b74f6bffbf495add142,gx-no-cache=1711372120177 HTTP/1.1" 200 107
190.171.153.34 - - [25/Mar/2024:10:11:43 -0300] "GET /cormun/servlet/trsolicitudadjuntos?2024,21064, HTTP/1.1" 200 6458
190.171.153.34 - - [25/Mar/2024:10:11:47 -0300] "GET /cormun/servlet/solicitudotadjuntos?INS,2024,21064,,1, HTTP/1.1" 200 6396
190.171.153.34 - - [25/Mar/2024:10:11:47 -0300] "GET /cormun/static/about:blank HTTP/1.1" 404 1011
190.171.153.34 - - [25/Mar/2024:10:11:47 -0300] "GET /cormun/servlet/solicitudotadjuntos?899da21c2b43c339e735b3898bff5d2c4489bb3e2af212bdecef8c2d60a95eb1a41e8794f71ff3bd785d41fe621a3d9c,gx-no-cache=1711372124050 HTTP/1.1" 200 30
190.171.153.34 - - [25/Mar/2024:10:11:48 -0300] "POST /cormun/servlet/solicitudotadjuntos?2062b7387c273b74f6bffbf495add142,INS,2024,21064,,1,,gx-no-cache=1711372124092 HTTP/1.1" 200 4185
190.171.153.34 - - [25/Mar/2024:10:11:53 -0300] "POST /cormun/servlet/solicitudotadjuntos?gx-no-cache=1711372129376 HTTP/1.1" 200 26
190.171.149.90 - - [25/Mar/2024:10:11:58 -0300] "GET /cormun/servlet/solicitudot?INS,0,0,false, HTTP/1.1" 200 15806
190.171.153.34 - - [25/Mar/2024:10:12:08 -0300] "GET /cormun/servlet/solicitudotadjuntos?899da21c2b43c339e735b3898bff5d2c036a79c3495ddc77d823b9f89b03beec,gx-no-cache=1711372145117 HTTP/1.1" 200 30
190.171.153.34 - - [25/Mar/2024:10:12:08 -0300] "GET /cormun/servlet/solicitudotadjuntos?899da21c2b43c339e735b3898bff5d2c036a79c3495ddc77d823b9f89b03beec,gx-no-cache=1711372145128 HTTP/1.1" 200 30
190.171.153.34 - - [25/Mar/2024:10:12:08 -0300] "POST /cormun/servlet/solicitudotadjuntos?2062b7387c273b74f6bffbf495add142,INS,2024,21064,,1, HTTP/1.1" 200 116
190.171.153.34 - - [25/Mar/2024:10:12:08 -0300] "GET /cormun/servlet/hpexe_return? HTTP/1.1" 200 1027
190.171.153.34 - - [25/Mar/2024:10:12:09 -0300] "GET /cormun/servlet/trsolicitudadjuntos?2024,21064, HTTP/1.1" 200 9420
181.212.47.137 - - [25/Mar/2024:10:12:12 -0300] "POST /cormun/servlet/trsolicitudgral?ad53d6505b92350c13e0768a12b2862e,,gx-no-cache=1711372130643 HTTP/1.1" 200 25652
181.212.47.137 - - [25/Mar/2024:10:12:25 -0300] "POST /cormun/servlet/trsolicitudgral?ad53d6505b92350c13e0768a12b2862e,,gx-no-cache=1711372145253 HTTP/1.1" 200 16377
190.171.153.34 - - [25/Mar/2024:10:12:30 -0300] "GET /cormun/servlet/solicitudotadjuntos?INS,2024,21064,,1, HTTP/1.1" 200 6396
190.171.153.34 - - [25/Mar/2024:10:12:30 -0300] "GET /cormun/static/about:blank HTTP/1.1" 404 1011
190.171.153.34 - - [25/Mar/2024:10:12:30 -0300] "GET /cormun/servlet/solicitudotadjuntos?899da21c2b43c339e735b3898bff5d2c4489bb3e2af212bdecef8c2d60a95eb1a41e8794f71ff3bd785d41fe621a3d9c,gx-no-cache=1711372167114 HTTP/1.1" 200 30
190.171.153.34 - - [25/Mar/2024:10:12:30 -0300] "POST /cormun/servlet/solicitudotadjuntos?2062b7387c273b74f6bffbf495add142,INS,2024,21064,,1,,gx-no-cache=1711372167127 HTTP/1.1" 200 4185
190.171.153.34 - - [25/Mar/2024:10:12:33 -0300] "POST /cormun/servlet/solicitudotadjuntos?gx-no-cache=1711372170181 HTTP/1.1" 200 26
190.171.153.34 - - [25/Mar/2024:10:12:42 -0300] "GET /cormun/servlet/solicitudotadjuntos?899da21c2b43c339e735b3898bff5d2c036a79c3495ddc77d823b9f89b03beec,gx-no-cache=1711372179189 HTTP/1.1" 200 30
190.171.153.34 - - [25/Mar/2024:10:12:42 -0300] "GET /cormun/servlet/solicitudotadjuntos?899da21c2b43c339e735b3898bff5d2c036a79c3495ddc77d823b9f89b03beec,gx-no-cache=1711372179200 HTTP/1.1" 200 30
190.171.153.34 - - [25/Mar/2024:10:12:43 -0300] "POST /cormun/servlet/solicitudotadjuntos?2062b7387c273b74f6bffbf495add142,INS,2024,21064,,1, HTTP/1.1" 200 116
190.171.153.34 - - [25/Mar/2024:10:12:43 -0300] "GET /cormun/servlet/hpexe_return? HTTP/1.1" 200 1027
190.171.153.34 - - [25/Mar/2024:10:12:43 -0300] "GET /cormun/servlet/trsolicitudadjuntos?2024,21064, HTTP/1.1" 200 9669
190.171.149.90 - - [25/Mar/2024:10:12:45 -0300] "POST /cormun/servlet/solicitudot?gx-no-cache=1711372180271 HTTP/1.1" 200 4158
190.171.149.90 - - [25/Mar/2024:10:12:45 -0300] "POST /cormun/servlet/solicitudot?bd489e56802f9e768162841a7b7e349a,INS,0,0,false,,gx-no-cache=1711372181719 HTTP/1.1" 200 12745
190.171.153.34 - - [25/Mar/2024:10:12:48 -0300] "GET /cormun/servlet/solicitudotadjuntos?INS,2024,21064,,1, HTTP/1.1" 200 6396
190.171.153.34 - - [25/Mar/2024:10:12:48 -0300] "GET /cormun/static/about:blank HTTP/1.1" 404 1011
190.171.153.34 - - [25/Mar/2024:10:12:48 -0300] "GET /cormun/servlet/solicitudotadjuntos?899da21c2b43c339e735b3898bff5d2c4489bb3e2af212bdecef8c2d60a95eb1a41e8794f71ff3bd785d41fe621a3d9c,gx-no-cache=1711372185067 HTTP/1.1" 200 30
190.171.153.34 - - [25/Mar/2024:10:12:48 -0300] "POST /cormun/servlet/solicitudotadjuntos?2062b7387c273b74f6bffbf495add142,INS,2024,21064,,1,,gx-no-cache=1711372185081 HTTP/1.1" 200 4185
190.171.153.34 - - [25/Mar/2024:10:12:51 -0300] "POST /cormun/servlet/solicitudotadjuntos?gx-no-cache=1711372187558 HTTP/1.1" 200 26
190.171.153.34 - - [25/Mar/2024:10:12:56 -0300] "GET /cormun/servlet/solicitudotadjuntos?899da21c2b43c339e735b3898bff5d2c036a79c3495ddc77d823b9f89b03beec,gx-no-cache=1711372192965 HTTP/1.1" 200 30
190.171.153.34 - - [25/Mar/2024:10:12:56 -0300] "GET /cormun/servlet/solicitudotadjuntos?899da21c2b43c339e735b3898bff5d2c036a79c3495ddc77d823b9f89b03beec,gx-no-cache=1711372192976 HTTP/1.1" 200 30
190.171.153.34 - - [25/Mar/2024:10:12:56 -0300] "POST /cormun/servlet/solicitudotadjuntos?2062b7387c273b74f6bffbf495add142,INS,2024,21064,,1, HTTP/1.1" 200 116
190.171.153.34 - - [25/Mar/2024:10:12:56 -0300] "GET /cormun/servlet/hpexe_return? HTTP/1.1" 200 1027
190.171.153.34 - - [25/Mar/2024:10:12:56 -0300] "GET /cormun/servlet/trsolicitudadjuntos?2024,21064, HTTP/1.1" 200 9924
190.171.153.34 - - [25/Mar/2024:10:12:59 -0300] "GET /cormun/servlet/solicitudotadjuntos?INS,2024,21064,,1, HTTP/1.1" 200 6396
190.171.153.34 - - [25/Mar/2024:10:13:00 -0300] "GET /cormun/static/about:blank HTTP/1.1" 404 1011
190.171.153.34 - - [25/Mar/2024:10:13:00 -0300] "GET /cormun/servlet/solicitudotadjuntos?899da21c2b43c339e735b3898bff5d2c4489bb3e2af212bdecef8c2d60a95eb1a41e8794f71ff3bd785d41fe621a3d9c,gx-no-cache=1711372196838 HTTP/1.1" 200 30
190.171.153.34 - - [25/Mar/2024:10:13:00 -0300] "POST /cormun/servlet/solicitudotadjuntos?2062b7387c273b74f6bffbf495add142,INS,2024,21064,,1,,gx-no-cache=1711372196852 HTTP/1.1" 200 4185
181.212.47.137 - - [25/Mar/2024:10:13:02 -0300] "GET /cormun/servlet/vesolicitudgral?2024,21063,, HTTP/1.1" 200 8402
181.212.47.137 - - [25/Mar/2024:10:13:02 -0300] "GET /cormun/pexe_scrolldiv.js HTTP/1.1" 404 1009
190.171.153.34 - - [25/Mar/2024:10:13:04 -0300] "POST /cormun/servlet/solicitudotadjuntos?gx-no-cache=1711372200285 HTTP/1.1" 200 26
181.212.47.137 - - [25/Mar/2024:10:13:04 -0300] "POST /cormun/servlet/vesolicitudgral?ad53d6505b92350c13e0768a12b2862e,2024,21063,,,gx-no-cache=1711372184395 HTTP/1.1" 200 116
181.212.47.137 - - [25/Mar/2024:10:13:04 -0300] "GET /cormun/servlet/solicitudotlog?INS,2024,21063,0,REC, HTTP/1.1" 200 5657
181.212.47.137 - - [25/Mar/2024:10:13:04 -0300] "GET /cormun/servlet/solicitudotlog?382258310853aafab34f6ff544f7b2700f350676f429baffd28886b65090277d7b7fa802b05371321013c8c578b30d1f29e6bcbfc8d1f9b8344b2c21d33bd0ecffdb189a879427510dbb0b1a7258c83dbbefecc9f29cfc3e5913b88223e843dfc473254b21a491110fd9eebd383484b42d1aef0fdeb7ba94e4a090f04e8b0d04718e230ebcda236530a958cb6c7fe693abcafd434b8fa3f54658f336139edd9e,gx-no-cache=1711372185119 HTTP/1.1" 200 94
190.171.153.34 - - [25/Mar/2024:10:13:10 -0300] "GET /cormun/servlet/solicitudotadjuntos?899da21c2b43c339e735b3898bff5d2c036a79c3495ddc77d823b9f89b03beec,gx-no-cache=1711372206829 HTTP/1.1" 200 30
190.171.153.34 - - [25/Mar/2024:10:13:10 -0300] "GET /cormun/servlet/solicitudotadjuntos?899da21c2b43c339e735b3898bff5d2c036a79c3495ddc77d823b9f89b03beec,gx-no-cache=1711372206863 HTTP/1.1" 200 30
190.171.153.34 - - [25/Mar/2024:10:13:10 -0300] "POST /cormun/servlet/solicitudotadjuntos?2062b7387c273b74f6bffbf495add142,INS,2024,21064,,1, HTTP/1.1" 200 116
190.171.153.34 - - [25/Mar/2024:10:13:10 -0300] "GET /cormun/servlet/hpexe_return? HTTP/1.1" 200 1027
190.171.153.34 - - [25/Mar/2024:10:13:10 -0300] "GET /cormun/servlet/trsolicitudadjuntos?2024,21064, HTTP/1.1" 200 10153
190.171.153.34 - - [25/Mar/2024:10:13:13 -0300] "GET /cormun/servlet/solicitudotadjuntos?INS,2024,21064,,1, HTTP/1.1" 200 6396
190.171.153.34 - - [25/Mar/2024:10:13:13 -0300] "GET /cormun/static/about:blank HTTP/1.1" 404 1011
190.171.153.34 - - [25/Mar/2024:10:13:13 -0300] "GET /cormun/servlet/solicitudotadjuntos?899da21c2b43c339e735b3898bff5d2c4489bb3e2af212bdecef8c2d60a95eb1a41e8794f71ff3bd785d41fe621a3d9c,gx-no-cache=1711372210207 HTTP/1.1" 200 30
190.171.153.34 - - [25/Mar/2024:10:13:13 -0300] "POST /cormun/servlet/solicitudotadjuntos?2062b7387c273b74f6bffbf495add142,INS,2024,21064,,1,,gx-no-cache=1711372210221 HTTP/1.1" 200 4185
190.171.153.34 - - [25/Mar/2024:10:13:17 -0300] "POST /cormun/servlet/solicitudotadjuntos?gx-no-cache=1711372213589 HTTP/1.1" 200 26
181.212.47.137 - - [25/Mar/2024:10:13:17 -0300] "POST /cormun/servlet/solicitudotlog?ad53d6505b92350c13e0768a12b2862e,INS,2024,21063,0,REC,,gx-no-cache=1711372197648 HTTP/1.1" 200 93
181.212.47.137 - - [25/Mar/2024:10:13:17 -0300] "GET /cormun/servlet/hpexe_return? HTTP/1.1" 200 1029
181.212.47.137 - - [25/Mar/2024:10:13:17 -0300] "GET /cormun/servlet/vesolicitudgral?2024,21063,, HTTP/1.1" 200 8417
181.212.47.137 - - [25/Mar/2024:10:13:17 -0300] "GET /cormun/pexe_scrolldiv.js HTTP/1.1" 404 1009
181.212.47.137 - - [25/Mar/2024:10:13:20 -0300] "GET /cormun/servlet/trsolicitudgral? HTTP/1.1" 200 18983
190.171.153.34 - - [25/Mar/2024:10:13:22 -0300] "GET /cormun/servlet/solicitudotadjuntos?899da21c2b43c339e735b3898bff5d2c036a79c3495ddc77d823b9f89b03beec,gx-no-cache=1711372219124 HTTP/1.1" 200 30
190.171.153.34 - - [25/Mar/2024:10:13:22 -0300] "GET /cormun/servlet/solicitudotadjuntos?899da21c2b43c339e735b3898bff5d2c036a79c3495ddc77d823b9f89b03beec,gx-no-cache=1711372219134 HTTP/1.1" 200 30
190.171.153.34 - - [25/Mar/2024:10:13:22 -0300] "POST /cormun/servlet/solicitudotadjuntos?2062b7387c273b74f6bffbf495add142,INS,2024,21064,,1, HTTP/1.1" 200 116
190.171.153.34 - - [25/Mar/2024:10:13:23 -0300] "GET /cormun/servlet/hpexe_return? HTTP/1.1" 200 1027
190.171.153.34 - - [25/Mar/2024:10:13:23 -0300] "GET /cormun/servlet/trsolicitudadjuntos?2024,21064, HTTP/1.1" 200 10446
190.171.153.34 - - [25/Mar/2024:10:13:25 -0300] "GET /cormun/servlet/solicitudotadjuntos?INS,2024,21064,,1, HTTP/1.1" 200 6396
190.171.153.34 - - [25/Mar/2024:10:13:25 -0300] "GET /cormun/static/about:blank HTTP/1.1" 404 1011
190.171.153.34 - - [25/Mar/2024:10:13:26 -0300] "GET /cormun/servlet/solicitudotadjuntos?899da21c2b43c339e735b3898bff5d2c4489bb3e2af212bdecef8c2d60a95eb1a41e8794f71ff3bd785d41fe621a3d9c,gx-no-cache=1711372222571 HTTP/1.1" 200 30
190.171.153.34 - - [25/Mar/2024:10:13:26 -0300] "POST /cormun/servlet/solicitudotadjuntos?2062b7387c273b74f6bffbf495add142,INS,2024,21064,,1,,gx-no-cache=1711372222585 HTTP/1.1" 200 4185
190.171.153.34 - - [25/Mar/2024:10:13:29 -0300] "POST /cormun/servlet/solicitudotadjuntos?gx-no-cache=1711372225301 HTTP/1.1" 200 26
190.171.153.34 - - [25/Mar/2024:10:13:34 -0300] "GET /cormun/servlet/solicitudotadjuntos?899da21c2b43c339e735b3898bff5d2c036a79c3495ddc77d823b9f89b03beec,gx-no-cache=1711372230757 HTTP/1.1" 200 30
190.171.153.34 - - [25/Mar/2024:10:13:34 -0300] "GET /cormun/servlet/solicitudotadjuntos?899da21c2b43c339e735b3898bff5d2c036a79c3495ddc77d823b9f89b03beec,gx-no-cache=1711372230767 HTTP/1.1" 200 30
190.171.153.34 - - [25/Mar/2024:10:13:34 -0300] "POST /cormun/servlet/solicitudotadjuntos?2062b7387c273b74f6bffbf495add142,INS,2024,21064,,1, HTTP/1.1" 200 116
190.171.153.34 - - [25/Mar/2024:10:13:34 -0300] "GET /cormun/servlet/hpexe_return? HTTP/1.1" 200 1027
190.171.153.34 - - [25/Mar/2024:10:13:35 -0300] "GET /cormun/servlet/trsolicitudadjuntos?2024,21064, HTTP/1.1" 200 10593
181.212.47.137 - - [25/Mar/2024:10:13:38 -0300] "GET /cormun/servlet/trsolicitudgral? HTTP/1.1" 200 18980
181.212.47.137 - - [25/Mar/2024:10:13:43 -0300] "POST /cormun/servlet/trsolicitudgral?ad53d6505b92350c13e0768a12b2862e,,gx-no-cache=1711372223140 HTTP/1.1" 200 9668
190.171.153.34 - - [25/Mar/2024:10:13:54 -0300] "GET /cormun/servlet/trsolicitudot? HTTP/1.1" 200 9407
190.171.153.34 - - [25/Mar/2024:10:14:06 -0300] "POST /cormun/servlet/trsolicitudot?2062b7387c273b74f6bffbf495add142,,gx-no-cache=1711372263056 HTTP/1.1" 200 6125
190.171.153.34 - - [25/Mar/2024:10:14:06 -0300] "GET /cormun/static/Shared/jqueryui/images/ui-bg_highlight-soft_100_c6c2c8_1x100.png HTTP/1.1" 404 1117
190.171.153.34 - - [25/Mar/2024:10:14:06 -0300] "GET /cormun/static/Shared/jqueryui/images/ui-icons_82798d_256x240.png HTTP/1.1" 404 1089
190.171.153.34 - - [25/Mar/2024:10:14:06 -0300] "GET /cormun/static/Shared/jqueryui/images/ui-bg_flat_55_fafafa_40x100.png HTTP/1.1" 404 1097
190.171.153.34 - - [25/Mar/2024:10:14:06 -0300] "GET /cormun/static/Shared/jqueryui/images/ui-icons_8d78a5_256x240.png HTTP/1.1" 404 1089
190.171.153.34 - - [25/Mar/2024:10:14:06 -0300] "POST /cormun/servlet/trsolicitudot?2062b7387c273b74f6bffbf495add142,,gx-no-cache=1711372263169 HTTP/1.1" 200 6070
190.171.153.34 - - [25/Mar/2024:10:14:10 -0300] "POST /cormun/servlet/trsolicitudot?2062b7387c273b74f6bffbf495add142,,gx-no-cache=1711372266542 HTTP/1.1" 200 4887
190.171.153.34 - - [25/Mar/2024:10:14:10 -0300] "POST /cormun/servlet/trsolicitudot?2062b7387c273b74f6bffbf495add142,,gx-no-cache=1711372266663 HTTP/1.1" 200 4628
190.171.153.34 - - [25/Mar/2024:10:14:13 -0300] "GET /cormun/servlet/trautorizarsolicitud? HTTP/1.1" 200 9292
190.171.153.34 - - [25/Mar/2024:10:14:16 -0300] "POST /cormun/servlet/trautorizarsolicitud?2062b7387c273b74f6bffbf495add142,,gx-no-cache=1711372272488 HTTP/1.1" 200 6041
190.171.153.34 - - [25/Mar/2024:10:14:16 -0300] "POST /cormun/servlet/trautorizarsolicitud?2062b7387c273b74f6bffbf495add142,,gx-no-cache=1711372272610 HTTP/1.1" 200 5987
190.171.153.34 - - [25/Mar/2024:10:14:17 -0300] "POST /cormun/servlet/trautorizarsolicitud?2062b7387c273b74f6bffbf495add142,,gx-no-cache=1711372273989 HTTP/1.1" 200 4803
190.171.153.34 - - [25/Mar/2024:10:14:17 -0300] "POST /cormun/servlet/trautorizarsolicitud?2062b7387c273b74f6bffbf495add142,,gx-no-cache=1711372274081 HTTP/1.1" 200 4544
190.171.153.34 - - [25/Mar/2024:10:14:36 -0300] "GET /cormun/servlet/hlogin HTTP/1.1" 200 1720
190.171.141.114 - - [25/Mar/2024:10:15:48 -0300] "GET /cormun/servlet/hhome HTTP/1.1" 200 3324
190.171.141.114 - - [25/Mar/2024:10:15:49 -0300] "GET /cormun/servlet/hlogin HTTP/1.1" 200 1736
190.171.141.114 - - [25/Mar/2024:10:15:56 -0300] "POST /cormun/servlet/hlogin?405da42a43938086cf36f6d2bfc3c677,gx-no-cache=1711372373732 HTTP/1.1" 200 90
190.171.141.114 - - [25/Mar/2024:10:15:56 -0300] "GET /cormun/servlet/hpexe_link HTTP/1.1" 200 954
190.171.141.114 - - [25/Mar/2024:10:15:56 -0300] "GET /cormun/servlet/hhome HTTP/1.1" 200 4004
190.171.141.114 - - [25/Mar/2024:10:16:00 -0300] "GET /cormun/servlet/trpermisosgoce? HTTP/1.1" 200 9783
190.171.141.114 - - [25/Mar/2024:10:16:04 -0300] "GET /cormun/servlet/trpermisosadjuntos?13225459,20240322085350,P, HTTP/1.1" 200 6327
190.171.141.114 - - [25/Mar/2024:10:16:11 -0300] "GET /cormun/servlet/permisosadjuntos?INS,13225459,P,20240322085350,, HTTP/1.1" 200 5645
190.171.141.114 - - [25/Mar/2024:10:16:11 -0300] "GET /cormun/static/about:blank HTTP/1.1" 404 1011
209.141.55.133 - - [25/Mar/2024:10:16:34 -0300] "GET /manager/html HTTP/1.1" 401 2474
209.141.55.133 - - [25/Mar/2024:10:16:34 -0300] "GET /manager/html HTTP/1.1" 401 2474
190.171.149.90 - - [25/Mar/2024:10:16:39 -0300] "GET /cormun/servlet/solicitudot?79e9fa58c814abd9157aee0487a566d9c40cdaa376e41f67e65a0084197196c3807117789c2064b1d1a7da9c65b03b77,gx-no-cache=1711372416291 HTTP/1.1" 200 30
190.171.149.90 - - [25/Mar/2024:10:16:40 -0300] "GET /cormun/servlet/solicitudot?79e9fa58c814abd9157aee0487a566d917216843a545a205ca43dc3ae8f93719c42de051e6416863fc62ed41ba07bf05bbf3e8ea30d42b36ce9750cd7cefb86b,gx-no-cache=1711372416330 HTTP/1.1" 200 30
190.171.149.90 - - [25/Mar/2024:10:16:40 -0300] "GET /cormun/servlet/solicitudot?79e9fa58c814abd9157aee0487a566d9a884eb67865fad16d7324f17e10ef04f,gx-no-cache=1711372416351 HTTP/1.1" 200 51
190.171.149.90 - - [25/Mar/2024:10:16:40 -0300] "POST /cormun/servlet/solicitudot?gx-no-cache=1711372416381 HTTP/1.1" 200 297
190.171.149.90 - - [25/Mar/2024:10:16:40 -0300] "GET /cormun/servlet/solicitudot?79e9fa58c814abd9157aee0487a566d9abf204dcfb3876e09de4e18584a2edb0b270fcea886018a8cc31eda15b15b6c57d9ff5e6f896b3ac164673efd9c72fa5862a9d8c84baecd10991b43ec95dcd07df23b339ab8f05a8cd0a9f14f85433dec15e46caf856bf1c4952e973943120afa85c5958e7a0c96d0ce6282bbf44cb6e27f0cb5e61b443fa949ddc09305e1eb3ccdf4e76cbb0bc12931f582e8eeb191ed50b7ce0b787acad62f9e41ff0c7e079a68e032eed7853759550ac974f29702b6b72368093067479ebdf68154e71fb9ee5a74be471aed6f85d6a341ba1a332a9164a696989ae3f29456e95c1485c22bee550a07e28ff0f00878039f1b62e8d17723cab21d9ffe1e7682db2da824b08d84d27d5642fb3663fc2b90a088dac286f575ac65f98de3b6d839f04208a330ff3062ff340d94b99de580a4378115c8663d10a15d9ff0e4b5268f84c48840520e8f3ba4d0ab5bdd270871e99569d3c8e0bddaf4a0b840ac40f19e42d3f8ca9d4095c1e419588f052858b68915ed7d446d63bc7fbbb4306005cdb6cab0eb624e071,gx-no-cache=1711372416418 HTTP/1.1" 200 30
190.171.149.90 - - [25/Mar/2024:10:16:40 -0300] "POST /cormun/servlet/solicitudot?gx-no-cache=1711372416441 HTTP/1.1" 200 30
190.171.149.90 - - [25/Mar/2024:10:16:40 -0300] "POST /cormun/servlet/solicitudot?gx-no-cache=1711372416481 HTTP/1.1" 200 1473
190.171.149.90 - - [25/Mar/2024:10:16:40 -0300] "POST /cormun/servlet/solicitudot?gx-no-cache=1711372416518 HTTP/1.1" 200 38
190.171.149.90 - - [25/Mar/2024:10:16:40 -0300] "GET /cormun/servlet/solicitudot?79e9fa58c814abd9157aee0487a566d9bada8c8d97b69bbf587c6f8c481081a8ebb2938901e76bc1ce7250adbe366b6b42435ff7652a7b98dccca884b41f564569c5bca886b4ce6a0eec94504a9759b018b5b63f76fea465017f6298019ed4247802ada29918910ce0533e210759e111,gx-no-cache=1711372416538 HTTP/1.1" 200 110
190.171.149.90 - - [25/Mar/2024:10:16:40 -0300] "POST /cormun/servlet/solicitudot?gx-no-cache=1711372416572 HTTP/1.1" 200 97
190.171.141.114 - - [25/Mar/2024:10:16:40 -0300] "POST /cormun/servlet/permisosadjuntos?405da42a43938086cf36f6d2bfc3c677,INS,13225459,P,20240322085350,, HTTP/1.1" 200 116
190.171.141.114 - - [25/Mar/2024:10:16:40 -0300] "GET /cormun/servlet/hpexe_return? HTTP/1.1" 200 1040
190.171.141.114 - - [25/Mar/2024:10:16:40 -0300] "GET /cormun/servlet/trpermisosadjuntos?13225459,20240322085350,P, HTTP/1.1" 200 6803
190.171.141.114 - - [25/Mar/2024:10:16:44 -0300] "POST /cormun/servlet/trpermisosadjuntos?405da42a43938086cf36f6d2bfc3c677,13225459,20240322085350,P,,gx-no-cache=1711372421304 HTTP/1.1" 200 90
190.171.141.114 - - [25/Mar/2024:10:16:44 -0300] "GET /cormun/servlet/hpexe_link HTTP/1.1" 200 985
190.171.141.114 - - [25/Mar/2024:10:16:44 -0300] "GET /cormun/servlet/trpermisosgoce HTTP/1.1" 200 9783
190.171.153.34 - - [25/Mar/2024:10:16:46 -0300] "POST /cormun/servlet/hlogin?2062b7387c273b74f6bffbf495add142,gx-no-cache=1711372423214 HTTP/1.1" 200 431
190.171.141.114 - - [25/Mar/2024:10:16:47 -0300] "POST /cormun/servlet/trpermisosgoce?405da42a43938086cf36f6d2bfc3c677,gx-no-cache=1711372424873 HTTP/1.1" 200 7009
190.171.141.114 - - [25/Mar/2024:10:16:48 -0300] "GET /cormun/static/Shared/jqueryui/images/ui-bg_highlight-soft_100_c6c2c8_1x100.png HTTP/1.1" 404 1117
190.171.141.114 - - [25/Mar/2024:10:16:48 -0300] "GET /cormun/static/Shared/jqueryui/images/ui-icons_82798d_256x240.png HTTP/1.1" 404 1089
190.171.141.114 - - [25/Mar/2024:10:16:48 -0300] "GET /cormun/static/Shared/jqueryui/images/ui-bg_flat_55_fafafa_40x100.png HTTP/1.1" 404 1097
190.171.141.114 - - [25/Mar/2024:10:16:48 -0300] "GET /cormun/static/Shared/jqueryui/images/ui-icons_8d78a5_256x240.png HTTP/1.1" 404 1089
190.171.141.114 - - [25/Mar/2024:10:16:56 -0300] "POST /cormun/servlet/trpermisosgoce?405da42a43938086cf36f6d2bfc3c677,gx-no-cache=1711372433287 HTTP/1.1" 200 6734
190.171.141.114 - - [25/Mar/2024:10:16:56 -0300] "POST /cormun/servlet/trpermisosgoce?405da42a43938086cf36f6d2bfc3c677,gx-no-cache=1711372433523 HTTP/1.1" 200 6714
190.171.149.90 - - [25/Mar/2024:10:16:59 -0300] "GET /cormun/servlet/solicitudot?79e9fa58c814abd9157aee0487a566d912cfbe7c353eed0e69f92da78a120a5b1e9951b3d65f6a050f6e5b2779b5bb65debd8be96a1592d066257e165bdc31ad788134c120bd95d215350f59a2a407d9d9c8bdbb2165790f47db196b5d584b3603e8bebbcd76208c074c2f9db416c92a,gx-no-cache=1711372435526 HTTP/1.1" 200 29
190.171.149.90 - - [25/Mar/2024:10:16:59 -0300] "GET /cormun/static/menuarrow.gif HTTP/1.1" 404 1015
190.171.141.114 - - [25/Mar/2024:10:16:59 -0300] "GET /cormun/servlet/hlogin HTTP/1.1" 200 1742
190.171.149.90 - - [25/Mar/2024:10:17:02 -0300] "GET /cormun/servlet/solicitudot?79e9fa58c814abd9157aee0487a566d9b1526ab1f7f8cfff1a550e9d01980723ef14dbac93972aa6354f212656713fbc,gx-no-cache=1711372438661 HTTP/1.1" 200 30
190.171.141.114 - - [25/Mar/2024:10:17:05 -0300] "POST /cormun/servlet/hlogin?405da42a43938086cf36f6d2bfc3c677,gx-no-cache=1711372443006 HTTP/1.1" 200 90
190.171.141.114 - - [25/Mar/2024:10:17:05 -0300] "GET /cormun/servlet/hpexe_link HTTP/1.1" 200 954
190.171.141.114 - - [25/Mar/2024:10:17:05 -0300] "GET /cormun/servlet/hhome HTTP/1.1" 200 4311
181.212.47.137 - - [25/Mar/2024:10:17:07 -0300] "GET /cormun/servlet/vesolicitudgral?2024,21054,, HTTP/1.1" 200 8418
181.212.47.137 - - [25/Mar/2024:10:17:07 -0300] "GET /cormun/pexe_scrolldiv.js HTTP/1.1" 404 1009
181.212.47.137 - - [25/Mar/2024:10:17:09 -0300] "GET /cormun/servlet/vesolicitudgral?2024,21054,,SolicitudOTAdjuntos HTTP/1.1" 200 11222
181.212.47.137 - - [25/Mar/2024:10:17:09 -0300] "GET /cormun/pexe_scrolldiv.js HTTP/1.1" 404 1009
181.212.47.137 - - [25/Mar/2024:10:17:10 -0300] "POST /cormun/servlet/acontrolpreferencessavestate?None,RRHH+DANIELA,true HTTP/1.1" 200 35
181.212.47.137 - - [25/Mar/2024:10:17:11 -0300] "GET /cormun/servlet/vesolicitudgral?2024,21054,,General HTTP/1.1" 200 8422
181.212.47.137 - - [25/Mar/2024:10:17:11 -0300] "GET /cormun/pexe_scrolldiv.js HTTP/1.1" 404 1009
190.171.149.90 - - [25/Mar/2024:10:17:11 -0300] "POST /cormun/servlet/solicitudot?gx-no-cache=1711372447510 HTTP/1.1" 200 30
190.171.141.114 - - [25/Mar/2024:10:17:13 -0300] "GET /cormun/servlet/trautorizarpermisogoce? HTTP/1.1" 200 9658
190.171.141.114 - - [25/Mar/2024:10:17:13 -0300] "GET /cormun/static/gxcfg.js?2020121645532 HTTP/1.1" 200 953
190.171.141.114 - - [25/Mar/2024:10:17:13 -0300] "GET /cormun/static/trautorizarpermisogoce.js?2020121651492 HTTP/1.1" 200 34948
190.171.141.114 - - [25/Mar/2024:10:17:18 -0300] "POST /cormun/servlet/trautorizarpermisogoce?405da42a43938086cf36f6d2bfc3c677,,gx-no-cache=1711372454977 HTTP/1.1" 200 6716
190.171.141.114 - - [25/Mar/2024:10:17:19 -0300] "POST /cormun/servlet/trautorizarpermisogoce?405da42a43938086cf36f6d2bfc3c677,,gx-no-cache=1711372456280 HTTP/1.1" 200 6499
190.171.141.114 - - [25/Mar/2024:10:17:20 -0300] "POST /cormun/servlet/trautorizarpermisogoce?405da42a43938086cf36f6d2bfc3c677,,gx-no-cache=1711372457064 HTTP/1.1" 200 6321
190.171.141.114 - - [25/Mar/2024:10:17:20 -0300] "POST /cormun/servlet/trautorizarpermisogoce?405da42a43938086cf36f6d2bfc3c677,,gx-no-cache=1711372457865 HTTP/1.1" 200 6086
190.171.141.114 - - [25/Mar/2024:10:17:21 -0300] "POST /cormun/servlet/trautorizarpermisogoce?405da42a43938086cf36f6d2bfc3c677,,gx-no-cache=1711372458880 HTTP/1.1" 200 5833
190.171.141.114 - - [25/Mar/2024:10:17:22 -0300] "POST /cormun/servlet/trautorizarpermisogoce?405da42a43938086cf36f6d2bfc3c677,,gx-no-cache=1711372459743 HTTP/1.1" 200 5590
190.171.141.114 - - [25/Mar/2024:10:17:23 -0300] "POST /cormun/servlet/trautorizarpermisogoce?405da42a43938086cf36f6d2bfc3c677,,gx-no-cache=1711372460527 HTTP/1.1" 200 5288
190.171.141.114 - - [25/Mar/2024:10:17:24 -0300] "POST /cormun/servlet/trautorizarpermisogoce?405da42a43938086cf36f6d2bfc3c677,,gx-no-cache=1711372461551 HTTP/1.1" 200 4531
190.171.141.114 - - [25/Mar/2024:10:17:29 -0300] "GET /cormun/servlet/trautorizarsolicitud? HTTP/1.1" 200 7429
190.171.141.114 - - [25/Mar/2024:10:17:38 -0300] "GET /cormun/servlet/trlicencias? HTTP/1.1" 200 9995
190.171.153.34 - - [25/Mar/2024:10:17:40 -0300] "POST /cormun/servlet/hlogin?2062b7387c273b74f6bffbf495add142,gx-no-cache=1711372476972 HTTP/1.1" 200 90
190.171.153.34 - - [25/Mar/2024:10:17:40 -0300] "GET /cormun/servlet/hpexe_link HTTP/1.1" 200 964
190.171.153.34 - - [25/Mar/2024:10:17:40 -0300] "GET /cormun/servlet/trautorizarsolicitud? HTTP/1.1" 200 7471
190.171.153.34 - - [25/Mar/2024:10:17:46 -0300] "GET /cormun/servlet/trautorizarsolicitud? HTTP/1.1" 200 7470
190.171.153.34 - - [25/Mar/2024:10:17:51 -0300] "GET /cormun/servlet/trautorizarsolicitud? HTTP/1.1" 200 7470
190.171.149.90 - - [25/Mar/2024:10:18:03 -0300] "POST /cormun/servlet/solicitudot?bd489e56802f9e768162841a7b7e349a,INS,0,0,false,,gx-no-cache=1711372495048 HTTP/1.1" 200 93
190.171.149.90 - - [25/Mar/2024:10:18:03 -0300] "GET /cormun/servlet/hpexe_return? HTTP/1.1" 200 1021
190.171.149.90 - - [25/Mar/2024:10:18:03 -0300] "GET /cormun/servlet/trsolicitudot?gx-no-cache=1711372110865 HTTP/1.1" 200 8446
192.168.10.35 - - [25/Mar/2024:10:18:08 -0300] "-" 400 -
192.168.10.35 - - [25/Mar/2024:10:18:08 -0300] "-" 400 -
192.168.10.35 - - [25/Mar/2024:10:18:08 -0300] "GET /(S(0nvfza2kqddfqhvpy403odm3))/login.aspx?ReturnUrl=%2f HTTP/1.1" 404 1041
192.168.10.35 - - [25/Mar/2024:10:18:09 -0300] "GET /favicon.ico HTTP/1.1" 200 21630
190.171.149.90 - - [25/Mar/2024:10:18:34 -0300] "POST /cormun/servlet/trsolicitudot?bd489e56802f9e768162841a7b7e349a,gx-no-cache=1711372110865,gx-no-cache=1711372520834 HTTP/1.1" 200 5967
190.171.149.90 - - [25/Mar/2024:10:18:34 -0300] "GET /cormun/static/Shared/jqueryui/images/ui-bg_highlight-soft_100_c6c2c8_1x100.png HTTP/1.1" 404 1117
190.171.149.90 - - [25/Mar/2024:10:18:34 -0300] "GET /cormun/static/Shared/jqueryui/images/ui-icons_82798d_256x240.png HTTP/1.1" 404 1089
190.171.149.90 - - [25/Mar/2024:10:18:34 -0300] "GET /cormun/static/Shared/jqueryui/images/ui-bg_flat_55_fafafa_40x100.png HTTP/1.1" 404 1097
190.171.149.90 - - [25/Mar/2024:10:18:34 -0300] "GET /cormun/static/Shared/jqueryui/images/ui-icons_8d78a5_256x240.png HTTP/1.1" 404 1089
190.171.141.114 - - [25/Mar/2024:10:19:34 -0300] "GET /cormun/servlet/hlogin HTTP/1.1" 200 1741
190.171.141.114 - - [25/Mar/2024:10:19:41 -0300] "POST /cormun/servlet/hlogin?405da42a43938086cf36f6d2bfc3c677,gx-no-cache=1711372598398 HTTP/1.1" 200 90
190.171.141.114 - - [25/Mar/2024:10:19:41 -0300] "GET /cormun/servlet/hpexe_link HTTP/1.1" 200 954
190.171.141.114 - - [25/Mar/2024:10:19:41 -0300] "GET /cormun/servlet/hhome HTTP/1.1" 200 4004
190.171.141.114 - - [25/Mar/2024:10:19:58 -0300] "GET /cormun/servlet/trpermisosgoce? HTTP/1.1" 200 9501
190.171.141.114 - - [25/Mar/2024:10:20:01 -0300] "GET /cormun/servlet/permisogoce?INS,0,,, HTTP/1.1" 200 6875
190.171.153.34 - - [25/Mar/2024:10:20:10 -0300] "GET /cormun/servlet/trlicencias? HTTP/1.1" 200 9731
190.171.153.34 - - [25/Mar/2024:10:20:10 -0300] "GET /cormun/static/gxcfg.js?202211298463625 HTTP/1.1" 200 953
190.171.153.34 - - [25/Mar/2024:10:20:10 -0300] "GET /cormun/static/trlicencias.js?202211298463889 HTTP/1.1" 200 41883
190.171.153.34 - - [25/Mar/2024:10:20:10 -0300] "GET /cormun//static/Resources/PXToolsActionDisabled.gif HTTP/1.1" 200 53
190.171.153.34 - - [25/Mar/2024:10:20:10 -0300] "GET /cormun//static/Resources/PXToolsGridDisplay.png HTTP/1.1" 200 525
190.171.153.34 - - [25/Mar/2024:10:20:10 -0300] "GET /cormun//static/Resources/PXToolsHeaderFavorites.png HTTP/1.1" 200 1414
190.171.153.34 - - [25/Mar/2024:10:20:10 -0300] "GET /cormun//static/Resources/PXToolsHeaderHelp.png HTTP/1.1" 200 1333
190.171.153.34 - - [25/Mar/2024:10:20:10 -0300] "GET /cormun//static/Resources/PXToolsActionPrint.png HTTP/1.1" 200 404
190.171.153.34 - - [25/Mar/2024:10:20:16 -0300] "GET /cormun/servlet/licenciaspermisos?INS,0,,, HTTP/1.1" 200 7960
190.171.153.34 - - [25/Mar/2024:10:20:16 -0300] "GET /cormun/static/gxcfg.js?202012153173 HTTP/1.1" 200 953
190.171.153.34 - - [25/Mar/2024:10:20:16 -0300] "GET /cormun/static/licenciaspermisos.js?2020121532136 HTTP/1.1" 200 38753
