190.171.152.234 - - [25/Mar/2024:15:50:46 -0300] "GET /cormun/servlet/solicitudotadjuntos?5737001af96a2a1eae8bc82de06e5fbe0f87d4d22b180ca80c24a4bfd503af5232cbaa9db2a46635c102676ceb158bfd,gx-no-cache=1711392695414 HTTP/1.1" 200 30
190.171.152.234 - - [25/Mar/2024:15:50:46 -0300] "POST /cormun/servlet/solicitudotadjuntos?d6dfc000c0e88888dafef6758d90dc5e,INS,2024,20989,,1,,gx-no-cache=1711392695433 HTTP/1.1" 200 4164
190.171.152.234 - - [25/Mar/2024:15:50:52 -0300] "POST /cormun/servlet/solicitudotadjuntos?gx-no-cache=1711392701663 HTTP/1.1" 200 26
190.171.152.234 - - [25/Mar/2024:15:51:01 -0300] "GET /cormun/servlet/solicitudotadjuntos?5737001af96a2a1eae8bc82de06e5fbed3d206999a6fb8397098d912c9e18566,gx-no-cache=1711392710116 HTTP/1.1" 200 30
190.171.152.234 - - [25/Mar/2024:15:51:01 -0300] "GET /cormun/servlet/solicitudotadjuntos?5737001af96a2a1eae8bc82de06e5fbed3d206999a6fb8397098d912c9e18566,gx-no-cache=1711392710132 HTTP/1.1" 200 30
190.171.152.234 - - [25/Mar/2024:15:51:01 -0300] "POST /cormun/servlet/solicitudotadjuntos?d6dfc000c0e88888dafef6758d90dc5e,INS,2024,20989,,1, HTTP/1.1" 200 116
190.171.152.234 - - [25/Mar/2024:15:51:01 -0300] "GET /cormun/servlet/hpexe_return? HTTP/1.1" 200 1026
190.171.152.234 - - [25/Mar/2024:15:51:01 -0300] "GET /cormun/servlet/trsolicitudadjuntos?2024,20989, HTTP/1.1" 200 9298
190.171.152.234 - - [25/Mar/2024:15:51:03 -0300] "GET /cormun/servlet/solicitudotadjuntos?INS,2024,20989,,1, HTTP/1.1" 200 6332
190.171.152.234 - - [25/Mar/2024:15:51:03 -0300] "GET /cormun/static/about:blank HTTP/1.1" 404 1011
190.171.152.234 - - [25/Mar/2024:15:51:04 -0300] "GET /cormun/servlet/solicitudotadjuntos?5737001af96a2a1eae8bc82de06e5fbe0f87d4d22b180ca80c24a4bfd503af5232cbaa9db2a46635c102676ceb158bfd,gx-no-cache=1711392712847 HTTP/1.1" 200 30
190.171.152.234 - - [25/Mar/2024:15:51:04 -0300] "POST /cormun/servlet/solicitudotadjuntos?d6dfc000c0e88888dafef6758d90dc5e,INS,2024,20989,,1,,gx-no-cache=1711392712862 HTTP/1.1" 200 4164
190.171.152.234 - - [25/Mar/2024:15:51:06 -0300] "POST /cormun/servlet/solicitudotadjuntos?gx-no-cache=1711392715349 HTTP/1.1" 200 26
190.171.152.234 - - [25/Mar/2024:15:51:11 -0300] "GET /cormun/servlet/solicitudotadjuntos?5737001af96a2a1eae8bc82de06e5fbed3d206999a6fb8397098d912c9e18566,gx-no-cache=1711392720020 HTTP/1.1" 200 30
190.171.152.234 - - [25/Mar/2024:15:51:11 -0300] "GET /cormun/servlet/solicitudotadjuntos?5737001af96a2a1eae8bc82de06e5fbed3d206999a6fb8397098d912c9e18566,gx-no-cache=1711392720039 HTTP/1.1" 200 30
190.171.152.234 - - [25/Mar/2024:15:51:11 -0300] "POST /cormun/servlet/solicitudotadjuntos?d6dfc000c0e88888dafef6758d90dc5e,INS,2024,20989,,1, HTTP/1.1" 200 116
190.171.152.234 - - [25/Mar/2024:15:51:11 -0300] "GET /cormun/servlet/hpexe_return? HTTP/1.1" 200 1026
190.171.152.234 - - [25/Mar/2024:15:51:11 -0300] "GET /cormun/servlet/trsolicitudadjuntos?2024,20989, HTTP/1.1" 200 9543
209.141.55.133 - - [25/Mar/2024:15:51:13 -0300] "GET /manager/html HTTP/1.1" 401 2474
190.171.152.234 - - [25/Mar/2024:15:51:13 -0300] "GET /cormun/servlet/solicitudotadjuntos?INS,2024,20989,,1, HTTP/1.1" 200 6332
209.141.55.133 - - [25/Mar/2024:15:51:13 -0300] "GET /manager/html HTTP/1.1" 401 2474
190.171.152.234 - - [25/Mar/2024:15:51:13 -0300] "GET /cormun/static/about:blank HTTP/1.1" 404 1011
190.171.152.234 - - [25/Mar/2024:15:51:14 -0300] "GET /cormun/servlet/solicitudotadjuntos?5737001af96a2a1eae8bc82de06e5fbe0f87d4d22b180ca80c24a4bfd503af5232cbaa9db2a46635c102676ceb158bfd,gx-no-cache=1711392722879 HTTP/1.1" 200 30
190.171.152.234 - - [25/Mar/2024:15:51:14 -0300] "POST /cormun/servlet/solicitudotadjuntos?d6dfc000c0e88888dafef6758d90dc5e,INS,2024,20989,,1,,gx-no-cache=1711392722893 HTTP/1.1" 200 4164
190.171.152.234 - - [25/Mar/2024:15:51:16 -0300] "POST /cormun/servlet/solicitudotadjuntos?gx-no-cache=1711392725621 HTTP/1.1" 200 26
190.171.149.74 - - [25/Mar/2024:15:51:17 -0300] "POST /cormun/servlet/solicitudot?gx-no-cache=1711392492748 HTTP/1.1" 200 105
190.171.149.74 - - [25/Mar/2024:15:51:22 -0300] "GET /cormun/servlet/solicitudot?68f0132cf14850c067f31cd25d072601854b6847c1961cafd45d18d06dbd3c6f261a54e05579867bedf7f79c0f243069e048a2b2dfe72347663a54c0830a265e9c8216fb11cda0eb466c76ea85bf69420c4a2c2968eab55ea8e52b4e9efc0004b65b176cbd6ea78409ed27702ebc1fe79f7393dc603cd9dd0addf48d5791cf2ed3c945e19f3b2596b9856da82825e0be7c19cd35df437ebfaf209844605a0ce2,gx-no-cache=1711392498185 HTTP/1.1" 200 29
190.171.149.74 - - [25/Mar/2024:15:51:22 -0300] "GET /cormun/servlet/solicitudot?68f0132cf14850c067f31cd25d07260196802532efd59acbdcb49b0396677f54893f0db84434ca25b80c98092f621d53,gx-no-cache=1711392498234 HTTP/1.1" 200 30
190.171.149.74 - - [25/Mar/2024:15:51:22 -0300] "POST /cormun/servlet/solicitudot?gx-no-cache=1711392498273 HTTP/1.1" 200 34
190.171.149.74 - - [25/Mar/2024:15:51:23 -0300] "POST /cormun/servlet/solicitudot?205506acd1c8e13fea78f90718b77af9,UPD,2024,21081,false,,gx-no-cache=1711392498309 HTTP/1.1" 200 93
190.171.149.74 - - [25/Mar/2024:15:51:23 -0300] "GET /cormun/servlet/hpexe_return? HTTP/1.1" 200 1018
190.171.149.74 - - [25/Mar/2024:15:51:23 -0300] "GET /cormun/servlet/trsolicitudot HTTP/1.1" 200 8646
190.171.152.234 - - [25/Mar/2024:15:51:23 -0300] "GET /cormun/servlet/solicitudotadjuntos?5737001af96a2a1eae8bc82de06e5fbed3d206999a6fb8397098d912c9e18566,gx-no-cache=1711392732509 HTTP/1.1" 200 30
190.171.152.234 - - [25/Mar/2024:15:51:23 -0300] "GET /cormun/servlet/solicitudotadjuntos?5737001af96a2a1eae8bc82de06e5fbed3d206999a6fb8397098d912c9e18566,gx-no-cache=1711392732626 HTTP/1.1" 200 30
190.171.152.234 - - [25/Mar/2024:15:51:24 -0300] "POST /cormun/servlet/solicitudotadjuntos?d6dfc000c0e88888dafef6758d90dc5e,INS,2024,20989,,1, HTTP/1.1" 200 116
190.171.152.234 - - [25/Mar/2024:15:51:24 -0300] "GET /cormun/servlet/hpexe_return? HTTP/1.1" 200 1026
190.171.152.234 - - [25/Mar/2024:15:51:24 -0300] "GET /cormun/servlet/trsolicitudadjuntos?2024,20989, HTTP/1.1" 200 9815
190.171.152.234 - - [25/Mar/2024:15:51:26 -0300] "GET /cormun/servlet/solicitudotadjuntos?INS,2024,20989,,1, HTTP/1.1" 200 6332
190.171.152.234 - - [25/Mar/2024:15:51:26 -0300] "GET /cormun/static/about:blank HTTP/1.1" 404 1011
190.171.152.234 - - [25/Mar/2024:15:51:27 -0300] "GET /cormun/servlet/solicitudotadjuntos?5737001af96a2a1eae8bc82de06e5fbe0f87d4d22b180ca80c24a4bfd503af5232cbaa9db2a46635c102676ceb158bfd,gx-no-cache=1711392736134 HTTP/1.1" 200 30
190.171.152.234 - - [25/Mar/2024:15:51:27 -0300] "POST /cormun/servlet/solicitudotadjuntos?d6dfc000c0e88888dafef6758d90dc5e,INS,2024,20989,,1,,gx-no-cache=1711392736160 HTTP/1.1" 200 4164
190.171.152.234 - - [25/Mar/2024:15:51:30 -0300] "POST /cormun/servlet/solicitudotadjuntos?gx-no-cache=1711392739461 HTTP/1.1" 200 26
190.171.149.74 - - [25/Mar/2024:15:51:35 -0300] "POST /cormun/servlet/trsolicitudot?205506acd1c8e13fea78f90718b77af9,gx-no-cache=1711392510668 HTTP/1.1" 200 107
190.171.149.74 - - [25/Mar/2024:15:51:35 -0300] "GET /cormun/servlet/trsolicitudadjuntos?2024,21081, HTTP/1.1" 200 6096
190.171.152.234 - - [25/Mar/2024:15:51:35 -0300] "GET /cormun/servlet/solicitudotadjuntos?5737001af96a2a1eae8bc82de06e5fbed3d206999a6fb8397098d912c9e18566,gx-no-cache=1711392744668 HTTP/1.1" 200 30
190.171.152.234 - - [25/Mar/2024:15:51:35 -0300] "GET /cormun/servlet/solicitudotadjuntos?5737001af96a2a1eae8bc82de06e5fbed3d206999a6fb8397098d912c9e18566,gx-no-cache=1711392744686 HTTP/1.1" 200 30
190.171.152.234 - - [25/Mar/2024:15:51:35 -0300] "POST /cormun/servlet/solicitudotadjuntos?d6dfc000c0e88888dafef6758d90dc5e,INS,2024,20989,,1, HTTP/1.1" 200 116
190.171.152.234 - - [25/Mar/2024:15:51:36 -0300] "GET /cormun/servlet/hpexe_return? HTTP/1.1" 200 1026
190.171.152.234 - - [25/Mar/2024:15:51:36 -0300] "GET /cormun/servlet/trsolicitudadjuntos?2024,20989, HTTP/1.1" 200 10021
190.171.149.74 - - [25/Mar/2024:15:51:37 -0300] "GET /cormun/servlet/solicitudotadjuntos?INS,2024,21081,,1, HTTP/1.1" 200 6038
190.171.149.74 - - [25/Mar/2024:15:51:37 -0300] "GET /cormun/static/about:blank HTTP/1.1" 404 1011
190.171.149.74 - - [25/Mar/2024:15:51:37 -0300] "GET /cormun/servlet/solicitudotadjuntos?68f0132cf14850c067f31cd25d07260123ec77e8be9bb85c77706fba0954f84c1cb7371985d4302548db86b04a49a2f2,gx-no-cache=1711392513438 HTTP/1.1" 200 30
190.171.149.74 - - [25/Mar/2024:15:51:38 -0300] "POST /cormun/servlet/solicitudotadjuntos?205506acd1c8e13fea78f90718b77af9,INS,2024,21081,,1,,gx-no-cache=1711392513465 HTTP/1.1" 200 3906
190.171.152.234 - - [25/Mar/2024:15:51:38 -0300] "GET /cormun/servlet/solicitudotadjuntos?INS,2024,20989,,1, HTTP/1.1" 200 6332
190.171.152.234 - - [25/Mar/2024:15:51:38 -0300] "GET /cormun/static/about:blank HTTP/1.1" 404 1011
190.171.152.234 - - [25/Mar/2024:15:51:38 -0300] "GET /cormun/servlet/solicitudotadjuntos?5737001af96a2a1eae8bc82de06e5fbe0f87d4d22b180ca80c24a4bfd503af5232cbaa9db2a46635c102676ceb158bfd,gx-no-cache=1711392747613 HTTP/1.1" 200 30
190.171.152.234 - - [25/Mar/2024:15:51:38 -0300] "POST /cormun/servlet/solicitudotadjuntos?d6dfc000c0e88888dafef6758d90dc5e,INS,2024,20989,,1,,gx-no-cache=1711392747629 HTTP/1.1" 200 4164
190.171.149.74 - - [25/Mar/2024:15:51:39 -0300] "POST /cormun/servlet/solicitudotadjuntos?gx-no-cache=1711392514570 HTTP/1.1" 200 26
190.171.152.234 - - [25/Mar/2024:15:51:46 -0300] "POST /cormun/servlet/solicitudotadjuntos?gx-no-cache=1711392755102 HTTP/1.1" 200 26
190.171.152.234 - - [25/Mar/2024:15:51:51 -0300] "GET /cormun/servlet/solicitudotadjuntos?5737001af96a2a1eae8bc82de06e5fbed3d206999a6fb8397098d912c9e18566,gx-no-cache=1711392760501 HTTP/1.1" 200 30
190.171.152.234 - - [25/Mar/2024:15:51:51 -0300] "GET /cormun/servlet/solicitudotadjuntos?5737001af96a2a1eae8bc82de06e5fbed3d206999a6fb8397098d912c9e18566,gx-no-cache=1711392760531 HTTP/1.1" 200 30
190.171.152.234 - - [25/Mar/2024:15:51:51 -0300] "POST /cormun/servlet/solicitudotadjuntos?d6dfc000c0e88888dafef6758d90dc5e,INS,2024,20989,,1, HTTP/1.1" 200 116
190.171.152.234 - - [25/Mar/2024:15:51:51 -0300] "GET /cormun/servlet/hpexe_return? HTTP/1.1" 200 1026
190.171.152.234 - - [25/Mar/2024:15:51:52 -0300] "GET /cormun/servlet/trsolicitudadjuntos?2024,20989, HTTP/1.1" 200 10287
190.171.152.234 - - [25/Mar/2024:15:51:56 -0300] "GET /cormun/servlet/solicitudotadjuntos?INS,2024,20989,,1, HTTP/1.1" 200 6332
190.171.152.234 - - [25/Mar/2024:15:51:56 -0300] "GET /cormun/static/about:blank HTTP/1.1" 404 1011
190.171.152.234 - - [25/Mar/2024:15:51:57 -0300] "GET /cormun/servlet/solicitudotadjuntos?5737001af96a2a1eae8bc82de06e5fbe0f87d4d22b180ca80c24a4bfd503af5232cbaa9db2a46635c102676ceb158bfd,gx-no-cache=1711392766206 HTTP/1.1" 200 30
190.171.152.234 - - [25/Mar/2024:15:51:57 -0300] "POST /cormun/servlet/solicitudotadjuntos?d6dfc000c0e88888dafef6758d90dc5e,INS,2024,20989,,1,,gx-no-cache=1711392766239 HTTP/1.1" 200 4164
190.171.149.74 - - [25/Mar/2024:15:51:58 -0300] "GET /cormun/servlet/solicitudotadjuntos?68f0132cf14850c067f31cd25d0726018e791b360c9e3a73913dc50ca437d6f8,gx-no-cache=1711392533809 HTTP/1.1" 200 30
190.171.149.74 - - [25/Mar/2024:15:51:58 -0300] "GET /cormun/servlet/solicitudotadjuntos?68f0132cf14850c067f31cd25d0726018e791b360c9e3a73913dc50ca437d6f8,gx-no-cache=1711392533839 HTTP/1.1" 200 30
190.171.149.74 - - [25/Mar/2024:15:51:58 -0300] "POST /cormun/servlet/solicitudotadjuntos?205506acd1c8e13fea78f90718b77af9,INS,2024,21081,,1, HTTP/1.1" 200 116
190.171.149.74 - - [25/Mar/2024:15:51:58 -0300] "GET /cormun/servlet/hpexe_return? HTTP/1.1" 200 1029
190.171.149.74 - - [25/Mar/2024:15:51:58 -0300] "GET /cormun/servlet/trsolicitudadjuntos?2024,21081, HTTP/1.1" 200 8894
190.171.152.234 - - [25/Mar/2024:15:51:59 -0300] "POST /cormun/servlet/solicitudotadjuntos?gx-no-cache=1711392768637 HTTP/1.1" 200 26
190.171.149.74 - - [25/Mar/2024:15:52:00 -0300] "GET /cormun/servlet/solicitudotadjuntos?INS,2024,21081,,1, HTTP/1.1" 200 6038
190.171.149.74 - - [25/Mar/2024:15:52:00 -0300] "GET /cormun/static/about:blank HTTP/1.1" 404 1011
190.171.149.74 - - [25/Mar/2024:15:52:00 -0300] "GET /cormun/servlet/solicitudotadjuntos?68f0132cf14850c067f31cd25d07260123ec77e8be9bb85c77706fba0954f84c1cb7371985d4302548db86b04a49a2f2,gx-no-cache=1711392536426 HTTP/1.1" 200 30
190.171.149.74 - - [25/Mar/2024:15:52:01 -0300] "POST /cormun/servlet/solicitudotadjuntos?205506acd1c8e13fea78f90718b77af9,INS,2024,21081,,1,,gx-no-cache=1711392536453 HTTP/1.1" 200 3906
190.171.149.74 - - [25/Mar/2024:15:52:02 -0300] "POST /cormun/servlet/solicitudotadjuntos?gx-no-cache=1711392538385 HTTP/1.1" 200 26
190.171.152.234 - - [25/Mar/2024:15:52:04 -0300] "GET /cormun/servlet/solicitudotadjuntos?5737001af96a2a1eae8bc82de06e5fbed3d206999a6fb8397098d912c9e18566,gx-no-cache=1711392773293 HTTP/1.1" 200 30
190.171.152.234 - - [25/Mar/2024:15:52:04 -0300] "GET /cormun/servlet/solicitudotadjuntos?5737001af96a2a1eae8bc82de06e5fbed3d206999a6fb8397098d912c9e18566,gx-no-cache=1711392773317 HTTP/1.1" 200 30
190.171.152.234 - - [25/Mar/2024:15:52:04 -0300] "POST /cormun/servlet/solicitudotadjuntos?d6dfc000c0e88888dafef6758d90dc5e,INS,2024,20989,,1, HTTP/1.1" 200 116
190.171.152.234 - - [25/Mar/2024:15:52:04 -0300] "GET /cormun/servlet/hpexe_return? HTTP/1.1" 200 1026
190.171.152.234 - - [25/Mar/2024:15:52:04 -0300] "GET /cormun/servlet/trsolicitudadjuntos?2024,20989, HTTP/1.1" 200 10432
190.171.152.234 - - [25/Mar/2024:15:52:08 -0300] "GET /cormun/servlet/trsolicitudot? HTTP/1.1" 200 11278
190.171.152.234 - - [25/Mar/2024:15:52:11 -0300] "POST /cormun/servlet/trsolicitudot?d6dfc000c0e88888dafef6758d90dc5e,,gx-no-cache=1711392780433 HTTP/1.1" 200 107
190.171.149.74 - - [25/Mar/2024:15:52:11 -0300] "GET /cormun/servlet/solicitudotadjuntos?68f0132cf14850c067f31cd25d0726018e791b360c9e3a73913dc50ca437d6f8,gx-no-cache=1711392547464 HTTP/1.1" 200 30
190.171.152.234 - - [25/Mar/2024:15:52:12 -0300] "GET /cormun/servlet/trsolicitudadjuntos?2024,20989, HTTP/1.1" 200 10430
190.171.149.74 - - [25/Mar/2024:15:52:12 -0300] "GET /cormun/servlet/solicitudotadjuntos?68f0132cf14850c067f31cd25d0726018e791b360c9e3a73913dc50ca437d6f8,gx-no-cache=1711392547494 HTTP/1.1" 200 30
190.171.149.74 - - [25/Mar/2024:15:52:12 -0300] "POST /cormun/servlet/solicitudotadjuntos?205506acd1c8e13fea78f90718b77af9,INS,2024,21081,,1, HTTP/1.1" 200 116
190.171.149.74 - - [25/Mar/2024:15:52:12 -0300] "GET /cormun/servlet/hpexe_return? HTTP/1.1" 200 1029
190.171.149.74 - - [25/Mar/2024:15:52:12 -0300] "GET /cormun/servlet/trsolicitudadjuntos?2024,21081, HTTP/1.1" 200 9262
190.171.149.74 - - [25/Mar/2024:15:52:14 -0300] "GET /cormun/servlet/solicitudotadjuntos?INS,2024,21081,,1, HTTP/1.1" 200 6038
190.171.149.74 - - [25/Mar/2024:15:52:14 -0300] "GET /cormun/static/about:blank HTTP/1.1" 404 1011
190.171.149.74 - - [25/Mar/2024:15:52:14 -0300] "GET /cormun/servlet/solicitudotadjuntos?68f0132cf14850c067f31cd25d07260123ec77e8be9bb85c77706fba0954f84c1cb7371985d4302548db86b04a49a2f2,gx-no-cache=1711392550319 HTTP/1.1" 200 30
190.171.149.74 - - [25/Mar/2024:15:52:14 -0300] "POST /cormun/servlet/solicitudotadjuntos?205506acd1c8e13fea78f90718b77af9,INS,2024,21081,,1,,gx-no-cache=1711392550348 HTTP/1.1" 200 3906
190.171.152.234 - - [25/Mar/2024:15:52:15 -0300] "GET /cormun/servlet/trsolicitudot? HTTP/1.1" 200 11278
190.171.149.74 - - [25/Mar/2024:15:52:16 -0300] "POST /cormun/servlet/solicitudotadjuntos?gx-no-cache=1711392552145 HTTP/1.1" 200 26
190.171.152.234 - - [25/Mar/2024:15:52:21 -0300] "POST /cormun/servlet/trsolicitudot?d6dfc000c0e88888dafef6758d90dc5e,,gx-no-cache=1711392790217 HTTP/1.1" 200 8114
190.171.152.234 - - [25/Mar/2024:15:52:21 -0300] "POST /cormun/servlet/trsolicitudot?d6dfc000c0e88888dafef6758d90dc5e,,gx-no-cache=1711392790493 HTTP/1.1" 200 8057
190.171.152.234 - - [25/Mar/2024:15:52:23 -0300] "GET /cormun/servlet/trautorizarsolicitud? HTTP/1.1" 200 8794
190.171.149.74 - - [25/Mar/2024:15:52:24 -0300] "GET /cormun/servlet/solicitudotadjuntos?68f0132cf14850c067f31cd25d0726018e791b360c9e3a73913dc50ca437d6f8,gx-no-cache=1711392560272 HTTP/1.1" 200 30
190.171.149.74 - - [25/Mar/2024:15:52:24 -0300] "GET /cormun/servlet/solicitudotadjuntos?68f0132cf14850c067f31cd25d0726018e791b360c9e3a73913dc50ca437d6f8,gx-no-cache=1711392560337 HTTP/1.1" 200 30
190.171.149.74 - - [25/Mar/2024:15:52:25 -0300] "POST /cormun/servlet/solicitudotadjuntos?205506acd1c8e13fea78f90718b77af9,INS,2024,21081,,1, HTTP/1.1" 200 116
190.171.149.74 - - [25/Mar/2024:15:52:25 -0300] "GET /cormun/servlet/hpexe_return? HTTP/1.1" 200 1029
190.171.149.74 - - [25/Mar/2024:15:52:25 -0300] "GET /cormun/servlet/trsolicitudadjuntos?2024,21081, HTTP/1.1" 200 9494
190.171.149.74 - - [25/Mar/2024:15:52:29 -0300] "GET /cormun/servlet/solicitudotadjuntos?INS,2024,21081,,1, HTTP/1.1" 200 6038
190.171.149.74 - - [25/Mar/2024:15:52:29 -0300] "GET /cormun/static/about:blank HTTP/1.1" 404 1011
190.171.149.74 - - [25/Mar/2024:15:52:29 -0300] "GET /cormun/servlet/solicitudotadjuntos?68f0132cf14850c067f31cd25d07260123ec77e8be9bb85c77706fba0954f84c1cb7371985d4302548db86b04a49a2f2,gx-no-cache=1711392565252 HTTP/1.1" 200 30
190.171.149.74 - - [25/Mar/2024:15:52:29 -0300] "POST /cormun/servlet/solicitudotadjuntos?205506acd1c8e13fea78f90718b77af9,INS,2024,21081,,1,,gx-no-cache=1711392565289 HTTP/1.1" 200 3907
190.171.152.234 - - [25/Mar/2024:15:52:30 -0300] "POST /cormun/servlet/trautorizarsolicitud?d6dfc000c0e88888dafef6758d90dc5e,,gx-no-cache=1711392799199 HTTP/1.1" 200 4802
190.171.152.234 - - [25/Mar/2024:15:52:30 -0300] "POST /cormun/servlet/trautorizarsolicitud?d6dfc000c0e88888dafef6758d90dc5e,,gx-no-cache=1711392799299 HTTP/1.1" 200 4559
190.171.149.74 - - [25/Mar/2024:15:52:31 -0300] "POST /cormun/servlet/solicitudotadjuntos?gx-no-cache=1711392567097 HTTP/1.1" 200 26
190.171.152.234 - - [25/Mar/2024:15:52:33 -0300] "GET /cormun/servlet/trsolicitudot? HTTP/1.1" 200 10914
190.171.149.74 - - [25/Mar/2024:15:52:43 -0300] "POST /cormun/servlet/solicitudotadjuntos?gx-no-cache=1711392579081 HTTP/1.1" 200 26
190.171.149.74 - - [25/Mar/2024:15:52:49 -0300] "GET /cormun/servlet/solicitudotadjuntos?68f0132cf14850c067f31cd25d0726018e791b360c9e3a73913dc50ca437d6f8,gx-no-cache=1711392585328 HTTP/1.1" 200 30
190.171.149.74 - - [25/Mar/2024:15:52:49 -0300] "GET /cormun/servlet/solicitudotadjuntos?68f0132cf14850c067f31cd25d0726018e791b360c9e3a73913dc50ca437d6f8,gx-no-cache=1711392585364 HTTP/1.1" 200 30
190.171.149.74 - - [25/Mar/2024:15:52:50 -0300] "POST /cormun/servlet/solicitudotadjuntos?205506acd1c8e13fea78f90718b77af9,INS,2024,21081,,1, HTTP/1.1" 200 116
190.171.149.74 - - [25/Mar/2024:15:52:50 -0300] "GET /cormun/servlet/hpexe_return? HTTP/1.1" 200 1029
190.171.149.74 - - [25/Mar/2024:15:52:50 -0300] "GET /cormun/servlet/trsolicitudadjuntos?2024,21081, HTTP/1.1" 200 9801
190.171.149.74 - - [25/Mar/2024:15:52:52 -0300] "GET /cormun/servlet/solicitudotadjuntos?INS,2024,21081,,1, HTTP/1.1" 200 6038
190.171.149.74 - - [25/Mar/2024:15:52:52 -0300] "GET /cormun/static/about:blank HTTP/1.1" 404 1011
190.171.149.74 - - [25/Mar/2024:15:52:53 -0300] "GET /cormun/servlet/solicitudotadjuntos?68f0132cf14850c067f31cd25d07260123ec77e8be9bb85c77706fba0954f84c1cb7371985d4302548db86b04a49a2f2,gx-no-cache=1711392588618 HTTP/1.1" 200 30
190.171.149.74 - - [25/Mar/2024:15:52:53 -0300] "POST /cormun/servlet/solicitudotadjuntos?205506acd1c8e13fea78f90718b77af9,INS,2024,21081,,1,,gx-no-cache=1711392588653 HTTP/1.1" 200 3907
190.171.149.74 - - [25/Mar/2024:15:52:55 -0300] "POST /cormun/servlet/solicitudotadjuntos?gx-no-cache=1711392590906 HTTP/1.1" 200 26
190.171.149.74 - - [25/Mar/2024:15:53:01 -0300] "GET /cormun/servlet/solicitudotadjuntos?68f0132cf14850c067f31cd25d0726018e791b360c9e3a73913dc50ca437d6f8,gx-no-cache=1711392597272 HTTP/1.1" 200 30
190.171.149.74 - - [25/Mar/2024:15:53:01 -0300] "GET /cormun/servlet/solicitudotadjuntos?68f0132cf14850c067f31cd25d0726018e791b360c9e3a73913dc50ca437d6f8,gx-no-cache=1711392597293 HTTP/1.1" 200 30
190.171.149.74 - - [25/Mar/2024:15:53:01 -0300] "POST /cormun/servlet/solicitudotadjuntos?205506acd1c8e13fea78f90718b77af9,INS,2024,21081,,1, HTTP/1.1" 200 116
190.171.149.74 - - [25/Mar/2024:15:53:02 -0300] "GET /cormun/servlet/hpexe_return? HTTP/1.1" 200 1029
190.171.149.74 - - [25/Mar/2024:15:53:02 -0300] "GET /cormun/servlet/trsolicitudadjuntos?2024,21081, HTTP/1.1" 200 9996
190.171.152.234 - - [25/Mar/2024:15:53:03 -0300] "POST /cormun/servlet/trsolicitudot?d6dfc000c0e88888dafef6758d90dc5e,,gx-no-cache=1711392832049 HTTP/1.1" 200 107
190.171.152.234 - - [25/Mar/2024:15:53:03 -0300] "GET /cormun/servlet/trsolicitudadjuntos?2024,20988, HTTP/1.1" 200 6385
190.171.152.234 - - [25/Mar/2024:15:53:05 -0300] "GET /cormun/servlet/solicitudotadjuntos?INS,2024,20988,,1, HTTP/1.1" 200 6331
190.171.152.234 - - [25/Mar/2024:15:53:05 -0300] "GET /cormun/static/about:blank HTTP/1.1" 404 1011
190.171.152.234 - - [25/Mar/2024:15:53:05 -0300] "GET /cormun/servlet/solicitudotadjuntos?5737001af96a2a1eae8bc82de06e5fbe4ba20c6c11f18c891dc4d1f35cf460026024eb66faeb8225765a538f5fee8784,gx-no-cache=1711392834772 HTTP/1.1" 200 30
190.171.152.234 - - [25/Mar/2024:15:53:06 -0300] "POST /cormun/servlet/solicitudotadjuntos?d6dfc000c0e88888dafef6758d90dc5e,INS,2024,20988,,1,,gx-no-cache=1711392834786 HTTP/1.1" 200 4197
190.171.152.234 - - [25/Mar/2024:15:53:09 -0300] "POST /cormun/servlet/solicitudotadjuntos?gx-no-cache=1711392837845 HTTP/1.1" 200 26
190.171.152.234 - - [25/Mar/2024:15:53:14 -0300] "GET /cormun/servlet/solicitudotadjuntos?5737001af96a2a1eae8bc82de06e5fbed3d206999a6fb8397098d912c9e18566,gx-no-cache=1711392843397 HTTP/1.1" 200 30
190.171.152.234 - - [25/Mar/2024:15:53:14 -0300] "GET /cormun/servlet/solicitudotadjuntos?5737001af96a2a1eae8bc82de06e5fbed3d206999a6fb8397098d912c9e18566,gx-no-cache=1711392843484 HTTP/1.1" 200 30
190.171.152.234 - - [25/Mar/2024:15:53:15 -0300] "POST /cormun/servlet/solicitudotadjuntos?d6dfc000c0e88888dafef6758d90dc5e,INS,2024,20988,,1, HTTP/1.1" 200 116
190.171.152.234 - - [25/Mar/2024:15:53:15 -0300] "GET /cormun/servlet/hpexe_return? HTTP/1.1" 200 1026
190.171.152.234 - - [25/Mar/2024:15:53:15 -0300] "GET /cormun/servlet/trsolicitudadjuntos?2024,20988, HTTP/1.1" 200 9298
190.171.152.234 - - [25/Mar/2024:15:53:17 -0300] "GET /cormun/servlet/solicitudotadjuntos?INS,2024,20988,,1, HTTP/1.1" 200 6331
190.171.152.234 - - [25/Mar/2024:15:53:17 -0300] "GET /cormun/static/about:blank HTTP/1.1" 404 1011
190.171.152.234 - - [25/Mar/2024:15:53:18 -0300] "GET /cormun/servlet/solicitudotadjuntos?5737001af96a2a1eae8bc82de06e5fbe4ba20c6c11f18c891dc4d1f35cf460026024eb66faeb8225765a538f5fee8784,gx-no-cache=1711392847089 HTTP/1.1" 200 30
190.171.152.234 - - [25/Mar/2024:15:53:18 -0300] "POST /cormun/servlet/solicitudotadjuntos?d6dfc000c0e88888dafef6758d90dc5e,INS,2024,20988,,1,,gx-no-cache=1711392847169 HTTP/1.1" 200 4197
190.171.152.234 - - [25/Mar/2024:15:53:20 -0300] "POST /cormun/servlet/solicitudotadjuntos?gx-no-cache=1711392849686 HTTP/1.1" 200 26
190.171.149.74 - - [25/Mar/2024:15:53:23 -0300] "GET /cormun/servlet/solicitudotadjuntos?DLT,2024,21081,CARNET,0, HTTP/1.1" 200 5915
190.171.149.74 - - [25/Mar/2024:15:53:23 -0300] "GET /cormun/static/about:blank HTTP/1.1" 404 1011
190.171.149.74 - - [25/Mar/2024:15:53:23 -0300] "GET /cormun/static/Shared/jqueryui/images/ui-bg_flat_55_fafafa_40x100.png HTTP/1.1" 404 1097
190.171.149.74 - - [25/Mar/2024:15:53:23 -0300] "GET /cormun/static/Shared/jqueryui/images/ui-icons_8d78a5_256x240.png HTTP/1.1" 404 1089
190.171.149.74 - - [25/Mar/2024:15:53:25 -0300] "POST /cormun/servlet/solicitudotadjuntos?205506acd1c8e13fea78f90718b77af9,DLT,2024,21081,CARNET,0,,gx-no-cache=1711392620810 HTTP/1.1" 200 93
190.171.149.74 - - [25/Mar/2024:15:53:25 -0300] "GET /cormun/servlet/hpexe_return? HTTP/1.1" 200 1034
190.171.149.74 - - [25/Mar/2024:15:53:25 -0300] "GET /cormun/servlet/trsolicitudadjuntos?2024,21081, HTTP/1.1" 200 9996
190.171.152.234 - - [25/Mar/2024:15:53:28 -0300] "GET /cormun/servlet/solicitudotadjuntos?5737001af96a2a1eae8bc82de06e5fbed3d206999a6fb8397098d912c9e18566,gx-no-cache=1711392856886 HTTP/1.1" 200 30
190.171.152.234 - - [25/Mar/2024:15:53:28 -0300] "GET /cormun/servlet/solicitudotadjuntos?5737001af96a2a1eae8bc82de06e5fbed3d206999a6fb8397098d912c9e18566,gx-no-cache=1711392856908 HTTP/1.1" 200 30
190.171.152.234 - - [25/Mar/2024:15:53:28 -0300] "POST /cormun/servlet/solicitudotadjuntos?d6dfc000c0e88888dafef6758d90dc5e,INS,2024,20988,,1, HTTP/1.1" 200 116
190.171.152.234 - - [25/Mar/2024:15:53:28 -0300] "GET /cormun/servlet/hpexe_return? HTTP/1.1" 200 1026
190.171.152.234 - - [25/Mar/2024:15:53:28 -0300] "GET /cormun/servlet/trsolicitudadjuntos?2024,20988, HTTP/1.1" 200 9584
190.171.152.234 - - [25/Mar/2024:15:53:30 -0300] "GET /cormun/servlet/solicitudotadjuntos?INS,2024,20988,,1, HTTP/1.1" 200 6331
190.171.152.234 - - [25/Mar/2024:15:53:30 -0300] "GET /cormun/static/about:blank HTTP/1.1" 404 1011
190.171.152.234 - - [25/Mar/2024:15:53:31 -0300] "GET /cormun/servlet/solicitudotadjuntos?5737001af96a2a1eae8bc82de06e5fbe4ba20c6c11f18c891dc4d1f35cf460026024eb66faeb8225765a538f5fee8784,gx-no-cache=1711392860133 HTTP/1.1" 200 30
190.171.152.234 - - [25/Mar/2024:15:53:31 -0300] "POST /cormun/servlet/solicitudotadjuntos?d6dfc000c0e88888dafef6758d90dc5e,INS,2024,20988,,1,,gx-no-cache=1711392860198 HTTP/1.1" 200 4196
190.171.152.234 - - [25/Mar/2024:15:53:34 -0300] "POST /cormun/servlet/solicitudotadjuntos?gx-no-cache=1711392862830 HTTP/1.1" 200 26
190.171.152.234 - - [25/Mar/2024:15:53:38 -0300] "GET /cormun/servlet/solicitudotadjuntos?5737001af96a2a1eae8bc82de06e5fbed3d206999a6fb8397098d912c9e18566,gx-no-cache=1711392867717 HTTP/1.1" 200 30
190.171.152.234 - - [25/Mar/2024:15:53:38 -0300] "GET /cormun/servlet/solicitudotadjuntos?5737001af96a2a1eae8bc82de06e5fbed3d206999a6fb8397098d912c9e18566,gx-no-cache=1711392867738 HTTP/1.1" 200 30
190.171.152.234 - - [25/Mar/2024:15:53:39 -0300] "POST /cormun/servlet/solicitudotadjuntos?d6dfc000c0e88888dafef6758d90dc5e,INS,2024,20988,,1, HTTP/1.1" 200 116
190.171.152.234 - - [25/Mar/2024:15:53:39 -0300] "GET /cormun/servlet/hpexe_return? HTTP/1.1" 200 1026
190.171.152.234 - - [25/Mar/2024:15:53:39 -0300] "GET /cormun/servlet/trsolicitudadjuntos?2024,20988, HTTP/1.1" 200 9835
190.171.152.234 - - [25/Mar/2024:15:53:42 -0300] "GET /cormun/servlet/solicitudotadjuntos?INS,2024,20988,,1, HTTP/1.1" 200 6331
190.171.152.234 - - [25/Mar/2024:15:53:42 -0300] "GET /cormun/static/about:blank HTTP/1.1" 404 1011
190.171.152.234 - - [25/Mar/2024:15:53:42 -0300] "GET /cormun/servlet/solicitudotadjuntos?5737001af96a2a1eae8bc82de06e5fbe4ba20c6c11f18c891dc4d1f35cf460026024eb66faeb8225765a538f5fee8784,gx-no-cache=1711392871562 HTTP/1.1" 200 30
190.171.152.234 - - [25/Mar/2024:15:53:42 -0300] "POST /cormun/servlet/solicitudotadjuntos?d6dfc000c0e88888dafef6758d90dc5e,INS,2024,20988,,1,,gx-no-cache=1711392871576 HTTP/1.1" 200 4196
190.171.152.234 - - [25/Mar/2024:15:53:46 -0300] "POST /cormun/servlet/solicitudotadjuntos?gx-no-cache=1711392875502 HTTP/1.1" 200 26
190.171.152.234 - - [25/Mar/2024:15:53:51 -0300] "GET /cormun/servlet/solicitudotadjuntos?5737001af96a2a1eae8bc82de06e5fbed3d206999a6fb8397098d912c9e18566,gx-no-cache=1711392880413 HTTP/1.1" 200 30
190.171.152.234 - - [25/Mar/2024:15:53:51 -0300] "GET /cormun/servlet/solicitudotadjuntos?5737001af96a2a1eae8bc82de06e5fbed3d206999a6fb8397098d912c9e18566,gx-no-cache=1711392880430 HTTP/1.1" 200 30
190.171.152.234 - - [25/Mar/2024:15:53:51 -0300] "POST /cormun/servlet/solicitudotadjuntos?d6dfc000c0e88888dafef6758d90dc5e,INS,2024,20988,,1, HTTP/1.1" 200 116
190.171.152.234 - - [25/Mar/2024:15:53:51 -0300] "GET /cormun/servlet/hpexe_return? HTTP/1.1" 200 1026
190.171.152.234 - - [25/Mar/2024:15:53:51 -0300] "GET /cormun/servlet/trsolicitudadjuntos?2024,20988, HTTP/1.1" 200 10044
190.171.152.234 - - [25/Mar/2024:15:53:54 -0300] "GET /cormun/servlet/solicitudotadjuntos?INS,2024,20988,,1, HTTP/1.1" 200 6331
190.171.152.234 - - [25/Mar/2024:15:53:54 -0300] "GET /cormun/static/about:blank HTTP/1.1" 404 1011
190.171.152.234 - - [25/Mar/2024:15:53:55 -0300] "GET /cormun/servlet/solicitudotadjuntos?5737001af96a2a1eae8bc82de06e5fbe4ba20c6c11f18c891dc4d1f35cf460026024eb66faeb8225765a538f5fee8784,gx-no-cache=1711392883810 HTTP/1.1" 200 30
190.171.152.234 - - [25/Mar/2024:15:53:55 -0300] "POST /cormun/servlet/solicitudotadjuntos?d6dfc000c0e88888dafef6758d90dc5e,INS,2024,20988,,1,,gx-no-cache=1711392883833 HTTP/1.1" 200 4196
190.171.152.234 - - [25/Mar/2024:15:53:57 -0300] "POST /cormun/servlet/solicitudotadjuntos?gx-no-cache=1711392886214 HTTP/1.1" 200 26
190.171.152.234 - - [25/Mar/2024:15:54:04 -0300] "GET /cormun/servlet/solicitudotadjuntos?5737001af96a2a1eae8bc82de06e5fbed3d206999a6fb8397098d912c9e18566,gx-no-cache=1711392893469 HTTP/1.1" 200 30
190.171.152.234 - - [25/Mar/2024:15:54:04 -0300] "GET /cormun/servlet/solicitudotadjuntos?5737001af96a2a1eae8bc82de06e5fbed3d206999a6fb8397098d912c9e18566,gx-no-cache=1711392893479 HTTP/1.1" 200 30
190.171.152.234 - - [25/Mar/2024:15:54:04 -0300] "POST /cormun/servlet/solicitudotadjuntos?d6dfc000c0e88888dafef6758d90dc5e,INS,2024,20988,,1, HTTP/1.1" 200 116
190.171.152.234 - - [25/Mar/2024:15:54:04 -0300] "GET /cormun/servlet/hpexe_return? HTTP/1.1" 200 1026
190.171.152.234 - - [25/Mar/2024:15:54:05 -0300] "GET /cormun/servlet/trsolicitudadjuntos?2024,20988, HTTP/1.1" 200 10331
190.171.152.234 - - [25/Mar/2024:15:54:08 -0300] "GET /cormun/servlet/solicitudotadjuntos?INS,2024,20988,,1, HTTP/1.1" 200 6331
190.171.152.234 - - [25/Mar/2024:15:54:08 -0300] "GET /cormun/static/about:blank HTTP/1.1" 404 1011
190.171.152.234 - - [25/Mar/2024:15:54:09 -0300] "GET /cormun/servlet/solicitudotadjuntos?5737001af96a2a1eae8bc82de06e5fbe4ba20c6c11f18c891dc4d1f35cf460026024eb66faeb8225765a538f5fee8784,gx-no-cache=1711392898167 HTTP/1.1" 200 30
190.171.152.234 - - [25/Mar/2024:15:54:09 -0300] "POST /cormun/servlet/solicitudotadjuntos?d6dfc000c0e88888dafef6758d90dc5e,INS,2024,20988,,1,,gx-no-cache=1711392898191 HTTP/1.1" 200 4196
190.171.152.234 - - [25/Mar/2024:15:54:11 -0300] "POST /cormun/servlet/solicitudotadjuntos?gx-no-cache=1711392900077 HTTP/1.1" 200 26
190.171.152.234 - - [25/Mar/2024:15:54:15 -0300] "GET /cormun/servlet/solicitudotadjuntos?5737001af96a2a1eae8bc82de06e5fbed3d206999a6fb8397098d912c9e18566,gx-no-cache=1711392904685 HTTP/1.1" 200 30
190.171.152.234 - - [25/Mar/2024:15:54:15 -0300] "GET /cormun/servlet/solicitudotadjuntos?5737001af96a2a1eae8bc82de06e5fbed3d206999a6fb8397098d912c9e18566,gx-no-cache=1711392904703 HTTP/1.1" 200 30
190.171.152.234 - - [25/Mar/2024:15:54:19 -0300] "POST /cormun/servlet/solicitudotadjuntos?d6dfc000c0e88888dafef6758d90dc5e,INS,2024,20988,,1, HTTP/1.1" 200 116
190.171.152.234 - - [25/Mar/2024:15:54:19 -0300] "GET /cormun/servlet/hpexe_return? HTTP/1.1" 200 1026
190.171.152.234 - - [25/Mar/2024:15:54:20 -0300] "GET /cormun/servlet/trsolicitudadjuntos?2024,20988, HTTP/1.1" 200 10480
190.171.152.234 - - [25/Mar/2024:15:54:23 -0300] "GET /cormun/servlet/trsolicitudot? HTTP/1.1" 200 10921
190.171.152.234 - - [25/Mar/2024:15:54:31 -0300] "POST /cormun/servlet/trsolicitudot?d6dfc000c0e88888dafef6758d90dc5e,,gx-no-cache=1711392917809 HTTP/1.1" 200 7752
190.171.152.234 - - [25/Mar/2024:15:54:31 -0300] "POST /cormun/servlet/trsolicitudot?d6dfc000c0e88888dafef6758d90dc5e,,gx-no-cache=1711392920571 HTTP/1.1" 200 7695
190.171.152.234 - - [25/Mar/2024:15:54:36 -0300] "GET /cormun/servlet/trautorizarsolicitud? HTTP/1.1" 200 8793
190.171.152.234 - - [25/Mar/2024:15:55:07 -0300] "POST /cormun/servlet/trautorizarsolicitud?d6dfc000c0e88888dafef6758d90dc5e,,gx-no-cache=1711392955879 HTTP/1.1" 200 4792
190.171.152.234 - - [25/Mar/2024:15:55:07 -0300] "POST /cormun/servlet/trautorizarsolicitud?d6dfc000c0e88888dafef6758d90dc5e,,gx-no-cache=1711392956220 HTTP/1.1" 200 4559
190.171.149.74 - - [25/Mar/2024:15:55:29 -0300] "GET /cormun/servlet/solicitudotadjuntos?DLT,2024,21081,CARNET,0, HTTP/1.1" 200 5915
190.171.149.74 - - [25/Mar/2024:15:55:30 -0300] "GET /cormun/static/about:blank HTTP/1.1" 404 1011
190.171.149.74 - - [25/Mar/2024:15:55:32 -0300] "POST /cormun/servlet/solicitudotadjuntos?205506acd1c8e13fea78f90718b77af9,DLT,2024,21081,CARNET,0,,gx-no-cache=1711392747369 HTTP/1.1" 200 93
190.171.149.74 - - [25/Mar/2024:15:55:32 -0300] "GET /cormun/servlet/hpexe_return? HTTP/1.1" 200 1034
190.171.149.74 - - [25/Mar/2024:15:55:32 -0300] "GET /cormun/servlet/trsolicitudadjuntos?2024,21081, HTTP/1.1" 200 9996
190.171.149.74 - - [25/Mar/2024:15:55:35 -0300] "GET /cormun/servlet/solicitudotadjuntos?DLT,2024,21081,CARNET,0, HTTP/1.1" 200 5915
190.171.149.74 - - [25/Mar/2024:15:55:35 -0300] "GET /cormun/static/about:blank HTTP/1.1" 404 1011
190.171.149.74 - - [25/Mar/2024:15:55:36 -0300] "POST /cormun/servlet/solicitudotadjuntos?205506acd1c8e13fea78f90718b77af9,DLT,2024,21081,CARNET,0,,gx-no-cache=1711392751865 HTTP/1.1" 200 93
190.171.149.74 - - [25/Mar/2024:15:55:36 -0300] "GET /cormun/servlet/hpexe_return? HTTP/1.1" 200 1034
190.171.149.74 - - [25/Mar/2024:15:55:36 -0300] "GET /cormun/servlet/trsolicitudadjuntos?2024,21081, HTTP/1.1" 200 9790
190.171.149.74 - - [25/Mar/2024:15:55:38 -0300] "GET /cormun/servlet/solicitudotadjuntos?DLT,2024,21081,TITULO,0, HTTP/1.1" 200 5914
190.171.149.74 - - [25/Mar/2024:15:55:38 -0300] "GET /cormun/static/about:blank HTTP/1.1" 404 1011
190.171.149.74 - - [25/Mar/2024:15:55:40 -0300] "POST /cormun/servlet/solicitudotadjuntos?205506acd1c8e13fea78f90718b77af9,DLT,2024,21081,TITULO,0,,gx-no-cache=1711392755280 HTTP/1.1" 200 93
190.171.149.74 - - [25/Mar/2024:15:55:40 -0300] "GET /cormun/servlet/hpexe_return? HTTP/1.1" 200 1034
190.171.149.74 - - [25/Mar/2024:15:55:40 -0300] "GET /cormun/servlet/trsolicitudadjuntos?2024,21081, HTTP/1.1" 200 9569
190.171.149.74 - - [25/Mar/2024:15:55:42 -0300] "GET /cormun/servlet/solicitudotadjuntos?INS,2024,21081,,1, HTTP/1.1" 200 6038
190.171.149.74 - - [25/Mar/2024:15:55:42 -0300] "GET /cormun/static/about:blank HTTP/1.1" 404 1011
190.171.149.74 - - [25/Mar/2024:15:55:43 -0300] "GET /cormun/servlet/solicitudotadjuntos?68f0132cf14850c067f31cd25d07260123ec77e8be9bb85c77706fba0954f84c1cb7371985d4302548db86b04a49a2f2,gx-no-cache=1711392758778 HTTP/1.1" 200 30
190.171.149.74 - - [25/Mar/2024:15:55:43 -0300] "POST /cormun/servlet/solicitudotadjuntos?205506acd1c8e13fea78f90718b77af9,INS,2024,21081,,1,,gx-no-cache=1711392758797 HTTP/1.1" 200 3906
190.171.149.74 - - [25/Mar/2024:15:55:47 -0300] "POST /cormun/servlet/solicitudotadjuntos?gx-no-cache=1711392762800 HTTP/1.1" 200 26
190.171.149.74 - - [25/Mar/2024:15:55:51 -0300] "GET /cormun/servlet/solicitudotadjuntos?68f0132cf14850c067f31cd25d0726018e791b360c9e3a73913dc50ca437d6f8,gx-no-cache=1711392767215 HTTP/1.1" 200 30
190.171.149.74 - - [25/Mar/2024:15:55:51 -0300] "GET /cormun/servlet/solicitudotadjuntos?68f0132cf14850c067f31cd25d0726018e791b360c9e3a73913dc50ca437d6f8,gx-no-cache=1711392767227 HTTP/1.1" 200 30
190.171.149.74 - - [25/Mar/2024:15:55:52 -0300] "POST /cormun/servlet/solicitudotadjuntos?205506acd1c8e13fea78f90718b77af9,INS,2024,21081,,1, HTTP/1.1" 200 116
190.171.149.74 - - [25/Mar/2024:15:55:52 -0300] "GET /cormun/servlet/hpexe_return? HTTP/1.1" 200 1029
190.171.149.74 - - [25/Mar/2024:15:55:52 -0300] "GET /cormun/servlet/trsolicitudadjuntos?2024,21081, HTTP/1.1" 200 9846
190.171.149.74 - - [25/Mar/2024:15:55:55 -0300] "GET /cormun/servlet/solicitudotadjuntos?INS,2024,21081,,1, HTTP/1.1" 200 6038
190.171.149.74 - - [25/Mar/2024:15:55:55 -0300] "GET /cormun/static/about:blank HTTP/1.1" 404 1011
190.171.149.74 - - [25/Mar/2024:15:55:56 -0300] "GET /cormun/servlet/solicitudotadjuntos?68f0132cf14850c067f31cd25d07260123ec77e8be9bb85c77706fba0954f84c1cb7371985d4302548db86b04a49a2f2,gx-no-cache=1711392771514 HTTP/1.1" 200 30
190.171.149.74 - - [25/Mar/2024:15:55:56 -0300] "POST /cormun/servlet/solicitudotadjuntos?205506acd1c8e13fea78f90718b77af9,INS,2024,21081,,1,,gx-no-cache=1711392771532 HTTP/1.1" 200 3906
190.171.149.74 - - [25/Mar/2024:15:55:58 -0300] "POST /cormun/servlet/solicitudotadjuntos?gx-no-cache=1711392773680 HTTP/1.1" 200 26
190.171.149.74 - - [25/Mar/2024:15:56:04 -0300] "GET /cormun/servlet/solicitudotadjuntos?68f0132cf14850c067f31cd25d0726018e791b360c9e3a73913dc50ca437d6f8,gx-no-cache=1711392780031 HTTP/1.1" 200 30
190.171.149.74 - - [25/Mar/2024:15:56:04 -0300] "GET /cormun/servlet/solicitudotadjuntos?68f0132cf14850c067f31cd25d0726018e791b360c9e3a73913dc50ca437d6f8,gx-no-cache=1711392780046 HTTP/1.1" 200 30
190.171.149.74 - - [25/Mar/2024:15:56:04 -0300] "POST /cormun/servlet/solicitudotadjuntos?205506acd1c8e13fea78f90718b77af9,INS,2024,21081,,1, HTTP/1.1" 200 116
190.171.149.74 - - [25/Mar/2024:15:56:04 -0300] "GET /cormun/servlet/hpexe_return? HTTP/1.1" 200 1029
190.171.149.74 - - [25/Mar/2024:15:56:05 -0300] "GET /cormun/servlet/trsolicitudadjuntos?2024,21081, HTTP/1.1" 200 10105
190.171.149.74 - - [25/Mar/2024:15:56:09 -0300] "GET /cormun/servlet/solicitudotadjuntos?INS,2024,21081,,1, HTTP/1.1" 200 6038
190.171.149.74 - - [25/Mar/2024:15:56:10 -0300] "GET /cormun/static/about:blank HTTP/1.1" 404 1011
190.171.149.74 - - [25/Mar/2024:15:56:10 -0300] "GET /cormun/servlet/solicitudotadjuntos?68f0132cf14850c067f31cd25d07260123ec77e8be9bb85c77706fba0954f84c1cb7371985d4302548db86b04a49a2f2,gx-no-cache=1711392786033 HTTP/1.1" 200 30
190.171.149.74 - - [25/Mar/2024:15:56:10 -0300] "POST /cormun/servlet/solicitudotadjuntos?205506acd1c8e13fea78f90718b77af9,INS,2024,21081,,1,,gx-no-cache=1711392786064 HTTP/1.1" 200 3906
190.171.149.74 - - [25/Mar/2024:15:56:14 -0300] "POST /cormun/servlet/solicitudotadjuntos?205506acd1c8e13fea78f90718b77af9,INS,2024,21081,,1,,gx-no-cache=1711392789472 HTTP/1.1" 200 93
190.171.149.74 - - [25/Mar/2024:15:56:14 -0300] "GET /cormun/servlet/hpexe_return? HTTP/1.1" 200 1029
190.171.149.74 - - [25/Mar/2024:15:56:14 -0300] "GET /cormun/servlet/trsolicitudadjuntos?2024,21081, HTTP/1.1" 200 10107
190.171.149.74 - - [25/Mar/2024:15:56:22 -0300] "GET /cormun/servlet/solicitudotadjuntos?INS,2024,21081,,1, HTTP/1.1" 200 6038
190.171.149.74 - - [25/Mar/2024:15:56:22 -0300] "GET /cormun/static/about:blank HTTP/1.1" 404 1011
190.171.149.74 - - [25/Mar/2024:15:56:22 -0300] "GET /cormun/servlet/solicitudotadjuntos?68f0132cf14850c067f31cd25d07260123ec77e8be9bb85c77706fba0954f84c1cb7371985d4302548db86b04a49a2f2,gx-no-cache=1711392798429 HTTP/1.1" 200 30
190.171.149.74 - - [25/Mar/2024:15:56:23 -0300] "POST /cormun/servlet/solicitudotadjuntos?205506acd1c8e13fea78f90718b77af9,INS,2024,21081,,1,,gx-no-cache=1711392798454 HTTP/1.1" 200 3906
190.171.143.106 - - [25/Mar/2024:15:56:23 -0300] "GET /cormun/servlet/hhome HTTP/1.1" 200 3320
190.171.143.106 - - [25/Mar/2024:15:56:24 -0300] "GET /cormun/servlet/hlogin HTTP/1.1" 200 1731
190.171.149.74 - - [25/Mar/2024:15:56:25 -0300] "POST /cormun/servlet/solicitudotadjuntos?gx-no-cache=1711392800591 HTTP/1.1" 200 26
190.171.143.106 - - [25/Mar/2024:15:56:30 -0300] "POST /cormun/servlet/hlogin?9a7f438320659c571be1068db519af99,gx-no-cache=1711393271057 HTTP/1.1" 200 90
190.171.143.106 - - [25/Mar/2024:15:56:30 -0300] "GET /cormun/servlet/hpexe_link HTTP/1.1" 200 952
190.171.143.106 - - [25/Mar/2024:15:56:30 -0300] "GET /cormun/servlet/hhome HTTP/1.1" 200 4260
190.171.149.74 - - [25/Mar/2024:15:56:31 -0300] "GET /cormun/servlet/solicitudotadjuntos?68f0132cf14850c067f31cd25d0726018e791b360c9e3a73913dc50ca437d6f8,gx-no-cache=1711392806887 HTTP/1.1" 200 30
190.171.149.74 - - [25/Mar/2024:15:56:31 -0300] "GET /cormun/servlet/solicitudotadjuntos?68f0132cf14850c067f31cd25d0726018e791b360c9e3a73913dc50ca437d6f8,gx-no-cache=1711392806902 HTTP/1.1" 200 30
190.171.149.74 - - [25/Mar/2024:15:56:31 -0300] "POST /cormun/servlet/solicitudotadjuntos?205506acd1c8e13fea78f90718b77af9,INS,2024,21081,,1, HTTP/1.1" 200 116
190.171.149.74 - - [25/Mar/2024:15:56:31 -0300] "GET /cormun/servlet/hpexe_return? HTTP/1.1" 200 1029
190.171.149.74 - - [25/Mar/2024:15:56:31 -0300] "GET /cormun/servlet/trsolicitudadjuntos?2024,21081, HTTP/1.1" 200 10260
190.171.143.106 - - [25/Mar/2024:15:56:33 -0300] "GET /cormun/servlet/trlicencias? HTTP/1.1" 200 11251
190.171.149.74 - - [25/Mar/2024:15:56:35 -0300] "GET /cormun/servlet/trsolicitudot? HTTP/1.1" 200 8649
190.171.149.74 - - [25/Mar/2024:15:56:38 -0300] "GET /cormun/servlet/solicitudot?INS,0,0,false, HTTP/1.1" 200 15964
190.171.149.74 - - [25/Mar/2024:15:56:45 -0300] "POST /cormun/servlet/solicitudot?gx-no-cache=1711392820567 HTTP/1.1" 200 4031
190.171.149.74 - - [25/Mar/2024:15:56:45 -0300] "POST /cormun/servlet/solicitudot?205506acd1c8e13fea78f90718b77af9,INS,0,0,false,,gx-no-cache=1711392820670 HTTP/1.1" 200 12595
190.171.149.74 - - [25/Mar/2024:15:56:45 -0300] "GET /cormun/servlet/solicitudot?68f0132cf14850c067f31cd25d072601930e6c57fc181d05d27d4af915d6aa95e0174afbb089201fd126d02cfeb90c72,gx-no-cache=1711392820970 HTTP/1.1" 200 30
190.171.143.106 - - [25/Mar/2024:15:56:53 -0300] "GET /cormun/servlet/trbonoreemplazo? HTTP/1.1" 500 10
209.141.55.133 - - [25/Mar/2024:15:56:58 -0300] "GET /manager/html HTTP/1.1" 401 2474
209.141.55.133 - - [25/Mar/2024:15:56:58 -0300] "GET /manager/html HTTP/1.1" 401 2474
190.171.149.74 - - [25/Mar/2024:15:57:49 -0300] "GET /cormun/servlet/prbanco?,MD,,gxPopupLevel%3D0%3B HTTP/1.1" 200 6590
190.171.149.74 - - [25/Mar/2024:15:57:51 -0300] "GET /cormun/servlet/solicitudot?68f0132cf14850c067f31cd25d072601664069dbdc37611b5bc145659c64f03704374a31b292ff8bbf8aa0b7ce6a976af58b668428775cfdc431e637822e66f6,gx-no-cache=1711392886631 HTTP/1.1" 200 30
190.171.149.74 - - [25/Mar/2024:15:57:52 -0300] "GET /cormun/servlet/solicitudot?68f0132cf14850c067f31cd25d072601569462ef2e3c19f920535ba220e1341e,gx-no-cache=1711392887896 HTTP/1.1" 200 53
181.212.47.137 - - [25/Mar/2024:15:57:57 -0300] "GET /cormun/servlet/trsolicitudgral? HTTP/1.1" 200 12041
181.212.47.137 - - [25/Mar/2024:15:58:01 -0300] "GET /cormun/servlet/vesolicitudgral?2024,21021,, HTTP/1.1" 200 8388
181.212.47.137 - - [25/Mar/2024:15:58:01 -0300] "GET /cormun/pexe_scrolldiv.js HTTP/1.1" 404 1009
181.212.47.137 - - [25/Mar/2024:15:58:10 -0300] "GET /cormun/servlet/vesolicitudgral?2024,21021,,SolicitudOTAdjuntos HTTP/1.1" 200 11414
181.212.47.137 - - [25/Mar/2024:15:58:10 -0300] "GET /cormun/pexe_scrolldiv.js HTTP/1.1" 404 1009
181.212.47.137 - - [25/Mar/2024:15:58:12 -0300] "POST /cormun/servlet/acontrolpreferencessavestate?None,RRHH+DANIELA,true HTTP/1.1" 200 35
181.212.47.137 - - [25/Mar/2024:15:58:13 -0300] "GET /cormun/servlet/vesolicitudgral?2024,21021,,General HTTP/1.1" 200 8392
181.212.47.137 - - [25/Mar/2024:15:58:13 -0300] "GET /cormun/pexe_scrolldiv.js HTTP/1.1" 404 1009
190.171.149.74 - - [25/Mar/2024:15:58:13 -0300] "POST /cormun/servlet/solicitudot?gx-no-cache=1711392909119 HTTP/1.1" 200 240
190.171.149.74 - - [25/Mar/2024:15:58:15 -0300] "GET /cormun/servlet/solicitudot?68f0132cf14850c067f31cd25d07260123000177ec1d7d2f966c75146cb3d24be931a0e7454852057dc815db99fc2181bf4f0619bb8bf98e95f8ce06162260f89a1abddcc23b80fabcdd873b5df08caa2e158a6e7fac4c4cbdcd3d4324a24df87135d8013bd174ae98741da42eb43364157f396d554807f18c59410a79976ffae8027fa214a8abb7693938ad0ff9554f07479818e97fc8f3648fbd9da4350486940ebede339e57f96c75d8f76b2d1340729c924a55b5ded649362f5c0c4e586e606f9c6386505c1aa3d28097c484a8a7029b6aed135b170fb9d67f01a0fb47e1625b21df1d89859b51e00be40d8df4bac44913af41deb833cc769aa965033521a55ed044fa7cf844bb865ce086da69fad5f1107b899a7ab8dbddca656edd0e290a6bc2edae9347eb7acda96da9ff039de246a00c2a5d13077a1b8a8027b3a69cd44048413067469c0b956dad1602726e412c35e343d8db3619f8870492d058dbd140e0265b20dcdff6e208b3843a08e0545f75aec96b7dabbc77ae0d36009235,gx-no-cache=1711392910504 HTTP/1.1" 200 30
190.171.149.74 - - [25/Mar/2024:15:58:18 -0300] "POST /cormun/servlet/solicitudot?gx-no-cache=1711392914055 HTTP/1.1" 200 30
190.171.149.74 - - [25/Mar/2024:15:58:25 -0300] "POST /cormun/servlet/solicitudot?gx-no-cache=1711392920818 HTTP/1.1" 200 1474
190.171.149.74 - - [25/Mar/2024:15:58:28 -0300] "GET /cormun/servlet/prlicenciaspermisos?9187329,L,,MD,,gxPopupLevel%3D0%3B HTTP/1.1" 200 7731
190.171.149.74 - - [25/Mar/2024:15:58:32 -0300] "POST /cormun/servlet/solicitudot?gx-no-cache=1711392927923 HTTP/1.1" 200 41
190.171.149.74 - - [25/Mar/2024:15:58:39 -0300] "GET /cormun/servlet/solicitudot?68f0132cf14850c067f31cd25d072601490dc2b3463006618995f268a01803e7758a2db9be8ce5d76780955c8ac42b99f558cc753f7af6f3e4a9307c6120fd64f8b77a74d5ec961742e6ff69048fb84b2d0dbb4f723379bae324caec0e386c35e843ec8da333a963bdad5b3c4d5baade,gx-no-cache=1711392935015 HTTP/1.1" 200 110
190.171.149.74 - - [25/Mar/2024:15:58:39 -0300] "POST /cormun/servlet/solicitudot?gx-no-cache=1711392935048 HTTP/1.1" 200 97
190.171.149.74 - - [25/Mar/2024:15:58:48 -0300] "POST /cormun/servlet/solicitudot?gx-no-cache=1711392943503 HTTP/1.1" 200 256
190.171.149.74 - - [25/Mar/2024:15:58:49 -0300] "GET /cormun/servlet/solicitudot?68f0132cf14850c067f31cd25d07260123000177ec1d7d2f966c75146cb3d24b315e1bef6090c996acaba89c63605aa1bf4f0619bb8bf98e95f8ce06162260f89a1abddcc23b80fabcdd873b5df08caa2e158a6e7fac4c4cbdcd3d4324a24df87135d8013bd174ae98741da42eb43364157f396d554807f18c59410a79976ffae8027fa214a8abb7693938ad0ff9554f07479818e97fc8f3648fbd9da4350486940ebede339e57f96c75d8f76b2d1340729c924a55b5ded649362f5c0c4e586e606f9c6386505c1aa3d28097c484a8a7029b6aed135b170fb9d67f01a0fb47e1625b21df1d89859b51e00be40d8df4bac44913af41deb833cc769aa965033521a55ed044fa7cf844bb865ce086da69fad5f1107b899a7ab8dbddca656edd0e290a6bc2edae9347eb7acda96da9ff039de246a00c2a5d13077a1b8a8027b3a69cd44048413067469c0b956dad1602726e412c35e343d8db3619f8870492d058dbd140e0265b20dcdff6e208b3843a08e0e8259e85b899c6abe27f34c695e0be8d,gx-no-cache=1711392945042 HTTP/1.1" 200 30
181.212.47.137 - - [25/Mar/2024:15:58:55 -0300] "GET /cormun/servlet/vesolicitudgral?2024,21021,,SolicitudOTAdjuntos HTTP/1.1" 200 11419
181.212.47.137 - - [25/Mar/2024:15:58:55 -0300] "GET /cormun/pexe_scrolldiv.js HTTP/1.1" 404 1009
181.212.47.137 - - [25/Mar/2024:15:58:56 -0300] "POST /cormun/servlet/acontrolpreferencessavestate?None,RRHH+DANIELA,true HTTP/1.1" 200 35
181.212.47.137 - - [25/Mar/2024:15:58:57 -0300] "GET /cormun/PublicTempStorage/cedula_de_identidad_%281%297273031.pdf HTTP/1.1" 200 500002
190.171.149.74 - - [25/Mar/2024:15:58:57 -0300] "POST /cormun/servlet/solicitudot?gx-no-cache=1711392953166 HTTP/1.1" 200 242
190.171.149.74 - - [25/Mar/2024:15:58:58 -0300] "GET /cormun/servlet/solicitudot?68f0132cf14850c067f31cd25d07260123000177ec1d7d2f966c75146cb3d24be931a0e7454852057dc815db99fc2181bf4f0619bb8bf98e95f8ce06162260f89a1abddcc23b80fabcdd873b5df08caa2e158a6e7fac4c4cbdcd3d4324a24df87135d8013bd174ae98741da42eb43364157f396d554807f18c59410a79976ffae8027fa214a8abb7693938ad0ff9554f07479818e97fc8f3648fbd9da4350486940ebede339e57f96c75d8f76b2d1340729c924a55b5ded649362f5c0c4e586e606f9c6386505c1aa3d28097c484a8a7029b6aed135b170fb9d67f01a0fb47e1625b21df1d89859b51e00be40d8df4bac44913af41deb833cc769aa965033521a55ed044fa7cf844bb865ce086da69fad5f1107b899a7ab8dbddca656edd0e290a6bc2edae9347eb7acda96da9ff039de246a00c2a5d13077a1b8a8027b3a69cd44048413067469c0b956dad1602726e412c35e343d8db3619f8870492d058dbd140e0265b20dcdff6e208b3843a08e0e8259e85b899c6abe27f34c695e0be8d,gx-no-cache=1711392954114 HTTP/1.1" 200 30
190.171.149.74 - - [25/Mar/2024:15:59:01 -0300] "POST /cormun/servlet/solicitudot?gx-no-cache=1711392956822 HTTP/1.1" 200 30
190.171.149.74 - - [25/Mar/2024:15:59:04 -0300] "POST /cormun/servlet/solicitudot?gx-no-cache=1711392959639 HTTP/1.1" 200 30
190.171.149.74 - - [25/Mar/2024:15:59:06 -0300] "POST /cormun/servlet/solicitudot?gx-no-cache=1711392961596 HTTP/1.1" 200 1474
190.171.149.74 - - [25/Mar/2024:15:59:06 -0300] "POST /cormun/servlet/solicitudot?gx-no-cache=1711392962082 HTTP/1.1" 200 41
190.171.149.74 - - [25/Mar/2024:15:59:06 -0300] "GET /cormun/servlet/solicitudot?68f0132cf14850c067f31cd25d072601490dc2b3463006618995f268a01803e7758a2db9be8ce5d76780955c8ac42b99f558cc753f7af6f3e4a9307c6120fd64f8b77a74d5ec961742e6ff69048fb84b2d0dbb4f723379bae324caec0e386c35e843ec8da333a963bdad5b3c4d5baade,gx-no-cache=1711392962125 HTTP/1.1" 200 110
181.212.47.137 - - [25/Mar/2024:15:59:15 -0300] "GET /cormun/servlet/vesolicitudgral?2024,21021,,SolicitudOTAdjuntos HTTP/1.1" 200 11417
181.212.47.137 - - [25/Mar/2024:15:59:16 -0300] "POST /cormun/servlet/acontrolpreferencessavestate?None,RRHH+DANIELA,true HTTP/1.1" 200 35
190.171.149.74 - - [25/Mar/2024:15:59:21 -0300] "POST /cormun/servlet/solicitudot?gx-no-cache=1711392977057 HTTP/1.1" 200 72
190.171.149.74 - - [25/Mar/2024:15:59:27 -0300] "GET /cormun/servlet/solicitudot?68f0132cf14850c067f31cd25d072601c480e2354522173c1871a40fec97aed02e5f9a87037da67702938e343e4e107e4d9960fab7ba69cb267f40bec6316616a9cfdb4cfe744f0131d6d3345a719845d3c945e19f3b2596b9856da82825e0be7c19cd35df437ebfaf209844605a0ce2,gx-no-cache=1711392982750 HTTP/1.1" 200 29
190.171.149.74 - - [25/Mar/2024:15:59:27 -0300] "GET /cormun/static/menuarrow.gif HTTP/1.1" 404 1015
190.171.149.74 - - [25/Mar/2024:15:59:30 -0300] "GET /cormun/servlet/solicitudot?68f0132cf14850c067f31cd25d07260196802532efd59acbdcb49b0396677f54893f0db84434ca25b80c98092f621d53,gx-no-cache=1711392985855 HTTP/1.1" 200 30
190.171.149.74 - - [25/Mar/2024:15:59:30 -0300] "POST /cormun/servlet/solicitudot?gx-no-cache=1711392985898 HTTP/1.1" 200 34
181.212.47.137 - - [25/Mar/2024:15:59:33 -0300] "GET /cormun/PublicTempStorage/certificado_de_a.f.p.6762174.pdf HTTP/1.1" 200 590428
190.171.149.74 - - [25/Mar/2024:15:59:33 -0300] "POST /cormun/servlet/solicitudot?205506acd1c8e13fea78f90718b77af9,INS,0,0,false,,gx-no-cache=1711392989104 HTTP/1.1" 200 93
190.171.149.74 - - [25/Mar/2024:15:59:33 -0300] "GET /cormun/servlet/hpexe_return? HTTP/1.1" 200 1013
190.171.149.74 - - [25/Mar/2024:15:59:34 -0300] "GET /cormun/servlet/trsolicitudot HTTP/1.1" 200 8959
181.212.47.137 - - [25/Mar/2024:15:59:36 -0300] "GET /cormun/servlet/vesolicitudgral?2024,21021,,SolicitudOTAdjuntos HTTP/1.1" 200 11416
181.212.47.137 - - [25/Mar/2024:15:59:37 -0300] "POST /cormun/servlet/acontrolpreferencessavestate?None,RRHH+DANIELA,true HTTP/1.1" 200 35
181.212.47.137 - - [25/Mar/2024:15:59:43 -0300] "GET /cormun/servlet/vesolicitudgral?2024,21021,,General HTTP/1.1" 200 8392
