190.171.149.82 - - [25/Mar/2024:15:38:26 -0300] "GET /cormun/servlet/hpexe_return? HTTP/1.1" 200 1028
190.171.149.82 - - [25/Mar/2024:15:38:26 -0300] "GET /cormun/servlet/trsolicitudadjuntos?2024,21080, HTTP/1.1" 200 8962
190.171.143.82 - - [25/Mar/2024:15:38:29 -0300] "GET /cormun/servlet/trpermisosgoce? HTTP/1.1" 200 9550
190.171.143.82 - - [25/Mar/2024:15:38:29 -0300] "GET /cormun/static/gxcfg.js?2020121631564 HTTP/1.1" 200 953
190.171.143.82 - - [25/Mar/2024:15:38:29 -0300] "GET /cormun/static/trpermisosgoce.js?2020121633681 HTTP/1.1" 200 35904
190.171.149.82 - - [25/Mar/2024:15:38:30 -0300] "GET /cormun/servlet/solicitudotadjuntos?INS,2024,21080,,1, HTTP/1.1" 200 5977
190.171.149.82 - - [25/Mar/2024:15:38:30 -0300] "GET /cormun/static/about:blank HTTP/1.1" 404 1011
190.171.149.82 - - [25/Mar/2024:15:38:30 -0300] "GET /cormun/servlet/solicitudotadjuntos?d25b575b73533d60a7c1b1867d0041a9661b650d19e309ab4b80b822bae13f2030ca7824b23c210cd7efcb800e823e2e,gx-no-cache=1711391725978 HTTP/1.1" 200 30
190.171.149.82 - - [25/Mar/2024:15:38:31 -0300] "POST /cormun/servlet/solicitudotadjuntos?e16473463e1f5e6251002bd62e1ae8a1,INS,2024,21080,,1,,gx-no-cache=1711391726015 HTTP/1.1" 200 3862
190.171.149.82 - - [25/Mar/2024:15:38:34 -0300] "POST /cormun/servlet/solicitudotadjuntos?gx-no-cache=1711391729574 HTTP/1.1" 200 26
190.171.149.82 - - [25/Mar/2024:15:38:50 -0300] "GET /cormun/servlet/solicitudotadjuntos?d25b575b73533d60a7c1b1867d0041a9f5ca630ef298606ee267a282ce1afaa4,gx-no-cache=1711391745254 HTTP/1.1" 200 30
190.171.149.82 - - [25/Mar/2024:15:38:50 -0300] "GET /cormun/servlet/solicitudotadjuntos?d25b575b73533d60a7c1b1867d0041a9f5ca630ef298606ee267a282ce1afaa4,gx-no-cache=1711391745270 HTTP/1.1" 200 30
190.171.149.82 - - [25/Mar/2024:15:38:50 -0300] "POST /cormun/servlet/solicitudotadjuntos?e16473463e1f5e6251002bd62e1ae8a1,INS,2024,21080,,1, HTTP/1.1" 200 116
190.171.149.82 - - [25/Mar/2024:15:38:50 -0300] "GET /cormun/servlet/hpexe_return? HTTP/1.1" 200 1022
190.171.149.82 - - [25/Mar/2024:15:38:50 -0300] "GET /cormun/servlet/trsolicitudadjuntos?2024,21080, HTTP/1.1" 200 9202
181.212.47.136 - - [25/Mar/2024:15:38:56 -0300] "GET /cormun/servlet/hlogin HTTP/1.1" 200 1725
209.141.55.133 - - [25/Mar/2024:15:39:00 -0300] "GET /manager/html HTTP/1.1" 401 2474
209.141.55.133 - - [25/Mar/2024:15:39:00 -0300] "GET /manager/html HTTP/1.1" 401 2474
181.212.47.136 - - [25/Mar/2024:15:39:05 -0300] "POST /cormun/servlet/hlogin?c8e0d7dcf949f1d2bb5e36ec650b8a0a,gx-no-cache=1711391745367 HTTP/1.1" 200 90
181.212.47.136 - - [25/Mar/2024:15:39:05 -0300] "GET /cormun/servlet/hpexe_link HTTP/1.1" 200 953
181.212.47.136 - - [25/Mar/2024:15:39:06 -0300] "GET /cormun/servlet/hhome HTTP/1.1" 200 3943
181.212.47.136 - - [25/Mar/2024:15:39:08 -0300] "GET /cormun/servlet/trsolicitudot? HTTP/1.1" 200 7160
181.212.47.136 - - [25/Mar/2024:15:39:08 -0300] "GET /cormun/static/gxcfg.js?20221129846531 HTTP/1.1" 200 953
181.212.47.136 - - [25/Mar/2024:15:39:08 -0300] "GET /cormun/static/trsolicitudot.js?202211298465651 HTTP/1.1" 200 54040
181.212.47.136 - - [25/Mar/2024:15:39:11 -0300] "GET /cormun/servlet/solicitudot?INS,0,0,false, HTTP/1.1" 200 15916
181.212.47.136 - - [25/Mar/2024:15:39:11 -0300] "GET /cormun/static/gxcfg.js?20221129840861 HTTP/1.1" 200 953
181.212.47.136 - - [25/Mar/2024:15:39:11 -0300] "GET /cormun/static/Resources/prompt.gif HTTP/1.1" 200 902
181.212.47.136 - - [25/Mar/2024:15:39:11 -0300] "GET /cormun/static/solicitudot.js?20221129840983 HTTP/1.1" 200 74072
190.171.149.82 - - [25/Mar/2024:15:39:21 -0300] "GET /cormun/servlet/solicitudotadjuntos?INS,2024,21080,,1, HTTP/1.1" 200 5977
190.171.149.82 - - [25/Mar/2024:15:39:21 -0300] "GET /cormun/static/about:blank HTTP/1.1" 404 1011
190.171.149.82 - - [25/Mar/2024:15:39:22 -0300] "GET /cormun/servlet/solicitudotadjuntos?d25b575b73533d60a7c1b1867d0041a9661b650d19e309ab4b80b822bae13f2030ca7824b23c210cd7efcb800e823e2e,gx-no-cache=1711391777114 HTTP/1.1" 200 30
190.171.149.82 - - [25/Mar/2024:15:39:22 -0300] "POST /cormun/servlet/solicitudotadjuntos?e16473463e1f5e6251002bd62e1ae8a1,INS,2024,21080,,1,,gx-no-cache=1711391777141 HTTP/1.1" 200 3863
181.212.47.136 - - [25/Mar/2024:15:39:25 -0300] "POST /cormun/servlet/solicitudot?gx-no-cache=1711391764883 HTTP/1.1" 200 4031
181.212.47.136 - - [25/Mar/2024:15:39:25 -0300] "POST /cormun/servlet/solicitudot?c8e0d7dcf949f1d2bb5e36ec650b8a0a,INS,0,0,false,,gx-no-cache=1711391764993 HTTP/1.1" 200 12607
190.171.149.82 - - [25/Mar/2024:15:39:25 -0300] "POST /cormun/servlet/solicitudotadjuntos?gx-no-cache=1711391780599 HTTP/1.1" 200 26
190.171.149.82 - - [25/Mar/2024:15:39:39 -0300] "GET /cormun/servlet/solicitudotadjuntos?d25b575b73533d60a7c1b1867d0041a9f5ca630ef298606ee267a282ce1afaa4,gx-no-cache=1711391794213 HTTP/1.1" 200 30
190.171.149.82 - - [25/Mar/2024:15:39:39 -0300] "GET /cormun/servlet/solicitudotadjuntos?d25b575b73533d60a7c1b1867d0041a9f5ca630ef298606ee267a282ce1afaa4,gx-no-cache=1711391794313 HTTP/1.1" 200 30
190.171.149.82 - - [25/Mar/2024:15:39:39 -0300] "POST /cormun/servlet/solicitudotadjuntos?e16473463e1f5e6251002bd62e1ae8a1,INS,2024,21080,,1, HTTP/1.1" 200 116
190.171.149.82 - - [25/Mar/2024:15:39:39 -0300] "GET /cormun/servlet/hpexe_return? HTTP/1.1" 200 1022
190.171.149.82 - - [25/Mar/2024:15:39:39 -0300] "GET /cormun/servlet/trsolicitudadjuntos?2024,21080, HTTP/1.1" 200 9434
181.212.47.136 - - [25/Mar/2024:15:39:41 -0300] "GET /cormun/servlet/hlogin HTTP/1.1" 200 1749
190.171.149.82 - - [25/Mar/2024:15:39:51 -0300] "GET /cormun/servlet/solicitudotadjuntos?INS,2024,21080,,1, HTTP/1.1" 200 5977
190.171.149.82 - - [25/Mar/2024:15:39:51 -0300] "GET /cormun/static/about:blank HTTP/1.1" 404 1011
190.171.149.82 - - [25/Mar/2024:15:39:52 -0300] "GET /cormun/servlet/solicitudotadjuntos?d25b575b73533d60a7c1b1867d0041a9661b650d19e309ab4b80b822bae13f2030ca7824b23c210cd7efcb800e823e2e,gx-no-cache=1711391807194 HTTP/1.1" 200 30
190.171.149.82 - - [25/Mar/2024:15:39:52 -0300] "POST /cormun/servlet/solicitudotadjuntos?e16473463e1f5e6251002bd62e1ae8a1,INS,2024,21080,,1,,gx-no-cache=1711391807244 HTTP/1.1" 200 3863
190.171.149.82 - - [25/Mar/2024:15:39:57 -0300] "POST /cormun/servlet/solicitudotadjuntos?gx-no-cache=1711391812867 HTTP/1.1" 200 26
190.171.149.82 - - [25/Mar/2024:15:40:06 -0300] "GET /cormun/servlet/solicitudotadjuntos?d25b575b73533d60a7c1b1867d0041a9f5ca630ef298606ee267a282ce1afaa4,gx-no-cache=1711391821641 HTTP/1.1" 200 30
190.171.149.82 - - [25/Mar/2024:15:40:06 -0300] "GET /cormun/servlet/solicitudotadjuntos?d25b575b73533d60a7c1b1867d0041a9f5ca630ef298606ee267a282ce1afaa4,gx-no-cache=1711391821665 HTTP/1.1" 200 30
190.171.149.82 - - [25/Mar/2024:15:40:06 -0300] "POST /cormun/servlet/solicitudotadjuntos?e16473463e1f5e6251002bd62e1ae8a1,INS,2024,21080,,1, HTTP/1.1" 200 116
190.171.149.82 - - [25/Mar/2024:15:40:06 -0300] "GET /cormun/servlet/hpexe_return? HTTP/1.1" 200 1022
190.171.149.82 - - [25/Mar/2024:15:40:06 -0300] "GET /cormun/servlet/trsolicitudadjuntos?2024,21080, HTTP/1.1" 200 9706
181.212.47.137 - - [25/Mar/2024:15:40:15 -0300] "GET /cormun/servlet/trsolicitudgral? HTTP/1.1" 200 24527
181.212.47.137 - - [25/Mar/2024:15:40:23 -0300] "POST /cormun/servlet/trsolicitudgral?55b2c0d76ae02f8df6a389fe21348db0,,gx-no-cache=1711391823424 HTTP/1.1" 200 7193
181.212.47.137 - - [25/Mar/2024:15:40:26 -0300] "GET /cormun/servlet/vesolicitudgral?2024,21021,, HTTP/1.1" 200 8388
181.212.47.137 - - [25/Mar/2024:15:40:26 -0300] "GET /cormun/pexe_scrolldiv.js HTTP/1.1" 404 1009
181.212.47.137 - - [25/Mar/2024:15:40:35 -0300] "GET /cormun/servlet/vesolicitudgral?2024,21021,,SolicitudOTAdjuntos HTTP/1.1" 200 11412
181.212.47.137 - - [25/Mar/2024:15:40:35 -0300] "GET /cormun/pexe_scrolldiv.js HTTP/1.1" 404 1009
190.171.143.82 - - [25/Mar/2024:15:40:36 -0300] "POST /cormun/servlet/trpermisosgoce?ec6b5dea651f3ab2b65a4a46100ff30d,,gx-no-cache=1711391826953 HTTP/1.1" 200 4482
181.212.47.137 - - [25/Mar/2024:15:40:36 -0300] "POST /cormun/servlet/acontrolpreferencessavestate?None,RRHH+DANIELA,true HTTP/1.1" 200 35
181.212.47.137 - - [25/Mar/2024:15:40:37 -0300] "GET /cormun/PublicTempStorage/cedula_de_identidad_%281%294319497.pdf HTTP/1.1" 200 500002
190.171.143.82 - - [25/Mar/2024:15:40:37 -0300] "POST /cormun/servlet/trpermisosgoce?ec6b5dea651f3ab2b65a4a46100ff30d,,gx-no-cache=1711391828403 HTTP/1.1" 200 4482
190.171.149.82 - - [25/Mar/2024:15:40:40 -0300] "GET /cormun/servlet/solicitudotadjuntos?INS,2024,21080,,1, HTTP/1.1" 200 5977
190.171.149.82 - - [25/Mar/2024:15:40:40 -0300] "GET /cormun/static/about:blank HTTP/1.1" 404 1011
190.171.149.82 - - [25/Mar/2024:15:40:40 -0300] "GET /cormun/servlet/solicitudotadjuntos?d25b575b73533d60a7c1b1867d0041a9661b650d19e309ab4b80b822bae13f2030ca7824b23c210cd7efcb800e823e2e,gx-no-cache=1711391855896 HTTP/1.1" 200 30
190.171.149.82 - - [25/Mar/2024:15:40:40 -0300] "POST /cormun/servlet/solicitudotadjuntos?e16473463e1f5e6251002bd62e1ae8a1,INS,2024,21080,,1,,gx-no-cache=1711391855931 HTTP/1.1" 200 3862
190.171.149.82 - - [25/Mar/2024:15:40:44 -0300] "POST /cormun/servlet/solicitudotadjuntos?gx-no-cache=1711391859867 HTTP/1.1" 200 26
190.171.149.82 - - [25/Mar/2024:15:40:52 -0300] "GET /cormun/servlet/solicitudotadjuntos?d25b575b73533d60a7c1b1867d0041a9f5ca630ef298606ee267a282ce1afaa4,gx-no-cache=1711391867789 HTTP/1.1" 200 30
190.171.149.82 - - [25/Mar/2024:15:40:52 -0300] "GET /cormun/servlet/solicitudotadjuntos?d25b575b73533d60a7c1b1867d0041a9f5ca630ef298606ee267a282ce1afaa4,gx-no-cache=1711391867804 HTTP/1.1" 200 30
190.171.149.82 - - [25/Mar/2024:15:40:52 -0300] "POST /cormun/servlet/solicitudotadjuntos?e16473463e1f5e6251002bd62e1ae8a1,INS,2024,21080,,1, HTTP/1.1" 200 116
190.171.149.82 - - [25/Mar/2024:15:40:52 -0300] "GET /cormun/servlet/hpexe_return? HTTP/1.1" 200 1022
190.171.149.82 - - [25/Mar/2024:15:40:53 -0300] "GET /cormun/servlet/trsolicitudadjuntos?2024,21080, HTTP/1.1" 200 9983
190.171.149.82 - - [25/Mar/2024:15:41:05 -0300] "GET /cormun/servlet/solicitudotadjuntos?INS,2024,21080,,1, HTTP/1.1" 200 5977
190.171.149.82 - - [25/Mar/2024:15:41:05 -0300] "GET /cormun/static/about:blank HTTP/1.1" 404 1011
190.171.149.82 - - [25/Mar/2024:15:41:06 -0300] "GET /cormun/servlet/solicitudotadjuntos?d25b575b73533d60a7c1b1867d0041a9661b650d19e309ab4b80b822bae13f2030ca7824b23c210cd7efcb800e823e2e,gx-no-cache=1711391881363 HTTP/1.1" 200 30
190.171.149.82 - - [25/Mar/2024:15:41:06 -0300] "POST /cormun/servlet/solicitudotadjuntos?e16473463e1f5e6251002bd62e1ae8a1,INS,2024,21080,,1,,gx-no-cache=1711391881398 HTTP/1.1" 200 3862
190.171.149.82 - - [25/Mar/2024:15:41:09 -0300] "POST /cormun/servlet/solicitudotadjuntos?gx-no-cache=1711391884126 HTTP/1.1" 200 26
181.212.40.185 - - [25/Mar/2024:15:41:13 -0300] "GET /cormun/servlet/trpermisosgoce? HTTP/1.1" 200 12613
181.212.40.185 - - [25/Mar/2024:15:41:16 -0300] "GET /cormun/servlet/permisogoce?INS,0,,, HTTP/1.1" 200 7080
190.171.149.74 - - [25/Mar/2024:15:41:18 -0300] "GET /cormun/servlet/trlicencias? HTTP/1.1" 200 11058
190.171.149.82 - - [25/Mar/2024:15:41:19 -0300] "GET /cormun/servlet/solicitudotadjuntos?d25b575b73533d60a7c1b1867d0041a9f5ca630ef298606ee267a282ce1afaa4,gx-no-cache=1711391894389 HTTP/1.1" 200 30
190.171.149.82 - - [25/Mar/2024:15:41:19 -0300] "GET /cormun/servlet/solicitudotadjuntos?d25b575b73533d60a7c1b1867d0041a9f5ca630ef298606ee267a282ce1afaa4,gx-no-cache=1711391894401 HTTP/1.1" 200 30
190.171.149.82 - - [25/Mar/2024:15:41:19 -0300] "POST /cormun/servlet/solicitudotadjuntos?e16473463e1f5e6251002bd62e1ae8a1,INS,2024,21080,,1, HTTP/1.1" 200 116
190.171.149.82 - - [25/Mar/2024:15:41:19 -0300] "GET /cormun/servlet/hpexe_return? HTTP/1.1" 200 1022
190.171.149.82 - - [25/Mar/2024:15:41:19 -0300] "GET /cormun/servlet/trsolicitudadjuntos?2024,21080, HTTP/1.1" 200 10179
181.212.40.185 - - [25/Mar/2024:15:41:22 -0300] "GET /cormun/servlet/permisogoce?6ec8a312059a5dbff522f8e5917a2acaa76db078f2ad663a36cde37afcdabdd856811655cd2995a55cdf5780ce1f9518174968aa3449e47ead584266d25652fb,gx-no-cache=1711391898731 HTTP/1.1" 200 83
181.212.40.185 - - [25/Mar/2024:15:41:24 -0300] "GET /cormun/static/menuarrow.gif HTTP/1.1" 404 1015
181.212.40.185 - - [25/Mar/2024:15:41:29 -0300] "GET /cormun/servlet/permisogoce?6ec8a312059a5dbff522f8e5917a2aca5210eadb299e418cffb35b5647980482b8b5144db4d185829ef6afe4eda0d4c5756c1a3af66989427a069dbecd6b62e8,gx-no-cache=1711391905849 HTTP/1.1" 200 46
190.171.149.82 - - [25/Mar/2024:15:41:36 -0300] "GET /cormun/servlet/trvisualizadoreventos? HTTP/1.1" 200 6679
190.171.149.82 - - [25/Mar/2024:15:41:40 -0300] "GET /cormun/servlet/trsolicitudot? HTTP/1.1" 200 9373
181.212.40.185 - - [25/Mar/2024:15:41:48 -0300] "POST /cormun/servlet/permisogoce?9927713c580d1866afbd58cca622c000,INS,0,,,,gx-no-cache=1711391924807 HTTP/1.1" 200 93
181.212.40.185 - - [25/Mar/2024:15:41:49 -0300] "GET /cormun/servlet/hpexe_return? HTTP/1.1" 200 1008
181.212.40.185 - - [25/Mar/2024:15:41:49 -0300] "GET /cormun/servlet/trpermisosgoce HTTP/1.1" 200 12973
181.212.40.185 - - [25/Mar/2024:15:41:56 -0300] "GET /cormun/servlet/trpermisosadjuntos?20071017,20240325153756,P, HTTP/1.1" 200 6525
181.212.40.185 - - [25/Mar/2024:15:41:57 -0300] "GET /cormun/servlet/permisosadjuntos?INS,20071017,P,20240325153756,, HTTP/1.1" 200 5851
181.212.40.185 - - [25/Mar/2024:15:41:58 -0300] "GET /cormun/static/about:blank HTTP/1.1" 404 1011
181.212.40.185 - - [25/Mar/2024:15:42:15 -0300] "POST /cormun/servlet/permisosadjuntos?9927713c580d1866afbd58cca622c000,INS,20071017,P,20240325153756,, HTTP/1.1" 200 116
181.212.40.185 - - [25/Mar/2024:15:42:15 -0300] "GET /cormun/servlet/hpexe_return? HTTP/1.1" 200 1035
181.212.40.185 - - [25/Mar/2024:15:42:15 -0300] "GET /cormun/servlet/trpermisosadjuntos?20071017,20240325153756,P, HTTP/1.1" 200 7065
181.212.47.137 - - [25/Mar/2024:15:42:20 -0300] "GET /cormun/servlet/vesolicitudgral?2024,21021,,SolicitudOTAdjuntos HTTP/1.1" 200 11415
181.212.47.137 - - [25/Mar/2024:15:42:21 -0300] "POST /cormun/servlet/acontrolpreferencessavestate?None,RRHH+DANIELA,true HTTP/1.1" 200 35
181.212.47.137 - - [25/Mar/2024:15:42:21 -0300] "GET /cormun/servlet/vesolicitudgral?2024,21021,,General HTTP/1.1" 200 8392
181.212.47.137 - - [25/Mar/2024:15:42:22 -0300] "GET /cormun/pexe_scrolldiv.js HTTP/1.1" 404 1009
181.212.40.185 - - [25/Mar/2024:15:42:27 -0300] "POST /cormun/servlet/trpermisosadjuntos?9927713c580d1866afbd58cca622c000,20071017,20240325153756,P,,gx-no-cache=1711391964255 HTTP/1.1" 200 90
181.212.40.185 - - [25/Mar/2024:15:42:27 -0300] "GET /cormun/servlet/hpexe_link HTTP/1.1" 200 979
181.212.40.185 - - [25/Mar/2024:15:42:28 -0300] "GET /cormun/servlet/trpermisosgoce HTTP/1.1" 200 12970
181.212.40.185 - - [25/Mar/2024:15:42:31 -0300] "POST /cormun/servlet/trpermisosgoce?9927713c580d1866afbd58cca622c000,gx-no-cache=1711391967240 HTTP/1.1" 200 10165
181.212.40.185 - - [25/Mar/2024:15:42:31 -0300] "GET /cormun/static/Shared/jqueryui/images/ui-icons_82798d_256x240.png HTTP/1.1" 404 1089
181.212.40.185 - - [25/Mar/2024:15:42:31 -0300] "GET /cormun/static/Shared/jqueryui/images/ui-bg_highlight-soft_100_c6c2c8_1x100.png HTTP/1.1" 404 1117
181.212.40.185 - - [25/Mar/2024:15:42:31 -0300] "GET /cormun/static/Shared/jqueryui/images/ui-bg_flat_55_fafafa_40x100.png HTTP/1.1" 404 1097
181.212.40.185 - - [25/Mar/2024:15:42:31 -0300] "GET /cormun/static/Shared/jqueryui/images/ui-icons_8d78a5_256x240.png HTTP/1.1" 404 1089
181.212.40.185 - - [25/Mar/2024:15:42:34 -0300] "GET /cormun/servlet/permisogoce?INS,0,,, HTTP/1.1" 200 7080
181.212.40.185 - - [25/Mar/2024:15:42:42 -0300] "GET /cormun/servlet/permisogoce?6ec8a312059a5dbff522f8e5917a2aca33b0bad7bd179bbab7f65ce11473eddc56811655cd2995a55cdf5780ce1f9518174968aa3449e47ead584266d25652fb,gx-no-cache=1711391978451 HTTP/1.1" 200 88
181.212.40.185 - - [25/Mar/2024:15:42:51 -0300] "GET /cormun/servlet/permisogoce?6ec8a312059a5dbff522f8e5917a2acac4da67894519a4713b701ed33ad0dd2aa61927c35b21a4ea0c5e7a840fb6318c1b037f5fb40c09db42f91fda302ef4c6,gx-no-cache=1711391988274 HTTP/1.1" 200 48
181.212.40.185 - - [25/Mar/2024:15:43:04 -0300] "POST /cormun/servlet/permisogoce?9927713c580d1866afbd58cca622c000,INS,0,,,,gx-no-cache=1711392001086 HTTP/1.1" 200 93
181.212.40.185 - - [25/Mar/2024:15:43:05 -0300] "GET /cormun/servlet/hpexe_return? HTTP/1.1" 200 1030
181.212.40.185 - - [25/Mar/2024:15:43:05 -0300] "GET /cormun/servlet/trpermisosgoce?gx-no-cache=1711391967240 HTTP/1.1" 200 13145
198.235.24.103 - - [25/Mar/2024:15:43:19 -0300] "GET / HTTP/1.1" 200 11217
181.212.47.137 - - [25/Mar/2024:15:43:47 -0300] "GET /cormun/servlet/trsolicitudgral? HTTP/1.1" 200 10248
190.171.149.74 - - [25/Mar/2024:15:44:10 -0300] "GET /cormun/servlet/hlogin HTTP/1.1" 200 1741
190.171.149.74 - - [25/Mar/2024:15:44:15 -0300] "POST /cormun/servlet/hlogin?205506acd1c8e13fea78f90718b77af9,gx-no-cache=1711392071275 HTTP/1.1" 200 90
190.171.149.74 - - [25/Mar/2024:15:44:15 -0300] "GET /cormun/servlet/hpexe_link HTTP/1.1" 200 955
190.171.149.74 - - [25/Mar/2024:15:44:16 -0300] "GET /cormun/servlet/hhome HTTP/1.1" 200 3984
190.171.149.74 - - [25/Mar/2024:15:44:18 -0300] "GET /cormun/servlet/trsolicitudot? HTTP/1.1" 200 7202
190.171.149.74 - - [25/Mar/2024:15:44:21 -0300] "GET /cormun/servlet/solicitudot?INS,0,0,false, HTTP/1.1" 200 15964
181.212.40.185 - - [25/Mar/2024:15:44:27 -0300] "GET /cormun/servlet/trpermisosadjuntos?18248160,20240325153914,P, HTTP/1.1" 200 6555
190.171.149.74 - - [25/Mar/2024:15:44:27 -0300] "POST /cormun/servlet/solicitudot?gx-no-cache=1711392083269 HTTP/1.1" 200 4031
190.171.149.74 - - [25/Mar/2024:15:44:28 -0300] "POST /cormun/servlet/solicitudot?205506acd1c8e13fea78f90718b77af9,INS,0,0,false,,gx-no-cache=1711392083431 HTTP/1.1" 200 12598
190.171.149.74 - - [25/Mar/2024:15:44:28 -0300] "GET /cormun/servlet/solicitudot?68f0132cf14850c067f31cd25d072601930e6c57fc181d05d27d4af915d6aa95e0174afbb089201fd126d02cfeb90c72,gx-no-cache=1711392083587 HTTP/1.1" 200 30
181.212.40.185 - - [25/Mar/2024:15:44:29 -0300] "GET /cormun/servlet/permisosadjuntos?INS,18248160,P,20240325153914,, HTTP/1.1" 200 5859
181.212.40.185 - - [25/Mar/2024:15:44:29 -0300] "GET /cormun/static/about:blank HTTP/1.1" 404 1011
181.212.40.185 - - [25/Mar/2024:15:44:36 -0300] "POST /cormun/servlet/permisosadjuntos?9927713c580d1866afbd58cca622c000,INS,18248160,P,20240325153914,, HTTP/1.1" 200 116
181.212.40.185 - - [25/Mar/2024:15:44:36 -0300] "GET /cormun/servlet/hpexe_return? HTTP/1.1" 200 1037
181.212.40.185 - - [25/Mar/2024:15:44:36 -0300] "GET /cormun/servlet/trpermisosadjuntos?18248160,20240325153914,P, HTTP/1.1" 200 7078
181.212.40.185 - - [25/Mar/2024:15:44:38 -0300] "POST /cormun/servlet/trpermisosadjuntos?9927713c580d1866afbd58cca622c000,18248160,20240325153914,P,,gx-no-cache=1711392095215 HTTP/1.1" 200 90
181.212.40.185 - - [25/Mar/2024:15:44:38 -0300] "GET /cormun/servlet/hpexe_link HTTP/1.1" 200 1002
181.212.40.185 - - [25/Mar/2024:15:44:38 -0300] "GET /cormun/servlet/trpermisosgoce?gx-no-cache=1711391967240 HTTP/1.1" 200 13137
181.212.40.185 - - [25/Mar/2024:15:44:41 -0300] "POST /cormun/servlet/trpermisosgoce?9927713c580d1866afbd58cca622c000,gx-no-cache=1711391967240,gx-no-cache=1711392098057 HTTP/1.1" 200 10370
209.141.55.133 - - [25/Mar/2024:15:44:44 -0300] "GET /manager/html HTTP/1.1" 401 2474
209.141.55.133 - - [25/Mar/2024:15:44:44 -0300] "GET /manager/html HTTP/1.1" 401 2474
181.212.47.137 - - [25/Mar/2024:15:44:46 -0300] "POST /cormun/servlet/trsolicitudgral?55b2c0d76ae02f8df6a389fe21348db0,,gx-no-cache=1711392086250 HTTP/1.1" 200 9071
181.212.47.137 - - [25/Mar/2024:15:44:52 -0300] "GET /cormun/servlet/vesolicitudgral?2024,21079,, HTTP/1.1" 200 8428
181.212.47.137 - - [25/Mar/2024:15:44:52 -0300] "GET /cormun/pexe_scrolldiv.js HTTP/1.1" 404 1009
181.212.40.185 - - [25/Mar/2024:15:44:53 -0300] "GET /cormun/servlet/permisogoce?INS,0,,, HTTP/1.1" 200 7102
181.212.47.137 - - [25/Mar/2024:15:45:17 -0300] "GET /cormun/servlet/vesolicitudgral?2024,21079,,SolicitudOTAdjuntos HTTP/1.1" 200 7086
181.212.47.137 - - [25/Mar/2024:15:45:17 -0300] "GET /cormun/pexe_scrolldiv.js HTTP/1.1" 404 1009
181.212.47.137 - - [25/Mar/2024:15:45:18 -0300] "POST /cormun/servlet/acontrolpreferencessavestate?None,RRHH+DANIELA,true HTTP/1.1" 200 35
181.212.47.137 - - [25/Mar/2024:15:45:20 -0300] "GET /cormun/servlet/vesolicitudgral?2024,21079,,General HTTP/1.1" 200 8427
181.212.47.137 - - [25/Mar/2024:15:45:20 -0300] "GET /cormun/pexe_scrolldiv.js HTTP/1.1" 404 1009
181.212.40.185 - - [25/Mar/2024:15:45:23 -0300] "GET /cormun/servlet/permisogoce?6ec8a312059a5dbff522f8e5917a2aca7af95677b1320cc6a9a121f5f5a9541c56811655cd2995a55cdf5780ce1f9518174968aa3449e47ead584266d25652fb,gx-no-cache=1711392139954 HTTP/1.1" 200 74
181.212.47.137 - - [25/Mar/2024:15:45:24 -0300] "GET /cormun/servlet/trsolicitudgral? HTTP/1.1" 200 12041
181.212.47.137 - - [25/Mar/2024:15:45:28 -0300] "GET /cormun/servlet/vesolicitudgral?2024,21020,, HTTP/1.1" 200 8422
181.212.47.137 - - [25/Mar/2024:15:45:28 -0300] "GET /cormun/pexe_scrolldiv.js HTTP/1.1" 404 1009
181.212.47.137 - - [25/Mar/2024:15:45:30 -0300] "GET /cormun/servlet/vesolicitudgral?2024,21020,,SolicitudOTAdjuntos HTTP/1.1" 200 11085
181.212.47.137 - - [25/Mar/2024:15:45:30 -0300] "GET /cormun/pexe_scrolldiv.js HTTP/1.1" 404 1009
181.212.47.137 - - [25/Mar/2024:15:45:31 -0300] "POST /cormun/servlet/acontrolpreferencessavestate?None,RRHH+DANIELA,true HTTP/1.1" 200 35
181.212.47.137 - - [25/Mar/2024:15:45:33 -0300] "GET /cormun/PublicTempStorage/cedula_de_identidad4868636.pdf HTTP/1.1" 200 1206846
181.212.40.185 - - [25/Mar/2024:15:45:34 -0300] "GET /cormun/servlet/permisogoce?6ec8a312059a5dbff522f8e5917a2acae5f99abf0d012b0448358b9898e7419e445c9774dfe6d94cdbb13dfd22717e851b037f5fb40c09db42f91fda302ef4c6,gx-no-cache=1711392150559 HTTP/1.1" 200 47
181.212.47.136 - - [25/Mar/2024:15:45:39 -0300] "POST /cormun/servlet/hlogin?c8e0d7dcf949f1d2bb5e36ec650b8a0a,gx-no-cache=1711392139086 HTTP/1.1" 200 466
181.212.47.136 - - [25/Mar/2024:15:45:43 -0300] "POST /cormun/servlet/hlogin?c8e0d7dcf949f1d2bb5e36ec650b8a0a,gx-no-cache=1711392142677 HTTP/1.1" 200 90
181.212.47.137 - - [25/Mar/2024:15:45:43 -0300] "GET /cormun/servlet/vesolicitudgral?2024,21020,,SolicitudOTAdjuntos HTTP/1.1" 200 11085
181.212.47.136 - - [25/Mar/2024:15:45:43 -0300] "GET /cormun/servlet/hpexe_link HTTP/1.1" 200 953
181.212.47.136 - - [25/Mar/2024:15:45:43 -0300] "GET /cormun/servlet/hhome HTTP/1.1" 200 3824
181.212.47.137 - - [25/Mar/2024:15:45:44 -0300] "POST /cormun/servlet/acontrolpreferencessavestate?None,RRHH+DANIELA,true HTTP/1.1" 200 35
181.212.47.137 - - [25/Mar/2024:15:45:45 -0300] "GET /cormun/PublicTempStorage/curriculum_eduardo_mu%F1oz4014187.pdf HTTP/1.1" 200 1121234
181.212.47.136 - - [25/Mar/2024:15:45:45 -0300] "GET /cormun/servlet/trsolicitudgral? HTTP/1.1" 200 24526
190.171.149.74 - - [25/Mar/2024:15:45:45 -0300] "GET /cormun/servlet/solicitudot?68f0132cf14850c067f31cd25d072601664069dbdc37611b5bc145659c64f03704374a31b292ff8bbf8aa0b7ce6a976af58b668428775cfdc431e637822e66f6,gx-no-cache=1711392161360 HTTP/1.1" 200 30
190.171.149.74 - - [25/Mar/2024:15:45:46 -0300] "GET /cormun/servlet/solicitudot?68f0132cf14850c067f31cd25d0726015245c2ad8186181d0559a84f004e4c8b,gx-no-cache=1711392161473 HTTP/1.1" 200 29
181.212.40.185 - - [25/Mar/2024:15:45:49 -0300] "POST /cormun/servlet/permisogoce?9927713c580d1866afbd58cca622c000,INS,0,,,,gx-no-cache=1711392165902 HTTP/1.1" 200 93
181.212.40.185 - - [25/Mar/2024:15:45:49 -0300] "GET /cormun/servlet/hpexe_return? HTTP/1.1" 200 1030
181.212.40.185 - - [25/Mar/2024:15:45:50 -0300] "GET /cormun/servlet/trpermisosgoce?gx-no-cache=1711391967240 HTTP/1.1" 200 13393
190.171.134.178 - - [25/Mar/2024:15:45:51 -0300] "GET /cormun/servlet/hlogin HTTP/1.1" 200 1717
181.212.40.185 - - [25/Mar/2024:15:45:53 -0300] "GET /cormun/servlet/trpermisosadjuntos?11981610,20240325154133,P, HTTP/1.1" 200 6544
181.212.47.136 - - [25/Mar/2024:15:45:55 -0300] "POST /cormun/servlet/trsolicitudgral?c8e0d7dcf949f1d2bb5e36ec650b8a0a,,gx-no-cache=1711392155091 HTTP/1.1" 200 5259
181.212.47.136 - - [25/Mar/2024:15:45:56 -0300] "POST /cormun/servlet/trsolicitudgral?c8e0d7dcf949f1d2bb5e36ec650b8a0a,,gx-no-cache=1711392156453 HTTP/1.1" 200 5258
181.212.47.136 - - [25/Mar/2024:15:45:57 -0300] "POST /cormun/servlet/trsolicitudgral?c8e0d7dcf949f1d2bb5e36ec650b8a0a,,gx-no-cache=1711392156638 HTTP/1.1" 200 5259
181.212.47.136 - - [25/Mar/2024:15:45:57 -0300] "POST /cormun/servlet/trsolicitudgral?c8e0d7dcf949f1d2bb5e36ec650b8a0a,,gx-no-cache=1711392156829 HTTP/1.1" 200 5259
181.212.40.185 - - [25/Mar/2024:15:46:02 -0300] "GET /cormun/servlet/permisosadjuntos?INS,11981610,P,20240325154133,, HTTP/1.1" 200 5846
181.212.40.185 - - [25/Mar/2024:15:46:03 -0300] "GET /cormun/static/about:blank HTTP/1.1" 404 1011
190.171.134.178 - - [25/Mar/2024:15:46:03 -0300] "POST /cormun/servlet/hlogin?ddb9452c8c1996151bfd85adc0a3555a,gx-no-cache=1711392178419 HTTP/1.1" 200 90
190.171.134.178 - - [25/Mar/2024:15:46:03 -0300] "GET /cormun/servlet/hpexe_link HTTP/1.1" 200 945
190.171.134.178 - - [25/Mar/2024:15:46:03 -0300] "GET /cormun/servlet/hhome HTTP/1.1" 200 3935
190.171.134.178 - - [25/Mar/2024:15:46:04 -0300] "GET /cormun/servlet/hhome HTTP/1.1" 200 3931
181.212.40.185 - - [25/Mar/2024:15:46:08 -0300] "POST /cormun/servlet/permisosadjuntos?9927713c580d1866afbd58cca622c000,INS,11981610,P,20240325154133,, HTTP/1.1" 200 116
181.212.40.185 - - [25/Mar/2024:15:46:08 -0300] "GET /cormun/servlet/hpexe_return? HTTP/1.1" 200 1037
181.212.40.185 - - [25/Mar/2024:15:46:09 -0300] "GET /cormun/servlet/trpermisosadjuntos?11981610,20240325154133,P, HTTP/1.1" 200 7035
181.212.40.185 - - [25/Mar/2024:15:46:11 -0300] "POST /cormun/servlet/trpermisosadjuntos?9927713c580d1866afbd58cca622c000,11981610,20240325154133,P,,gx-no-cache=1711392187726 HTTP/1.1" 200 90
181.212.40.185 - - [25/Mar/2024:15:46:11 -0300] "GET /cormun/servlet/hpexe_link HTTP/1.1" 200 1003
190.171.134.178 - - [25/Mar/2024:15:46:11 -0300] "GET /cormun/servlet/trlicencias? HTTP/1.1" 200 9524
181.212.40.185 - - [25/Mar/2024:15:46:11 -0300] "GET /cormun/servlet/trpermisosgoce?gx-no-cache=1711391967240 HTTP/1.1" 200 13403
190.171.134.178 - - [25/Mar/2024:15:46:11 -0300] "GET /cormun/servlet/trlicencias? HTTP/1.1" 200 9521
181.212.40.185 - - [25/Mar/2024:15:46:13 -0300] "POST /cormun/servlet/trpermisosgoce?9927713c580d1866afbd58cca622c000,gx-no-cache=1711391967240,gx-no-cache=1711392190070 HTTP/1.1" 200 10596
190.171.149.74 - - [25/Mar/2024:15:46:21 -0300] "GET /cormun/servlet/prbanco?,MD,,gxPopupLevel%3D0%3B HTTP/1.1" 200 6590
190.171.149.74 - - [25/Mar/2024:15:46:29 -0300] "GET /cormun/servlet/solicitudot?68f0132cf14850c067f31cd25d072601569462ef2e3c19f920535ba220e1341e,gx-no-cache=1711392204779 HTTP/1.1" 200 53
190.171.152.234 - - [25/Mar/2024:15:46:35 -0300] "GET /cormun/servlet/solicitudotadjuntos?5737001af96a2a1eae8bc82de06e5fbed3d206999a6fb8397098d912c9e18566,gx-no-cache=1711392444032 HTTP/1.1" 200 30
190.171.152.234 - - [25/Mar/2024:15:46:35 -0300] "GET /cormun/servlet/solicitudotadjuntos?5737001af96a2a1eae8bc82de06e5fbed3d206999a6fb8397098d912c9e18566,gx-no-cache=1711392444121 HTTP/1.1" 200 30
190.171.152.234 - - [25/Mar/2024:15:46:35 -0300] "POST /cormun/servlet/solicitudotadjuntos?d6dfc000c0e88888dafef6758d90dc5e,INS,2024,21019,,1, HTTP/1.1" 200 116
190.171.152.234 - - [25/Mar/2024:15:46:35 -0300] "GET /cormun/servlet/hpexe_return? HTTP/1.1" 200 1026
190.171.152.234 - - [25/Mar/2024:15:46:35 -0300] "GET /cormun/servlet/trsolicitudadjuntos?2024,21019, HTTP/1.1" 200 9297
190.171.149.74 - - [25/Mar/2024:15:46:37 -0300] "POST /cormun/servlet/solicitudot?gx-no-cache=1711392213002 HTTP/1.1" 200 240
190.171.152.234 - - [25/Mar/2024:15:46:38 -0300] "GET /cormun/servlet/solicitudotadjuntos?INS,2024,21019,,1, HTTP/1.1" 200 6332
190.171.152.234 - - [25/Mar/2024:15:46:38 -0300] "GET /cormun/static/about:blank HTTP/1.1" 404 1011
190.171.152.234 - - [25/Mar/2024:15:46:39 -0300] "GET /cormun/servlet/solicitudotadjuntos?5737001af96a2a1eae8bc82de06e5fbe677038021d537a75e75e35ea0891b7d66024eb66faeb8225765a538f5fee8784,gx-no-cache=1711392447958 HTTP/1.1" 200 30
190.171.149.74 - - [25/Mar/2024:15:46:39 -0300] "GET /cormun/servlet/solicitudot?68f0132cf14850c067f31cd25d07260123000177ec1d7d2f966c75146cb3d24be931a0e7454852057dc815db99fc2181bf4f0619bb8bf98e95f8ce06162260f89a1abddcc23b80fabcdd873b5df08caa2e158a6e7fac4c4cbdcd3d4324a24df87135d8013bd174ae98741da42eb43364157f396d554807f18c59410a79976ffae8027fa214a8abb7693938ad0ff9554f07479818e97fc8f3648fbd9da4350486940ebede339e57f96c75d8f76b2d1340729c924a55b5ded649362f5c0c4e586e606f9c6386505c1aa3d28097c484a8a7029b6aed135b170fb9d67f01a0fb47e1625b21df1d89859b51e00be40d8df4bac44913af41deb833cc769aa965033521a55ed044fa7cf844bb865ce086da69fad5f1107b899a7ab8dbddca656edd0e290a6bc2edae9347eb7acda96da9ff039de246a00c2a5d13077a1b8a8027b3a69cd44048413067469c0b956dad1602726e412c35e343d8db3619f8870492d058dbd140e0265b20dcdff6e208b3843a08e0545f75aec96b7dabbc77ae0d36009235,gx-no-cache=1711392214643 HTTP/1.1" 200 30
190.171.152.234 - - [25/Mar/2024:15:46:39 -0300] "POST /cormun/servlet/solicitudotadjuntos?d6dfc000c0e88888dafef6758d90dc5e,INS,2024,21019,,1,,gx-no-cache=1711392447981 HTTP/1.1" 200 4197
190.171.152.234 - - [25/Mar/2024:15:46:41 -0300] "POST /cormun/servlet/solicitudotadjuntos?gx-no-cache=1711392450191 HTTP/1.1" 200 26
190.171.149.74 - - [25/Mar/2024:15:46:41 -0300] "POST /cormun/servlet/solicitudot?gx-no-cache=1711392216962 HTTP/1.1" 200 30
190.171.152.234 - - [25/Mar/2024:15:46:45 -0300] "GET /cormun/servlet/solicitudotadjuntos?5737001af96a2a1eae8bc82de06e5fbed3d206999a6fb8397098d912c9e18566,gx-no-cache=1711392454453 HTTP/1.1" 200 30
190.171.152.234 - - [25/Mar/2024:15:46:45 -0300] "GET /cormun/servlet/solicitudotadjuntos?5737001af96a2a1eae8bc82de06e5fbed3d206999a6fb8397098d912c9e18566,gx-no-cache=1711392454535 HTTP/1.1" 200 30
190.171.152.234 - - [25/Mar/2024:15:46:46 -0300] "POST /cormun/servlet/solicitudotadjuntos?d6dfc000c0e88888dafef6758d90dc5e,INS,2024,21019,,1, HTTP/1.1" 200 116
190.171.152.234 - - [25/Mar/2024:15:46:46 -0300] "GET /cormun/servlet/hpexe_return? HTTP/1.1" 200 1026
190.171.152.234 - - [25/Mar/2024:15:46:46 -0300] "GET /cormun/servlet/trsolicitudadjuntos?2024,21019, HTTP/1.1" 200 9527
190.171.152.234 - - [25/Mar/2024:15:46:48 -0300] "GET /cormun/servlet/solicitudotadjuntos?INS,2024,21019,,1, HTTP/1.1" 200 6332
190.171.152.234 - - [25/Mar/2024:15:46:48 -0300] "GET /cormun/static/about:blank HTTP/1.1" 404 1011
190.171.152.234 - - [25/Mar/2024:15:46:49 -0300] "GET /cormun/servlet/solicitudotadjuntos?5737001af96a2a1eae8bc82de06e5fbe677038021d537a75e75e35ea0891b7d66024eb66faeb8225765a538f5fee8784,gx-no-cache=1711392457829 HTTP/1.1" 200 30
190.171.152.234 - - [25/Mar/2024:15:46:49 -0300] "POST /cormun/servlet/solicitudotadjuntos?d6dfc000c0e88888dafef6758d90dc5e,INS,2024,21019,,1,,gx-no-cache=1711392457851 HTTP/1.1" 200 4197
190.171.149.74 - - [25/Mar/2024:15:46:49 -0300] "POST /cormun/servlet/solicitudot?gx-no-cache=1711392225323 HTTP/1.1" 200 1474
190.171.152.234 - - [25/Mar/2024:15:46:52 -0300] "POST /cormun/servlet/solicitudotadjuntos?gx-no-cache=1711392460846 HTTP/1.1" 200 26
190.171.149.74 - - [25/Mar/2024:15:46:52 -0300] "GET /cormun/servlet/prlicenciaspermisos?9187329,L,,MD,,gxPopupLevel%3D0%3B HTTP/1.1" 200 7731
181.212.47.137 - - [25/Mar/2024:15:46:55 -0300] "GET /cormun/servlet/vesolicitudgral?2024,21020,,SolicitudOTAdjuntos HTTP/1.1" 200 11087
190.171.152.234 - - [25/Mar/2024:15:46:56 -0300] "GET /cormun/servlet/solicitudotadjuntos?5737001af96a2a1eae8bc82de06e5fbed3d206999a6fb8397098d912c9e18566,gx-no-cache=1711392465021 HTTP/1.1" 200 30
190.171.152.234 - - [25/Mar/2024:15:46:56 -0300] "GET /cormun/servlet/solicitudotadjuntos?5737001af96a2a1eae8bc82de06e5fbed3d206999a6fb8397098d912c9e18566,gx-no-cache=1711392465031 HTTP/1.1" 200 30
190.171.152.234 - - [25/Mar/2024:15:46:56 -0300] "POST /cormun/servlet/solicitudotadjuntos?d6dfc000c0e88888dafef6758d90dc5e,INS,2024,21019,,1, HTTP/1.1" 200 116
190.171.152.234 - - [25/Mar/2024:15:46:56 -0300] "GET /cormun/servlet/hpexe_return? HTTP/1.1" 200 1026
190.171.152.234 - - [25/Mar/2024:15:46:56 -0300] "GET /cormun/servlet/trsolicitudadjuntos?2024,21019, HTTP/1.1" 200 9775
181.212.47.137 - - [25/Mar/2024:15:46:56 -0300] "POST /cormun/servlet/acontrolpreferencessavestate?None,RRHH+DANIELA,true HTTP/1.1" 200 35
190.171.149.74 - - [25/Mar/2024:15:46:57 -0300] "POST /cormun/servlet/solicitudot?gx-no-cache=1711392233389 HTTP/1.1" 200 41
190.171.152.234 - - [25/Mar/2024:15:46:58 -0300] "GET /cormun/servlet/solicitudotadjuntos?INS,2024,21019,,1, HTTP/1.1" 200 6332
190.171.152.234 - - [25/Mar/2024:15:46:59 -0300] "GET /cormun/static/about:blank HTTP/1.1" 404 1011
190.171.152.234 - - [25/Mar/2024:15:46:59 -0300] "GET /cormun/servlet/solicitudotadjuntos?5737001af96a2a1eae8bc82de06e5fbe677038021d537a75e75e35ea0891b7d66024eb66faeb8225765a538f5fee8784,gx-no-cache=1711392468439 HTTP/1.1" 200 30
190.171.152.234 - - [25/Mar/2024:15:46:59 -0300] "POST /cormun/servlet/solicitudotadjuntos?d6dfc000c0e88888dafef6758d90dc5e,INS,2024,21019,,1,,gx-no-cache=1711392468505 HTTP/1.1" 200 4197
181.212.47.137 - - [25/Mar/2024:15:46:59 -0300] "GET /cormun/servlet/vesolicitudgral?2024,21020,,General HTTP/1.1" 200 8424
181.212.47.137 - - [25/Mar/2024:15:47:00 -0300] "GET /cormun/pexe_scrolldiv.js HTTP/1.1" 404 1009
190.171.152.234 - - [25/Mar/2024:15:47:03 -0300] "POST /cormun/servlet/solicitudotadjuntos?gx-no-cache=1711392472542 HTTP/1.1" 200 26
190.171.152.234 - - [25/Mar/2024:15:47:09 -0300] "GET /cormun/servlet/solicitudotadjuntos?5737001af96a2a1eae8bc82de06e5fbed3d206999a6fb8397098d912c9e18566,gx-no-cache=1711392478125 HTTP/1.1" 200 30
190.171.152.234 - - [25/Mar/2024:15:47:09 -0300] "GET /cormun/servlet/solicitudotadjuntos?5737001af96a2a1eae8bc82de06e5fbed3d206999a6fb8397098d912c9e18566,gx-no-cache=1711392478134 HTTP/1.1" 200 30
190.171.152.234 - - [25/Mar/2024:15:47:09 -0300] "POST /cormun/servlet/solicitudotadjuntos?d6dfc000c0e88888dafef6758d90dc5e,INS,2024,21019,,1, HTTP/1.1" 200 116
190.171.152.234 - - [25/Mar/2024:15:47:09 -0300] "GET /cormun/servlet/hpexe_return? HTTP/1.1" 200 1026
190.171.152.234 - - [25/Mar/2024:15:47:09 -0300] "GET /cormun/servlet/trsolicitudadjuntos?2024,21019, HTTP/1.1" 200 9979
190.171.152.234 - - [25/Mar/2024:15:47:11 -0300] "GET /cormun/servlet/solicitudotadjuntos?INS,2024,21019,,1, HTTP/1.1" 200 6332
190.171.152.234 - - [25/Mar/2024:15:47:11 -0300] "GET /cormun/static/about:blank HTTP/1.1" 404 1011
190.171.152.234 - - [25/Mar/2024:15:47:12 -0300] "GET /cormun/servlet/solicitudotadjuntos?5737001af96a2a1eae8bc82de06e5fbe677038021d537a75e75e35ea0891b7d66024eb66faeb8225765a538f5fee8784,gx-no-cache=1711392481295 HTTP/1.1" 200 30
190.171.152.234 - - [25/Mar/2024:15:47:12 -0300] "POST /cormun/servlet/solicitudotadjuntos?d6dfc000c0e88888dafef6758d90dc5e,INS,2024,21019,,1,,gx-no-cache=1711392481339 HTTP/1.1" 200 4197
190.171.152.234 - - [25/Mar/2024:15:47:15 -0300] "POST /cormun/servlet/solicitudotadjuntos?gx-no-cache=1711392484367 HTTP/1.1" 200 26
190.171.152.234 - - [25/Mar/2024:15:47:19 -0300] "GET /cormun/servlet/solicitudotadjuntos?5737001af96a2a1eae8bc82de06e5fbed3d206999a6fb8397098d912c9e18566,gx-no-cache=1711392488477 HTTP/1.1" 200 30
190.171.152.234 - - [25/Mar/2024:15:47:19 -0300] "GET /cormun/servlet/solicitudotadjuntos?5737001af96a2a1eae8bc82de06e5fbed3d206999a6fb8397098d912c9e18566,gx-no-cache=1711392488511 HTTP/1.1" 200 30
190.171.152.234 - - [25/Mar/2024:15:47:19 -0300] "POST /cormun/servlet/solicitudotadjuntos?d6dfc000c0e88888dafef6758d90dc5e,INS,2024,21019,,1, HTTP/1.1" 200 116
190.171.152.234 - - [25/Mar/2024:15:47:20 -0300] "GET /cormun/servlet/hpexe_return? HTTP/1.1" 200 1026
190.171.152.234 - - [25/Mar/2024:15:47:20 -0300] "GET /cormun/servlet/trsolicitudadjuntos?2024,21019, HTTP/1.1" 200 10239
190.171.152.234 - - [25/Mar/2024:15:47:23 -0300] "GET /cormun/servlet/solicitudotadjuntos?INS,2024,21019,,1, HTTP/1.1" 200 6331
190.171.152.234 - - [25/Mar/2024:15:47:23 -0300] "GET /cormun/static/about:blank HTTP/1.1" 404 1011
190.171.152.234 - - [25/Mar/2024:15:47:24 -0300] "GET /cormun/servlet/solicitudotadjuntos?5737001af96a2a1eae8bc82de06e5fbe677038021d537a75e75e35ea0891b7d66024eb66faeb8225765a538f5fee8784,gx-no-cache=1711392493106 HTTP/1.1" 200 30
190.171.152.234 - - [25/Mar/2024:15:47:24 -0300] "POST /cormun/servlet/solicitudotadjuntos?d6dfc000c0e88888dafef6758d90dc5e,INS,2024,21019,,1,,gx-no-cache=1711392493217 HTTP/1.1" 200 4195
190.171.152.234 - - [25/Mar/2024:15:47:26 -0300] "POST /cormun/servlet/solicitudotadjuntos?gx-no-cache=1711392495494 HTTP/1.1" 200 26
181.212.47.137 - - [25/Mar/2024:15:47:30 -0300] "GET /cormun/servlet/vesolicitudgral?2024,21020,,SolicitudOTAdjuntos HTTP/1.1" 200 11088
181.212.47.137 - - [25/Mar/2024:15:47:30 -0300] "GET /cormun/pexe_scrolldiv.js HTTP/1.1" 404 1009
190.171.152.234 - - [25/Mar/2024:15:47:31 -0300] "GET /cormun/servlet/solicitudotadjuntos?5737001af96a2a1eae8bc82de06e5fbed3d206999a6fb8397098d912c9e18566,gx-no-cache=1711392500132 HTTP/1.1" 200 30
190.171.152.234 - - [25/Mar/2024:15:47:31 -0300] "GET /cormun/servlet/solicitudotadjuntos?5737001af96a2a1eae8bc82de06e5fbed3d206999a6fb8397098d912c9e18566,gx-no-cache=1711392500148 HTTP/1.1" 200 30
181.212.47.137 - - [25/Mar/2024:15:47:31 -0300] "POST /cormun/servlet/acontrolpreferencessavestate?None,RRHH+DANIELA,true HTTP/1.1" 200 35
190.171.152.234 - - [25/Mar/2024:15:47:31 -0300] "POST /cormun/servlet/solicitudotadjuntos?d6dfc000c0e88888dafef6758d90dc5e,INS,2024,21019,,1, HTTP/1.1" 200 116
190.171.152.234 - - [25/Mar/2024:15:47:32 -0300] "GET /cormun/servlet/hpexe_return? HTTP/1.1" 200 1026
190.171.152.234 - - [25/Mar/2024:15:47:32 -0300] "GET /cormun/servlet/trsolicitudadjuntos?2024,21019, HTTP/1.1" 200 10389
181.212.40.185 - - [25/Mar/2024:15:47:32 -0300] "GET /cormun/servlet/trlicencias? HTTP/1.1" 200 15337
181.212.47.137 - - [25/Mar/2024:15:47:32 -0300] "GET /cormun/PublicTempStorage/titulo_eduardo_mu%F1oz941941.pdf HTTP/1.1" 200 709888
181.212.47.137 - - [25/Mar/2024:15:47:38 -0300] "GET /cormun/servlet/vesolicitudgral?2024,21020,,SolicitudOTAdjuntos HTTP/1.1" 200 11089
181.212.47.137 - - [25/Mar/2024:15:47:39 -0300] "POST /cormun/servlet/acontrolpreferencessavestate?None,RRHH+DANIELA,true HTTP/1.1" 200 35
190.171.152.234 - - [25/Mar/2024:15:47:43 -0300] "GET /cormun/servlet/trsolicitudot? HTTP/1.1" 200 11636
190.171.149.74 - - [25/Mar/2024:15:47:48 -0300] "GET /cormun/servlet/solicitudot?68f0132cf14850c067f31cd25d072601490dc2b3463006618995f268a01803e7758a2db9be8ce5d76780955c8ac42b99f558cc753f7af6f3e4a9307c6120fd64f8b77a74d5ec961742e6ff69048fb84b2d0dbb4f723379bae324caec0e386c35e843ec8da333a963bdad5b3c4d5baade,gx-no-cache=1711392284201 HTTP/1.1" 200 110
190.171.149.74 - - [25/Mar/2024:15:47:48 -0300] "POST /cormun/servlet/solicitudot?gx-no-cache=1711392284237 HTTP/1.1" 200 97
190.171.152.234 - - [25/Mar/2024:15:47:50 -0300] "POST /cormun/servlet/trsolicitudot?d6dfc000c0e88888dafef6758d90dc5e,,gx-no-cache=1711392518729 HTTP/1.1" 200 8528
190.171.152.234 - - [25/Mar/2024:15:47:50 -0300] "GET /cormun/static/Shared/jqueryui/images/ui-bg_highlight-soft_100_c6c2c8_1x100.png HTTP/1.1" 404 1117
190.171.152.234 - - [25/Mar/2024:15:47:50 -0300] "GET /cormun/static/Shared/jqueryui/images/ui-icons_82798d_256x240.png HTTP/1.1" 404 1089
190.171.152.234 - - [25/Mar/2024:15:47:50 -0300] "GET /cormun/static/Shared/jqueryui/images/ui-bg_flat_55_fafafa_40x100.png HTTP/1.1" 404 1097
190.171.152.234 - - [25/Mar/2024:15:47:50 -0300] "GET /cormun/static/Shared/jqueryui/images/ui-icons_8d78a5_256x240.png HTTP/1.1" 404 1089
190.171.152.234 - - [25/Mar/2024:15:47:50 -0300] "POST /cormun/servlet/trsolicitudot?d6dfc000c0e88888dafef6758d90dc5e,,gx-no-cache=1711392519000 HTTP/1.1" 200 8472
190.171.152.234 - - [25/Mar/2024:15:47:53 -0300] "GET /cormun/servlet/trautorizarsolicitud? HTTP/1.1" 200 8778
190.171.149.74 - - [25/Mar/2024:15:47:53 -0300] "GET /cormun/servlet/solicitudot?68f0132cf14850c067f31cd25d072601c480e2354522173c1871a40fec97aed02e5f9a87037da67702938e343e4e107e4d9960fab7ba69cb267f40bec6316616a9cfdb4cfe744f0131d6d3345a719845d3c945e19f3b2596b9856da82825e0be7c19cd35df437ebfaf209844605a0ce2,gx-no-cache=1711392288666 HTTP/1.1" 200 29
190.171.149.74 - - [25/Mar/2024:15:47:53 -0300] "GET /cormun/static/menuarrow.gif HTTP/1.1" 404 1015
190.171.149.74 - - [25/Mar/2024:15:47:56 -0300] "GET /cormun/servlet/solicitudot?68f0132cf14850c067f31cd25d07260196802532efd59acbdcb49b0396677f54893f0db84434ca25b80c98092f621d53,gx-no-cache=1711392291708 HTTP/1.1" 200 30
190.171.149.74 - - [25/Mar/2024:15:47:56 -0300] "POST /cormun/servlet/solicitudot?gx-no-cache=1711392291739 HTTP/1.1" 200 34
190.171.152.234 - - [25/Mar/2024:15:47:56 -0300] "POST /cormun/servlet/trautorizarsolicitud?d6dfc000c0e88888dafef6758d90dc5e,,gx-no-cache=1711392525343 HTTP/1.1" 200 4780
190.171.152.234 - - [25/Mar/2024:15:47:56 -0300] "POST /cormun/servlet/trautorizarsolicitud?d6dfc000c0e88888dafef6758d90dc5e,,gx-no-cache=1711392525519 HTTP/1.1" 200 4558
181.212.47.137 - - [25/Mar/2024:15:47:57 -0300] "GET /cormun/PublicTempStorage/certif._de_a.f.p.4894707.pdf HTTP/1.1" 200 238857
190.171.149.74 - - [25/Mar/2024:15:47:59 -0300] "POST /cormun/servlet/solicitudot?205506acd1c8e13fea78f90718b77af9,INS,0,0,false,,gx-no-cache=1711392294547 HTTP/1.1" 200 93
190.171.149.74 - - [25/Mar/2024:15:47:59 -0300] "GET /cormun/servlet/hpexe_return? HTTP/1.1" 200 1013
190.171.149.74 - - [25/Mar/2024:15:47:59 -0300] "GET /cormun/servlet/trsolicitudot HTTP/1.1" 200 8635
190.171.149.74 - - [25/Mar/2024:15:48:02 -0300] "POST /cormun/servlet/trsolicitudot?205506acd1c8e13fea78f90718b77af9,gx-no-cache=1711392297709 HTTP/1.1" 200 107
190.171.149.74 - - [25/Mar/2024:15:48:02 -0300] "GET /cormun/servlet/trsolicitudadjuntos?2024,21081, HTTP/1.1" 200 6096
190.171.149.74 - - [25/Mar/2024:15:48:04 -0300] "GET /cormun/servlet/solicitudotadjuntos?INS,2024,21081,,1, HTTP/1.1" 200 6038
190.171.149.74 - - [25/Mar/2024:15:48:04 -0300] "GET /cormun/static/about:blank HTTP/1.1" 404 1011
190.171.149.74 - - [25/Mar/2024:15:48:04 -0300] "GET /cormun/servlet/solicitudotadjuntos?68f0132cf14850c067f31cd25d07260123ec77e8be9bb85c77706fba0954f84c1cb7371985d4302548db86b04a49a2f2,gx-no-cache=1711392300196 HTTP/1.1" 200 30
190.171.149.74 - - [25/Mar/2024:15:48:04 -0300] "POST /cormun/servlet/solicitudotadjuntos?205506acd1c8e13fea78f90718b77af9,INS,2024,21081,,1,,gx-no-cache=1711392300217 HTTP/1.1" 200 3906
190.171.149.74 - - [25/Mar/2024:15:48:06 -0300] "POST /cormun/servlet/solicitudotadjuntos?gx-no-cache=1711392301620 HTTP/1.1" 200 26
190.171.152.234 - - [25/Mar/2024:15:48:09 -0300] "GET /cormun/servlet/trsolicitudot? HTTP/1.1" 200 11272
181.212.47.137 - - [25/Mar/2024:15:48:13 -0300] "GET /cormun/servlet/vesolicitudgral?2024,21020,,SolicitudOTAdjuntos HTTP/1.1" 200 11089
181.212.47.137 - - [25/Mar/2024:15:48:14 -0300] "POST /cormun/servlet/acontrolpreferencessavestate?None,RRHH+DANIELA,true HTTP/1.1" 200 35
181.212.47.137 - - [25/Mar/2024:15:48:16 -0300] "GET /cormun/PublicTempStorage/certif._de_fonasa2637348.pdf HTTP/1.1" 200 454294
181.212.47.137 - - [25/Mar/2024:15:48:21 -0300] "GET /cormun/servlet/vesolicitudgral?2024,21020,,SolicitudOTAdjuntos HTTP/1.1" 200 11086
181.212.47.137 - - [25/Mar/2024:15:48:22 -0300] "GET /cormun/servlet/vesolicitudgral?2024,21020,,General HTTP/1.1" 200 8424
181.212.47.137 - - [25/Mar/2024:15:48:22 -0300] "GET /cormun/pexe_scrolldiv.js HTTP/1.1" 404 1009
190.171.149.74 - - [25/Mar/2024:15:48:25 -0300] "GET /cormun/servlet/solicitudotadjuntos?68f0132cf14850c067f31cd25d0726018e791b360c9e3a73913dc50ca437d6f8,gx-no-cache=1711392320650 HTTP/1.1" 200 30
190.171.149.74 - - [25/Mar/2024:15:48:25 -0300] "GET /cormun/servlet/solicitudotadjuntos?68f0132cf14850c067f31cd25d0726018e791b360c9e3a73913dc50ca437d6f8,gx-no-cache=1711392320667 HTTP/1.1" 200 30
190.171.143.82 - - [25/Mar/2024:15:48:25 -0300] "GET /cormun/servlet/trlicencias? HTTP/1.1" 200 8880
190.171.149.74 - - [25/Mar/2024:15:48:27 -0300] "POST /cormun/servlet/solicitudotadjuntos?205506acd1c8e13fea78f90718b77af9,INS,2024,21081,,1, HTTP/1.1" 200 6201
190.171.149.74 - - [25/Mar/2024:15:48:27 -0300] "GET /cormun/static/Shared/jqueryui/images/ui-bg_highlight-soft_100_c6c2c8_1x100.png HTTP/1.1" 404 1117
190.171.149.74 - - [25/Mar/2024:15:48:27 -0300] "GET /cormun/static/Shared/jqueryui/images/ui-icons_ebccce_256x240.png HTTP/1.1" 404 1089
190.171.149.74 - - [25/Mar/2024:15:48:27 -0300] "GET /cormun/static/Shared/jqueryui/images/ui-bg_flat_55_994d53_40x100.png HTTP/1.1" 404 1097
190.171.149.74 - - [25/Mar/2024:15:48:27 -0300] "GET /cormun/static/Shared/jqueryui/images/ui-icons_82798d_256x240.png HTTP/1.1" 404 1089
190.171.143.82 - - [25/Mar/2024:15:48:28 -0300] "GET /cormun/static/menuarrow.gif HTTP/1.1" 404 1015
190.171.149.74 - - [25/Mar/2024:15:48:28 -0300] "GET /cormun/PrivateTempStorage/upload_00016901.jpeg HTTP/1.1" 200 859665
190.171.143.82 - - [25/Mar/2024:15:48:43 -0300] "POST /cormun/servlet/trlicencias?ec6b5dea651f3ab2b65a4a46100ff30d,,gx-no-cache=1711392313737 HTTP/1.1" 200 18586
190.171.143.82 - - [25/Mar/2024:15:48:43 -0300] "GET /cormun/static/Resources/PXToolsGridNext.gif HTTP/1.1" 200 369
190.171.143.82 - - [25/Mar/2024:15:48:43 -0300] "GET /cormun/static/Resources/PXToolsGridLast.gif HTTP/1.1" 200 370
190.171.149.74 - - [25/Mar/2024:15:48:49 -0300] "POST /cormun/servlet/solicitudotadjuntos?gx-no-cache=1711392344634 HTTP/1.1" 200 26
190.171.149.74 - - [25/Mar/2024:15:48:53 -0300] "GET /cormun/servlet/trsolicitudot? HTTP/1.1" 200 8643
190.171.143.82 - - [25/Mar/2024:15:49:10 -0300] "POST /cormun/servlet/trlicencias?ec6b5dea651f3ab2b65a4a46100ff30d,,gx-no-cache=1711392340233 HTTP/1.1" 200 12721
190.171.143.82 - - [25/Mar/2024:15:49:10 -0300] "GET /cormun/static/Resources/PXToolsGridFirst.gif HTTP/1.1" 200 379
190.171.143.82 - - [25/Mar/2024:15:49:10 -0300] "GET /cormun/static/Resources/PXToolsGridPrevious.gif HTTP/1.1" 200 369
190.171.143.82 - - [25/Mar/2024:15:49:35 -0300] "POST /cormun/servlet/trlicencias?ec6b5dea651f3ab2b65a4a46100ff30d,,gx-no-cache=1711392365884 HTTP/1.1" 200 18576
190.171.143.82 - - [25/Mar/2024:15:49:38 -0300] "POST /cormun/servlet/trlicencias?ec6b5dea651f3ab2b65a4a46100ff30d,,gx-no-cache=1711392368565 HTTP/1.1" 200 8931
190.171.143.82 - - [25/Mar/2024:15:49:55 -0300] "POST /cormun/servlet/trlicencias?ec6b5dea651f3ab2b65a4a46100ff30d,,gx-no-cache=1711392385562 HTTP/1.1" 200 5993
190.171.149.74 - - [25/Mar/2024:15:50:42 -0300] "POST /cormun/servlet/trsolicitudot?205506acd1c8e13fea78f90718b77af9,,gx-no-cache=1711392458034 HTTP/1.1" 200 112
190.171.149.74 - - [25/Mar/2024:15:50:42 -0300] "GET /cormun/servlet/solicitudot?UPD,2024,21081,false, HTTP/1.1" 200 16523
190.171.152.234 - - [25/Mar/2024:15:50:43 -0300] "POST /cormun/servlet/trsolicitudot?d6dfc000c0e88888dafef6758d90dc5e,,gx-no-cache=1711392691826 HTTP/1.1" 200 107
190.171.152.234 - - [25/Mar/2024:15:50:43 -0300] "GET /cormun/servlet/trsolicitudadjuntos?2024,20989, HTTP/1.1" 200 6385
190.171.149.74 - - [25/Mar/2024:15:50:43 -0300] "POST /cormun/servlet/solicitudot?gx-no-cache=1711392459009 HTTP/1.1" 200 4106
190.171.149.74 - - [25/Mar/2024:15:50:43 -0300] "POST /cormun/servlet/solicitudot?205506acd1c8e13fea78f90718b77af9,UPD,2024,21081,false,,gx-no-cache=1711392459132 HTTP/1.1" 200 12719
190.171.149.74 - - [25/Mar/2024:15:50:43 -0300] "GET /cormun/servlet/solicitudot?68f0132cf14850c067f31cd25d072601930e6c57fc181d05d27d4af915d6aa95c4c15974dd436ce6c9c6bb30399264e7,gx-no-cache=1711392459228 HTTP/1.1" 200 30
190.171.149.74 - - [25/Mar/2024:15:50:43 -0300] "GET /cormun/servlet/solicitudot?68f0132cf14850c067f31cd25d072601664069dbdc37611b5bc145659c64f03704374a31b292ff8bbf8aa0b7ce6a976ae218bb695974114c271b35157a00bbb1,gx-no-cache=1711392459270 HTTP/1.1" 200 30
190.171.149.74 - - [25/Mar/2024:15:50:43 -0300] "GET /cormun/servlet/solicitudot?68f0132cf14850c067f31cd25d072601f8c74aba5ee981dca2c0ed889a71d58843dbb7fe22fa2e5e67f4b830fe73bf5c9fe88d7b0ea629c8fa7c26da4a7ee0f2,gx-no-cache=1711392459311 HTTP/1.1" 200 53
190.171.149.74 - - [25/Mar/2024:15:50:43 -0300] "POST /cormun/servlet/solicitudot?gx-no-cache=1711392459360 HTTP/1.1" 200 240
190.171.149.74 - - [25/Mar/2024:15:50:43 -0300] "GET /cormun/servlet/solicitudot?68f0132cf14850c067f31cd25d07260123000177ec1d7d2f966c75146cb3d24be931a0e7454852057dc815db99fc2181bf4f0619bb8bf98e95f8ce06162260f89a1abddcc23b80fabcdd873b5df08caa2e158a6e7fac4c4cbdcd3d4324a24df87135d8013bd174ae98741da42eb43364157f396d554807f18c59410a79976ffae8027fa214a8abb7693938ad0ff9554f07479818e97fc8f3648fbd9da4350486940ebede339e57f96c75d8f76b2d1340729c924a55b5ded649362f5c0c4e586e606f9c6386505c1aa3d28097c484a8a7029b6aed135b170fb9d67f01a0fb47e1625b21df1d89859b51e00be40d8df4bac44913af41deb833cc769aa965033521a55ed044fa7cf844bb865ce086da69fad5f1107b899a7ab8dbddca656edd0e290a6bc2edae9347eb7acda96da9ff039de246a00c2a5d13077a1b8a8027b3a69cd44048413067469c0b956dad1602726e412c35e343d8db3619f8870492d058dbd140e0265b20dcdff6e208b3843a08e0e8259e85b899c6abe27f34c695e0be8d,gx-no-cache=1711392459403 HTTP/1.1" 200 30
190.171.149.74 - - [25/Mar/2024:15:50:43 -0300] "POST /cormun/servlet/solicitudot?gx-no-cache=1711392459447 HTTP/1.1" 200 30
190.171.149.74 - - [25/Mar/2024:15:50:44 -0300] "POST /cormun/servlet/solicitudot?gx-no-cache=1711392459478 HTTP/1.1" 200 1476
190.171.149.74 - - [25/Mar/2024:15:50:44 -0300] "POST /cormun/servlet/solicitudot?gx-no-cache=1711392459550 HTTP/1.1" 200 41
190.171.149.74 - - [25/Mar/2024:15:50:45 -0300] "GET /cormun/servlet/solicitudot?68f0132cf14850c067f31cd25d072601490dc2b3463006618995f268a01803e7758a2db9be8ce5d76780955c8ac42b99f558cc753f7af6f3e4a9307c6120fd64f8b77a74d5ec961742e6ff69048fb84b2d0dbb4f723379bae324caec0e386c35e843ec8da333a963bdad5b3c4d5baade,gx-no-cache=1711392461132 HTTP/1.1" 200 110
190.171.152.234 - - [25/Mar/2024:15:50:45 -0300] "GET /cormun/servlet/solicitudotadjuntos?INS,2024,20989,,1, HTTP/1.1" 200 6332
190.171.152.234 - - [25/Mar/2024:15:50:46 -0300] "GET /cormun/static/about:blank HTTP/1.1" 404 1011
