190.171.141.114 - - [25/Mar/2024:10:20:20 -0300] "GET /cormun/servlet/permisogoce?128d499369b26246880e2aa642c6fd37c68aa1e275824cef21867bebd7cd6484bcde40073d6ddc6dfb3e2a7ecf5bd752c4cbc995ca8c615c85e668c2f972e18a,gx-no-cache=1711372637166 HTTP/1.1" 200 79
190.171.141.114 - - [25/Mar/2024:10:20:20 -0300] "GET /cormun/static/menuarrow.gif HTTP/1.1" 404 1015
190.171.153.34 - - [25/Mar/2024:10:20:28 -0300] "GET /cormun/servlet/licenciaspermisos?4eb922b2019887c7448facf1e1bb74f62905dbfb1a4fcb63959cc3333faa97745ae74e1d9d30c4304101c432a3b45de10789c8b50b788f3b00ed6cb743c4c8e6,gx-no-cache=1711372645002 HTTP/1.1" 200 101
190.171.153.34 - - [25/Mar/2024:10:20:28 -0300] "POST /cormun/servlet/licenciaspermisos?2062b7387c273b74f6bffbf495add142,INS,0,,,,gx-no-cache=1711372645026 HTTP/1.1" 200 5124
181.212.47.137 - - [25/Mar/2024:10:20:37 -0300] "GET /cormun/servlet/vesolicitudgral?2024,21054,,SolicitudOTAdjuntos HTTP/1.1" 200 11224
181.212.47.137 - - [25/Mar/2024:10:20:37 -0300] "GET /cormun/pexe_scrolldiv.js HTTP/1.1" 404 1009
181.212.47.137 - - [25/Mar/2024:10:20:38 -0300] "POST /cormun/servlet/acontrolpreferencessavestate?None,RRHH+DANIELA,true HTTP/1.1" 200 35
181.212.47.137 - - [25/Mar/2024:10:20:40 -0300] "GET /cormun/PublicTempStorage/curriculumvitae_hitsel_andrea_pichun_moreno_1171181.pdf HTTP/1.1" 200 210405
190.171.141.114 - - [25/Mar/2024:10:20:42 -0300] "GET /cormun/servlet/permisogoce?128d499369b26246880e2aa642c6fd37fd0c94346095c0edcf74e82dcc2f3c8d84999a7cff786f03500d79ea0b1b67fd83a144e8e6a5a2b9704884154d6c5063,gx-no-cache=1711372659645 HTTP/1.1" 200 47
192.168.10.35 - - [25/Mar/2024:10:20:43 -0300] "VR²`þ”¿×@Öb>Jpρ«“[ :F}–bFAé !É.KÎÚ1.;¨ùȏH“þõÍ"é—î+Û÷ ZZÀ+À/À,À0̨̩ÀÀœ/5隚servicios.cormun.cl#" 400 -
192.168.10.35 - - [25/Mar/2024:10:20:43 -0300] "GET /(S(0nvfza2kqddfqhvpy403odm3))/login.aspx?ReturnUrl=%2f HTTP/1.1" 404 1041
192.168.10.35 - - [25/Mar/2024:10:20:43 -0300] "-" 400 -
190.171.141.114 - - [25/Mar/2024:10:20:47 -0300] "POST /cormun/servlet/permisogoce?405da42a43938086cf36f6d2bfc3c677,INS,0,,,,gx-no-cache=1711372664015 HTTP/1.1" 200 93
190.171.141.114 - - [25/Mar/2024:10:20:47 -0300] "GET /cormun/servlet/hpexe_return? HTTP/1.1" 200 1012
190.171.141.114 - - [25/Mar/2024:10:20:47 -0300] "GET /cormun/servlet/trpermisosgoce HTTP/1.1" 200 9772
190.171.141.114 - - [25/Mar/2024:10:20:49 -0300] "GET /cormun/servlet/apermisogoceprn?19405553,P,20240325101641,PU HTTP/1.1" 200 1661
190.171.153.34 - - [25/Mar/2024:10:21:01 -0300] "GET /cormun/static/menuarrow.gif HTTP/1.1" 404 1015
192.168.10.35 - - [25/Mar/2024:10:21:13 -0300] "GET /(S(0nvfza2kqddfqhvpy403odm3))/login.aspx?ReturnUrl=%2f HTTP/1.1" 404 1041
181.212.47.137 - - [25/Mar/2024:10:21:17 -0300] "GET /cormun/servlet/vesolicitudgral?2024,21054,,SolicitudOTAdjuntos HTTP/1.1" 200 11228
181.212.47.137 - - [25/Mar/2024:10:21:19 -0300] "POST /cormun/servlet/acontrolpreferencessavestate?None,RRHH+DANIELA,true HTTP/1.1" 200 35
181.212.47.137 - - [25/Mar/2024:10:21:20 -0300] "GET /cormun/PublicTempStorage/afp_hitselpichunm2210421.pdf HTTP/1.1" 200 61693
181.212.47.137 - - [25/Mar/2024:10:21:31 -0300] "GET /cormun/servlet/vesolicitudgral?2024,21054,,SolicitudOTAdjuntos HTTP/1.1" 200 11226
181.212.47.137 - - [25/Mar/2024:10:21:32 -0300] "POST /cormun/servlet/acontrolpreferencessavestate?None,RRHH+DANIELA,true HTTP/1.1" 200 35
181.212.47.137 - - [25/Mar/2024:10:21:35 -0300] "GET /cormun/PublicTempStorage/fonasa_hitselpichunm1357118.pdf HTTP/1.1" 200 71799
181.212.47.137 - - [25/Mar/2024:10:21:48 -0300] "GET /cormun/servlet/vesolicitudgral?2024,21054,,SolicitudOTAdjuntos HTTP/1.1" 200 11226
190.171.149.74 - - [25/Mar/2024:10:21:49 -0300] "GET /cormun/servlet/trpermisosgoce? HTTP/1.1" 200 6025
190.171.149.74 - - [25/Mar/2024:10:21:49 -0300] "GET /cormun/servlet/hlogin HTTP/1.1" 200 1730
181.212.47.137 - - [25/Mar/2024:10:21:49 -0300] "POST /cormun/servlet/acontrolpreferencessavestate?None,RRHH+DANIELA,true HTTP/1.1" 200 35
190.171.149.74 - - [25/Mar/2024:10:21:54 -0300] "POST /cormun/servlet/hlogin?03b949f72595434085bd135913aeac93,gx-no-cache=1711372730539 HTTP/1.1" 200 90
190.171.149.74 - - [25/Mar/2024:10:21:54 -0300] "GET /cormun/servlet/hpexe_link HTTP/1.1" 200 949
190.171.149.74 - - [25/Mar/2024:10:21:54 -0300] "GET /cormun/servlet/trpermisosgoce HTTP/1.1" 200 10829
192.168.10.35 - - [25/Mar/2024:10:21:56 -0300] "GET /(S(0nvfza2kqddfqhvpy403odm3))/login.aspx?ReturnUrl=%2f HTTP/1.1" 404 1041
192.168.10.35 - - [25/Mar/2024:10:21:56 -0300] "GET /favicon.ico HTTP/1.1" 200 21630
190.171.149.74 - - [25/Mar/2024:10:21:57 -0300] "GET /cormun/servlet/permisogoce?INS,0,,, HTTP/1.1" 200 6835
181.212.47.137 - - [25/Mar/2024:10:21:58 -0300] "GET /cormun/servlet/vesolicitudgral?2024,21054,,General HTTP/1.1" 200 8422
181.212.47.137 - - [25/Mar/2024:10:21:58 -0300] "GET /cormun/pexe_scrolldiv.js HTTP/1.1" 404 1009
190.171.149.74 - - [25/Mar/2024:10:22:02 -0300] "GET /cormun/servlet/permisogoce?2e55abbe278d43ac9fb3ddc0332417d528c9051fc9b485edeb7c7415a5c26e9aa3057404774224b5090644d4edfaf7f2491cd537d1b5b9a8d4db76931a9a8e31,gx-no-cache=1711372738879 HTTP/1.1" 200 87
190.171.149.74 - - [25/Mar/2024:10:22:04 -0300] "GET /cormun/static/menuarrow.gif HTTP/1.1" 404 1015
190.171.149.74 - - [25/Mar/2024:10:22:10 -0300] "GET /cormun/servlet/permisogoce?2e55abbe278d43ac9fb3ddc0332417d592d88c8f0fe0ea306cf2f2d3429085295479bcbb90664978913045309ea3597c51d3f2bc19df76b846c6a9b1a402a9e5,gx-no-cache=1711372747127 HTTP/1.1" 200 48
190.171.149.74 - - [25/Mar/2024:10:22:13 -0300] "POST /cormun/servlet/permisogoce?03b949f72595434085bd135913aeac93,INS,0,,,,gx-no-cache=1711372749348 HTTP/1.1" 200 93
190.171.149.74 - - [25/Mar/2024:10:22:13 -0300] "GET /cormun/servlet/hpexe_return? HTTP/1.1" 200 1002
190.171.149.74 - - [25/Mar/2024:10:22:13 -0300] "GET /cormun/servlet/trpermisosgoce HTTP/1.1" 200 10995
190.171.149.74 - - [25/Mar/2024:10:22:16 -0300] "GET /cormun/servlet/apermisogoceprn?9014931,P,20240325101837,PU HTTP/1.1" 200 1653
209.141.55.133 - - [25/Mar/2024:10:22:47 -0300] "GET /manager/html HTTP/1.1" 401 2474
209.141.55.133 - - [25/Mar/2024:10:22:47 -0300] "GET /manager/html HTTP/1.1" 401 2474
190.171.141.82 - - [25/Mar/2024:10:23:01 -0300] "GET /cormun/servlet/hlogin HTTP/1.1" 200 1721
190.171.141.82 - - [25/Mar/2024:10:23:01 -0300] "GET /cormun/servlet/hlogin HTTP/1.1" 200 1731
190.171.141.82 - - [25/Mar/2024:10:23:02 -0300] "GET /cormun/servlet/hlogin HTTP/1.1" 200 1721
190.171.143.82 - - [25/Mar/2024:10:23:15 -0300] "GET /cormun/servlet/trcontratosolicitud? HTTP/1.1" 200 13679
190.171.143.82 - - [25/Mar/2024:10:23:23 -0300] "POST /cormun/servlet/trcontratosolicitud?67a8bb78d74e4fcd746a1db1a6c05dc4,,gx-no-cache=1711372818259 HTTP/1.1" 200 7129
181.212.47.136 - - [25/Mar/2024:10:23:34 -0300] "POST /cormun/servlet/trsolicitudgral?6b813afc76a7ab365d7bcd117e45430b,,gx-no-cache=1711372814993 HTTP/1.1" 200 5258
181.212.47.136 - - [25/Mar/2024:10:23:35 -0300] "POST /cormun/servlet/trsolicitudgral?6b813afc76a7ab365d7bcd117e45430b,,gx-no-cache=1711372815726 HTTP/1.1" 200 5258
181.212.47.136 - - [25/Mar/2024:10:23:36 -0300] "POST /cormun/servlet/trsolicitudgral?6b813afc76a7ab365d7bcd117e45430b,,gx-no-cache=1711372816616 HTTP/1.1" 200 5258
181.212.47.136 - - [25/Mar/2024:10:23:39 -0300] "POST /cormun/servlet/trsolicitudgral?6b813afc76a7ab365d7bcd117e45430b,,gx-no-cache=1711372819945 HTTP/1.1" 200 5250
190.171.141.82 - - [25/Mar/2024:10:23:47 -0300] "GET /cormun/servlet/hlogin HTTP/1.1" 200 1721
190.171.141.82 - - [25/Mar/2024:10:23:54 -0300] "POST /cormun/servlet/hlogin?b7a4f31d88245b9f730332dbfa2fe5c3,gx-no-cache=1711372850716 HTTP/1.1" 200 90
190.171.141.82 - - [25/Mar/2024:10:23:54 -0300] "GET /cormun/servlet/hpexe_link HTTP/1.1" 200 949
190.171.141.82 - - [25/Mar/2024:10:23:54 -0300] "GET /cormun/servlet/hhome HTTP/1.1" 200 4317
190.171.143.82 - - [25/Mar/2024:10:23:59 -0300] "GET /cormun/servlet/trautorizarsolicitud? HTTP/1.1" 200 11041
190.171.141.82 - - [25/Mar/2024:10:24:01 -0300] "GET /cormun/servlet/trsolicitudot? HTTP/1.1" 200 7535
181.212.47.137 - - [25/Mar/2024:10:24:04 -0300] "GET /cormun/servlet/trsolicitudgral? HTTP/1.1" 200 12319
190.171.141.82 - - [25/Mar/2024:10:24:06 -0300] "POST /cormun/servlet/trsolicitudot?b7a4f31d88245b9f730332dbfa2fe5c3,,gx-no-cache=1711372862453 HTTP/1.1" 200 6078
190.171.141.82 - - [25/Mar/2024:10:24:07 -0300] "GET /cormun/static/menuarrow.gif HTTP/1.1" 404 1015
190.171.141.82 - - [25/Mar/2024:10:24:10 -0300] "GET /cormun/servlet/solicitudot?INS,0,0,false, HTTP/1.1" 200 16293
190.171.141.82 - - [25/Mar/2024:10:24:17 -0300] "POST /cormun/servlet/solicitudot?gx-no-cache=1711372873185 HTTP/1.1" 200 4031
190.171.141.82 - - [25/Mar/2024:10:24:17 -0300] "POST /cormun/servlet/solicitudot?b7a4f31d88245b9f730332dbfa2fe5c3,INS,0,0,false,,gx-no-cache=1711372873294 HTTP/1.1" 200 12874
190.171.141.82 - - [25/Mar/2024:10:24:22 -0300] "GET /cormun/servlet/solicitudot?82f89ba001080e80c5d7768072f5c4ecc07cbcaa8a8604be034c7d5521f12254e5c56a5ae9e6099fe2b2f269805f7d2c,gx-no-cache=1711372879070 HTTP/1.1" 200 111
190.171.141.82 - - [25/Mar/2024:10:24:22 -0300] "GET /cormun/static/Shared/jqueryui/images/ui-bg_highlight-soft_100_c6c2c8_1x100.png HTTP/1.1" 404 1117
190.171.141.82 - - [25/Mar/2024:10:24:22 -0300] "GET /cormun/static/Shared/jqueryui/images/ui-bg_flat_55_994d53_40x100.png HTTP/1.1" 404 1097
190.171.141.82 - - [25/Mar/2024:10:24:22 -0300] "GET /cormun/static/Shared/jqueryui/images/ui-icons_82798d_256x240.png HTTP/1.1" 404 1089
190.171.141.82 - - [25/Mar/2024:10:24:22 -0300] "GET /cormun/static/Shared/jqueryui/images/ui-icons_ebccce_256x240.png HTTP/1.1" 404 1089
190.171.141.82 - - [25/Mar/2024:10:24:22 -0300] "GET /cormun/servlet/solicitudot?82f89ba001080e80c5d7768072f5c4ecf6cedc4600e6706ba9b5f42346d60065,gx-no-cache=1711372879119 HTTP/1.1" 200 94
190.171.141.82 - - [25/Mar/2024:10:24:22 -0300] "GET /cormun/servlet/solicitudot?82f89ba001080e80c5d7768072f5c4ecd5bf4fd276f080ea0c2fb00ac8841e5d,gx-no-cache=1711372879143 HTTP/1.1" 200 29
190.171.141.82 - - [25/Mar/2024:10:24:22 -0300] "POST /cormun/servlet/solicitudot?gx-no-cache=1711372879167 HTTP/1.1" 200 297
190.171.141.82 - - [25/Mar/2024:10:24:22 -0300] "GET /cormun/servlet/solicitudot?82f89ba001080e80c5d7768072f5c4ec92db50c4f17bb87919ffed2acf63fa28ec2cecdd489a31586a6fc730e346fd957f1763c5c070c2f8e1e8771cd1949c7860fa3f202cdb46544950b82b3d7540ae32002686d5819f2ddfff7b6e8f7c03b425b7b9515a713fa53a91714177508762579edb202eb1e888caca7a84a73986250e0d7830ee7da6826528e30c2e5551d922b2c316d42a713b6978b5378fa7796270e4cb45adb634b04dccb95ac934c32fdbe83811bfebb8d5eb07a8fa3b1bdf94e4210fbf9380bfb565e263315dc334d05ead684e3ae955b7cd14ae6ba7644a224bfd46b1d05b82ea23d12d7bb228ebe41a9b33c16b9bb71ba276d7cf4e8bd2732c4004e7ff2a063a06d2a504229bd52970b78751f797edbb6cad39d577e34f9ae58c310c3352d1ff9b2746e56ac3d8c4d1a95ccc87fcb90c37fddaad63202e4a500178372a6e51907e70af8c8c869ac540caceedfe344e97d55985ca39fb7a5ff7157e70da82a8a4a426cf6335cdd6c56e86b88f58a0a887621b8751b89a6c37d9381e31ca3aa71de3d1703a04e1f510,gx-no-cache=1711372879197 HTTP/1.1" 200 30
192.168.10.35 - - [25/Mar/2024:10:24:25 -0300] "GET /(S(0nvfza2kqddfqhvpy403odm3))/login.aspx?ReturnUrl=%2f HTTP/1.1" 404 1041
190.171.141.82 - - [25/Mar/2024:10:24:25 -0300] "POST /cormun/servlet/solicitudot?gx-no-cache=1711372881821 HTTP/1.1" 200 30
192.168.10.35 - - [25/Mar/2024:10:25:04 -0300] "GET /(S(0nvfza2kqddfqhvpy403odm3))/login.aspx?ReturnUrl=%2f HTTP/1.1" 404 1041
192.168.10.35 - - [25/Mar/2024:10:25:04 -0300] "GET /favicon.ico HTTP/1.1" 200 21630
190.171.143.82 - - [25/Mar/2024:10:25:06 -0300] "GET /cormun/servlet/trcontratosolicitud? HTTP/1.1" 200 9485
190.171.143.82 - - [25/Mar/2024:10:25:12 -0300] "POST /cormun/servlet/trcontratosolicitud?67a8bb78d74e4fcd746a1db1a6c05dc4,,gx-no-cache=1711372928035 HTTP/1.1" 200 12726
181.212.47.137 - - [25/Mar/2024:10:25:13 -0300] "GET /cormun/servlet/vesolicitudgral?2024,21043,, HTTP/1.1" 200 8426
181.212.47.137 - - [25/Mar/2024:10:25:13 -0300] "GET /cormun/pexe_scrolldiv.js HTTP/1.1" 404 1009
190.171.153.34 - - [25/Mar/2024:10:25:43 -0300] "GET /cormun/servlet/licenciaspermisos?4eb922b2019887c7448facf1e1bb74f6083dbf11fa7569fb17158dd22d1092946e220437b6bf235e9f7d2ca55cb5c66dcb3e73efd61b1cb563492e2af738b4e10860426dcdfad7280f1a779461b3496dedf97a834edac1985debaec5e4aad4b3e3149ba09871c44a3a72e4dcb9a572a8478d55b14f602ac3c8bd64433649a8c8ea93c8e23fd14dcf55d03b53403d2785ac15e855c86c25ea7cd9d0c1d6e238df21e36431ae30856e702225b36d12342dadace3bc3a6af89ff960e513ebf60ebc6a9247c6061ed7782571ac29bab24cbd95627f85253889ced9981679caa71393,gx-no-cache=1711372959991 HTTP/1.1" 200 30
190.171.153.34 - - [25/Mar/2024:10:25:43 -0300] "POST /cormun/servlet/licenciaspermisos?2062b7387c273b74f6bffbf495add142,INS,0,,,,gx-no-cache=1711372960029 HTTP/1.1" 200 5189
190.171.153.34 - - [25/Mar/2024:10:26:14 -0300] "GET /cormun/servlet/licenciaspermisos?4eb922b2019887c7448facf1e1bb74f6b5a7e827ae58965d1c50367ac4a15aeab0c595708491b364753e82262f67d36a62c6b4d4ea7470ba37c7ddd3325bdd25ca94a94034aba242acd337f3430c1519e0c8e40b6e03a60f70adc983f534f700c3502fa54aaafe1c235110d014f8f3ab0d92412fd62f9218d72626f8aed6fe0bc4dfbdbaf61bcd6277121ec953cd75298e016295708b8be408d47927dc3fae59c367c6e2278fb9da7650a365d0ee1f4a61274908e4ed4d8d75ae201a897b68b22ecab04f23e6f72f40166560220e5d02e18bce0a26c833e3b036fa239ac56a34,gx-no-cache=1711372991078 HTTP/1.1" 200 108
190.171.153.34 - - [25/Mar/2024:10:26:14 -0300] "GET /cormun/static/Shared/jqueryui/images/ui-bg_highlight-soft_100_c6c2c8_1x100.png HTTP/1.1" 404 1117
190.171.153.34 - - [25/Mar/2024:10:26:14 -0300] "GET /cormun/static/Shared/jqueryui/images/ui-icons_82798d_256x240.png HTTP/1.1" 404 1089
190.171.153.34 - - [25/Mar/2024:10:26:14 -0300] "GET /cormun/static/Shared/jqueryui/images/ui-bg_flat_55_994d53_40x100.png HTTP/1.1" 404 1097
190.171.153.34 - - [25/Mar/2024:10:26:14 -0300] "GET /cormun/static/Shared/jqueryui/images/ui-icons_ebccce_256x240.png HTTP/1.1" 404 1089
190.171.153.34 - - [25/Mar/2024:10:26:14 -0300] "POST /cormun/servlet/licenciaspermisos?2062b7387c273b74f6bffbf495add142,INS,0,,,,gx-no-cache=1711372991119 HTTP/1.1" 200 5295
190.171.153.34 - - [25/Mar/2024:10:26:18 -0300] "GET /cormun/servlet/licenciaspermisos?4eb922b2019887c7448facf1e1bb74f6083dbf11fa7569fb17158dd22d109294b8293d1735c8744454e815df4eab9e86cb3e73efd61b1cb563492e2af738b4e10860426dcdfad7280f1a779461b3496dedf97a834edac1985debaec5e4aad4b3e3149ba09871c44a3a72e4dcb9a572a8478d55b14f602ac3c8bd64433649a8c8ea93c8e23fd14dcf55d03b53403d2785ac15e855c86c25ea7cd9d0c1d6e238df21e36431ae30856e702225b36d12342dadace3bc3a6af89ff960e513ebf60ebc6a9247c6061ed7782571ac29bab24cbd95627f85253889ced9981679caa71393,gx-no-cache=1711372995166 HTTP/1.1" 200 30
190.171.153.34 - - [25/Mar/2024:10:26:18 -0300] "POST /cormun/servlet/licenciaspermisos?2062b7387c273b74f6bffbf495add142,INS,0,,,,gx-no-cache=1711372995183 HTTP/1.1" 200 5186
190.171.153.34 - - [25/Mar/2024:10:26:23 -0300] "GET /cormun/servlet/licenciaspermisos?4eb922b2019887c7448facf1e1bb74f6b5a7e827ae58965d1c50367ac4a15aea6eccbf680f52d259d827c1ec980f361c62c6b4d4ea7470ba37c7ddd3325bdd25ca94a94034aba242acd337f3430c1519e0c8e40b6e03a60f70adc983f534f700c3502fa54aaafe1c235110d014f8f3ab0d92412fd62f9218d72626f8aed6fe0bc4dfbdbaf61bcd6277121ec953cd75298e016295708b8be408d47927dc3fae59c367c6e2278fb9da7650a365d0ee1f4a61274908e4ed4d8d75ae201a897b68b22ecab04f23e6f72f40166560220e5d02e18bce0a26c833e3b036fa239ac56a34,gx-no-cache=1711372999961 HTTP/1.1" 200 29
190.171.153.34 - - [25/Mar/2024:10:26:23 -0300] "POST /cormun/servlet/licenciaspermisos?2062b7387c273b74f6bffbf495add142,INS,0,,,,gx-no-cache=1711372999977 HTTP/1.1" 200 93
190.171.153.34 - - [25/Mar/2024:10:26:23 -0300] "GET /cormun/servlet/hpexe_return? HTTP/1.1" 200 1012
190.171.153.34 - - [25/Mar/2024:10:26:24 -0300] "GET /cormun/servlet/trlicencias HTTP/1.1" 200 10253
190.171.153.34 - - [25/Mar/2024:10:26:31 -0300] "GET /cormun/servlet/alicenciaprn?18645603,L,20240325000000,PU HTTP/1.1" 200 1535
190.171.153.34 - - [25/Mar/2024:10:26:31 -0300] "GET /cormun/servlet/alicenciaprn?18645603,L,20240325000000,PU HTTP/1.1" 200 1537
190.171.141.82 - - [25/Mar/2024:10:27:09 -0300] "GET /cormun/servlet/prfichaempleado?,MD,,gxPopupLevel%3D0%3B HTTP/1.1" 200 9348
190.171.141.82 - - [25/Mar/2024:10:27:14 -0300] "POST /cormun/servlet/prfichaempleado?b7a4f31d88245b9f730332dbfa2fe5c3,,MD,,gxPopupLevel%3D0%3B,gx-no-cache=1711373050517 HTTP/1.1" 200 3385
190.171.141.82 - - [25/Mar/2024:10:27:35 -0300] "GET /cormun/servlet/solicitudot?82f89ba001080e80c5d7768072f5c4ec65b93a7e413082b4cfc2c5f1e322e6b57aa66bd76292841349ae4df9bab267ba3a494f90c0030b22d71aa499b02db9cb,gx-no-cache=1711373071767 HTTP/1.1" 200 30
190.171.141.82 - - [25/Mar/2024:10:27:41 -0300] "GET /cormun/servlet/prlicenciaspermisos?18040959,L,,MD,,gxPopupLevel%3D0%3B HTTP/1.1" 200 5779
190.171.141.82 - - [25/Mar/2024:10:27:41 -0300] "GET /cormun/static/gxcfg.js?2020121559567 HTTP/1.1" 200 953
190.171.141.82 - - [25/Mar/2024:10:27:41 -0300] "GET /cormun/static/prlicenciaspermisos.js?2020121559821 HTTP/1.1" 200 13379
190.171.141.82 - - [25/Mar/2024:10:27:43 -0300] "POST /cormun/servlet/solicitudot?gx-no-cache=1711373080132 HTTP/1.1" 200 1475
190.171.141.82 - - [25/Mar/2024:10:27:46 -0300] "POST /cormun/servlet/solicitudot?gx-no-cache=1711373082271 HTTP/1.1" 200 41
190.171.149.74 - - [25/Mar/2024:10:28:11 -0300] "GET /cormun/servlet/trlicencias? HTTP/1.1" 200 10788
190.171.153.34 - - [25/Mar/2024:10:29:01 -0300] "GET /cormun/servlet/trlicenciaspermisosadjuntos?18645603,20240325000000,L, HTTP/1.1" 200 6719
190.171.153.34 - - [25/Mar/2024:10:29:01 -0300] "GET /cormun/static/gxui/gxui-all.css?110300 HTTP/1.1" 200 2179
190.171.153.34 - - [25/Mar/2024:10:29:01 -0300] "GET /cormun/static/calendar-system.css?75620 HTTP/1.1" 200 5572
190.171.153.34 - - [25/Mar/2024:10:29:01 -0300] "GET /cormun/static/gxcfg.js?201991422445549 HTTP/1.1" 200 953
190.171.153.34 - - [25/Mar/2024:10:29:01 -0300] "GET /cormun/static/trlicenciaspermisosadjuntos.js?20199142244593 HTTP/1.1" 200 21036
190.171.153.34 - - [25/Mar/2024:10:29:01 -0300] "GET /cormun/static/Resources/Spanish/PXTools.css?2294816 HTTP/1.1" 200 100853
190.171.153.34 - - [25/Mar/2024:10:29:01 -0300] "GET /cormun/static/Shared/ext/resources/css/ext-all.css?205870 HTTP/1.1" 200 416045
190.171.153.34 - - [25/Mar/2024:10:29:04 -0300] "GET /cormun/servlet/licenciaspermisosadjuntos?INS,18645603,L,20240325000000,, HTTP/1.1" 200 6005
190.171.153.34 - - [25/Mar/2024:10:29:04 -0300] "GET /cormun/static/licenciaspermisosadjuntos.js?20201215114932 HTTP/1.1" 200 8760
190.171.153.34 - - [25/Mar/2024:10:29:04 -0300] "GET /cormun/static/gxcfg.js?20201215114875 HTTP/1.1" 200 953
190.171.153.34 - - [25/Mar/2024:10:29:04 -0300] "GET /cormun/static/about:blank HTTP/1.1" 404 1011
190.171.153.34 - - [25/Mar/2024:10:29:21 -0300] "POST /cormun/servlet/licenciaspermisosadjuntos?2062b7387c273b74f6bffbf495add142,INS,18645603,L,20240325000000,, HTTP/1.1" 200 116
190.171.153.34 - - [25/Mar/2024:10:29:21 -0300] "GET /cormun/servlet/hpexe_return? HTTP/1.1" 200 1043
190.171.153.34 - - [25/Mar/2024:10:29:21 -0300] "GET /cormun/servlet/trlicenciaspermisosadjuntos?18645603,20240325000000,L, HTTP/1.1" 200 7241
190.171.153.34 - - [25/Mar/2024:10:29:30 -0300] "GET /cormun/servlet/trlicencias? HTTP/1.1" 200 10249
181.212.47.137 - - [25/Mar/2024:10:29:30 -0300] "GET /cormun/servlet/trsolicitudgral? HTTP/1.1" 200 11908
190.171.153.34 - - [25/Mar/2024:10:29:33 -0300] "GET /cormun/servlet/alicenciaprn?18645603,L,20240325000000,PU HTTP/1.1" 200 1538
190.171.153.34 - - [25/Mar/2024:10:29:33 -0300] "GET /cormun/servlet/alicenciaprn?18645603,L,20240325000000,PU HTTP/1.1" 200 1537
181.212.47.137 - - [25/Mar/2024:10:29:38 -0300] "GET /cormun/servlet/vesolicitudgral?2024,20814,, HTTP/1.1" 200 8434
181.212.47.137 - - [25/Mar/2024:10:29:38 -0300] "GET /cormun/pexe_scrolldiv.js HTTP/1.1" 404 1009
209.141.55.133 - - [25/Mar/2024:10:29:57 -0300] "GET /manager/html HTTP/1.1" 401 2474
209.141.55.133 - - [25/Mar/2024:10:29:57 -0300] "GET /manager/html HTTP/1.1" 401 2474
190.171.141.82 - - [25/Mar/2024:10:29:58 -0300] "GET /cormun/servlet/solicitudot?82f89ba001080e80c5d7768072f5c4ec814d2365bebad97873b1c002309f5cc3577a1da73835ce492cb6af305b09863d7f08cbfda9b736e1da18bb20bc48da932f9cbc0e056735f539f0138d3d83b639527419f0ded0aa690aa0afe269d9b91f0efa7abdb4986c761ed19aaf7569d422,gx-no-cache=1711373215213 HTTP/1.1" 200 110
190.171.141.82 - - [25/Mar/2024:10:29:59 -0300] "POST /cormun/servlet/solicitudot?gx-no-cache=1711373215244 HTTP/1.1" 200 110
190.171.141.82 - - [25/Mar/2024:10:29:59 -0300] "GET /cormun/servlet/solicitudot?82f89ba001080e80c5d7768072f5c4eca2330dacd1896e230c71633f7ed0f7e46c0d749341947ac9a76ced47a7faf35ba2f8aca99e4c29e60f6b4320e11b56095d4976d5e81d32a674ee8295c0f5741270c38f9ff27a82af6846029a35c6e64cbb09faa1cc5c34f4170a273745e66529,gx-no-cache=1711373215271 HTTP/1.1" 200 29
190.171.141.82 - - [25/Mar/2024:10:30:13 -0300] "GET /cormun/servlet/solicitudot?82f89ba001080e80c5d7768072f5c4ec814d2365bebad97873b1c002309f5cc3577a1da73835ce492cb6af305b09863d7f08cbfda9b736e1da18bb20bc48da932f9cbc0e056735f539f0138d3d83b639527419f0ded0aa690aa0afe269d9b91f0efa7abdb4986c761ed19aaf7569d422,gx-no-cache=1711373229336 HTTP/1.1" 200 110
190.171.153.50 - - [25/Mar/2024:10:30:24 -0300] "GET /cormun/servlet/hlogin HTTP/1.1" 200 1743
190.171.153.50 - - [25/Mar/2024:10:30:32 -0300] "POST /cormun/servlet/hlogin?8b0dc496589a7edcba7fc8e90c664fec,gx-no-cache=1711373248881 HTTP/1.1" 200 90
190.171.153.50 - - [25/Mar/2024:10:30:32 -0300] "GET /cormun/servlet/hpexe_link HTTP/1.1" 200 952
190.171.153.50 - - [25/Mar/2024:10:30:32 -0300] "GET /cormun/servlet/hhome HTTP/1.1" 200 4278
190.171.153.34 - - [25/Mar/2024:10:30:47 -0300] "POST /cormun/servlet/trlicencias?2062b7387c273b74f6bffbf495add142,,gx-no-cache=1711373263895 HTTP/1.1" 200 7556
190.171.153.34 - - [25/Mar/2024:10:30:47 -0300] "GET /cormun/static/Shared/jqueryui/images/ui-bg_flat_55_fafafa_40x100.png HTTP/1.1" 404 1097
190.171.153.34 - - [25/Mar/2024:10:30:47 -0300] "GET /cormun/static/Shared/jqueryui/images/ui-icons_8d78a5_256x240.png HTTP/1.1" 404 1089
190.171.134.178 - - [25/Mar/2024:10:31:04 -0300] "GET /cormun/servlet/hlogin HTTP/1.1" 200 1723
190.171.134.178 - - [25/Mar/2024:10:31:04 -0300] "GET /cormun/servlet/hlogin HTTP/1.1" 200 1732
190.171.153.50 - - [25/Mar/2024:10:31:10 -0300] "GET /cormun/servlet/trsolicitudot? HTTP/1.1" 200 9360
190.171.134.178 - - [25/Mar/2024:10:31:20 -0300] "POST /cormun/servlet/hlogin?cdfa8c25ba39329086f207e01445e384,gx-no-cache=1711373296172 HTTP/1.1" 200 90
190.171.134.178 - - [25/Mar/2024:10:31:20 -0300] "GET /cormun/servlet/hpexe_link HTTP/1.1" 200 951
190.171.134.178 - - [25/Mar/2024:10:31:20 -0300] "GET /cormun/servlet/hhome HTTP/1.1" 200 3941
190.171.134.178 - - [25/Mar/2024:10:31:21 -0300] "GET /cormun/servlet/hhome HTTP/1.1" 200 3938
190.171.153.50 - - [25/Mar/2024:10:31:23 -0300] "GET /cormun/servlet/trreportecargahoraria? HTTP/1.1" 200 6867
190.171.153.50 - - [25/Mar/2024:10:31:23 -0300] "GET /cormun/static/gxcfg.js?202211298504121 HTTP/1.1" 200 953
190.171.153.50 - - [25/Mar/2024:10:31:23 -0300] "GET /cormun/static/trreportecargahoraria.js?20221129850435 HTTP/1.1" 200 29376
190.171.141.82 - - [25/Mar/2024:10:31:25 -0300] "GET /cormun/servlet/solicitudot?82f89ba001080e80c5d7768072f5c4ece7fa0d955bb3368171f715058ee8be8ff3d582f81d239f1541f445cab45ba7bc,gx-no-cache=1711373301740 HTTP/1.1" 200 30
190.171.141.82 - - [25/Mar/2024:10:31:25 -0300] "POST /cormun/servlet/solicitudot?gx-no-cache=1711373301768 HTTP/1.1" 200 34
190.171.141.82 - - [25/Mar/2024:10:31:25 -0300] "POST /cormun/servlet/solicitudot?b7a4f31d88245b9f730332dbfa2fe5c3,INS,0,0,false,,gx-no-cache=1711373301791 HTTP/1.1" 200 13292
190.171.153.50 - - [25/Mar/2024:10:31:27 -0300] "GET /cormun/servlet/trcontratosolicitud? HTTP/1.1" 200 14780
190.171.134.178 - - [25/Mar/2024:10:31:29 -0300] "GET /cormun/servlet/trsolicitudot? HTTP/1.1" 200 8627
190.171.134.178 - - [25/Mar/2024:10:31:29 -0300] "GET /cormun/servlet/trsolicitudot? HTTP/1.1" 200 8625
190.171.141.82 - - [25/Mar/2024:10:31:31 -0300] "GET /cormun/servlet/solicitudot?82f89ba001080e80c5d7768072f5c4ecc07cbcaa8a8604be034c7d5521f12254e5c56a5ae9e6099fe2b2f269805f7d2c,gx-no-cache=1711373307634 HTTP/1.1" 200 111
190.171.141.82 - - [25/Mar/2024:10:31:31 -0300] "GET /cormun/servlet/solicitudot?82f89ba001080e80c5d7768072f5c4ec92db50c4f17bb87919ffed2acf63fa28ec2cecdd489a31586a6fc730e346fd957f1763c5c070c2f8e1e8771cd1949c7860fa3f202cdb46544950b82b3d7540ae32002686d5819f2ddfff7b6e8f7c03b425b7b9515a713fa53a91714177508762579edb202eb1e888caca7a84a73986250e0d7830ee7da6826528e30c2e5551d922b2c316d42a713b6978b5378fa7796270e4cb45adb634b04dccb95ac934c32fdbe83811bfebb8d5eb07a8fa3b1bdf94e4210fbf9380bfb565e263315dc334d05ead684e3ae955b7cd14ae6ba7644a224bfd46b1d05b82ea23d12d7bb228ebe41a9b33c16b9bb71ba276d7cf4e8bd2732c4004e7ff2a063a06d2a504229bd52970b78751f797edbb6cad39d577e34f9ae58c310c3352d1ff9b2746e56ac3d8c4d1a95ccc87fcb90c37fddaad63202e4a500178372a6e51907e70af8c8c869ac540caceedfe344e97d55985ca39fb7a5ff7157e70da82a8a4a426cf6335cdd6c5ce777d8672823a25af12cfb62bb9e690d9381e31ca3aa71de3d1703a04e1f510,gx-no-cache=1711373307660 HTTP/1.1" 200 30
190.171.141.82 - - [25/Mar/2024:10:31:31 -0300] "POST /cormun/servlet/solicitudot?gx-no-cache=1711373307681 HTTP/1.1" 200 30
190.171.141.82 - - [25/Mar/2024:10:31:31 -0300] "POST /cormun/servlet/solicitudot?gx-no-cache=1711373307706 HTTP/1.1" 200 1475
190.171.141.82 - - [25/Mar/2024:10:31:31 -0300] "POST /cormun/servlet/solicitudot?gx-no-cache=1711373307797 HTTP/1.1" 200 41
190.171.141.82 - - [25/Mar/2024:10:31:31 -0300] "GET /cormun/servlet/solicitudot?82f89ba001080e80c5d7768072f5c4ec814d2365bebad97873b1c002309f5cc3577a1da73835ce492cb6af305b09863d7f08cbfda9b736e1da18bb20bc48da932f9cbc0e056735f539f0138d3d83b639527419f0ded0aa690aa0afe269d9b91f0efa7abdb4986c761ed19aaf7569d422,gx-no-cache=1711373307819 HTTP/1.1" 200 110
190.171.141.82 - - [25/Mar/2024:10:31:31 -0300] "POST /cormun/servlet/solicitudot?gx-no-cache=1711373307843 HTTP/1.1" 200 110
190.171.141.82 - - [25/Mar/2024:10:31:31 -0300] "GET /cormun/servlet/solicitudot?82f89ba001080e80c5d7768072f5c4ece7fa0d955bb3368171f715058ee8be8ff3d582f81d239f1541f445cab45ba7bc,gx-no-cache=1711373307869 HTTP/1.1" 200 30
190.171.141.82 - - [25/Mar/2024:10:31:31 -0300] "POST /cormun/servlet/solicitudot?gx-no-cache=1711373307888 HTTP/1.1" 200 34
190.171.141.82 - - [25/Mar/2024:10:31:31 -0300] "POST /cormun/servlet/solicitudot?b7a4f31d88245b9f730332dbfa2fe5c3,INS,0,0,false,,gx-no-cache=1711373307911 HTTP/1.1" 200 13368
190.171.134.178 - - [25/Mar/2024:10:31:33 -0300] "POST /cormun/servlet/trsolicitudot?cdfa8c25ba39329086f207e01445e384,,gx-no-cache=1711373308569 HTTP/1.1" 200 106
190.171.134.178 - - [25/Mar/2024:10:31:33 -0300] "GET /cormun/servlet/trsolicitudadjuntos?2024,21020, HTTP/1.1" 200 6055
190.171.134.178 - - [25/Mar/2024:10:31:33 -0300] "GET /cormun/servlet/trsolicitudadjuntos?2024,21020, HTTP/1.1" 200 6055
190.171.134.178 - - [25/Mar/2024:10:31:35 -0300] "GET /cormun/servlet/solicitudotadjuntos?INS,2024,21020,,1, HTTP/1.1" 200 5995
190.171.134.178 - - [25/Mar/2024:10:31:35 -0300] "GET /cormun/static/about:blank HTTP/1.1" 404 1011
190.171.134.178 - - [25/Mar/2024:10:31:35 -0300] "GET /cormun/servlet/solicitudotadjuntos?INS,2024,21020,,1, HTTP/1.1" 200 5989
190.171.134.178 - - [25/Mar/2024:10:31:36 -0300] "GET /cormun/servlet/solicitudotadjuntos?2bda18d3f9287c5060cebe52e95710f8bb012442058b35743f19898d3ff17296b39b9af61a08a2386a6ea70b8d5e5ce5,gx-no-cache=1711373312082 HTTP/1.1" 200 30
190.171.134.178 - - [25/Mar/2024:10:31:36 -0300] "POST /cormun/servlet/solicitudotadjuntos?cdfa8c25ba39329086f207e01445e384,INS,2024,21020,,1,,gx-no-cache=1711373312098 HTTP/1.1" 200 3902
190.171.134.178 - - [25/Mar/2024:10:31:42 -0300] "POST /cormun/servlet/solicitudotadjuntos?gx-no-cache=1711373317812 HTTP/1.1" 200 26
190.171.134.178 - - [25/Mar/2024:10:31:56 -0300] "GET /cormun/servlet/solicitudotadjuntos?2bda18d3f9287c5060cebe52e95710f86e14c9edba81a249b505c68aacb0fdc2,gx-no-cache=1711373332443 HTTP/1.1" 200 30
190.171.134.178 - - [25/Mar/2024:10:31:56 -0300] "GET /cormun/servlet/solicitudotadjuntos?2bda18d3f9287c5060cebe52e95710f86e14c9edba81a249b505c68aacb0fdc2,gx-no-cache=1711373332453 HTTP/1.1" 200 30
190.171.134.178 - - [25/Mar/2024:10:31:57 -0300] "POST /cormun/servlet/solicitudotadjuntos?cdfa8c25ba39329086f207e01445e384,INS,2024,21020,,1, HTTP/1.1" 200 116
190.171.134.178 - - [25/Mar/2024:10:31:57 -0300] "GET /cormun/servlet/hpexe_return? HTTP/1.1" 200 1026
190.171.134.178 - - [25/Mar/2024:10:31:57 -0300] "GET /cormun/servlet/trsolicitudadjuntos?2024,21020, HTTP/1.1" 200 8985
190.171.134.178 - - [25/Mar/2024:10:31:57 -0300] "GET /cormun/servlet/trsolicitudadjuntos?2024,21020, HTTP/1.1" 200 8980
190.171.134.178 - - [25/Mar/2024:10:32:00 -0300] "GET /cormun/servlet/solicitudotadjuntos?INS,2024,21020,,1, HTTP/1.1" 200 5995
190.171.134.178 - - [25/Mar/2024:10:32:00 -0300] "GET /cormun/static/about:blank HTTP/1.1" 404 1011
190.171.134.178 - - [25/Mar/2024:10:32:00 -0300] "GET /cormun/servlet/solicitudotadjuntos?INS,2024,21020,,1, HTTP/1.1" 200 5989
190.171.134.178 - - [25/Mar/2024:10:32:00 -0300] "GET /cormun/servlet/solicitudotadjuntos?2bda18d3f9287c5060cebe52e95710f8bb012442058b35743f19898d3ff17296b39b9af61a08a2386a6ea70b8d5e5ce5,gx-no-cache=1711373336410 HTTP/1.1" 200 30
190.171.134.178 - - [25/Mar/2024:10:32:00 -0300] "POST /cormun/servlet/solicitudotadjuntos?cdfa8c25ba39329086f207e01445e384,INS,2024,21020,,1,,gx-no-cache=1711373336424 HTTP/1.1" 200 3902
190.171.134.178 - - [25/Mar/2024:10:32:04 -0300] "POST /cormun/servlet/solicitudotadjuntos?gx-no-cache=1711373340429 HTTP/1.1" 200 26
190.171.134.178 - - [25/Mar/2024:10:32:10 -0300] "GET /cormun/servlet/solicitudotadjuntos?2bda18d3f9287c5060cebe52e95710f86e14c9edba81a249b505c68aacb0fdc2,gx-no-cache=1711373346155 HTTP/1.1" 200 30
190.171.134.178 - - [25/Mar/2024:10:32:10 -0300] "GET /cormun/servlet/solicitudotadjuntos?2bda18d3f9287c5060cebe52e95710f86e14c9edba81a249b505c68aacb0fdc2,gx-no-cache=1711373346166 HTTP/1.1" 200 30
190.171.134.178 - - [25/Mar/2024:10:32:10 -0300] "POST /cormun/servlet/solicitudotadjuntos?cdfa8c25ba39329086f207e01445e384,INS,2024,21020,,1, HTTP/1.1" 200 116
190.171.134.178 - - [25/Mar/2024:10:32:10 -0300] "GET /cormun/servlet/hpexe_return? HTTP/1.1" 200 1026
190.171.134.178 - - [25/Mar/2024:10:32:11 -0300] "GET /cormun/servlet/trsolicitudadjuntos?2024,21020, HTTP/1.1" 200 9240
190.171.134.178 - - [25/Mar/2024:10:32:11 -0300] "GET /cormun/servlet/trsolicitudadjuntos?2024,21020, HTTP/1.1" 200 9239
190.171.134.178 - - [25/Mar/2024:10:32:14 -0300] "GET /cormun/servlet/solicitudotadjuntos?INS,2024,21020,,1, HTTP/1.1" 200 5995
190.171.134.178 - - [25/Mar/2024:10:32:14 -0300] "GET /cormun/static/about:blank HTTP/1.1" 404 1011
190.171.134.178 - - [25/Mar/2024:10:32:14 -0300] "GET /cormun/servlet/solicitudotadjuntos?INS,2024,21020,,1, HTTP/1.1" 200 5989
190.171.134.178 - - [25/Mar/2024:10:32:14 -0300] "GET /cormun/servlet/solicitudotadjuntos?2bda18d3f9287c5060cebe52e95710f8bb012442058b35743f19898d3ff17296b39b9af61a08a2386a6ea70b8d5e5ce5,gx-no-cache=1711373350501 HTTP/1.1" 200 30
190.171.134.178 - - [25/Mar/2024:10:32:14 -0300] "POST /cormun/servlet/solicitudotadjuntos?cdfa8c25ba39329086f207e01445e384,INS,2024,21020,,1,,gx-no-cache=1711373350516 HTTP/1.1" 200 3902
190.171.134.178 - - [25/Mar/2024:10:32:18 -0300] "POST /cormun/servlet/solicitudotadjuntos?gx-no-cache=1711373353836 HTTP/1.1" 200 26
190.171.141.82 - - [25/Mar/2024:10:32:19 -0300] "GET /cormun/servlet/trsolicitudot? HTTP/1.1" 200 8983
190.171.141.82 - - [25/Mar/2024:10:32:22 -0300] "GET /cormun/servlet/solicitudot?INS,0,0,false, HTTP/1.1" 200 16295
190.171.134.178 - - [25/Mar/2024:10:32:25 -0300] "GET /cormun/servlet/solicitudotadjuntos?2bda18d3f9287c5060cebe52e95710f86e14c9edba81a249b505c68aacb0fdc2,gx-no-cache=1711373360963 HTTP/1.1" 200 30
190.171.134.178 - - [25/Mar/2024:10:32:25 -0300] "GET /cormun/servlet/solicitudotadjuntos?2bda18d3f9287c5060cebe52e95710f86e14c9edba81a249b505c68aacb0fdc2,gx-no-cache=1711373360973 HTTP/1.1" 200 30
190.171.134.178 - - [25/Mar/2024:10:32:25 -0300] "POST /cormun/servlet/solicitudotadjuntos?cdfa8c25ba39329086f207e01445e384,INS,2024,21020,,1, HTTP/1.1" 200 116
190.171.134.178 - - [25/Mar/2024:10:32:25 -0300] "GET /cormun/servlet/hpexe_return? HTTP/1.1" 200 1026
190.171.134.178 - - [25/Mar/2024:10:32:26 -0300] "GET /cormun/servlet/trsolicitudadjuntos?2024,21020, HTTP/1.1" 200 9437
190.171.134.178 - - [25/Mar/2024:10:32:26 -0300] "GET /cormun/servlet/trsolicitudadjuntos?2024,21020, HTTP/1.1" 200 9435
190.171.141.82 - - [25/Mar/2024:10:32:26 -0300] "POST /cormun/servlet/solicitudot?gx-no-cache=1711373363057 HTTP/1.1" 200 4031
190.171.141.82 - - [25/Mar/2024:10:32:27 -0300] "POST /cormun/servlet/solicitudot?b7a4f31d88245b9f730332dbfa2fe5c3,INS,0,0,false,,gx-no-cache=1711373363237 HTTP/1.1" 200 12875
190.171.134.178 - - [25/Mar/2024:10:32:28 -0300] "GET /cormun/servlet/solicitudotadjuntos?INS,2024,21020,,1, HTTP/1.1" 200 5995
190.171.134.178 - - [25/Mar/2024:10:32:28 -0300] "GET /cormun/static/about:blank HTTP/1.1" 404 1011
190.171.134.178 - - [25/Mar/2024:10:32:28 -0300] "GET /cormun/servlet/solicitudotadjuntos?INS,2024,21020,,1, HTTP/1.1" 200 5989
190.171.134.178 - - [25/Mar/2024:10:32:29 -0300] "GET /cormun/servlet/solicitudotadjuntos?2bda18d3f9287c5060cebe52e95710f8bb012442058b35743f19898d3ff17296b39b9af61a08a2386a6ea70b8d5e5ce5,gx-no-cache=1711373364914 HTTP/1.1" 200 30
190.171.134.178 - - [25/Mar/2024:10:32:29 -0300] "POST /cormun/servlet/solicitudotadjuntos?cdfa8c25ba39329086f207e01445e384,INS,2024,21020,,1,,gx-no-cache=1711373364930 HTTP/1.1" 200 3903
190.171.134.178 - - [25/Mar/2024:10:32:32 -0300] "POST /cormun/servlet/solicitudotadjuntos?gx-no-cache=1711373368500 HTTP/1.1" 200 26
190.171.134.178 - - [25/Mar/2024:10:32:38 -0300] "GET /cormun/servlet/solicitudotadjuntos?2bda18d3f9287c5060cebe52e95710f86e14c9edba81a249b505c68aacb0fdc2,gx-no-cache=1711373374275 HTTP/1.1" 200 30
190.171.134.178 - - [25/Mar/2024:10:32:38 -0300] "GET /cormun/servlet/solicitudotadjuntos?2bda18d3f9287c5060cebe52e95710f86e14c9edba81a249b505c68aacb0fdc2,gx-no-cache=1711373374286 HTTP/1.1" 200 30
190.171.134.178 - - [25/Mar/2024:10:32:38 -0300] "POST /cormun/servlet/solicitudotadjuntos?cdfa8c25ba39329086f207e01445e384,INS,2024,21020,,1, HTTP/1.1" 200 116
190.171.134.178 - - [25/Mar/2024:10:32:39 -0300] "GET /cormun/servlet/hpexe_return? HTTP/1.1" 200 1026
190.171.134.178 - - [25/Mar/2024:10:32:39 -0300] "GET /cormun/servlet/trsolicitudadjuntos?2024,21020, HTTP/1.1" 200 9707
190.171.134.178 - - [25/Mar/2024:10:32:39 -0300] "GET /cormun/servlet/trsolicitudadjuntos?2024,21020, HTTP/1.1" 200 9703
190.171.134.178 - - [25/Mar/2024:10:32:42 -0300] "GET /cormun/servlet/solicitudotadjuntos?INS,2024,21020,,1, HTTP/1.1" 200 5995
190.171.134.178 - - [25/Mar/2024:10:32:42 -0300] "GET /cormun/static/about:blank HTTP/1.1" 404 1011
190.171.134.178 - - [25/Mar/2024:10:32:42 -0300] "GET /cormun/servlet/solicitudotadjuntos?INS,2024,21020,,1, HTTP/1.1" 200 5989
190.171.134.178 - - [25/Mar/2024:10:32:42 -0300] "GET /cormun/servlet/solicitudotadjuntos?2bda18d3f9287c5060cebe52e95710f8bb012442058b35743f19898d3ff17296b39b9af61a08a2386a6ea70b8d5e5ce5,gx-no-cache=1711373378523 HTTP/1.1" 200 30
190.171.134.178 - - [25/Mar/2024:10:32:42 -0300] "POST /cormun/servlet/solicitudotadjuntos?cdfa8c25ba39329086f207e01445e384,INS,2024,21020,,1,,gx-no-cache=1711373378537 HTTP/1.1" 200 3903
190.171.134.178 - - [25/Mar/2024:10:32:48 -0300] "POST /cormun/servlet/solicitudotadjuntos?gx-no-cache=1711373384348 HTTP/1.1" 200 26
200.54.107.2 - - [25/Mar/2024:10:33:08 -0300] "GET /cormun/servlet/hlogin HTTP/1.1" 200 1718
200.54.107.2 - - [25/Mar/2024:10:33:13 -0300] "GET /cormun/servlet/hlogin HTTP/1.1" 200 1729
200.54.107.2 - - [25/Mar/2024:10:33:17 -0300] "POST /cormun/servlet/hlogin?ae8410654bfcbc528b91b5a7cbdecb87,gx-no-cache=1711373413664 HTTP/1.1" 200 90
200.54.107.2 - - [25/Mar/2024:10:33:17 -0300] "GET /cormun/servlet/hpexe_link HTTP/1.1" 200 950
200.54.107.2 - - [25/Mar/2024:10:33:17 -0300] "GET /cormun/servlet/hhome HTTP/1.1" 200 4357
200.54.107.2 - - [25/Mar/2024:10:33:22 -0300] "GET /cormun/servlet/trlicencias? HTTP/1.1" 200 8770
209.141.55.133 - - [25/Mar/2024:10:36:17 -0300] "GET /manager/html HTTP/1.1" 401 2474
209.141.55.133 - - [25/Mar/2024:10:36:18 -0300] "GET /manager/html HTTP/1.1" 401 2474
181.212.47.136 - - [25/Mar/2024:10:38:59 -0300] "POST /cormun/servlet/trsolicitudgral?6b813afc76a7ab365d7bcd117e45430b,,gx-no-cache=1711373739741 HTTP/1.1" 200 7112
181.212.47.136 - - [25/Mar/2024:10:39:03 -0300] "GET /cormun/servlet/vesolicitudgral?2024,20908,, HTTP/1.1" 200 8387
181.212.47.136 - - [25/Mar/2024:10:39:03 -0300] "GET /cormun/pexe_scrolldiv.js HTTP/1.1" 404 1009
181.212.47.136 - - [25/Mar/2024:10:39:05 -0300] "GET /cormun/servlet/vesolicitudgral?2024,20908,,SolicitudOTAdjuntos HTTP/1.1" 200 10942
181.212.47.136 - - [25/Mar/2024:10:39:05 -0300] "GET /cormun/pexe_scrolldiv.js HTTP/1.1" 404 1009
181.212.47.136 - - [25/Mar/2024:10:39:06 -0300] "POST /cormun/servlet/acontrolpreferencessavestate?None,RRHH+DANIELA,true HTTP/1.1" 200 35
181.212.47.136 - - [25/Mar/2024:10:39:08 -0300] "GET /cormun/PublicTempStorage/certificado_de_titulo7532973.pdf HTTP/1.1" 200 365175
190.171.149.90 - - [25/Mar/2024:10:40:07 -0300] "POST /cormun/servlet/trsolicitudot?bd489e56802f9e768162841a7b7e349a,gx-no-cache=1711372110865,gx-no-cache=1711373823441 HTTP/1.1" 200 5967
190.171.149.90 - - [25/Mar/2024:10:40:11 -0300] "POST /cormun/servlet/trsolicitudot?bd489e56802f9e768162841a7b7e349a,gx-no-cache=1711372110865,gx-no-cache=1711373828066 HTTP/1.1" 200 107
190.171.149.90 - - [25/Mar/2024:10:40:11 -0300] "GET /cormun/servlet/trsolicitudadjuntos?2024,21065, HTTP/1.1" 200 5954
190.171.149.90 - - [25/Mar/2024:10:40:14 -0300] "GET /cormun/servlet/solicitudotadjuntos?INS,2024,21065,,1, HTTP/1.1" 200 5874
190.171.149.90 - - [25/Mar/2024:10:40:14 -0300] "GET /cormun/static/about:blank HTTP/1.1" 404 1011
190.171.149.90 - - [25/Mar/2024:10:40:15 -0300] "GET /cormun/servlet/solicitudotadjuntos?79e9fa58c814abd9157aee0487a566d92f4db3e7304e5ceef15d9786ddbf1b8be56878221f864c193a0c5fb161aaabc5,gx-no-cache=1711373831351 HTTP/1.1" 200 30
190.171.149.90 - - [25/Mar/2024:10:40:15 -0300] "POST /cormun/servlet/solicitudotadjuntos?bd489e56802f9e768162841a7b7e349a,INS,2024,21065,,1,,gx-no-cache=1711373831376 HTTP/1.1" 200 3867
190.171.149.90 - - [25/Mar/2024:10:40:16 -0300] "POST /cormun/servlet/solicitudotadjuntos?gx-no-cache=1711373833136 HTTP/1.1" 200 26
190.171.149.90 - - [25/Mar/2024:10:40:31 -0300] "GET /cormun/servlet/solicitudotadjuntos?79e9fa58c814abd9157aee0487a566d99371fbb7411400aea04a1465a3387589,gx-no-cache=1711373847439 HTTP/1.1" 200 30
190.171.149.90 - - [25/Mar/2024:10:40:31 -0300] "GET /cormun/servlet/solicitudotadjuntos?79e9fa58c814abd9157aee0487a566d99371fbb7411400aea04a1465a3387589,gx-no-cache=1711373847455 HTTP/1.1" 200 30
190.171.149.90 - - [25/Mar/2024:10:40:31 -0300] "POST /cormun/servlet/solicitudotadjuntos?bd489e56802f9e768162841a7b7e349a,INS,2024,21065,,1, HTTP/1.1" 200 116
190.171.149.90 - - [25/Mar/2024:10:40:31 -0300] "GET /cormun/servlet/hpexe_return? HTTP/1.1" 200 1017
190.171.149.90 - - [25/Mar/2024:10:40:31 -0300] "GET /cormun/servlet/trsolicitudadjuntos?2024,21065, HTTP/1.1" 200 8830
190.171.149.90 - - [25/Mar/2024:10:40:33 -0300] "GET /cormun/servlet/solicitudotadjuntos?INS,2024,21065,,1, HTTP/1.1" 200 5874
190.171.149.90 - - [25/Mar/2024:10:40:34 -0300] "GET /cormun/static/about:blank HTTP/1.1" 404 1011
190.171.149.90 - - [25/Mar/2024:10:40:34 -0300] "GET /cormun/servlet/solicitudotadjuntos?79e9fa58c814abd9157aee0487a566d92f4db3e7304e5ceef15d9786ddbf1b8be56878221f864c193a0c5fb161aaabc5,gx-no-cache=1711373850955 HTTP/1.1" 200 30
190.171.149.90 - - [25/Mar/2024:10:40:34 -0300] "POST /cormun/servlet/solicitudotadjuntos?bd489e56802f9e768162841a7b7e349a,INS,2024,21065,,1,,gx-no-cache=1711373850990 HTTP/1.1" 200 3867
190.171.149.90 - - [25/Mar/2024:10:40:36 -0300] "POST /cormun/servlet/solicitudotadjuntos?gx-no-cache=1711373853192 HTTP/1.1" 200 26
190.171.141.114 - - [25/Mar/2024:10:40:51 -0300] "GET /cormun/servlet/hhome HTTP/1.1" 200 3992
190.171.141.114 - - [25/Mar/2024:10:40:57 -0300] "GET /cormun/servlet/trsolicitudot? HTTP/1.1" 200 11825
190.171.153.50 - - [25/Mar/2024:10:41:25 -0300] "GET /cormun/servlet/hlogin HTTP/1.1" 200 1741
181.212.47.137 - - [25/Mar/2024:10:42:35 -0300] "GET /cormun/servlet/trsolicitudgral? HTTP/1.1" 200 11528
181.212.47.137 - - [25/Mar/2024:10:42:42 -0300] "GET /cormun/servlet/vesolicitudgral?2024,20843,, HTTP/1.1" 200 8390
181.212.47.137 - - [25/Mar/2024:10:42:42 -0300] "GET /cormun/pexe_scrolldiv.js HTTP/1.1" 404 1009
209.141.55.133 - - [25/Mar/2024:10:43:11 -0300] "GET /manager/html HTTP/1.1" 401 2474
209.141.55.133 - - [25/Mar/2024:10:43:11 -0300] "GET /manager/html HTTP/1.1" 401 2474
181.212.47.136 - - [25/Mar/2024:10:43:30 -0300] "GET /cormun/servlet/vesolicitudgral?2024,20908,,SolicitudOTAdjuntos HTTP/1.1" 200 10943
181.212.47.136 - - [25/Mar/2024:10:43:31 -0300] "POST /cormun/servlet/acontrolpreferencessavestate?None,RRHH+DANIELA,true HTTP/1.1" 200 35
181.212.47.136 - - [25/Mar/2024:10:43:34 -0300] "GET /cormun/PublicTempStorage/curriculum_vitae2714188.pdf HTTP/1.1" 200 79178
181.212.47.136 - - [25/Mar/2024:10:43:57 -0300] "GET /cormun/servlet/vesolicitudgral?2024,20908,,SolicitudOTAdjuntos HTTP/1.1" 200 10941
181.212.47.136 - - [25/Mar/2024:10:43:59 -0300] "POST /cormun/servlet/acontrolpreferencessavestate?None,RRHH+DANIELA,true HTTP/1.1" 200 35
181.212.47.136 - - [25/Mar/2024:10:44:11 -0300] "GET /cormun/servlet/vesolicitudgral?2024,20908,,General HTTP/1.1" 200 8393
181.212.47.136 - - [25/Mar/2024:10:44:11 -0300] "GET /cormun/pexe_scrolldiv.js HTTP/1.1" 404 1009
181.212.47.136 - - [25/Mar/2024:10:44:13 -0300] "POST /cormun/servlet/vesolicitudgral?6b813afc76a7ab365d7bcd117e45430b,2024,20908,,General,gx-no-cache=1711374053581 HTTP/1.1" 200 90
181.212.47.136 - - [25/Mar/2024:10:44:13 -0300] "GET /cormun/servlet/hpexe_link HTTP/1.1" 200 971
181.212.47.136 - - [25/Mar/2024:10:44:13 -0300] "GET /cormun/servlet/trsolicitudgral? HTTP/1.1" 200 10189
190.171.141.82 - - [25/Mar/2024:10:46:21 -0300] "GET /cormun/servlet/trsolicitudot? HTTP/1.1" 200 8983
190.171.141.82 - - [25/Mar/2024:10:46:24 -0300] "GET /cormun/servlet/solicitudot?INS,0,0,false, HTTP/1.1" 200 16295
190.171.141.82 - - [25/Mar/2024:10:46:36 -0300] "POST /cormun/servlet/solicitudot?gx-no-cache=1711374212823 HTTP/1.1" 200 4031
190.171.141.82 - - [25/Mar/2024:10:46:36 -0300] "POST /cormun/servlet/solicitudot?b7a4f31d88245b9f730332dbfa2fe5c3,INS,0,0,false,,gx-no-cache=1711374212971 HTTP/1.1" 200 12874
190.171.141.82 - - [25/Mar/2024:10:46:41 -0300] "GET /cormun/servlet/solicitudot?82f89ba001080e80c5d7768072f5c4ec856e3ad03cc7f6a84abf443cd961b65ce5c56a5ae9e6099fe2b2f269805f7d2c,gx-no-cache=1711374217473 HTTP/1.1" 200 30
181.212.47.137 - - [25/Mar/2024:10:47:00 -0300] "GET /cormun/servlet/vesolicitudgral?2024,20843,,SolicitudOTAdjuntos HTTP/1.1" 200 11215
181.212.47.137 - - [25/Mar/2024:10:47:00 -0300] "GET /cormun/pexe_scrolldiv.js HTTP/1.1" 404 1009
181.212.47.137 - - [25/Mar/2024:10:47:01 -0300] "POST /cormun/servlet/acontrolpreferencessavestate?None,RRHH+DANIELA,true HTTP/1.1" 200 35
181.212.47.137 - - [25/Mar/2024:10:47:01 -0300] "GET /cormun/PublicTempStorage/afp_josefa_guangua8758958.pdf HTTP/1.1" 200 72493
181.212.47.137 - - [25/Mar/2024:10:47:13 -0300] "GET /cormun/servlet/vesolicitudgral?2024,20843,,SolicitudOTAdjuntos HTTP/1.1" 200 11219
181.212.47.137 - - [25/Mar/2024:10:47:15 -0300] "POST /cormun/servlet/acontrolpreferencessavestate?None,RRHH+DANIELA,true HTTP/1.1" 200 35
181.212.47.137 - - [25/Mar/2024:10:47:15 -0300] "GET /cormun/PublicTempStorage/certificado_fonasa_josefa_guangua2953164.pdf HTTP/1.1" 200 71800
181.212.47.137 - - [25/Mar/2024:10:47:21 -0300] "GET /cormun/servlet/vesolicitudgral?2024,20843,,SolicitudOTAdjuntos HTTP/1.1" 200 11218
181.212.47.137 - - [25/Mar/2024:10:47:22 -0300] "POST /cormun/servlet/acontrolpreferencessavestate?None,RRHH+DANIELA,true HTTP/1.1" 200 35
181.212.47.137 - - [25/Mar/2024:10:47:23 -0300] "GET /cormun/PublicTempStorage/curriculumjosefaguangua9230721.pdf HTTP/1.1" 200 57466
181.212.47.137 - - [25/Mar/2024:10:47:32 -0300] "GET /cormun/servlet/vesolicitudgral?2024,20843,,SolicitudOTAdjuntos HTTP/1.1" 200 11219
181.212.47.137 - - [25/Mar/2024:10:47:34 -0300] "POST /cormun/servlet/acontrolpreferencessavestate?None,RRHH+DANIELA,true HTTP/1.1" 200 35
181.212.47.137 - - [25/Mar/2024:10:47:34 -0300] "GET /cormun/PublicTempStorage/certificadosdeantecedentes_josefaguangua_%282%295824099.pdf HTTP/1.1" 200 34374
200.54.103.162 - - [25/Mar/2024:10:48:14 -0300] "GET /cormun/servlet/hhome HTTP/1.1" 200 3325
200.54.103.162 - - [25/Mar/2024:10:48:14 -0300] "GET /cormun/servlet/hlogin HTTP/1.1" 200 1734
190.171.141.82 - - [25/Mar/2024:10:48:16 -0300] "GET /cormun/servlet/solicitudot?82f89ba001080e80c5d7768072f5c4ec65b93a7e413082b4cfc2c5f1e322e6b57aa66bd76292841349ae4df9bab267ba3a494f90c0030b22d71aa499b02db9cb,gx-no-cache=1711374313055 HTTP/1.1" 200 30
190.171.141.82 - - [25/Mar/2024:10:48:16 -0300] "GET /cormun/servlet/solicitudot?82f89ba001080e80c5d7768072f5c4ecd5bf4fd276f080ea0c2fb00ac8841e5d,gx-no-cache=1711374313082 HTTP/1.1" 200 29
200.54.103.162 - - [25/Mar/2024:10:48:18 -0300] "POST /cormun/servlet/hlogin?8337f1a6119d8bdff70007fd14c6c018,gx-no-cache=1711374321602 HTTP/1.1" 200 90
200.54.103.162 - - [25/Mar/2024:10:48:18 -0300] "GET /cormun/servlet/hpexe_link HTTP/1.1" 200 953
200.54.103.162 - - [25/Mar/2024:10:48:18 -0300] "GET /cormun/servlet/hhome HTTP/1.1" 200 4343
200.54.103.162 - - [25/Mar/2024:10:48:21 -0300] "GET /cormun/servlet/trlicencias? HTTP/1.1" 200 9503
190.171.141.82 - - [25/Mar/2024:10:48:22 -0300] "POST /cormun/servlet/solicitudot?gx-no-cache=1711374318566 HTTP/1.1" 200 297
200.54.103.162 - - [25/Mar/2024:10:48:23 -0300] "POST /cormun/servlet/trlicencias?8337f1a6119d8bdff70007fd14c6c018,,gx-no-cache=1711374327091 HTTP/1.1" 200 6861
190.171.141.82 - - [25/Mar/2024:10:48:25 -0300] "GET /cormun/servlet/solicitudot?82f89ba001080e80c5d7768072f5c4ec92db50c4f17bb87919ffed2acf63fa28ec2cecdd489a31586a6fc730e346fd957f1763c5c070c2f8e1e8771cd1949c7860fa3f202cdb46544950b82b3d7540ae32002686d5819f2ddfff7b6e8f7c03b425b7b9515a713fa53a91714177508762579edb202eb1e888caca7a84a73986250e0d7830ee7da6826528e30c2e5551d922b2c316d42a713b6978b5378fa7796270e4cb45adb634b04dccb95ac934c32fdbe83811bfebb8d5eb07a8fa3b1bdf94e4210fbf9380bfb565e263315dc334d05ead684e3ae955b7cd14ae6ba7644a224bfd46b1d05b82ea23d12d7bb228ebe41a9b33c16b9bb71ba276d7cf4e8bd2732c4004e7ff2a063a06d2a504229bd52970b78751f797edbb6cad39d577e34f9ae58c310c3352d1ff9b2746e56ac3d8c4d1a95ccc87fcb90c37fddaad63202e4a500178372a6e51907e70af8c8c869ac540caceedfe344e97d55985ca39fb7a5ff7157e70da82a8a4a426cf6335cdd6c56e86b88f58a0a887621b8751b89a6c37d9381e31ca3aa71de3d1703a04e1f510,gx-no-cache=1711374321633 HTTP/1.1" 200 30
181.212.47.137 - - [25/Mar/2024:10:48:25 -0300] "GET /cormun/servlet/vesolicitudgral?2024,20843,,SolicitudOTAdjuntos HTTP/1.1" 200 11224
181.212.47.137 - - [25/Mar/2024:10:48:27 -0300] "POST /cormun/servlet/acontrolpreferencessavestate?None,RRHH+DANIELA,true HTTP/1.1" 200 35
190.171.141.82 - - [25/Mar/2024:10:48:28 -0300] "POST /cormun/servlet/solicitudot?gx-no-cache=1711374325035 HTTP/1.1" 200 30
181.212.47.137 - - [25/Mar/2024:10:48:29 -0300] "GET /cormun/servlet/vesolicitudgral?2024,20843,,General HTTP/1.1" 200 8398
181.212.47.137 - - [25/Mar/2024:10:48:29 -0300] "GET /cormun/pexe_scrolldiv.js HTTP/1.1" 404 1009
200.54.103.162 - - [25/Mar/2024:10:48:33 -0300] "GET /cormun/servlet/hlogin HTTP/1.1" 200 1741
190.171.141.82 - - [25/Mar/2024:10:48:35 -0300] "GET /cormun/servlet/prfichaempleado?,MD,,gxPopupLevel%3D0%3B HTTP/1.1" 200 9348
190.171.141.82 - - [25/Mar/2024:10:48:39 -0300] "POST /cormun/servlet/prfichaempleado?b7a4f31d88245b9f730332dbfa2fe5c3,,MD,,gxPopupLevel%3D0%3B,gx-no-cache=1711374335653 HTTP/1.1" 200 4155
190.171.141.82 - - [25/Mar/2024:10:48:45 -0300] "GET /cormun/servlet/prlicenciaspermisos?18040959,L,,MD,,gxPopupLevel%3D0%3B HTTP/1.1" 200 5779
190.171.141.82 - - [25/Mar/2024:10:48:47 -0300] "POST /cormun/servlet/solicitudot?gx-no-cache=1711374343562 HTTP/1.1" 200 1475
190.171.141.82 - - [25/Mar/2024:10:48:48 -0300] "POST /cormun/servlet/solicitudot?gx-no-cache=1711374344992 HTTP/1.1" 200 41
190.171.141.82 - - [25/Mar/2024:10:48:53 -0300] "GET /cormun/servlet/solicitudot?82f89ba001080e80c5d7768072f5c4ec814d2365bebad97873b1c002309f5cc3577a1da73835ce492cb6af305b09863d7f08cbfda9b736e1da18bb20bc48da932f9cbc0e056735f539f0138d3d83b639527419f0ded0aa690aa0afe269d9b91f0efa7abdb4986c761ed19aaf7569d422,gx-no-cache=1711374349378 HTTP/1.1" 200 110
190.171.141.82 - - [25/Mar/2024:10:48:53 -0300] "POST /cormun/servlet/solicitudot?gx-no-cache=1711374349403 HTTP/1.1" 200 110
190.171.141.82 - - [25/Mar/2024:10:48:53 -0300] "GET /cormun/servlet/solicitudot?82f89ba001080e80c5d7768072f5c4eca2330dacd1896e230c71633f7ed0f7e46c0d749341947ac9a76ced47a7faf35ba2f8aca99e4c29e60f6b4320e11b56095d4976d5e81d32a674ee8295c0f5741270c38f9ff27a82af6846029a35c6e64cbb09faa1cc5c34f4170a273745e66529,gx-no-cache=1711374349428 HTTP/1.1" 200 29
190.171.141.82 - - [25/Mar/2024:10:48:55 -0300] "GET /cormun/static/menuarrow.gif HTTP/1.1" 404 1015
190.171.141.82 - - [25/Mar/2024:10:48:58 -0300] "GET /cormun/servlet/solicitudot?82f89ba001080e80c5d7768072f5c4ec814d2365bebad97873b1c002309f5cc3577a1da73835ce492cb6af305b09863d7f08cbfda9b736e1da18bb20bc48da932f9cbc0e056735f539f0138d3d83b639527419f0ded0aa690aa0afe269d9b91f0efa7abdb4986c761ed19aaf7569d422,gx-no-cache=1711374354795 HTTP/1.1" 200 110
190.171.141.82 - - [25/Mar/2024:10:49:07 -0300] "GET /cormun/servlet/solicitudot?82f89ba001080e80c5d7768072f5c4ece7fa0d955bb3368171f715058ee8be8ff3d582f81d239f1541f445cab45ba7bc,gx-no-cache=1711374363931 HTTP/1.1" 200 30
190.171.141.82 - - [25/Mar/2024:10:49:07 -0300] "POST /cormun/servlet/solicitudot?gx-no-cache=1711374363953 HTTP/1.1" 200 34
