190.171.153.34 - - [25/Mar/2024:09:41:38 -0300] "GET /cormun/servlet/trsolicitudot? HTTP/1.1" 200 7568
190.171.153.34 - - [25/Mar/2024:09:41:41 -0300] "GET /cormun/servlet/trsolicitudot? HTTP/1.1" 200 7568
181.212.42.153 - - [25/Mar/2024:09:42:25 -0300] "GET /cormun/servlet/trlicencias? HTTP/1.1" 200 6053
181.212.42.153 - - [25/Mar/2024:09:42:26 -0300] "GET /cormun/servlet/hlogin HTTP/1.1" 200 1737
181.212.42.153 - - [25/Mar/2024:09:42:31 -0300] "POST /cormun/servlet/hlogin?f1348c981eab6b38d770e87ead253628,gx-no-cache=1711370368259 HTTP/1.1" 200 90
181.212.42.153 - - [25/Mar/2024:09:42:31 -0300] "GET /cormun/servlet/hpexe_link HTTP/1.1" 200 955
181.212.42.153 - - [25/Mar/2024:09:42:31 -0300] "GET /cormun/servlet/trlicencias HTTP/1.1" 200 13527
190.171.152.114 - - [25/Mar/2024:09:43:41 -0300] "GET /cormun/servlet/hlogin HTTP/1.1" 200 1725
190.171.152.114 - - [25/Mar/2024:09:43:41 -0300] "GET /cormun/servlet/hlogin HTTP/1.1" 200 1735
190.171.152.114 - - [25/Mar/2024:09:43:57 -0300] "POST /cormun/servlet/hlogin?f803979729b475ac547f7aede2ca3a53,gx-no-cache=1711370457853 HTTP/1.1" 200 447
190.171.152.114 - - [25/Mar/2024:09:44:03 -0300] "POST /cormun/servlet/hlogin?f803979729b475ac547f7aede2ca3a53,gx-no-cache=1711370464420 HTTP/1.1" 200 90
190.171.152.114 - - [25/Mar/2024:09:44:03 -0300] "GET /cormun/servlet/hpexe_link HTTP/1.1" 200 953
190.171.152.114 - - [25/Mar/2024:09:44:03 -0300] "GET /cormun/servlet/hhome HTTP/1.1" 200 4329
190.171.152.114 - - [25/Mar/2024:09:44:06 -0300] "GET /cormun/servlet/trlicencias? HTTP/1.1" 200 11617
190.171.153.34 - - [25/Mar/2024:09:44:22 -0300] "GET /cormun/servlet/trsolicitudot? HTTP/1.1" 200 7568
190.95.15.15 - - [25/Mar/2024:09:45:16 -0300] "GET /cormun/servlet/trlicencias? HTTP/1.1" 200 6051
190.95.15.15 - - [25/Mar/2024:09:45:16 -0300] "GET /cormun/servlet/hlogin HTTP/1.1" 200 1738
190.95.15.15 - - [25/Mar/2024:09:45:25 -0300] "POST /cormun/servlet/hlogin?4de1815fa9afc87a8575046612f12845,gx-no-cache=1711370542981 HTTP/1.1" 200 90
190.95.15.15 - - [25/Mar/2024:09:45:25 -0300] "GET /cormun/servlet/hpexe_link HTTP/1.1" 200 957
190.95.15.15 - - [25/Mar/2024:09:45:25 -0300] "GET /cormun/servlet/trlicencias HTTP/1.1" 200 10049
190.171.152.138 - - [25/Mar/2024:09:46:11 -0300] "WSxÝØø|'Êß©më#{¹Uk éŒ—ŠÝظR§¯Á [á Qӕƒ:÷A¦‹wkźË݅¡ƒäÄÇäéh zzÀ+À/À,À0̨̩ÀÀœ/5ê**#" 400 -
190.171.152.138 - - [25/Mar/2024:09:46:11 -0300] "-" 400 -
190.171.152.138 - - [25/Mar/2024:09:46:11 -0300] "GET /cormun/servlet/hlogin HTTP/1.1" 200 1726
190.171.152.138 - - [25/Mar/2024:09:46:11 -0300] "GET /cormun/static/gxtimezone.js?85251 HTTP/1.1" 200 5781
190.171.152.138 - - [25/Mar/2024:09:46:11 -0300] "GET /cormun/static/gxcfg.js?2022112219184450 HTTP/1.1" 200 953
190.171.152.138 - - [25/Mar/2024:09:46:11 -0300] "GET /cormun/static/Resources/CormunLogin.png HTTP/1.1" 200 19132
190.171.152.138 - - [25/Mar/2024:09:46:11 -0300] "GET /cormun/static/messages.spa.js?85251 HTTP/1.1" 200 30736
190.171.152.138 - - [25/Mar/2024:09:46:11 -0300] "GET /cormun/static/hlogin.js?2022112219184458 HTTP/1.1" 200 2156
190.171.152.138 - - [25/Mar/2024:09:46:11 -0300] "GET /cormun/static/Resources/Spanish/PXTools.css?1759030 HTTP/1.1" 200 100853
190.171.152.138 - - [25/Mar/2024:09:46:11 -0300] "GET /cormun/static/gxgral.js?85251 HTTP/1.1" 200 384558
190.171.152.138 - - [25/Mar/2024:09:46:11 -0300] "GET /cormun/static/Resources/PXToolsLoginTop.png HTTP/1.1" 200 1337
190.171.152.138 - - [25/Mar/2024:09:46:11 -0300] "GET /cormun/static/Resources/PXToolsLoginBackground.png HTTP/1.1" 200 1164
190.171.152.138 - - [25/Mar/2024:09:46:11 -0300] "GET /cormun/static/Resources/PXToolsButtonLeft.png HTTP/1.1" 200 1310
190.171.152.138 - - [25/Mar/2024:09:46:11 -0300] "GET /cormun/static/Resources/PXToolsLoginBottom.png HTTP/1.1" 200 1389
190.171.152.138 - - [25/Mar/2024:09:46:11 -0300] "GET /cormun/static/Resources/PXToolsButtonBackground.png HTTP/1.1" 200 1176
190.171.152.138 - - [25/Mar/2024:09:46:11 -0300] "GET /cormun/static/Resources/PXToolsButtonRight.png HTTP/1.1" 200 1294
190.171.152.138 - - [25/Mar/2024:09:46:12 -0300] "GET /cormun/static/Resources/indicator.gif HTTP/1.1" 200 1553
190.171.152.138 - - [25/Mar/2024:09:46:12 -0300] "GET /cormun/servlet/hlogin HTTP/1.1" 200 1737
190.171.152.138 - - [25/Mar/2024:09:46:12 -0300] "GET /favicon.ico HTTP/1.1" 200 21630
190.171.152.138 - - [25/Mar/2024:09:46:14 -0300] "POST /cormun/servlet/hlogin?13d9f77c494a909b9645affe0d8238c5,gx-no-cache=1711374141067 HTTP/1.1" 200 90
190.171.152.138 - - [25/Mar/2024:09:46:14 -0300] "GET /cormun/servlet/hpexe_link HTTP/1.1" 200 956
190.171.152.138 - - [25/Mar/2024:09:46:14 -0300] "GET /cormun/static/gxcfg.js?20221129847421 HTTP/1.1" 200 953
190.171.152.138 - - [25/Mar/2024:09:46:14 -0300] "GET /cormun/static/hpexe_link.js?20221129847423 HTTP/1.1" 200 625
190.171.152.138 - - [25/Mar/2024:09:46:14 -0300] "GET /cormun/static/Resources/Spanish/PXTools.css?8354383 HTTP/1.1" 200 100853
190.171.152.138 - - [25/Mar/2024:09:46:14 -0300] "GET /cormun/servlet/hhome HTTP/1.1" 200 4241
190.171.152.138 - - [25/Mar/2024:09:46:15 -0300] "GET /cormun/static/Shared/jqueryui/jquery-ui.min.css?1345370 HTTP/1.1" 200 30288
190.171.152.138 - - [25/Mar/2024:09:46:15 -0300] "GET /cormun/static/SmoothNavMenu/resources/ddsmoothmenu.css?1112540 HTTP/1.1" 200 2223
190.171.152.138 - - [25/Mar/2024:09:46:15 -0300] "GET /cormun/static/SmoothNavMenu/resources/ddsmoothmenu-v.css?1112540 HTTP/1.1" 200 1188
190.171.152.138 - - [25/Mar/2024:09:46:15 -0300] "GET /cormun/static/scaMessage/css/jquery.pnotify.default.css?1816380 HTTP/1.1" 200 1707
190.171.152.138 - - [25/Mar/2024:09:46:15 -0300] "GET /cormun/static/gxcfg.js?20201215495537 HTTP/1.1" 200 953
190.171.152.138 - - [25/Mar/2024:09:46:15 -0300] "GET /cormun/static/PXToolsJavascripts/pexe_cookies.js HTTP/1.1" 200 792
190.171.152.138 - - [25/Mar/2024:09:46:15 -0300] "GET /cormun/static/PXToolsJavascripts/pexe_autoreload.js HTTP/1.1" 200 1762
190.171.152.138 - - [25/Mar/2024:09:46:15 -0300] "GET /cormun/static/PXToolsJavascripts/pexe_windows.js HTTP/1.1" 200 15249
190.171.152.138 - - [25/Mar/2024:09:46:15 -0300] "GET /cormun/static/PXToolsJavascripts/pexe_grid.js HTTP/1.1" 200 7559
190.171.152.138 - - [25/Mar/2024:09:46:15 -0300] "GET /cormun/static/PXToolsJavascripts/pexe_griddivfix.js HTTP/1.1" 200 6946
190.171.152.138 - - [25/Mar/2024:09:46:15 -0300] "GET /cormun/static/Resources/Spanish/PXTools.css?14345360 HTTP/1.1" 200 100853
190.171.152.138 - - [25/Mar/2024:09:46:15 -0300] "GET /cormun/static/PXToolsJavascripts/pexe_link.js HTTP/1.1" 200 5671
190.171.152.138 - - [25/Mar/2024:09:46:15 -0300] "GET /cormun/static/PXToolsJavascripts/pexe_menudivfix.js HTTP/1.1" 200 333
190.171.152.138 - - [25/Mar/2024:09:46:15 -0300] "GET /cormun/static/PXToolsJavascripts/pexe_menus.js HTTP/1.1" 200 1286
190.171.152.138 - - [25/Mar/2024:09:46:15 -0300] "GET /cormun/static/PXToolsJavascripts/pexe_layers.js HTTP/1.1" 200 4114
190.171.152.138 - - [25/Mar/2024:09:46:15 -0300] "GET /cormun/static/PXToolsJavascripts/pexe_oav.js HTTP/1.1" 200 645
190.171.152.138 - - [25/Mar/2024:09:46:15 -0300] "GET /cormun/static/PXToolsJavascripts/pexe_oavdivfix.js HTTP/1.1" 200 639
190.171.152.138 - - [25/Mar/2024:09:46:15 -0300] "GET /cormun/static/PXToolsJavascripts/pexe_picture.js HTTP/1.1" 200 689
190.171.152.138 - - [25/Mar/2024:09:46:15 -0300] "GET /cormun/static/PXToolsJavascripts/pexe_popup.js HTTP/1.1" 200 15149
190.171.152.138 - - [25/Mar/2024:09:46:15 -0300] "GET /cormun/static/PXToolsJavascripts/pexe_scrolldiv.js HTTP/1.1" 200 4138
190.171.152.138 - - [25/Mar/2024:09:46:15 -0300] "GET /cormun/static/PXToolsJavascripts/pexe_tabdivfix.js HTTP/1.1" 200 898
190.171.152.138 - - [25/Mar/2024:09:46:15 -0300] "GET /cormun/static/PXToolsJavascripts/pexe_tabs.js HTTP/1.1" 200 3748
190.171.152.138 - - [25/Mar/2024:09:46:15 -0300] "GET /cormun/static/PXToolsJavascripts/PXToolsJavascriptsRender.js HTTP/1.1" 200 367
190.171.152.138 - - [25/Mar/2024:09:46:15 -0300] "GET /cormun/static/PXToolsJavascripts/pexe_upload.js HTTP/1.1" 200 1423
190.171.152.138 - - [25/Mar/2024:09:46:15 -0300] "GET /cormun/static/Resources/CormunMP2.png HTTP/1.1" 200 6878
190.171.152.138 - - [25/Mar/2024:09:46:15 -0300] "GET /cormun/static/Resources/ImgHome.png HTTP/1.1" 200 1364
190.171.152.138 - - [25/Mar/2024:09:46:15 -0300] "GET /cormun/static/Resources/ImgLogin.png HTTP/1.1" 200 1432
190.171.152.138 - - [25/Mar/2024:09:46:15 -0300] "GET /cormun/static/Resources/Llave.png HTTP/1.1" 200 1395
190.171.152.138 - - [25/Mar/2024:09:46:15 -0300] "GET /cormun/static/RunJS/RunJS.js HTTP/1.1" 200 288
190.171.152.138 - - [25/Mar/2024:09:46:15 -0300] "GET /cormun/static/Shared/ext/locale/ext-lang-en.js HTTP/1.1" 200 10940
190.171.152.138 - - [25/Mar/2024:09:46:15 -0300] "GET /cormun/static/hwchdr01.js?2022112219251119 HTTP/1.1" 200 996
190.171.152.138 - - [25/Mar/2024:09:46:15 -0300] "GET /cormun/static/hpexe_recentlink.js?20201214471090 HTTP/1.1" 200 2144
190.171.152.138 - - [25/Mar/2024:09:46:15 -0300] "GET /cormun/static/hhome.js?20201215495544 HTTP/1.1" 200 777
190.171.152.138 - - [25/Mar/2024:09:46:15 -0300] "GET /cormun/static/hpexe_scripts.js?20201214471411 HTTP/1.1" 200 1544
190.171.152.138 - - [25/Mar/2024:09:46:15 -0300] "GET /cormun/static/Resources/PXToolsDataTitle.png HTTP/1.1" 200 1173
190.171.152.138 - - [25/Mar/2024:09:46:15 -0300] "GET /cormun/static/hpexe_messagecontroller.js?202211298371222 HTTP/1.1" 200 870
190.171.152.138 - - [25/Mar/2024:09:46:15 -0300] "GET /cormun/static/hpexe_messagepopupcomponent.js?2020121447232 HTTP/1.1" 200 605
190.171.152.138 - - [25/Mar/2024:09:46:15 -0300] "GET /cormun/static/gxui/gxui-all.js HTTP/1.1" 200 107772
190.171.152.138 - - [25/Mar/2024:09:46:15 -0300] "GET /cormun/static/hpexe_messagegenexuscomponent.js?20221129836373 HTTP/1.1" 200 587
190.171.152.138 - - [25/Mar/2024:09:46:15 -0300] "GET /cormun/static/cmcontrolpreferences.js?20199141926336 HTTP/1.1" 200 1375
190.171.152.138 - - [25/Mar/2024:09:46:15 -0300] "GET /cormun/static/SmoothNavMenu/resources/ddsmoothmenu.js HTTP/1.1" 200 12712
190.171.152.138 - - [25/Mar/2024:09:46:15 -0300] "GET /cormun/static/SmoothNavMenu/resources/SmoothNavMenuRender.js HTTP/1.1" 200 5951
190.171.152.138 - - [25/Mar/2024:09:46:15 -0300] "GET /cormun/static/scaMessage/js/jquery.pnotify.min.js HTTP/1.1" 200 13038
190.171.152.138 - - [25/Mar/2024:09:46:15 -0300] "GET /cormun/static/scaMessage/scaMessageRender.js HTTP/1.1" 200 11977
190.171.152.138 - - [25/Mar/2024:09:46:15 -0300] "GET /cormun/static/Shared/jquery/jquery-1.4.2.min.js HTTP/1.1" 200 72174
190.171.152.138 - - [25/Mar/2024:09:46:15 -0300] "GET /cormun/static/hmpwkw03.js?20221129844354 HTTP/1.1" 200 3971
190.171.152.138 - - [25/Mar/2024:09:46:15 -0300] "GET /cormun/static/Shared/jquery/jquery-1.10.2.min.js HTTP/1.1" 200 273199
190.171.152.138 - - [25/Mar/2024:09:46:15 -0300] "GET /cormun/static/Shared/jqueryui/jquery-ui.min.js HTTP/1.1" 200 240427
190.171.152.138 - - [25/Mar/2024:09:46:15 -0300] "GET /cormun/static/Shared/ext/ext-all.js HTTP/1.1" 200 1289687
190.171.152.138 - - [25/Mar/2024:09:46:16 -0300] "GET /cormun/static/SmoothNavMenu/resources/images/right.gif HTTP/1.1" 200 860
190.171.152.138 - - [25/Mar/2024:09:46:16 -0300] "GET /cormun/static/SmoothNavMenu/resources/images/down.gif HTTP/1.1" 200 854
190.171.152.138 - - [25/Mar/2024:09:46:20 -0300] "GET /cormun/servlet/trsolicitudot? HTTP/1.1" 200 7453
190.171.152.138 - - [25/Mar/2024:09:46:20 -0300] "GET /cormun/static/gxui/gxui-all.css?120300 HTTP/1.1" 200 2179
190.171.152.138 - - [25/Mar/2024:09:46:20 -0300] "GET /cormun/static/calendar-system.css?85620 HTTP/1.1" 200 5572
190.171.152.138 - - [25/Mar/2024:09:46:20 -0300] "GET /cormun/static/calendar.js?85251 HTTP/1.1" 200 26246
190.171.152.138 - - [25/Mar/2024:09:46:20 -0300] "GET /cormun/static/calendar-setup.js?85251 HTTP/1.1" 200 2588
190.171.152.138 - - [25/Mar/2024:09:46:20 -0300] "GET /cormun/static/gxcfg.js?20221129846531 HTTP/1.1" 200 953
190.171.152.138 - - [25/Mar/2024:09:46:20 -0300] "GET /cormun/static/calendar-es.js?85251 HTTP/1.1" 200 1901
190.171.152.138 - - [25/Mar/2024:09:46:20 -0300] "GET /cormun/static/gxdec.js?85251 HTTP/1.1" 200 19579
190.171.152.138 - - [25/Mar/2024:09:46:20 -0300] "GET /cormun/static/Resources/PXTools/calendar.png HTTP/1.1" 200 1306
190.171.152.138 - - [25/Mar/2024:09:46:20 -0300] "GET /cormun/static/trsolicitudot.js?202211298465651 HTTP/1.1" 200 54040
190.171.152.138 - - [25/Mar/2024:09:46:20 -0300] "GET /cormun/static/Resources/PXToolsDataSearch.png HTTP/1.1" 200 435
190.171.152.138 - - [25/Mar/2024:09:46:20 -0300] "GET /cormun/static/Resources/PXToolsGridFirstDisabled.gif HTTP/1.1" 200 100
190.171.152.138 - - [25/Mar/2024:09:46:20 -0300] "GET /cormun/static/Resources/PXToolsGridPreviousDisabled.gif HTTP/1.1" 200 90
190.171.152.138 - - [25/Mar/2024:09:46:20 -0300] "GET /cormun/static/Shared/ext/resources/css/ext-all.css?215870 HTTP/1.1" 200 416045
190.171.152.138 - - [25/Mar/2024:09:46:20 -0300] "GET /cormun/static/Resources/PXToolsGridNextDisabled.gif HTTP/1.1" 200 90
190.171.152.138 - - [25/Mar/2024:09:46:20 -0300] "GET /cormun/static/Resources/PXToolsGridLastDisabled.gif HTTP/1.1" 200 98
190.171.152.138 - - [25/Mar/2024:09:46:20 -0300] "GET /cormun/static/Resources/PXToolsGridPage.gif HTTP/1.1" 200 725
190.171.152.138 - - [25/Mar/2024:09:46:20 -0300] "GET /cormun/static/Resources/PXToolsActionExcel.png HTTP/1.1" 200 727
190.171.152.138 - - [25/Mar/2024:09:46:20 -0300] "GET /cormun/static/Resources/PXToolsAddAllAction.png HTTP/1.1" 200 495
190.171.152.138 - - [25/Mar/2024:09:46:21 -0300] "GET /cormun/static/Resources/asc.gif HTTP/1.1" 200 67
190.171.152.138 - - [25/Mar/2024:09:46:21 -0300] "GET /cormun/static/Resources/desc.gif HTTP/1.1" 200 65
190.171.152.138 - - [25/Mar/2024:09:46:21 -0300] "GET /cormun/static/Shared/ext/resources/themes/images/default/panel/bg-headersPanel.png HTTP/1.1" 200 255
190.171.152.138 - - [25/Mar/2024:09:46:21 -0300] "GET /cormun/static/Shared/ext/resources/themes/images/default/tools/tool-sprites.gif HTTP/1.1" 200 5434
190.171.153.34 - - [25/Mar/2024:09:46:29 -0300] "GET /cormun/servlet/solicitudot?INS,0,0,false, HTTP/1.1" 200 16327
190.171.149.90 - - [25/Mar/2024:09:46:46 -0300] "GET /cormun/servlet/trpermisosgoce? HTTP/1.1" 200 8155
190.171.149.90 - - [25/Mar/2024:09:46:47 -0300] "GET /favicon.ico HTTP/1.1" 200 21630
190.171.143.82 - - [25/Mar/2024:09:46:48 -0300] "GET /cormun/servlet/trcontratosolicitud? HTTP/1.1" 200 14849
190.171.149.90 - - [25/Mar/2024:09:46:51 -0300] "GET /cormun/servlet/permisogoce?INS,0,,, HTTP/1.1" 200 6680
190.171.153.34 - - [25/Mar/2024:09:47:05 -0300] "POST /cormun/servlet/solicitudot?gx-no-cache=1711370641631 HTTP/1.1" 200 4031
190.171.153.34 - - [25/Mar/2024:09:47:05 -0300] "POST /cormun/servlet/solicitudot?2062b7387c273b74f6bffbf495add142,INS,0,0,false,,gx-no-cache=1711370641765 HTTP/1.1" 200 12876
190.171.143.82 - - [25/Mar/2024:09:47:10 -0300] "POST /cormun/servlet/trcontratosolicitud?67a8bb78d74e4fcd746a1db1a6c05dc4,,gx-no-cache=1711370645225 HTTP/1.1" 200 7140
190.171.153.34 - - [25/Mar/2024:09:47:10 -0300] "GET /cormun/servlet/solicitudot?899da21c2b43c339e735b3898bff5d2c89dc27ca1b9b07d2a6fdae5e0d792e30c64ba3cf04021aeda00a932e6494be28,gx-no-cache=1711370646722 HTTP/1.1" 200 30
190.171.149.90 - - [25/Mar/2024:09:48:49 -0300] "GET /cormun/servlet/permisogoce?382a66098b078bd7de08a95a046111c0054f3d32b4d810f95c323e4e3e7f74bad5f67ff430f14a2c0f33cbc7659f0c16fe8144c51b84cc805e04b39364db0d8c,gx-no-cache=1711370745249 HTTP/1.1" 200 82
190.171.149.90 - - [25/Mar/2024:09:48:50 -0300] "GET /cormun/static/menuarrow.gif HTTP/1.1" 404 1015
190.171.153.34 - - [25/Mar/2024:09:49:05 -0300] "GET /cormun/static/Resources/PXTools/ClosePrompt.png HTTP/1.1" 200 1036
190.171.153.34 - - [25/Mar/2024:09:49:05 -0300] "GET /cormun/static/Resources/resize.gif HTTP/1.1" 200 77
190.171.153.34 - - [25/Mar/2024:09:49:05 -0300] "GET /cormun/servlet/prbanco?,MD,,gxPopupLevel%3D0%3B HTTP/1.1" 200 6691
190.171.153.34 - - [25/Mar/2024:09:49:05 -0300] "GET /cormun/static/gxcfg.js?20201216131581 HTTP/1.1" 200 953
190.171.153.34 - - [25/Mar/2024:09:49:05 -0300] "GET /cormun/static/Resources/PXToolsMenuSearch.png HTTP/1.1" 200 336
190.171.153.34 - - [25/Mar/2024:09:49:05 -0300] "GET /cormun/static/prbanco.js?20201216132311 HTTP/1.1" 200 10693
190.171.153.34 - - [25/Mar/2024:09:49:05 -0300] "GET /cormun/static/menusearch.js?20201214473581 HTTP/1.1" 200 1424
190.171.153.34 - - [25/Mar/2024:09:49:05 -0300] "GET /cormun/static/hmpwkw011.js?202211298443482 HTTP/1.1" 200 1968
190.171.153.34 - - [25/Mar/2024:09:49:05 -0300] "GET /cormun/static/Resources/PXToolsMenuSearchCancel.png HTTP/1.1" 200 306
190.171.149.90 - - [25/Mar/2024:09:49:27 -0300] "GET /cormun/servlet/permisogoce?382a66098b078bd7de08a95a046111c0134c67d212921ad631203c3781ec0aeef08b17826004afafac45e61f3d82abdb7948eacc5e9743bbc0ae4a8bc3efd981,gx-no-cache=1711370777150 HTTP/1.1" 200 129
190.171.149.90 - - [25/Mar/2024:09:49:27 -0300] "GET /cormun/static/Shared/jqueryui/images/ui-bg_highlight-soft_100_c6c2c8_1x100.png HTTP/1.1" 404 1117
190.171.149.90 - - [25/Mar/2024:09:49:27 -0300] "GET /cormun/static/Shared/jqueryui/images/ui-icons_82798d_256x240.png HTTP/1.1" 404 1089
190.171.149.90 - - [25/Mar/2024:09:49:27 -0300] "GET /cormun/static/Shared/jqueryui/images/ui-bg_flat_55_994d53_40x100.png HTTP/1.1" 404 1097
190.171.149.90 - - [25/Mar/2024:09:49:27 -0300] "GET /cormun/static/Shared/jqueryui/images/ui-icons_ebccce_256x240.png HTTP/1.1" 404 1089
190.171.149.90 - - [25/Mar/2024:09:49:34 -0300] "GET /cormun/servlet/permisogoce?382a66098b078bd7de08a95a046111c0134c67d212921ad631203c3781ec0aeeaa7e90919c1e00e852d586a6818a41077948eacc5e9743bbc0ae4a8bc3efd981,gx-no-cache=1711370790975 HTTP/1.1" 200 44
190.171.149.90 - - [25/Mar/2024:09:50:01 -0300] "POST /cormun/servlet/permisogoce?bd489e56802f9e768162841a7b7e349a,INS,0,,,,gx-no-cache=1711370807931 HTTP/1.1" 200 93
190.171.149.90 - - [25/Mar/2024:09:50:01 -0300] "GET /cormun/servlet/hpexe_return? HTTP/1.1" 200 1001
190.171.149.90 - - [25/Mar/2024:09:50:01 -0300] "GET /cormun/servlet/trpermisosgoce HTTP/1.1" 200 8471
190.171.149.90 - - [25/Mar/2024:09:50:04 -0300] "GET /cormun/servlet/apermisogoceprn?15438765,P,20240325094331,PU HTTP/1.1" 200 1656
190.171.153.34 - - [25/Mar/2024:09:50:27 -0300] "GET /cormun/servlet/solicitudot?899da21c2b43c339e735b3898bff5d2c292458f518f11dceadde8e481a373c5b7298fecb1c4d31e394cb3278b7118e24e578c5980c96f8159c56e1b699161192,gx-no-cache=1711370843550 HTTP/1.1" 200 30
209.141.55.133 - - [25/Mar/2024:09:50:29 -0300] "GET /manager/html HTTP/1.1" 401 2474
209.141.55.133 - - [25/Mar/2024:09:50:29 -0300] "GET /manager/html HTTP/1.1" 401 2474
190.171.153.34 - - [25/Mar/2024:09:50:29 -0300] "GET /cormun/servlet/solicitudot?899da21c2b43c339e735b3898bff5d2ce861e5eeee73c14be3b6405cf8767b7c,gx-no-cache=1711370846142 HTTP/1.1" 200 53
190.171.143.82 - - [25/Mar/2024:09:50:51 -0300] "POST /cormun/servlet/trcontratosolicitud?67a8bb78d74e4fcd746a1db1a6c05dc4,,gx-no-cache=1711370866048 HTTP/1.1" 200 11490
190.171.141.106 - - [25/Mar/2024:09:50:56 -0300] "GET /cormun/servlet/hlogin HTTP/1.1" 200 1716
190.171.153.34 - - [25/Mar/2024:09:50:59 -0300] "POST /cormun/servlet/solicitudot?gx-no-cache=1711370875517 HTTP/1.1" 200 255
190.171.141.106 - - [25/Mar/2024:09:51:00 -0300] "GET /cormun/servlet/hlogin HTTP/1.1" 200 1727
190.171.153.34 - - [25/Mar/2024:09:51:01 -0300] "GET /cormun/servlet/solicitudot?899da21c2b43c339e735b3898bff5d2cf62e0bfae6b494a2253732039e0b2781db13fd44f9c0fd9ccc1f8113eafa4a887331b155e65bfb4b61893974ebb0d9548691c2350f7304bcf598b00abab25ef5c0d7057bd9cb11233c5832ed7e62726582c7aa99640423b14bbd8aa1dbb97f1a1be71fecd2c53b0de8bcee2a63dd950930e07011b3311ac906b765d4298f12c28f568ff4bca6bbdc94642f6a549936e7afd47230efce0bdb59c3cc23745ff5ebcf54d6e4f2863a4e7c74fad36de66dd9650681e6be306c288fc8780354099b3b948d7bbc18befae3af54a51509396e7d75d53f5122ad8833efae2ee9249d8a418bb7b31516e43311ed3b1caa7cf88740cb3e73efd61b1cb563492e2af738b4e152c38b9d3c028e679f2c50063b0f6081179102d0583ab8e8fd84b27e990b20953703e8c50c48ff8cb5bc863d18d235049af3a512a340efbfc912a5519bd69320759d906cbfe954ae447b677e2e17759602348df979387e87dda5e7ab29a5b3da2c09b15465db4153bd909f7f30a4ad7a,gx-no-cache=1711370878269 HTTP/1.1" 200 30
190.171.141.106 - - [25/Mar/2024:09:51:07 -0300] "POST /cormun/servlet/hlogin?128aa252eabf4703334d8c2f78f4f5f1,gx-no-cache=1711370884652 HTTP/1.1" 200 90
190.171.141.106 - - [25/Mar/2024:09:51:07 -0300] "GET /cormun/servlet/hpexe_link HTTP/1.1" 200 947
190.171.141.106 - - [25/Mar/2024:09:51:08 -0300] "GET /cormun/servlet/hhome HTTP/1.1" 200 4266
190.171.153.34 - - [25/Mar/2024:09:51:14 -0300] "POST /cormun/servlet/solicitudot?gx-no-cache=1711370890468 HTTP/1.1" 200 30
181.212.47.137 - - [25/Mar/2024:09:51:19 -0300] "POST /cormun/servlet/trsolicitudgral?ad53d6505b92350c13e0768a12b2862e,,gx-no-cache=1711370879346 HTTP/1.1" 200 18909
190.171.141.106 - - [25/Mar/2024:09:51:22 -0300] "GET /cormun/servlet/trlicencias? HTTP/1.1" 200 11019
181.212.47.137 - - [25/Mar/2024:09:51:33 -0300] "POST /cormun/servlet/trsolicitudgral?ad53d6505b92350c13e0768a12b2862e,,gx-no-cache=1711370893404 HTTP/1.1" 200 7563
190.171.153.34 - - [25/Mar/2024:09:51:38 -0300] "POST /cormun/servlet/solicitudot?gx-no-cache=1711370914700 HTTP/1.1" 200 1474
190.171.153.34 - - [25/Mar/2024:09:51:38 -0300] "POST /cormun/servlet/solicitudot?gx-no-cache=1711370914751 HTTP/1.1" 200 38
181.212.47.137 - - [25/Mar/2024:09:51:44 -0300] "POST /cormun/servlet/trsolicitudgral?ad53d6505b92350c13e0768a12b2862e,,gx-no-cache=1711370904515 HTTP/1.1" 200 5505
181.212.47.137 - - [25/Mar/2024:09:51:44 -0300] "GET /cormun/static/Shared/jqueryui/images/ui-bg_highlight-soft_100_c6c2c8_1x100.png HTTP/1.1" 404 1117
181.212.47.137 - - [25/Mar/2024:09:51:44 -0300] "GET /cormun/static/Shared/jqueryui/images/ui-icons_82798d_256x240.png HTTP/1.1" 404 1089
181.212.47.137 - - [25/Mar/2024:09:51:44 -0300] "GET /cormun/static/Shared/jqueryui/images/ui-bg_flat_55_fafafa_40x100.png HTTP/1.1" 404 1097
181.212.47.137 - - [25/Mar/2024:09:51:44 -0300] "GET /cormun/static/Shared/jqueryui/images/ui-icons_8d78a5_256x240.png HTTP/1.1" 404 1089
190.171.141.106 - - [25/Mar/2024:09:51:52 -0300] "GET /cormun/servlet/trsolicitudot? HTTP/1.1" 200 16301
190.171.141.106 - - [25/Mar/2024:09:51:56 -0300] "GET /cormun//static/Resources/PXToolsActionView.png HTTP/1.1" 200 398
190.171.141.106 - - [25/Mar/2024:09:51:56 -0300] "GET /cormun//static/Resources/PXToolsGridUpdate.png HTTP/1.1" 200 470
190.171.141.106 - - [25/Mar/2024:09:51:56 -0300] "GET /cormun//static/Resources/PXToolsRemoveAllAction.png HTTP/1.1" 200 487
190.171.141.106 - - [25/Mar/2024:09:51:56 -0300] "GET /cormun//static/Resources/PXToolsGridDelete.png HTTP/1.1" 200 538
190.171.153.34 - - [25/Mar/2024:09:52:12 -0300] "GET /cormun/servlet/solicitudot?899da21c2b43c339e735b3898bff5d2c65851b32ce96afca7c651efc1244bd56abddb061b20d4d9aea05e4b7f31e9b93e2a02a4b44b0f7900c73558179e666baf5c5f0c7aba7f211c562201d3427b3a2d15de257676b15d1696478642c92cdea46c7ee6f2cf24d032463a62d656e3c7b,gx-no-cache=1711370949024 HTTP/1.1" 200 110
181.212.47.137 - - [25/Mar/2024:09:52:14 -0300] "POST /cormun/servlet/trsolicitudgral?ad53d6505b92350c13e0768a12b2862e,,gx-no-cache=1711370934712 HTTP/1.1" 200 7066
190.171.153.34 - - [25/Mar/2024:09:52:17 -0300] "POST /cormun/servlet/solicitudot?gx-no-cache=1711370954257 HTTP/1.1" 200 110
181.212.47.137 - - [25/Mar/2024:09:52:23 -0300] "POST /cormun/servlet/trsolicitudgral?ad53d6505b92350c13e0768a12b2862e,,gx-no-cache=1711370943466 HTTP/1.1" 200 6708
190.171.141.106 - - [25/Mar/2024:09:52:44 -0300] "POST /cormun/servlet/trsolicitudot?128aa252eabf4703334d8c2f78f4f5f1,,gx-no-cache=1711370957455 HTTP/1.1" 200 13918
181.212.47.137 - - [25/Mar/2024:09:52:48 -0300] "POST /cormun/servlet/trsolicitudgral?ad53d6505b92350c13e0768a12b2862e,,gx-no-cache=1711370968561 HTTP/1.1" 200 7620
190.171.141.106 - - [25/Mar/2024:09:52:50 -0300] "GET /cormun/static/Shared/jqueryui/images/ui-bg_highlight-soft_100_c6c2c8_1x100.png HTTP/1.1" 404 1117
190.171.141.106 - - [25/Mar/2024:09:52:50 -0300] "GET /cormun/static/Shared/jqueryui/images/ui-icons_82798d_256x240.png HTTP/1.1" 404 1089
190.171.141.106 - - [25/Mar/2024:09:52:50 -0300] "GET /cormun/static/Shared/jqueryui/images/ui-bg_flat_55_fafafa_40x100.png HTTP/1.1" 404 1097
190.171.141.106 - - [25/Mar/2024:09:52:50 -0300] "GET /cormun/static/Shared/jqueryui/images/ui-icons_8d78a5_256x240.png HTTP/1.1" 404 1089
181.212.47.137 - - [25/Mar/2024:09:53:02 -0300] "POST /cormun/servlet/trsolicitudgral?ad53d6505b92350c13e0768a12b2862e,,gx-no-cache=1711370982298 HTTP/1.1" 200 6689
190.171.141.106 - - [25/Mar/2024:09:53:06 -0300] "POST /cormun/servlet/trsolicitudot?128aa252eabf4703334d8c2f78f4f5f1,,gx-no-cache=1711371003619 HTTP/1.1" 200 13917
181.212.47.137 - - [25/Mar/2024:09:53:08 -0300] "GET /cormun/servlet/trsolicitudgral? HTTP/1.1" 200 9726
181.212.47.137 - - [25/Mar/2024:09:53:17 -0300] "POST /cormun/servlet/trsolicitudgral?ad53d6505b92350c13e0768a12b2862e,,gx-no-cache=1711370997274 HTTP/1.1" 200 6651
190.171.153.34 - - [25/Mar/2024:09:53:46 -0300] "POST /cormun/servlet/solicitudot?gx-no-cache=1711371042542 HTTP/1.1" 200 30
190.171.153.34 - - [25/Mar/2024:09:53:46 -0300] "POST /cormun/servlet/solicitudot?gx-no-cache=1711371042575 HTTP/1.1" 200 1474
190.171.153.34 - - [25/Mar/2024:09:53:46 -0300] "POST /cormun/servlet/solicitudot?gx-no-cache=1711371042600 HTTP/1.1" 200 38
190.171.153.34 - - [25/Mar/2024:09:53:46 -0300] "GET /cormun/servlet/solicitudot?899da21c2b43c339e735b3898bff5d2c65851b32ce96afca7c651efc1244bd56abddb061b20d4d9aea05e4b7f31e9b93e2a02a4b44b0f7900c73558179e666baf5c5f0c7aba7f211c562201d3427b3a2d15de257676b15d1696478642c92cdea46c7ee6f2cf24d032463a62d656e3c7b,gx-no-cache=1711371042616 HTTP/1.1" 200 110
190.171.153.34 - - [25/Mar/2024:09:53:46 -0300] "POST /cormun/servlet/solicitudot?gx-no-cache=1711371042633 HTTP/1.1" 200 109
190.171.153.34 - - [25/Mar/2024:09:53:46 -0300] "GET /cormun/servlet/solicitudot?899da21c2b43c339e735b3898bff5d2c32b22541f7b246f0a91e64e3b7c8f6ff09e6384af9a31acf8a67e1e5072936c05edbe419f7e7b0229b04e569f043155adbd4aefc55a06329c6993ee64a2f09ae3ee645300663834a26548ab206cdf1c10371f9e2d8142f7b179a69572b077a30,gx-no-cache=1711371042661 HTTP/1.1" 200 29
190.171.141.106 - - [25/Mar/2024:09:54:16 -0300] "POST /cormun/servlet/trsolicitudot?128aa252eabf4703334d8c2f78f4f5f1,,gx-no-cache=1711371018019 HTTP/1.1" 500 10
190.171.153.34 - - [25/Mar/2024:09:54:25 -0300] "GET /cormun/static/menuarrow.gif HTTP/1.1" 404 1015
181.212.47.137 - - [25/Mar/2024:09:54:25 -0300] "GET /cormun/static/menuarrow.gif HTTP/1.1" 404 1015
181.212.47.137 - - [25/Mar/2024:09:54:28 -0300] "POST /cormun/servlet/trsolicitudgral?ad53d6505b92350c13e0768a12b2862e,,gx-no-cache=1711371068474 HTTP/1.1" 200 6651
190.171.153.34 - - [25/Mar/2024:09:54:29 -0300] "GET /cormun/servlet/solicitudot?899da21c2b43c339e735b3898bff5d2cf62e0bfae6b494a2253732039e0b2781db13fd44f9c0fd9ccc1f8113eafa4a887331b155e65bfb4b61893974ebb0d9548691c2350f7304bcf598b00abab25ef5c0d7057bd9cb11233c5832ed7e62726582c7aa99640423b14bbd8aa1dbb97f1a1be71fecd2c53b0de8bcee2a63dd950930e07011b3311ac906b765d4298f12c28f568ff4bca6bbdc94642f6a549936e7afd47230efce0bdb59c3cc23745ff5ebcf54d6e4f2863a4e7c74fad36de66dd9650681e6be306c288fc8780354099b3b948d7bbc18befae3af54a51509396e7d75d53f5122ad8833efae2ee9249d8a418bb7b31516e43311ed3b1caa7cf88740cb3e73efd61b1cb563492e2af738b4e152c38b9d3c028e679f2c50063b0f6081179102d0583ab8e8fd84b27e990b20953703e8c50c48ff8cb5bc863d18d235049af3a512a340efbfc912a5519bd69320759d906cbfe954ae447b677e2e17759602348df979387e87dda5e7ab29a5b3daa61fd991414be14e477509c65fa82f76,gx-no-cache=1711371085434 HTTP/1.1" 200 30
190.171.153.34 - - [25/Mar/2024:09:54:29 -0300] "POST /cormun/servlet/solicitudot?gx-no-cache=1711371085453 HTTP/1.1" 200 30
190.171.153.34 - - [25/Mar/2024:09:54:29 -0300] "POST /cormun/servlet/solicitudot?gx-no-cache=1711371085474 HTTP/1.1" 200 1474
190.171.153.34 - - [25/Mar/2024:09:54:29 -0300] "POST /cormun/servlet/solicitudot?gx-no-cache=1711371085500 HTTP/1.1" 200 38
190.171.153.34 - - [25/Mar/2024:09:54:29 -0300] "GET /cormun/servlet/solicitudot?899da21c2b43c339e735b3898bff5d2c65851b32ce96afca7c651efc1244bd56abddb061b20d4d9aea05e4b7f31e9b93e2a02a4b44b0f7900c73558179e666baf5c5f0c7aba7f211c562201d3427b3a2d15de257676b15d1696478642c92cdea46c7ee6f2cf24d032463a62d656e3c7b,gx-no-cache=1711371085516 HTTP/1.1" 200 110
190.171.153.34 - - [25/Mar/2024:09:54:29 -0300] "POST /cormun/servlet/solicitudot?gx-no-cache=1711371085532 HTTP/1.1" 200 109
181.212.47.137 - - [25/Mar/2024:09:54:32 -0300] "POST /cormun/servlet/trsolicitudgral?ad53d6505b92350c13e0768a12b2862e,,gx-no-cache=1711371072384 HTTP/1.1" 200 16360
181.212.47.137 - - [25/Mar/2024:09:55:34 -0300] "POST /cormun/servlet/trsolicitudgral?ad53d6505b92350c13e0768a12b2862e,,gx-no-cache=1711371134179 HTTP/1.1" 200 16002
181.212.47.137 - - [25/Mar/2024:09:55:34 -0300] "GET /cormun/static/Shared/jqueryui/images/ui-bg_highlight-soft_100_c6c2c8_1x100.png HTTP/1.1" 404 1117
181.212.47.137 - - [25/Mar/2024:09:55:34 -0300] "GET /cormun/static/Shared/jqueryui/images/ui-icons_82798d_256x240.png HTTP/1.1" 404 1089
181.212.47.137 - - [25/Mar/2024:09:55:34 -0300] "GET /cormun/static/Shared/jqueryui/images/ui-bg_flat_55_fafafa_40x100.png HTTP/1.1" 404 1097
181.212.47.137 - - [25/Mar/2024:09:55:34 -0300] "GET /cormun/static/Shared/jqueryui/images/ui-icons_8d78a5_256x240.png HTTP/1.1" 404 1089
190.171.141.106 - - [25/Mar/2024:09:55:56 -0300] "GET /cormun/servlet/hlogin HTTP/1.1" 200 1716
181.212.47.137 - - [25/Mar/2024:09:56:02 -0300] "POST /cormun/servlet/trsolicitudgral?ad53d6505b92350c13e0768a12b2862e,,gx-no-cache=1711371162051 HTTP/1.1" 200 105
181.212.47.137 - - [25/Mar/2024:09:56:02 -0300] "GET /cormun/SolicitudGral-3018.xls HTTP/1.1" 200 16896
209.141.55.133 - - [25/Mar/2024:09:56:30 -0300] "GET /manager/html HTTP/1.1" 401 2474
209.141.55.133 - - [25/Mar/2024:09:56:30 -0300] "GET /manager/html HTTP/1.1" 401 2474
190.171.153.34 - - [25/Mar/2024:09:56:31 -0300] "GET /cormun/servlet/solicitudot?899da21c2b43c339e735b3898bff5d2cb7a89a9a991233ca2fa8cd03a167d471efac8bb33f3917ab08822ba3c7f088f1,gx-no-cache=1711371207715 HTTP/1.1" 200 30
190.171.141.106 - - [25/Mar/2024:09:56:38 -0300] "GET /cormun/servlet/hlogin HTTP/1.1" 200 1716
190.171.141.106 - - [25/Mar/2024:09:56:45 -0300] "POST /cormun/servlet/hlogin?128aa252eabf4703334d8c2f78f4f5f1,gx-no-cache=1711371223120 HTTP/1.1" 200 90
190.171.141.106 - - [25/Mar/2024:09:56:46 -0300] "GET /cormun/servlet/hpexe_link HTTP/1.1" 200 953
190.171.141.106 - - [25/Mar/2024:09:56:46 -0300] "GET /cormun/servlet/trsolicitudot? HTTP/1.1" 200 16302
190.171.153.34 - - [25/Mar/2024:09:56:50 -0300] "POST /cormun/servlet/solicitudot?gx-no-cache=1711371226529 HTTP/1.1" 200 30
190.171.153.34 - - [25/Mar/2024:09:56:50 -0300] "POST /cormun/servlet/solicitudot?2062b7387c273b74f6bffbf495add142,INS,0,0,false,,gx-no-cache=1711371226552 HTTP/1.1" 200 93
190.171.153.34 - - [25/Mar/2024:09:56:51 -0300] "GET /cormun/servlet/hpexe_return? HTTP/1.1" 200 1009
190.171.153.34 - - [25/Mar/2024:09:56:51 -0300] "GET /cormun/servlet/trsolicitudot HTTP/1.1" 200 9004
190.171.141.106 - - [25/Mar/2024:09:57:02 -0300] "POST /cormun/servlet/trsolicitudot?128aa252eabf4703334d8c2f78f4f5f1,,gx-no-cache=1711371239612 HTTP/1.1" 200 13217
190.171.141.106 - - [25/Mar/2024:09:57:02 -0300] "GET /cormun/static/Shared/jqueryui/images/ui-bg_highlight-soft_100_c6c2c8_1x100.png HTTP/1.1" 404 1117
190.171.141.106 - - [25/Mar/2024:09:57:02 -0300] "GET /cormun/static/Shared/jqueryui/images/ui-icons_82798d_256x240.png HTTP/1.1" 404 1089
190.171.141.106 - - [25/Mar/2024:09:57:02 -0300] "GET /cormun/static/Shared/jqueryui/images/ui-bg_flat_55_fafafa_40x100.png HTTP/1.1" 404 1097
190.171.141.106 - - [25/Mar/2024:09:57:02 -0300] "GET /cormun/static/Shared/jqueryui/images/ui-icons_8d78a5_256x240.png HTTP/1.1" 404 1089
190.171.141.106 - - [25/Mar/2024:09:57:03 -0300] "POST /cormun/servlet/trsolicitudot?128aa252eabf4703334d8c2f78f4f5f1,,gx-no-cache=1711371240279 HTTP/1.1" 200 13159
190.171.141.106 - - [25/Mar/2024:09:57:44 -0300] "GET /cormun/servlet/hlogin HTTP/1.1" 200 1716
190.171.141.106 - - [25/Mar/2024:09:58:00 -0300] "POST /cormun/servlet/trsolicitudot?128aa252eabf4703334d8c2f78f4f5f1,,gx-no-cache=1711371244706 HTTP/1.1" 500 10
181.212.47.136 - - [25/Mar/2024:10:00:23 -0300] "GET /cormun/servlet/hlogin HTTP/1.1" 200 1749
181.212.47.136 - - [25/Mar/2024:10:00:28 -0300] "POST /cormun/servlet/hlogin?6b813afc76a7ab365d7bcd117e45430b,gx-no-cache=1711371429050 HTTP/1.1" 200 90
181.212.47.136 - - [25/Mar/2024:10:00:28 -0300] "GET /cormun/servlet/hpexe_link HTTP/1.1" 200 949
181.212.47.136 - - [25/Mar/2024:10:00:29 -0300] "GET /cormun/servlet/hhome HTTP/1.1" 200 4824
181.212.47.136 - - [25/Mar/2024:10:00:29 -0300] "GET /cormun/static/SmoothNavMenu/resources/images/right.gif HTTP/1.1" 200 860
181.212.47.136 - - [25/Mar/2024:10:00:34 -0300] "GET /cormun/servlet/trsecurityuser01? HTTP/1.1" 200 12273
181.212.47.136 - - [25/Mar/2024:10:00:34 -0300] "GET /cormun/static/gxcfg.js?201991419585080 HTTP/1.1" 200 953
181.212.47.136 - - [25/Mar/2024:10:00:34 -0300] "GET /cormun/static/trsecurityuser01.js?201991419585536 HTTP/1.1" 200 19557
181.212.47.136 - - [25/Mar/2024:10:00:34 -0300] "GET /cormun/static/Resources/Spanish/PXTools.css?19172979 HTTP/1.1" 200 100853
181.212.47.136 - - [25/Mar/2024:10:00:34 -0300] "GET /cormun/static/Resources/PXToolsAddAllAction.png HTTP/1.1" 200 495
181.212.47.136 - - [25/Mar/2024:10:00:34 -0300] "GET /cormun//static/Resources/PXToolsAddAllAction.png HTTP/1.1" 200 495
181.212.47.136 - - [25/Mar/2024:10:00:34 -0300] "GET /cormun//static/Resources/PXToolsHeaderPreferences.png HTTP/1.1" 200 1395
181.212.47.136 - - [25/Mar/2024:10:00:38 -0300] "POST /cormun/servlet/trsecurityuser01?6b813afc76a7ab365d7bcd117e45430b,,gx-no-cache=1711371438970 HTTP/1.1" 200 4515
181.212.47.136 - - [25/Mar/2024:10:00:40 -0300] "POST /cormun/servlet/trsecurityuser01?6b813afc76a7ab365d7bcd117e45430b,,gx-no-cache=1711371440642 HTTP/1.1" 200 4515
181.212.47.136 - - [25/Mar/2024:10:00:40 -0300] "POST /cormun/servlet/trsecurityuser01?6b813afc76a7ab365d7bcd117e45430b,,gx-no-cache=1711371440969 HTTP/1.1" 200 4515
181.212.47.136 - - [25/Mar/2024:10:00:43 -0300] "POST /cormun/servlet/trsecurityuser01?6b813afc76a7ab365d7bcd117e45430b,,gx-no-cache=1711371443825 HTTP/1.1" 200 10046
181.212.47.136 - - [25/Mar/2024:10:00:43 -0300] "GET /cormun/static/Resources/PXToolsGridLast.gif HTTP/1.1" 200 370
181.212.47.136 - - [25/Mar/2024:10:00:43 -0300] "GET /cormun/static/Resources/PXToolsGridNext.gif HTTP/1.1" 200 369
190.171.141.106 - - [25/Mar/2024:10:00:44 -0300] "GET /cormun/servlet/hlogin HTTP/1.1" 200 1716
181.212.47.136 - - [25/Mar/2024:10:00:53 -0300] "GET /cormun/servlet/securityusers?UPD,52, HTTP/1.1" 200 7900
181.212.47.136 - - [25/Mar/2024:10:00:53 -0300] "GET /cormun/static/gxcfg.js?202012150861 HTTP/1.1" 200 953
181.212.47.136 - - [25/Mar/2024:10:00:53 -0300] "GET /cormun/static/securityusers.js?2020121501060 HTTP/1.1" 200 21447
181.212.47.136 - - [25/Mar/2024:10:00:56 -0300] "GET /cormun/servlet/hlogin HTTP/1.1" 200 1743
181.212.47.136 - - [25/Mar/2024:10:01:01 -0300] "POST /cormun/servlet/hlogin?6b813afc76a7ab365d7bcd117e45430b,gx-no-cache=1711371461249 HTTP/1.1" 200 90
181.212.47.136 - - [25/Mar/2024:10:01:01 -0300] "GET /cormun/servlet/hpexe_link HTTP/1.1" 200 949
181.212.47.136 - - [25/Mar/2024:10:01:01 -0300] "GET /cormun/servlet/hhome HTTP/1.1" 200 3923
181.212.47.136 - - [25/Mar/2024:10:01:03 -0300] "GET /cormun/servlet/trsolicitudot? HTTP/1.1" 200 15473
181.212.47.136 - - [25/Mar/2024:10:01:03 -0300] "GET /cormun/static/gxui/gxui-all.css?120300 HTTP/1.1" 200 2179
181.212.47.136 - - [25/Mar/2024:10:01:03 -0300] "GET /cormun/static/gxcfg.js?20221129846531 HTTP/1.1" 200 953
181.212.47.136 - - [25/Mar/2024:10:01:03 -0300] "GET /cormun/static/calendar-system.css?85620 HTTP/1.1" 200 5572
181.212.47.136 - - [25/Mar/2024:10:01:03 -0300] "GET /cormun/static/trsolicitudot.js?202211298465651 HTTP/1.1" 200 54040
181.212.47.136 - - [25/Mar/2024:10:01:03 -0300] "GET /cormun/static/Shared/ext/resources/css/ext-all.css?215870 HTTP/1.1" 200 416045
181.212.47.136 - - [25/Mar/2024:10:01:03 -0300] "GET /cormun//static/Resources/PXToolsRemoveAllAction.png HTTP/1.1" 200 487
181.212.47.136 - - [25/Mar/2024:10:01:03 -0300] "GET /cormun//static/Resources/PXToolsActionView.png HTTP/1.1" 200 398
181.212.47.136 - - [25/Mar/2024:10:01:03 -0300] "GET /cormun//static/Resources/PXTools/ActionInsert.png HTTP/1.1" 200 1482
181.212.47.136 - - [25/Mar/2024:10:01:14 -0300] "POST /cormun/servlet/trsolicitudot?6b813afc76a7ab365d7bcd117e45430b,,gx-no-cache=1711371474669 HTTP/1.1" 200 4354
181.212.47.136 - - [25/Mar/2024:10:01:18 -0300] "POST /cormun/servlet/trsolicitudot?6b813afc76a7ab365d7bcd117e45430b,,gx-no-cache=1711371478082 HTTP/1.1" 200 12782
181.212.47.136 - - [25/Mar/2024:10:01:28 -0300] "POST /cormun/servlet/trsolicitudot?6b813afc76a7ab365d7bcd117e45430b,,gx-no-cache=1711371488558 HTTP/1.1" 200 12475
181.212.47.136 - - [25/Mar/2024:10:01:28 -0300] "POST /cormun/servlet/trsolicitudot?6b813afc76a7ab365d7bcd117e45430b,,gx-no-cache=1711371488876 HTTP/1.1" 200 12453
181.212.47.136 - - [25/Mar/2024:10:01:33 -0300] "POST /cormun/servlet/trsolicitudot?6b813afc76a7ab365d7bcd117e45430b,,gx-no-cache=1711371493365 HTTP/1.1" 200 12100
181.212.47.136 - - [25/Mar/2024:10:01:33 -0300] "POST /cormun/servlet/trsolicitudot?6b813afc76a7ab365d7bcd117e45430b,,gx-no-cache=1711371493670 HTTP/1.1" 200 12078
181.212.47.136 - - [25/Mar/2024:10:01:35 -0300] "POST /cormun/servlet/trsolicitudot?6b813afc76a7ab365d7bcd117e45430b,,gx-no-cache=1711371495829 HTTP/1.1" 200 11745
181.212.47.136 - - [25/Mar/2024:10:01:36 -0300] "POST /cormun/servlet/trsolicitudot?6b813afc76a7ab365d7bcd117e45430b,,gx-no-cache=1711371496111 HTTP/1.1" 200 11724
181.212.47.136 - - [25/Mar/2024:10:01:37 -0300] "POST /cormun/servlet/trsolicitudot?6b813afc76a7ab365d7bcd117e45430b,,gx-no-cache=1711371497981 HTTP/1.1" 200 11307
181.212.47.136 - - [25/Mar/2024:10:01:38 -0300] "POST /cormun/servlet/trsolicitudot?6b813afc76a7ab365d7bcd117e45430b,,gx-no-cache=1711371498282 HTTP/1.1" 200 11286
181.212.47.136 - - [25/Mar/2024:10:01:40 -0300] "POST /cormun/servlet/trsolicitudot?6b813afc76a7ab365d7bcd117e45430b,,gx-no-cache=1711371500076 HTTP/1.1" 200 10869
181.212.47.136 - - [25/Mar/2024:10:01:40 -0300] "POST /cormun/servlet/trsolicitudot?6b813afc76a7ab365d7bcd117e45430b,,gx-no-cache=1711371500385 HTTP/1.1" 200 10848
181.212.47.136 - - [25/Mar/2024:10:01:42 -0300] "POST /cormun/servlet/trsolicitudot?6b813afc76a7ab365d7bcd117e45430b,,gx-no-cache=1711371502381 HTTP/1.1" 200 10579
181.212.47.136 - - [25/Mar/2024:10:01:42 -0300] "POST /cormun/servlet/trsolicitudot?6b813afc76a7ab365d7bcd117e45430b,,gx-no-cache=1711371502666 HTTP/1.1" 200 10559
181.212.47.136 - - [25/Mar/2024:10:01:44 -0300] "POST /cormun/servlet/trsolicitudot?6b813afc76a7ab365d7bcd117e45430b,,gx-no-cache=1711371504660 HTTP/1.1" 200 10095
181.212.47.136 - - [25/Mar/2024:10:01:44 -0300] "POST /cormun/servlet/trsolicitudot?6b813afc76a7ab365d7bcd117e45430b,,gx-no-cache=1711371504964 HTTP/1.1" 200 10074
190.171.152.138 - - [25/Mar/2024:10:01:47 -0300] "GET /cormun/servlet/solicitudot?INS,0,0,false, HTTP/1.1" 200 16204
181.212.47.136 - - [25/Mar/2024:10:01:47 -0300] "POST /cormun/servlet/trsolicitudot?6b813afc76a7ab365d7bcd117e45430b,,gx-no-cache=1711371507156 HTTP/1.1" 200 9727
190.171.152.138 - - [25/Mar/2024:10:01:47 -0300] "GET /cormun/static/gxcfg.js?20221129840861 HTTP/1.1" 200 953
190.171.152.138 - - [25/Mar/2024:10:01:47 -0300] "GET /cormun/static/Resources/prompt.gif HTTP/1.1" 200 902
190.171.152.138 - - [25/Mar/2024:10:01:47 -0300] "GET /cormun/static/solicitudot.js?20221129840983 HTTP/1.1" 200 74072
181.212.47.136 - - [25/Mar/2024:10:01:47 -0300] "POST /cormun/servlet/trsolicitudot?6b813afc76a7ab365d7bcd117e45430b,,gx-no-cache=1711371507471 HTTP/1.1" 200 9707
181.212.47.136 - - [25/Mar/2024:10:01:49 -0300] "POST /cormun/servlet/trsolicitudot?6b813afc76a7ab365d7bcd117e45430b,,gx-no-cache=1711371509979 HTTP/1.1" 200 9334
181.212.47.136 - - [25/Mar/2024:10:01:50 -0300] "POST /cormun/servlet/trsolicitudot?6b813afc76a7ab365d7bcd117e45430b,,gx-no-cache=1711371510281 HTTP/1.1" 200 9314
181.212.47.136 - - [25/Mar/2024:10:01:52 -0300] "POST /cormun/servlet/trsolicitudot?6b813afc76a7ab365d7bcd117e45430b,,gx-no-cache=1711371512210 HTTP/1.1" 200 8924
181.212.47.136 - - [25/Mar/2024:10:01:52 -0300] "POST /cormun/servlet/trsolicitudot?6b813afc76a7ab365d7bcd117e45430b,,gx-no-cache=1711371512473 HTTP/1.1" 200 8903
190.171.141.106 - - [25/Mar/2024:10:01:53 -0300] "GET /cormun/servlet/hlogin HTTP/1.1" 200 1727
181.212.47.136 - - [25/Mar/2024:10:01:54 -0300] "POST /cormun/servlet/trsolicitudot?6b813afc76a7ab365d7bcd117e45430b,,gx-no-cache=1711371514635 HTTP/1.1" 200 8420
181.212.47.136 - - [25/Mar/2024:10:01:54 -0300] "POST /cormun/servlet/trsolicitudot?6b813afc76a7ab365d7bcd117e45430b,,gx-no-cache=1711371514939 HTTP/1.1" 200 8400
181.212.47.136 - - [25/Mar/2024:10:01:56 -0300] "POST /cormun/servlet/trsolicitudot?6b813afc76a7ab365d7bcd117e45430b,,gx-no-cache=1711371516924 HTTP/1.1" 200 8125
181.212.47.136 - - [25/Mar/2024:10:01:57 -0300] "POST /cormun/servlet/trsolicitudot?6b813afc76a7ab365d7bcd117e45430b,,gx-no-cache=1711371517203 HTTP/1.1" 200 8107
181.212.47.136 - - [25/Mar/2024:10:01:59 -0300] "POST /cormun/servlet/trsolicitudot?6b813afc76a7ab365d7bcd117e45430b,,gx-no-cache=1711371519244 HTTP/1.1" 200 7739
181.212.47.136 - - [25/Mar/2024:10:01:59 -0300] "POST /cormun/servlet/trsolicitudot?6b813afc76a7ab365d7bcd117e45430b,,gx-no-cache=1711371519509 HTTP/1.1" 200 7720
190.171.153.34 - - [25/Mar/2024:10:02:00 -0300] "POST /cormun/servlet/trsolicitudot?2062b7387c273b74f6bffbf495add142,gx-no-cache=1711371536800 HTTP/1.1" 200 107
190.171.153.34 - - [25/Mar/2024:10:02:00 -0300] "GET /cormun/servlet/trsolicitudadjuntos?2024,21063, HTTP/1.1" 200 6458
181.212.47.136 - - [25/Mar/2024:10:02:01 -0300] "POST /cormun/servlet/trsolicitudot?6b813afc76a7ab365d7bcd117e45430b,,gx-no-cache=1711371521747 HTTP/1.1" 200 7320
181.212.47.136 - - [25/Mar/2024:10:02:01 -0300] "POST /cormun/servlet/trsolicitudot?6b813afc76a7ab365d7bcd117e45430b,,gx-no-cache=1711371521981 HTTP/1.1" 200 7300
190.171.153.34 - - [25/Mar/2024:10:02:03 -0300] "GET /cormun/servlet/solicitudotadjuntos?INS,2024,21063,,1, HTTP/1.1" 200 6397
190.171.153.34 - - [25/Mar/2024:10:02:03 -0300] "GET /cormun/static/about:blank HTTP/1.1" 404 1011
190.171.153.34 - - [25/Mar/2024:10:02:03 -0300] "GET /cormun/servlet/solicitudotadjuntos?899da21c2b43c339e735b3898bff5d2cdb93b5c9abcdec01c8b6ba316bdd2890a41e8794f71ff3bd785d41fe621a3d9c,gx-no-cache=1711371539992 HTTP/1.1" 200 30
190.171.153.34 - - [25/Mar/2024:10:02:03 -0300] "POST /cormun/servlet/solicitudotadjuntos?2062b7387c273b74f6bffbf495add142,INS,2024,21063,,1,,gx-no-cache=1711371540007 HTTP/1.1" 200 4186
181.212.47.136 - - [25/Mar/2024:10:02:04 -0300] "POST /cormun/servlet/trsolicitudot?6b813afc76a7ab365d7bcd117e45430b,,gx-no-cache=1711371524859 HTTP/1.1" 200 6962
181.212.47.136 - - [25/Mar/2024:10:02:05 -0300] "POST /cormun/servlet/trsolicitudot?6b813afc76a7ab365d7bcd117e45430b,,gx-no-cache=1711371525101 HTTP/1.1" 200 6941
190.171.152.138 - - [25/Mar/2024:10:02:05 -0300] "POST /cormun/servlet/solicitudot?gx-no-cache=1711375091728 HTTP/1.1" 200 4022
190.171.152.138 - - [25/Mar/2024:10:02:05 -0300] "POST /cormun/servlet/solicitudot?13d9f77c494a909b9645affe0d8238c5,INS,0,0,false,,gx-no-cache=1711375091858 HTTP/1.1" 200 12874
190.171.152.138 - - [25/Mar/2024:10:02:05 -0300] "GET /cormun/servlet/solicitudot?ad76875c64857ac4c5c912eca066cbf7d4d74c165444dc8e9da00a242754123f5b84578a8708ad71affd50c5340db1ca,gx-no-cache=1711375092275 HTTP/1.1" 200 30
190.171.153.34 - - [25/Mar/2024:10:02:07 -0300] "POST /cormun/servlet/solicitudotadjuntos?gx-no-cache=1711371543743 HTTP/1.1" 200 26
181.212.47.136 - - [25/Mar/2024:10:02:09 -0300] "POST /cormun/servlet/trsolicitudot?6b813afc76a7ab365d7bcd117e45430b,,gx-no-cache=1711371529987 HTTP/1.1" 200 6620
181.212.47.136 - - [25/Mar/2024:10:02:10 -0300] "POST /cormun/servlet/trsolicitudot?6b813afc76a7ab365d7bcd117e45430b,,gx-no-cache=1711371530219 HTTP/1.1" 200 6600
181.212.47.136 - - [25/Mar/2024:10:02:14 -0300] "POST /cormun/servlet/trsolicitudot?6b813afc76a7ab365d7bcd117e45430b,,gx-no-cache=1711371535025 HTTP/1.1" 200 6193
181.212.47.136 - - [25/Mar/2024:10:02:15 -0300] "POST /cormun/servlet/trsolicitudot?6b813afc76a7ab365d7bcd117e45430b,,gx-no-cache=1711371535195 HTTP/1.1" 200 6174
181.212.47.136 - - [25/Mar/2024:10:02:25 -0300] "POST /cormun/servlet/trsolicitudot?6b813afc76a7ab365d7bcd117e45430b,,gx-no-cache=1711371545627 HTTP/1.1" 200 5755
181.212.47.136 - - [25/Mar/2024:10:02:25 -0300] "POST /cormun/servlet/trsolicitudot?6b813afc76a7ab365d7bcd117e45430b,,gx-no-cache=1711371545775 HTTP/1.1" 200 5736
190.171.141.106 - - [25/Mar/2024:10:02:36 -0300] "GET /cormun/servlet/hlogin HTTP/1.1" 200 1716
190.171.153.34 - - [25/Mar/2024:10:02:40 -0300] "GET /cormun/servlet/solicitudotadjuntos?899da21c2b43c339e735b3898bff5d2c036a79c3495ddc77d823b9f89b03beec,gx-no-cache=1711371576508 HTTP/1.1" 200 30
190.171.153.34 - - [25/Mar/2024:10:02:40 -0300] "GET /cormun/servlet/solicitudotadjuntos?899da21c2b43c339e735b3898bff5d2c036a79c3495ddc77d823b9f89b03beec,gx-no-cache=1711371576527 HTTP/1.1" 200 30
190.171.153.34 - - [25/Mar/2024:10:02:40 -0300] "POST /cormun/servlet/solicitudotadjuntos?2062b7387c273b74f6bffbf495add142,INS,2024,21063,,1, HTTP/1.1" 200 116
190.171.153.34 - - [25/Mar/2024:10:02:40 -0300] "GET /cormun/servlet/hpexe_return? HTTP/1.1" 200 1027
190.171.153.34 - - [25/Mar/2024:10:02:40 -0300] "GET /cormun/servlet/trsolicitudadjuntos?2024,21063, HTTP/1.1" 200 9423
190.171.141.106 - - [25/Mar/2024:10:02:42 -0300] "POST /cormun/servlet/hlogin?128aa252eabf4703334d8c2f78f4f5f1,gx-no-cache=1711371580065 HTTP/1.1" 200 90
190.171.141.106 - - [25/Mar/2024:10:02:42 -0300] "GET /cormun/servlet/hpexe_link HTTP/1.1" 200 953
190.171.153.34 - - [25/Mar/2024:10:02:43 -0300] "GET /cormun/servlet/solicitudotadjuntos?INS,2024,21063,,1, HTTP/1.1" 200 6398
190.171.153.34 - - [25/Mar/2024:10:02:43 -0300] "GET /cormun/static/about:blank HTTP/1.1" 404 1011
190.171.141.106 - - [25/Mar/2024:10:02:43 -0300] "GET /cormun/servlet/trsolicitudot? HTTP/1.1" 200 8889
190.171.153.34 - - [25/Mar/2024:10:02:43 -0300] "GET /cormun/servlet/solicitudotadjuntos?899da21c2b43c339e735b3898bff5d2cdb93b5c9abcdec01c8b6ba316bdd2890a41e8794f71ff3bd785d41fe621a3d9c,gx-no-cache=1711371580163 HTTP/1.1" 200 30
190.171.153.34 - - [25/Mar/2024:10:02:43 -0300] "POST /cormun/servlet/solicitudotadjuntos?2062b7387c273b74f6bffbf495add142,INS,2024,21063,,1,,gx-no-cache=1711371580176 HTTP/1.1" 200 4186
190.171.153.34 - - [25/Mar/2024:10:02:46 -0300] "POST /cormun/servlet/solicitudotadjuntos?gx-no-cache=1711371582876 HTTP/1.1" 200 26
190.171.153.34 - - [25/Mar/2024:10:02:53 -0300] "GET /cormun/servlet/solicitudotadjuntos?899da21c2b43c339e735b3898bff5d2c036a79c3495ddc77d823b9f89b03beec,gx-no-cache=1711371589500 HTTP/1.1" 200 30
190.171.153.34 - - [25/Mar/2024:10:02:53 -0300] "GET /cormun/servlet/solicitudotadjuntos?899da21c2b43c339e735b3898bff5d2c036a79c3495ddc77d823b9f89b03beec,gx-no-cache=1711371589511 HTTP/1.1" 200 30
190.171.153.34 - - [25/Mar/2024:10:02:53 -0300] "POST /cormun/servlet/solicitudotadjuntos?2062b7387c273b74f6bffbf495add142,INS,2024,21063,,1, HTTP/1.1" 200 116
190.171.153.34 - - [25/Mar/2024:10:02:53 -0300] "GET /cormun/servlet/hpexe_return? HTTP/1.1" 200 1027
190.171.153.34 - - [25/Mar/2024:10:02:53 -0300] "GET /cormun/servlet/trsolicitudadjuntos?2024,21063, HTTP/1.1" 200 9667
190.171.153.34 - - [25/Mar/2024:10:02:56 -0300] "GET /cormun/servlet/solicitudotadjuntos?INS,2024,21063,,1, HTTP/1.1" 200 6398
190.171.153.34 - - [25/Mar/2024:10:02:56 -0300] "GET /cormun/static/about:blank HTTP/1.1" 404 1011
190.171.153.34 - - [25/Mar/2024:10:02:57 -0300] "GET /cormun/servlet/solicitudotadjuntos?899da21c2b43c339e735b3898bff5d2cdb93b5c9abcdec01c8b6ba316bdd2890a41e8794f71ff3bd785d41fe621a3d9c,gx-no-cache=1711371593716 HTTP/1.1" 200 30
190.171.153.34 - - [25/Mar/2024:10:02:57 -0300] "POST /cormun/servlet/solicitudotadjuntos?2062b7387c273b74f6bffbf495add142,INS,2024,21063,,1,,gx-no-cache=1711371593738 HTTP/1.1" 200 4186
190.171.153.34 - - [25/Mar/2024:10:03:00 -0300] "POST /cormun/servlet/solicitudotadjuntos?gx-no-cache=1711371597229 HTTP/1.1" 200 26
181.212.47.136 - - [25/Mar/2024:10:03:04 -0300] "GET /cormun/servlet/trsolicitudot? HTTP/1.1" 200 8552
190.171.153.34 - - [25/Mar/2024:10:03:09 -0300] "GET /cormun/servlet/solicitudotadjuntos?899da21c2b43c339e735b3898bff5d2c036a79c3495ddc77d823b9f89b03beec,gx-no-cache=1711371605901 HTTP/1.1" 200 30
190.171.153.34 - - [25/Mar/2024:10:03:09 -0300] "GET /cormun/servlet/solicitudotadjuntos?899da21c2b43c339e735b3898bff5d2c036a79c3495ddc77d823b9f89b03beec,gx-no-cache=1711371605912 HTTP/1.1" 200 30
190.171.153.34 - - [25/Mar/2024:10:03:09 -0300] "POST /cormun/servlet/solicitudotadjuntos?2062b7387c273b74f6bffbf495add142,INS,2024,21063,,1, HTTP/1.1" 200 116
190.171.153.34 - - [25/Mar/2024:10:03:09 -0300] "GET /cormun/servlet/hpexe_return? HTTP/1.1" 200 1027
190.171.153.34 - - [25/Mar/2024:10:03:09 -0300] "GET /cormun/servlet/trsolicitudadjuntos?2024,21063, HTTP/1.1" 200 9921
181.212.47.137 - - [25/Mar/2024:10:03:10 -0300] "POST /cormun/servlet/trsolicitudgral?ad53d6505b92350c13e0768a12b2862e,,gx-no-cache=1711371590905 HTTP/1.1" 200 6670
181.212.47.137 - - [25/Mar/2024:10:03:12 -0300] "GET /cormun/servlet/vesolicitudgral?2024,21047,, HTTP/1.1" 200 8399
181.212.47.137 - - [25/Mar/2024:10:03:12 -0300] "GET /cormun/pexe_scrolldiv.js HTTP/1.1" 404 1009
190.171.153.34 - - [25/Mar/2024:10:03:12 -0300] "GET /cormun/servlet/solicitudotadjuntos?INS,2024,21063,,1, HTTP/1.1" 200 6398
190.171.153.34 - - [25/Mar/2024:10:03:12 -0300] "GET /cormun/static/about:blank HTTP/1.1" 404 1011
