190.171.152.138 - - [25/Mar/2024:11:34:50 -0300] "GET /cormun/static/about:blank HTTP/1.1" 404 1011
190.171.152.138 - - [25/Mar/2024:11:34:50 -0300] "GET /cormun/servlet/solicitudotadjuntos?a64cee9c99d5381b4fc3773385be2cbf3dc6e67d54e8198fbef3bcfda9160f1c85da478e94750111e3aa67c051b4d803,gx-no-cache=1711380657180 HTTP/1.1" 200 30
190.171.152.138 - - [25/Mar/2024:11:34:50 -0300] "POST /cormun/servlet/solicitudotadjuntos?c13b3113d8179ad32b863f950fcc437b,INS,2024,21070,,1,,gx-no-cache=1711380657202 HTTP/1.1" 200 4145
190.171.149.74 - - [25/Mar/2024:11:35:03 -0300] "GET /cormun/servlet/hlogin HTTP/1.1" 200 1718
209.141.55.133 - - [25/Mar/2024:11:35:21 -0300] "GET /manager/html HTTP/1.1" 401 2474
209.141.55.133 - - [25/Mar/2024:11:35:21 -0300] "GET /manager/html HTTP/1.1" 401 2474
190.171.152.138 - - [25/Mar/2024:11:35:53 -0300] "POST /cormun/servlet/solicitudotadjuntos?gx-no-cache=1711380720150 HTTP/1.1" 200 26
190.171.152.138 - - [25/Mar/2024:11:35:53 -0300] "GET /cormun/servlet/solicitudotadjuntos?a64cee9c99d5381b4fc3773385be2cbf9121f85fa2e7d0511513d188f1efcfdc,gx-no-cache=1711380720179 HTTP/1.1" 200 30
190.171.152.138 - - [25/Mar/2024:11:35:53 -0300] "GET /cormun/servlet/solicitudotadjuntos?a64cee9c99d5381b4fc3773385be2cbf9121f85fa2e7d0511513d188f1efcfdc,gx-no-cache=1711380720193 HTTP/1.1" 200 30
190.171.152.138 - - [25/Mar/2024:11:35:53 -0300] "POST /cormun/servlet/solicitudotadjuntos?c13b3113d8179ad32b863f950fcc437b,INS,2024,21070,,1,,gx-no-cache=1711380720210 HTTP/1.1" 200 93
190.171.152.138 - - [25/Mar/2024:11:35:53 -0300] "GET /cormun/servlet/hpexe_return? HTTP/1.1" 200 1024
190.171.152.138 - - [25/Mar/2024:11:35:54 -0300] "GET /cormun/servlet/trsolicitudadjuntos?2024,21070, HTTP/1.1" 200 9505
190.171.152.138 - - [25/Mar/2024:11:35:59 -0300] "GET /cormun/servlet/solicitudotadjuntos?DLT,2024,21070,CV,0, HTTP/1.1" 200 6280
190.171.152.138 - - [25/Mar/2024:11:35:59 -0300] "GET /cormun/PublicTempStorage/yesenia_espinosa_%282%291856935.pdf HTTP/1.1" 200 51089
190.171.152.138 - - [25/Mar/2024:11:35:59 -0300] "GET /cormun/static/Shared/jqueryui/images/ui-bg_highlight-soft_100_c6c2c8_1x100.png HTTP/1.1" 404 1117
190.171.152.138 - - [25/Mar/2024:11:35:59 -0300] "GET /cormun/static/Shared/jqueryui/images/ui-icons_82798d_256x240.png HTTP/1.1" 404 1089
190.171.152.138 - - [25/Mar/2024:11:35:59 -0300] "GET /cormun/static/Shared/jqueryui/images/ui-bg_flat_55_fafafa_40x100.png HTTP/1.1" 404 1097
190.171.152.138 - - [25/Mar/2024:11:35:59 -0300] "GET /cormun/static/Shared/jqueryui/images/ui-icons_8d78a5_256x240.png HTTP/1.1" 404 1089
190.171.152.138 - - [25/Mar/2024:11:36:01 -0300] "POST /cormun/servlet/solicitudotadjuntos?c13b3113d8179ad32b863f950fcc437b,DLT,2024,21070,CV,0,,gx-no-cache=1711380728102 HTTP/1.1" 200 93
190.171.152.138 - - [25/Mar/2024:11:36:01 -0300] "GET /cormun/servlet/hpexe_return? HTTP/1.1" 200 1027
190.171.152.138 - - [25/Mar/2024:11:36:01 -0300] "GET /cormun/servlet/trsolicitudadjuntos?2024,21070, HTTP/1.1" 200 9505
190.171.152.138 - - [25/Mar/2024:11:36:05 -0300] "GET /cormun/servlet/solicitudotadjuntos?DLT,2024,21070,CARNET,0, HTTP/1.1" 200 6161
190.171.152.138 - - [25/Mar/2024:11:36:05 -0300] "GET /cormun/static/about:blank HTTP/1.1" 404 1011
190.171.152.138 - - [25/Mar/2024:11:36:06 -0300] "POST /cormun/servlet/solicitudotadjuntos?c13b3113d8179ad32b863f950fcc437b,DLT,2024,21070,CARNET,0,,gx-no-cache=1711380732795 HTTP/1.1" 200 93
190.171.152.138 - - [25/Mar/2024:11:36:06 -0300] "GET /cormun/servlet/hpexe_return? HTTP/1.1" 200 1030
190.171.152.138 - - [25/Mar/2024:11:36:06 -0300] "GET /cormun/servlet/trsolicitudadjuntos?2024,21070, HTTP/1.1" 200 9291
190.171.152.114 - - [25/Mar/2024:11:36:17 -0300] "POST /cormun/servlet/trautorizarsolicitud?6deecbcb8a942faa5be5a7dbf59a86cc,,gx-no-cache=1711377197765 HTTP/1.1" 200 4783
190.171.152.114 - - [25/Mar/2024:11:36:17 -0300] "GET /cormun/static/Shared/jqueryui/images/ui-bg_highlight-soft_100_c6c2c8_1x100.png HTTP/1.1" 404 1117
190.171.152.114 - - [25/Mar/2024:11:36:17 -0300] "GET /cormun/static/Shared/jqueryui/images/ui-bg_flat_55_fafafa_40x100.png HTTP/1.1" 404 1097
190.171.152.114 - - [25/Mar/2024:11:36:17 -0300] "GET /cormun/static/Shared/jqueryui/images/ui-icons_8d78a5_256x240.png HTTP/1.1" 404 1089
190.171.152.114 - - [25/Mar/2024:11:36:17 -0300] "GET /cormun/static/Shared/jqueryui/images/ui-icons_82798d_256x240.png HTTP/1.1" 404 1089
190.171.152.114 - - [25/Mar/2024:11:36:17 -0300] "POST /cormun/servlet/trautorizarsolicitud?6deecbcb8a942faa5be5a7dbf59a86cc,,gx-no-cache=1711377197927 HTTP/1.1" 200 4548
190.171.152.138 - - [25/Mar/2024:11:36:20 -0300] "GET /cormun/servlet/trsolicitudot? HTTP/1.1" 200 8888
190.171.152.138 - - [25/Mar/2024:11:36:29 -0300] "GET /cormun/servlet/solicitudot?INS,0,0,false, HTTP/1.1" 200 16198
190.171.143.82 - - [25/Mar/2024:11:36:36 -0300] "GET /cormun/servlet/trcargahoraria? HTTP/1.1" 200 6537
190.171.143.82 - - [25/Mar/2024:11:36:43 -0300] "POST /cormun/servlet/trcargahoraria?007558a155a0937a46e7060dd57872b6,,gx-no-cache=1711377219134 HTTP/1.1" 200 4144
190.171.143.82 - - [25/Mar/2024:11:36:45 -0300] "GET /cormun/servlet/trreportecargahoraria? HTTP/1.1" 200 6714
190.171.143.82 - - [25/Mar/2024:11:36:48 -0300] "POST /cormun/servlet/acontrolpreferencessavestate?None,MREYES,true HTTP/1.1" 200 35
190.171.143.82 - - [25/Mar/2024:11:36:51 -0300] "GET /cormun/servlet/trcontratosolicitud? HTTP/1.1" 200 14699
190.171.152.138 - - [25/Mar/2024:11:37:04 -0300] "POST /cormun/servlet/solicitudot?gx-no-cache=1711380790722 HTTP/1.1" 200 4022
190.171.152.138 - - [25/Mar/2024:11:37:04 -0300] "POST /cormun/servlet/solicitudot?c13b3113d8179ad32b863f950fcc437b,INS,0,0,false,,gx-no-cache=1711380791158 HTTP/1.1" 200 12868
190.171.152.138 - - [25/Mar/2024:11:37:11 -0300] "POST /cormun/servlet/solicitudot?gx-no-cache=1711380797923 HTTP/1.1" 200 4081
190.171.152.138 - - [25/Mar/2024:11:37:11 -0300] "GET /cormun/static/Shared/jqueryui/images/ui-bg_flat_55_994d53_40x100.png HTTP/1.1" 404 1097
190.171.152.138 - - [25/Mar/2024:11:37:11 -0300] "GET /cormun/static/Shared/jqueryui/images/ui-icons_ebccce_256x240.png HTTP/1.1" 404 1089
190.171.152.138 - - [25/Mar/2024:11:37:11 -0300] "GET /cormun/servlet/solicitudot?a64cee9c99d5381b4fc3773385be2cbf730489f774188fcbaa998b4ad168b8ab,gx-no-cache=1711380798009 HTTP/1.1" 200 111
190.171.152.138 - - [25/Mar/2024:11:39:20 -0300] "POST /cormun/servlet/solicitudot?gx-no-cache=1711380927108 HTTP/1.1" 200 4033
190.171.152.138 - - [25/Mar/2024:11:39:20 -0300] "POST /cormun/servlet/solicitudot?c13b3113d8179ad32b863f950fcc437b,INS,0,0,false,,gx-no-cache=1711380927263 HTTP/1.1" 200 12927
190.171.152.138 - - [25/Mar/2024:11:39:21 -0300] "GET /cormun/servlet/solicitudot?a64cee9c99d5381b4fc3773385be2cbf4c7573d1b8ddcc198d31dcf39e99c38b02f2c8c7668963e9c2ba89cfe790b191,gx-no-cache=1711380927402 HTTP/1.1" 200 111
190.171.152.138 - - [25/Mar/2024:11:39:24 -0300] "GET /cormun/servlet/solicitudot?a64cee9c99d5381b4fc3773385be2cbfbeb668f38a1cf1fb6c4bd847bc017415773318c10bc81923a83182c5a2c0efb4,gx-no-cache=1711380930866 HTTP/1.1" 200 30
190.171.141.138 - - [25/Mar/2024:11:40:04 -0300] "POST /cormun/servlet/trlicencias?6c573abd5bcd99e9a71ff004426253e8,,gx-no-cache=1711377420848 HTTP/1.1" 440 972
190.171.141.138 - - [25/Mar/2024:11:40:05 -0300] "GET /cormun/servlet/trlicencias? HTTP/1.1" 200 6048
190.171.141.138 - - [25/Mar/2024:11:40:06 -0300] "GET /cormun/servlet/hlogin HTTP/1.1" 200 1737
190.171.141.138 - - [25/Mar/2024:11:40:08 -0300] "POST /cormun/servlet/hlogin?84b60a0d869e6ebd597d3e6edf77d6c5,gx-no-cache=1711377424731 HTTP/1.1" 200 90
190.171.141.138 - - [25/Mar/2024:11:40:08 -0300] "GET /cormun/servlet/hpexe_link HTTP/1.1" 200 956
190.171.141.138 - - [25/Mar/2024:11:40:08 -0300] "GET /cormun/servlet/trlicencias HTTP/1.1" 200 11726
190.171.152.138 - - [25/Mar/2024:11:40:52 -0300] "GET /cormun/servlet/solicitudot?a64cee9c99d5381b4fc3773385be2cbf623e2e6e7fd7e49235ef22e7101bb53fa6f1068227cd3577b1912196360cbdf7c2b50097685b1d848a68d85747ec9d23607b74e420d18fceec4f575ec2883fdb,gx-no-cache=1711381018739 HTTP/1.1" 200 30
190.171.152.138 - - [25/Mar/2024:11:40:54 -0300] "GET /cormun/servlet/solicitudot?a64cee9c99d5381b4fc3773385be2cbfc9689835ba911907f82c98ec5ffbf81f,gx-no-cache=1711381020629 HTTP/1.1" 200 53
190.171.152.138 - - [25/Mar/2024:11:41:06 -0300] "POST /cormun/servlet/solicitudot?gx-no-cache=1711381032907 HTTP/1.1" 200 255
190.171.152.138 - - [25/Mar/2024:11:41:08 -0300] "GET /cormun/servlet/solicitudot?a64cee9c99d5381b4fc3773385be2cbf3fd3faf11932b3ae0578a05b55fe072a891087fad337d31c8da287a823f897442bbff2e750cd75d32735e758957e69f9ff6f5e9ab4130ccf233f790279767294a8d385694af0db5aa567e7221c0996bee81e4965a257e83b236bd6f321c1a3f2a5f880a45c8b0cd206bca206561d268cef83124493751b6eb467bf3a0d42bd0fc183b4407f9056a7dcd2d55b4919f872efdf0bab33afd92ebb003ed49d2e8b45ee76b022c625b2bbdd715105341e64bb70c5fed56a073c9041ff96833a954766a384590d678cdee9851d22adf5b41cf8371f16f5fd253ce5608004b9dd713d0ba5fa77293eb0cfaaa9512665b4e4dea38200df6052ea5e6e51f121049a6767b999125417e5bb244a9b5c76e7210380db8f7a4d92fe46546d6050fb49eebc8cafdd3079c6ae0020a5311505e3126984629ac003748020e6e1c6b82564fe4fb64d365b9956e845f8683f0a7508b79bbbf7f351850bbd379dfe7c7506ee0ff7025f8fb047156974f0dd7e2b2a17834d9672,gx-no-cache=1711381034472 HTTP/1.1" 200 30
190.171.152.138 - - [25/Mar/2024:11:41:10 -0300] "POST /cormun/servlet/solicitudot?gx-no-cache=1711381036387 HTTP/1.1" 200 30
190.171.152.138 - - [25/Mar/2024:11:41:10 -0300] "POST /cormun/servlet/solicitudot?gx-no-cache=1711381036865 HTTP/1.1" 200 30
190.171.152.138 - - [25/Mar/2024:11:41:11 -0300] "POST /cormun/servlet/solicitudot?gx-no-cache=1711381037391 HTTP/1.1" 200 30
190.171.152.138 - - [25/Mar/2024:11:41:11 -0300] "POST /cormun/servlet/solicitudot?gx-no-cache=1711381037801 HTTP/1.1" 200 30
190.171.152.138 - - [25/Mar/2024:11:41:11 -0300] "POST /cormun/servlet/solicitudot?gx-no-cache=1711381038022 HTTP/1.1" 200 30
190.171.152.138 - - [25/Mar/2024:11:41:12 -0300] "POST /cormun/servlet/solicitudot?gx-no-cache=1711381038917 HTTP/1.1" 200 30
190.171.152.138 - - [25/Mar/2024:11:41:13 -0300] "POST /cormun/servlet/solicitudot?gx-no-cache=1711381039671 HTTP/1.1" 200 1472
190.171.152.138 - - [25/Mar/2024:11:41:13 -0300] "POST /cormun/servlet/solicitudot?gx-no-cache=1711381039713 HTTP/1.1" 200 38
181.28.110.62 - - [25/Mar/2024:11:41:24 -0300] "GET / HTTP/1.1" 200 11217
209.141.55.133 - - [25/Mar/2024:11:41:25 -0300] "GET /manager/html HTTP/1.1" 401 2474
209.141.55.133 - - [25/Mar/2024:11:41:25 -0300] "GET /manager/html HTTP/1.1" 401 2474
190.171.152.138 - - [25/Mar/2024:11:41:29 -0300] "GET /cormun/servlet/solicitudot?a64cee9c99d5381b4fc3773385be2cbf579ac570bcd406aa1cf8ac052581de248ad7c8553aac9d97430a9786ed36026fe9c72c4810069966b2477db423b96a14443de6f079b6e1c03944d671f16822b1fe22bed9ab85557e38fa7f1c86e93dd2c7d8c13882fcde0fac1e985f604ae10b,gx-no-cache=1711381055526 HTTP/1.1" 200 110
190.171.152.138 - - [25/Mar/2024:11:41:36 -0300] "POST /cormun/servlet/solicitudot?gx-no-cache=1711381063247 HTTP/1.1" 200 97
190.171.154.42 - - [25/Mar/2024:11:43:04 -0300] "GET /cormun/servlet/hlogin HTTP/1.1" 200 1725
190.171.154.42 - - [25/Mar/2024:11:43:04 -0300] "GET /cormun/servlet/hlogin HTTP/1.1" 200 1736
190.171.154.42 - - [25/Mar/2024:11:43:14 -0300] "POST /cormun/servlet/hlogin?aefabc4d5b1cb04e5da1ca28f93663ae,gx-no-cache=1711377610755 HTTP/1.1" 200 90
190.171.154.42 - - [25/Mar/2024:11:43:14 -0300] "GET /cormun/servlet/hpexe_link HTTP/1.1" 200 956
190.171.154.42 - - [25/Mar/2024:11:43:14 -0300] "GET /cormun/servlet/hhome HTTP/1.1" 200 4274
190.171.154.42 - - [25/Mar/2024:11:44:11 -0300] "GET /cormun/servlet/trlicencias? HTTP/1.1" 200 10237
190.171.152.138 - - [25/Mar/2024:11:44:16 -0300] "GET /cormun/servlet/solicitudot?a64cee9c99d5381b4fc3773385be2cbf383571b988ebdeb250d5a23abf16c68d3b923810618d9c4e25d1f10b2d8a492615a8a149906e996f4359c80541427cc9ce00d35a02057098e8ca161a4bf3cd00512a288fd4cc6822551f28c7f9561a04fb67a169a047326c3592100227afaf35,gx-no-cache=1711381222674 HTTP/1.1" 200 29
190.171.152.138 - - [25/Mar/2024:11:44:16 -0300] "GET /cormun/static/menuarrow.gif HTTP/1.1" 404 1015
190.171.154.42 - - [25/Mar/2024:11:46:01 -0300] "POST /cormun/servlet/trlicencias?aefabc4d5b1cb04e5da1ca28f93663ae,,gx-no-cache=1711377777119 HTTP/1.1" 200 18250
190.171.154.42 - - [25/Mar/2024:11:46:01 -0300] "GET /cormun/static/Resources/PXToolsGridNext.gif HTTP/1.1" 200 369
190.171.154.42 - - [25/Mar/2024:11:46:01 -0300] "GET /cormun/static/Resources/PXToolsGridLast.gif HTTP/1.1" 200 370
190.171.154.42 - - [25/Mar/2024:11:46:23 -0300] "POST /cormun/servlet/trlicencias?aefabc4d5b1cb04e5da1ca28f93663ae,,gx-no-cache=1711377799471 HTTP/1.1" 200 18195
190.171.154.42 - - [25/Mar/2024:11:46:24 -0300] "GET /cormun/static/Resources/PXToolsGridFirst.gif HTTP/1.1" 200 379
190.171.154.42 - - [25/Mar/2024:11:46:24 -0300] "GET /cormun/static/Resources/PXToolsGridPrevious.gif HTTP/1.1" 200 369
190.171.154.42 - - [25/Mar/2024:11:46:27 -0300] "POST /cormun/servlet/trlicencias?aefabc4d5b1cb04e5da1ca28f93663ae,,gx-no-cache=1711377803524 HTTP/1.1" 200 17281
209.141.55.133 - - [25/Mar/2024:11:48:03 -0300] "GET /manager/html HTTP/1.1" 401 2474
209.141.55.133 - - [25/Mar/2024:11:48:03 -0300] "GET /manager/html HTTP/1.1" 401 2474
190.171.149.74 - - [25/Mar/2024:11:49:13 -0300] "POST /cormun/servlet/hlogin?49372583359d48f6248ece6004d7838c,gx-no-cache=1711377969031 HTTP/1.1" 200 425
190.171.149.74 - - [25/Mar/2024:11:49:16 -0300] "POST /cormun/servlet/hlogin?49372583359d48f6248ece6004d7838c,gx-no-cache=1711377972196 HTTP/1.1" 200 425
190.171.149.74 - - [25/Mar/2024:11:49:22 -0300] "POST /cormun/servlet/hlogin?49372583359d48f6248ece6004d7838c,gx-no-cache=1711377978172 HTTP/1.1" 200 425
190.171.149.74 - - [25/Mar/2024:11:49:35 -0300] "GET /cormun/servlet/hlogin HTTP/1.1" 200 1718
190.171.149.74 - - [25/Mar/2024:11:49:40 -0300] "POST /cormun/servlet/hlogin?49372583359d48f6248ece6004d7838c,gx-no-cache=1711377996037 HTTP/1.1" 200 90
190.171.149.74 - - [25/Mar/2024:11:49:40 -0300] "GET /cormun/servlet/hpexe_link HTTP/1.1" 200 949
190.171.149.74 - - [25/Mar/2024:11:49:40 -0300] "GET /cormun/servlet/hhome HTTP/1.1" 200 3975
190.171.149.74 - - [25/Mar/2024:11:49:42 -0300] "GET /cormun/servlet/trpermisosgoce? HTTP/1.1" 200 11126
190.171.149.74 - - [25/Mar/2024:11:49:44 -0300] "GET /cormun/servlet/permisogoce?INS,0,,, HTTP/1.1" 200 6841
190.171.149.74 - - [25/Mar/2024:11:49:51 -0300] "GET /cormun/servlet/permisogoce?31c874ce546a0dc50ae1aed9c162180603b0c4c8502a862c767f09ff96dd421722f90c28f49d069642f21ea5f55b83018fb521e028767bdf1dbbd3a2e284f20b,gx-no-cache=1711378006970 HTTP/1.1" 200 81
190.171.149.74 - - [25/Mar/2024:11:49:54 -0300] "GET /cormun/static/menuarrow.gif HTTP/1.1" 404 1015
200.54.103.162 - - [25/Mar/2024:11:51:52 -0300] "GET /cormun/servlet/hhome HTTP/1.1" 200 3322
200.54.103.162 - - [25/Mar/2024:11:51:52 -0300] "GET /cormun/servlet/hlogin HTTP/1.1" 200 1734
200.54.103.162 - - [25/Mar/2024:11:51:55 -0300] "POST /cormun/servlet/hlogin?f809ccc5e92feb757856b9624edce4de,gx-no-cache=1711378138867 HTTP/1.1" 200 90
200.54.103.162 - - [25/Mar/2024:11:51:55 -0300] "GET /cormun/servlet/hpexe_link HTTP/1.1" 200 950
200.54.103.162 - - [25/Mar/2024:11:51:55 -0300] "GET /cormun/servlet/hhome HTTP/1.1" 200 4343
190.171.152.138 - - [25/Mar/2024:11:51:56 -0300] "GET /cormun/servlet/solicitudot?a64cee9c99d5381b4fc3773385be2cbfe78fbb6cee26b62c44b24ce9fed3c556ad25d76c966207f9a03e8c5e795fdeeb,gx-no-cache=1711381681981 HTTP/1.1" 200 30
200.54.103.162 - - [25/Mar/2024:11:51:58 -0300] "GET /cormun/servlet/trlicencias? HTTP/1.1" 200 9502
190.171.141.82 - - [25/Mar/2024:11:52:02 -0300] "GET /cormun/servlet/hlogin HTTP/1.1" 200 1720
200.54.103.162 - - [25/Mar/2024:11:52:09 -0300] "GET /cormun/servlet/hlogin HTTP/1.1" 200 1738
190.171.152.138 - - [25/Mar/2024:11:52:33 -0300] "GET /cormun/servlet/solicitudot?a64cee9c99d5381b4fc3773385be2cbfe78fbb6cee26b62c44b24ce9fed3c5563727e810a2872d4657826396c964f171,gx-no-cache=1711381719495 HTTP/1.1" 200 30
190.171.152.138 - - [25/Mar/2024:11:52:33 -0300] "POST /cormun/servlet/solicitudot?gx-no-cache=1711381719530 HTTP/1.1" 200 30
190.171.152.138 - - [25/Mar/2024:11:52:33 -0300] "POST /cormun/servlet/solicitudot?c13b3113d8179ad32b863f950fcc437b,INS,0,0,false,,gx-no-cache=1711381719560 HTTP/1.1" 200 93
190.171.152.138 - - [25/Mar/2024:11:52:33 -0300] "GET /cormun/servlet/hpexe_return? HTTP/1.1" 200 1008
190.171.152.138 - - [25/Mar/2024:11:52:34 -0300] "GET /cormun/servlet/trsolicitudot HTTP/1.1" 200 9377
181.212.47.137 - - [25/Mar/2024:11:53:35 -0300] "GET /cormun/servlet/trsolicitudgral? HTTP/1.1" 200 28252
181.212.47.137 - - [25/Mar/2024:11:53:41 -0300] "POST /cormun/servlet/trsolicitudgral?ad53d6505b92350c13e0768a12b2862e,,gx-no-cache=1711378220971 HTTP/1.1" 200 21398
181.212.47.137 - - [25/Mar/2024:11:53:47 -0300] "POST /cormun/servlet/trsolicitudgral?ad53d6505b92350c13e0768a12b2862e,,gx-no-cache=1711378227394 HTTP/1.1" 200 21398
209.141.55.133 - - [25/Mar/2024:11:54:05 -0300] "GET /manager/html HTTP/1.1" 401 2474
209.141.55.133 - - [25/Mar/2024:11:54:05 -0300] "GET /manager/html HTTP/1.1" 401 2474
190.171.152.234 - - [25/Mar/2024:11:54:47 -0300] "GET /cormun/servlet/trsolicitudot? HTTP/1.1" 200 6332
190.171.152.234 - - [25/Mar/2024:11:54:47 -0300] "GET /cormun/servlet/hlogin HTTP/1.1" 200 1739
190.171.152.234 - - [25/Mar/2024:11:54:55 -0300] "POST /cormun/servlet/hlogin?532e136d1f57103f63d0d2bf287e2392,gx-no-cache=1711378544081 HTTP/1.1" 200 90
190.171.152.234 - - [25/Mar/2024:11:54:55 -0300] "GET /cormun/servlet/hpexe_link HTTP/1.1" 200 957
190.171.152.234 - - [25/Mar/2024:11:54:55 -0300] "GET /cormun/servlet/trsolicitudot HTTP/1.1" 200 11476
190.171.152.234 - - [25/Mar/2024:11:55:00 -0300] "GET /cormun/servlet/solicitudot?INS,0,0,false, HTTP/1.1" 200 16261
190.171.152.234 - - [25/Mar/2024:11:55:09 -0300] "POST /cormun/servlet/solicitudot?gx-no-cache=1711378558773 HTTP/1.1" 200 4031
190.171.152.234 - - [25/Mar/2024:11:55:09 -0300] "POST /cormun/servlet/solicitudot?532e136d1f57103f63d0d2bf287e2392,INS,0,0,false,,gx-no-cache=1711378558882 HTTP/1.1" 200 12882
190.171.152.234 - - [25/Mar/2024:11:55:10 -0300] "GET /cormun/servlet/solicitudot?153c2f82274a4409c20d0302c73fc6e88e03b4a9a2e065307df90560439fa0489b53e4520b55cb41c490191f682646f3,gx-no-cache=1711378559483 HTTP/1.1" 200 30
190.171.152.234 - - [25/Mar/2024:11:55:57 -0300] "GET /cormun/servlet/solicitudot?153c2f82274a4409c20d0302c73fc6e8bd67788a13609d7d1a9af9f8ee9a1554,gx-no-cache=1711378606930 HTTP/1.1" 200 94
190.171.152.234 - - [25/Mar/2024:11:55:57 -0300] "GET /cormun/static/Shared/jqueryui/images/ui-bg_highlight-soft_100_c6c2c8_1x100.png HTTP/1.1" 404 1117
190.171.152.234 - - [25/Mar/2024:11:55:57 -0300] "GET /cormun/static/Shared/jqueryui/images/ui-icons_82798d_256x240.png HTTP/1.1" 404 1089
190.171.152.234 - - [25/Mar/2024:11:55:57 -0300] "GET /cormun/static/Shared/jqueryui/images/ui-icons_ebccce_256x240.png HTTP/1.1" 404 1089
190.171.152.234 - - [25/Mar/2024:11:55:57 -0300] "GET /cormun/static/Shared/jqueryui/images/ui-bg_flat_55_994d53_40x100.png HTTP/1.1" 404 1097
190.171.152.234 - - [25/Mar/2024:11:55:57 -0300] "GET /cormun/servlet/solicitudot?153c2f82274a4409c20d0302c73fc6e8331e7daabb441aa25964592a4ee5e71e,gx-no-cache=1711378607061 HTTP/1.1" 200 29
190.171.152.234 - - [25/Mar/2024:11:55:59 -0300] "POST /cormun/servlet/solicitudot?gx-no-cache=1711378608396 HTTP/1.1" 200 255
190.171.152.234 - - [25/Mar/2024:11:56:02 -0300] "GET /cormun/servlet/solicitudot?153c2f82274a4409c20d0302c73fc6e84169bdc69b052c6296f5d990eb804af53ad125df62fcb81672d6cc6a3eefcd9b17a9633190a748102d0f51ddb38d076a52abe017a2a154b722951c2ea37f544273164caad2682f7429c2cf48baace7634efb426ed13b42e0cfc2f97e6a85d8231959739eba9040242dec85c6790a58a07aa206056b01b52d3f9364c4a2119fa57b0fc67d206e30efe2492f6b3470bf63e736c35f9cb2bb0aabd0ba900cbc64aa0757140bd06af4f10786fa0c81b842bdbfd3505e83933918a3c02ba7474b1fdfe31911cc0e9a77be2f5267e7ccf5fca4a65ab193faae393ff034cddad2a051c00f0a7942cb6a662ad5aa5409e1ff6ab42533b10a1839d55d00f64f0244f12d094c56af2c4360dfde9033ab99a4d712ac39e65070b10809d6fc8ff9ad30a812fd8789ea1df79fb7c024439508453076c8f1f3d31fa019a155f7abab88ebedc002512bc65bcabc2d4b64226e35f87de65b8eac20f3208db8585b1cac23da78440702f24929ae29725e3e0ed8a9a62bc680,gx-no-cache=1711378611292 HTTP/1.1" 200 30
190.171.149.74 - - [25/Mar/2024:11:57:17 -0300] "GET /cormun/servlet/trcontratoobservacion? HTTP/1.1" 200 6927
190.171.149.74 - - [25/Mar/2024:11:57:18 -0300] "GET /cormun/static/gxcfg.js?2022112984808 HTTP/1.1" 200 953
190.171.149.74 - - [25/Mar/2024:11:57:18 -0300] "GET /cormun/static/trcontratoobservacion.js?20221129848151 HTTP/1.1" 200 25148
190.171.149.74 - - [25/Mar/2024:11:57:19 -0300] "GET /cormun/servlet/trlicencias? HTTP/1.1" 200 10794
190.171.152.234 - - [25/Mar/2024:11:57:56 -0300] "POST /cormun/servlet/solicitudot?gx-no-cache=1711378725947 HTTP/1.1" 200 30
190.171.152.234 - - [25/Mar/2024:11:58:07 -0300] "GET /cormun/servlet/trlicencias? HTTP/1.1" 200 10446
190.171.152.234 - - [25/Mar/2024:11:58:46 -0300] "GET /cormun/servlet/trsolicitudot? HTTP/1.1" 200 11474
190.171.152.138 - - [25/Mar/2024:11:58:49 -0300] "POST /cormun/servlet/trsolicitudot?c13b3113d8179ad32b863f950fcc437b,gx-no-cache=1711382096038 HTTP/1.1" 200 107
190.171.152.138 - - [25/Mar/2024:11:58:49 -0300] "GET /cormun/servlet/trsolicitudadjuntos?2024,21070, HTTP/1.1" 200 9288
190.171.152.138 - - [25/Mar/2024:11:58:52 -0300] "GET /cormun/servlet/solicitudotadjuntos?INS,2024,21070,,1, HTTP/1.1" 200 6283
190.171.152.138 - - [25/Mar/2024:11:58:53 -0300] "GET /cormun/static/about:blank HTTP/1.1" 404 1011
190.171.152.138 - - [25/Mar/2024:11:58:53 -0300] "GET /cormun/servlet/solicitudotadjuntos?a64cee9c99d5381b4fc3773385be2cbf3dc6e67d54e8198fbef3bcfda9160f1c85da478e94750111e3aa67c051b4d803,gx-no-cache=1711382100095 HTTP/1.1" 200 30
190.171.152.138 - - [25/Mar/2024:11:58:53 -0300] "POST /cormun/servlet/solicitudotadjuntos?c13b3113d8179ad32b863f950fcc437b,INS,2024,21070,,1,,gx-no-cache=1711382100113 HTTP/1.1" 200 4145
190.171.152.234 - - [25/Mar/2024:11:59:11 -0300] "GET /cormun/servlet/trsolicitudot? HTTP/1.1" 200 11474
197.33.253.66 - - [25/Mar/2024:11:59:11 -0300] "POST /goform/set_LimitClient_cfg HTTP/1.1" 400 -
190.171.152.234 - - [25/Mar/2024:11:59:28 -0300] "GET /cormun/servlet/solicitudot?INS,0,0,false, HTTP/1.1" 200 16260
209.141.55.133 - - [25/Mar/2024:12:00:39 -0300] "GET /manager/html HTTP/1.1" 401 2474
209.141.55.133 - - [25/Mar/2024:12:00:39 -0300] "GET /manager/html HTTP/1.1" 401 2474
190.171.152.234 - - [25/Mar/2024:12:01:07 -0300] "POST /cormun/servlet/solicitudot?gx-no-cache=1711378916275 HTTP/1.1" 200 4031
190.171.152.234 - - [25/Mar/2024:12:01:07 -0300] "POST /cormun/servlet/solicitudot?532e136d1f57103f63d0d2bf287e2392,INS,0,0,false,,gx-no-cache=1711378916399 HTTP/1.1" 200 12880
190.171.152.234 - - [25/Mar/2024:12:01:09 -0300] "GET /cormun/servlet/solicitudot?153c2f82274a4409c20d0302c73fc6e88e03b4a9a2e065307df90560439fa0489b53e4520b55cb41c490191f682646f3,gx-no-cache=1711378918475 HTTP/1.1" 200 30
190.171.152.234 - - [25/Mar/2024:12:02:03 -0300] "GET /cormun/servlet/prbanco?,MD,,gxPopupLevel%3D0%3B HTTP/1.1" 200 6611
190.171.152.234 - - [25/Mar/2024:12:02:07 -0300] "GET /cormun/servlet/solicitudot?153c2f82274a4409c20d0302c73fc6e82d17cb5e97739e8cbee7e6ca1a6bcd224d81c7681403047eb8074b4f017e316ebb7c58f08c680d8e7988a5a93c9f6bb9,gx-no-cache=1711378976366 HTTP/1.1" 200 30
190.171.152.234 - - [25/Mar/2024:12:02:08 -0300] "GET /cormun/servlet/solicitudot?153c2f82274a4409c20d0302c73fc6e82f755fd03ce80abf8fec4a01ca10bdeb,gx-no-cache=1711378977305 HTTP/1.1" 200 53
190.171.152.234 - - [25/Mar/2024:12:02:33 -0300] "POST /cormun/servlet/solicitudot?532e136d1f57103f63d0d2bf287e2392,INS,0,0,false,,gx-no-cache=1711379001940 HTTP/1.1" 200 13076
190.171.152.234 - - [25/Mar/2024:12:02:33 -0300] "GET /cormun/static/Shared/jqueryui/images/ui-bg_flat_55_fafafa_40x100.png HTTP/1.1" 404 1097
190.171.152.234 - - [25/Mar/2024:12:02:33 -0300] "GET /cormun/static/Shared/jqueryui/images/ui-icons_8d78a5_256x240.png HTTP/1.1" 404 1089
190.171.152.234 - - [25/Mar/2024:12:02:34 -0300] "GET /cormun/servlet/solicitudot?153c2f82274a4409c20d0302c73fc6e882593248b87cc2b2a6bca1b45f3f7295487d6def6ed2b0608d2e2086a7e0aa4923f1796dd7d428a64c003d2820521b46,gx-no-cache=1711379004066 HTTP/1.1" 200 53
190.171.152.234 - - [25/Mar/2024:12:02:35 -0300] "POST /cormun/servlet/solicitudot?gx-no-cache=1711379005003 HTTP/1.1" 200 255
190.171.141.106 - - [25/Mar/2024:12:02:36 -0300] "GET /cormun/servlet/hhome HTTP/1.1" 200 3322
190.171.141.106 - - [25/Mar/2024:12:02:37 -0300] "GET /cormun/servlet/hlogin HTTP/1.1" 200 1733
190.171.152.234 - - [25/Mar/2024:12:02:37 -0300] "GET /cormun/servlet/solicitudot?153c2f82274a4409c20d0302c73fc6e84169bdc69b052c6296f5d990eb804af53ad125df62fcb81672d6cc6a3eefcd9b17a9633190a748102d0f51ddb38d076a52abe017a2a154b722951c2ea37f544273164caad2682f7429c2cf48baace7634efb426ed13b42e0cfc2f97e6a85d8231959739eba9040242dec85c6790a58a07aa206056b01b52d3f9364c4a2119fa57b0fc67d206e30efe2492f6b3470bf63e736c35f9cb2bb0aabd0ba900cbc64aa0757140bd06af4f10786fa0c81b842bdbfd3505e83933918a3c02ba7474b1fdfe31911cc0e9a77be2f5267e7ccf5fca4a65ab193faae393ff034cddad2a051c00f0a7942cb6a662ad5aa5409e1ff6ab42533b10a1839d55d00f64f0244f12d094c56af2c4360dfde9033ab99a4d712ac39e65070b10809d6fc8ff9ad30a812fd8789ea1df79fb7c024439508453076c8f1f3d31fa019a155f7abab88ebedc002512bc65bcabc2d4b64226e35f87de65b8eac20f3208db8585b1cac23da78440702f24929ae29725e3e0ed8a9a62bc680,gx-no-cache=1711379006796 HTTP/1.1" 200 30
190.171.141.106 - - [25/Mar/2024:12:02:39 -0300] "POST /cormun/servlet/hlogin?e9722269f8ce798853738812c725a89b,gx-no-cache=1711378777476 HTTP/1.1" 200 90
190.171.141.106 - - [25/Mar/2024:12:02:39 -0300] "GET /cormun/servlet/hpexe_link HTTP/1.1" 200 951
190.171.141.106 - - [25/Mar/2024:12:02:40 -0300] "GET /cormun/servlet/hhome HTTP/1.1" 200 4271
190.171.152.234 - - [25/Mar/2024:12:02:41 -0300] "POST /cormun/servlet/solicitudot?gx-no-cache=1711379010427 HTTP/1.1" 200 30
190.171.141.106 - - [25/Mar/2024:12:02:42 -0300] "GET /cormun/servlet/trlicencias? HTTP/1.1" 200 11545
190.171.152.234 - - [25/Mar/2024:12:02:45 -0300] "GET /cormun/servlet/prcontratosol?11868589,,,,,MD,,gxPopupLevel%3D0%3B HTTP/1.1" 200 7629
190.171.152.234 - - [25/Mar/2024:12:02:45 -0300] "GET /cormun/static/gxcfg.js?202211298464198 HTTP/1.1" 200 953
190.171.152.234 - - [25/Mar/2024:12:02:45 -0300] "GET /cormun/static/prcontratosol.js?202211298464288 HTTP/1.1" 200 15806
190.171.152.234 - - [25/Mar/2024:12:02:49 -0300] "POST /cormun/servlet/solicitudot?gx-no-cache=1711379018101 HTTP/1.1" 200 1557
190.171.152.234 - - [25/Mar/2024:12:02:49 -0300] "POST /cormun/servlet/solicitudot?gx-no-cache=1711379018134 HTTP/1.1" 200 117
190.171.152.234 - - [25/Mar/2024:12:02:49 -0300] "GET /cormun/servlet/solicitudot?153c2f82274a4409c20d0302c73fc6e868d3810e24e45e18e6a3d8dff88ff9173c083ff22e9026254bb7e4a13fc8c42466ab88f5c4f0027e4d6402986d6b32c11836cfcae545de552d39f71a694dbb43dd239d3932609ac8e9e0d5aba538e0d34b9aac9cce318e373c318c8ec1b9fcec,gx-no-cache=1711379018152 HTTP/1.1" 200 110
190.171.152.234 - - [25/Mar/2024:12:02:49 -0300] "POST /cormun/servlet/solicitudot?gx-no-cache=1711379018201 HTTP/1.1" 200 64
190.171.152.234 - - [25/Mar/2024:12:02:49 -0300] "GET /cormun/servlet/solicitudot?153c2f82274a4409c20d0302c73fc6e8b18da896db4dede1e4147d8884a21346b20d77b04eb207bc1bd799a50753e77c998fcbd6611b553c654edccf609f6b51348299d6467e2777908b12a6c0c339e28ff364d7d406c91948c714cd7655123c7291247bd191fc15febb0d1cc8b9bc4e,gx-no-cache=1711379018222 HTTP/1.1" 200 29
190.171.152.234 - - [25/Mar/2024:12:02:49 -0300] "GET /cormun/servlet/solicitudot?153c2f82274a4409c20d0302c73fc6e8632719a9c134b2a3322c86c02d79dcd1,gx-no-cache=1711379018237 HTTP/1.1" 200 30
190.171.152.234 - - [25/Mar/2024:12:02:59 -0300] "GET /cormun/servlet/prcontratosol?11868589,,,,,MD,,gxPopupLevel%3D0%3B HTTP/1.1" 200 7629
190.171.152.234 - - [25/Mar/2024:12:03:08 -0300] "POST /cormun/servlet/solicitudot?gx-no-cache=1711379037363 HTTP/1.1" 200 1557
190.171.152.234 - - [25/Mar/2024:12:03:08 -0300] "POST /cormun/servlet/solicitudot?gx-no-cache=1711379037386 HTTP/1.1" 200 117
190.171.152.234 - - [25/Mar/2024:12:03:08 -0300] "GET /cormun/servlet/solicitudot?153c2f82274a4409c20d0302c73fc6e868d3810e24e45e18e6a3d8dff88ff9173c083ff22e9026254bb7e4a13fc8c42466ab88f5c4f0027e4d6402986d6b32c11836cfcae545de552d39f71a694dbb43dd239d3932609ac8e9e0d5aba538e0d34b9aac9cce318e373c318c8ec1b9fcec,gx-no-cache=1711379037402 HTTP/1.1" 200 110
190.171.152.234 - - [25/Mar/2024:12:03:08 -0300] "GET /cormun/servlet/solicitudot?153c2f82274a4409c20d0302c73fc6e82ccfda30ae08bea6a4dc5298e26b66a5b15541773902b8320a680dd93033e282,gx-no-cache=1711379037419 HTTP/1.1" 200 134
190.171.152.234 - - [25/Mar/2024:12:03:16 -0300] "GET /cormun/servlet/prcontratosol?11868589,,,,,MD,,gxPopupLevel%3D0%3B HTTP/1.1" 200 7629
190.171.152.234 - - [25/Mar/2024:12:03:29 -0300] "POST /cormun/servlet/solicitudot?gx-no-cache=1711379058977 HTTP/1.1" 200 1557
190.171.152.234 - - [25/Mar/2024:12:03:29 -0300] "POST /cormun/servlet/solicitudot?gx-no-cache=1711379059001 HTTP/1.1" 200 121
190.171.152.234 - - [25/Mar/2024:12:03:29 -0300] "GET /cormun/servlet/solicitudot?153c2f82274a4409c20d0302c73fc6e868d3810e24e45e18e6a3d8dff88ff9173c083ff22e9026254bb7e4a13fc8c42466ab88f5c4f0027e4d6402986d6b32c11836cfcae545de552d39f71a694dbb43dd239d3932609ac8e9e0d5aba538e0d34b9aac9cce318e373c318c8ec1b9fcec,gx-no-cache=1711379059018 HTTP/1.1" 200 110
190.171.152.234 - - [25/Mar/2024:12:03:29 -0300] "GET /cormun/servlet/solicitudot?153c2f82274a4409c20d0302c73fc6e82ccfda30ae08bea6a4dc5298e26b66a5b15541773902b8320a680dd93033e282,gx-no-cache=1711379059037 HTTP/1.1" 200 134
190.171.152.234 - - [25/Mar/2024:12:03:38 -0300] "GET /cormun/servlet/prsolicitudot?11868589,,,,,MD,,gxPopupLevel%3D0%3B HTTP/1.1" 200 5939
190.171.152.234 - - [25/Mar/2024:12:03:38 -0300] "GET /cormun/static/gxcfg.js?20201215593468 HTTP/1.1" 200 953
190.171.152.234 - - [25/Mar/2024:12:03:38 -0300] "GET /cormun/static/prsolicitudot.js?20201215593721 HTTP/1.1" 200 13680
191.126.181.206 - - [25/Mar/2024:12:06:16 -0300] "GET /cormun/servlet/hlogin HTTP/1.1" 200 1708
190.171.143.82 - - [25/Mar/2024:12:06:19 -0300] "POST /cormun/servlet/trcontratosolicitud?007558a155a0937a46e7060dd57872b6,,gx-no-cache=1711378994860 HTTP/1.1" 200 12440
191.126.181.206 - - [25/Mar/2024:12:06:21 -0300] "POST /cormun/servlet/hlogin?8a0757b8c5e353f792891fa187b4bfef,gx-no-cache=1711378997364 HTTP/1.1" 200 90
191.126.181.206 - - [25/Mar/2024:12:06:21 -0300] "GET /cormun/servlet/hpexe_link HTTP/1.1" 200 937
191.126.181.206 - - [25/Mar/2024:12:06:22 -0300] "GET /cormun/servlet/hhome HTTP/1.1" 200 3894
190.171.143.82 - - [25/Mar/2024:12:06:24 -0300] "POST /cormun/servlet/trcontratosolicitud?007558a155a0937a46e7060dd57872b6,,gx-no-cache=1711378999910 HTTP/1.1" 200 5308
191.126.181.206 - - [25/Mar/2024:12:06:25 -0300] "GET /cormun/servlet/trsolicitudot? HTTP/1.1" 200 18513
190.171.141.106 - - [25/Mar/2024:12:06:32 -0300] "GET /cormun/servlet/trsolicitudot? HTTP/1.1" 200 8895
190.171.141.106 - - [25/Mar/2024:12:06:34 -0300] "POST /cormun/servlet/trsolicitudot?e9722269f8ce798853738812c725a89b,,gx-no-cache=1711379012319 HTTP/1.1" 200 6043
209.141.55.133 - - [25/Mar/2024:12:06:38 -0300] "GET /manager/html HTTP/1.1" 401 2474
209.141.55.133 - - [25/Mar/2024:12:06:38 -0300] "GET /manager/html HTTP/1.1" 401 2474
190.171.141.106 - - [25/Mar/2024:12:06:39 -0300] "POST /cormun/servlet/trsolicitudot?e9722269f8ce798853738812c725a89b,,gx-no-cache=1711379016668 HTTP/1.1" 200 10022
190.171.143.82 - - [25/Mar/2024:12:06:56 -0300] "POST /cormun/servlet/trcontratosolicitud?007558a155a0937a46e7060dd57872b6,,gx-no-cache=1711379031464 HTTP/1.1" 200 12449
191.126.181.206 - - [25/Mar/2024:12:08:42 -0300] "GET /cormun/static/menuarrow.gif HTTP/1.1" 404 1015
190.171.143.82 - - [25/Mar/2024:12:09:55 -0300] "POST /cormun/servlet/trcontratosolicitud?007558a155a0937a46e7060dd57872b6,,gx-no-cache=1711379210293 HTTP/1.1" 200 5309
190.171.143.82 - - [25/Mar/2024:12:10:01 -0300] "POST /cormun/servlet/trcontratosolicitud?007558a155a0937a46e7060dd57872b6,,gx-no-cache=1711379216974 HTTP/1.1" 200 12446
190.171.143.82 - - [25/Mar/2024:12:10:22 -0300] "POST /cormun/servlet/trcontratosolicitud?007558a155a0937a46e7060dd57872b6,,gx-no-cache=1711379237363 HTTP/1.1" 200 5309
191.126.181.206 - - [25/Mar/2024:12:10:22 -0300] "GET /cormun/servlet/solicitudot?INS,0,0,false, HTTP/1.1" 200 15883
191.126.181.206 - - [25/Mar/2024:12:10:34 -0300] "POST /cormun/servlet/solicitudot?gx-no-cache=1711379250437 HTTP/1.1" 200 4031
191.126.181.206 - - [25/Mar/2024:12:10:35 -0300] "POST /cormun/servlet/solicitudot?8a0757b8c5e353f792891fa187b4bfef,INS,0,0,false,,gx-no-cache=1711379250664 HTTP/1.1" 200 12584
190.171.143.82 - - [25/Mar/2024:12:10:36 -0300] "POST /cormun/servlet/trcontratosolicitud?007558a155a0937a46e7060dd57872b6,,gx-no-cache=1711379251704 HTTP/1.1" 200 12452
191.126.181.206 - - [25/Mar/2024:12:10:38 -0300] "GET /cormun/servlet/solicitudot?4ac6069a2d4c97459885446b186f61145b80d02ce3feee89ed3156fd73ca805218cabdcbeddebe1dfa5e336b49d1d5f1,gx-no-cache=1711379253857 HTTP/1.1" 200 30
191.126.181.206 - - [25/Mar/2024:12:11:09 -0300] "GET /cormun/servlet/solicitudot?4ac6069a2d4c97459885446b186f6114a8f41b5e686a38156fa48c343a004253,gx-no-cache=1711379285483 HTTP/1.1" 200 94
191.126.181.206 - - [25/Mar/2024:12:11:09 -0300] "GET /cormun/static/Shared/jqueryui/images/ui-bg_highlight-soft_100_c6c2c8_1x100.png HTTP/1.1" 404 1117
191.126.181.206 - - [25/Mar/2024:12:11:09 -0300] "GET /cormun/static/Shared/jqueryui/images/ui-icons_82798d_256x240.png HTTP/1.1" 404 1089
191.126.181.206 - - [25/Mar/2024:12:11:09 -0300] "GET /cormun/static/Shared/jqueryui/images/ui-icons_ebccce_256x240.png HTTP/1.1" 404 1089
191.126.181.206 - - [25/Mar/2024:12:11:09 -0300] "GET /cormun/static/Shared/jqueryui/images/ui-bg_flat_55_994d53_40x100.png HTTP/1.1" 404 1097
191.126.181.206 - - [25/Mar/2024:12:11:09 -0300] "GET /cormun/servlet/solicitudot?4ac6069a2d4c97459885446b186f611460350a41a2d3534908de33ec2c3f6e18,gx-no-cache=1711379285655 HTTP/1.1" 200 29
191.126.181.206 - - [25/Mar/2024:12:11:14 -0300] "GET /cormun/servlet/solicitudot?4ac6069a2d4c97459885446b186f61148dd4efbfe31b46106a56f098434d7067,gx-no-cache=1711379290178 HTTP/1.1" 200 53
191.126.181.206 - - [25/Mar/2024:12:11:52 -0300] "GET /cormun/servlet/solicitudot?4ac6069a2d4c97459885446b186f6114a8f41b5e686a38156fa48c343a004253,gx-no-cache=1711379328008 HTTP/1.1" 200 94
191.126.181.206 - - [25/Mar/2024:12:11:52 -0300] "POST /cormun/servlet/solicitudot?gx-no-cache=1711379328140 HTTP/1.1" 200 297
191.126.181.206 - - [25/Mar/2024:12:11:52 -0300] "GET /cormun/servlet/solicitudot?4ac6069a2d4c97459885446b186f61145248019ce86d37f662cbe04cf9850a36867d04c2feec62a0962f90aff1debf9dc676b9e3affe010d106d8b497275cbbcb84d7870f63f65b407256fd393204bbe1e8ab821b7e6e070a8f5cfd41e09cddc4505a26efafebdd3c2fd7cc214b22ce1663cbe2790dbb1fb47a142b55b5b313c15b2faa7e028a780bcbc379070cfb518e589941403eaa6598ae91eba6792e1324ec51b45e5f6a8fe17f345fe3267745a79d0ef827955ec110f182bf435d6c5ceb9cc1f64838c0f7ba58ea3ac55ebdf1f6df134094c2cad786c258f47b4a6ab0b988908c9c51b7e3f737d62a872f35b29dce314f200a2a65ab42bf32e6c2b8674aee91aea31b0c74ea7d9c0a06219c57493a6a6e7189804918f03917e238e80f58882ac09be221bf072efa39791eab430c523db80dcfaba41d689388fb1fd1ce86747a1fc7ada4aa539faae8e40b0ea664ff97d11f4f937338f571f392d17878d69efd09bdc96547dfd5d5898e3b56da1dd305aba9ff67011c22bb8dd2c4fe790910622247d83abd870800839d10ee855,gx-no-cache=1711379328201 HTTP/1.1" 200 30
191.126.181.206 - - [25/Mar/2024:12:11:54 -0300] "POST /cormun/servlet/solicitudot?gx-no-cache=1711379330347 HTTP/1.1" 200 30
191.126.181.206 - - [25/Mar/2024:12:11:55 -0300] "POST /cormun/servlet/solicitudot?gx-no-cache=1711379331114 HTTP/1.1" 200 1473
191.126.181.206 - - [25/Mar/2024:12:11:55 -0300] "POST /cormun/servlet/solicitudot?gx-no-cache=1711379331204 HTTP/1.1" 200 38
191.126.181.206 - - [25/Mar/2024:12:11:58 -0300] "GET /cormun/servlet/solicitudot?4ac6069a2d4c97459885446b186f6114408491a3407fc0c9008ce26db59af0f474669bee965542a75fa15f79982e33b64beaa5ea5e922022665ed4bbb5707d3a495096ae8416d4ed3f4e5e86fca797a33564e698ad427e645762fbe9be4e8cb52e38b4a1380635bcab90d6222e61d4d8,gx-no-cache=1711379334417 HTTP/1.1" 200 110
191.126.181.206 - - [25/Mar/2024:12:12:03 -0300] "POST /cormun/servlet/solicitudot?gx-no-cache=1711379339477 HTTP/1.1" 200 64
190.171.142.42 - - [25/Mar/2024:12:12:04 -0300] "GET /cormun/servlet/hlogin HTTP/1.1" 200 1719
190.171.142.42 - - [25/Mar/2024:12:12:04 -0300] "GET /cormun/static/gxtimezone.js?85251 HTTP/1.1" 200 5781
190.171.142.42 - - [25/Mar/2024:12:12:04 -0300] "GET /cormun/static/gxcfg.js?2022112219184450 HTTP/1.1" 200 953
190.171.142.42 - - [25/Mar/2024:12:12:04 -0300] "GET /cormun/static/messages.spa.js?85251 HTTP/1.1" 200 30736
190.171.142.42 - - [25/Mar/2024:12:12:04 -0300] "GET /cormun/static/Resources/CormunLogin.png HTTP/1.1" 200 19132
190.171.142.42 - - [25/Mar/2024:12:12:04 -0300] "GET /cormun/static/Resources/Spanish/PXTools.css?1759030 HTTP/1.1" 200 100853
190.171.142.42 - - [25/Mar/2024:12:12:04 -0300] "GET /cormun/static/hlogin.js?2022112219184458 HTTP/1.1" 200 2156
190.171.142.42 - - [25/Mar/2024:12:12:04 -0300] "GET /cormun/static/gxgral.js?85251 HTTP/1.1" 200 384558
190.171.142.42 - - [25/Mar/2024:12:12:04 -0300] "GET /cormun/static/Resources/PXToolsLoginTop.png HTTP/1.1" 200 1337
190.171.142.42 - - [25/Mar/2024:12:12:04 -0300] "GET /cormun/static/Resources/PXToolsLoginBackground.png HTTP/1.1" 200 1164
190.171.142.42 - - [25/Mar/2024:12:12:04 -0300] "GET /cormun/static/Resources/PXToolsButtonLeft.png HTTP/1.1" 200 1310
190.171.142.42 - - [25/Mar/2024:12:12:04 -0300] "GET /cormun/static/Resources/PXToolsLoginBottom.png HTTP/1.1" 200 1389
190.171.142.42 - - [25/Mar/2024:12:12:04 -0300] "GET /cormun/static/Resources/PXToolsButtonRight.png HTTP/1.1" 200 1294
190.171.142.42 - - [25/Mar/2024:12:12:04 -0300] "GET /cormun/static/Resources/PXToolsButtonBackground.png HTTP/1.1" 200 1176
190.171.142.42 - - [25/Mar/2024:12:12:04 -0300] "GET /cormun/servlet/hlogin HTTP/1.1" 200 1730
190.171.142.42 - - [25/Mar/2024:12:12:04 -0300] "GET /cormun/static/Resources/indicator.gif HTTP/1.1" 200 1553
191.126.181.206 - - [25/Mar/2024:12:12:10 -0300] "GET /cormun/servlet/solicitudot?4ac6069a2d4c97459885446b186f61149f8761ab3a24d2331efe9dadb459024380528e6aed285cee5aabc6efa9fec0bbf6bcf4bbe540a42e902c9c6964bea9f2926cf6cd7c64ebe4a04fb878bd1152f750ec71c0004eddae5830ef0a4a15ada627c8ac86e35aadc79f73a387ef5ea22c,gx-no-cache=1711379346187 HTTP/1.1" 200 29
191.126.181.206 - - [25/Mar/2024:12:12:10 -0300] "GET /cormun/static/menuarrow.gif HTTP/1.1" 404 1015
190.171.142.42 - - [25/Mar/2024:12:12:11 -0300] "POST /cormun/servlet/hlogin?d77174f6686c4adff89f761ce3b57ad0,gx-no-cache=1711379347907 HTTP/1.1" 200 90
190.171.142.42 - - [25/Mar/2024:12:12:11 -0300] "GET /cormun/servlet/hpexe_link HTTP/1.1" 200 949
190.171.142.42 - - [25/Mar/2024:12:12:12 -0300] "GET /cormun/static/gxcfg.js?20221129847421 HTTP/1.1" 200 953
190.171.142.42 - - [25/Mar/2024:12:12:12 -0300] "GET /cormun/static/hpexe_link.js?20221129847423 HTTP/1.1" 200 625
190.171.142.42 - - [25/Mar/2024:12:12:12 -0300] "GET /cormun/static/Resources/Spanish/PXTools.css?8354383 HTTP/1.1" 200 100853
190.171.142.42 - - [25/Mar/2024:12:12:12 -0300] "GET /cormun/servlet/hhome HTTP/1.1" 200 4284
190.171.142.42 - - [25/Mar/2024:12:12:12 -0300] "GET /cormun/static/SmoothNavMenu/resources/ddsmoothmenu.css?1112540 HTTP/1.1" 200 2223
190.171.142.42 - - [25/Mar/2024:12:12:12 -0300] "GET /cormun/static/SmoothNavMenu/resources/ddsmoothmenu-v.css?1112540 HTTP/1.1" 200 1188
190.171.142.42 - - [25/Mar/2024:12:12:12 -0300] "GET /cormun/static/gxcfg.js?20201215495537 HTTP/1.1" 200 953
190.171.142.42 - - [25/Mar/2024:12:12:12 -0300] "GET /cormun/static/scaMessage/css/jquery.pnotify.default.css?1816380 HTTP/1.1" 200 1707
190.171.142.42 - - [25/Mar/2024:12:12:12 -0300] "GET /cormun/static/Shared/jqueryui/jquery-ui.min.css?1345370 HTTP/1.1" 200 30288
190.171.142.42 - - [25/Mar/2024:12:12:12 -0300] "GET /cormun/static/PXToolsJavascripts/pexe_windows.js HTTP/1.1" 200 15249
190.171.142.42 - - [25/Mar/2024:12:12:12 -0300] "GET /cormun/static/PXToolsJavascripts/pexe_grid.js HTTP/1.1" 200 7559
190.171.142.42 - - [25/Mar/2024:12:12:12 -0300] "GET /cormun/static/PXToolsJavascripts/pexe_autoreload.js HTTP/1.1" 200 1762
190.171.142.42 - - [25/Mar/2024:12:12:12 -0300] "GET /cormun/static/PXToolsJavascripts/pexe_cookies.js HTTP/1.1" 200 792
190.171.142.42 - - [25/Mar/2024:12:12:12 -0300] "GET /cormun/static/Resources/Spanish/PXTools.css?14345360 HTTP/1.1" 200 100853
190.171.142.42 - - [25/Mar/2024:12:12:12 -0300] "GET /cormun/static/PXToolsJavascripts/pexe_link.js HTTP/1.1" 200 5671
190.171.142.42 - - [25/Mar/2024:12:12:12 -0300] "GET /cormun/static/PXToolsJavascripts/pexe_griddivfix.js HTTP/1.1" 200 6946
190.171.142.42 - - [25/Mar/2024:12:12:12 -0300] "GET /cormun/static/PXToolsJavascripts/pexe_menudivfix.js HTTP/1.1" 200 333
190.171.142.42 - - [25/Mar/2024:12:12:12 -0300] "GET /cormun/static/PXToolsJavascripts/pexe_menus.js HTTP/1.1" 200 1286
190.171.142.42 - - [25/Mar/2024:12:12:12 -0300] "GET /cormun/static/PXToolsJavascripts/pexe_layers.js HTTP/1.1" 200 4114
190.171.142.42 - - [25/Mar/2024:12:12:12 -0300] "GET /cormun/static/PXToolsJavascripts/pexe_oav.js HTTP/1.1" 200 645
190.171.142.42 - - [25/Mar/2024:12:12:12 -0300] "GET /cormun/static/PXToolsJavascripts/pexe_oavdivfix.js HTTP/1.1" 200 639
190.171.142.42 - - [25/Mar/2024:12:12:12 -0300] "GET /cormun/static/PXToolsJavascripts/pexe_picture.js HTTP/1.1" 200 689
190.171.142.42 - - [25/Mar/2024:12:12:12 -0300] "GET /cormun/static/PXToolsJavascripts/pexe_popup.js HTTP/1.1" 200 15149
190.171.142.42 - - [25/Mar/2024:12:12:12 -0300] "GET /cormun/static/PXToolsJavascripts/pexe_scrolldiv.js HTTP/1.1" 200 4138
190.171.142.42 - - [25/Mar/2024:12:12:12 -0300] "GET /cormun/static/PXToolsJavascripts/pexe_tabs.js HTTP/1.1" 200 3748
190.171.142.42 - - [25/Mar/2024:12:12:12 -0300] "GET /cormun/static/PXToolsJavascripts/pexe_upload.js HTTP/1.1" 200 1423
190.171.142.42 - - [25/Mar/2024:12:12:12 -0300] "GET /cormun/static/PXToolsJavascripts/pexe_tabdivfix.js HTTP/1.1" 200 898
190.171.142.42 - - [25/Mar/2024:12:12:12 -0300] "GET /cormun/static/PXToolsJavascripts/PXToolsJavascriptsRender.js HTTP/1.1" 200 367
190.171.142.42 - - [25/Mar/2024:12:12:12 -0300] "GET /cormun/static/Resources/CormunMP2.png HTTP/1.1" 200 6878
190.171.142.42 - - [25/Mar/2024:12:12:12 -0300] "GET /cormun/static/Resources/ImgHome.png HTTP/1.1" 200 1364
190.171.142.42 - - [25/Mar/2024:12:12:12 -0300] "GET /cormun/static/Resources/ImgLogin.png HTTP/1.1" 200 1432
190.171.142.42 - - [25/Mar/2024:12:12:12 -0300] "GET /cormun/static/Resources/Llave.png HTTP/1.1" 200 1395
190.171.142.42 - - [25/Mar/2024:12:12:12 -0300] "GET /cormun/static/RunJS/RunJS.js HTTP/1.1" 200 288
190.171.142.42 - - [25/Mar/2024:12:12:12 -0300] "GET /cormun/static/Shared/ext/locale/ext-lang-en.js HTTP/1.1" 200 10940
190.171.142.42 - - [25/Mar/2024:12:12:12 -0300] "GET /cormun/static/hhome.js?20201215495544 HTTP/1.1" 200 777
190.171.142.42 - - [25/Mar/2024:12:12:12 -0300] "GET /cormun/static/hwchdr01.js?2022112219251119 HTTP/1.1" 200 996
190.171.142.42 - - [25/Mar/2024:12:12:12 -0300] "GET /cormun/static/hpexe_recentlink.js?20201214471090 HTTP/1.1" 200 2144
190.171.142.42 - - [25/Mar/2024:12:12:12 -0300] "GET /cormun/static/hpexe_scripts.js?20201214471411 HTTP/1.1" 200 1544
190.171.142.42 - - [25/Mar/2024:12:12:12 -0300] "GET /cormun/static/hpexe_messagecontroller.js?202211298371222 HTTP/1.1" 200 870
190.171.142.42 - - [25/Mar/2024:12:12:12 -0300] "GET /cormun/static/gxui/gxui-all.js HTTP/1.1" 200 107772
190.171.142.42 - - [25/Mar/2024:12:12:12 -0300] "GET /cormun/static/Resources/PXToolsDataTitle.png HTTP/1.1" 200 1173
190.171.142.42 - - [25/Mar/2024:12:12:12 -0300] "GET /cormun/static/hpexe_messagepopupcomponent.js?2020121447232 HTTP/1.1" 200 605
190.171.142.42 - - [25/Mar/2024:12:12:12 -0300] "GET /cormun/static/hpexe_messagegenexuscomponent.js?20221129836373 HTTP/1.1" 200 587
190.171.142.42 - - [25/Mar/2024:12:12:12 -0300] "GET /cormun/static/cmcontrolpreferences.js?20199141926336 HTTP/1.1" 200 1375
190.171.142.42 - - [25/Mar/2024:12:12:12 -0300] "GET /cormun/static/SmoothNavMenu/resources/ddsmoothmenu.js HTTP/1.1" 200 12712
190.171.142.42 - - [25/Mar/2024:12:12:12 -0300] "GET /cormun/static/SmoothNavMenu/resources/SmoothNavMenuRender.js HTTP/1.1" 200 5951
190.171.142.42 - - [25/Mar/2024:12:12:12 -0300] "GET /cormun/static/Shared/jquery/jquery-1.4.2.min.js HTTP/1.1" 200 72174
190.171.142.42 - - [25/Mar/2024:12:12:12 -0300] "GET /cormun/static/scaMessage/js/jquery.pnotify.min.js HTTP/1.1" 200 13038
190.171.142.42 - - [25/Mar/2024:12:12:12 -0300] "GET /cormun/static/scaMessage/scaMessageRender.js HTTP/1.1" 200 11977
190.171.142.42 - - [25/Mar/2024:12:12:12 -0300] "GET /cormun/static/hmpwkw03.js?20221129844354 HTTP/1.1" 200 3971
190.171.142.42 - - [25/Mar/2024:12:12:12 -0300] "GET /cormun/static/Shared/ext/ext-all.js HTTP/1.1" 200 1289687
190.171.142.42 - - [25/Mar/2024:12:12:12 -0300] "GET /cormun/static/Shared/jqueryui/jquery-ui.min.js HTTP/1.1" 200 240427
190.171.142.42 - - [25/Mar/2024:12:12:12 -0300] "GET /cormun/static/Shared/jquery/jquery-1.10.2.min.js HTTP/1.1" 200 273199
190.171.142.42 - - [25/Mar/2024:12:12:13 -0300] "GET /cormun/static/SmoothNavMenu/resources/images/down.gif HTTP/1.1" 200 854
190.171.142.42 - - [25/Mar/2024:12:12:13 -0300] "GET /cormun/static/SmoothNavMenu/resources/images/right.gif HTTP/1.1" 200 860
190.171.143.82 - - [25/Mar/2024:12:12:13 -0300] "POST /cormun/servlet/trcontratosolicitud?007558a155a0937a46e7060dd57872b6,,gx-no-cache=1711379348318 HTTP/1.1" 200 5309
191.126.181.206 - - [25/Mar/2024:12:12:14 -0300] "GET /cormun/servlet/solicitudot?4ac6069a2d4c97459885446b186f6114511d34a4933b330db5ec2f7ccc3a877af11ebc90ff17531260f92e9cf4be96c1,gx-no-cache=1711379350554 HTTP/1.1" 200 30
190.171.142.42 - - [25/Mar/2024:12:12:14 -0300] "GET /cormun/servlet/trlicencias? HTTP/1.1" 200 10501
190.171.142.42 - - [25/Mar/2024:12:12:15 -0300] "GET /cormun/static/gxui/gxui-all.css?120300 HTTP/1.1" 200 2179
190.171.142.42 - - [25/Mar/2024:12:12:15 -0300] "GET /cormun/static/calendar-system.css?85620 HTTP/1.1" 200 5572
190.171.142.42 - - [25/Mar/2024:12:12:15 -0300] "GET /cormun/static/gxcfg.js?202211298463625 HTTP/1.1" 200 953
190.171.142.42 - - [25/Mar/2024:12:12:15 -0300] "GET /cormun/static/calendar.js?85251 HTTP/1.1" 200 26246
190.171.142.42 - - [25/Mar/2024:12:12:15 -0300] "GET /cormun/static/calendar-setup.js?85251 HTTP/1.1" 200 2588
190.171.142.42 - - [25/Mar/2024:12:12:15 -0300] "GET /cormun/static/calendar-es.js?85251 HTTP/1.1" 200 1901
190.171.142.42 - - [25/Mar/2024:12:12:15 -0300] "GET /cormun/static/Resources/PXTools/calendar.png HTTP/1.1" 200 1306
190.171.142.42 - - [25/Mar/2024:12:12:15 -0300] "GET /cormun/static/gxdec.js?85251 HTTP/1.1" 200 19579
190.171.142.42 - - [25/Mar/2024:12:12:15 -0300] "GET /cormun/static/trlicencias.js?202211298463889 HTTP/1.1" 200 41883
190.171.142.42 - - [25/Mar/2024:12:12:15 -0300] "GET /cormun/static/Resources/PXToolsDataSearch.png HTTP/1.1" 200 435
190.171.142.42 - - [25/Mar/2024:12:12:15 -0300] "GET /cormun/static/Resources/PXToolsGridFirstDisabled.gif HTTP/1.1" 200 100
190.171.142.42 - - [25/Mar/2024:12:12:15 -0300] "GET /cormun/static/Resources/PXToolsGridPreviousDisabled.gif HTTP/1.1" 200 90
190.171.142.42 - - [25/Mar/2024:12:12:15 -0300] "GET /cormun/static/Resources/PXToolsGridNextDisabled.gif HTTP/1.1" 200 90
190.171.142.42 - - [25/Mar/2024:12:12:15 -0300] "GET /cormun/static/Resources/PXToolsGridLastDisabled.gif HTTP/1.1" 200 98
190.171.142.42 - - [25/Mar/2024:12:12:15 -0300] "GET /cormun/static/Shared/ext/resources/css/ext-all.css?215870 HTTP/1.1" 200 416045
190.171.142.42 - - [25/Mar/2024:12:12:15 -0300] "GET /cormun/static/Resources/PXToolsGridPage.gif HTTP/1.1" 200 725
190.171.142.42 - - [25/Mar/2024:12:12:15 -0300] "GET /cormun/static/Resources/PXToolsActionExcel.png HTTP/1.1" 200 727
190.171.142.42 - - [25/Mar/2024:12:12:15 -0300] "GET /cormun/static/Resources/PXToolsAddAllAction.png HTTP/1.1" 200 495
190.171.142.42 - - [25/Mar/2024:12:12:15 -0300] "GET /cormun/static/Resources/asc.gif HTTP/1.1" 200 67
190.171.142.42 - - [25/Mar/2024:12:12:15 -0300] "GET /cormun/static/Resources/desc.gif HTTP/1.1" 200 65
190.171.142.42 - - [25/Mar/2024:12:12:15 -0300] "GET /cormun//static/Resources/PXTools/ActionInsert.png HTTP/1.1" 200 1482
190.171.142.42 - - [25/Mar/2024:12:12:15 -0300] "GET /cormun//static/Resources/PXToolsActionPrint.png HTTP/1.1" 200 404
190.171.142.42 - - [25/Mar/2024:12:12:15 -0300] "GET /cormun//static/Resources/PXToolsGridDisplay.png HTTP/1.1" 200 525
190.171.142.42 - - [25/Mar/2024:12:12:15 -0300] "GET /cormun//static/Resources/PXToolsActionDisabled.gif HTTP/1.1" 200 53
190.171.142.42 - - [25/Mar/2024:12:12:15 -0300] "GET /cormun//static/Resources/PXToolsHeaderFavorites.png HTTP/1.1" 200 1414
190.171.142.42 - - [25/Mar/2024:12:12:15 -0300] "GET /cormun//static/Resources/PXToolsHeaderHelp.png HTTP/1.1" 200 1333
190.171.142.42 - - [25/Mar/2024:12:12:15 -0300] "GET /cormun/static/Shared/ext/resources/themes/images/default/panel/bg-headersPanel.png HTTP/1.1" 200 255
190.171.142.42 - - [25/Mar/2024:12:12:15 -0300] "GET /cormun/static/Shared/ext/resources/themes/images/default/tools/tool-sprites.gif HTTP/1.1" 200 5434
190.171.143.82 - - [25/Mar/2024:12:12:18 -0300] "POST /cormun/servlet/trcontratosolicitud?007558a155a0937a46e7060dd57872b6,,gx-no-cache=1711379353403 HTTP/1.1" 200 12452
191.126.181.206 - - [25/Mar/2024:12:12:21 -0300] "GET /cormun/servlet/solicitudot?4ac6069a2d4c97459885446b186f61141579fc1b7a86997b8d30cb7b67a6bd91b697964c29913f543466b43d20f10fd4,gx-no-cache=1711379356962 HTTP/1.1" 200 30
190.171.143.82 - - [25/Mar/2024:12:12:31 -0300] "GET /cormun/servlet/trcontratosolicitud? HTTP/1.1" 200 14739
190.171.143.82 - - [25/Mar/2024:12:12:37 -0300] "GET /cormun/servlet/trcontratoobservaciondir? HTTP/1.1" 200 8082
