181.212.47.137 - - [25/Mar/2024:16:37:43 -0300] "POST /cormun/servlet/solicitudotlog?55b2c0d76ae02f8df6a389fe21348db0,INS,2024,21085,0,REC,,gx-no-cache=1711395263127 HTTP/1.1" 200 93
181.212.47.137 - - [25/Mar/2024:16:37:43 -0300] "GET /cormun/servlet/hpexe_return? HTTP/1.1" 200 1031
181.212.47.137 - - [25/Mar/2024:16:37:43 -0300] "GET /cormun/servlet/vesolicitudgral?2024,21085,,General HTTP/1.1" 200 8463
181.212.47.137 - - [25/Mar/2024:16:37:43 -0300] "GET /cormun/pexe_scrolldiv.js HTTP/1.1" 404 1009
181.212.47.137 - - [25/Mar/2024:16:37:46 -0300] "GET /cormun/servlet/trsolicitudgral? HTTP/1.1" 200 24722
181.212.47.137 - - [25/Mar/2024:16:37:50 -0300] "GET /cormun/servlet/vesolicitudgral?2024,21084,, HTTP/1.1" 200 8443
181.212.47.137 - - [25/Mar/2024:16:37:50 -0300] "GET /cormun/pexe_scrolldiv.js HTTP/1.1" 404 1009
181.212.47.137 - - [25/Mar/2024:16:37:52 -0300] "GET /cormun/servlet/vesolicitudgral?2024,21084,,SolicitudOTAdjuntos HTTP/1.1" 200 11175
181.212.47.137 - - [25/Mar/2024:16:37:52 -0300] "GET /cormun/pexe_scrolldiv.js HTTP/1.1" 404 1009
181.212.47.137 - - [25/Mar/2024:16:37:54 -0300] "POST /cormun/servlet/acontrolpreferencessavestate?None,RRHH+DANIELA,true HTTP/1.1" 200 35
181.212.47.137 - - [25/Mar/2024:16:37:54 -0300] "GET /cormun/servlet/vesolicitudgral?2024,21084,,General HTTP/1.1" 200 8447
181.212.47.137 - - [25/Mar/2024:16:37:54 -0300] "GET /cormun/pexe_scrolldiv.js HTTP/1.1" 404 1009
190.171.143.106 - - [25/Mar/2024:16:37:55 -0300] "GET /cormun/servlet/trsolicitudot? HTTP/1.1" 200 8885
181.212.47.137 - - [25/Mar/2024:16:37:55 -0300] "POST /cormun/servlet/vesolicitudgral?55b2c0d76ae02f8df6a389fe21348db0,2024,21084,,General,gx-no-cache=1711395275113 HTTP/1.1" 200 12343
181.212.47.137 - - [25/Mar/2024:16:37:55 -0300] "POST /cormun/servlet/vesolicitudgral?55b2c0d76ae02f8df6a389fe21348db0,2024,21084,,General,gx-no-cache=1711395275288 HTTP/1.1" 200 12275
181.212.47.137 - - [25/Mar/2024:16:37:58 -0300] "GET /cormun/servlet/trsolicitudgral? HTTP/1.1" 200 24392
190.171.143.106 - - [25/Mar/2024:16:38:01 -0300] "GET /cormun/servlet/solicitudot?INS,0,0,false, HTTP/1.1" 200 16239
190.171.141.138 - - [25/Mar/2024:16:38:27 -0300] "GET /cormun/servlet/trcontratoobservaciondir? HTTP/1.1" 200 13962
190.171.141.138 - - [25/Mar/2024:16:38:28 -0300] "GET /cormun/static/gxcfg.js?20221129848537 HTTP/1.1" 200 953
190.171.141.138 - - [25/Mar/2024:16:38:28 -0300] "GET /cormun/static/trcontratoobservaciondir.js?20221129848696 HTTP/1.1" 200 27185
190.171.141.138 - - [25/Mar/2024:16:38:28 -0300] "GET /cormun//static/Resources/PXToolsGridUpdate.png HTTP/1.1" 200 470
190.171.141.138 - - [25/Mar/2024:16:38:28 -0300] "GET /cormun//static/Resources/PXToolsGridDelete.png HTTP/1.1" 200 538
181.212.47.137 - - [25/Mar/2024:16:38:29 -0300] "GET /cormun/servlet/trsolicitudgral? HTTP/1.1" 200 24385
190.171.141.138 - - [25/Mar/2024:16:38:44 -0300] "POST /cormun/servlet/trcontratoobservaciondir?40f14792ba740527af6e6a77b1fea5af,,gx-no-cache=1711395340760 HTTP/1.1" 200 11319
190.171.141.138 - - [25/Mar/2024:16:39:01 -0300] "GET /cormun/servlet/trcontratosolicitud? HTTP/1.1" 200 15020
209.141.55.133 - - [25/Mar/2024:16:39:11 -0300] "GET /manager/html HTTP/1.1" 401 2474
209.141.55.133 - - [25/Mar/2024:16:39:11 -0300] "GET /manager/html HTTP/1.1" 401 2474
190.171.143.106 - - [25/Mar/2024:16:40:05 -0300] "POST /cormun/servlet/solicitudot?gx-no-cache=1711395885752 HTTP/1.1" 200 4031
190.171.143.106 - - [25/Mar/2024:16:40:05 -0300] "POST /cormun/servlet/solicitudot?a2568088d0d697dcf4d5c9ebeb691de9,INS,0,0,false,,gx-no-cache=1711395885864 HTTP/1.1" 200 12873
190.171.143.106 - - [25/Mar/2024:16:40:09 -0300] "GET /cormun/servlet/solicitudot?21af45efd6603b6534190942305a5844a55716cda113501c00cbfa60fff795fe889de31c307894c0bf39b685d1f38deb,gx-no-cache=1711395890206 HTTP/1.1" 200 111
190.171.143.98 - - [25/Mar/2024:16:40:12 -0300] "GET /cormun/servlet/hlogin HTTP/1.1" 200 1724
190.171.143.98 - - [25/Mar/2024:16:40:12 -0300] "GET /cormun/servlet/hlogin HTTP/1.1" 200 1734
190.171.143.98 - - [25/Mar/2024:16:40:18 -0300] "POST /cormun/servlet/hlogin?9f2b8500d3b9d9d7770cde7d6e9fc220,gx-no-cache=1711395438441 HTTP/1.1" 200 448
190.171.143.98 - - [25/Mar/2024:16:40:25 -0300] "POST /cormun/servlet/hlogin?9f2b8500d3b9d9d7770cde7d6e9fc220,gx-no-cache=1711395445096 HTTP/1.1" 200 90
190.171.143.98 - - [25/Mar/2024:16:40:25 -0300] "GET /cormun/servlet/hpexe_link HTTP/1.1" 200 954
190.171.143.98 - - [25/Mar/2024:16:40:26 -0300] "GET /cormun/servlet/hhome HTTP/1.1" 200 4309
190.171.143.106 - - [25/Mar/2024:16:40:34 -0300] "POST /cormun/servlet/solicitudot?gx-no-cache=1711395914243 HTTP/1.1" 200 4040
190.171.143.106 - - [25/Mar/2024:16:40:34 -0300] "POST /cormun/servlet/solicitudot?a2568088d0d697dcf4d5c9ebeb691de9,INS,0,0,false,,gx-no-cache=1711395914695 HTTP/1.1" 200 12927
190.171.143.106 - - [25/Mar/2024:16:40:37 -0300] "GET /cormun/servlet/solicitudot?21af45efd6603b6534190942305a58443ba0889d597412a924f9ba1f04ed910e889de31c307894c0bf39b685d1f38deb,gx-no-cache=1711395917629 HTTP/1.1" 200 30
190.171.143.98 - - [25/Mar/2024:16:40:38 -0300] "GET /cormun/servlet/trpermisosgoce? HTTP/1.1" 200 8886
190.171.143.98 - - [25/Mar/2024:16:40:41 -0300] "GET /cormun/servlet/permisogoce?INS,0,,, HTTP/1.1" 200 7200
190.171.143.98 - - [25/Mar/2024:16:40:53 -0300] "GET /cormun/servlet/permisogoce?964e0b0df3fe75120105135115e9e994f9228fd592cde35c4201b45589c17c22192869bd62e3c65ed0b1eb95249f03a8fff48b6cd8674fd8ce11bbf548eaf3a3,gx-no-cache=1711395473449 HTTP/1.1" 200 74
190.171.143.98 - - [25/Mar/2024:16:40:54 -0300] "GET /cormun/static/menuarrow.gif HTTP/1.1" 404 1015
190.171.143.98 - - [25/Mar/2024:16:41:06 -0300] "GET /cormun/servlet/permisogoce?964e0b0df3fe75120105135115e9e9941629c0621eb5fb8b6ba6a1ce33168270c4d4f13bf54ef7c4fff72bf6858da6145aca5ac1b41c93b8f6fa654243835c71,gx-no-cache=1711395485856 HTTP/1.1" 200 46
190.171.143.98 - - [25/Mar/2024:16:41:30 -0300] "POST /cormun/servlet/permisogoce?9f2b8500d3b9d9d7770cde7d6e9fc220,INS,0,,,,gx-no-cache=1711395509754 HTTP/1.1" 200 93
190.171.143.98 - - [25/Mar/2024:16:41:30 -0300] "GET /cormun/servlet/hpexe_return? HTTP/1.1" 200 1012
190.171.143.98 - - [25/Mar/2024:16:41:31 -0300] "GET /cormun/servlet/trpermisosgoce HTTP/1.1" 200 9187
190.171.143.98 - - [25/Mar/2024:16:41:37 -0300] "GET /cormun/servlet/trpermisosadjuntos?16856630,20240325163721,P, HTTP/1.1" 200 6622
190.171.143.98 - - [25/Mar/2024:16:41:39 -0300] "GET /cormun/servlet/permisosadjuntos?INS,16856630,P,20240325163721,, HTTP/1.1" 200 5943
190.171.143.98 - - [25/Mar/2024:16:41:40 -0300] "GET /cormun/static/about:blank HTTP/1.1" 404 1011
190.171.143.106 - - [25/Mar/2024:16:41:40 -0300] "GET /cormun/servlet/solicitudot?21af45efd6603b6534190942305a5844f8c16292716102c3f1411b2f0fead170,gx-no-cache=1711395980679 HTTP/1.1" 200 94
190.171.143.106 - - [25/Mar/2024:16:41:40 -0300] "GET /cormun/servlet/solicitudot?21af45efd6603b6534190942305a58449ea8defcb0c7b580ce8c31fe914a12ae,gx-no-cache=1711395980715 HTTP/1.1" 200 29
190.171.143.106 - - [25/Mar/2024:16:41:48 -0300] "GET /cormun/servlet/solicitudot?21af45efd6603b6534190942305a584412c1c27d79162cfd1cdaef31c73c19a0,gx-no-cache=1711395988671 HTTP/1.1" 200 53
190.171.143.98 - - [25/Mar/2024:16:41:49 -0300] "POST /cormun/servlet/permisosadjuntos?9f2b8500d3b9d9d7770cde7d6e9fc220,INS,16856630,P,20240325163721,, HTTP/1.1" 200 116
190.171.143.98 - - [25/Mar/2024:16:41:49 -0300] "GET /cormun/servlet/hpexe_return? HTTP/1.1" 200 1041
190.171.143.98 - - [25/Mar/2024:16:41:49 -0300] "GET /cormun/servlet/trpermisosadjuntos?16856630,20240325163721,P, HTTP/1.1" 200 7119
190.171.143.98 - - [25/Mar/2024:16:41:52 -0300] "POST /cormun/servlet/trpermisosadjuntos?9f2b8500d3b9d9d7770cde7d6e9fc220,16856630,20240325163721,P,,gx-no-cache=1711395532050 HTTP/1.1" 200 90
190.171.143.98 - - [25/Mar/2024:16:41:52 -0300] "GET /cormun/servlet/hpexe_link HTTP/1.1" 200 986
190.171.143.98 - - [25/Mar/2024:16:41:52 -0300] "GET /cormun/servlet/trpermisosgoce HTTP/1.1" 200 9183
190.171.143.98 - - [25/Mar/2024:16:41:55 -0300] "POST /cormun/servlet/trpermisosgoce?9f2b8500d3b9d9d7770cde7d6e9fc220,gx-no-cache=1711395535188 HTTP/1.1" 200 6373
190.171.143.98 - - [25/Mar/2024:16:41:55 -0300] "GET /cormun/static/Shared/jqueryui/images/ui-icons_82798d_256x240.png HTTP/1.1" 404 1089
190.171.143.98 - - [25/Mar/2024:16:41:55 -0300] "GET /cormun/static/Shared/jqueryui/images/ui-bg_highlight-soft_100_c6c2c8_1x100.png HTTP/1.1" 404 1117
190.171.143.98 - - [25/Mar/2024:16:41:55 -0300] "GET /cormun/static/Shared/jqueryui/images/ui-bg_flat_55_fafafa_40x100.png HTTP/1.1" 404 1097
190.171.143.98 - - [25/Mar/2024:16:41:55 -0300] "GET /cormun/static/Shared/jqueryui/images/ui-icons_8d78a5_256x240.png HTTP/1.1" 404 1089
190.171.143.98 - - [25/Mar/2024:16:41:56 -0300] "GET /cormun/servlet/apermisogoceprn?16856630,P,20240325163721,PU HTTP/1.1" 200 1684
190.171.143.106 - - [25/Mar/2024:16:42:04 -0300] "POST /cormun/servlet/solicitudot?gx-no-cache=1711396004531 HTTP/1.1" 200 297
190.171.143.106 - - [25/Mar/2024:16:42:04 -0300] "GET /cormun/servlet/solicitudot?21af45efd6603b6534190942305a5844edf4c87fd372b63242fe115c5c52548d949b0a1dc84e5de9dfa7eafb79be3ce046375ddf0689d795efd44bc7075250facf24de873c6466a5daff9938d3dd379f08501daf70cc39849f25ff5e5e8d6138f52acd4c76665bf2bad5303a6425e92e34aa583745693c134b1405179e74ff7bb50142e3096158b32708e11fc2614ee34895084032dd2b2b60352fc2ea3d733c6df3797430ad106f5c6ed107b7712df4f8571c920802e6518f815de087338948421b148a78f71b5af527dcc1d8b909fe5269306d183db1c0aefc53d0d2728509ef061183e30782720c823c14ce9017c57ff50938245ae55cb288ce65139f4cfb0c0c5d35314d008213172b2c6cfe8134012b5d2097e41fa5b0b8c6e4be53c6fcdfffde2e28e570108e3dc91cbb373664fa3fd151f96f4c5bfd4bc59e443dd27d54230c44903b630dc123fdfcb2ade06e82ecb3aadcf9f532628fb868b88350530b80e4177c2fc98ea6428e0f9470a1ce32d65b51db1ecbf8b28bd1c95e59800d33eac0dceeff88ed809e6bbb234bb609,gx-no-cache=1711396004567 HTTP/1.1" 200 30
190.171.143.106 - - [25/Mar/2024:16:42:06 -0300] "POST /cormun/servlet/solicitudot?gx-no-cache=1711396007073 HTTP/1.1" 200 30
190.171.143.106 - - [25/Mar/2024:16:42:12 -0300] "POST /cormun/servlet/solicitudot?gx-no-cache=1711396013289 HTTP/1.1" 200 256
190.171.143.106 - - [25/Mar/2024:16:42:15 -0300] "GET /cormun/servlet/solicitudot?21af45efd6603b6534190942305a5844edf4c87fd372b63242fe115c5c52548ddf1b4760bd2ed778b94f4b13de859e8b46375ddf0689d795efd44bc7075250facf24de873c6466a5daff9938d3dd379f08501daf70cc39849f25ff5e5e8d6138f52acd4c76665bf2bad5303a6425e92e34aa583745693c134b1405179e74ff7bb50142e3096158b32708e11fc2614ee34895084032dd2b2b60352fc2ea3d733c6df3797430ad106f5c6ed107b7712df4f8571c920802e6518f815de087338948421b148a78f71b5af527dcc1d8b909fe5269306d183db1c0aefc53d0d2728509ef061183e30782720c823c14ce9017c529a3c3d7707e17c762ab55d18a409e160c0c5d35314d008213172b2c6cfe8134d2140c184b6d9fb548f0084526615276ee15b88457f47a36862d492502984338947815da05e7fb768582cf8f8dbdb62d0ca185cce3709097cfe8b9fae5cdfcf4ca92ebb632ab163098929dc1dbedb75fa9a8bfd3d3e9aaf9583ac5550e65f8fa57d5301827591859a5573abee2db026b,gx-no-cache=1711396016024 HTTP/1.1" 200 30
190.171.143.106 - - [25/Mar/2024:16:42:15 -0300] "POST /cormun/servlet/solicitudot?gx-no-cache=1711396016049 HTTP/1.1" 200 30
190.171.143.106 - - [25/Mar/2024:16:42:15 -0300] "POST /cormun/servlet/solicitudot?gx-no-cache=1711396016093 HTTP/1.1" 200 1474
190.171.143.106 - - [25/Mar/2024:16:42:15 -0300] "POST /cormun/servlet/solicitudot?gx-no-cache=1711396016127 HTTP/1.1" 200 38
190.171.143.98 - - [25/Mar/2024:16:42:16 -0300] "GET /cormun/servlet/permisogoce?INS,0,,, HTTP/1.1" 200 7201
190.171.143.98 - - [25/Mar/2024:16:42:29 -0300] "GET /cormun/servlet/permisogoce?964e0b0df3fe75120105135115e9e994a320134395ccc021858dab7fe0e77483256c403900f832e7803385e1509c63b7c62af810750f3419ed52e060148d2bb7,gx-no-cache=1711395569161 HTTP/1.1" 200 81
190.171.143.98 - - [25/Mar/2024:16:42:40 -0300] "GET /cormun/servlet/permisogoce?964e0b0df3fe75120105135115e9e9941a2a248adf327b287cf877e0c1cee9b04bc75978533a5d98c75d01334f70b652fb5b821fd647c40047c41e0b9787987f,gx-no-cache=1711395579688 HTTP/1.1" 200 47
190.171.143.98 - - [25/Mar/2024:16:42:46 -0300] "POST /cormun/servlet/permisogoce?9f2b8500d3b9d9d7770cde7d6e9fc220,INS,0,,,,gx-no-cache=1711395585500 HTTP/1.1" 200 93
190.171.143.98 - - [25/Mar/2024:16:42:46 -0300] "GET /cormun/servlet/hpexe_return? HTTP/1.1" 200 1034
190.171.143.98 - - [25/Mar/2024:16:42:46 -0300] "GET /cormun/servlet/trpermisosgoce?gx-no-cache=1711395535188 HTTP/1.1" 200 9396
190.171.143.106 - - [25/Mar/2024:16:42:49 -0300] "GET /cormun/servlet/solicitudot?21af45efd6603b6534190942305a5844edf4c87fd372b63242fe115c5c52548ddf1b4760bd2ed778b94f4b13de859e8b46375ddf0689d795efd44bc7075250facf24de873c6466a5daff9938d3dd379f08501daf70cc39849f25ff5e5e8d6138f52acd4c76665bf2bad5303a6425e92e34aa583745693c134b1405179e74ff7bb50142e3096158b32708e11fc2614ee34895084032dd2b2b60352fc2ea3d733c6df3797430ad106f5c6ed107b7712df4f8571c920802e6518f815de087338948421b148a78f71b5af527dcc1d8b909fe5269306d183db1c0aefc53d0d2728509ef061183e30782720c823c14ce9017c5c870e9f1eed74999ad4f67ebcd31921a0c0c5d35314d008213172b2c6cfe8134d2140c184b6d9fb548f0084526615276ee15b88457f47a36862d492502984338947815da05e7fb768582cf8f8dbdb62d0ca185cce3709097cfe8b9fae5cdfcf4ca92ebb632ab163098929dc1dbedb75fa9a8bfd3d3e9aaf9583ac5550e65f8fa57d5301827591859a5573abee2db026b,gx-no-cache=1711396049914 HTTP/1.1" 200 30
190.171.143.98 - - [25/Mar/2024:16:42:50 -0300] "GET /cormun/servlet/trpermisosadjuntos?8277216,20240325163856,P, HTTP/1.1" 200 6646
190.171.143.106 - - [25/Mar/2024:16:42:50 -0300] "POST /cormun/servlet/solicitudot?gx-no-cache=1711396051099 HTTP/1.1" 200 30
190.171.143.106 - - [25/Mar/2024:16:42:50 -0300] "POST /cormun/servlet/solicitudot?gx-no-cache=1711396051137 HTTP/1.1" 200 1474
190.171.143.106 - - [25/Mar/2024:16:42:50 -0300] "POST /cormun/servlet/solicitudot?gx-no-cache=1711396051163 HTTP/1.1" 200 38
190.171.143.98 - - [25/Mar/2024:16:42:52 -0300] "GET /cormun/servlet/permisosadjuntos?INS,8277216,P,20240325163856,, HTTP/1.1" 200 5951
190.171.143.98 - - [25/Mar/2024:16:42:52 -0300] "GET /cormun/static/about:blank HTTP/1.1" 404 1011
190.171.152.234 - - [25/Mar/2024:16:42:58 -0300] "POST /cormun/servlet/trsolicitudot?d6dfc000c0e88888dafef6758d90dc5e,,gx-no-cache=1711395827106 HTTP/1.1" 200 107
190.171.152.234 - - [25/Mar/2024:16:42:58 -0300] "GET /cormun/servlet/trsolicitudadjuntos?2024,20984, HTTP/1.1" 200 6385
190.171.143.98 - - [25/Mar/2024:16:43:00 -0300] "POST /cormun/servlet/permisosadjuntos?9f2b8500d3b9d9d7770cde7d6e9fc220,INS,8277216,P,20240325163856,, HTTP/1.1" 200 116
190.171.143.98 - - [25/Mar/2024:16:43:00 -0300] "GET /cormun/servlet/hpexe_return? HTTP/1.1" 200 1040
190.171.143.98 - - [25/Mar/2024:16:43:00 -0300] "GET /cormun/servlet/trpermisosadjuntos?8277216,20240325163856,P, HTTP/1.1" 200 7114
190.171.152.234 - - [25/Mar/2024:16:43:02 -0300] "GET /cormun/servlet/solicitudotadjuntos?INS,2024,20984,,1, HTTP/1.1" 200 6330
190.171.152.234 - - [25/Mar/2024:16:43:02 -0300] "GET /cormun/static/about:blank HTTP/1.1" 404 1011
190.171.143.98 - - [25/Mar/2024:16:43:02 -0300] "POST /cormun/servlet/trpermisosadjuntos?9f2b8500d3b9d9d7770cde7d6e9fc220,8277216,20240325163856,P,,gx-no-cache=1711395602306 HTTP/1.1" 200 90
190.171.143.98 - - [25/Mar/2024:16:43:02 -0300] "GET /cormun/servlet/hpexe_link HTTP/1.1" 200 1007
190.171.143.98 - - [25/Mar/2024:16:43:02 -0300] "GET /cormun/servlet/trpermisosgoce?gx-no-cache=1711395535188 HTTP/1.1" 200 9392
190.171.152.234 - - [25/Mar/2024:16:43:02 -0300] "GET /cormun/servlet/solicitudotadjuntos?5737001af96a2a1eae8bc82de06e5fbe9c1fdf1c58dbdd41d490f60074097a8e32cbaa9db2a46635c102676ceb158bfd,gx-no-cache=1711395831709 HTTP/1.1" 200 30
190.171.152.234 - - [25/Mar/2024:16:43:03 -0300] "POST /cormun/servlet/solicitudotadjuntos?d6dfc000c0e88888dafef6758d90dc5e,INS,2024,20984,,1,,gx-no-cache=1711395831728 HTTP/1.1" 200 4163
190.171.152.234 - - [25/Mar/2024:16:43:04 -0300] "POST /cormun/servlet/solicitudotadjuntos?gx-no-cache=1711395833619 HTTP/1.1" 200 26
190.171.143.98 - - [25/Mar/2024:16:43:06 -0300] "POST /cormun/servlet/trpermisosgoce?9f2b8500d3b9d9d7770cde7d6e9fc220,gx-no-cache=1711395535188,gx-no-cache=1711395606116 HTTP/1.1" 200 6585
190.171.143.98 - - [25/Mar/2024:16:43:07 -0300] "GET /cormun/servlet/apermisogoceprn?8277216,P,20240325163856,PU HTTP/1.1" 200 1659
190.171.152.234 - - [25/Mar/2024:16:43:19 -0300] "GET /cormun/servlet/solicitudotadjuntos?5737001af96a2a1eae8bc82de06e5fbed3d206999a6fb8397098d912c9e18566,gx-no-cache=1711395847930 HTTP/1.1" 200 30
190.171.152.234 - - [25/Mar/2024:16:43:19 -0300] "GET /cormun/servlet/solicitudotadjuntos?5737001af96a2a1eae8bc82de06e5fbed3d206999a6fb8397098d912c9e18566,gx-no-cache=1711395847947 HTTP/1.1" 200 30
190.171.152.234 - - [25/Mar/2024:16:43:19 -0300] "POST /cormun/servlet/solicitudotadjuntos?d6dfc000c0e88888dafef6758d90dc5e,INS,2024,20984,,1, HTTP/1.1" 200 116
190.171.152.234 - - [25/Mar/2024:16:43:19 -0300] "GET /cormun/servlet/hpexe_return? HTTP/1.1" 200 1026
190.171.152.234 - - [25/Mar/2024:16:43:19 -0300] "GET /cormun/servlet/trsolicitudadjuntos?2024,20984, HTTP/1.1" 200 9297
190.171.152.234 - - [25/Mar/2024:16:43:21 -0300] "GET /cormun/servlet/solicitudotadjuntos?INS,2024,20984,,1, HTTP/1.1" 200 6331
190.171.152.234 - - [25/Mar/2024:16:43:22 -0300] "GET /cormun/static/about:blank HTTP/1.1" 404 1011
190.171.152.234 - - [25/Mar/2024:16:43:22 -0300] "GET /cormun/servlet/solicitudotadjuntos?5737001af96a2a1eae8bc82de06e5fbe9c1fdf1c58dbdd41d490f60074097a8e32cbaa9db2a46635c102676ceb158bfd,gx-no-cache=1711395851395 HTTP/1.1" 200 30
190.171.152.234 - - [25/Mar/2024:16:43:22 -0300] "POST /cormun/servlet/solicitudotadjuntos?d6dfc000c0e88888dafef6758d90dc5e,INS,2024,20984,,1,,gx-no-cache=1711395851417 HTTP/1.1" 200 4162
190.171.143.106 - - [25/Mar/2024:16:43:25 -0300] "GET /cormun/servlet/solicitudot?21af45efd6603b6534190942305a58447cdbc20389c77f1e835add393af1e6dab69029d71db487aca6ae872071f5de73f8b7006a1ddd08809e13d5539d2c51a83da37107beac0fbd91e44048d3074969c46882dbd55419e190f6eac15a7116eb3e5a691b8d7e9431928c9c8ef4fcd181,gx-no-cache=1711396085986 HTTP/1.1" 200 110
190.171.143.106 - - [25/Mar/2024:16:43:25 -0300] "POST /cormun/servlet/solicitudot?gx-no-cache=1711396086009 HTTP/1.1" 200 97
190.171.143.106 - - [25/Mar/2024:16:43:25 -0300] "GET /cormun/servlet/solicitudot?21af45efd6603b6534190942305a584447d40ebb73f6f67d2367a2b29157eb0baec66f2242a4265fc84f9c28e702f9183ef679933b39777079e9d2df94d412ff3bfc7ae6400ddba16f1072bde140bab8fd8f93b30e01f00852174d387d40e6656a00c49880a8f5fa57c2527f2248140a,gx-no-cache=1711396086031 HTTP/1.1" 200 29
190.171.152.234 - - [25/Mar/2024:16:43:26 -0300] "POST /cormun/servlet/solicitudotadjuntos?gx-no-cache=1711395855571 HTTP/1.1" 200 26
190.171.143.106 - - [25/Mar/2024:16:43:33 -0300] "GET /cormun/servlet/solicitudot?21af45efd6603b6534190942305a58447cdbc20389c77f1e835add393af1e6dab69029d71db487aca6ae872071f5de73f8b7006a1ddd08809e13d5539d2c51a83da37107beac0fbd91e44048d3074969c46882dbd55419e190f6eac15a7116eb3e5a691b8d7e9431928c9c8ef4fcd181,gx-no-cache=1711396094181 HTTP/1.1" 200 110
190.171.143.106 - - [25/Mar/2024:16:43:35 -0300] "GET /cormun/servlet/solicitudot?21af45efd6603b6534190942305a5844087bae22639fc7f50a4b9149374ef252ae65629fe6348b1f23769dae16a87b1f,gx-no-cache=1711396095929 HTTP/1.1" 200 30
190.171.152.234 - - [25/Mar/2024:16:43:50 -0300] "GET /cormun/servlet/solicitudotadjuntos?5737001af96a2a1eae8bc82de06e5fbed3d206999a6fb8397098d912c9e18566,gx-no-cache=1711395879274 HTTP/1.1" 200 30
190.171.152.234 - - [25/Mar/2024:16:43:50 -0300] "GET /cormun/servlet/solicitudotadjuntos?5737001af96a2a1eae8bc82de06e5fbed3d206999a6fb8397098d912c9e18566,gx-no-cache=1711395879289 HTTP/1.1" 200 30
190.171.152.234 - - [25/Mar/2024:16:43:50 -0300] "POST /cormun/servlet/solicitudotadjuntos?d6dfc000c0e88888dafef6758d90dc5e,INS,2024,20984,,1, HTTP/1.1" 200 116
190.171.152.234 - - [25/Mar/2024:16:43:50 -0300] "GET /cormun/servlet/hpexe_return? HTTP/1.1" 200 1026
190.171.152.234 - - [25/Mar/2024:16:43:50 -0300] "GET /cormun/servlet/trsolicitudadjuntos?2024,20984, HTTP/1.1" 200 9566
190.171.152.234 - - [25/Mar/2024:16:43:52 -0300] "GET /cormun/servlet/solicitudotadjuntos?INS,2024,20984,,1, HTTP/1.1" 200 6331
190.171.152.234 - - [25/Mar/2024:16:43:53 -0300] "GET /cormun/static/about:blank HTTP/1.1" 404 1011
190.171.152.234 - - [25/Mar/2024:16:43:53 -0300] "GET /cormun/servlet/solicitudotadjuntos?5737001af96a2a1eae8bc82de06e5fbe9c1fdf1c58dbdd41d490f60074097a8e32cbaa9db2a46635c102676ceb158bfd,gx-no-cache=1711395882465 HTTP/1.1" 200 30
190.171.152.234 - - [25/Mar/2024:16:43:53 -0300] "POST /cormun/servlet/solicitudotadjuntos?d6dfc000c0e88888dafef6758d90dc5e,INS,2024,20984,,1,,gx-no-cache=1711395882479 HTTP/1.1" 200 4162
190.171.152.234 - - [25/Mar/2024:16:43:56 -0300] "POST /cormun/servlet/solicitudotadjuntos?gx-no-cache=1711395885691 HTTP/1.1" 200 26
190.171.152.234 - - [25/Mar/2024:16:44:04 -0300] "GET /cormun/servlet/solicitudotadjuntos?5737001af96a2a1eae8bc82de06e5fbed3d206999a6fb8397098d912c9e18566,gx-no-cache=1711395893329 HTTP/1.1" 200 30
190.171.152.234 - - [25/Mar/2024:16:44:04 -0300] "GET /cormun/servlet/solicitudotadjuntos?5737001af96a2a1eae8bc82de06e5fbed3d206999a6fb8397098d912c9e18566,gx-no-cache=1711395893345 HTTP/1.1" 200 30
190.171.152.234 - - [25/Mar/2024:16:44:04 -0300] "POST /cormun/servlet/solicitudotadjuntos?d6dfc000c0e88888dafef6758d90dc5e,INS,2024,20984,,1, HTTP/1.1" 200 116
190.171.152.234 - - [25/Mar/2024:16:44:04 -0300] "GET /cormun/servlet/hpexe_return? HTTP/1.1" 200 1026
190.171.152.234 - - [25/Mar/2024:16:44:04 -0300] "GET /cormun/servlet/trsolicitudadjuntos?2024,20984, HTTP/1.1" 200 9828
190.171.152.234 - - [25/Mar/2024:16:44:07 -0300] "GET /cormun/servlet/solicitudotadjuntos?INS,2024,20984,,1, HTTP/1.1" 200 6331
190.171.152.234 - - [25/Mar/2024:16:44:07 -0300] "GET /cormun/static/about:blank HTTP/1.1" 404 1011
190.171.152.234 - - [25/Mar/2024:16:44:07 -0300] "GET /cormun/servlet/solicitudotadjuntos?5737001af96a2a1eae8bc82de06e5fbe9c1fdf1c58dbdd41d490f60074097a8e32cbaa9db2a46635c102676ceb158bfd,gx-no-cache=1711395896439 HTTP/1.1" 200 30
190.171.152.234 - - [25/Mar/2024:16:44:07 -0300] "POST /cormun/servlet/solicitudotadjuntos?d6dfc000c0e88888dafef6758d90dc5e,INS,2024,20984,,1,,gx-no-cache=1711395896454 HTTP/1.1" 200 4162
190.171.152.234 - - [25/Mar/2024:16:44:10 -0300] "POST /cormun/servlet/solicitudotadjuntos?gx-no-cache=1711395899587 HTTP/1.1" 200 26
190.171.152.234 - - [25/Mar/2024:16:44:16 -0300] "GET /cormun/servlet/solicitudotadjuntos?5737001af96a2a1eae8bc82de06e5fbed3d206999a6fb8397098d912c9e18566,gx-no-cache=1711395905498 HTTP/1.1" 200 30
190.171.152.234 - - [25/Mar/2024:16:44:16 -0300] "GET /cormun/servlet/solicitudotadjuntos?5737001af96a2a1eae8bc82de06e5fbed3d206999a6fb8397098d912c9e18566,gx-no-cache=1711395905513 HTTP/1.1" 200 30
190.171.152.234 - - [25/Mar/2024:16:44:16 -0300] "POST /cormun/servlet/solicitudotadjuntos?d6dfc000c0e88888dafef6758d90dc5e,INS,2024,20984,,1, HTTP/1.1" 200 116
190.171.152.234 - - [25/Mar/2024:16:44:16 -0300] "GET /cormun/servlet/hpexe_return? HTTP/1.1" 200 1026
190.171.152.234 - - [25/Mar/2024:16:44:17 -0300] "GET /cormun/servlet/trsolicitudadjuntos?2024,20984, HTTP/1.1" 200 10054
190.171.152.234 - - [25/Mar/2024:16:44:19 -0300] "GET /cormun/servlet/solicitudotadjuntos?INS,2024,20984,,1, HTTP/1.1" 200 6331
190.171.152.234 - - [25/Mar/2024:16:44:19 -0300] "GET /cormun/static/about:blank HTTP/1.1" 404 1011
190.171.152.234 - - [25/Mar/2024:16:44:19 -0300] "GET /cormun/servlet/solicitudotadjuntos?5737001af96a2a1eae8bc82de06e5fbe9c1fdf1c58dbdd41d490f60074097a8e32cbaa9db2a46635c102676ceb158bfd,gx-no-cache=1711395908512 HTTP/1.1" 200 30
190.171.152.234 - - [25/Mar/2024:16:44:19 -0300] "POST /cormun/servlet/solicitudotadjuntos?d6dfc000c0e88888dafef6758d90dc5e,INS,2024,20984,,1,,gx-no-cache=1711395908526 HTTP/1.1" 200 4162
190.171.152.234 - - [25/Mar/2024:16:44:21 -0300] "POST /cormun/servlet/solicitudotadjuntos?gx-no-cache=1711395910707 HTTP/1.1" 200 26
190.171.152.234 - - [25/Mar/2024:16:44:26 -0300] "GET /cormun/servlet/solicitudotadjuntos?5737001af96a2a1eae8bc82de06e5fbed3d206999a6fb8397098d912c9e18566,gx-no-cache=1711395915369 HTTP/1.1" 200 30
190.171.152.234 - - [25/Mar/2024:16:44:26 -0300] "GET /cormun/servlet/solicitudotadjuntos?5737001af96a2a1eae8bc82de06e5fbed3d206999a6fb8397098d912c9e18566,gx-no-cache=1711395915380 HTTP/1.1" 200 30
190.171.152.234 - - [25/Mar/2024:16:44:26 -0300] "POST /cormun/servlet/solicitudotadjuntos?d6dfc000c0e88888dafef6758d90dc5e,INS,2024,20984,,1, HTTP/1.1" 200 116
190.171.152.234 - - [25/Mar/2024:16:44:26 -0300] "GET /cormun/servlet/hpexe_return? HTTP/1.1" 200 1026
190.171.152.234 - - [25/Mar/2024:16:44:26 -0300] "GET /cormun/servlet/trsolicitudadjuntos?2024,20984, HTTP/1.1" 200 10332
190.171.152.234 - - [25/Mar/2024:16:44:30 -0300] "GET /cormun/servlet/solicitudotadjuntos?INS,2024,20984,,1, HTTP/1.1" 200 6330
190.171.152.234 - - [25/Mar/2024:16:44:30 -0300] "GET /cormun/static/about:blank HTTP/1.1" 404 1011
190.171.152.234 - - [25/Mar/2024:16:44:31 -0300] "GET /cormun/servlet/solicitudotadjuntos?5737001af96a2a1eae8bc82de06e5fbe9c1fdf1c58dbdd41d490f60074097a8e32cbaa9db2a46635c102676ceb158bfd,gx-no-cache=1711395920151 HTTP/1.1" 200 30
190.171.152.234 - - [25/Mar/2024:16:44:31 -0300] "POST /cormun/servlet/solicitudotadjuntos?d6dfc000c0e88888dafef6758d90dc5e,INS,2024,20984,,1,,gx-no-cache=1711395920164 HTTP/1.1" 200 4163
190.171.152.234 - - [25/Mar/2024:16:44:33 -0300] "POST /cormun/servlet/solicitudotadjuntos?gx-no-cache=1711395922059 HTTP/1.1" 200 26
190.171.152.234 - - [25/Mar/2024:16:44:39 -0300] "GET /cormun/servlet/solicitudotadjuntos?5737001af96a2a1eae8bc82de06e5fbed3d206999a6fb8397098d912c9e18566,gx-no-cache=1711395928698 HTTP/1.1" 200 30
190.171.152.234 - - [25/Mar/2024:16:44:39 -0300] "GET /cormun/servlet/solicitudotadjuntos?5737001af96a2a1eae8bc82de06e5fbed3d206999a6fb8397098d912c9e18566,gx-no-cache=1711395928708 HTTP/1.1" 200 30
190.171.152.234 - - [25/Mar/2024:16:44:40 -0300] "POST /cormun/servlet/solicitudotadjuntos?d6dfc000c0e88888dafef6758d90dc5e,INS,2024,20984,,1, HTTP/1.1" 200 116
190.171.152.234 - - [25/Mar/2024:16:44:40 -0300] "GET /cormun/servlet/hpexe_return? HTTP/1.1" 200 1026
190.171.152.234 - - [25/Mar/2024:16:44:40 -0300] "GET /cormun/servlet/trsolicitudadjuntos?2024,20984, HTTP/1.1" 200 10520
190.171.152.234 - - [25/Mar/2024:16:44:45 -0300] "GET /cormun/servlet/trsolicitudot? HTTP/1.1" 200 10512
209.141.55.133 - - [25/Mar/2024:16:44:45 -0300] "GET /manager/html HTTP/1.1" 401 2474
209.141.55.133 - - [25/Mar/2024:16:44:45 -0300] "GET /manager/html HTTP/1.1" 401 2474
190.171.152.234 - - [25/Mar/2024:16:44:49 -0300] "POST /cormun/servlet/trsolicitudot?d6dfc000c0e88888dafef6758d90dc5e,,gx-no-cache=1711395938190 HTTP/1.1" 200 7341
190.171.152.234 - - [25/Mar/2024:16:44:49 -0300] "GET /cormun/static/Shared/jqueryui/images/ui-icons_82798d_256x240.png HTTP/1.1" 404 1089
190.171.152.234 - - [25/Mar/2024:16:44:49 -0300] "GET /cormun/static/Shared/jqueryui/images/ui-bg_highlight-soft_100_c6c2c8_1x100.png HTTP/1.1" 404 1117
190.171.152.234 - - [25/Mar/2024:16:44:49 -0300] "GET /cormun/static/Shared/jqueryui/images/ui-bg_flat_55_fafafa_40x100.png HTTP/1.1" 404 1097
190.171.152.234 - - [25/Mar/2024:16:44:49 -0300] "GET /cormun/static/Shared/jqueryui/images/ui-icons_8d78a5_256x240.png HTTP/1.1" 404 1089
190.171.152.234 - - [25/Mar/2024:16:44:49 -0300] "POST /cormun/servlet/trsolicitudot?d6dfc000c0e88888dafef6758d90dc5e,,gx-no-cache=1711395938380 HTTP/1.1" 200 7286
190.171.143.106 - - [25/Mar/2024:16:44:53 -0300] "POST /cormun/servlet/solicitudot?gx-no-cache=1711396173730 HTTP/1.1" 200 30
190.171.152.234 - - [25/Mar/2024:16:44:55 -0300] "GET /cormun/servlet/trautorizarsolicitud? HTTP/1.1" 200 8771
190.171.152.234 - - [25/Mar/2024:16:45:16 -0300] "POST /cormun/servlet/trautorizarsolicitud?d6dfc000c0e88888dafef6758d90dc5e,,gx-no-cache=1711395965269 HTTP/1.1" 200 4791
190.171.152.234 - - [25/Mar/2024:16:45:16 -0300] "POST /cormun/servlet/trautorizarsolicitud?d6dfc000c0e88888dafef6758d90dc5e,,gx-no-cache=1711395965380 HTTP/1.1" 200 4558
190.171.143.106 - - [25/Mar/2024:16:45:22 -0300] "GET /cormun/servlet/solicitudot?21af45efd6603b6534190942305a5844087bae22639fc7f50a4b9149374ef252ae65629fe6348b1f23769dae16a87b1f,gx-no-cache=1711396202691 HTTP/1.1" 200 30
190.171.143.106 - - [25/Mar/2024:16:45:22 -0300] "POST /cormun/servlet/solicitudot?gx-no-cache=1711396202721 HTTP/1.1" 200 30
190.171.143.106 - - [25/Mar/2024:16:45:22 -0300] "POST /cormun/servlet/solicitudot?a2568088d0d697dcf4d5c9ebeb691de9,INS,0,0,false,,gx-no-cache=1711396202738 HTTP/1.1" 200 13312
190.171.152.234 - - [25/Mar/2024:16:45:37 -0300] "GET /cormun/servlet/trsolicitudot? HTTP/1.1" 200 10123
190.171.143.98 - - [25/Mar/2024:16:45:42 -0300] "GET /cormun/servlet/trautorizarpermisogoce? HTTP/1.1" 200 8533
190.171.143.98 - - [25/Mar/2024:16:45:42 -0300] "GET /cormun/static/gxcfg.js?2020121645532 HTTP/1.1" 200 953
190.171.143.98 - - [25/Mar/2024:16:45:42 -0300] "GET /cormun/static/trautorizarpermisogoce.js?2020121651492 HTTP/1.1" 200 34948
190.171.143.98 - - [25/Mar/2024:16:45:47 -0300] "POST /cormun/servlet/trautorizarpermisogoce?9f2b8500d3b9d9d7770cde7d6e9fc220,,gx-no-cache=1711395767337 HTTP/1.1" 200 5596
190.171.143.98 - - [25/Mar/2024:16:45:48 -0300] "POST /cormun/servlet/trautorizarpermisogoce?9f2b8500d3b9d9d7770cde7d6e9fc220,,gx-no-cache=1711395767824 HTTP/1.1" 200 5281
190.171.143.98 - - [25/Mar/2024:16:45:49 -0300] "POST /cormun/servlet/trautorizarpermisogoce?9f2b8500d3b9d9d7770cde7d6e9fc220,,gx-no-cache=1711395768367 HTTP/1.1" 200 4527
190.171.143.106 - - [25/Mar/2024:16:46:09 -0300] "GET /cormun/servlet/solicitudot?21af45efd6603b6534190942305a5844ed2479b14aa706bc370e006ae5ccf75137bd386e911ef097dae639dd1b7b3edab8c33f9199190854097a1e9c16e10dc0,gx-no-cache=1711396249914 HTTP/1.1" 200 30
190.171.143.106 - - [25/Mar/2024:16:46:09 -0300] "GET /cormun/servlet/solicitudot?21af45efd6603b6534190942305a5844edf4c87fd372b63242fe115c5c52548ddf1b4760bd2ed778b94f4b13de859e8b46375ddf0689d795efd44bc7075250facf24de873c6466a5daff9938d3dd379f08501daf70cc39849f25ff5e5e8d6138f52acd4c76665bf2bad5303a6425e92e34aa583745693c134b1405179e74ff7bb50142e3096158b32708e11fc2614ee34895084032dd2b2b60352fc2ea3d733c6df3797430ad106f5c6ed107b7712df4f8571c920802e6518f815de087338948421b148a78f71b5af527dcc1d8b909fe5269306d183db1c0aefc53d0d2728509ef061183e30782720c823c14ce9017c5c870e9f1eed74999ad4f67ebcd31921a0c0c5d35314d008213172b2c6cfe8134d2140c184b6d9fb548f0084526615276ee15b88457f47a36862d492502984338947815da05e7fb768582cf8f8dbdb62d0ca185cce3709097cfe8b9fae5cdfcf4ca92ebb632ab163098929dc1dbedb75fa9a8bfd3d3e9aaf9583ac5550e65f8fa57d5301827591859a5573abee2db026b,gx-no-cache=1711396249936 HTTP/1.1" 200 30
190.171.143.106 - - [25/Mar/2024:16:46:09 -0300] "POST /cormun/servlet/solicitudot?gx-no-cache=1711396249952 HTTP/1.1" 200 30
190.171.143.106 - - [25/Mar/2024:16:46:09 -0300] "POST /cormun/servlet/solicitudot?gx-no-cache=1711396249975 HTTP/1.1" 200 1474
190.171.143.106 - - [25/Mar/2024:16:46:09 -0300] "POST /cormun/servlet/solicitudot?gx-no-cache=1711396249999 HTTP/1.1" 200 41
190.171.143.106 - - [25/Mar/2024:16:46:09 -0300] "GET /cormun/servlet/solicitudot?21af45efd6603b6534190942305a58447cdbc20389c77f1e835add393af1e6dab69029d71db487aca6ae872071f5de73f8b7006a1ddd08809e13d5539d2c51a83da37107beac0fbd91e44048d3074969c46882dbd55419e190f6eac15a7116eb3e5a691b8d7e9431928c9c8ef4fcd181,gx-no-cache=1711396250015 HTTP/1.1" 200 110
190.171.143.106 - - [25/Mar/2024:16:46:09 -0300] "POST /cormun/servlet/solicitudot?gx-no-cache=1711396250030 HTTP/1.1" 200 97
190.171.143.106 - - [25/Mar/2024:16:46:09 -0300] "GET /cormun/servlet/solicitudot?21af45efd6603b6534190942305a5844087bae22639fc7f50a4b9149374ef252ae65629fe6348b1f23769dae16a87b1f,gx-no-cache=1711396250049 HTTP/1.1" 200 30
190.171.143.106 - - [25/Mar/2024:16:46:09 -0300] "POST /cormun/servlet/solicitudot?gx-no-cache=1711396250063 HTTP/1.1" 200 30
190.171.143.106 - - [25/Mar/2024:16:46:09 -0300] "POST /cormun/servlet/solicitudot?a2568088d0d697dcf4d5c9ebeb691de9,INS,0,0,false,,gx-no-cache=1711396250078 HTTP/1.1" 200 93
190.171.143.106 - - [25/Mar/2024:16:46:09 -0300] "GET /cormun/servlet/hpexe_return? HTTP/1.1" 200 1007
190.171.143.106 - - [25/Mar/2024:16:46:10 -0300] "GET /cormun/servlet/trsolicitudot HTTP/1.1" 200 9278
190.171.143.106 - - [25/Mar/2024:16:46:15 -0300] "GET /cormun/servlet/solicitudot?INS,0,0,false, HTTP/1.1" 200 16239
190.171.143.106 - - [25/Mar/2024:16:46:17 -0300] "GET /cormun/servlet/trsolicitudot HTTP/1.1" 200 9278
190.171.143.106 - - [25/Mar/2024:16:46:21 -0300] "POST /cormun/servlet/trsolicitudot?a2568088d0d697dcf4d5c9ebeb691de9,gx-no-cache=1711396261565 HTTP/1.1" 200 107
190.171.143.106 - - [25/Mar/2024:16:46:21 -0300] "GET /cormun/servlet/trsolicitudadjuntos?2024,21086, HTTP/1.1" 200 6365
190.171.143.106 - - [25/Mar/2024:16:46:23 -0300] "GET /cormun/servlet/solicitudotadjuntos?INS,2024,21086,,1, HTTP/1.1" 200 6311
190.171.143.106 - - [25/Mar/2024:16:46:23 -0300] "GET /cormun/static/about:blank HTTP/1.1" 404 1011
190.171.143.106 - - [25/Mar/2024:16:46:24 -0300] "GET /cormun/servlet/solicitudotadjuntos?21af45efd6603b6534190942305a5844853e296b7669ab2e2d509ad38a91e896f2a5f291a88771a4c287e91743615003,gx-no-cache=1711396264989 HTTP/1.1" 200 30
190.171.143.106 - - [25/Mar/2024:16:46:24 -0300] "POST /cormun/servlet/solicitudotadjuntos?a2568088d0d697dcf4d5c9ebeb691de9,INS,2024,21086,,1,,gx-no-cache=1711396265011 HTTP/1.1" 200 4184
190.171.143.106 - - [25/Mar/2024:16:46:27 -0300] "POST /cormun/servlet/solicitudotadjuntos?gx-no-cache=1711396268310 HTTP/1.1" 200 26
186.209.106.97 - - [25/Mar/2024:16:46:31 -0300] "GET /admin/config.php HTTP/1.0" 404 993
181.212.47.137 - - [25/Mar/2024:16:47:31 -0300] "GET /cormun/servlet/trautorizarot? HTTP/1.1" 200 9560
181.212.47.137 - - [25/Mar/2024:16:47:36 -0300] "POST /cormun/servlet/trautorizarot?55b2c0d76ae02f8df6a389fe21348db0,,gx-no-cache=1711395855757 HTTP/1.1" 200 5333
181.212.47.137 - - [25/Mar/2024:16:47:39 -0300] "GET /cormun/servlet/trautorizarot? HTTP/1.1" 200 8154
181.212.47.137 - - [25/Mar/2024:16:47:43 -0300] "GET /cormun/servlet/trsolicitudgral? HTTP/1.1" 200 24724
181.212.47.137 - - [25/Mar/2024:16:47:48 -0300] "POST /cormun/servlet/trsolicitudgral?55b2c0d76ae02f8df6a389fe21348db0,,gx-no-cache=1711395867565 HTTP/1.1" 200 7440
190.171.143.106 - - [25/Mar/2024:16:47:56 -0300] "GET /cormun/servlet/solicitudotadjuntos?21af45efd6603b6534190942305a584405168340eb60052427f2612489404f4b,gx-no-cache=1711396356570 HTTP/1.1" 200 30
190.171.143.106 - - [25/Mar/2024:16:47:56 -0300] "GET /cormun/servlet/solicitudotadjuntos?21af45efd6603b6534190942305a584405168340eb60052427f2612489404f4b,gx-no-cache=1711396356584 HTTP/1.1" 200 30
190.171.143.106 - - [25/Mar/2024:16:47:56 -0300] "POST /cormun/servlet/solicitudotadjuntos?a2568088d0d697dcf4d5c9ebeb691de9,INS,2024,21086,,1, HTTP/1.1" 200 116
190.171.143.106 - - [25/Mar/2024:16:47:56 -0300] "GET /cormun/servlet/hpexe_return? HTTP/1.1" 200 1024
190.171.143.106 - - [25/Mar/2024:16:47:56 -0300] "GET /cormun/servlet/trsolicitudadjuntos?2024,21086, HTTP/1.1" 200 9295
190.171.143.106 - - [25/Mar/2024:16:47:59 -0300] "GET /cormun/servlet/solicitudotadjuntos?INS,2024,21086,,1, HTTP/1.1" 200 6311
190.171.143.106 - - [25/Mar/2024:16:47:59 -0300] "GET /cormun/static/about:blank HTTP/1.1" 404 1011
190.171.143.106 - - [25/Mar/2024:16:48:00 -0300] "GET /cormun/servlet/solicitudotadjuntos?21af45efd6603b6534190942305a5844853e296b7669ab2e2d509ad38a91e896f2a5f291a88771a4c287e91743615003,gx-no-cache=1711396360539 HTTP/1.1" 200 30
190.171.143.106 - - [25/Mar/2024:16:48:00 -0300] "POST /cormun/servlet/solicitudotadjuntos?a2568088d0d697dcf4d5c9ebeb691de9,INS,2024,21086,,1,,gx-no-cache=1711396360559 HTTP/1.1" 200 4183
190.171.143.106 - - [25/Mar/2024:16:48:01 -0300] "POST /cormun/servlet/solicitudotadjuntos?gx-no-cache=1711396362474 HTTP/1.1" 200 26
190.171.143.106 - - [25/Mar/2024:16:48:08 -0300] "GET /cormun/servlet/solicitudotadjuntos?21af45efd6603b6534190942305a584405168340eb60052427f2612489404f4b,gx-no-cache=1711396368601 HTTP/1.1" 200 30
190.171.143.106 - - [25/Mar/2024:16:48:08 -0300] "GET /cormun/servlet/solicitudotadjuntos?21af45efd6603b6534190942305a584405168340eb60052427f2612489404f4b,gx-no-cache=1711396368610 HTTP/1.1" 200 30
190.171.143.106 - - [25/Mar/2024:16:48:08 -0300] "POST /cormun/servlet/solicitudotadjuntos?a2568088d0d697dcf4d5c9ebeb691de9,INS,2024,21086,,1, HTTP/1.1" 200 116
190.171.143.106 - - [25/Mar/2024:16:48:08 -0300] "GET /cormun/servlet/hpexe_return? HTTP/1.1" 200 1024
190.171.143.106 - - [25/Mar/2024:16:48:08 -0300] "GET /cormun/servlet/trsolicitudadjuntos?2024,21086, HTTP/1.1" 200 9526
190.171.143.106 - - [25/Mar/2024:16:48:11 -0300] "GET /cormun/servlet/solicitudotadjuntos?INS,2024,21086,,1, HTTP/1.1" 200 6311
190.171.143.106 - - [25/Mar/2024:16:48:11 -0300] "GET /cormun/static/about:blank HTTP/1.1" 404 1011
190.171.143.106 - - [25/Mar/2024:16:48:12 -0300] "GET /cormun/servlet/solicitudotadjuntos?21af45efd6603b6534190942305a5844853e296b7669ab2e2d509ad38a91e896f2a5f291a88771a4c287e91743615003,gx-no-cache=1711396372497 HTTP/1.1" 200 30
190.171.143.106 - - [25/Mar/2024:16:48:12 -0300] "POST /cormun/servlet/solicitudotadjuntos?a2568088d0d697dcf4d5c9ebeb691de9,INS,2024,21086,,1,,gx-no-cache=1711396372512 HTTP/1.1" 200 4183
190.171.143.106 - - [25/Mar/2024:16:48:14 -0300] "POST /cormun/servlet/solicitudotadjuntos?gx-no-cache=1711396374785 HTTP/1.1" 200 26
190.171.143.106 - - [25/Mar/2024:16:49:45 -0300] "GET /cormun/servlet/hhome HTTP/1.1" 200 4246
190.171.143.106 - - [25/Mar/2024:16:49:52 -0300] "GET /cormun/servlet/trsolicitudot? HTTP/1.1" 200 9275
190.171.143.106 - - [25/Mar/2024:16:49:57 -0300] "POST /cormun/servlet/trsolicitudot?a2568088d0d697dcf4d5c9ebeb691de9,,gx-no-cache=1711396478414 HTTP/1.1" 200 107
190.171.143.106 - - [25/Mar/2024:16:49:58 -0300] "GET /cormun/servlet/trsolicitudadjuntos?2024,21086, HTTP/1.1" 200 9521
190.171.143.106 - - [25/Mar/2024:16:50:03 -0300] "GET /cormun/servlet/solicitudotadjuntos?INS,2024,21086,,1, HTTP/1.1" 200 6310
190.171.143.106 - - [25/Mar/2024:16:50:03 -0300] "GET /cormun/static/about:blank HTTP/1.1" 404 1011
190.171.143.106 - - [25/Mar/2024:16:50:04 -0300] "GET /cormun/servlet/solicitudotadjuntos?21af45efd6603b6534190942305a5844853e296b7669ab2e2d509ad38a91e896f2a5f291a88771a4c287e91743615003,gx-no-cache=1711396484606 HTTP/1.1" 200 30
190.171.143.106 - - [25/Mar/2024:16:50:04 -0300] "POST /cormun/servlet/solicitudotadjuntos?a2568088d0d697dcf4d5c9ebeb691de9,INS,2024,21086,,1,,gx-no-cache=1711396484630 HTTP/1.1" 200 4183
190.171.143.106 - - [25/Mar/2024:16:50:06 -0300] "POST /cormun/servlet/solicitudotadjuntos?gx-no-cache=1711396486994 HTTP/1.1" 200 26
190.171.143.106 - - [25/Mar/2024:16:50:11 -0300] "GET /cormun/servlet/solicitudotadjuntos?21af45efd6603b6534190942305a584405168340eb60052427f2612489404f4b,gx-no-cache=1711396492034 HTTP/1.1" 200 30
190.171.143.106 - - [25/Mar/2024:16:50:11 -0300] "GET /cormun/servlet/solicitudotadjuntos?21af45efd6603b6534190942305a584405168340eb60052427f2612489404f4b,gx-no-cache=1711396492054 HTTP/1.1" 200 30
190.171.143.106 - - [25/Mar/2024:16:50:11 -0300] "POST /cormun/servlet/solicitudotadjuntos?a2568088d0d697dcf4d5c9ebeb691de9,INS,2024,21086,,1, HTTP/1.1" 200 116
190.171.143.106 - - [25/Mar/2024:16:50:11 -0300] "GET /cormun/servlet/hpexe_return? HTTP/1.1" 200 1024
190.171.143.106 - - [25/Mar/2024:16:50:11 -0300] "GET /cormun/servlet/trsolicitudadjuntos?2024,21086, HTTP/1.1" 200 9780
190.171.143.106 - - [25/Mar/2024:16:50:16 -0300] "GET /cormun/servlet/solicitudotadjuntos?INS,2024,21086,,1, HTTP/1.1" 200 6310
190.171.143.106 - - [25/Mar/2024:16:50:16 -0300] "GET /cormun/static/about:blank HTTP/1.1" 404 1011
190.171.143.106 - - [25/Mar/2024:16:50:17 -0300] "GET /cormun/servlet/solicitudotadjuntos?21af45efd6603b6534190942305a5844853e296b7669ab2e2d509ad38a91e896f2a5f291a88771a4c287e91743615003,gx-no-cache=1711396497553 HTTP/1.1" 200 30
190.171.143.106 - - [25/Mar/2024:16:50:17 -0300] "POST /cormun/servlet/solicitudotadjuntos?a2568088d0d697dcf4d5c9ebeb691de9,INS,2024,21086,,1,,gx-no-cache=1711396497573 HTTP/1.1" 200 4183
190.171.143.106 - - [25/Mar/2024:16:50:19 -0300] "POST /cormun/servlet/solicitudotadjuntos?gx-no-cache=1711396500434 HTTP/1.1" 200 26
190.171.143.106 - - [25/Mar/2024:16:50:30 -0300] "GET /cormun/servlet/solicitudotadjuntos?21af45efd6603b6534190942305a584405168340eb60052427f2612489404f4b,gx-no-cache=1711396510890 HTTP/1.1" 200 30
190.171.143.106 - - [25/Mar/2024:16:50:30 -0300] "GET /cormun/servlet/solicitudotadjuntos?21af45efd6603b6534190942305a584405168340eb60052427f2612489404f4b,gx-no-cache=1711396510901 HTTP/1.1" 200 30
190.171.143.106 - - [25/Mar/2024:16:50:30 -0300] "POST /cormun/servlet/solicitudotadjuntos?a2568088d0d697dcf4d5c9ebeb691de9,INS,2024,21086,,1, HTTP/1.1" 200 116
190.171.143.106 - - [25/Mar/2024:16:50:30 -0300] "GET /cormun/servlet/hpexe_return? HTTP/1.1" 200 1024
190.171.143.106 - - [25/Mar/2024:16:50:30 -0300] "GET /cormun/servlet/trsolicitudadjuntos?2024,21086, HTTP/1.1" 200 10015
190.171.143.106 - - [25/Mar/2024:16:50:35 -0300] "GET /cormun/servlet/solicitudotadjuntos?INS,2024,21086,,1, HTTP/1.1" 200 6311
190.171.143.106 - - [25/Mar/2024:16:50:35 -0300] "GET /cormun/static/about:blank HTTP/1.1" 404 1011
190.171.143.106 - - [25/Mar/2024:16:50:35 -0300] "GET /cormun/servlet/solicitudotadjuntos?21af45efd6603b6534190942305a5844853e296b7669ab2e2d509ad38a91e896f2a5f291a88771a4c287e91743615003,gx-no-cache=1711396516135 HTTP/1.1" 200 30
190.171.143.106 - - [25/Mar/2024:16:50:35 -0300] "POST /cormun/servlet/solicitudotadjuntos?a2568088d0d697dcf4d5c9ebeb691de9,INS,2024,21086,,1,,gx-no-cache=1711396516155 HTTP/1.1" 200 4184
190.171.143.106 - - [25/Mar/2024:16:50:38 -0300] "POST /cormun/servlet/solicitudotadjuntos?gx-no-cache=1711396518881 HTTP/1.1" 200 26
190.171.143.106 - - [25/Mar/2024:16:50:42 -0300] "GET /cormun/servlet/solicitudotadjuntos?21af45efd6603b6534190942305a584405168340eb60052427f2612489404f4b,gx-no-cache=1711396523458 HTTP/1.1" 200 30
190.171.143.106 - - [25/Mar/2024:16:50:42 -0300] "GET /cormun/servlet/solicitudotadjuntos?21af45efd6603b6534190942305a584405168340eb60052427f2612489404f4b,gx-no-cache=1711396523467 HTTP/1.1" 200 30
190.171.143.106 - - [25/Mar/2024:16:50:43 -0300] "POST /cormun/servlet/solicitudotadjuntos?a2568088d0d697dcf4d5c9ebeb691de9,INS,2024,21086,,1, HTTP/1.1" 200 116
190.171.143.106 - - [25/Mar/2024:16:50:43 -0300] "GET /cormun/servlet/hpexe_return? HTTP/1.1" 200 1024
190.171.143.106 - - [25/Mar/2024:16:50:43 -0300] "GET /cormun/servlet/trsolicitudadjuntos?2024,21086, HTTP/1.1" 200 10303
190.171.143.106 - - [25/Mar/2024:16:50:45 -0300] "GET /cormun/servlet/solicitudotadjuntos?INS,2024,21086,,1, HTTP/1.1" 200 6311
190.171.143.106 - - [25/Mar/2024:16:50:45 -0300] "GET /cormun/static/about:blank HTTP/1.1" 404 1011
190.171.143.106 - - [25/Mar/2024:16:50:46 -0300] "GET /cormun/servlet/solicitudotadjuntos?21af45efd6603b6534190942305a5844853e296b7669ab2e2d509ad38a91e896f2a5f291a88771a4c287e91743615003,gx-no-cache=1711396526670 HTTP/1.1" 200 30
190.171.143.106 - - [25/Mar/2024:16:50:46 -0300] "POST /cormun/servlet/solicitudotadjuntos?a2568088d0d697dcf4d5c9ebeb691de9,INS,2024,21086,,1,,gx-no-cache=1711396526690 HTTP/1.1" 200 4184
190.171.143.106 - - [25/Mar/2024:16:50:49 -0300] "POST /cormun/servlet/solicitudotadjuntos?gx-no-cache=1711396529945 HTTP/1.1" 200 26
190.171.143.106 - - [25/Mar/2024:16:50:54 -0300] "GET /cormun/servlet/solicitudotadjuntos?21af45efd6603b6534190942305a584405168340eb60052427f2612489404f4b,gx-no-cache=1711396535114 HTTP/1.1" 200 30
190.171.143.106 - - [25/Mar/2024:16:50:54 -0300] "GET /cormun/servlet/solicitudotadjuntos?21af45efd6603b6534190942305a584405168340eb60052427f2612489404f4b,gx-no-cache=1711396535122 HTTP/1.1" 200 30
190.171.143.106 - - [25/Mar/2024:16:50:54 -0300] "POST /cormun/servlet/solicitudotadjuntos?a2568088d0d697dcf4d5c9ebeb691de9,INS,2024,21086,,1, HTTP/1.1" 200 116
190.171.143.106 - - [25/Mar/2024:16:50:54 -0300] "GET /cormun/servlet/hpexe_return? HTTP/1.1" 200 1024
190.171.143.106 - - [25/Mar/2024:16:50:54 -0300] "GET /cormun/servlet/trsolicitudadjuntos?2024,21086, HTTP/1.1" 200 10448
190.171.143.82 - - [25/Mar/2024:16:50:55 -0300] "GET /cormun/servlet/trfichaempleado? HTTP/1.1" 200 5453
190.171.143.82 - - [25/Mar/2024:16:50:55 -0300] "GET /cormun/static/gxui/gxui-all.css?110300 HTTP/1.1" 200 2179
190.171.143.82 - - [25/Mar/2024:16:50:55 -0300] "GET /cormun/static/gxcfg.js?201991420132062 HTTP/1.1" 200 953
190.171.143.82 - - [25/Mar/2024:16:50:55 -0300] "GET /cormun/static/Resources/Spanish/PXTools.css?19172979 HTTP/1.1" 200 100853
190.171.143.82 - - [25/Mar/2024:16:50:55 -0300] "GET /cormun/static/trfichaempleado.js?201991420132430 HTTP/1.1" 200 22815
190.171.143.82 - - [25/Mar/2024:16:50:55 -0300] "GET /cormun/static/Shared/ext/resources/css/ext-all.css?205870 HTTP/1.1" 200 416045
190.171.143.82 - - [25/Mar/2024:16:50:55 -0300] "GET /cormun/servlet/hlogin HTTP/1.1" 200 1744
209.141.55.133 - - [25/Mar/2024:16:50:56 -0300] "GET /manager/html HTTP/1.1" 401 2474
209.141.55.133 - - [25/Mar/2024:16:50:56 -0300] "GET /manager/html HTTP/1.1" 401 2474
190.171.143.82 - - [25/Mar/2024:16:50:59 -0300] "POST /cormun/servlet/hlogin?5f3e2815f7412710e3e0c5523cbdc06d,gx-no-cache=1711396050404 HTTP/1.1" 200 90
190.171.143.82 - - [25/Mar/2024:16:50:59 -0300] "GET /cormun/servlet/hpexe_link HTTP/1.1" 200 959
190.171.143.106 - - [25/Mar/2024:16:51:19 -0300] "GET /cormun/servlet/trsolicitudot? HTTP/1.1" 200 9280
190.171.143.106 - - [25/Mar/2024:16:51:29 -0300] "POST /cormun/servlet/trsolicitudot?a2568088d0d697dcf4d5c9ebeb691de9,,gx-no-cache=1711396569469 HTTP/1.1" 200 6089
190.171.143.106 - - [25/Mar/2024:16:51:29 -0300] "GET /cormun/static/Shared/jqueryui/images/ui-icons_82798d_256x240.png HTTP/1.1" 404 1089
190.171.143.106 - - [25/Mar/2024:16:51:29 -0300] "GET /cormun/static/Shared/jqueryui/images/ui-bg_highlight-soft_100_c6c2c8_1x100.png HTTP/1.1" 404 1117
190.171.143.106 - - [25/Mar/2024:16:51:29 -0300] "GET /cormun/static/Shared/jqueryui/images/ui-icons_8d78a5_256x240.png HTTP/1.1" 404 1089
190.171.143.106 - - [25/Mar/2024:16:51:29 -0300] "GET /cormun/static/Shared/jqueryui/images/ui-bg_flat_55_fafafa_40x100.png HTTP/1.1" 404 1097
190.171.143.106 - - [25/Mar/2024:16:51:29 -0300] "POST /cormun/servlet/trsolicitudot?a2568088d0d697dcf4d5c9ebeb691de9,,gx-no-cache=1711396569661 HTTP/1.1" 200 6033
190.171.143.106 - - [25/Mar/2024:16:51:34 -0300] "GET /cormun/servlet/trautorizarsolicitud? HTTP/1.1" 200 9953
190.171.143.106 - - [25/Mar/2024:16:51:39 -0300] "POST /cormun/servlet/trautorizarsolicitud?a2568088d0d697dcf4d5c9ebeb691de9,,gx-no-cache=1711396580323 HTTP/1.1" 200 6935
190.171.143.106 - - [25/Mar/2024:16:51:40 -0300] "POST /cormun/servlet/trautorizarsolicitud?a2568088d0d697dcf4d5c9ebeb691de9,,gx-no-cache=1711396580490 HTTP/1.1" 200 6880
190.171.143.82 - - [25/Mar/2024:16:51:41 -0300] "GET /cormun/servlet/hpexe_link HTTP/1.1" 200 959
190.171.143.82 - - [25/Mar/2024:16:52:11 -0300] "GET /cormun/servlet/hlogin HTTP/1.1" 200 1725
190.171.143.82 - - [25/Mar/2024:16:52:17 -0300] "POST /cormun/servlet/hlogin?5f3e2815f7412710e3e0c5523cbdc06d,gx-no-cache=1711396128443 HTTP/1.1" 200 90
190.171.143.82 - - [25/Mar/2024:16:52:17 -0300] "GET /cormun/servlet/hpexe_link HTTP/1.1" 200 959
190.171.153.26 - - [25/Mar/2024:16:53:56 -0300] "GET /cormun/servlet/trlicencias? HTTP/1.1" 200 6047
190.171.153.26 - - [25/Mar/2024:16:53:58 -0300] "GET /cormun/servlet/hlogin HTTP/1.1" 200 1733
190.171.153.26 - - [25/Mar/2024:16:53:58 -0300] "GET /cormun/servlet/trlicencias? HTTP/1.1" 200 6041
181.212.47.137 - - [25/Mar/2024:16:53:59 -0300] "GET /cormun/servlet/vesolicitudgral?2024,21084,, HTTP/1.1" 200 8442
181.212.47.137 - - [25/Mar/2024:16:53:59 -0300] "GET /cormun/pexe_scrolldiv.js HTTP/1.1" 404 1009
190.171.153.26 - - [25/Mar/2024:16:54:07 -0300] "POST /cormun/servlet/hlogin?f75bf2cf9b020a4f568a1a7b0ed4c2fa,gx-no-cache=1711396262522 HTTP/1.1" 200 90
190.171.153.26 - - [25/Mar/2024:16:54:07 -0300] "GET /cormun/servlet/hpexe_link HTTP/1.1" 200 948
190.171.153.26 - - [25/Mar/2024:16:54:07 -0300] "GET /cormun/servlet/trlicencias HTTP/1.1" 200 9001
190.171.153.26 - - [25/Mar/2024:16:54:08 -0300] "GET /cormun/servlet/trlicencias HTTP/1.1" 200 8999
190.171.153.26 - - [25/Mar/2024:16:54:14 -0300] "GET /cormun/servlet/trlicencias? HTTP/1.1" 200 8999
190.171.153.26 - - [25/Mar/2024:16:54:14 -0300] "GET /cormun/servlet/trlicencias? HTTP/1.1" 200 8999
190.171.153.26 - - [25/Mar/2024:16:54:18 -0300] "POST /cormun/servlet/trlicencias?f75bf2cf9b020a4f568a1a7b0ed4c2fa,,gx-no-cache=1711396273476 HTTP/1.1" 200 6350
190.171.149.74 - - [25/Mar/2024:16:56:19 -0300] "-" 400 -
190.171.149.74 - - [25/Mar/2024:16:56:19 -0300] "äJÝF‰VҋcCþ¿Q&{0ÇGý€g.W0{ì0¼-ß 2´²[si*Ã1"1 Crˆ:" 400 -
190.171.149.74 - - [25/Mar/2024:16:56:19 -0300] "GET /cormun/servlet/hlogin HTTP/1.1" 200 1716
190.171.149.74 - - [25/Mar/2024:16:56:20 -0300] "GET /cormun/static/gxtimezone.js?85251 HTTP/1.1" 200 5781
190.171.149.74 - - [25/Mar/2024:16:56:20 -0300] "GET /cormun/static/gxcfg.js?2022112219184450 HTTP/1.1" 200 953
190.171.149.74 - - [25/Mar/2024:16:56:20 -0300] "GET /cormun/static/Resources/CormunLogin.png HTTP/1.1" 200 19132
190.171.149.74 - - [25/Mar/2024:16:56:20 -0300] "GET /cormun/static/messages.spa.js?85251 HTTP/1.1" 200 30736
190.171.149.74 - - [25/Mar/2024:16:56:20 -0300] "GET /cormun/static/Resources/Spanish/PXTools.css?1759030 HTTP/1.1" 200 100853
190.171.149.74 - - [25/Mar/2024:16:56:20 -0300] "GET /cormun/static/hlogin.js?2022112219184458 HTTP/1.1" 200 2156
190.171.149.74 - - [25/Mar/2024:16:56:20 -0300] "GET /cormun/static/gxgral.js?85251 HTTP/1.1" 200 384558
190.171.149.74 - - [25/Mar/2024:16:56:20 -0300] "GET /cormun/static/Resources/PXToolsLoginBackground.png HTTP/1.1" 200 1164
190.171.149.74 - - [25/Mar/2024:16:56:20 -0300] "GET /cormun/static/Resources/PXToolsButtonLeft.png HTTP/1.1" 200 1310
190.171.149.74 - - [25/Mar/2024:16:56:20 -0300] "GET /cormun/static/Resources/PXToolsButtonRight.png HTTP/1.1" 200 1294
