190.171.152.114 - - [25/Mar/2024:11:09:53 -0300] "POST /cormun/servlet/hlogin?6deecbcb8a942faa5be5a7dbf59a86cc,gx-no-cache=1711375614334 HTTP/1.1" 200 90
190.171.152.114 - - [25/Mar/2024:11:09:53 -0300] "GET /cormun/servlet/hpexe_link HTTP/1.1" 200 962
190.171.152.114 - - [25/Mar/2024:11:09:53 -0300] "GET /cormun/servlet/trsolicitudot HTTP/1.1" 200 10069
190.171.149.90 - - [25/Mar/2024:11:10:00 -0300] "GET /cormun/servlet/solicitudot?79e9fa58c814abd9157aee0487a566d9b1526ab1f7f8cfff1a550e9d01980723ef14dbac93972aa6354f212656713fbc,gx-no-cache=1711375616505 HTTP/1.1" 200 30
190.171.149.90 - - [25/Mar/2024:11:10:19 -0300] "POST /cormun/servlet/solicitudot?gx-no-cache=1711375635775 HTTP/1.1" 200 33
190.171.152.114 - - [25/Mar/2024:11:10:26 -0300] "GET /cormun/servlet/solicitudot?INS,0,0,false, HTTP/1.1" 200 16301
190.171.134.178 - - [25/Mar/2024:11:10:26 -0300] "GET /cormun/servlet/hlogin HTTP/1.1" 200 1735
190.171.149.90 - - [25/Mar/2024:11:10:39 -0300] "POST /cormun/servlet/solicitudot?bd489e56802f9e768162841a7b7e349a,INS,0,0,false,,gx-no-cache=1711375646257 HTTP/1.1" 200 93
190.171.149.90 - - [25/Mar/2024:11:10:40 -0300] "GET /cormun/servlet/hpexe_return? HTTP/1.1" 200 1000
190.171.149.90 - - [25/Mar/2024:11:10:40 -0300] "GET /cormun/servlet/trsolicitudot? HTTP/1.1" 200 8421
190.171.141.106 - - [25/Mar/2024:11:10:47 -0300] "GET /cormun/servlet/hhome HTTP/1.1" 200 4268
190.171.149.90 - - [25/Mar/2024:11:10:54 -0300] "POST /cormun/servlet/trsolicitudot?bd489e56802f9e768162841a7b7e349a,,gx-no-cache=1711375665694 HTTP/1.1" 200 4567
190.171.149.90 - - [25/Mar/2024:11:10:54 -0300] "GET /cormun/static/Shared/jqueryui/images/ui-bg_highlight-soft_100_c6c2c8_1x100.png HTTP/1.1" 404 1117
190.171.149.90 - - [25/Mar/2024:11:10:54 -0300] "GET /cormun/static/Shared/jqueryui/images/ui-icons_82798d_256x240.png HTTP/1.1" 404 1089
190.171.149.90 - - [25/Mar/2024:11:10:54 -0300] "GET /cormun/static/Shared/jqueryui/images/ui-icons_8d78a5_256x240.png HTTP/1.1" 404 1089
190.171.149.90 - - [25/Mar/2024:11:10:54 -0300] "GET /cormun/static/Shared/jqueryui/images/ui-bg_flat_55_fafafa_40x100.png HTTP/1.1" 404 1097
190.171.149.90 - - [25/Mar/2024:11:10:54 -0300] "POST /cormun/servlet/trsolicitudot?bd489e56802f9e768162841a7b7e349a,,gx-no-cache=1711375670656 HTTP/1.1" 200 4328
190.171.141.106 - - [25/Mar/2024:11:11:02 -0300] "GET /cormun/servlet/hhome HTTP/1.1" 200 4255
190.171.134.178 - - [25/Mar/2024:11:11:43 -0300] "POST /cormun/servlet/hlogin?1e85dcd6acc14a7f7ef57ea93e47b87f,gx-no-cache=1711375718713 HTTP/1.1" 200 90
190.171.134.178 - - [25/Mar/2024:11:11:43 -0300] "GET /cormun/servlet/hpexe_link HTTP/1.1" 200 949
190.171.134.178 - - [25/Mar/2024:11:11:43 -0300] "GET /cormun/servlet/hhome HTTP/1.1" 200 4234
190.171.134.178 - - [25/Mar/2024:11:11:43 -0300] "GET /cormun/servlet/hhome HTTP/1.1" 200 4230
190.171.141.106 - - [25/Mar/2024:11:11:44 -0300] "GET /cormun/servlet/trlicencias? HTTP/1.1" 200 11234
190.171.134.178 - - [25/Mar/2024:11:11:49 -0300] "GET /cormun/servlet/trautorizarsolicitud? HTTP/1.1" 200 8796
190.171.134.178 - - [25/Mar/2024:11:11:50 -0300] "GET /cormun/servlet/trautorizarsolicitud? HTTP/1.1" 200 8794
190.171.134.178 - - [25/Mar/2024:11:11:59 -0300] "POST /cormun/servlet/trautorizarsolicitud?1e85dcd6acc14a7f7ef57ea93e47b87f,,gx-no-cache=1711375734849 HTTP/1.1" 200 4803
190.171.134.178 - - [25/Mar/2024:11:11:59 -0300] "GET /cormun/static/Shared/jqueryui/images/ui-bg_highlight-soft_100_c6c2c8_1x100.png HTTP/1.1" 404 1117
190.171.134.178 - - [25/Mar/2024:11:11:59 -0300] "GET /cormun/static/Shared/jqueryui/images/ui-icons_82798d_256x240.png HTTP/1.1" 404 1089
190.171.134.178 - - [25/Mar/2024:11:11:59 -0300] "GET /cormun/static/Shared/jqueryui/images/ui-bg_flat_55_fafafa_40x100.png HTTP/1.1" 404 1097
190.171.134.178 - - [25/Mar/2024:11:11:59 -0300] "GET /cormun/static/Shared/jqueryui/images/ui-icons_8d78a5_256x240.png HTTP/1.1" 404 1089
190.171.134.178 - - [25/Mar/2024:11:11:59 -0300] "POST /cormun/servlet/trautorizarsolicitud?1e85dcd6acc14a7f7ef57ea93e47b87f,,gx-no-cache=1711375734997 HTTP/1.1" 200 4532
190.171.134.178 - - [25/Mar/2024:11:12:09 -0300] "GET /cormun/servlet/hhome HTTP/1.1" 200 4234
190.171.134.178 - - [25/Mar/2024:11:12:09 -0300] "GET /cormun/servlet/hhome HTTP/1.1" 200 4230
200.54.103.162 - - [25/Mar/2024:11:12:49 -0300] "GET /cormun/servlet/hhome HTTP/1.1" 200 3325
200.54.103.162 - - [25/Mar/2024:11:12:50 -0300] "GET /cormun/servlet/hlogin HTTP/1.1" 200 1734
200.54.103.162 - - [25/Mar/2024:11:12:52 -0300] "POST /cormun/servlet/hlogin?8337f1a6119d8bdff70007fd14c6c018,gx-no-cache=1711375795881 HTTP/1.1" 200 90
200.54.103.162 - - [25/Mar/2024:11:12:52 -0300] "GET /cormun/servlet/hpexe_link HTTP/1.1" 200 953
200.54.103.162 - - [25/Mar/2024:11:12:52 -0300] "GET /cormun/servlet/hhome HTTP/1.1" 200 4343
181.212.47.137 - - [25/Mar/2024:11:12:55 -0300] "GET /cormun/servlet/vesolicitudgral?2024,20853,, HTTP/1.1" 200 8368
181.212.47.137 - - [25/Mar/2024:11:12:55 -0300] "GET /cormun/pexe_scrolldiv.js HTTP/1.1" 404 1009
200.54.103.162 - - [25/Mar/2024:11:12:56 -0300] "GET /cormun/servlet/trlicencias? HTTP/1.1" 200 9503
209.141.55.133 - - [25/Mar/2024:11:15:51 -0300] "GET /manager/html HTTP/1.1" 401 2474
209.141.55.133 - - [25/Mar/2024:11:15:51 -0300] "GET /manager/html HTTP/1.1" 401 2474
181.212.47.137 - - [25/Mar/2024:11:16:44 -0300] "GET /cormun/servlet/trsolicitudgral? HTTP/1.1" 200 10602
181.212.47.137 - - [25/Mar/2024:11:16:55 -0300] "GET /cormun/servlet/vesolicitudgral?2024,20944,, HTTP/1.1" 200 8449
181.212.47.137 - - [25/Mar/2024:11:16:55 -0300] "GET /cormun/pexe_scrolldiv.js HTTP/1.1" 404 1009
152.230.42.226 - - [25/Mar/2024:11:17:40 -0300] "GET /cormun/servlet/trcontratounov2 HTTP/1.1" 200 5922
152.230.42.226 - - [25/Mar/2024:11:17:47 -0300] "GET /cormun/servlet/hlogin HTTP/1.1" 200 1738
181.212.47.137 - - [25/Mar/2024:11:19:07 -0300] "GET /cormun/servlet/trsolicitudgral? HTTP/1.1" 200 10118
181.212.47.137 - - [25/Mar/2024:11:19:11 -0300] "GET /cormun/servlet/vesolicitudgral?2024,20953,, HTTP/1.1" 200 8417
181.212.47.137 - - [25/Mar/2024:11:19:11 -0300] "GET /cormun/pexe_scrolldiv.js HTTP/1.1" 404 1009
181.212.47.137 - - [25/Mar/2024:11:21:16 -0300] "GET /cormun/servlet/trsolicitudgral? HTTP/1.1" 200 9728
181.212.47.137 - - [25/Mar/2024:11:21:23 -0300] "GET /cormun/servlet/vesolicitudgral?2024,20951,, HTTP/1.1" 200 8432
181.212.47.137 - - [25/Mar/2024:11:21:23 -0300] "GET /cormun/pexe_scrolldiv.js HTTP/1.1" 404 1009
190.171.152.138 - - [25/Mar/2024:11:21:48 -0300] "GET /cormun/servlet/trsolicitudot? HTTP/1.1" 200 7444
190.171.152.138 - - [25/Mar/2024:11:21:51 -0300] "GET /cormun/servlet/solicitudot?INS,0,0,false, HTTP/1.1" 200 16033
209.141.55.133 - - [25/Mar/2024:11:22:40 -0300] "GET /manager/html HTTP/1.1" 401 2474
209.141.55.133 - - [25/Mar/2024:11:22:40 -0300] "GET /manager/html HTTP/1.1" 401 2474
181.212.47.137 - - [25/Mar/2024:11:23:37 -0300] "GET /cormun/servlet/trsolicitudgral? HTTP/1.1" 200 8318
181.212.47.137 - - [25/Mar/2024:11:23:45 -0300] "POST /cormun/servlet/trsolicitudgral?ad53d6505b92350c13e0768a12b2862e,,gx-no-cache=1711376425376 HTTP/1.1" 200 18053
190.171.152.114 - - [25/Mar/2024:11:23:57 -0300] "POST /cormun/servlet/solicitudot?gx-no-cache=1711376458119 HTTP/1.1" 200 4031
190.171.152.114 - - [25/Mar/2024:11:23:57 -0300] "POST /cormun/servlet/solicitudot?6deecbcb8a942faa5be5a7dbf59a86cc,INS,0,0,false,,gx-no-cache=1711376458277 HTTP/1.1" 200 12874
190.171.152.114 - - [25/Mar/2024:11:24:00 -0300] "GET /cormun/servlet/solicitudot?4bba12caf81a636747619dca998aadc80c45e33584b6f29da4519633385053c59c530c21892ccbba0de963818c585001,gx-no-cache=1711376460785 HTTP/1.1" 200 30
190.171.153.50 - - [25/Mar/2024:11:24:27 -0300] "GET /cormun/servlet/hlogin HTTP/1.1" 200 1745
190.171.153.50 - - [25/Mar/2024:11:24:34 -0300] "POST /cormun/servlet/hlogin?3ff1c792713f76116405792a6cc9269c,gx-no-cache=1711376490619 HTTP/1.1" 200 462
190.171.153.50 - - [25/Mar/2024:11:24:40 -0300] "POST /cormun/servlet/hlogin?3ff1c792713f76116405792a6cc9269c,gx-no-cache=1711376496756 HTTP/1.1" 200 90
190.171.153.50 - - [25/Mar/2024:11:24:40 -0300] "GET /cormun/servlet/hpexe_link HTTP/1.1" 200 955
190.171.153.50 - - [25/Mar/2024:11:24:40 -0300] "GET /cormun/servlet/hhome HTTP/1.1" 200 4281
190.171.153.50 - - [25/Mar/2024:11:24:47 -0300] "GET /cormun/servlet/trlicencias? HTTP/1.1" 200 8941
190.171.149.90 - - [25/Mar/2024:11:24:56 -0300] "WS³ú‰™Ñý`áèqù´úSïD½E›FAWÃýÚ:€ð` ve6kðñO9xbïë{Z^çÚ¯žûæõ‡J·[ËQ ZZÀ+À/À,À0̨̩ÀÀœ/5ê**-ÿ" 505 -
190.171.149.90 - - [25/Mar/2024:11:24:56 -0300] "WS£&W¸âe·Ñ×{êfh–E4[¡\è.?¢Ôð۟pn ³qZ:6ԓËì-ÍJ±é(ϕGh×Á+‡ç`%µ¹µÅ ZZÀ+À/À,À0̨̩ÀÀœ/5êúú Dih23+)zz 1¿¼iÁø ¶´·`Tœ¬+½äšr€:¶ëùÿot" 400 -
190.171.149.90 - - [25/Mar/2024:11:24:56 -0300] "GET /cormun/servlet/hlogin HTTP/1.1" 200 1724
190.171.149.90 - - [25/Mar/2024:11:24:56 -0300] "GET /cormun/static/gxtimezone.js?85251 HTTP/1.1" 200 5781
190.171.149.90 - - [25/Mar/2024:11:24:56 -0300] "GET /cormun/static/gxcfg.js?2022112219184450 HTTP/1.1" 200 953
190.171.149.90 - - [25/Mar/2024:11:24:56 -0300] "GET /cormun/static/Resources/Spanish/PXTools.css?1759030 HTTP/1.1" 200 100853
190.171.149.90 - - [25/Mar/2024:11:24:56 -0300] "GET /cormun/static/Resources/CormunLogin.png HTTP/1.1" 200 19132
190.171.149.90 - - [25/Mar/2024:11:24:56 -0300] "GET /cormun/static/messages.spa.js?85251 HTTP/1.1" 200 30736
190.171.149.90 - - [25/Mar/2024:11:24:56 -0300] "GET /cormun/static/gxgral.js?85251 HTTP/1.1" 200 384558
190.171.149.90 - - [25/Mar/2024:11:24:56 -0300] "GET /cormun/static/hlogin.js?2022112219184458 HTTP/1.1" 200 2156
190.171.149.90 - - [25/Mar/2024:11:24:57 -0300] "GET /cormun/static/Resources/PXToolsLoginTop.png HTTP/1.1" 200 1337
190.171.149.90 - - [25/Mar/2024:11:24:57 -0300] "GET /cormun/static/Resources/PXToolsLoginBackground.png HTTP/1.1" 200 1164
190.171.149.90 - - [25/Mar/2024:11:24:57 -0300] "GET /cormun/static/Resources/PXToolsButtonLeft.png HTTP/1.1" 200 1310
190.171.149.90 - - [25/Mar/2024:11:24:57 -0300] "GET /cormun/static/Resources/PXToolsButtonRight.png HTTP/1.1" 200 1294
190.171.149.90 - - [25/Mar/2024:11:24:57 -0300] "GET /cormun/static/Resources/PXToolsLoginBottom.png HTTP/1.1" 200 1389
190.171.149.90 - - [25/Mar/2024:11:24:57 -0300] "GET /cormun/static/Resources/PXToolsButtonBackground.png HTTP/1.1" 200 1176
190.171.149.90 - - [25/Mar/2024:11:24:57 -0300] "GET /cormun/servlet/hlogin HTTP/1.1" 200 1735
190.171.149.90 - - [25/Mar/2024:11:24:57 -0300] "GET /cormun/static/Resources/PXToolsButtonBackground.png HTTP/1.1" 200 1176
190.171.149.90 - - [25/Mar/2024:11:24:57 -0300] "GET /cormun/static/Resources/PXToolsLoginBottom.png HTTP/1.1" 200 1389
190.171.149.90 - - [25/Mar/2024:11:24:57 -0300] "GET /cormun/static/Resources/indicator.gif HTTP/1.1" 200 1553
190.171.149.90 - - [25/Mar/2024:11:24:57 -0300] "GET /favicon.ico HTTP/1.1" 200 21630
190.171.153.50 - - [25/Mar/2024:11:25:08 -0300] "GET /cormun/servlet/hlogin HTTP/1.1" 200 1741
181.212.47.137 - - [25/Mar/2024:11:25:53 -0300] "POST /cormun/servlet/trsolicitudgral?ad53d6505b92350c13e0768a12b2862e,,gx-no-cache=1711376553553 HTTP/1.1" 200 6655
181.212.47.137 - - [25/Mar/2024:11:26:00 -0300] "POST /cormun/servlet/trsolicitudgral?ad53d6505b92350c13e0768a12b2862e,,gx-no-cache=1711376559238 HTTP/1.1" 200 25897
190.171.152.114 - - [25/Mar/2024:11:26:21 -0300] "GET /cormun/servlet/solicitudot?4bba12caf81a636747619dca998aadc86429586fb5c9c2a15192618337972b35271bc4f880ea59cdc1df2d291f1907ac2610d815b893483242550e47fee40d229a44ba94b057834252814fec4f02a7bd,gx-no-cache=1711376601895 HTTP/1.1" 200 30
190.171.152.114 - - [25/Mar/2024:11:26:27 -0300] "GET /cormun/servlet/prbanco?,MD,,gxPopupLevel%3D0%3B HTTP/1.1" 200 6670
190.171.149.90 - - [25/Mar/2024:11:26:53 -0300] "GET /cormun/servlet/hlogin HTTP/1.1" 200 1724
190.171.149.90 - - [25/Mar/2024:11:27:05 -0300] "POST /cormun/servlet/hlogin?f026983c41b5d111f2491b1d0150521a,gx-no-cache=1711376642327 HTTP/1.1" 200 90
190.171.149.90 - - [25/Mar/2024:11:27:05 -0300] "GET /cormun/servlet/hpexe_link HTTP/1.1" 200 956
190.171.149.90 - - [25/Mar/2024:11:27:05 -0300] "GET /cormun/static/Resources/Spanish/PXTools.css?8354383 HTTP/1.1" 200 100853
190.171.149.90 - - [25/Mar/2024:11:27:05 -0300] "GET /cormun/static/gxcfg.js?20221129847421 HTTP/1.1" 200 953
190.171.149.90 - - [25/Mar/2024:11:27:05 -0300] "GET /cormun/static/hpexe_link.js?20221129847423 HTTP/1.1" 200 625
190.171.149.90 - - [25/Mar/2024:11:27:05 -0300] "GET /cormun/servlet/hhome HTTP/1.1" 200 4266
190.171.149.90 - - [25/Mar/2024:11:27:05 -0300] "GET /cormun/static/SmoothNavMenu/resources/ddsmoothmenu.css?1112540 HTTP/1.1" 200 2223
190.171.149.90 - - [25/Mar/2024:11:27:05 -0300] "GET /cormun/static/Resources/Spanish/PXTools.css?14345360 HTTP/1.1" 200 100853
190.171.149.90 - - [25/Mar/2024:11:27:05 -0300] "GET /cormun/static/Shared/jqueryui/jquery-ui.min.css?1345370 HTTP/1.1" 200 30288
190.171.149.90 - - [25/Mar/2024:11:27:05 -0300] "GET /cormun/static/SmoothNavMenu/resources/ddsmoothmenu-v.css?1112540 HTTP/1.1" 200 1188
190.171.149.90 - - [25/Mar/2024:11:27:05 -0300] "GET /cormun/static/gxcfg.js?20201215495537 HTTP/1.1" 200 953
190.171.149.90 - - [25/Mar/2024:11:27:05 -0300] "GET /cormun/static/scaMessage/css/jquery.pnotify.default.css?1816380 HTTP/1.1" 200 1707
190.171.149.90 - - [25/Mar/2024:11:27:05 -0300] "GET /cormun/static/PXToolsJavascripts/pexe_autoreload.js HTTP/1.1" 200 1762
190.171.149.90 - - [25/Mar/2024:11:27:05 -0300] "GET /cormun/static/PXToolsJavascripts/pexe_cookies.js HTTP/1.1" 200 792
190.171.149.90 - - [25/Mar/2024:11:27:05 -0300] "GET /cormun/static/PXToolsJavascripts/pexe_windows.js HTTP/1.1" 200 15249
190.171.149.90 - - [25/Mar/2024:11:27:05 -0300] "GET /cormun/static/PXToolsJavascripts/pexe_link.js HTTP/1.1" 200 5671
190.171.149.90 - - [25/Mar/2024:11:27:05 -0300] "GET /cormun/static/PXToolsJavascripts/pexe_griddivfix.js HTTP/1.1" 200 6946
190.171.149.90 - - [25/Mar/2024:11:27:05 -0300] "GET /cormun/static/PXToolsJavascripts/pexe_grid.js HTTP/1.1" 200 7559
190.171.149.90 - - [25/Mar/2024:11:27:06 -0300] "GET /cormun/static/PXToolsJavascripts/pexe_menudivfix.js HTTP/1.1" 200 333
190.171.149.90 - - [25/Mar/2024:11:27:06 -0300] "GET /cormun/static/PXToolsJavascripts/pexe_menus.js HTTP/1.1" 200 1286
190.171.149.90 - - [25/Mar/2024:11:27:06 -0300] "GET /cormun/static/PXToolsJavascripts/pexe_layers.js HTTP/1.1" 200 4114
190.171.149.90 - - [25/Mar/2024:11:27:06 -0300] "GET /cormun/static/PXToolsJavascripts/pexe_oav.js HTTP/1.1" 200 645
190.171.149.90 - - [25/Mar/2024:11:27:06 -0300] "GET /cormun/static/PXToolsJavascripts/pexe_oavdivfix.js HTTP/1.1" 200 639
190.171.149.90 - - [25/Mar/2024:11:27:06 -0300] "GET /cormun/static/PXToolsJavascripts/pexe_picture.js HTTP/1.1" 200 689
190.171.149.90 - - [25/Mar/2024:11:27:06 -0300] "GET /cormun/static/PXToolsJavascripts/pexe_scrolldiv.js HTTP/1.1" 200 4138
190.171.149.90 - - [25/Mar/2024:11:27:06 -0300] "GET /cormun/static/PXToolsJavascripts/pexe_popup.js HTTP/1.1" 200 15149
190.171.149.90 - - [25/Mar/2024:11:27:06 -0300] "GET /cormun/static/PXToolsJavascripts/pexe_tabdivfix.js HTTP/1.1" 200 898
190.171.149.90 - - [25/Mar/2024:11:27:06 -0300] "GET /cormun/static/PXToolsJavascripts/pexe_tabs.js HTTP/1.1" 200 3748
190.171.149.90 - - [25/Mar/2024:11:27:06 -0300] "GET /cormun/static/PXToolsJavascripts/pexe_upload.js HTTP/1.1" 200 1423
190.171.149.90 - - [25/Mar/2024:11:27:06 -0300] "GET /cormun/static/PXToolsJavascripts/PXToolsJavascriptsRender.js HTTP/1.1" 200 367
190.171.149.90 - - [25/Mar/2024:11:27:06 -0300] "GET /cormun/static/Resources/CormunMP2.png HTTP/1.1" 200 6878
190.171.149.90 - - [25/Mar/2024:11:27:06 -0300] "GET /cormun/static/Resources/ImgHome.png HTTP/1.1" 200 1364
190.171.149.90 - - [25/Mar/2024:11:27:06 -0300] "GET /cormun/static/Resources/Llave.png HTTP/1.1" 200 1395
190.171.149.90 - - [25/Mar/2024:11:27:06 -0300] "GET /cormun/static/RunJS/RunJS.js HTTP/1.1" 200 288
190.171.149.90 - - [25/Mar/2024:11:27:06 -0300] "GET /cormun/static/Resources/ImgLogin.png HTTP/1.1" 200 1432
190.171.149.90 - - [25/Mar/2024:11:27:06 -0300] "GET /cormun/static/Shared/ext/locale/ext-lang-en.js HTTP/1.1" 200 10940
190.171.149.90 - - [25/Mar/2024:11:27:06 -0300] "GET /cormun/static/hhome.js?20201215495544 HTTP/1.1" 200 777
190.171.149.90 - - [25/Mar/2024:11:27:06 -0300] "GET /cormun/static/hwchdr01.js?2022112219251119 HTTP/1.1" 200 996
190.171.149.90 - - [25/Mar/2024:11:27:06 -0300] "GET /cormun/static/hpexe_recentlink.js?20201214471090 HTTP/1.1" 200 2144
190.171.149.90 - - [25/Mar/2024:11:27:06 -0300] "GET /cormun/static/gxui/gxui-all.js HTTP/1.1" 200 107772
190.171.149.90 - - [25/Mar/2024:11:27:06 -0300] "GET /cormun/static/hpexe_scripts.js?20201214471411 HTTP/1.1" 200 1544
190.171.149.90 - - [25/Mar/2024:11:27:06 -0300] "GET /cormun/static/Resources/PXToolsDataTitle.png HTTP/1.1" 200 1173
190.171.149.90 - - [25/Mar/2024:11:27:06 -0300] "GET /cormun/static/hpexe_messagecontroller.js?202211298371222 HTTP/1.1" 200 870
190.171.149.90 - - [25/Mar/2024:11:27:06 -0300] "GET /cormun/static/hpexe_messagepopupcomponent.js?2020121447232 HTTP/1.1" 200 605
190.171.149.90 - - [25/Mar/2024:11:27:06 -0300] "GET /cormun/static/hpexe_messagegenexuscomponent.js?20221129836373 HTTP/1.1" 200 587
190.171.149.90 - - [25/Mar/2024:11:27:06 -0300] "GET /cormun/static/cmcontrolpreferences.js?20199141926336 HTTP/1.1" 200 1375
190.171.149.90 - - [25/Mar/2024:11:27:06 -0300] "GET /cormun/static/Shared/jquery/jquery-1.4.2.min.js HTTP/1.1" 200 72174
190.171.149.90 - - [25/Mar/2024:11:27:06 -0300] "GET /cormun/static/SmoothNavMenu/resources/ddsmoothmenu.js HTTP/1.1" 200 12712
190.171.149.90 - - [25/Mar/2024:11:27:06 -0300] "GET /cormun/static/SmoothNavMenu/resources/SmoothNavMenuRender.js HTTP/1.1" 200 5951
190.171.149.90 - - [25/Mar/2024:11:27:06 -0300] "GET /cormun/static/scaMessage/js/jquery.pnotify.min.js HTTP/1.1" 200 13038
190.171.149.90 - - [25/Mar/2024:11:27:06 -0300] "GET /cormun/static/scaMessage/scaMessageRender.js HTTP/1.1" 200 11977
190.171.149.90 - - [25/Mar/2024:11:27:06 -0300] "GET /cormun/static/hmpwkw03.js?20221129844354 HTTP/1.1" 200 3971
190.171.149.90 - - [25/Mar/2024:11:27:06 -0300] "GET /cormun/static/Shared/jquery/jquery-1.10.2.min.js HTTP/1.1" 200 273199
190.171.149.90 - - [25/Mar/2024:11:27:06 -0300] "GET /cormun/static/Shared/ext/ext-all.js HTTP/1.1" 200 1289687
190.171.149.90 - - [25/Mar/2024:11:27:06 -0300] "GET /cormun/static/Shared/jqueryui/jquery-ui.min.js HTTP/1.1" 200 240427
190.171.149.90 - - [25/Mar/2024:11:27:06 -0300] "GET /cormun/static/SmoothNavMenu/resources/images/down.gif HTTP/1.1" 200 854
190.171.149.90 - - [25/Mar/2024:11:27:06 -0300] "GET /cormun/static/SmoothNavMenu/resources/images/right.gif HTTP/1.1" 200 860
190.171.152.114 - - [25/Mar/2024:11:27:09 -0300] "GET /cormun/servlet/solicitudot?4bba12caf81a636747619dca998aadc82a74a711d9810d5dd59654e52b7a41c0,gx-no-cache=1711376649688 HTTP/1.1" 200 55
190.171.149.90 - - [25/Mar/2024:11:27:09 -0300] "GET /cormun/servlet/trautorizarsolicitud? HTTP/1.1" 200 11583
190.171.149.90 - - [25/Mar/2024:11:27:10 -0300] "GET /cormun/static/gxui/gxui-all.css?120300 HTTP/1.1" 200 2179
190.171.149.90 - - [25/Mar/2024:11:27:10 -0300] "GET /cormun/static/calendar-system.css?85620 HTTP/1.1" 200 5572
190.171.149.90 - - [25/Mar/2024:11:27:10 -0300] "GET /cormun/static/gxcfg.js?202211298474254 HTTP/1.1" 200 953
190.171.149.90 - - [25/Mar/2024:11:27:10 -0300] "GET /cormun/static/calendar-setup.js?85251 HTTP/1.1" 200 2588
190.171.149.90 - - [25/Mar/2024:11:27:10 -0300] "GET /cormun/static/calendar.js?85251 HTTP/1.1" 200 26246
190.171.149.90 - - [25/Mar/2024:11:27:10 -0300] "GET /cormun/static/calendar-es.js?85251 HTTP/1.1" 200 1901
190.171.149.90 - - [25/Mar/2024:11:27:10 -0300] "GET /cormun/static/Resources/PXTools/calendar.png HTTP/1.1" 200 1306
190.171.149.90 - - [25/Mar/2024:11:27:10 -0300] "GET /cormun/static/gxdec.js?85251 HTTP/1.1" 200 19579
190.171.149.90 - - [25/Mar/2024:11:27:10 -0300] "GET /cormun/static/trautorizarsolicitud.js?202211298474588 HTTP/1.1" 200 53909
190.171.149.90 - - [25/Mar/2024:11:27:10 -0300] "GET /cormun/static/Resources/PXToolsDataSearch.png HTTP/1.1" 200 435
190.171.149.90 - - [25/Mar/2024:11:27:10 -0300] "GET /cormun/static/Shared/ext/resources/css/ext-all.css?215870 HTTP/1.1" 200 416045
190.171.149.90 - - [25/Mar/2024:11:27:10 -0300] "GET /cormun/static/Resources/PXToolsGridFirstDisabled.gif HTTP/1.1" 200 100
190.171.149.90 - - [25/Mar/2024:11:27:10 -0300] "GET /cormun/static/Resources/PXToolsGridPreviousDisabled.gif HTTP/1.1" 200 90
190.171.149.90 - - [25/Mar/2024:11:27:10 -0300] "GET /cormun/static/Resources/PXToolsGridNextDisabled.gif HTTP/1.1" 200 90
190.171.149.90 - - [25/Mar/2024:11:27:10 -0300] "GET /cormun/static/Resources/PXToolsActionExcel.png HTTP/1.1" 200 727
190.171.149.90 - - [25/Mar/2024:11:27:10 -0300] "GET /cormun/static/Resources/PXToolsGridLastDisabled.gif HTTP/1.1" 200 98
190.171.149.90 - - [25/Mar/2024:11:27:10 -0300] "GET /cormun/static/Resources/PXToolsGridPage.gif HTTP/1.1" 200 725
190.171.149.90 - - [25/Mar/2024:11:27:10 -0300] "GET /cormun/static/Resources/asc.gif HTTP/1.1" 200 67
190.171.149.90 - - [25/Mar/2024:11:27:10 -0300] "GET /cormun/static/Resources/desc.gif HTTP/1.1" 200 65
190.171.149.90 - - [25/Mar/2024:11:27:10 -0300] "GET /cormun//static/Resources/PXToolsRemoveAllAction.png HTTP/1.1" 200 487
190.171.149.90 - - [25/Mar/2024:11:27:10 -0300] "GET /cormun//static/Resources/PXToolsGridDelete.png HTTP/1.1" 200 538
190.171.149.90 - - [25/Mar/2024:11:27:10 -0300] "GET /cormun//static/Resources/PXToolsGridUpdate.png HTTP/1.1" 200 470
190.171.149.90 - - [25/Mar/2024:11:27:10 -0300] "GET /cormun//static/Resources/PXToolsActionView.png HTTP/1.1" 200 398
190.171.149.90 - - [25/Mar/2024:11:27:10 -0300] "GET /cormun//static/Resources/PXTools/ActionInsert.png HTTP/1.1" 200 1482
190.171.149.90 - - [25/Mar/2024:11:27:10 -0300] "GET /cormun/static/Shared/ext/resources/themes/images/default/panel/bg-headersPanel.png HTTP/1.1" 200 255
190.171.149.90 - - [25/Mar/2024:11:27:10 -0300] "GET /cormun/static/Shared/ext/resources/themes/images/default/tools/tool-sprites.gif HTTP/1.1" 200 5434
190.171.149.90 - - [25/Mar/2024:11:27:22 -0300] "POST /cormun/servlet/trautorizarsolicitud?f026983c41b5d111f2491b1d0150521a,,gx-no-cache=1711376659210 HTTP/1.1" 200 8513
190.171.149.90 - - [25/Mar/2024:11:27:22 -0300] "GET /cormun/static/Shared/jqueryui/images/ui-icons_82798d_256x240.png HTTP/1.1" 404 1089
190.171.149.90 - - [25/Mar/2024:11:27:22 -0300] "GET /cormun/static/Shared/jqueryui/images/ui-bg_highlight-soft_100_c6c2c8_1x100.png HTTP/1.1" 404 1117
190.171.149.90 - - [25/Mar/2024:11:27:22 -0300] "GET /cormun/static/Shared/jqueryui/images/ui-icons_8d78a5_256x240.png HTTP/1.1" 404 1089
190.171.149.90 - - [25/Mar/2024:11:27:22 -0300] "GET /cormun/static/Shared/jqueryui/images/ui-bg_flat_55_fafafa_40x100.png HTTP/1.1" 404 1097
190.171.149.90 - - [25/Mar/2024:11:27:22 -0300] "POST /cormun/servlet/trautorizarsolicitud?f026983c41b5d111f2491b1d0150521a,,gx-no-cache=1711376659516 HTTP/1.1" 200 8456
190.171.152.138 - - [25/Mar/2024:11:27:23 -0300] "POST /cormun/servlet/solicitudot?gx-no-cache=1711380209979 HTTP/1.1" 200 4022
190.171.152.138 - - [25/Mar/2024:11:27:23 -0300] "POST /cormun/servlet/solicitudot?c13b3113d8179ad32b863f950fcc437b,INS,0,0,false,,gx-no-cache=1711380210122 HTTP/1.1" 200 12600
190.171.152.138 - - [25/Mar/2024:11:27:24 -0300] "GET /cormun/servlet/solicitudot?a64cee9c99d5381b4fc3773385be2cbf42d30705dcf2130737a680cf69a3dc2c773318c10bc81923a83182c5a2c0efb4,gx-no-cache=1711380210730 HTTP/1.1" 200 30
190.171.149.90 - - [25/Mar/2024:11:27:30 -0300] "POST /cormun/servlet/trautorizarsolicitud?f026983c41b5d111f2491b1d0150521a,,gx-no-cache=1711376667702 HTTP/1.1" 200 8083
190.171.149.90 - - [25/Mar/2024:11:27:30 -0300] "POST /cormun/servlet/trautorizarsolicitud?f026983c41b5d111f2491b1d0150521a,,gx-no-cache=1711376667933 HTTP/1.1" 200 8030
190.171.152.114 - - [25/Mar/2024:11:27:39 -0300] "POST /cormun/servlet/solicitudot?gx-no-cache=1711376680396 HTTP/1.1" 200 255
190.171.149.90 - - [25/Mar/2024:11:27:40 -0300] "POST /cormun/servlet/trautorizarsolicitud?f026983c41b5d111f2491b1d0150521a,,gx-no-cache=1711376677390 HTTP/1.1" 200 7644
190.171.149.90 - - [25/Mar/2024:11:27:40 -0300] "POST /cormun/servlet/trautorizarsolicitud?f026983c41b5d111f2491b1d0150521a,,gx-no-cache=1711376677624 HTTP/1.1" 200 7585
190.171.152.114 - - [25/Mar/2024:11:27:41 -0300] "GET /cormun/servlet/solicitudot?4bba12caf81a636747619dca998aadc8c4410be198d24a07296840fa21238dcef457faf51d52f42d4589ee602cecf74d2b6a87e630cd99d72dacdd981a2eaf8da809362c4b1dd13f4343b06e46bf14936b5c1f7c703b16b4baba038ee7bb9bb6129db82a690345e7dc3bc6aa8c071cb80d5c96e3372ccd2fd9b82da2a6bc5894f27f70f79cfe6cd8ecbe63f5706fe13f22c7a4b0bbae2905f95398369746853ba0cf34deb36631ccd7fbcd448c253800e6ba95b15b3e78984176b02a8589be13ab567cf5634ca6fec8d50eef014f3a65f910af38ba1a02550340627a071cc671761bbf5c003699c70a48879ff852a292d72e25c84041b663c9babd3d1c9debebee2c071f589b386c161941270a8a90020159cc1bbb6a80497c0a3ff37834a6bc6396e2107a983bf86287150ce556113f4ec974f3943c7e5e43e344ada7ce74c6e9e36f9ebf952d316b5033c78c1b62aa7f7b487f6a09c2bd5e81d6100df1a2a3ef34b06e00208c931e7607067cf19e3386cfe19ab169a96a6f695a53bb0c838f,gx-no-cache=1711376682108 HTTP/1.1" 200 30
190.171.152.138 - - [25/Mar/2024:11:27:45 -0300] "POST /cormun/servlet/solicitudot?c13b3113d8179ad32b863f950fcc437b,INS,0,0,false,,gx-no-cache=1711380231756 HTTP/1.1" 200 12937
190.171.152.114 - - [25/Mar/2024:11:27:45 -0300] "POST /cormun/servlet/solicitudot?gx-no-cache=1711376686164 HTTP/1.1" 200 30
190.171.152.138 - - [25/Mar/2024:11:27:45 -0300] "GET /cormun/static/Shared/jqueryui/images/ui-bg_highlight-soft_100_c6c2c8_1x100.png HTTP/1.1" 404 1117
190.171.152.138 - - [25/Mar/2024:11:27:45 -0300] "GET /cormun/static/Shared/jqueryui/images/ui-icons_82798d_256x240.png HTTP/1.1" 404 1089
190.171.152.138 - - [25/Mar/2024:11:27:45 -0300] "GET /cormun/static/Shared/jqueryui/images/ui-bg_flat_55_994d53_40x100.png HTTP/1.1" 404 1097
190.171.152.138 - - [25/Mar/2024:11:27:45 -0300] "GET /cormun/static/Shared/jqueryui/images/ui-icons_ebccce_256x240.png HTTP/1.1" 404 1089
190.171.152.114 - - [25/Mar/2024:11:27:48 -0300] "POST /cormun/servlet/solicitudot?gx-no-cache=1711376689235 HTTP/1.1" 200 1474
190.171.152.114 - - [25/Mar/2024:11:27:48 -0300] "POST /cormun/servlet/solicitudot?gx-no-cache=1711376689282 HTTP/1.1" 200 38
190.171.149.90 - - [25/Mar/2024:11:27:52 -0300] "POST /cormun/servlet/trautorizarsolicitud?f026983c41b5d111f2491b1d0150521a,,gx-no-cache=1711376689621 HTTP/1.1" 200 7267
190.171.149.90 - - [25/Mar/2024:11:27:52 -0300] "POST /cormun/servlet/trautorizarsolicitud?f026983c41b5d111f2491b1d0150521a,,gx-no-cache=1711376689840 HTTP/1.1" 200 7210
190.171.152.114 - - [25/Mar/2024:11:27:56 -0300] "GET /cormun/servlet/solicitudot?4bba12caf81a636747619dca998aadc82180e1e50e1537d9c068c45ae57707164ccee97e17029fe856242bc5c3ec0b0f46ae0ab0d2243840a6895fc3bc117b7472d045d3f9f6051430ff6914ea98bca7ccf096fa0674f4dca9672eb09d096ec98bb539e5cdc6e2466b4e69f3a2157e6a,gx-no-cache=1711376696905 HTTP/1.1" 200 110
190.171.152.114 - - [25/Mar/2024:11:27:56 -0300] "POST /cormun/servlet/solicitudot?gx-no-cache=1711376696934 HTTP/1.1" 200 110
190.171.149.90 - - [25/Mar/2024:11:27:59 -0300] "POST /cormun/servlet/trautorizarsolicitud?f026983c41b5d111f2491b1d0150521a,,gx-no-cache=1711376696637 HTTP/1.1" 200 6928
190.171.149.90 - - [25/Mar/2024:11:27:59 -0300] "POST /cormun/servlet/trautorizarsolicitud?f026983c41b5d111f2491b1d0150521a,,gx-no-cache=1711376696839 HTTP/1.1" 200 6873
190.171.152.114 - - [25/Mar/2024:11:28:03 -0300] "GET /cormun/servlet/solicitudot?4bba12caf81a636747619dca998aadc8bb924d7877dbc3239890978a8372d69837a0ee87d93b5ff9b0c4c0d41bb5863a4f7b9f6b842ffe5bafda01ab74a9309610af3f8c30a0e691c2b4d728d3ce5bd20c41f3ff88bf593603e6a63b147fb0e4db3c90577272f793620340d803e853c2,gx-no-cache=1711376703572 HTTP/1.1" 200 29
190.171.152.114 - - [25/Mar/2024:11:28:03 -0300] "GET /cormun/static/menuarrow.gif HTTP/1.1" 404 1015
190.171.149.90 - - [25/Mar/2024:11:28:04 -0300] "POST /cormun/servlet/trautorizarsolicitud?f026983c41b5d111f2491b1d0150521a,,gx-no-cache=1711376701709 HTTP/1.1" 200 6461
190.171.149.90 - - [25/Mar/2024:11:28:04 -0300] "POST /cormun/servlet/trautorizarsolicitud?f026983c41b5d111f2491b1d0150521a,,gx-no-cache=1711376701900 HTTP/1.1" 200 6405
190.171.152.114 - - [25/Mar/2024:11:28:06 -0300] "GET /cormun/servlet/solicitudot?4bba12caf81a636747619dca998aadc81e87e0c5427f35de81a976490a9363df205c7b69ca9fc55dd73145202ab12e9b,gx-no-cache=1711376707299 HTTP/1.1" 200 30
190.171.149.90 - - [25/Mar/2024:11:28:11 -0300] "POST /cormun/servlet/trautorizarsolicitud?f026983c41b5d111f2491b1d0150521a,,gx-no-cache=1711376708509 HTTP/1.1" 200 6034
190.171.149.90 - - [25/Mar/2024:11:28:11 -0300] "POST /cormun/servlet/trautorizarsolicitud?f026983c41b5d111f2491b1d0150521a,,gx-no-cache=1711376708636 HTTP/1.1" 200 5977
190.171.152.114 - - [25/Mar/2024:11:28:14 -0300] "POST /cormun/servlet/solicitudot?gx-no-cache=1711376715410 HTTP/1.1" 200 30
190.171.149.90 - - [25/Mar/2024:11:28:15 -0300] "POST /cormun/servlet/trautorizarsolicitud?f026983c41b5d111f2491b1d0150521a,,gx-no-cache=1711376712757 HTTP/1.1" 200 4799
190.171.149.90 - - [25/Mar/2024:11:28:15 -0300] "POST /cormun/servlet/trautorizarsolicitud?f026983c41b5d111f2491b1d0150521a,,gx-no-cache=1711376712858 HTTP/1.1" 200 4543
190.171.152.114 - - [25/Mar/2024:11:28:24 -0300] "POST /cormun/servlet/solicitudot?6deecbcb8a942faa5be5a7dbf59a86cc,INS,0,0,false,,gx-no-cache=1711376724174 HTTP/1.1" 200 93
190.171.152.114 - - [25/Mar/2024:11:28:24 -0300] "GET /cormun/servlet/hpexe_return? HTTP/1.1" 200 1013
190.171.152.114 - - [25/Mar/2024:11:28:24 -0300] "GET /cormun/servlet/trsolicitudot HTTP/1.1" 200 10487
209.141.55.133 - - [25/Mar/2024:11:28:40 -0300] "GET /manager/html HTTP/1.1" 401 2474
209.141.55.133 - - [25/Mar/2024:11:28:41 -0300] "GET /manager/html HTTP/1.1" 401 2474
190.171.152.138 - - [25/Mar/2024:11:29:09 -0300] "GET /cormun/servlet/solicitudot?a64cee9c99d5381b4fc3773385be2cbf33958a8371b6d73632c7b331aa47b051c183a2d3e34ea72a7f8ae2db294e6c07777431b6c5ae7df72c2737b2e7f326d68af6ad45a9a24885bbef2df06b6fd2c7,gx-no-cache=1711380315518 HTTP/1.1" 200 30
190.171.152.138 - - [25/Mar/2024:11:29:11 -0300] "GET /cormun/servlet/solicitudot?a64cee9c99d5381b4fc3773385be2cbfc9689835ba911907f82c98ec5ffbf81f,gx-no-cache=1711380317778 HTTP/1.1" 200 53
190.171.152.138 - - [25/Mar/2024:11:29:26 -0300] "POST /cormun/servlet/solicitudot?gx-no-cache=1711380333226 HTTP/1.1" 200 297
190.171.152.138 - - [25/Mar/2024:11:29:28 -0300] "GET /cormun/servlet/solicitudot?a64cee9c99d5381b4fc3773385be2cbf3fd3faf11932b3ae0578a05b55fe072ae63e87f695ed57bae8ada43af0a2c51b2bbff2e750cd75d32735e758957e69f9ff6f5e9ab4130ccf233f790279767294a8d385694af0db5aa567e7221c0996bee81e4965a257e83b236bd6f321c1a3f2a5f880a45c8b0cd206bca206561d268cef83124493751b6eb467bf3a0d42bd0fc183b4407f9056a7dcd2d55b4919f872efdf0bab33afd92ebb003ed49d2e8b45ee76b022c625b2bbdd715105341e64bb70c5fed56a073c9041ff96833a954766a384590d678cdee9851d22adf5b41cf8371f16f5fd253ce5608004b9dd713d0b6026db45f9ab4d0aba09162357ce50c08200df6052ea5e6e51f121049a6767b93ea4ca245ad253fc0b9126b2df37988ebeebd6ba22d874d9cb05b0714545673cc4490d70b361851230a6328584db089006deb3819ec3f6ecd3338acbf72b8250e09234935438257d41760d5f4fbf1aa97811a67a99e45801f40c092aab4f98a4aeb67d2762abc2bae62fffeb3b07c9f44c759157bf64b9018a2fa232c56bc2c6,gx-no-cache=1711380334920 HTTP/1.1" 200 30
190.171.152.138 - - [25/Mar/2024:11:29:31 -0300] "POST /cormun/servlet/solicitudot?gx-no-cache=1711380337944 HTTP/1.1" 200 30
190.171.152.138 - - [25/Mar/2024:11:29:33 -0300] "POST /cormun/servlet/solicitudot?gx-no-cache=1711380340192 HTTP/1.1" 200 1472
190.171.152.138 - - [25/Mar/2024:11:29:33 -0300] "POST /cormun/servlet/solicitudot?gx-no-cache=1711380340231 HTTP/1.1" 200 38
190.171.152.114 - - [25/Mar/2024:11:29:37 -0300] "POST /cormun/servlet/trsolicitudot?6deecbcb8a942faa5be5a7dbf59a86cc,gx-no-cache=1711376798016 HTTP/1.1" 200 107
190.171.152.114 - - [25/Mar/2024:11:29:37 -0300] "GET /cormun/servlet/trsolicitudadjuntos?2024,21069, HTTP/1.1" 200 6439
190.171.152.114 - - [25/Mar/2024:11:29:39 -0300] "GET /cormun/servlet/solicitudotadjuntos?INS,2024,21069,,1, HTTP/1.1" 200 6381
190.171.152.114 - - [25/Mar/2024:11:29:39 -0300] "GET /cormun/static/about:blank HTTP/1.1" 404 1011
190.171.152.114 - - [25/Mar/2024:11:29:40 -0300] "GET /cormun/servlet/solicitudotadjuntos?4bba12caf81a636747619dca998aadc8f6e56a0128619a9c172a43082e29273f213b7dc25b533eed2ccd2f16eed611fc,gx-no-cache=1711376800647 HTTP/1.1" 200 30
190.171.152.114 - - [25/Mar/2024:11:29:40 -0300] "POST /cormun/servlet/solicitudotadjuntos?6deecbcb8a942faa5be5a7dbf59a86cc,INS,2024,21069,,1,,gx-no-cache=1711376800669 HTTP/1.1" 200 4189
190.171.152.114 - - [25/Mar/2024:11:29:42 -0300] "POST /cormun/servlet/solicitudotadjuntos?gx-no-cache=1711376802977 HTTP/1.1" 200 26
190.171.152.138 - - [25/Mar/2024:11:29:43 -0300] "GET /cormun/servlet/solicitudot?a64cee9c99d5381b4fc3773385be2cbf579ac570bcd406aa1cf8ac052581de248ad7c8553aac9d97430a9786ed36026fe9c72c4810069966b2477db423b96a14443de6f079b6e1c03944d671f16822b1fe22bed9ab85557e38fa7f1c86e93dd2c7d8c13882fcde0fac1e985f604ae10b,gx-no-cache=1711380349667 HTTP/1.1" 200 110
190.171.152.138 - - [25/Mar/2024:11:29:45 -0300] "POST /cormun/servlet/solicitudot?gx-no-cache=1711380351331 HTTP/1.1" 200 72
190.171.152.138 - - [25/Mar/2024:11:29:45 -0300] "POST /cormun/servlet/solicitudot?gx-no-cache=1711380351842 HTTP/1.1" 200 72
190.171.152.138 - - [25/Mar/2024:11:29:45 -0300] "POST /cormun/servlet/solicitudot?gx-no-cache=1711380352197 HTTP/1.1" 200 64
190.171.152.138 - - [25/Mar/2024:11:29:46 -0300] "POST /cormun/servlet/solicitudot?gx-no-cache=1711380352409 HTTP/1.1" 200 79
190.171.152.138 - - [25/Mar/2024:11:30:13 -0300] "POST /cormun/servlet/solicitudot?gx-no-cache=1711380379885 HTTP/1.1" 200 83
190.171.152.138 - - [25/Mar/2024:11:30:21 -0300] "GET /cormun/servlet/solicitudot?a64cee9c99d5381b4fc3773385be2cbf383571b988ebdeb250d5a23abf16c68d3b923810618d9c4e25d1f10b2d8a492615a8a149906e996f4359c80541427cc9ce00d35a02057098e8ca161a4bf3cd00512a288fd4cc6822551f28c7f9561a04fb67a169a047326c3592100227afaf35,gx-no-cache=1711380387762 HTTP/1.1" 200 29
190.171.152.138 - - [25/Mar/2024:11:30:21 -0300] "GET /cormun/static/menuarrow.gif HTTP/1.1" 404 1015
190.171.143.82 - - [25/Mar/2024:11:30:26 -0300] "GET /cormun/servlet/trcontratosolicitud? HTTP/1.1" 200 5671
190.171.152.114 - - [25/Mar/2024:11:30:37 -0300] "GET /cormun/servlet/solicitudotadjuntos?4bba12caf81a636747619dca998aadc8bbfa3b8717fb8aa2209020a65aeaf568,gx-no-cache=1711376858492 HTTP/1.1" 200 30
190.171.152.114 - - [25/Mar/2024:11:30:37 -0300] "GET /cormun/servlet/solicitudotadjuntos?4bba12caf81a636747619dca998aadc8bbfa3b8717fb8aa2209020a65aeaf568,gx-no-cache=1711376858507 HTTP/1.1" 200 30
190.171.152.114 - - [25/Mar/2024:11:30:38 -0300] "POST /cormun/servlet/solicitudotadjuntos?6deecbcb8a942faa5be5a7dbf59a86cc,INS,2024,21069,,1, HTTP/1.1" 200 116
190.171.152.114 - - [25/Mar/2024:11:30:38 -0300] "GET /cormun/servlet/hpexe_return? HTTP/1.1" 200 1030
190.171.152.114 - - [25/Mar/2024:11:30:38 -0300] "GET /cormun/servlet/trsolicitudadjuntos?2024,21069, HTTP/1.1" 200 9393
190.171.152.114 - - [25/Mar/2024:11:30:41 -0300] "GET /cormun/servlet/solicitudotadjuntos?INS,2024,21069,,1, HTTP/1.1" 200 6381
190.171.152.114 - - [25/Mar/2024:11:30:41 -0300] "GET /cormun/static/about:blank HTTP/1.1" 404 1011
190.171.152.114 - - [25/Mar/2024:11:30:41 -0300] "GET /cormun/servlet/solicitudotadjuntos?4bba12caf81a636747619dca998aadc8f6e56a0128619a9c172a43082e29273f213b7dc25b533eed2ccd2f16eed611fc,gx-no-cache=1711376862356 HTTP/1.1" 200 30
190.171.152.114 - - [25/Mar/2024:11:30:41 -0300] "POST /cormun/servlet/solicitudotadjuntos?6deecbcb8a942faa5be5a7dbf59a86cc,INS,2024,21069,,1,,gx-no-cache=1711376862377 HTTP/1.1" 200 4189
190.171.152.114 - - [25/Mar/2024:11:30:43 -0300] "POST /cormun/servlet/solicitudotadjuntos?gx-no-cache=1711376864516 HTTP/1.1" 200 26
190.171.152.114 - - [25/Mar/2024:11:30:54 -0300] "GET /cormun/servlet/solicitudotadjuntos?4bba12caf81a636747619dca998aadc8bbfa3b8717fb8aa2209020a65aeaf568,gx-no-cache=1711376874635 HTTP/1.1" 200 30
190.171.152.114 - - [25/Mar/2024:11:30:54 -0300] "GET /cormun/servlet/solicitudotadjuntos?4bba12caf81a636747619dca998aadc8bbfa3b8717fb8aa2209020a65aeaf568,gx-no-cache=1711376874645 HTTP/1.1" 200 30
190.171.152.114 - - [25/Mar/2024:11:30:54 -0300] "POST /cormun/servlet/solicitudotadjuntos?6deecbcb8a942faa5be5a7dbf59a86cc,INS,2024,21069,,1, HTTP/1.1" 200 116
190.171.152.114 - - [25/Mar/2024:11:30:54 -0300] "GET /cormun/servlet/hpexe_return? HTTP/1.1" 200 1030
190.171.152.114 - - [25/Mar/2024:11:30:54 -0300] "GET /cormun/servlet/trsolicitudadjuntos?2024,21069, HTTP/1.1" 200 9654
190.171.152.138 - - [25/Mar/2024:11:30:57 -0300] "GET /cormun/servlet/solicitudot?a64cee9c99d5381b4fc3773385be2cbfdaaa07503586acacee95eb8eb2264652d7a7f6cb3eba5a1b357d711a7afd8f87,gx-no-cache=1711380423461 HTTP/1.1" 200 30
190.171.152.114 - - [25/Mar/2024:11:30:59 -0300] "GET /cormun/servlet/solicitudotadjuntos?INS,2024,21069,,1, HTTP/1.1" 200 6381
190.171.152.114 - - [25/Mar/2024:11:30:59 -0300] "GET /cormun/static/about:blank HTTP/1.1" 404 1011
190.171.152.114 - - [25/Mar/2024:11:31:00 -0300] "GET /cormun/servlet/solicitudotadjuntos?4bba12caf81a636747619dca998aadc8f6e56a0128619a9c172a43082e29273f213b7dc25b533eed2ccd2f16eed611fc,gx-no-cache=1711376881030 HTTP/1.1" 200 30
190.171.152.114 - - [25/Mar/2024:11:31:00 -0300] "POST /cormun/servlet/solicitudotadjuntos?6deecbcb8a942faa5be5a7dbf59a86cc,INS,2024,21069,,1,,gx-no-cache=1711376881051 HTTP/1.1" 200 4189
190.171.152.114 - - [25/Mar/2024:11:31:02 -0300] "POST /cormun/servlet/solicitudotadjuntos?gx-no-cache=1711376883083 HTTP/1.1" 200 26
190.171.152.114 - - [25/Mar/2024:11:31:07 -0300] "GET /cormun/servlet/solicitudotadjuntos?4bba12caf81a636747619dca998aadc8bbfa3b8717fb8aa2209020a65aeaf568,gx-no-cache=1711376888563 HTTP/1.1" 200 30
190.171.152.114 - - [25/Mar/2024:11:31:08 -0300] "GET /cormun/servlet/solicitudotadjuntos?4bba12caf81a636747619dca998aadc8bbfa3b8717fb8aa2209020a65aeaf568,gx-no-cache=1711376888573 HTTP/1.1" 200 30
190.171.152.114 - - [25/Mar/2024:11:31:08 -0300] "POST /cormun/servlet/solicitudotadjuntos?6deecbcb8a942faa5be5a7dbf59a86cc,INS,2024,21069,,1, HTTP/1.1" 200 116
190.171.152.114 - - [25/Mar/2024:11:31:08 -0300] "GET /cormun/servlet/hpexe_return? HTTP/1.1" 200 1030
190.171.152.114 - - [25/Mar/2024:11:31:08 -0300] "GET /cormun/servlet/trsolicitudadjuntos?2024,21069, HTTP/1.1" 200 9914
190.171.152.138 - - [25/Mar/2024:11:31:10 -0300] "POST /cormun/servlet/solicitudot?gx-no-cache=1711380436752 HTTP/1.1" 200 30
190.171.152.138 - - [25/Mar/2024:11:31:10 -0300] "POST /cormun/servlet/solicitudot?c13b3113d8179ad32b863f950fcc437b,INS,0,0,false,,gx-no-cache=1711380436806 HTTP/1.1" 200 93
190.171.152.138 - - [25/Mar/2024:11:31:10 -0300] "GET /cormun/servlet/hpexe_return? HTTP/1.1" 200 1008
190.171.152.114 - - [25/Mar/2024:11:31:10 -0300] "GET /cormun/servlet/solicitudotadjuntos?INS,2024,21069,,1, HTTP/1.1" 200 6381
190.171.152.114 - - [25/Mar/2024:11:31:11 -0300] "GET /cormun/static/about:blank HTTP/1.1" 404 1011
190.171.152.138 - - [25/Mar/2024:11:31:11 -0300] "GET /cormun/static/gxcfg.js?20221129846035 HTTP/1.1" 200 953
190.171.152.138 - - [25/Mar/2024:11:31:11 -0300] "GET /cormun/static/hpexe_return.js?20221129846037 HTTP/1.1" 200 1633
190.171.152.138 - - [25/Mar/2024:11:31:11 -0300] "GET /cormun/servlet/hhome HTTP/1.1" 200 4234
190.171.152.114 - - [25/Mar/2024:11:31:11 -0300] "GET /cormun/servlet/solicitudotadjuntos?4bba12caf81a636747619dca998aadc8f6e56a0128619a9c172a43082e29273f213b7dc25b533eed2ccd2f16eed611fc,gx-no-cache=1711376892167 HTTP/1.1" 200 30
190.171.152.114 - - [25/Mar/2024:11:31:11 -0300] "POST /cormun/servlet/solicitudotadjuntos?6deecbcb8a942faa5be5a7dbf59a86cc,INS,2024,21069,,1,,gx-no-cache=1711376892189 HTTP/1.1" 200 4189
190.171.152.114 - - [25/Mar/2024:11:31:14 -0300] "POST /cormun/servlet/solicitudotadjuntos?gx-no-cache=1711376894579 HTTP/1.1" 200 26
190.171.143.82 - - [25/Mar/2024:11:31:14 -0300] "GET /cormun/servlet/hlogin HTTP/1.1" 200 1739
190.171.152.114 - - [25/Mar/2024:11:31:20 -0300] "GET /cormun/servlet/solicitudotadjuntos?4bba12caf81a636747619dca998aadc8bbfa3b8717fb8aa2209020a65aeaf568,gx-no-cache=1711376900819 HTTP/1.1" 200 30
190.171.152.114 - - [25/Mar/2024:11:31:20 -0300] "GET /cormun/servlet/solicitudotadjuntos?4bba12caf81a636747619dca998aadc8bbfa3b8717fb8aa2209020a65aeaf568,gx-no-cache=1711376900829 HTTP/1.1" 200 30
190.171.152.114 - - [25/Mar/2024:11:31:20 -0300] "POST /cormun/servlet/solicitudotadjuntos?6deecbcb8a942faa5be5a7dbf59a86cc,INS,2024,21069,,1, HTTP/1.1" 200 116
190.171.152.114 - - [25/Mar/2024:11:31:20 -0300] "GET /cormun/servlet/hpexe_return? HTTP/1.1" 200 1030
190.171.152.114 - - [25/Mar/2024:11:31:20 -0300] "GET /cormun/servlet/trsolicitudadjuntos?2024,21069, HTTP/1.1" 200 10147
190.171.152.138 - - [25/Mar/2024:11:31:22 -0300] "GET /cormun/servlet/trsolicitudot? HTTP/1.1" 200 8883
190.171.152.114 - - [25/Mar/2024:11:31:22 -0300] "GET /cormun/servlet/solicitudotadjuntos?INS,2024,21069,,1, HTTP/1.1" 200 6382
190.171.152.114 - - [25/Mar/2024:11:31:22 -0300] "GET /cormun/static/about:blank HTTP/1.1" 404 1011
190.171.152.138 - - [25/Mar/2024:11:31:23 -0300] "GET /cormun//static/Resources/PXToolsActionView.png HTTP/1.1" 200 398
190.171.152.138 - - [25/Mar/2024:11:31:23 -0300] "GET /cormun//static/Resources/PXToolsGridUpdate.png HTTP/1.1" 200 470
190.171.152.138 - - [25/Mar/2024:11:31:23 -0300] "GET /cormun//static/Resources/PXToolsGridDelete.png HTTP/1.1" 200 538
190.171.152.138 - - [25/Mar/2024:11:31:23 -0300] "GET /cormun//static/Resources/PXTools/ActionInsert.png HTTP/1.1" 200 1482
190.171.152.138 - - [25/Mar/2024:11:31:23 -0300] "GET /cormun//static/Resources/PXToolsRemoveAllAction.png HTTP/1.1" 200 487
190.171.152.114 - - [25/Mar/2024:11:31:23 -0300] "GET /cormun/servlet/solicitudotadjuntos?4bba12caf81a636747619dca998aadc8f6e56a0128619a9c172a43082e29273f213b7dc25b533eed2ccd2f16eed611fc,gx-no-cache=1711376904068 HTTP/1.1" 200 30
190.171.152.114 - - [25/Mar/2024:11:31:23 -0300] "POST /cormun/servlet/solicitudotadjuntos?6deecbcb8a942faa5be5a7dbf59a86cc,INS,2024,21069,,1,,gx-no-cache=1711376904088 HTTP/1.1" 200 4189
190.171.152.114 - - [25/Mar/2024:11:31:26 -0300] "POST /cormun/servlet/solicitudotadjuntos?gx-no-cache=1711376906787 HTTP/1.1" 200 26
190.171.152.114 - - [25/Mar/2024:11:31:31 -0300] "GET /cormun/servlet/solicitudotadjuntos?4bba12caf81a636747619dca998aadc8bbfa3b8717fb8aa2209020a65aeaf568,gx-no-cache=1711376911834 HTTP/1.1" 200 30
190.171.152.114 - - [25/Mar/2024:11:31:31 -0300] "GET /cormun/servlet/solicitudotadjuntos?4bba12caf81a636747619dca998aadc8bbfa3b8717fb8aa2209020a65aeaf568,gx-no-cache=1711376911844 HTTP/1.1" 200 30
190.171.152.114 - - [25/Mar/2024:11:31:31 -0300] "POST /cormun/servlet/solicitudotadjuntos?6deecbcb8a942faa5be5a7dbf59a86cc,INS,2024,21069,,1, HTTP/1.1" 200 116
190.171.152.114 - - [25/Mar/2024:11:31:31 -0300] "GET /cormun/servlet/hpexe_return? HTTP/1.1" 200 1030
190.171.152.114 - - [25/Mar/2024:11:31:31 -0300] "GET /cormun/servlet/trsolicitudadjuntos?2024,21069, HTTP/1.1" 200 10477
190.171.152.114 - - [25/Mar/2024:11:31:33 -0300] "GET /cormun/servlet/solicitudotadjuntos?INS,2024,21069,,1, HTTP/1.1" 200 6382
190.171.152.114 - - [25/Mar/2024:11:31:33 -0300] "GET /cormun/static/about:blank HTTP/1.1" 404 1011
190.171.152.114 - - [25/Mar/2024:11:31:34 -0300] "GET /cormun/servlet/solicitudotadjuntos?4bba12caf81a636747619dca998aadc8f6e56a0128619a9c172a43082e29273f213b7dc25b533eed2ccd2f16eed611fc,gx-no-cache=1711376915083 HTTP/1.1" 200 30
190.171.152.114 - - [25/Mar/2024:11:31:34 -0300] "POST /cormun/servlet/solicitudotadjuntos?6deecbcb8a942faa5be5a7dbf59a86cc,INS,2024,21069,,1,,gx-no-cache=1711376915099 HTTP/1.1" 200 4189
190.171.152.114 - - [25/Mar/2024:11:31:36 -0300] "POST /cormun/servlet/solicitudotadjuntos?gx-no-cache=1711376917155 HTTP/1.1" 200 26
190.171.152.114 - - [25/Mar/2024:11:31:41 -0300] "GET /cormun/servlet/solicitudotadjuntos?4bba12caf81a636747619dca998aadc8bbfa3b8717fb8aa2209020a65aeaf568,gx-no-cache=1711376922546 HTTP/1.1" 200 30
190.171.152.114 - - [25/Mar/2024:11:31:41 -0300] "GET /cormun/servlet/solicitudotadjuntos?4bba12caf81a636747619dca998aadc8bbfa3b8717fb8aa2209020a65aeaf568,gx-no-cache=1711376922555 HTTP/1.1" 200 30
190.171.152.114 - - [25/Mar/2024:11:31:42 -0300] "POST /cormun/servlet/solicitudotadjuntos?6deecbcb8a942faa5be5a7dbf59a86cc,INS,2024,21069,,1, HTTP/1.1" 200 116
190.171.152.114 - - [25/Mar/2024:11:31:42 -0300] "GET /cormun/servlet/hpexe_return? HTTP/1.1" 200 1030
190.171.152.114 - - [25/Mar/2024:11:31:42 -0300] "GET /cormun/servlet/trsolicitudadjuntos?2024,21069, HTTP/1.1" 200 10643
190.171.152.114 - - [25/Mar/2024:11:31:48 -0300] "GET /cormun/servlet/trsolicitudot? HTTP/1.1" 200 10489
190.171.143.82 - - [25/Mar/2024:11:31:57 -0300] "POST /cormun/servlet/hlogin?007558a155a0937a46e7060dd57872b6,gx-no-cache=1711376932329 HTTP/1.1" 200 90
190.171.143.82 - - [25/Mar/2024:11:31:57 -0300] "GET /cormun/servlet/hpexe_link HTTP/1.1" 200 956
190.171.143.82 - - [25/Mar/2024:11:31:58 -0300] "GET /cormun/servlet/trcontratosolicitud HTTP/1.1" 200 14686
190.171.143.82 - - [25/Mar/2024:11:32:06 -0300] "GET /cormun/servlet/trsolicitudot? HTTP/1.1" 200 7366
190.171.143.82 - - [25/Mar/2024:11:32:17 -0300] "POST /cormun/servlet/trsolicitudot?007558a155a0937a46e7060dd57872b6,,gx-no-cache=1711376952418 HTTP/1.1" 200 8473
191.126.180.84 - - [25/Mar/2024:11:32:30 -0300] "GET /cormun/servlet/trlicencias? HTTP/1.1" 200 6098
191.126.180.84 - - [25/Mar/2024:11:32:31 -0300] "GET /cormun/servlet/hlogin HTTP/1.1" 200 1794
190.171.152.114 - - [25/Mar/2024:11:32:37 -0300] "POST /cormun/servlet/trsolicitudot?6deecbcb8a942faa5be5a7dbf59a86cc,,gx-no-cache=1711376977510 HTTP/1.1" 200 7150
190.171.152.114 - - [25/Mar/2024:11:32:37 -0300] "GET /cormun/static/Shared/jqueryui/images/ui-bg_highlight-soft_100_c6c2c8_1x100.png HTTP/1.1" 404 1117
190.171.152.114 - - [25/Mar/2024:11:32:37 -0300] "GET /cormun/static/Shared/jqueryui/images/ui-icons_82798d_256x240.png HTTP/1.1" 404 1089
190.171.152.114 - - [25/Mar/2024:11:32:37 -0300] "GET /cormun/static/Shared/jqueryui/images/ui-bg_flat_55_fafafa_40x100.png HTTP/1.1" 404 1097
190.171.152.114 - - [25/Mar/2024:11:32:37 -0300] "GET /cormun/static/Shared/jqueryui/images/ui-icons_8d78a5_256x240.png HTTP/1.1" 404 1089
190.171.152.114 - - [25/Mar/2024:11:32:37 -0300] "POST /cormun/servlet/trsolicitudot?6deecbcb8a942faa5be5a7dbf59a86cc,,gx-no-cache=1711376977722 HTTP/1.1" 200 7096
190.171.152.114 - - [25/Mar/2024:11:33:26 -0300] "GET /cormun/servlet/trautorizarsolicitud? HTTP/1.1" 200 8846
190.171.152.138 - - [25/Mar/2024:11:34:24 -0300] "POST /cormun/servlet/trsolicitudot?c13b3113d8179ad32b863f950fcc437b,,gx-no-cache=1711380630488 HTTP/1.1" 200 6274
190.171.152.138 - - [25/Mar/2024:11:34:24 -0300] "GET /cormun/static/Shared/jqueryui/images/ui-bg_highlight-soft_100_c6c2c8_1x100.png HTTP/1.1" 404 1117
190.171.152.138 - - [25/Mar/2024:11:34:24 -0300] "GET /cormun/static/Shared/jqueryui/images/ui-bg_flat_55_fafafa_40x100.png HTTP/1.1" 404 1097
190.171.152.138 - - [25/Mar/2024:11:34:24 -0300] "GET /cormun/static/Shared/jqueryui/images/ui-icons_82798d_256x240.png HTTP/1.1" 404 1089
190.171.152.138 - - [25/Mar/2024:11:34:24 -0300] "GET /cormun/static/Shared/jqueryui/images/ui-icons_8d78a5_256x240.png HTTP/1.1" 404 1089
190.171.152.138 - - [25/Mar/2024:11:34:26 -0300] "POST /cormun/servlet/trsolicitudot?c13b3113d8179ad32b863f950fcc437b,,gx-no-cache=1711380633098 HTTP/1.1" 200 107
190.171.152.138 - - [25/Mar/2024:11:34:26 -0300] "GET /cormun/servlet/trsolicitudadjuntos?2024,21070, HTTP/1.1" 200 6335
190.171.152.138 - - [25/Mar/2024:11:34:27 -0300] "GET /cormun/static/gxcfg.js?20201215574222 HTTP/1.1" 200 953
190.171.152.138 - - [25/Mar/2024:11:34:27 -0300] "GET /cormun/static/trsolicitudadjuntos.js?20201215574932 HTTP/1.1" 200 17921
190.171.152.138 - - [25/Mar/2024:11:34:27 -0300] "GET /cormun/static/Resources/PXToolsGridNew.png HTTP/1.1" 200 427
190.171.152.138 - - [25/Mar/2024:11:34:30 -0300] "GET /cormun/servlet/solicitudotadjuntos?INS,2024,21070,,1, HTTP/1.1" 200 6283
190.171.152.138 - - [25/Mar/2024:11:34:30 -0300] "GET /cormun/static/gxcfg.js?202211298385187 HTTP/1.1" 200 953
190.171.152.138 - - [25/Mar/2024:11:34:30 -0300] "GET /cormun/static/solicitudotadjuntos.js?202211298385196 HTTP/1.1" 200 11771
190.171.152.138 - - [25/Mar/2024:11:34:30 -0300] "GET /cormun/static/about:blank HTTP/1.1" 404 1011
190.171.152.138 - - [25/Mar/2024:11:34:31 -0300] "GET /cormun/servlet/solicitudotadjuntos?a64cee9c99d5381b4fc3773385be2cbf3dc6e67d54e8198fbef3bcfda9160f1c85da478e94750111e3aa67c051b4d803,gx-no-cache=1711380637359 HTTP/1.1" 200 30
190.171.152.138 - - [25/Mar/2024:11:34:31 -0300] "POST /cormun/servlet/solicitudotadjuntos?c13b3113d8179ad32b863f950fcc437b,INS,2024,21070,,1,,gx-no-cache=1711380637380 HTTP/1.1" 200 4145
190.171.152.138 - - [25/Mar/2024:11:34:36 -0300] "POST /cormun/servlet/solicitudotadjuntos?gx-no-cache=1711380642733 HTTP/1.1" 200 26
190.171.152.138 - - [25/Mar/2024:11:34:47 -0300] "GET /cormun/servlet/solicitudotadjuntos?a64cee9c99d5381b4fc3773385be2cbf9121f85fa2e7d0511513d188f1efcfdc,gx-no-cache=1711380653810 HTTP/1.1" 200 30
190.171.152.138 - - [25/Mar/2024:11:34:47 -0300] "GET /cormun/servlet/solicitudotadjuntos?a64cee9c99d5381b4fc3773385be2cbf9121f85fa2e7d0511513d188f1efcfdc,gx-no-cache=1711380653824 HTTP/1.1" 200 30
190.171.152.138 - - [25/Mar/2024:11:34:47 -0300] "POST /cormun/servlet/solicitudotadjuntos?c13b3113d8179ad32b863f950fcc437b,INS,2024,21070,,1, HTTP/1.1" 200 116
190.171.152.138 - - [25/Mar/2024:11:34:47 -0300] "GET /cormun/servlet/hpexe_return? HTTP/1.1" 200 1024
190.171.152.138 - - [25/Mar/2024:11:34:47 -0300] "GET /cormun/servlet/trsolicitudadjuntos?2024,21070, HTTP/1.1" 200 9292
190.171.152.138 - - [25/Mar/2024:11:34:50 -0300] "GET /cormun/servlet/solicitudotadjuntos?INS,2024,21070,,1, HTTP/1.1" 200 6283
