181.212.47.137 - - [25/Mar/2024:15:59:43 -0300] "GET /cormun/pexe_scrolldiv.js HTTP/1.1" 404 1009
190.171.143.82 - - [25/Mar/2024:15:59:54 -0300] "GET /cormun/servlet/trpermisosgoce? HTTP/1.1" 200 7109
190.171.149.74 - - [25/Mar/2024:16:00:04 -0300] "POST /cormun/servlet/trsolicitudot?205506acd1c8e13fea78f90718b77af9,gx-no-cache=1711393019376 HTTP/1.1" 200 5816
190.171.149.74 - - [25/Mar/2024:16:00:04 -0300] "GET /cormun/static/Shared/jqueryui/images/ui-bg_highlight-soft_100_c6c2c8_1x100.png HTTP/1.1" 404 1117
190.171.149.74 - - [25/Mar/2024:16:00:04 -0300] "GET /cormun/static/Shared/jqueryui/images/ui-bg_flat_55_fafafa_40x100.png HTTP/1.1" 404 1097
190.171.149.74 - - [25/Mar/2024:16:00:04 -0300] "GET /cormun/static/Shared/jqueryui/images/ui-icons_8d78a5_256x240.png HTTP/1.1" 404 1089
190.171.149.74 - - [25/Mar/2024:16:00:04 -0300] "GET /cormun/static/Shared/jqueryui/images/ui-icons_82798d_256x240.png HTTP/1.1" 404 1089
190.171.149.74 - - [25/Mar/2024:16:00:04 -0300] "POST /cormun/servlet/trsolicitudot?205506acd1c8e13fea78f90718b77af9,gx-no-cache=1711393019841 HTTP/1.1" 200 5760
190.171.149.74 - - [25/Mar/2024:16:00:06 -0300] "POST /cormun/servlet/trsolicitudot?205506acd1c8e13fea78f90718b77af9,gx-no-cache=1711393020999 HTTP/1.1" 200 4583
190.171.149.74 - - [25/Mar/2024:16:00:06 -0300] "POST /cormun/servlet/trsolicitudot?205506acd1c8e13fea78f90718b77af9,gx-no-cache=1711393021748 HTTP/1.1" 200 4336
190.171.143.82 - - [25/Mar/2024:16:00:16 -0300] "POST /cormun/servlet/trpermisosgoce?ec6b5dea651f3ab2b65a4a46100ff30d,,gx-no-cache=1711393006960 HTTP/1.1" 200 4481
190.171.143.82 - - [25/Mar/2024:16:00:17 -0300] "POST /cormun/servlet/trpermisosgoce?ec6b5dea651f3ab2b65a4a46100ff30d,,gx-no-cache=1711393008211 HTTP/1.1" 200 4481
190.171.149.74 - - [25/Mar/2024:16:00:20 -0300] "GET /cormun/servlet/hlogin HTTP/1.1" 200 1739
190.171.149.74 - - [25/Mar/2024:16:00:27 -0300] "POST /cormun/servlet/hlogin?205506acd1c8e13fea78f90718b77af9,gx-no-cache=1711393042550 HTTP/1.1" 200 90
190.171.149.74 - - [25/Mar/2024:16:00:27 -0300] "GET /cormun/servlet/hpexe_link HTTP/1.1" 200 955
190.171.149.74 - - [25/Mar/2024:16:00:27 -0300] "GET /cormun/servlet/hhome HTTP/1.1" 200 4251
190.171.149.74 - - [25/Mar/2024:16:00:30 -0300] "GET /cormun/servlet/trautorizarsolicitud? HTTP/1.1" 200 9109
190.171.152.234 - - [25/Mar/2024:16:00:33 -0300] "GET /cormun/servlet/trsolicitudot? HTTP/1.1" 200 10507
190.171.149.74 - - [25/Mar/2024:16:00:34 -0300] "POST /cormun/servlet/trautorizarsolicitud?205506acd1c8e13fea78f90718b77af9,,gx-no-cache=1711393049687 HTTP/1.1" 200 6027
190.171.149.74 - - [25/Mar/2024:16:00:34 -0300] "GET /cormun/static/Shared/jqueryui/images/ui-icons_82798d_256x240.png HTTP/1.1" 404 1089
190.171.149.74 - - [25/Mar/2024:16:00:34 -0300] "GET /cormun/static/Shared/jqueryui/images/ui-bg_highlight-soft_100_c6c2c8_1x100.png HTTP/1.1" 404 1117
190.171.149.74 - - [25/Mar/2024:16:00:34 -0300] "GET /cormun/static/Shared/jqueryui/images/ui-bg_flat_55_fafafa_40x100.png HTTP/1.1" 404 1097
190.171.149.74 - - [25/Mar/2024:16:00:34 -0300] "GET /cormun/static/Shared/jqueryui/images/ui-icons_8d78a5_256x240.png HTTP/1.1" 404 1089
190.171.149.74 - - [25/Mar/2024:16:00:34 -0300] "POST /cormun/servlet/trautorizarsolicitud?205506acd1c8e13fea78f90718b77af9,,gx-no-cache=1711393049827 HTTP/1.1" 200 5973
190.171.149.74 - - [25/Mar/2024:16:00:35 -0300] "POST /cormun/servlet/trautorizarsolicitud?205506acd1c8e13fea78f90718b77af9,,gx-no-cache=1711393050575 HTTP/1.1" 200 4797
190.171.149.74 - - [25/Mar/2024:16:00:35 -0300] "POST /cormun/servlet/trautorizarsolicitud?205506acd1c8e13fea78f90718b77af9,,gx-no-cache=1711393050828 HTTP/1.1" 200 4537
190.171.152.234 - - [25/Mar/2024:16:00:36 -0300] "GET /cormun/servlet/solicitudot?INS,0,0,false, HTTP/1.1" 200 16262
190.171.152.234 - - [25/Mar/2024:16:00:51 -0300] "POST /cormun/servlet/solicitudot?gx-no-cache=1711393300373 HTTP/1.1" 200 4031
190.171.152.234 - - [25/Mar/2024:16:00:51 -0300] "POST /cormun/servlet/solicitudot?d6dfc000c0e88888dafef6758d90dc5e,INS,0,0,false,,gx-no-cache=1711393300489 HTTP/1.1" 200 12881
190.171.152.234 - - [25/Mar/2024:16:00:52 -0300] "GET /cormun/servlet/solicitudot?5737001af96a2a1eae8bc82de06e5fbe29c0942aa13fd02bc5214165f370e697deccd71a2e4befe77b290fe6b6b33fe8,gx-no-cache=1711393301229 HTTP/1.1" 200 30
186.189.95.252 - - [25/Mar/2024:16:01:57 -0300] "GET /cormun/servlet/hlogin HTTP/1.1" 200 1724
186.189.95.252 - - [25/Mar/2024:16:01:57 -0300] "GET /cormun/static/gxtimezone.js?85251 HTTP/1.1" 200 5781
186.189.95.252 - - [25/Mar/2024:16:01:57 -0300] "GET /cormun/static/gxcfg.js?2022112219184450 HTTP/1.1" 200 953
186.189.95.252 - - [25/Mar/2024:16:01:57 -0300] "GET /cormun/static/Resources/CormunLogin.png HTTP/1.1" 200 19132
186.189.95.252 - - [25/Mar/2024:16:01:57 -0300] "GET /cormun/static/messages.spa.js?85251 HTTP/1.1" 200 30736
186.189.95.252 - - [25/Mar/2024:16:01:57 -0300] "GET /cormun/static/hlogin.js?2022112219184458 HTTP/1.1" 200 2156
186.189.95.252 - - [25/Mar/2024:16:01:57 -0300] "GET /cormun/static/Resources/Spanish/PXTools.css?1759030 HTTP/1.1" 200 100853
186.189.95.252 - - [25/Mar/2024:16:01:58 -0300] "GET /cormun/static/gxgral.js?85251 HTTP/1.1" 200 384558
186.189.95.252 - - [25/Mar/2024:16:01:58 -0300] "GET /cormun/static/Resources/PXToolsLoginTop.png HTTP/1.1" 200 1337
186.189.95.252 - - [25/Mar/2024:16:01:58 -0300] "GET /cormun/static/Resources/PXToolsButtonLeft.png HTTP/1.1" 200 1310
186.189.95.252 - - [25/Mar/2024:16:01:58 -0300] "GET /cormun/static/Resources/PXToolsButtonRight.png HTTP/1.1" 200 1294
186.189.95.252 - - [25/Mar/2024:16:01:58 -0300] "GET /cormun/static/Resources/PXToolsLoginBottom.png HTTP/1.1" 200 1389
186.189.95.252 - - [25/Mar/2024:16:01:58 -0300] "GET /cormun/static/Resources/PXToolsButtonBackground.png HTTP/1.1" 200 1176
186.189.95.252 - - [25/Mar/2024:16:01:58 -0300] "GET /cormun/static/Resources/PXToolsLoginBackground.png HTTP/1.1" 200 1164
186.189.95.252 - - [25/Mar/2024:16:01:58 -0300] "GET /cormun/servlet/hlogin HTTP/1.1" 200 1735
186.189.95.252 - - [25/Mar/2024:16:01:58 -0300] "GET /cormun/static/Resources/indicator.gif HTTP/1.1" 200 1553
186.189.95.252 - - [25/Mar/2024:16:01:58 -0300] "GET /cormun/static/Resources/indicator.gif HTTP/1.1" 200 1553
186.189.95.252 - - [25/Mar/2024:16:01:58 -0300] "GET /favicon.ico HTTP/1.1" 200 21630
190.171.152.234 - - [25/Mar/2024:16:02:02 -0300] "GET /cormun/servlet/prbanco?,MD,,gxPopupLevel%3D0%3B HTTP/1.1" 200 6611
190.171.152.234 - - [25/Mar/2024:16:02:05 -0300] "GET /cormun/servlet/solicitudot?5737001af96a2a1eae8bc82de06e5fbeac970c2bc3b76a87d0c187eed8bfcfd33fcb2c3c0ef19ce118130ea03cb6e6b10990514852a613bb8f73905704ccf995,gx-no-cache=1711393374026 HTTP/1.1" 200 30
190.171.152.234 - - [25/Mar/2024:16:02:06 -0300] "GET /cormun/servlet/solicitudot?5737001af96a2a1eae8bc82de06e5fbee1d0910ee15784739f09782e431efe70,gx-no-cache=1711393375268 HTTP/1.1" 200 53
186.189.95.252 - - [25/Mar/2024:16:02:07 -0300] "POST /cormun/servlet/hlogin?b66a48bf7c7b1186014e16c3eba2e3c3,gx-no-cache=1711393143248 HTTP/1.1" 200 451
186.189.95.252 - - [25/Mar/2024:16:02:11 -0300] "POST /cormun/servlet/hlogin?b66a48bf7c7b1186014e16c3eba2e3c3,gx-no-cache=1711393147717 HTTP/1.1" 200 451
190.171.143.106 - - [25/Mar/2024:16:02:12 -0300] "GET /cormun/servlet/hhome HTTP/1.1" 200 3319
190.171.143.106 - - [25/Mar/2024:16:02:12 -0300] "GET /cormun/servlet/hlogin HTTP/1.1" 200 1727
190.208.14.70 - - [25/Mar/2024:16:02:12 -0300] "GET /cormun/servlet/hlogin HTTP/1.1" 200 1727
190.208.14.70 - - [25/Mar/2024:16:02:13 -0300] "GET /cormun/static/gxtimezone.js?85251 HTTP/1.1" 200 5781
190.208.14.70 - - [25/Mar/2024:16:02:13 -0300] "GET /cormun/static/gxcfg.js?2022112219184450 HTTP/1.1" 200 953
190.208.14.70 - - [25/Mar/2024:16:02:13 -0300] "GET /cormun/static/Resources/Spanish/PXTools.css?1759030 HTTP/1.1" 200 100853
190.208.14.70 - - [25/Mar/2024:16:02:14 -0300] "GET /cormun/static/gxgral.js?85251 HTTP/1.1" 200 384558
186.189.95.252 - - [25/Mar/2024:16:02:14 -0300] "\Ýúò{—¢ÊrÝõ]}IvgqÒÿ«è<ôf¡ñˆ[% èø±«‘äîBʲJ™ø“ý¸î=•J,Êî/SÄ úúÀ+À/À,À0̨̩ÀÀœ/5ªJJDih2servicioos.cormun.cl-" 400 -
190.208.14.70 - - [25/Mar/2024:16:02:14 -0300] "GET /cormun/static/messages.spa.js?85251 HTTP/1.1" 200 30736
190.208.14.70 - - [25/Mar/2024:16:02:15 -0300] "GET /cormun/static/hlogin.js?2022112219184458 HTTP/1.1" 200 2156
190.171.152.234 - - [25/Mar/2024:16:02:15 -0300] "POST /cormun/servlet/solicitudot?d6dfc000c0e88888dafef6758d90dc5e,INS,0,0,false,,gx-no-cache=1711393383855 HTTP/1.1" 200 13077
190.171.143.106 - - [25/Mar/2024:16:02:15 -0300] "POST /cormun/servlet/hlogin?f464f4a57c79aa1a449ff21c2907939c,gx-no-cache=1711393616315 HTTP/1.1" 200 90
190.171.143.106 - - [25/Mar/2024:16:02:15 -0300] "GET /cormun/servlet/hpexe_link HTTP/1.1" 200 946
190.208.14.70 - - [25/Mar/2024:16:02:15 -0300] "GET /cormun/static/Resources/CormunLogin.png HTTP/1.1" 200 19132
190.171.143.106 - - [25/Mar/2024:16:02:15 -0300] "GET /cormun/servlet/hhome HTTP/1.1" 200 4257
190.208.14.70 - - [25/Mar/2024:16:02:16 -0300] "GET /cormun/static/Resources/PXToolsButtonLeft.png HTTP/1.1" 200 1310
190.208.14.70 - - [25/Mar/2024:16:02:16 -0300] "GET /cormun/static/Resources/PXToolsLoginBottom.png HTTP/1.1" 200 1389
190.208.14.70 - - [25/Mar/2024:16:02:16 -0300] "GET /cormun/static/Resources/PXToolsButtonRight.png HTTP/1.1" 200 1294
190.208.14.70 - - [25/Mar/2024:16:02:16 -0300] "GET /cormun/static/Resources/PXToolsLoginTop.png HTTP/1.1" 200 1337
190.208.14.70 - - [25/Mar/2024:16:02:16 -0300] "GET /cormun/static/Resources/PXToolsLoginBackground.png HTTP/1.1" 200 1164
190.208.14.70 - - [25/Mar/2024:16:02:16 -0300] "GET /cormun/static/Resources/PXToolsButtonBackground.png HTTP/1.1" 200 1176
190.208.14.70 - - [25/Mar/2024:16:02:17 -0300] "GET /cormun/servlet/hlogin HTTP/1.1" 200 1736
190.208.14.70 - - [25/Mar/2024:16:02:17 -0300] "GET /cormun/static/Resources/indicator.gif HTTP/1.1" 200 1553
190.171.152.234 - - [25/Mar/2024:16:02:17 -0300] "GET /cormun/servlet/solicitudot?5737001af96a2a1eae8bc82de06e5fbe3edfe696683ed13e5c08dae6fa648b585880a6aa6046aba1292d0d7b3fb6ab9479c7d81e88e246cf7ca4b669e6568729,gx-no-cache=1711393386254 HTTP/1.1" 200 53
190.208.14.70 - - [25/Mar/2024:16:02:18 -0300] "GET /cormun/static/Resources/indicator.gif HTTP/1.1" 200 1553
190.171.152.234 - - [25/Mar/2024:16:02:18 -0300] "POST /cormun/servlet/solicitudot?gx-no-cache=1711393387414 HTTP/1.1" 200 255
190.171.152.234 - - [25/Mar/2024:16:02:20 -0300] "GET /cormun/servlet/solicitudot?5737001af96a2a1eae8bc82de06e5fbebf1f30f578804cd8c19bf7b7b896101ac15bb1be83d3111a324ec95cf5a327f986d67918a123371801421289ac07365992c97d09a8934db481e0fb4dd99a6175af1c518687541c0147a9706010597b1bc352480db1140a78b825d2c7989be7d43e86ce59320a3bd395793f62879aab575d346041697221b4689e71586f488d6ec1c43c989fa1db6f8b5a0009bca3c5822855393ff419fadd240d600ec69a4975128932b7a0aac01988efbdb4d2891267ba456009c38bd2553ef65a96bba36870893135b508b988333238606f1830963afb465f910091ed4b6836dd9d5c2ac27b07103a58911968f4807b16648ce9d246cea20a45dfd82e14763b801fff5e13987c3fdcbd2adabcb7a260686266dda24379d19ea491944d71a8629999c03cd083d3c7485fff3bc1a2bf91030ce98ea44bee45d5ea4a3f6e9eba999d7c78656c3e0c229f1cb2bdcafc8f0fcca292353b756fb4951f0a2ebf7bd53d3bc0308b9e658c74e52d75b9c5e018d2a356da701a3a,gx-no-cache=1711393388830 HTTP/1.1" 200 30
190.171.152.234 - - [25/Mar/2024:16:02:23 -0300] "POST /cormun/servlet/solicitudot?gx-no-cache=1711393391941 HTTP/1.1" 200 30
186.189.95.252 - - [25/Mar/2024:16:02:24 -0300] "POST /cormun/servlet/hlogin?b66a48bf7c7b1186014e16c3eba2e3c3,gx-no-cache=1711393161067 HTTP/1.1" 200 453
190.171.152.234 - - [25/Mar/2024:16:02:24 -0300] "POST /cormun/servlet/solicitudot?gx-no-cache=1711393393730 HTTP/1.1" 200 1474
190.171.152.234 - - [25/Mar/2024:16:02:24 -0300] "POST /cormun/servlet/solicitudot?gx-no-cache=1711393393762 HTTP/1.1" 200 38
186.189.95.252 - - [25/Mar/2024:16:02:29 -0300] "POST /cormun/servlet/hlogin?b66a48bf7c7b1186014e16c3eba2e3c3,gx-no-cache=1711393165810 HTTP/1.1" 200 453
186.189.95.252 - - [25/Mar/2024:16:02:31 -0300] "POST /cormun/servlet/hlogin?b66a48bf7c7b1186014e16c3eba2e3c3,gx-no-cache=1711393167288 HTTP/1.1" 200 452
190.171.149.82 - - [25/Mar/2024:16:02:37 -0300] "GET /cormun/servlet/trlicencias? HTTP/1.1" 200 9290
181.212.47.137 - - [25/Mar/2024:16:03:09 -0300] "GET /cormun/servlet/trsolicitudgral? HTTP/1.1" 200 12041
190.171.149.82 - - [25/Mar/2024:16:03:10 -0300] "GET /cormun/servlet/trsolicitudot? HTTP/1.1" 200 9372
181.212.47.137 - - [25/Mar/2024:16:03:13 -0300] "POST /cormun/servlet/trsolicitudgral?55b2c0d76ae02f8df6a389fe21348db0,,gx-no-cache=1711393192825 HTTP/1.1" 200 5265
181.212.47.137 - - [25/Mar/2024:16:03:17 -0300] "POST /cormun/servlet/trsolicitudgral?55b2c0d76ae02f8df6a389fe21348db0,,gx-no-cache=1711393196735 HTTP/1.1" 200 5259
190.171.152.234 - - [25/Mar/2024:16:03:19 -0300] "GET /cormun/servlet/solicitudot?5737001af96a2a1eae8bc82de06e5fbe2299d81716819f885f8494ff569713285fdc0c6b7f0b71db0dca5c51b91c5e39bd9d361434a68511ee53787dba8aebed981d8319e02d49ffa27c954271e579ae4001fb0ca1f6dbadd80bf6c4429c4c3ff5d5bb3f599bb0593a602ecc4724e0d7,gx-no-cache=1711393448164 HTTP/1.1" 200 110
190.171.152.234 - - [25/Mar/2024:16:03:19 -0300] "POST /cormun/servlet/solicitudot?gx-no-cache=1711393448207 HTTP/1.1" 200 97
181.212.47.137 - - [25/Mar/2024:16:03:22 -0300] "POST /cormun/servlet/trsolicitudgral?55b2c0d76ae02f8df6a389fe21348db0,,gx-no-cache=1711393201863 HTTP/1.1" 200 23547
209.141.55.133 - - [25/Mar/2024:16:03:24 -0300] "GET /manager/html HTTP/1.1" 401 2474
209.141.55.133 - - [25/Mar/2024:16:03:24 -0300] "GET /manager/html HTTP/1.1" 401 2474
181.212.47.137 - - [25/Mar/2024:16:03:55 -0300] "POST /cormun/servlet/trsolicitudgral?55b2c0d76ae02f8df6a389fe21348db0,,gx-no-cache=1711393235027 HTTP/1.1" 200 6979
181.212.47.137 - - [25/Mar/2024:16:04:26 -0300] "POST /cormun/servlet/trsolicitudgral?55b2c0d76ae02f8df6a389fe21348db0,,gx-no-cache=1711393265007 HTTP/1.1" 200 5500
181.212.47.137 - - [25/Mar/2024:16:04:26 -0300] "GET /cormun/static/Shared/jqueryui/images/ui-bg_highlight-soft_100_c6c2c8_1x100.png HTTP/1.1" 404 1117
181.212.47.137 - - [25/Mar/2024:16:04:26 -0300] "GET /cormun/static/Shared/jqueryui/images/ui-icons_82798d_256x240.png HTTP/1.1" 404 1089
181.212.47.137 - - [25/Mar/2024:16:04:26 -0300] "GET /cormun/static/Shared/jqueryui/images/ui-bg_flat_55_fafafa_40x100.png HTTP/1.1" 404 1097
181.212.47.137 - - [25/Mar/2024:16:04:26 -0300] "GET /cormun/static/Shared/jqueryui/images/ui-icons_8d78a5_256x240.png HTTP/1.1" 404 1089
181.212.47.137 - - [25/Mar/2024:16:04:31 -0300] "POST /cormun/servlet/trsolicitudgral?55b2c0d76ae02f8df6a389fe21348db0,,gx-no-cache=1711393271239 HTTP/1.1" 200 22768
181.212.47.137 - - [25/Mar/2024:16:04:38 -0300] "GET /cormun/servlet/vesolicitudgral?2024,21079,, HTTP/1.1" 200 8428
181.212.47.137 - - [25/Mar/2024:16:04:38 -0300] "GET /cormun/pexe_scrolldiv.js HTTP/1.1" 404 1009
181.212.47.137 - - [25/Mar/2024:16:04:39 -0300] "POST /cormun/servlet/vesolicitudgral?55b2c0d76ae02f8df6a389fe21348db0,2024,21079,,,gx-no-cache=1711393279234 HTTP/1.1" 200 116
181.212.47.137 - - [25/Mar/2024:16:04:39 -0300] "GET /cormun/servlet/solicitudotlog?INS,2024,21079,0,REC, HTTP/1.1" 200 5656
181.212.47.137 - - [25/Mar/2024:16:04:40 -0300] "GET /cormun/servlet/solicitudotlog?602755583d5e50271b3d4e8da05991fb330c4bcc0f7a0811c1c187205b7b056975a0d92697595d7cdb4334a0e1b61fa68168fc732e7e830ff7b2f963a3acd219e80259389560c8b818f1f7377b53368d6a47fe4909212066703b2822158e6f4721ccaa9a617cb4231e35db4514039256757238a8d56182227c5b072325d18cb0c778908219a1da5755b2da021f0b5bdb378130d40bb6de25c8a6ff80669cc8e2,gx-no-cache=1711393279979 HTTP/1.1" 200 94
181.212.47.137 - - [25/Mar/2024:16:04:45 -0300] "POST /cormun/servlet/solicitudotlog?55b2c0d76ae02f8df6a389fe21348db0,INS,2024,21079,0,REC,,gx-no-cache=1711393285000 HTTP/1.1" 200 93
181.212.47.137 - - [25/Mar/2024:16:04:45 -0300] "GET /cormun/servlet/hpexe_return? HTTP/1.1" 200 1027
181.212.47.137 - - [25/Mar/2024:16:04:45 -0300] "GET /cormun/servlet/vesolicitudgral?2024,21079,, HTTP/1.1" 200 8442
181.212.47.137 - - [25/Mar/2024:16:04:45 -0300] "GET /cormun/pexe_scrolldiv.js HTTP/1.1" 404 1009
181.212.47.137 - - [25/Mar/2024:16:04:48 -0300] "GET /cormun/servlet/trsolicitudgral? HTTP/1.1" 200 25141
181.212.47.137 - - [25/Mar/2024:16:05:10 -0300] "POST /cormun/servlet/trsolicitudgral?55b2c0d76ae02f8df6a389fe21348db0,,gx-no-cache=1711393309330 HTTP/1.1" 200 21452
181.212.47.137 - - [25/Mar/2024:16:07:02 -0300] "POST /cormun/servlet/trsolicitudgral?55b2c0d76ae02f8df6a389fe21348db0,,gx-no-cache=1711393419960 HTTP/1.1" 200 5263
181.212.47.137 - - [25/Mar/2024:16:07:06 -0300] "POST /cormun/servlet/trsolicitudgral?55b2c0d76ae02f8df6a389fe21348db0,,gx-no-cache=1711393425350 HTTP/1.1" 200 5262
181.212.47.137 - - [25/Mar/2024:16:07:11 -0300] "POST /cormun/servlet/trsolicitudgral?55b2c0d76ae02f8df6a389fe21348db0,,gx-no-cache=1711393429879 HTTP/1.1" 200 26170
181.212.47.137 - - [25/Mar/2024:16:07:17 -0300] "POST /cormun/servlet/trsolicitudgral?55b2c0d76ae02f8df6a389fe21348db0,,gx-no-cache=1711393436154 HTTP/1.1" 200 21416
190.171.152.234 - - [25/Mar/2024:16:07:46 -0300] "GET /cormun/servlet/solicitudot?5737001af96a2a1eae8bc82de06e5fbefe9435e701aa9352bd81c7598c97c6d0d5c47b72e315543f49af7cedc744847e6b87fa20329e5c0d9b2aa19e06f27b514ada647f532610b5820fdcfae87df120680f47b29b7ba6b74075bb07ba9e7d802aff4b65ea8c3f4e8e5f2d69df7786bc,gx-no-cache=1711393715284 HTTP/1.1" 200 29
190.171.152.234 - - [25/Mar/2024:16:07:46 -0300] "GET /cormun/static/menuarrow.gif HTTP/1.1" 404 1015
190.171.152.234 - - [25/Mar/2024:16:09:04 -0300] "GET /cormun/servlet/trlicencias? HTTP/1.1" 200 10447
209.141.55.133 - - [25/Mar/2024:16:09:06 -0300] "GET /manager/html HTTP/1.1" 401 2474
209.141.55.133 - - [25/Mar/2024:16:09:06 -0300] "GET /manager/html HTTP/1.1" 401 2474
190.171.152.234 - - [25/Mar/2024:16:09:24 -0300] "GET /cormun/servlet/trsolicitudot? HTTP/1.1" 200 10506
190.171.152.234 - - [25/Mar/2024:16:09:29 -0300] "GET /cormun/servlet/solicitudot?INS,0,0,false, HTTP/1.1" 200 16262
190.171.152.234 - - [25/Mar/2024:16:09:46 -0300] "POST /cormun/servlet/solicitudot?gx-no-cache=1711393834790 HTTP/1.1" 200 4031
190.171.152.234 - - [25/Mar/2024:16:09:46 -0300] "POST /cormun/servlet/solicitudot?d6dfc000c0e88888dafef6758d90dc5e,INS,0,0,false,,gx-no-cache=1711393834889 HTTP/1.1" 200 12881
190.171.152.234 - - [25/Mar/2024:16:09:47 -0300] "GET /cormun/servlet/solicitudot?5737001af96a2a1eae8bc82de06e5fbe29c0942aa13fd02bc5214165f370e697deccd71a2e4befe77b290fe6b6b33fe8,gx-no-cache=1711393835766 HTTP/1.1" 200 30
190.171.152.234 - - [25/Mar/2024:16:10:38 -0300] "GET /cormun/servlet/prbanco?,MD,,gxPopupLevel%3D0%3B HTTP/1.1" 200 6611
190.171.152.234 - - [25/Mar/2024:16:10:43 -0300] "GET /cormun/servlet/solicitudot?5737001af96a2a1eae8bc82de06e5fbeac970c2bc3b76a87d0c187eed8bfcfd33fcb2c3c0ef19ce118130ea03cb6e6b10990514852a613bb8f73905704ccf995,gx-no-cache=1711393892088 HTTP/1.1" 200 30
190.171.152.234 - - [25/Mar/2024:16:10:44 -0300] "GET /cormun/servlet/solicitudot?5737001af96a2a1eae8bc82de06e5fbee1d0910ee15784739f09782e431efe70,gx-no-cache=1711393892788 HTTP/1.1" 200 53
190.171.152.234 - - [25/Mar/2024:16:10:52 -0300] "POST /cormun/servlet/solicitudot?d6dfc000c0e88888dafef6758d90dc5e,INS,0,0,false,,gx-no-cache=1711393900694 HTTP/1.1" 200 13076
190.171.152.234 - - [25/Mar/2024:16:10:52 -0300] "GET /cormun/static/Shared/jqueryui/images/ui-bg_highlight-soft_100_c6c2c8_1x100.png HTTP/1.1" 404 1117
190.171.152.234 - - [25/Mar/2024:16:10:52 -0300] "GET /cormun/static/Shared/jqueryui/images/ui-icons_82798d_256x240.png HTTP/1.1" 404 1089
190.171.152.234 - - [25/Mar/2024:16:10:52 -0300] "GET /cormun/static/Shared/jqueryui/images/ui-bg_flat_55_fafafa_40x100.png HTTP/1.1" 404 1097
190.171.152.234 - - [25/Mar/2024:16:10:52 -0300] "GET /cormun/static/Shared/jqueryui/images/ui-icons_8d78a5_256x240.png HTTP/1.1" 404 1089
190.171.152.234 - - [25/Mar/2024:16:10:54 -0300] "GET /cormun/servlet/solicitudot?5737001af96a2a1eae8bc82de06e5fbe3edfe696683ed13e5c08dae6fa648b585880a6aa6046aba1292d0d7b3fb6ab9479c7d81e88e246cf7ca4b669e6568729,gx-no-cache=1711393903221 HTTP/1.1" 200 53
190.171.152.234 - - [25/Mar/2024:16:10:55 -0300] "POST /cormun/servlet/solicitudot?gx-no-cache=1711393904053 HTTP/1.1" 200 255
190.171.152.234 - - [25/Mar/2024:16:10:56 -0300] "GET /cormun/servlet/solicitudot?5737001af96a2a1eae8bc82de06e5fbebf1f30f578804cd8c19bf7b7b896101ac15bb1be83d3111a324ec95cf5a327f986d67918a123371801421289ac07365992c97d09a8934db481e0fb4dd99a6175af1c518687541c0147a9706010597b1bc352480db1140a78b825d2c7989be7d43e86ce59320a3bd395793f62879aab575d346041697221b4689e71586f488d6ec1c43c989fa1db6f8b5a0009bca3c5822855393ff419fadd240d600ec69a4975128932b7a0aac01988efbdb4d2891267ba456009c38bd2553ef65a96bba36870893135b508b988333238606f1830963afb465f910091ed4b6836dd9d5c2ac27b07103a58911968f4807b16648ce9d246cea20a45dfd82e14763b801fff5e13987c3fdcbd2adabcb7a260686266dda24379d19ea491944d71a8629999c03cd083d3c7485fff3bc1a2bf91030ce98ea44bee45d5ea4a3f6e9eba999d7c78656c3e0c229f1cb2bdcafc8f0fcca292353b756fb4951f0a2ebf7bd53d3bc0308b9e658c74e52d75b9c5e018d2a356da701a3a,gx-no-cache=1711393905694 HTTP/1.1" 200 30
190.171.152.234 - - [25/Mar/2024:16:10:59 -0300] "POST /cormun/servlet/solicitudot?gx-no-cache=1711393908285 HTTP/1.1" 200 30
190.171.152.234 - - [25/Mar/2024:16:11:00 -0300] "POST /cormun/servlet/solicitudot?gx-no-cache=1711393909377 HTTP/1.1" 200 1474
190.171.152.234 - - [25/Mar/2024:16:11:00 -0300] "POST /cormun/servlet/solicitudot?gx-no-cache=1711393909477 HTTP/1.1" 200 38
190.171.152.234 - - [25/Mar/2024:16:11:18 -0300] "GET /cormun/servlet/solicitudot?5737001af96a2a1eae8bc82de06e5fbe2299d81716819f885f8494ff569713285fdc0c6b7f0b71db0dca5c51b91c5e39bd9d361434a68511ee53787dba8aebed981d8319e02d49ffa27c954271e579ae4001fb0ca1f6dbadd80bf6c4429c4c3ff5d5bb3f599bb0593a602ecc4724e0d7,gx-no-cache=1711393927340 HTTP/1.1" 200 110
190.171.152.234 - - [25/Mar/2024:16:11:18 -0300] "POST /cormun/servlet/solicitudot?gx-no-cache=1711393927434 HTTP/1.1" 200 97
190.171.152.234 - - [25/Mar/2024:16:11:23 -0300] "GET /cormun/servlet/solicitudot?5737001af96a2a1eae8bc82de06e5fbefe9435e701aa9352bd81c7598c97c6d0d5c47b72e315543f49af7cedc744847e6b87fa20329e5c0d9b2aa19e06f27b514ada647f532610b5820fdcfae87df120680f47b29b7ba6b74075bb07ba9e7d802aff4b65ea8c3f4e8e5f2d69df7786bc,gx-no-cache=1711393932388 HTTP/1.1" 200 29
190.171.152.234 - - [25/Mar/2024:16:11:23 -0300] "GET /cormun/static/menuarrow.gif HTTP/1.1" 404 1015
190.171.152.234 - - [25/Mar/2024:16:11:30 -0300] "GET /cormun/servlet/solicitudot?5737001af96a2a1eae8bc82de06e5fbed761bd880088ae9bd4a45de454b3ccfe55ff2c73076871624cb39280c45bfb33,gx-no-cache=1711393939635 HTTP/1.1" 200 30
190.171.152.234 - - [25/Mar/2024:16:11:44 -0300] "POST /cormun/servlet/solicitudot?gx-no-cache=1711393952781 HTTP/1.1" 200 30
200.54.103.162 - - [25/Mar/2024:16:14:16 -0300] "GET /cormun/servlet/hlogin HTTP/1.1" 200 1719
200.54.103.162 - - [25/Mar/2024:16:14:22 -0300] "POST /cormun/servlet/hlogin?ac441d2027d7171826811b80b224c582,gx-no-cache=1711393878613 HTTP/1.1" 200 90
200.54.103.162 - - [25/Mar/2024:16:14:22 -0300] "GET /cormun/servlet/hpexe_link HTTP/1.1" 200 950
200.54.103.162 - - [25/Mar/2024:16:14:22 -0300] "GET /cormun/servlet/hhome HTTP/1.1" 200 4340
200.54.103.162 - - [25/Mar/2024:16:14:26 -0300] "GET /cormun/servlet/trlicencias? HTTP/1.1" 200 9501
190.171.152.234 - - [25/Mar/2024:16:14:40 -0300] "POST /cormun/servlet/solicitudot?d6dfc000c0e88888dafef6758d90dc5e,INS,0,0,false,,gx-no-cache=1711394128904 HTTP/1.1" 200 93
190.171.152.234 - - [25/Mar/2024:16:14:40 -0300] "GET /cormun/servlet/hpexe_return? HTTP/1.1" 200 1008
190.171.152.234 - - [25/Mar/2024:16:14:40 -0300] "GET /cormun/servlet/trsolicitudot HTTP/1.1" 200 10915
190.171.152.234 - - [25/Mar/2024:16:14:45 -0300] "POST /cormun/servlet/trsolicitudot?d6dfc000c0e88888dafef6758d90dc5e,gx-no-cache=1711394134072 HTTP/1.1" 200 107
190.171.152.234 - - [25/Mar/2024:16:14:45 -0300] "GET /cormun/servlet/trsolicitudadjuntos?2024,21083, HTTP/1.1" 200 6384
190.171.152.234 - - [25/Mar/2024:16:14:48 -0300] "GET /cormun/servlet/solicitudotadjuntos?INS,2024,21083,,1, HTTP/1.1" 200 6332
190.171.152.234 - - [25/Mar/2024:16:14:48 -0300] "GET /cormun/static/about:blank HTTP/1.1" 404 1011
190.171.152.234 - - [25/Mar/2024:16:14:49 -0300] "GET /cormun/servlet/solicitudotadjuntos?5737001af96a2a1eae8bc82de06e5fbec0c01a98fe9e5a906b123f547a019d016024eb66faeb8225765a538f5fee8784,gx-no-cache=1711394138095 HTTP/1.1" 200 30
190.171.152.234 - - [25/Mar/2024:16:14:49 -0300] "POST /cormun/servlet/solicitudotadjuntos?d6dfc000c0e88888dafef6758d90dc5e,INS,2024,21083,,1,,gx-no-cache=1711394138110 HTTP/1.1" 200 4196
190.171.152.234 - - [25/Mar/2024:16:14:52 -0300] "POST /cormun/servlet/solicitudotadjuntos?gx-no-cache=1711394141155 HTTP/1.1" 200 26
207.248.200.94 - - [25/Mar/2024:16:14:54 -0300] "GET /cormun/servlet/hlogin HTTP/1.1" 200 1720
207.248.200.94 - - [25/Mar/2024:16:14:54 -0300] "GET /cormun/static/Resources/Spanish/PXTools.css?1759030 HTTP/1.1" 200 100853
207.248.200.94 - - [25/Mar/2024:16:14:54 -0300] "GET /cormun/static/gxgral.js?85251 HTTP/1.1" 200 384558
207.248.200.94 - - [25/Mar/2024:16:14:54 -0300] "GET /cormun/servlet/hlogin HTTP/1.1" 200 1730
207.248.200.94 - - [25/Mar/2024:16:14:57 -0300] "POST /cormun/servlet/hlogin?5febbdc0507fe3a4d598627ea618b594,gx-no-cache=1711393912441 HTTP/1.1" 200 90
207.248.200.94 - - [25/Mar/2024:16:14:57 -0300] "GET /cormun/servlet/hpexe_link HTTP/1.1" 200 948
207.248.200.94 - - [25/Mar/2024:16:14:57 -0300] "GET /cormun/static/Resources/Spanish/PXTools.css?8354383 HTTP/1.1" 200 100853
207.248.200.94 - - [25/Mar/2024:16:14:57 -0300] "GET /cormun/servlet/hhome HTTP/1.1" 200 3927
200.54.103.162 - - [25/Mar/2024:16:14:57 -0300] "GET /cormun/servlet/trreportecargahoraria? HTTP/1.1" 200 6919
200.54.103.162 - - [25/Mar/2024:16:14:57 -0300] "GET /cormun/static/gxcfg.js?202211298504121 HTTP/1.1" 200 953
200.54.103.162 - - [25/Mar/2024:16:14:57 -0300] "GET /cormun/static/trreportecargahoraria.js?20221129850435 HTTP/1.1" 200 29376
207.248.200.94 - - [25/Mar/2024:16:14:57 -0300] "GET /cormun/static/Resources/Spanish/PXTools.css?14345360 HTTP/1.1" 200 100853
207.248.200.94 - - [25/Mar/2024:16:14:57 -0300] "GET /cormun/static/gxui/gxui-all.js HTTP/1.1" 200 107772
207.248.200.94 - - [25/Mar/2024:16:14:57 -0300] "GET /cormun/static/Shared/jquery/jquery-1.4.2.min.js HTTP/1.1" 200 72174
207.248.200.94 - - [25/Mar/2024:16:14:57 -0300] "GET /cormun/static/Shared/jqueryui/jquery-ui.min.js HTTP/1.1" 200 240427
207.248.200.94 - - [25/Mar/2024:16:14:58 -0300] "GET /cormun/static/Shared/ext/ext-all.js HTTP/1.1" 200 1289687
207.248.200.94 - - [25/Mar/2024:16:14:58 -0300] "GET /cormun/static/Shared/jquery/jquery-1.10.2.min.js HTTP/1.1" 200 273199
190.171.152.234 - - [25/Mar/2024:16:14:58 -0300] "GET /cormun/servlet/solicitudotadjuntos?5737001af96a2a1eae8bc82de06e5fbed3d206999a6fb8397098d912c9e18566,gx-no-cache=1711394147554 HTTP/1.1" 200 30
190.171.152.234 - - [25/Mar/2024:16:14:58 -0300] "GET /cormun/servlet/solicitudotadjuntos?5737001af96a2a1eae8bc82de06e5fbed3d206999a6fb8397098d912c9e18566,gx-no-cache=1711394147592 HTTP/1.1" 200 30
190.171.152.234 - - [25/Mar/2024:16:14:59 -0300] "POST /cormun/servlet/solicitudotadjuntos?d6dfc000c0e88888dafef6758d90dc5e,INS,2024,21083,,1, HTTP/1.1" 200 116
190.171.152.234 - - [25/Mar/2024:16:14:59 -0300] "GET /cormun/servlet/hpexe_return? HTTP/1.1" 200 1026
190.171.152.234 - - [25/Mar/2024:16:14:59 -0300] "GET /cormun/servlet/trsolicitudadjuntos?2024,21083, HTTP/1.1" 200 9296
190.171.152.234 - - [25/Mar/2024:16:15:00 -0300] "GET /cormun/servlet/solicitudotadjuntos?INS,2024,21083,,1, HTTP/1.1" 200 6332
190.171.152.234 - - [25/Mar/2024:16:15:01 -0300] "GET /cormun/static/about:blank HTTP/1.1" 404 1011
207.248.200.94 - - [25/Mar/2024:16:15:01 -0300] "GET /cormun/servlet/trlicencias? HTTP/1.1" 200 9285
207.248.200.94 - - [25/Mar/2024:16:15:01 -0300] "GET /cormun/static/Shared/ext/resources/css/ext-all.css?215870 HTTP/1.1" 200 416045
190.171.152.234 - - [25/Mar/2024:16:15:01 -0300] "GET /cormun/servlet/solicitudotadjuntos?5737001af96a2a1eae8bc82de06e5fbec0c01a98fe9e5a906b123f547a019d016024eb66faeb8225765a538f5fee8784,gx-no-cache=1711394150334 HTTP/1.1" 200 30
190.171.152.234 - - [25/Mar/2024:16:15:01 -0300] "POST /cormun/servlet/solicitudotadjuntos?d6dfc000c0e88888dafef6758d90dc5e,INS,2024,21083,,1,,gx-no-cache=1711394150443 HTTP/1.1" 200 4196
200.54.103.162 - - [25/Mar/2024:16:15:01 -0300] "GET /cormun/servlet/trreportecargahoraria? HTTP/1.1" 200 6919
190.171.152.234 - - [25/Mar/2024:16:15:03 -0300] "POST /cormun/servlet/solicitudotadjuntos?gx-no-cache=1711394152036 HTTP/1.1" 200 26
200.54.103.162 - - [25/Mar/2024:16:15:06 -0300] "GET /cormun/servlet/trcontratosolicitud? HTTP/1.1" 200 14605
190.171.152.234 - - [25/Mar/2024:16:15:07 -0300] "GET /cormun/servlet/solicitudotadjuntos?5737001af96a2a1eae8bc82de06e5fbed3d206999a6fb8397098d912c9e18566,gx-no-cache=1711394156363 HTTP/1.1" 200 30
190.171.152.234 - - [25/Mar/2024:16:15:07 -0300] "GET /cormun/servlet/solicitudotadjuntos?5737001af96a2a1eae8bc82de06e5fbed3d206999a6fb8397098d912c9e18566,gx-no-cache=1711394156373 HTTP/1.1" 200 30
190.171.152.234 - - [25/Mar/2024:16:15:07 -0300] "POST /cormun/servlet/solicitudotadjuntos?d6dfc000c0e88888dafef6758d90dc5e,INS,2024,21083,,1, HTTP/1.1" 200 116
190.171.152.234 - - [25/Mar/2024:16:15:07 -0300] "GET /cormun/servlet/hpexe_return? HTTP/1.1" 200 1026
190.171.152.234 - - [25/Mar/2024:16:15:07 -0300] "GET /cormun/servlet/trsolicitudadjuntos?2024,21083, HTTP/1.1" 200 9549
190.171.152.234 - - [25/Mar/2024:16:15:10 -0300] "GET /cormun/servlet/solicitudotadjuntos?INS,2024,21083,,1, HTTP/1.1" 200 6332
190.171.152.234 - - [25/Mar/2024:16:15:10 -0300] "GET /cormun/static/about:blank HTTP/1.1" 404 1011
190.171.152.234 - - [25/Mar/2024:16:15:10 -0300] "GET /cormun/servlet/solicitudotadjuntos?5737001af96a2a1eae8bc82de06e5fbec0c01a98fe9e5a906b123f547a019d016024eb66faeb8225765a538f5fee8784,gx-no-cache=1711394159689 HTTP/1.1" 200 30
190.171.152.234 - - [25/Mar/2024:16:15:10 -0300] "POST /cormun/servlet/solicitudotadjuntos?d6dfc000c0e88888dafef6758d90dc5e,INS,2024,21083,,1,,gx-no-cache=1711394159703 HTTP/1.1" 200 4196
190.171.152.234 - - [25/Mar/2024:16:15:13 -0300] "POST /cormun/servlet/solicitudotadjuntos?gx-no-cache=1711394161868 HTTP/1.1" 200 26
200.54.103.162 - - [25/Mar/2024:16:15:13 -0300] "POST /cormun/servlet/trcontratosolicitud?ac441d2027d7171826811b80b224c582,,gx-no-cache=1711393929503 HTTP/1.1" 200 12436
190.171.152.234 - - [25/Mar/2024:16:15:17 -0300] "GET /cormun/servlet/solicitudotadjuntos?5737001af96a2a1eae8bc82de06e5fbed3d206999a6fb8397098d912c9e18566,gx-no-cache=1711394166675 HTTP/1.1" 200 30
190.171.152.234 - - [25/Mar/2024:16:15:17 -0300] "GET /cormun/servlet/solicitudotadjuntos?5737001af96a2a1eae8bc82de06e5fbed3d206999a6fb8397098d912c9e18566,gx-no-cache=1711394166684 HTTP/1.1" 200 30
190.171.152.234 - - [25/Mar/2024:16:15:18 -0300] "POST /cormun/servlet/solicitudotadjuntos?d6dfc000c0e88888dafef6758d90dc5e,INS,2024,21083,,1, HTTP/1.1" 200 116
190.171.152.234 - - [25/Mar/2024:16:15:18 -0300] "GET /cormun/servlet/hpexe_return? HTTP/1.1" 200 1026
190.171.152.234 - - [25/Mar/2024:16:15:18 -0300] "GET /cormun/servlet/trsolicitudadjuntos?2024,21083, HTTP/1.1" 200 9815
190.171.152.234 - - [25/Mar/2024:16:15:20 -0300] "GET /cormun/servlet/solicitudotadjuntos?INS,2024,21083,,1, HTTP/1.1" 200 6332
190.171.152.234 - - [25/Mar/2024:16:15:20 -0300] "GET /cormun/static/about:blank HTTP/1.1" 404 1011
190.171.152.234 - - [25/Mar/2024:16:15:21 -0300] "GET /cormun/servlet/solicitudotadjuntos?5737001af96a2a1eae8bc82de06e5fbec0c01a98fe9e5a906b123f547a019d016024eb66faeb8225765a538f5fee8784,gx-no-cache=1711394169954 HTTP/1.1" 200 30
190.171.152.234 - - [25/Mar/2024:16:15:21 -0300] "POST /cormun/servlet/solicitudotadjuntos?d6dfc000c0e88888dafef6758d90dc5e,INS,2024,21083,,1,,gx-no-cache=1711394169967 HTTP/1.1" 200 4197
190.171.152.234 - - [25/Mar/2024:16:15:23 -0300] "POST /cormun/servlet/solicitudotadjuntos?gx-no-cache=1711394172036 HTTP/1.1" 200 26
207.248.200.94 - - [25/Mar/2024:16:15:25 -0300] "GET /cormun/servlet/hhome HTTP/1.1" 200 3927
209.141.55.133 - - [25/Mar/2024:16:15:27 -0300] "GET /manager/html HTTP/1.1" 401 2474
209.141.55.133 - - [25/Mar/2024:16:15:27 -0300] "GET /manager/html HTTP/1.1" 401 2474
190.171.152.234 - - [25/Mar/2024:16:15:28 -0300] "GET /cormun/servlet/solicitudotadjuntos?5737001af96a2a1eae8bc82de06e5fbed3d206999a6fb8397098d912c9e18566,gx-no-cache=1711394176715 HTTP/1.1" 200 30
190.171.152.234 - - [25/Mar/2024:16:15:28 -0300] "GET /cormun/servlet/solicitudotadjuntos?5737001af96a2a1eae8bc82de06e5fbed3d206999a6fb8397098d912c9e18566,gx-no-cache=1711394176785 HTTP/1.1" 200 30
190.171.152.234 - - [25/Mar/2024:16:15:28 -0300] "POST /cormun/servlet/solicitudotadjuntos?d6dfc000c0e88888dafef6758d90dc5e,INS,2024,21083,,1, HTTP/1.1" 200 116
190.171.152.234 - - [25/Mar/2024:16:15:28 -0300] "GET /cormun/servlet/hpexe_return? HTTP/1.1" 200 1026
190.171.152.234 - - [25/Mar/2024:16:15:28 -0300] "GET /cormun/servlet/trsolicitudadjuntos?2024,21083, HTTP/1.1" 200 10035
190.171.152.234 - - [25/Mar/2024:16:15:30 -0300] "GET /cormun/servlet/solicitudotadjuntos?INS,2024,21083,,1, HTTP/1.1" 200 6332
190.171.152.234 - - [25/Mar/2024:16:15:30 -0300] "GET /cormun/static/about:blank HTTP/1.1" 404 1011
190.171.152.234 - - [25/Mar/2024:16:15:31 -0300] "GET /cormun/servlet/solicitudotadjuntos?5737001af96a2a1eae8bc82de06e5fbec0c01a98fe9e5a906b123f547a019d016024eb66faeb8225765a538f5fee8784,gx-no-cache=1711394180101 HTTP/1.1" 200 30
190.171.152.234 - - [25/Mar/2024:16:15:31 -0300] "POST /cormun/servlet/solicitudotadjuntos?d6dfc000c0e88888dafef6758d90dc5e,INS,2024,21083,,1,,gx-no-cache=1711394180115 HTTP/1.1" 200 4197
190.171.152.234 - - [25/Mar/2024:16:15:33 -0300] "POST /cormun/servlet/solicitudotadjuntos?gx-no-cache=1711394182404 HTTP/1.1" 200 26
190.171.152.234 - - [25/Mar/2024:16:15:36 -0300] "GET /cormun/servlet/solicitudotadjuntos?5737001af96a2a1eae8bc82de06e5fbed3d206999a6fb8397098d912c9e18566,gx-no-cache=1711394185738 HTTP/1.1" 200 30
190.171.152.234 - - [25/Mar/2024:16:15:36 -0300] "GET /cormun/servlet/solicitudotadjuntos?5737001af96a2a1eae8bc82de06e5fbed3d206999a6fb8397098d912c9e18566,gx-no-cache=1711394185749 HTTP/1.1" 200 30
190.171.152.234 - - [25/Mar/2024:16:15:37 -0300] "POST /cormun/servlet/solicitudotadjuntos?d6dfc000c0e88888dafef6758d90dc5e,INS,2024,21083,,1, HTTP/1.1" 200 116
190.171.152.234 - - [25/Mar/2024:16:15:37 -0300] "GET /cormun/servlet/hpexe_return? HTTP/1.1" 200 1026
190.171.152.234 - - [25/Mar/2024:16:15:37 -0300] "GET /cormun/servlet/trsolicitudadjuntos?2024,21083, HTTP/1.1" 200 10289
190.171.152.234 - - [25/Mar/2024:16:15:39 -0300] "GET /cormun/servlet/solicitudotadjuntos?INS,2024,21083,,1, HTTP/1.1" 200 6332
190.171.152.234 - - [25/Mar/2024:16:15:39 -0300] "GET /cormun/static/about:blank HTTP/1.1" 404 1011
190.171.152.234 - - [25/Mar/2024:16:15:39 -0300] "GET /cormun/servlet/solicitudotadjuntos?5737001af96a2a1eae8bc82de06e5fbec0c01a98fe9e5a906b123f547a019d016024eb66faeb8225765a538f5fee8784,gx-no-cache=1711394188712 HTTP/1.1" 200 30
190.171.152.234 - - [25/Mar/2024:16:15:39 -0300] "POST /cormun/servlet/solicitudotadjuntos?d6dfc000c0e88888dafef6758d90dc5e,INS,2024,21083,,1,,gx-no-cache=1711394188726 HTTP/1.1" 200 4197
200.54.103.162 - - [25/Mar/2024:16:15:41 -0300] "GET /cormun/servlet/trcontratounov2? HTTP/1.1" 200 17655
200.54.103.162 - - [25/Mar/2024:16:15:42 -0300] "GET /cormun/static/gxcfg.js?2020121614367 HTTP/1.1" 200 953
200.54.103.162 - - [25/Mar/2024:16:15:42 -0300] "GET /cormun/static/Resources/PXToolsAddSelectedAction.png HTTP/1.1" 200 523
200.54.103.162 - - [25/Mar/2024:16:15:42 -0300] "GET /cormun/static/trcontratounov2.js?20201216143065 HTTP/1.1" 200 38486
190.171.152.234 - - [25/Mar/2024:16:15:43 -0300] "POST /cormun/servlet/solicitudotadjuntos?gx-no-cache=1711394191772 HTTP/1.1" 200 26
190.171.152.234 - - [25/Mar/2024:16:15:48 -0300] "GET /cormun/servlet/solicitudotadjuntos?5737001af96a2a1eae8bc82de06e5fbed3d206999a6fb8397098d912c9e18566,gx-no-cache=1711394197324 HTTP/1.1" 200 30
190.171.152.234 - - [25/Mar/2024:16:15:48 -0300] "GET /cormun/servlet/solicitudotadjuntos?5737001af96a2a1eae8bc82de06e5fbed3d206999a6fb8397098d912c9e18566,gx-no-cache=1711394197337 HTTP/1.1" 200 30
190.171.152.234 - - [25/Mar/2024:16:15:48 -0300] "POST /cormun/servlet/solicitudotadjuntos?d6dfc000c0e88888dafef6758d90dc5e,INS,2024,21083,,1, HTTP/1.1" 200 116
190.171.152.234 - - [25/Mar/2024:16:15:48 -0300] "GET /cormun/servlet/hpexe_return? HTTP/1.1" 200 1026
190.171.152.234 - - [25/Mar/2024:16:15:49 -0300] "GET /cormun/servlet/trsolicitudadjuntos?2024,21083, HTTP/1.1" 200 10474
190.171.152.234 - - [25/Mar/2024:16:15:52 -0300] "GET /cormun/servlet/trsolicitudot? HTTP/1.1" 200 10917
190.171.152.234 - - [25/Mar/2024:16:15:56 -0300] "POST /cormun/servlet/trsolicitudot?d6dfc000c0e88888dafef6758d90dc5e,,gx-no-cache=1711394205000 HTTP/1.1" 200 7753
190.171.152.234 - - [25/Mar/2024:16:15:56 -0300] "GET /cormun/static/Shared/jqueryui/images/ui-icons_82798d_256x240.png HTTP/1.1" 404 1089
190.171.152.234 - - [25/Mar/2024:16:15:56 -0300] "GET /cormun/static/Shared/jqueryui/images/ui-bg_highlight-soft_100_c6c2c8_1x100.png HTTP/1.1" 404 1117
190.171.152.234 - - [25/Mar/2024:16:15:56 -0300] "GET /cormun/static/Shared/jqueryui/images/ui-bg_flat_55_fafafa_40x100.png HTTP/1.1" 404 1097
190.171.152.234 - - [25/Mar/2024:16:15:56 -0300] "GET /cormun/static/Shared/jqueryui/images/ui-icons_8d78a5_256x240.png HTTP/1.1" 404 1089
200.54.103.162 - - [25/Mar/2024:16:15:56 -0300] "POST /cormun/servlet/trcontratounov2?ac441d2027d7171826811b80b224c582,,gx-no-cache=1711393972242 HTTP/1.1" 200 17746
190.171.152.234 - - [25/Mar/2024:16:15:56 -0300] "POST /cormun/servlet/trsolicitudot?d6dfc000c0e88888dafef6758d90dc5e,,gx-no-cache=1711394205210 HTTP/1.1" 200 7697
190.171.152.234 - - [25/Mar/2024:16:15:59 -0300] "GET /cormun/servlet/trautorizarsolicitud? HTTP/1.1" 200 8788
200.54.103.162 - - [25/Mar/2024:16:16:11 -0300] "GET /cormun/servlet/trcontratoobservaciondir? HTTP/1.1" 200 14435
200.54.103.162 - - [25/Mar/2024:16:16:11 -0300] "GET /cormun/static/gxcfg.js?20221129848537 HTTP/1.1" 200 953
200.54.103.162 - - [25/Mar/2024:16:16:11 -0300] "GET /cormun/static/trcontratoobservaciondir.js?20221129848696 HTTP/1.1" 200 27185
200.54.103.162 - - [25/Mar/2024:16:16:11 -0300] "GET /cormun//static/Resources/PXToolsGridUpdate.png HTTP/1.1" 200 470
200.54.103.162 - - [25/Mar/2024:16:16:11 -0300] "GET /cormun//static/Resources/PXToolsGridDelete.png HTTP/1.1" 200 538
190.171.152.234 - - [25/Mar/2024:16:16:12 -0300] "POST /cormun/servlet/trautorizarsolicitud?d6dfc000c0e88888dafef6758d90dc5e,,gx-no-cache=1711394220950 HTTP/1.1" 200 4791
190.171.152.234 - - [25/Mar/2024:16:16:12 -0300] "POST /cormun/servlet/trautorizarsolicitud?d6dfc000c0e88888dafef6758d90dc5e,,gx-no-cache=1711394221073 HTTP/1.1" 200 4557
190.171.152.234 - - [25/Mar/2024:16:16:24 -0300] "GET /cormun/servlet/trsolicitudot? HTTP/1.1" 200 10507
181.212.43.89 - - [25/Mar/2024:16:21:04 -0300] "GET /cormun/servlet/hlogin HTTP/1.1" 200 1718
181.212.47.137 - - [25/Mar/2024:16:21:05 -0300] "POST /cormun/servlet/trsolicitudgral?55b2c0d76ae02f8df6a389fe21348db0,,gx-no-cache=1711394264327 HTTP/1.1" 200 21855
209.141.55.133 - - [25/Mar/2024:16:21:05 -0300] "GET /manager/html HTTP/1.1" 401 2474
209.141.55.133 - - [25/Mar/2024:16:21:05 -0300] "GET /manager/html HTTP/1.1" 401 2474
181.212.43.89 - - [25/Mar/2024:16:21:10 -0300] "POST /cormun/servlet/hlogin?b40be87d0ffc373e6cfb7162442bf83a,gx-no-cache=1711394282733 HTTP/1.1" 200 90
181.212.43.89 - - [25/Mar/2024:16:21:10 -0300] "GET /cormun/servlet/hpexe_link HTTP/1.1" 200 949
181.212.43.89 - - [25/Mar/2024:16:21:10 -0300] "GET /cormun/servlet/hhome HTTP/1.1" 200 4015
181.212.43.89 - - [25/Mar/2024:16:21:14 -0300] "GET /cormun/servlet/trsolicitudot? HTTP/1.1" 200 7230
181.212.43.89 - - [25/Mar/2024:16:21:19 -0300] "GET /cormun/static/menuarrow.gif HTTP/1.1" 404 1015
181.212.43.89 - - [25/Mar/2024:16:21:24 -0300] "POST /cormun/servlet/trsolicitudot?b40be87d0ffc373e6cfb7162442bf83a,,gx-no-cache=1711394296747 HTTP/1.1" 200 4367
181.212.47.137 - - [25/Mar/2024:16:21:25 -0300] "GET /cormun/servlet/vesolicitudgral?2024,21083,, HTTP/1.1" 200 8444
181.212.47.137 - - [25/Mar/2024:16:21:25 -0300] "GET /cormun/pexe_scrolldiv.js HTTP/1.1" 404 1009
181.212.47.137 - - [25/Mar/2024:16:21:28 -0300] "POST /cormun/servlet/vesolicitudgral?55b2c0d76ae02f8df6a389fe21348db0,2024,21083,,,gx-no-cache=1711394287562 HTTP/1.1" 200 12349
181.212.47.137 - - [25/Mar/2024:16:21:28 -0300] "GET /cormun/static/Shared/jqueryui/images/ui-icons_82798d_256x240.png HTTP/1.1" 404 1089
181.212.47.137 - - [25/Mar/2024:16:21:28 -0300] "GET /cormun/static/Shared/jqueryui/images/ui-bg_highlight-soft_100_c6c2c8_1x100.png HTTP/1.1" 404 1117
181.212.47.137 - - [25/Mar/2024:16:21:28 -0300] "GET /cormun/static/Shared/jqueryui/images/ui-icons_8d78a5_256x240.png HTTP/1.1" 404 1089
181.212.47.137 - - [25/Mar/2024:16:21:28 -0300] "GET /cormun/static/Shared/jqueryui/images/ui-bg_flat_55_fafafa_40x100.png HTTP/1.1" 404 1097
181.212.47.137 - - [25/Mar/2024:16:21:28 -0300] "POST /cormun/servlet/vesolicitudgral?55b2c0d76ae02f8df6a389fe21348db0,2024,21083,,,gx-no-cache=1711394287869 HTTP/1.1" 200 12282
181.212.43.89 - - [25/Mar/2024:16:21:31 -0300] "POST /cormun/servlet/trsolicitudot?b40be87d0ffc373e6cfb7162442bf83a,,gx-no-cache=1711394303900 HTTP/1.1" 200 4367
181.212.47.137 - - [25/Mar/2024:16:21:32 -0300] "GET /cormun/servlet/trsolicitudgral? HTTP/1.1" 200 24390
190.171.143.106 - - [25/Mar/2024:16:21:32 -0300] "GET /cormun/servlet/hhome HTTP/1.1" 200 3319
190.171.143.106 - - [25/Mar/2024:16:21:33 -0300] "GET /cormun/servlet/hlogin HTTP/1.1" 200 1730
190.171.143.106 - - [25/Mar/2024:16:21:36 -0300] "POST /cormun/servlet/hlogin?a2568088d0d697dcf4d5c9ebeb691de9,gx-no-cache=1711394776593 HTTP/1.1" 200 90
190.171.143.106 - - [25/Mar/2024:16:21:36 -0300] "GET /cormun/servlet/hpexe_link HTTP/1.1" 200 950
190.171.143.106 - - [25/Mar/2024:16:21:36 -0300] "GET /cormun/servlet/hhome HTTP/1.1" 200 4259
190.171.143.106 - - [25/Mar/2024:16:21:40 -0300] "GET /cormun/servlet/trsolicitudot? HTTP/1.1" 200 9412
181.212.43.89 - - [25/Mar/2024:16:21:41 -0300] "POST /cormun/servlet/trsolicitudot?b40be87d0ffc373e6cfb7162442bf83a,,gx-no-cache=1711394313258 HTTP/1.1" 200 4367
181.212.43.89 - - [25/Mar/2024:16:21:49 -0300] "POST /cormun/servlet/trsolicitudot?b40be87d0ffc373e6cfb7162442bf83a,,gx-no-cache=1711394321910 HTTP/1.1" 200 4365
181.212.43.89 - - [25/Mar/2024:16:21:57 -0300] "POST /cormun/servlet/trsolicitudot?b40be87d0ffc373e6cfb7162442bf83a,,gx-no-cache=1711394329311 HTTP/1.1" 200 7185
181.212.43.89 - - [25/Mar/2024:16:22:02 -0300] "GET /cormun/servlet/treventos?2024,20963, HTTP/1.1" 200 9075
181.212.43.89 - - [25/Mar/2024:16:22:02 -0300] "GET /cormun/static/gxcfg.js?20201215584657 HTTP/1.1" 200 953
181.212.43.89 - - [25/Mar/2024:16:22:02 -0300] "GET /cormun/static/treventos.js?2020121558506 HTTP/1.1" 200 16063
181.212.43.89 - - [25/Mar/2024:16:22:06 -0300] "GET /cormun/servlet/trsolicitudot? HTTP/1.1" 200 10013
181.212.43.89 - - [25/Mar/2024:16:22:09 -0300] "GET /cormun/servlet/vesolicitudot?2024,20963,, HTTP/1.1" 200 8402
181.212.43.89 - - [25/Mar/2024:16:22:09 -0300] "GET /cormun/pexe_scrolldiv.js HTTP/1.1" 404 1009
181.212.43.89 - - [25/Mar/2024:16:22:09 -0300] "GET /cormun/static/gxcfg.js?202211298465857 HTTP/1.1" 200 953
181.212.43.89 - - [25/Mar/2024:16:22:09 -0300] "GET /cormun/static/Resources/PXToolsTabFirstSelected.png HTTP/1.1" 200 1270
181.212.43.89 - - [25/Mar/2024:16:22:09 -0300] "GET /cormun/static/vesolicitudot.js?202211298465886 HTTP/1.1" 200 6091
181.212.43.89 - - [25/Mar/2024:16:22:09 -0300] "GET /cormun/static/hwcviewtabs.js?201991422154026 HTTP/1.1" 200 1074
181.212.43.89 - - [25/Mar/2024:16:22:09 -0300] "GET /cormun/static/hpexe_tabsview.js?2020121447381 HTTP/1.1" 200 1661
181.212.43.89 - - [25/Mar/2024:16:22:09 -0300] "GET /cormun/static/Resources/PXToolsTabPrevious.gif HTTP/1.1" 200 172
181.212.43.89 - - [25/Mar/2024:16:22:09 -0300] "GET /cormun/static/Resources/PXToolsTabLastUnselected.png HTTP/1.1" 200 1297
181.212.43.89 - - [25/Mar/2024:16:22:09 -0300] "GET /cormun/static/Resources/PXToolsTabNext.gif HTTP/1.1" 200 168
181.212.43.89 - - [25/Mar/2024:16:22:09 -0300] "GET /cormun/static/tbsolicitudot01.js?20201214462316 HTTP/1.1" 200 30566
181.212.43.89 - - [25/Mar/2024:16:22:10 -0300] "GET /cormun/static/calendar-system.css HTTP/1.1" 200 5572
181.212.43.89 - - [25/Mar/2024:16:22:10 -0300] "GET /cormun/static/Resources/PXToolsTabBackUnselected.png HTTP/1.1" 200 1175
181.212.43.89 - - [25/Mar/2024:16:22:10 -0300] "GET /cormun/static/Resources/PXToolsTabBackSelected.png HTTP/1.1" 200 1157
181.212.43.89 - - [25/Mar/2024:16:22:10 -0300] "GET /cormun/static/Resources/PXToolsTabUnselectedUnselected.png HTTP/1.1" 200 1470
181.212.43.89 - - [25/Mar/2024:16:22:10 -0300] "GET /cormun/static/Resources/PXToolsTabSelectedUnselected.png HTTP/1.1" 200 1451
181.212.43.89 - - [25/Mar/2024:16:22:32 -0300] "GET /cormun/servlet/trsolicitudot? HTTP/1.1" 200 10013
181.212.47.137 - - [25/Mar/2024:16:22:33 -0300] "POST /cormun/servlet/trsolicitudgral?55b2c0d76ae02f8df6a389fe21348db0,,gx-no-cache=1711394351787 HTTP/1.1" 200 26154
181.212.47.137 - - [25/Mar/2024:16:22:39 -0300] "POST /cormun/servlet/trsolicitudgral?55b2c0d76ae02f8df6a389fe21348db0,,gx-no-cache=1711394359171 HTTP/1.1" 200 7145
181.212.43.89 - - [25/Mar/2024:16:22:54 -0300] "GET /cormun/servlet/treventos?2024,20779, HTTP/1.1" 200 9076
181.212.47.137 - - [25/Mar/2024:16:22:56 -0300] "POST /cormun/servlet/trsolicitudgral?55b2c0d76ae02f8df6a389fe21348db0,,gx-no-cache=1711394374191 HTTP/1.1" 200 26154
181.212.43.89 - - [25/Mar/2024:16:22:58 -0300] "GET /cormun/servlet/trsolicitudot? HTTP/1.1" 200 10013
190.171.143.106 - - [25/Mar/2024:16:23:02 -0300] "GET /cormun/servlet/trsolicitudot? HTTP/1.1" 200 9411
181.212.43.89 - - [25/Mar/2024:16:23:05 -0300] "POST /cormun/servlet/trsolicitudot?b40be87d0ffc373e6cfb7162442bf83a,,gx-no-cache=1711394398002 HTTP/1.1" 200 7163
181.212.47.137 - - [25/Mar/2024:16:23:07 -0300] "POST /cormun/servlet/trsolicitudgral?55b2c0d76ae02f8df6a389fe21348db0,,gx-no-cache=1711394386882 HTTP/1.1" 200 21417
181.212.43.89 - - [25/Mar/2024:16:23:07 -0300] "GET /cormun/servlet/vesolicitudot?2024,20779,, HTTP/1.1" 200 8373
181.212.43.89 - - [25/Mar/2024:16:23:07 -0300] "GET /cormun/pexe_scrolldiv.js HTTP/1.1" 404 1009
181.212.43.89 - - [25/Mar/2024:16:23:17 -0300] "GET /cormun/servlet/vesolicitudot?2024,20779,,SolicitudOTAdjuntos HTTP/1.1" 200 11583
181.212.43.89 - - [25/Mar/2024:16:23:17 -0300] "GET /cormun/pexe_scrolldiv.js HTTP/1.1" 404 1009
181.212.43.89 - - [25/Mar/2024:16:23:17 -0300] "GET /cormun/static/tbsolicitudot02.js?202211298385594 HTTP/1.1" 200 15626
181.212.43.89 - - [25/Mar/2024:16:23:17 -0300] "GET /cormun/static/gxui/gxui-all.css HTTP/1.1" 200 2179
181.212.43.89 - - [25/Mar/2024:16:23:17 -0300] "GET /cormun/static/Resources/PXToolsTabFirstUnselected.png HTTP/1.1" 200 1278
181.212.43.89 - - [25/Mar/2024:16:23:17 -0300] "GET /cormun/static/Resources/PXToolsTabUnselectedSelected.png HTTP/1.1" 200 1458
181.212.43.89 - - [25/Mar/2024:16:23:17 -0300] "GET /cormun/static/Shared/ext/resources/css/ext-all.css HTTP/1.1" 200 416045
181.212.43.89 - - [25/Mar/2024:16:23:18 -0300] "POST /cormun/servlet/acontrolpreferencessavestate?None,CD-33,true HTTP/1.1" 200 35
181.212.43.89 - - [25/Mar/2024:16:23:21 -0300] "GET /cormun/servlet/vesolicitudot?2024,20779,,General HTTP/1.1" 200 8378
181.212.43.89 - - [25/Mar/2024:16:23:21 -0300] "GET /cormun/pexe_scrolldiv.js HTTP/1.1" 404 1009
181.212.43.89 - - [25/Mar/2024:16:23:35 -0300] "GET /cormun/servlet/vesolicitudot?2024,20779,,SolicitudOTAdjuntos HTTP/1.1" 200 11589
181.212.43.89 - - [25/Mar/2024:16:23:35 -0300] "GET /cormun/pexe_scrolldiv.js HTTP/1.1" 404 1009
181.212.43.89 - - [25/Mar/2024:16:23:36 -0300] "POST /cormun/servlet/acontrolpreferencessavestate?None,CD-33,true HTTP/1.1" 200 35
181.212.47.137 - - [25/Mar/2024:16:23:43 -0300] "GET /cormun/servlet/trautorizarot? HTTP/1.1" 200 11029
190.171.143.106 - - [25/Mar/2024:16:23:46 -0300] "POST /cormun/servlet/trsolicitudot?a2568088d0d697dcf4d5c9ebeb691de9,,gx-no-cache=1711394906590 HTTP/1.1" 200 102
190.171.143.106 - - [25/Mar/2024:16:23:46 -0300] "POST /cormun/servlet/trsolicitudot?a2568088d0d697dcf4d5c9ebeb691de9,,gx-no-cache=1711394906666 HTTP/1.1" 200 6557
190.171.143.106 - - [25/Mar/2024:16:23:47 -0300] "GET /cormun/SolicitudOT-768.xls HTTP/1.1" 200 6144
181.212.47.137 - - [25/Mar/2024:16:23:49 -0300] "POST /cormun/servlet/trautorizarot?55b2c0d76ae02f8df6a389fe21348db0,,gx-no-cache=1711394428663 HTTP/1.1" 200 5366
190.171.143.106 - - [25/Mar/2024:16:23:49 -0300] "GET /cormun/servlet/solicitudot?INS,0,0,false, HTTP/1.1" 200 16237
181.212.47.137 - - [25/Mar/2024:16:23:51 -0300] "GET /cormun/servlet/trsolicitudgral? HTTP/1.1" 200 24385
181.212.47.137 - - [25/Mar/2024:16:23:58 -0300] "POST /cormun/servlet/trsolicitudgral?55b2c0d76ae02f8df6a389fe21348db0,,gx-no-cache=1711394438258 HTTP/1.1" 200 8133
190.171.143.106 - - [25/Mar/2024:16:24:01 -0300] "POST /cormun/servlet/solicitudot?gx-no-cache=1711394921972 HTTP/1.1" 200 4167
190.171.143.106 - - [25/Mar/2024:16:24:01 -0300] "POST /cormun/servlet/solicitudot?a2568088d0d697dcf4d5c9ebeb691de9,INS,0,0,false,,gx-no-cache=1711394922083 HTTP/1.1" 200 13019
190.171.143.106 - - [25/Mar/2024:16:24:14 -0300] "GET /cormun/servlet/solicitudot?21af45efd6603b6534190942305a5844adb613fb8c176128b230b49199b7958d889de31c307894c0bf39b685d1f38deb,gx-no-cache=1711394935130 HTTP/1.1" 200 30
190.171.143.106 - - [25/Mar/2024:16:24:14 -0300] "GET /cormun/servlet/solicitudot?21af45efd6603b6534190942305a5844f786c4f3dc52c7e8e661bd84dd38c11d6e06fd0ce70585bcba054080192dbde590cb8e9176f762852e8ab6322718b89d,gx-no-cache=1711394935193 HTTP/1.1" 200 30
190.171.143.106 - - [25/Mar/2024:16:24:14 -0300] "GET /cormun/servlet/solicitudot?21af45efd6603b6534190942305a584412c1c27d79162cfd1cdaef31c73c19a0,gx-no-cache=1711394935244 HTTP/1.1" 200 53
