190.171.152.234 - - [25/Mar/2024:12:38:02 -0300] "POST /cormun/servlet/hlogin?ed4e4b6bb64f37f8dd688253d9e62ef6,gx-no-cache=1711381131280 HTTP/1.1" 200 90
190.171.152.234 - - [25/Mar/2024:12:38:02 -0300] "GET /cormun/servlet/hpexe_link HTTP/1.1" 200 946
190.171.152.234 - - [25/Mar/2024:12:38:02 -0300] "GET /cormun/servlet/hhome HTTP/1.1" 200 4273
190.171.152.234 - - [25/Mar/2024:12:38:04 -0300] "GET /cormun/servlet/trsolicitudot? HTTP/1.1" 200 11626
190.171.152.234 - - [25/Mar/2024:12:38:07 -0300] "GET /cormun/servlet/solicitudot?INS,0,0,false, HTTP/1.1" 200 16256
181.212.47.137 - - [25/Mar/2024:12:38:08 -0300] "GET /cormun/servlet/vesolicitudgral?2024,21072,, HTTP/1.1" 200 8383
181.212.47.137 - - [25/Mar/2024:12:38:08 -0300] "GET /cormun/pexe_scrolldiv.js HTTP/1.1" 404 1009
181.212.47.137 - - [25/Mar/2024:12:38:10 -0300] "GET /cormun/servlet/vesolicitudgral?2024,21072,,SolicitudOTAdjuntos HTTP/1.1" 200 11085
181.212.47.137 - - [25/Mar/2024:12:38:10 -0300] "GET /cormun/pexe_scrolldiv.js HTTP/1.1" 404 1009
181.212.47.137 - - [25/Mar/2024:12:38:11 -0300] "POST /cormun/servlet/acontrolpreferencessavestate?None,RRHH+DANIELA,true HTTP/1.1" 200 35
181.212.47.137 - - [25/Mar/2024:12:38:11 -0300] "GET /cormun/servlet/vesolicitudgral?2024,21072,,General HTTP/1.1" 200 8387
181.212.47.137 - - [25/Mar/2024:12:38:11 -0300] "GET /cormun/pexe_scrolldiv.js HTTP/1.1" 404 1009
190.171.152.234 - - [25/Mar/2024:12:38:16 -0300] "POST /cormun/servlet/solicitudot?gx-no-cache=1711381145609 HTTP/1.1" 200 4031
190.171.152.234 - - [25/Mar/2024:12:38:16 -0300] "POST /cormun/servlet/solicitudot?ed4e4b6bb64f37f8dd688253d9e62ef6,INS,0,0,false,,gx-no-cache=1711381145752 HTTP/1.1" 200 12875
190.171.152.234 - - [25/Mar/2024:12:38:18 -0300] "GET /cormun/servlet/solicitudot?e3a6460dbf4fda026d78b59b3e7c825edf877e733e2f17785fdd9b3812b2f6875d98bf5ae6744c9757277ac90a936ea0,gx-no-cache=1711381147409 HTTP/1.1" 200 30
181.212.47.137 - - [25/Mar/2024:12:38:37 -0300] "POST /cormun/servlet/vesolicitudgral?b1e0a4a8f6c53dd6e026cad88010e4a3,2024,21072,,General,gx-no-cache=1711380917491 HTTP/1.1" 200 12283
181.212.47.137 - - [25/Mar/2024:12:38:37 -0300] "GET /cormun/static/Shared/jqueryui/images/ui-bg_highlight-soft_100_c6c2c8_1x100.png HTTP/1.1" 404 1117
181.212.47.137 - - [25/Mar/2024:12:38:37 -0300] "GET /cormun/static/Shared/jqueryui/images/ui-icons_82798d_256x240.png HTTP/1.1" 404 1089
181.212.47.137 - - [25/Mar/2024:12:38:37 -0300] "GET /cormun/static/Shared/jqueryui/images/ui-bg_flat_55_fafafa_40x100.png HTTP/1.1" 404 1097
181.212.47.137 - - [25/Mar/2024:12:38:37 -0300] "GET /cormun/static/Shared/jqueryui/images/ui-icons_8d78a5_256x240.png HTTP/1.1" 404 1089
181.212.47.137 - - [25/Mar/2024:12:38:37 -0300] "POST /cormun/servlet/vesolicitudgral?b1e0a4a8f6c53dd6e026cad88010e4a3,2024,21072,,General,gx-no-cache=1711380917689 HTTP/1.1" 200 12216
181.212.47.137 - - [25/Mar/2024:12:38:42 -0300] "GET /cormun/servlet/trsolicitudgral? HTTP/1.1" 200 24316
190.171.153.34 - - [25/Mar/2024:12:38:54 -0300] "GET /cormun/servlet/solicitudot?e31db30b1a2e7ddaebe459b58b8e19e0a1c53aa728f3d2cb86dcdb23ae6ece3289efd84f4229e0262e6f468bb3663967da5ea949249c7b0da312cb9a0184ecd3,gx-no-cache=1711380950673 HTTP/1.1" 200 30
209.141.55.133 - - [25/Mar/2024:12:39:01 -0300] "GET /manager/html HTTP/1.1" 401 2474
209.141.55.133 - - [25/Mar/2024:12:39:01 -0300] "GET /manager/html HTTP/1.1" 401 2474
181.212.47.137 - - [25/Mar/2024:12:39:10 -0300] "GET /cormun/servlet/vesolicitudgral?2024,21066,, HTTP/1.1" 200 8371
181.212.47.137 - - [25/Mar/2024:12:39:10 -0300] "GET /cormun/pexe_scrolldiv.js HTTP/1.1" 404 1009
190.171.153.34 - - [25/Mar/2024:12:39:12 -0300] "POST /cormun/servlet/solicitudot?gx-no-cache=1711380968323 HTTP/1.1" 200 297
190.171.153.34 - - [25/Mar/2024:12:39:18 -0300] "GET /cormun/servlet/solicitudot?e31db30b1a2e7ddaebe459b58b8e19e0bb8960f6598fe501bacf3d6ba1f65986bec650bce1ffa31305d9733a60a8f02cbd4203e8c53632ab89005003c561874e541fbf545dc48a7d864c3492c51da9b1ee09a862ad7488d58b9350f3010bbc51b00410d96f705371425b80e67cf3ca6ea89fd426b00fe505ffea90c7dc1d5717305136e40d995b7f9a39fcebb5744477c261f3ccf425b75cec92b9993cd6d078ace3d9a8b57fede9edff7cfcd4490807bf6ef346fd21e05e8bb0e41e0a877d0aff594bd6987e26a7fd3ad8518a9fdad147a7570b0f8a79087da273a7e39d13ce245e829cc02e4e54cc14c2f221b21d7004c0b25737fd20775ea105430177c6d77ed6dc8b2dbafb52c852f56eaa40186210c94a8f9951b1ac352e0ca4dea0f204126183d9fc903b71bdf9beafaaeb98ed51c85fa81bb1cc500d11b7f8214db1b9a0e0f7097184f12253592fde28b20464af72d2e4316631f199e4e88861414af1af81ccec049eeda496996cb0f5e1b4e9a9cf75301600e1ea94196e9f3c6601d0a82fde8ead9428d2b6dd97c59a460503,gx-no-cache=1711380974452 HTTP/1.1" 200 30
181.212.47.137 - - [25/Mar/2024:12:39:18 -0300] "POST /cormun/servlet/vesolicitudgral?b1e0a4a8f6c53dd6e026cad88010e4a3,2024,21066,,,gx-no-cache=1711380958568 HTTP/1.1" 200 12273
181.212.47.137 - - [25/Mar/2024:12:39:18 -0300] "POST /cormun/servlet/vesolicitudgral?b1e0a4a8f6c53dd6e026cad88010e4a3,2024,21066,,,gx-no-cache=1711380958714 HTTP/1.1" 200 12208
181.212.47.137 - - [25/Mar/2024:12:39:22 -0300] "GET /cormun/servlet/trsolicitudgral? HTTP/1.1" 200 23888
190.171.153.34 - - [25/Mar/2024:12:39:38 -0300] "POST /cormun/servlet/solicitudot?gx-no-cache=1711380994975 HTTP/1.1" 200 30
190.171.153.34 - - [25/Mar/2024:12:39:57 -0300] "POST /cormun/servlet/solicitudot?gx-no-cache=1711381013805 HTTP/1.1" 200 1475
190.171.153.34 - - [25/Mar/2024:12:40:00 -0300] "GET /cormun/static/menuarrow.gif HTTP/1.1" 404 1015
190.171.153.34 - - [25/Mar/2024:12:40:13 -0300] "POST /cormun/servlet/solicitudot?gx-no-cache=1711381029980 HTTP/1.1" 200 41
190.171.152.234 - - [25/Mar/2024:12:40:29 -0300] "GET /cormun/servlet/prbanco?,MD,,gxPopupLevel%3D0%3B HTTP/1.1" 200 6605
190.171.152.234 - - [25/Mar/2024:12:40:35 -0300] "GET /cormun/servlet/solicitudot?e3a6460dbf4fda026d78b59b3e7c825e012975254cb622358a3c0126f6487e40970e29a4e7447233ed820c38d8aebb202a1ed68bf584284a65b68f870a1f3047,gx-no-cache=1711381284998 HTTP/1.1" 200 30
190.171.152.234 - - [25/Mar/2024:12:40:36 -0300] "GET /cormun/servlet/solicitudot?e3a6460dbf4fda026d78b59b3e7c825ecdc1e51be0402c405cc16505e83622e4,gx-no-cache=1711381286031 HTTP/1.1" 200 70
190.171.153.34 - - [25/Mar/2024:12:40:38 -0300] "GET /cormun/servlet/solicitudot?e31db30b1a2e7ddaebe459b58b8e19e0d3e35ce38996275ec178498d45fceec5a239b1fb3e0dd6ec71654bb85738410d4703437387bfd29eadc89b9143a1c12fa29c08d6bb771aa3f1630fed9958420f9fc3d2854738c3376b462ccb3fc67b7277518952509244d4d8007ba388726ec2,gx-no-cache=1711381054354 HTTP/1.1" 200 110
190.171.153.34 - - [25/Mar/2024:12:40:38 -0300] "POST /cormun/servlet/solicitudot?gx-no-cache=1711381054396 HTTP/1.1" 200 79
190.171.141.82 - - [25/Mar/2024:12:40:45 -0300] "GET /cormun/servlet/solicitudotadjuntos?1e98135b87630bb56598fc923ea8f5f773eed14b8653e25a5cc113896f069569,gx-no-cache=1711381061773 HTTP/1.1" 200 30
190.171.141.82 - - [25/Mar/2024:12:40:45 -0300] "GET /cormun/servlet/solicitudotadjuntos?1e98135b87630bb56598fc923ea8f5f773eed14b8653e25a5cc113896f069569,gx-no-cache=1711381061793 HTTP/1.1" 200 30
190.171.141.82 - - [25/Mar/2024:12:40:47 -0300] "POST /cormun/servlet/solicitudotadjuntos?19e2269b6d8ec38312e6f4d2b991b58f,INS,2024,21066,,1, HTTP/1.1" 200 116
190.171.141.82 - - [25/Mar/2024:12:40:47 -0300] "GET /cormun/servlet/hpexe_return? HTTP/1.1" 200 1030
190.171.141.82 - - [25/Mar/2024:12:40:47 -0300] "GET /cormun/servlet/vesolicitudot?2024,21066,,SolicitudOTAdjuntos HTTP/1.1" 200 10595
190.171.141.82 - - [25/Mar/2024:12:40:47 -0300] "GET /cormun/pexe_scrolldiv.js HTTP/1.1" 404 1009
190.171.141.82 - - [25/Mar/2024:12:40:49 -0300] "POST /cormun/servlet/acontrolpreferencessavestate?None,MGALVEZ,true HTTP/1.1" 200 35
190.171.153.34 - - [25/Mar/2024:12:40:49 -0300] "GET /cormun/servlet/solicitudot?e31db30b1a2e7ddaebe459b58b8e19e00a42d3c62d65be12a697c03b0d2694045b0917f819a95b5a37b91464240cbdeffb6642e1b8c85ca7cba53072e827b01fa8879abe4887a09da9dd773c7705677fc58951f70ea55f0a3ea380ddc2783bdf0df7b83c342cb90b32e75b33e273684b,gx-no-cache=1711381065263 HTTP/1.1" 200 29
190.171.141.82 - - [25/Mar/2024:12:40:50 -0300] "GET /cormun/servlet/solicitudotadjuntos?INS,2024,21066,,1, HTTP/1.1" 200 6373
190.171.141.82 - - [25/Mar/2024:12:40:50 -0300] "GET /cormun/static/about:blank HTTP/1.1" 404 1011
190.171.141.82 - - [25/Mar/2024:12:40:50 -0300] "GET /cormun/servlet/solicitudotadjuntos?1e98135b87630bb56598fc923ea8f5f7582665514eb2d2d7e3a2c8fefe970677ff817f2139b2feda549b9d8486fe2d27,gx-no-cache=1711381066909 HTTP/1.1" 200 30
190.171.141.82 - - [25/Mar/2024:12:40:50 -0300] "POST /cormun/servlet/solicitudotadjuntos?19e2269b6d8ec38312e6f4d2b991b58f,INS,2024,21066,,1,,gx-no-cache=1711381066926 HTTP/1.1" 200 4151
190.171.141.82 - - [25/Mar/2024:12:40:51 -0300] "POST /cormun/servlet/solicitudotadjuntos?gx-no-cache=1711381067974 HTTP/1.1" 200 26
190.171.153.34 - - [25/Mar/2024:12:40:54 -0300] "GET /cormun/servlet/solicitudot?e31db30b1a2e7ddaebe459b58b8e19e0c012fe6dbf0f606f03bb36a5858bf9da4381e966351a532e02bd0837b17f98c4,gx-no-cache=1711381070097 HTTP/1.1" 200 30
190.171.153.34 - - [25/Mar/2024:12:40:54 -0300] "POST /cormun/servlet/solicitudot?gx-no-cache=1711381070125 HTTP/1.1" 200 34
190.171.152.234 - - [25/Mar/2024:12:40:54 -0300] "POST /cormun/servlet/solicitudot?ed4e4b6bb64f37f8dd688253d9e62ef6,INS,0,0,false,,gx-no-cache=1711381303681 HTTP/1.1" 200 13120
190.171.152.234 - - [25/Mar/2024:12:40:54 -0300] "GET /cormun/static/Shared/jqueryui/images/ui-bg_highlight-soft_100_c6c2c8_1x100.png HTTP/1.1" 404 1117
190.171.152.234 - - [25/Mar/2024:12:40:54 -0300] "GET /cormun/static/Shared/jqueryui/images/ui-icons_82798d_256x240.png HTTP/1.1" 404 1089
190.171.152.234 - - [25/Mar/2024:12:40:54 -0300] "GET /cormun/static/Shared/jqueryui/images/ui-bg_flat_55_fafafa_40x100.png HTTP/1.1" 404 1097
190.171.152.234 - - [25/Mar/2024:12:40:54 -0300] "GET /cormun/static/Shared/jqueryui/images/ui-icons_8d78a5_256x240.png HTTP/1.1" 404 1089
190.171.141.82 - - [25/Mar/2024:12:40:55 -0300] "POST /cormun/servlet/solicitudotadjuntos?gx-no-cache=1711381071173 HTTP/1.1" 200 26
190.171.152.234 - - [25/Mar/2024:12:40:58 -0300] "GET /cormun/servlet/solicitudot?e3a6460dbf4fda026d78b59b3e7c825e707ea8be06f4fa5c6eae04a9d10d4d541574f16251717a40462978d9b0e63f4a09bd88e37180d5f295a37150d3a9cce653ed0cd18d83a41e4ea6380de56e1e6876b156b6374d1aac1173a2bbf329fd6d,gx-no-cache=1711381307730 HTTP/1.1" 200 70
190.171.152.234 - - [25/Mar/2024:12:40:59 -0300] "POST /cormun/servlet/solicitudot?gx-no-cache=1711381308753 HTTP/1.1" 200 255
190.171.152.234 - - [25/Mar/2024:12:41:01 -0300] "GET /cormun/servlet/solicitudot?e3a6460dbf4fda026d78b59b3e7c825eccbba07ce5d1001d944273515732bdecaac11a8853f4475da9c9d584607f366185e78f27067d14e8eb1c1ad53546fcfc78bfc5fe567a51347a62b16e237c30ebdf0c643243ed1b5f2c21dfcd3730c540b0e5ad2802cd3145597187ee0d3ea6acc00beaf6db56f992ac676f3ae40cd2b7ae3a8159b101440e64138b6cba33ed4759c984dcf5bb9d145cac2556cab812c6fa2eb4f3752da3f93d72269d664f40964d4caf3dd212fd0b4e8de44408a8372eac5f035d41cdd6064d3d2699906b32685a7a33ab0208302d6d26b927ec87dae529c10352852f8b007cec4ea1bb07d3df86570ea501e88713bb5035719f9b6d6e809633332c595f4b47596cf7fe5f3a16eee0d060fc9fc2f4c2f122e923ca984b61952eb9bb6bdc6085335219e2490fc1cb16eb9e9288c88c0e24d35d86a915e9e94d6c219eac3d29f84754f699f4cca3e3120a8df8dcf20ebd798042998ab0f21a16a3fe28055788ef10de481c3ff24a6ce5319492c0c0b3e9c0909b1f9bc7a7,gx-no-cache=1711381310314 HTTP/1.1" 200 30
190.171.152.234 - - [25/Mar/2024:12:41:04 -0300] "POST /cormun/servlet/solicitudot?gx-no-cache=1711381313353 HTTP/1.1" 200 30
190.171.152.234 - - [25/Mar/2024:12:41:07 -0300] "POST /cormun/servlet/solicitudot?gx-no-cache=1711381316467 HTTP/1.1" 200 1474
190.171.152.234 - - [25/Mar/2024:12:41:07 -0300] "POST /cormun/servlet/solicitudot?gx-no-cache=1711381316499 HTTP/1.1" 200 38
200.54.100.179 - - [25/Mar/2024:12:41:08 -0300] "GET /cormun/servlet/hlogin HTTP/1.1" 200 1720
200.54.100.179 - - [25/Mar/2024:12:41:08 -0300] "GET /cormun/static/gxtimezone.js?85251 HTTP/1.1" 200 5781
200.54.100.179 - - [25/Mar/2024:12:41:08 -0300] "GET /cormun/static/gxcfg.js?2022112219184450 HTTP/1.1" 200 953
200.54.100.179 - - [25/Mar/2024:12:41:08 -0300] "GET /cormun/static/Resources/CormunLogin.png HTTP/1.1" 200 19132
200.54.100.179 - - [25/Mar/2024:12:41:08 -0300] "GET /cormun/static/messages.spa.js?85251 HTTP/1.1" 200 30736
200.54.100.179 - - [25/Mar/2024:12:41:08 -0300] "GET /cormun/static/Resources/Spanish/PXTools.css?1759030 HTTP/1.1" 200 100853
200.54.100.179 - - [25/Mar/2024:12:41:08 -0300] "GET /cormun/static/hlogin.js?2022112219184458 HTTP/1.1" 200 2156
200.54.100.179 - - [25/Mar/2024:12:41:10 -0300] "GET /cormun/static/gxgral.js?85251 HTTP/1.1" 200 384558
200.54.100.179 - - [25/Mar/2024:12:41:10 -0300] "GET /cormun/static/Resources/PXToolsLoginTop.png HTTP/1.1" 200 1337
200.54.100.179 - - [25/Mar/2024:12:41:10 -0300] "GET /cormun/static/Resources/PXToolsLoginBackground.png HTTP/1.1" 200 1164
200.54.100.179 - - [25/Mar/2024:12:41:10 -0300] "GET /cormun/static/Resources/PXToolsButtonLeft.png HTTP/1.1" 200 1310
200.54.100.179 - - [25/Mar/2024:12:41:10 -0300] "GET /cormun/static/Resources/PXToolsButtonRight.png HTTP/1.1" 200 1294
200.54.100.179 - - [25/Mar/2024:12:41:10 -0300] "GET /cormun/static/Resources/PXToolsButtonBackground.png HTTP/1.1" 200 1176
200.54.100.179 - - [25/Mar/2024:12:41:10 -0300] "GET /cormun/static/Resources/PXToolsLoginBottom.png HTTP/1.1" 200 1389
190.171.141.82 - - [25/Mar/2024:12:41:10 -0300] "GET /cormun/servlet/solicitudotadjuntos?1e98135b87630bb56598fc923ea8f5f773eed14b8653e25a5cc113896f069569,gx-no-cache=1711381086908 HTTP/1.1" 200 30
200.54.100.179 - - [25/Mar/2024:12:41:10 -0300] "GET /cormun/static/Resources/indicator.gif HTTP/1.1" 200 1553
200.54.100.179 - - [25/Mar/2024:12:41:10 -0300] "GET /cormun/servlet/hlogin HTTP/1.1" 200 1731
190.171.141.82 - - [25/Mar/2024:12:41:10 -0300] "GET /cormun/servlet/solicitudotadjuntos?1e98135b87630bb56598fc923ea8f5f773eed14b8653e25a5cc113896f069569,gx-no-cache=1711381086922 HTTP/1.1" 200 30
190.171.141.82 - - [25/Mar/2024:12:41:11 -0300] "POST /cormun/servlet/solicitudotadjuntos?19e2269b6d8ec38312e6f4d2b991b58f,INS,2024,21066,,1, HTTP/1.1" 200 116
190.171.141.82 - - [25/Mar/2024:12:41:11 -0300] "GET /cormun/servlet/hpexe_return? HTTP/1.1" 200 1030
200.54.100.179 - - [25/Mar/2024:12:41:11 -0300] "GET /favicon.ico HTTP/1.1" 200 21630
190.171.141.82 - - [25/Mar/2024:12:41:11 -0300] "GET /cormun/servlet/vesolicitudot?2024,21066,,SolicitudOTAdjuntos HTTP/1.1" 200 10866
190.171.141.82 - - [25/Mar/2024:12:41:11 -0300] "GET /cormun/pexe_scrolldiv.js HTTP/1.1" 404 1009
190.171.141.82 - - [25/Mar/2024:12:41:12 -0300] "POST /cormun/servlet/acontrolpreferencessavestate?None,MGALVEZ,true HTTP/1.1" 200 35
190.171.141.82 - - [25/Mar/2024:12:41:13 -0300] "GET /cormun/servlet/solicitudotadjuntos?INS,2024,21066,,1, HTTP/1.1" 200 6373
190.171.141.82 - - [25/Mar/2024:12:41:13 -0300] "GET /cormun/static/about:blank HTTP/1.1" 404 1011
190.171.141.82 - - [25/Mar/2024:12:41:13 -0300] "GET /cormun/servlet/solicitudotadjuntos?1e98135b87630bb56598fc923ea8f5f7582665514eb2d2d7e3a2c8fefe970677ff817f2139b2feda549b9d8486fe2d27,gx-no-cache=1711381090000 HTTP/1.1" 200 30
190.171.141.82 - - [25/Mar/2024:12:41:13 -0300] "POST /cormun/servlet/solicitudotadjuntos?19e2269b6d8ec38312e6f4d2b991b58f,INS,2024,21066,,1,,gx-no-cache=1711381090018 HTTP/1.1" 200 4151
190.171.141.82 - - [25/Mar/2024:12:41:15 -0300] "POST /cormun/servlet/solicitudotadjuntos?gx-no-cache=1711381091525 HTTP/1.1" 200 26
200.54.100.179 - - [25/Mar/2024:12:41:18 -0300] "POST /cormun/servlet/hlogin?40cfb212be35fe8987b3f17c06c872a5,gx-no-cache=1711381094734 HTTP/1.1" 200 90
200.54.100.179 - - [25/Mar/2024:12:41:18 -0300] "GET /cormun/servlet/hpexe_link HTTP/1.1" 200 951
200.54.100.179 - - [25/Mar/2024:12:41:18 -0300] "GET /cormun/static/gxcfg.js?20221129847421 HTTP/1.1" 200 953
200.54.100.179 - - [25/Mar/2024:12:41:18 -0300] "GET /cormun/static/hpexe_link.js?20221129847423 HTTP/1.1" 200 625
200.54.100.179 - - [25/Mar/2024:12:41:19 -0300] "GET /cormun/static/Resources/Spanish/PXTools.css?8354383 HTTP/1.1" 200 100853
200.54.100.179 - - [25/Mar/2024:12:41:19 -0300] "GET /cormun/servlet/hhome HTTP/1.1" 200 4323
200.54.100.179 - - [25/Mar/2024:12:41:19 -0300] "GET /cormun/static/Shared/jqueryui/jquery-ui.min.css?1345370 HTTP/1.1" 200 30288
200.54.100.179 - - [25/Mar/2024:12:41:19 -0300] "GET /cormun/static/SmoothNavMenu/resources/ddsmoothmenu.css?1112540 HTTP/1.1" 200 2223
200.54.100.179 - - [25/Mar/2024:12:41:19 -0300] "GET /cormun/static/SmoothNavMenu/resources/ddsmoothmenu-v.css?1112540 HTTP/1.1" 200 1188
200.54.100.179 - - [25/Mar/2024:12:41:19 -0300] "GET /cormun/static/scaMessage/css/jquery.pnotify.default.css?1816380 HTTP/1.1" 200 1707
200.54.100.179 - - [25/Mar/2024:12:41:19 -0300] "GET /cormun/static/gxcfg.js?20201215495537 HTTP/1.1" 200 953
200.54.100.179 - - [25/Mar/2024:12:41:19 -0300] "GET /cormun/static/PXToolsJavascripts/pexe_autoreload.js HTTP/1.1" 200 1762
200.54.100.179 - - [25/Mar/2024:12:41:19 -0300] "GET /cormun/static/PXToolsJavascripts/pexe_cookies.js HTTP/1.1" 200 792
200.54.100.179 - - [25/Mar/2024:12:41:19 -0300] "GET /cormun/static/PXToolsJavascripts/pexe_windows.js HTTP/1.1" 200 15249
200.54.100.179 - - [25/Mar/2024:12:41:19 -0300] "GET /cormun/static/PXToolsJavascripts/pexe_grid.js HTTP/1.1" 200 7559
200.54.100.179 - - [25/Mar/2024:12:41:19 -0300] "GET /cormun/static/Resources/Spanish/PXTools.css?14345360 HTTP/1.1" 200 100853
200.54.100.179 - - [25/Mar/2024:12:41:19 -0300] "GET /cormun/static/PXToolsJavascripts/pexe_griddivfix.js HTTP/1.1" 200 6946
200.54.100.179 - - [25/Mar/2024:12:41:19 -0300] "GET /cormun/static/PXToolsJavascripts/pexe_link.js HTTP/1.1" 200 5671
200.54.100.179 - - [25/Mar/2024:12:41:19 -0300] "GET /cormun/static/PXToolsJavascripts/pexe_menudivfix.js HTTP/1.1" 200 333
200.54.100.179 - - [25/Mar/2024:12:41:19 -0300] "GET /cormun/static/PXToolsJavascripts/pexe_menus.js HTTP/1.1" 200 1286
200.54.100.179 - - [25/Mar/2024:12:41:19 -0300] "GET /cormun/static/PXToolsJavascripts/pexe_layers.js HTTP/1.1" 200 4114
200.54.100.179 - - [25/Mar/2024:12:41:19 -0300] "GET /cormun/static/PXToolsJavascripts/pexe_oav.js HTTP/1.1" 200 645
200.54.100.179 - - [25/Mar/2024:12:41:19 -0300] "GET /cormun/static/PXToolsJavascripts/pexe_oavdivfix.js HTTP/1.1" 200 639
200.54.100.179 - - [25/Mar/2024:12:41:19 -0300] "GET /cormun/static/PXToolsJavascripts/pexe_picture.js HTTP/1.1" 200 689
200.54.100.179 - - [25/Mar/2024:12:41:19 -0300] "GET /cormun/static/PXToolsJavascripts/pexe_scrolldiv.js HTTP/1.1" 200 4138
200.54.100.179 - - [25/Mar/2024:12:41:19 -0300] "GET /cormun/static/PXToolsJavascripts/pexe_tabdivfix.js HTTP/1.1" 200 898
200.54.100.179 - - [25/Mar/2024:12:41:19 -0300] "GET /cormun/static/PXToolsJavascripts/pexe_tabs.js HTTP/1.1" 200 3748
200.54.100.179 - - [25/Mar/2024:12:41:19 -0300] "GET /cormun/static/PXToolsJavascripts/pexe_upload.js HTTP/1.1" 200 1423
200.54.100.179 - - [25/Mar/2024:12:41:19 -0300] "GET /cormun/static/PXToolsJavascripts/pexe_popup.js HTTP/1.1" 200 15149
200.54.100.179 - - [25/Mar/2024:12:41:19 -0300] "GET /cormun/static/PXToolsJavascripts/PXToolsJavascriptsRender.js HTTP/1.1" 200 367
200.54.100.179 - - [25/Mar/2024:12:41:19 -0300] "GET /cormun/static/Resources/CormunMP2.png HTTP/1.1" 200 6878
200.54.100.179 - - [25/Mar/2024:12:41:19 -0300] "GET /cormun/static/Resources/ImgHome.png HTTP/1.1" 200 1364
200.54.100.179 - - [25/Mar/2024:12:41:20 -0300] "GET /cormun/static/Resources/ImgLogin.png HTTP/1.1" 200 1432
200.54.100.179 - - [25/Mar/2024:12:41:20 -0300] "GET /cormun/static/Resources/Llave.png HTTP/1.1" 200 1395
200.54.100.179 - - [25/Mar/2024:12:41:20 -0300] "GET /cormun/static/RunJS/RunJS.js HTTP/1.1" 200 288
200.54.100.179 - - [25/Mar/2024:12:41:20 -0300] "GET /cormun/static/Shared/ext/locale/ext-lang-en.js HTTP/1.1" 200 10940
200.54.100.179 - - [25/Mar/2024:12:41:20 -0300] "GET /cormun/static/hhome.js?20201215495544 HTTP/1.1" 200 777
200.54.100.179 - - [25/Mar/2024:12:41:20 -0300] "GET /cormun/static/hwchdr01.js?2022112219251119 HTTP/1.1" 200 996
200.54.100.179 - - [25/Mar/2024:12:41:20 -0300] "GET /cormun/static/hpexe_recentlink.js?20201214471090 HTTP/1.1" 200 2144
200.54.100.179 - - [25/Mar/2024:12:41:20 -0300] "GET /cormun/static/Resources/PXToolsDataTitle.png HTTP/1.1" 200 1173
200.54.100.179 - - [25/Mar/2024:12:41:20 -0300] "GET /cormun/static/hpexe_scripts.js?20201214471411 HTTP/1.1" 200 1544
200.54.100.179 - - [25/Mar/2024:12:41:20 -0300] "GET /cormun/static/hpexe_messagecontroller.js?202211298371222 HTTP/1.1" 200 870
200.54.100.179 - - [25/Mar/2024:12:41:20 -0300] "GET /cormun/static/hpexe_messagepopupcomponent.js?2020121447232 HTTP/1.1" 200 605
200.54.100.179 - - [25/Mar/2024:12:41:20 -0300] "GET /cormun/static/hpexe_messagegenexuscomponent.js?20221129836373 HTTP/1.1" 200 587
200.54.100.179 - - [25/Mar/2024:12:41:20 -0300] "GET /cormun/static/cmcontrolpreferences.js?20199141926336 HTTP/1.1" 200 1375
200.54.100.179 - - [25/Mar/2024:12:41:20 -0300] "GET /cormun/static/gxui/gxui-all.js HTTP/1.1" 200 107772
200.54.100.179 - - [25/Mar/2024:12:41:20 -0300] "GET /cormun/static/SmoothNavMenu/resources/ddsmoothmenu.js HTTP/1.1" 200 12712
200.54.100.179 - - [25/Mar/2024:12:41:20 -0300] "GET /cormun/static/SmoothNavMenu/resources/SmoothNavMenuRender.js HTTP/1.1" 200 5951
200.54.100.179 - - [25/Mar/2024:12:41:20 -0300] "GET /cormun/static/scaMessage/js/jquery.pnotify.min.js HTTP/1.1" 200 13038
200.54.100.179 - - [25/Mar/2024:12:41:20 -0300] "GET /cormun/static/Shared/jquery/jquery-1.4.2.min.js HTTP/1.1" 200 72174
200.54.100.179 - - [25/Mar/2024:12:41:20 -0300] "GET /cormun/static/scaMessage/scaMessageRender.js HTTP/1.1" 200 11977
200.54.100.179 - - [25/Mar/2024:12:41:20 -0300] "GET /cormun/static/hmpwkw03.js?20221129844354 HTTP/1.1" 200 3971
200.54.100.179 - - [25/Mar/2024:12:41:20 -0300] "GET /cormun/static/Shared/jquery/jquery-1.10.2.min.js HTTP/1.1" 200 273199
200.54.100.179 - - [25/Mar/2024:12:41:21 -0300] "GET /cormun/static/Shared/jqueryui/jquery-ui.min.js HTTP/1.1" 200 240427
200.54.100.179 - - [25/Mar/2024:12:41:21 -0300] "GET /cormun/static/Shared/ext/ext-all.js HTTP/1.1" 200 1289687
200.54.100.179 - - [25/Mar/2024:12:41:21 -0300] "GET /cormun/static/SmoothNavMenu/resources/images/down.gif HTTP/1.1" 200 854
200.54.100.179 - - [25/Mar/2024:12:41:22 -0300] "GET /cormun/static/SmoothNavMenu/resources/images/right.gif HTTP/1.1" 200 860
200.54.100.179 - - [25/Mar/2024:12:41:25 -0300] "qÞ¢ÅÀ‹ɝï߬úU}’¯CRÁ˜8“ÏWœ– Þ75nÂÏUìvFrãàÆ–ODÖ " 400 -
200.54.100.179 - - [25/Mar/2024:12:41:27 -0300] "GET /cormun/servlet/trsolicitudot? HTTP/1.1" 200 7537
200.54.100.179 - - [25/Mar/2024:12:41:27 -0300] "GET /cormun/static/gxui/gxui-all.css?120300 HTTP/1.1" 200 2179
200.54.100.179 - - [25/Mar/2024:12:41:27 -0300] "GET /cormun/static/gxcfg.js?20221129846531 HTTP/1.1" 200 953
200.54.100.179 - - [25/Mar/2024:12:41:27 -0300] "GET /cormun/static/calendar-system.css?85620 HTTP/1.1" 200 5572
200.54.100.179 - - [25/Mar/2024:12:41:27 -0300] "GET /cormun/static/calendar.js?85251 HTTP/1.1" 200 26246
200.54.100.179 - - [25/Mar/2024:12:41:27 -0300] "GET /cormun/static/calendar-setup.js?85251 HTTP/1.1" 200 2588
200.54.100.179 - - [25/Mar/2024:12:41:27 -0300] "GET /cormun/static/calendar-es.js?85251 HTTP/1.1" 200 1901
200.54.100.179 - - [25/Mar/2024:12:41:27 -0300] "GET /cormun/static/Resources/PXTools/calendar.png HTTP/1.1" 200 1306
200.54.100.179 - - [25/Mar/2024:12:41:27 -0300] "GET /cormun/static/gxdec.js?85251 HTTP/1.1" 200 19579
200.54.100.179 - - [25/Mar/2024:12:41:27 -0300] "GET /cormun/static/trsolicitudot.js?202211298465651 HTTP/1.1" 200 54040
200.54.100.179 - - [25/Mar/2024:12:41:27 -0300] "GET /cormun/static/Resources/PXToolsDataSearch.png HTTP/1.1" 200 435
200.54.100.179 - - [25/Mar/2024:12:41:27 -0300] "GET /cormun/static/Resources/PXToolsGridFirstDisabled.gif HTTP/1.1" 200 100
200.54.100.179 - - [25/Mar/2024:12:41:28 -0300] "GET /cormun/static/Resources/PXToolsGridPreviousDisabled.gif HTTP/1.1" 200 90
200.54.100.179 - - [25/Mar/2024:12:41:28 -0300] "GET /cormun/static/Shared/ext/resources/css/ext-all.css?215870 HTTP/1.1" 200 416045
200.54.100.179 - - [25/Mar/2024:12:41:28 -0300] "GET /cormun/static/Resources/PXToolsGridNextDisabled.gif HTTP/1.1" 200 90
200.54.100.179 - - [25/Mar/2024:12:41:28 -0300] "GET /cormun/static/Resources/PXToolsGridLastDisabled.gif HTTP/1.1" 200 98
200.54.100.179 - - [25/Mar/2024:12:41:28 -0300] "GET /cormun/static/Resources/PXToolsGridPage.gif HTTP/1.1" 200 725
200.54.100.179 - - [25/Mar/2024:12:41:28 -0300] "GET /cormun/static/Resources/PXToolsActionExcel.png HTTP/1.1" 200 727
200.54.100.179 - - [25/Mar/2024:12:41:28 -0300] "GET /cormun/static/Resources/PXToolsAddAllAction.png HTTP/1.1" 200 495
200.54.100.179 - - [25/Mar/2024:12:41:28 -0300] "GET /cormun/static/Resources/desc.gif HTTP/1.1" 200 65
200.54.100.179 - - [25/Mar/2024:12:41:28 -0300] "GET /cormun/static/Resources/asc.gif HTTP/1.1" 200 67
200.54.100.179 - - [25/Mar/2024:12:41:28 -0300] "GET /cormun/static/Shared/ext/resources/themes/images/default/panel/bg-headersPanel.png HTTP/1.1" 200 255
200.54.100.179 - - [25/Mar/2024:12:41:28 -0300] "GET /cormun/static/Shared/ext/resources/themes/images/default/tools/tool-sprites.gif HTTP/1.1" 200 5434
190.171.141.82 - - [25/Mar/2024:12:41:37 -0300] "GET /cormun/servlet/solicitudotadjuntos?1e98135b87630bb56598fc923ea8f5f773eed14b8653e25a5cc113896f069569,gx-no-cache=1711381113254 HTTP/1.1" 200 30
190.171.141.82 - - [25/Mar/2024:12:41:37 -0300] "GET /cormun/servlet/solicitudotadjuntos?1e98135b87630bb56598fc923ea8f5f773eed14b8653e25a5cc113896f069569,gx-no-cache=1711381113274 HTTP/1.1" 200 30
190.171.141.82 - - [25/Mar/2024:12:41:37 -0300] "POST /cormun/servlet/solicitudotadjuntos?19e2269b6d8ec38312e6f4d2b991b58f,INS,2024,21066,,1, HTTP/1.1" 200 116
190.171.141.82 - - [25/Mar/2024:12:41:37 -0300] "GET /cormun/servlet/hpexe_return? HTTP/1.1" 200 1030
190.171.141.82 - - [25/Mar/2024:12:41:37 -0300] "GET /cormun/servlet/vesolicitudot?2024,21066,,SolicitudOTAdjuntos HTTP/1.1" 200 11182
190.171.141.82 - - [25/Mar/2024:12:41:37 -0300] "GET /cormun/pexe_scrolldiv.js HTTP/1.1" 404 1009
190.171.141.82 - - [25/Mar/2024:12:41:38 -0300] "POST /cormun/servlet/acontrolpreferencessavestate?None,MGALVEZ,true HTTP/1.1" 200 35
190.171.141.82 - - [25/Mar/2024:12:41:39 -0300] "GET /cormun/servlet/solicitudotadjuntos?INS,2024,21066,,1, HTTP/1.1" 200 6373
190.171.141.82 - - [25/Mar/2024:12:41:40 -0300] "GET /cormun/static/about:blank HTTP/1.1" 404 1011
190.171.141.82 - - [25/Mar/2024:12:41:40 -0300] "GET /cormun/servlet/solicitudotadjuntos?1e98135b87630bb56598fc923ea8f5f7582665514eb2d2d7e3a2c8fefe970677ff817f2139b2feda549b9d8486fe2d27,gx-no-cache=1711381116484 HTTP/1.1" 200 30
190.171.141.82 - - [25/Mar/2024:12:41:40 -0300] "POST /cormun/servlet/solicitudotadjuntos?19e2269b6d8ec38312e6f4d2b991b58f,INS,2024,21066,,1,,gx-no-cache=1711381116588 HTTP/1.1" 200 4151
190.171.141.82 - - [25/Mar/2024:12:41:43 -0300] "POST /cormun/servlet/solicitudotadjuntos?gx-no-cache=1711381119405 HTTP/1.1" 200 26
190.171.152.234 - - [25/Mar/2024:12:41:52 -0300] "GET /cormun/servlet/solicitudot?e3a6460dbf4fda026d78b59b3e7c825e126ebe4ea49da5bb2aa149c67f9d39fd147f62a16360cebab40c93d9c01d8a47dcb7b0a7a1c1f5e7a2e8c387cecf353a421cf98ca9d9b18faf121d1d92bc9aec5628a6020801a8858a45cad885766167baf4f02a7d9feebfb567bbe59b9a158c,gx-no-cache=1711381361224 HTTP/1.1" 200 110
190.171.141.82 - - [25/Mar/2024:12:41:59 -0300] "GET /cormun/servlet/solicitudotadjuntos?1e98135b87630bb56598fc923ea8f5f773eed14b8653e25a5cc113896f069569,gx-no-cache=1711381135173 HTTP/1.1" 200 30
190.171.141.82 - - [25/Mar/2024:12:41:59 -0300] "GET /cormun/servlet/solicitudotadjuntos?1e98135b87630bb56598fc923ea8f5f773eed14b8653e25a5cc113896f069569,gx-no-cache=1711381135190 HTTP/1.1" 200 30
190.171.141.82 - - [25/Mar/2024:12:41:59 -0300] "POST /cormun/servlet/solicitudotadjuntos?19e2269b6d8ec38312e6f4d2b991b58f,INS,2024,21066,,1, HTTP/1.1" 200 116
190.171.141.82 - - [25/Mar/2024:12:41:59 -0300] "GET /cormun/servlet/hpexe_return? HTTP/1.1" 200 1030
190.171.141.82 - - [25/Mar/2024:12:41:59 -0300] "GET /cormun/servlet/vesolicitudot?2024,21066,,SolicitudOTAdjuntos HTTP/1.1" 200 11435
190.171.141.82 - - [25/Mar/2024:12:41:59 -0300] "GET /cormun/pexe_scrolldiv.js HTTP/1.1" 404 1009
190.171.141.82 - - [25/Mar/2024:12:42:00 -0300] "POST /cormun/servlet/acontrolpreferencessavestate?None,MGALVEZ,true HTTP/1.1" 200 35
190.171.141.82 - - [25/Mar/2024:12:42:01 -0300] "GET /cormun/servlet/solicitudotadjuntos?INS,2024,21066,,1, HTTP/1.1" 200 6373
190.171.141.82 - - [25/Mar/2024:12:42:01 -0300] "GET /cormun/static/about:blank HTTP/1.1" 404 1011
190.171.141.82 - - [25/Mar/2024:12:42:02 -0300] "GET /cormun/servlet/solicitudotadjuntos?1e98135b87630bb56598fc923ea8f5f7582665514eb2d2d7e3a2c8fefe970677ff817f2139b2feda549b9d8486fe2d27,gx-no-cache=1711381138340 HTTP/1.1" 200 30
190.171.141.82 - - [25/Mar/2024:12:42:02 -0300] "POST /cormun/servlet/solicitudotadjuntos?19e2269b6d8ec38312e6f4d2b991b58f,INS,2024,21066,,1,,gx-no-cache=1711381138356 HTTP/1.1" 200 4151
190.171.141.82 - - [25/Mar/2024:12:42:04 -0300] "POST /cormun/servlet/solicitudotadjuntos?gx-no-cache=1711381141005 HTTP/1.1" 200 26
190.171.152.234 - - [25/Mar/2024:12:42:06 -0300] "POST /cormun/servlet/solicitudot?gx-no-cache=1711381375699 HTTP/1.1" 200 79
190.171.141.82 - - [25/Mar/2024:12:42:17 -0300] "GET /cormun/servlet/solicitudotadjuntos?1e98135b87630bb56598fc923ea8f5f773eed14b8653e25a5cc113896f069569,gx-no-cache=1711381153404 HTTP/1.1" 200 30
190.171.141.82 - - [25/Mar/2024:12:42:17 -0300] "GET /cormun/servlet/solicitudotadjuntos?1e98135b87630bb56598fc923ea8f5f773eed14b8653e25a5cc113896f069569,gx-no-cache=1711381153418 HTTP/1.1" 200 30
190.171.141.82 - - [25/Mar/2024:12:42:17 -0300] "POST /cormun/servlet/solicitudotadjuntos?19e2269b6d8ec38312e6f4d2b991b58f,INS,2024,21066,,1, HTTP/1.1" 200 116
190.171.141.82 - - [25/Mar/2024:12:42:17 -0300] "GET /cormun/servlet/hpexe_return? HTTP/1.1" 200 1030
190.171.141.82 - - [25/Mar/2024:12:42:18 -0300] "GET /cormun/servlet/vesolicitudot?2024,21066,,SolicitudOTAdjuntos HTTP/1.1" 200 11709
190.171.141.82 - - [25/Mar/2024:12:42:18 -0300] "GET /cormun/pexe_scrolldiv.js HTTP/1.1" 404 1009
190.171.152.234 - - [25/Mar/2024:12:42:18 -0300] "GET /cormun/servlet/solicitudot?e3a6460dbf4fda026d78b59b3e7c825e8fe295cdfe09beda039fed5d13e31ee8b165214bd51aa93a9c78fd04f71c8f99c1f7a994105d73f53f57c2c372f90a5cfd12063c0df941120f8a1adfccbfc873d8c75550c42213179e50af940743c133b12334c20823d2e4a1dc991fabfb7996,gx-no-cache=1711381387335 HTTP/1.1" 200 29
190.171.152.234 - - [25/Mar/2024:12:42:18 -0300] "GET /cormun/static/menuarrow.gif HTTP/1.1" 404 1015
190.171.141.82 - - [25/Mar/2024:12:42:19 -0300] "POST /cormun/servlet/acontrolpreferencessavestate?None,MGALVEZ,true HTTP/1.1" 200 35
190.171.141.82 - - [25/Mar/2024:12:42:20 -0300] "GET /cormun/servlet/solicitudotadjuntos?INS,2024,21066,,1, HTTP/1.1" 200 6372
190.171.141.82 - - [25/Mar/2024:12:42:21 -0300] "GET /cormun/static/about:blank HTTP/1.1" 404 1011
190.171.141.82 - - [25/Mar/2024:12:42:21 -0300] "GET /cormun/servlet/solicitudotadjuntos?1e98135b87630bb56598fc923ea8f5f7582665514eb2d2d7e3a2c8fefe970677ff817f2139b2feda549b9d8486fe2d27,gx-no-cache=1711381157730 HTTP/1.1" 200 30
190.171.141.82 - - [25/Mar/2024:12:42:21 -0300] "POST /cormun/servlet/solicitudotadjuntos?19e2269b6d8ec38312e6f4d2b991b58f,INS,2024,21066,,1,,gx-no-cache=1711381157749 HTTP/1.1" 200 4150
190.171.141.82 - - [25/Mar/2024:12:42:23 -0300] "POST /cormun/servlet/solicitudotadjuntos?gx-no-cache=1711381159285 HTTP/1.1" 200 26
190.171.152.234 - - [25/Mar/2024:12:42:23 -0300] "GET /cormun/servlet/solicitudot?e3a6460dbf4fda026d78b59b3e7c825e8cab763fb8581a2f9f1b0901087f3c967323baa5295d4a3b24da71466c6b4842,gx-no-cache=1711381392694 HTTP/1.1" 200 30
190.171.141.82 - - [25/Mar/2024:12:42:30 -0300] "GET /cormun/servlet/solicitudotadjuntos?1e98135b87630bb56598fc923ea8f5f773eed14b8653e25a5cc113896f069569,gx-no-cache=1711381166157 HTTP/1.1" 200 30
190.171.141.82 - - [25/Mar/2024:12:42:30 -0300] "GET /cormun/servlet/solicitudotadjuntos?1e98135b87630bb56598fc923ea8f5f773eed14b8653e25a5cc113896f069569,gx-no-cache=1711381166172 HTTP/1.1" 200 30
190.171.141.82 - - [25/Mar/2024:12:42:30 -0300] "POST /cormun/servlet/solicitudotadjuntos?19e2269b6d8ec38312e6f4d2b991b58f,INS,2024,21066,,1, HTTP/1.1" 200 116
190.171.141.82 - - [25/Mar/2024:12:42:30 -0300] "GET /cormun/servlet/hpexe_return? HTTP/1.1" 200 1030
190.171.141.82 - - [25/Mar/2024:12:42:30 -0300] "GET /cormun/servlet/vesolicitudot?2024,21066,,SolicitudOTAdjuntos HTTP/1.1" 200 11895
190.171.141.82 - - [25/Mar/2024:12:42:30 -0300] "GET /cormun/pexe_scrolldiv.js HTTP/1.1" 404 1009
190.171.141.82 - - [25/Mar/2024:12:42:31 -0300] "POST /cormun/servlet/acontrolpreferencessavestate?None,MGALVEZ,true HTTP/1.1" 200 35
190.171.141.82 - - [25/Mar/2024:12:42:44 -0300] "GET /cormun/servlet/vesolicitudot?2024,21066,,General HTTP/1.1" 200 8648
190.171.141.82 - - [25/Mar/2024:12:42:44 -0300] "GET /cormun/pexe_scrolldiv.js HTTP/1.1" 404 1009
190.171.141.82 - - [25/Mar/2024:12:42:46 -0300] "POST /cormun/servlet/vesolicitudot?19e2269b6d8ec38312e6f4d2b991b58f,2024,21066,,General,gx-no-cache=1711381182919 HTTP/1.1" 200 93
190.171.141.82 - - [25/Mar/2024:12:42:46 -0300] "GET /cormun/servlet/hpexe_return? HTTP/1.1" 200 1013
190.171.141.82 - - [25/Mar/2024:12:42:47 -0300] "GET /cormun/servlet/trsolicitudot? HTTP/1.1" 200 9938
190.171.152.234 - - [25/Mar/2024:12:42:48 -0300] "POST /cormun/servlet/solicitudot?gx-no-cache=1711381417368 HTTP/1.1" 200 30
190.171.152.234 - - [25/Mar/2024:12:42:49 -0300] "POST /cormun/servlet/solicitudot?ed4e4b6bb64f37f8dd688253d9e62ef6,INS,0,0,false,,gx-no-cache=1711381417464 HTTP/1.1" 200 93
190.171.152.234 - - [25/Mar/2024:12:42:49 -0300] "GET /cormun/servlet/hpexe_return? HTTP/1.1" 200 1004
190.171.152.234 - - [25/Mar/2024:12:42:49 -0300] "GET /cormun/servlet/trsolicitudot HTTP/1.1" 200 12035
190.171.141.82 - - [25/Mar/2024:12:42:57 -0300] "GET /cormun/servlet/vesolicitudot?2024,21066,, HTTP/1.1" 200 8643
190.171.141.82 - - [25/Mar/2024:12:42:57 -0300] "GET /cormun/pexe_scrolldiv.js HTTP/1.1" 404 1009
190.171.141.82 - - [25/Mar/2024:12:42:59 -0300] "GET /cormun/servlet/vesolicitudot?2024,21066,,SolicitudOTAdjuntos HTTP/1.1" 200 11897
190.171.141.82 - - [25/Mar/2024:12:42:59 -0300] "GET /cormun/pexe_scrolldiv.js HTTP/1.1" 404 1009
190.171.141.82 - - [25/Mar/2024:12:43:00 -0300] "POST /cormun/servlet/acontrolpreferencessavestate?None,MGALVEZ,true HTTP/1.1" 200 35
181.212.47.137 - - [25/Mar/2024:12:44:02 -0300] "GET /cormun/servlet/vesolicitudgral?2024,21020,, HTTP/1.1" 200 8419
181.212.47.137 - - [25/Mar/2024:12:44:02 -0300] "GET /cormun/pexe_scrolldiv.js HTTP/1.1" 404 1009
181.212.47.137 - - [25/Mar/2024:12:44:03 -0300] "POST /cormun/servlet/vesolicitudgral?b1e0a4a8f6c53dd6e026cad88010e4a3,2024,21020,,,gx-no-cache=1711381243712 HTTP/1.1" 200 12345
181.212.47.137 - - [25/Mar/2024:12:44:04 -0300] "POST /cormun/servlet/vesolicitudgral?b1e0a4a8f6c53dd6e026cad88010e4a3,2024,21020,,,gx-no-cache=1711381243888 HTTP/1.1" 200 12279
181.212.47.137 - - [25/Mar/2024:12:44:07 -0300] "GET /cormun/servlet/trsolicitudgral? HTTP/1.1" 200 23417
209.141.55.133 - - [25/Mar/2024:12:45:06 -0300] "GET /manager/html HTTP/1.1" 401 2474
209.141.55.133 - - [25/Mar/2024:12:45:06 -0300] "GET /manager/html HTTP/1.1" 401 2474
190.171.153.34 - - [25/Mar/2024:12:46:10 -0300] "POST /cormun/servlet/solicitudot?ee37f394124e638360e9c4d91f86b8bc,INS,0,0,false,,gx-no-cache=1711381385730 HTTP/1.1" 200 93
190.171.153.34 - - [25/Mar/2024:12:46:10 -0300] "GET /cormun/servlet/hpexe_return? HTTP/1.1" 200 1009
190.171.153.34 - - [25/Mar/2024:12:46:10 -0300] "GET /cormun/servlet/trsolicitudot HTTP/1.1" 200 8975
190.171.153.34 - - [25/Mar/2024:12:46:16 -0300] "POST /cormun/servlet/trsolicitudot?ee37f394124e638360e9c4d91f86b8bc,gx-no-cache=1711381392209 HTTP/1.1" 200 107
190.171.153.34 - - [25/Mar/2024:12:46:16 -0300] "GET /cormun/servlet/trsolicitudadjuntos?2024,21074, HTTP/1.1" 200 6458
190.171.153.34 - - [25/Mar/2024:12:46:18 -0300] "GET /cormun/servlet/solicitudotadjuntos?INS,2024,21074,,1, HTTP/1.1" 200 6396
190.171.153.34 - - [25/Mar/2024:12:46:18 -0300] "GET /cormun/static/about:blank HTTP/1.1" 404 1011
190.171.153.34 - - [25/Mar/2024:12:46:18 -0300] "GET /cormun/servlet/solicitudotadjuntos?e31db30b1a2e7ddaebe459b58b8e19e0ff7e2ce57b571fc03d37da10324d1901b8aba491caefd3fe416f0a0bb838a7cc,gx-no-cache=1711381394892 HTTP/1.1" 200 30
190.171.153.34 - - [25/Mar/2024:12:46:18 -0300] "POST /cormun/servlet/solicitudotadjuntos?ee37f394124e638360e9c4d91f86b8bc,INS,2024,21074,,1,,gx-no-cache=1711381394905 HTTP/1.1" 200 4148
190.171.153.34 - - [25/Mar/2024:12:46:20 -0300] "POST /cormun/servlet/solicitudotadjuntos?gx-no-cache=1711381396738 HTTP/1.1" 200 26
200.54.100.179 - - [25/Mar/2024:12:46:47 -0300] "POST /cormun/servlet/solicitudot?gx-no-cache=1711381423435 HTTP/1.1" 200 4022
200.54.100.179 - - [25/Mar/2024:12:46:48 -0300] "POST /cormun/servlet/solicitudot?7fb6201663efb90c84e0f8f86ff58846,INS,0,0,false,,gx-no-cache=1711381423620 HTTP/1.1" 200 12880
190.171.153.34 - - [25/Mar/2024:12:46:58 -0300] "GET /cormun/servlet/solicitudotadjuntos?e31db30b1a2e7ddaebe459b58b8e19e02eb67733824caa747dfedccc418d4324,gx-no-cache=1711381435047 HTTP/1.1" 200 30
190.171.153.34 - - [25/Mar/2024:12:46:58 -0300] "GET /cormun/servlet/solicitudotadjuntos?e31db30b1a2e7ddaebe459b58b8e19e02eb67733824caa747dfedccc418d4324,gx-no-cache=1711381435065 HTTP/1.1" 200 30
190.171.153.34 - - [25/Mar/2024:12:46:59 -0300] "POST /cormun/servlet/solicitudotadjuntos?ee37f394124e638360e9c4d91f86b8bc,INS,2024,21074,,1, HTTP/1.1" 200 116
190.171.153.34 - - [25/Mar/2024:12:46:59 -0300] "GET /cormun/servlet/hpexe_return? HTTP/1.1" 200 1026
190.171.153.34 - - [25/Mar/2024:12:46:59 -0300] "GET /cormun/servlet/trsolicitudadjuntos?2024,21074, HTTP/1.1" 200 9408
200.54.100.179 - - [25/Mar/2024:12:47:01 -0300] "GET /cormun/servlet/solicitudot?d33e62c19dc3b0e4be0467b12ed804bf71d9bdb19387d45f7a5bc32af8352b8e040a26a180df1429456a8306b9c879a6,gx-no-cache=1711381436906 HTTP/1.1" 200 30
190.171.153.34 - - [25/Mar/2024:12:47:01 -0300] "GET /cormun/servlet/solicitudotadjuntos?INS,2024,21074,,1, HTTP/1.1" 200 6396
190.171.153.34 - - [25/Mar/2024:12:47:01 -0300] "GET /cormun/static/about:blank HTTP/1.1" 404 1011
190.171.153.34 - - [25/Mar/2024:12:47:02 -0300] "GET /cormun/servlet/solicitudotadjuntos?e31db30b1a2e7ddaebe459b58b8e19e0ff7e2ce57b571fc03d37da10324d1901b8aba491caefd3fe416f0a0bb838a7cc,gx-no-cache=1711381438592 HTTP/1.1" 200 30
190.171.153.34 - - [25/Mar/2024:12:47:02 -0300] "POST /cormun/servlet/solicitudotadjuntos?ee37f394124e638360e9c4d91f86b8bc,INS,2024,21074,,1,,gx-no-cache=1711381438608 HTTP/1.1" 200 4148
190.171.153.34 - - [25/Mar/2024:12:47:06 -0300] "POST /cormun/servlet/solicitudotadjuntos?gx-no-cache=1711381442910 HTTP/1.1" 200 26
190.171.141.82 - - [25/Mar/2024:12:47:12 -0300] "POST /cormun/servlet/hlogin?b7a4f31d88245b9f730332dbfa2fe5c3,gx-no-cache=1711381448966 HTTP/1.1" 440 972
190.171.141.82 - - [25/Mar/2024:12:47:14 -0300] "GET /cormun/servlet/hlogin HTTP/1.1" 200 1730
190.171.153.34 - - [25/Mar/2024:12:47:23 -0300] "GET /cormun/servlet/solicitudotadjuntos?e31db30b1a2e7ddaebe459b58b8e19e02eb67733824caa747dfedccc418d4324,gx-no-cache=1711381459990 HTTP/1.1" 200 30
190.171.153.34 - - [25/Mar/2024:12:47:23 -0300] "GET /cormun/servlet/solicitudotadjuntos?e31db30b1a2e7ddaebe459b58b8e19e02eb67733824caa747dfedccc418d4324,gx-no-cache=1711381460001 HTTP/1.1" 200 30
190.171.153.34 - - [25/Mar/2024:12:47:24 -0300] "POST /cormun/servlet/solicitudotadjuntos?ee37f394124e638360e9c4d91f86b8bc,INS,2024,21074,,1, HTTP/1.1" 200 116
190.171.153.34 - - [25/Mar/2024:12:47:24 -0300] "GET /cormun/servlet/hpexe_return? HTTP/1.1" 200 1026
190.171.153.34 - - [25/Mar/2024:12:47:24 -0300] "GET /cormun/servlet/trsolicitudadjuntos?2024,21074, HTTP/1.1" 200 9677
190.171.153.34 - - [25/Mar/2024:12:47:26 -0300] "GET /cormun/servlet/solicitudotadjuntos?INS,2024,21074,,1, HTTP/1.1" 200 6395
190.171.153.34 - - [25/Mar/2024:12:47:26 -0300] "GET /cormun/static/about:blank HTTP/1.1" 404 1011
190.171.153.34 - - [25/Mar/2024:12:47:26 -0300] "GET /cormun/servlet/solicitudotadjuntos?e31db30b1a2e7ddaebe459b58b8e19e0ff7e2ce57b571fc03d37da10324d1901b8aba491caefd3fe416f0a0bb838a7cc,gx-no-cache=1711381462926 HTTP/1.1" 200 30
190.171.153.34 - - [25/Mar/2024:12:47:26 -0300] "POST /cormun/servlet/solicitudotadjuntos?ee37f394124e638360e9c4d91f86b8bc,INS,2024,21074,,1,,gx-no-cache=1711381462938 HTTP/1.1" 200 4147
190.171.153.34 - - [25/Mar/2024:12:47:31 -0300] "POST /cormun/servlet/solicitudotadjuntos?gx-no-cache=1711381467318 HTTP/1.1" 200 26
190.171.153.34 - - [25/Mar/2024:12:47:43 -0300] "GET /cormun/servlet/solicitudotadjuntos?e31db30b1a2e7ddaebe459b58b8e19e02eb67733824caa747dfedccc418d4324,gx-no-cache=1711381479854 HTTP/1.1" 200 30
190.171.153.34 - - [25/Mar/2024:12:47:43 -0300] "GET /cormun/servlet/solicitudotadjuntos?e31db30b1a2e7ddaebe459b58b8e19e02eb67733824caa747dfedccc418d4324,gx-no-cache=1711381479866 HTTP/1.1" 200 30
190.171.153.34 - - [25/Mar/2024:12:47:43 -0300] "POST /cormun/servlet/solicitudotadjuntos?ee37f394124e638360e9c4d91f86b8bc,INS,2024,21074,,1, HTTP/1.1" 200 116
190.171.153.34 - - [25/Mar/2024:12:47:43 -0300] "GET /cormun/servlet/hpexe_return? HTTP/1.1" 200 1026
190.171.153.34 - - [25/Mar/2024:12:47:44 -0300] "GET /cormun/servlet/trsolicitudadjuntos?2024,21074, HTTP/1.1" 200 9926
190.171.153.34 - - [25/Mar/2024:12:47:46 -0300] "GET /cormun/servlet/solicitudotadjuntos?INS,2024,21074,,1, HTTP/1.1" 200 6395
190.171.153.34 - - [25/Mar/2024:12:47:46 -0300] "GET /cormun/static/about:blank HTTP/1.1" 404 1011
190.171.153.34 - - [25/Mar/2024:12:47:46 -0300] "GET /cormun/servlet/solicitudotadjuntos?e31db30b1a2e7ddaebe459b58b8e19e0ff7e2ce57b571fc03d37da10324d1901b8aba491caefd3fe416f0a0bb838a7cc,gx-no-cache=1711381482997 HTTP/1.1" 200 30
190.171.153.34 - - [25/Mar/2024:12:47:46 -0300] "POST /cormun/servlet/solicitudotadjuntos?ee37f394124e638360e9c4d91f86b8bc,INS,2024,21074,,1,,gx-no-cache=1711381483019 HTTP/1.1" 200 4147
190.171.142.26 - - [25/Mar/2024:12:47:47 -0300] "GET /cormun/servlet/hlogin HTTP/1.1" 200 1725
190.171.153.34 - - [25/Mar/2024:12:47:49 -0300] "POST /cormun/servlet/solicitudotadjuntos?gx-no-cache=1711381485790 HTTP/1.1" 200 26
192.168.10.15 - - [25/Mar/2024:12:47:54 -0300] "GET /(S(0nvfza2kqddfqhvpy403odm3))/login.aspx?ReturnUrl=%2f HTTP/1.1" 404 1041
190.171.142.26 - - [25/Mar/2024:12:47:56 -0300] "POST /cormun/servlet/hlogin?8b4e7304780f486708acb7c0feb3c5c8,gx-no-cache=1711381491877 HTTP/1.1" 200 90
190.171.142.26 - - [25/Mar/2024:12:47:56 -0300] "GET /cormun/servlet/hpexe_link HTTP/1.1" 200 955
190.171.142.26 - - [25/Mar/2024:12:47:56 -0300] "GET /cormun/servlet/hhome HTTP/1.1" 200 4261
190.171.153.34 - - [25/Mar/2024:12:47:58 -0300] "GET /cormun/servlet/solicitudotadjuntos?e31db30b1a2e7ddaebe459b58b8e19e02eb67733824caa747dfedccc418d4324,gx-no-cache=1711381494247 HTTP/1.1" 200 30
190.171.153.34 - - [25/Mar/2024:12:47:58 -0300] "GET /cormun/servlet/solicitudotadjuntos?e31db30b1a2e7ddaebe459b58b8e19e02eb67733824caa747dfedccc418d4324,gx-no-cache=1711381494259 HTTP/1.1" 200 30
190.171.153.34 - - [25/Mar/2024:12:47:58 -0300] "POST /cormun/servlet/solicitudotadjuntos?ee37f394124e638360e9c4d91f86b8bc,INS,2024,21074,,1, HTTP/1.1" 200 116
190.171.153.34 - - [25/Mar/2024:12:47:58 -0300] "GET /cormun/servlet/hpexe_return? HTTP/1.1" 200 1026
190.171.153.34 - - [25/Mar/2024:12:47:58 -0300] "GET /cormun/servlet/trsolicitudadjuntos?2024,21074, HTTP/1.1" 200 10155
190.171.153.34 - - [25/Mar/2024:12:48:01 -0300] "GET /cormun/servlet/solicitudotadjuntos?INS,2024,21074,,1, HTTP/1.1" 200 6395
190.171.153.34 - - [25/Mar/2024:12:48:01 -0300] "GET /cormun/static/about:blank HTTP/1.1" 404 1011
190.171.153.34 - - [25/Mar/2024:12:48:01 -0300] "GET /cormun/servlet/solicitudotadjuntos?e31db30b1a2e7ddaebe459b58b8e19e0ff7e2ce57b571fc03d37da10324d1901b8aba491caefd3fe416f0a0bb838a7cc,gx-no-cache=1711381497902 HTTP/1.1" 200 30
190.171.153.34 - - [25/Mar/2024:12:48:01 -0300] "POST /cormun/servlet/solicitudotadjuntos?ee37f394124e638360e9c4d91f86b8bc,INS,2024,21074,,1,,gx-no-cache=1711381497919 HTTP/1.1" 200 4147
190.171.153.34 - - [25/Mar/2024:12:48:06 -0300] "POST /cormun/servlet/solicitudotadjuntos?gx-no-cache=1711381502751 HTTP/1.1" 200 26
190.171.153.34 - - [25/Mar/2024:12:48:13 -0300] "GET /cormun/servlet/solicitudotadjuntos?e31db30b1a2e7ddaebe459b58b8e19e02eb67733824caa747dfedccc418d4324,gx-no-cache=1711381509863 HTTP/1.1" 200 30
190.171.153.34 - - [25/Mar/2024:12:48:13 -0300] "GET /cormun/servlet/solicitudotadjuntos?e31db30b1a2e7ddaebe459b58b8e19e02eb67733824caa747dfedccc418d4324,gx-no-cache=1711381509874 HTTP/1.1" 200 30
190.171.153.34 - - [25/Mar/2024:12:48:13 -0300] "POST /cormun/servlet/solicitudotadjuntos?ee37f394124e638360e9c4d91f86b8bc,INS,2024,21074,,1, HTTP/1.1" 200 116
190.171.153.34 - - [25/Mar/2024:12:48:13 -0300] "GET /cormun/servlet/hpexe_return? HTTP/1.1" 200 1026
190.171.153.34 - - [25/Mar/2024:12:48:14 -0300] "GET /cormun/servlet/trsolicitudadjuntos?2024,21074, HTTP/1.1" 200 10445
186.11.113.42 - - [25/Mar/2024:12:48:15 -0300] "ü’ï/~-øi›‚ãß(Ûi a÷êË)'ù8§†> º¡ø‡d7‡" 400 -
186.11.113.42 - - [25/Mar/2024:12:48:16 -0300] "73,T°Ê‰Zýð~žý²Û®QËJ0F/’Te} DŸÀ™ m\–Ä}HˆÒp[.–?òÖî¸ý·±&–¤’9ëÔ¤wÓ " 505 -
186.11.113.42 - - [25/Mar/2024:12:48:16 -0300] "-" 400 -
186.11.113.42 - - [25/Mar/2024:12:48:16 -0300] "WS=»zøW;/ þÉ ËR6¤6W´®Äá€`ÏXwÙ>8 ³o9¢çÈKê³ô9~ž~¶üñqՇÏxÄx¨4êÆâ ŠŠÀ+À/À,À0̨̩ÀÀœ/5ê+ZZ h2http/1.1þ" 400 -
186.11.113.42 - - [25/Mar/2024:12:48:16 -0300] "GET /cormun/servlet/hlogin HTTP/1.1" 200 1721
186.11.113.42 - - [25/Mar/2024:12:48:16 -0300] "GET /cormun/static/gxtimezone.js?85251 HTTP/1.1" 200 5781
186.11.113.42 - - [25/Mar/2024:12:48:16 -0300] "GET /cormun/static/gxcfg.js?2022112219184450 HTTP/1.1" 200 953
186.11.113.42 - - [25/Mar/2024:12:48:16 -0300] "GET /cormun/static/Resources/CormunLogin.png HTTP/1.1" 200 19132
186.11.113.42 - - [25/Mar/2024:12:48:16 -0300] "GET /cormun/static/Resources/Spanish/PXTools.css?1759030 HTTP/1.1" 200 100853
186.11.113.42 - - [25/Mar/2024:12:48:16 -0300] "GET /cormun/static/messages.spa.js?85251 HTTP/1.1" 200 30736
186.11.113.42 - - [25/Mar/2024:12:48:16 -0300] "GET /cormun/static/hlogin.js?2022112219184458 HTTP/1.1" 200 2156
186.11.113.42 - - [25/Mar/2024:12:48:16 -0300] "GET /cormun/static/gxgral.js?85251 HTTP/1.1" 200 384558
186.11.113.42 - - [25/Mar/2024:12:48:17 -0300] "GET /cormun/static/Resources/PXToolsLoginTop.png HTTP/1.1" 200 1337
186.11.113.42 - - [25/Mar/2024:12:48:17 -0300] "GET /cormun/static/Resources/PXToolsLoginBackground.png HTTP/1.1" 200 1164
186.11.113.42 - - [25/Mar/2024:12:48:17 -0300] "GET /cormun/static/Resources/PXToolsButtonLeft.png HTTP/1.1" 200 1310
186.11.113.42 - - [25/Mar/2024:12:48:17 -0300] "GET /cormun/static/Resources/PXToolsButtonRight.png HTTP/1.1" 200 1294
186.11.113.42 - - [25/Mar/2024:12:48:17 -0300] "GET /cormun/static/Resources/PXToolsButtonBackground.png HTTP/1.1" 200 1176
186.11.113.42 - - [25/Mar/2024:12:48:17 -0300] "GET /cormun/static/Resources/PXToolsLoginBottom.png HTTP/1.1" 200 1389
186.11.113.42 - - [25/Mar/2024:12:48:17 -0300] "GET /cormun/servlet/hlogin HTTP/1.1" 200 1731
186.11.113.42 - - [25/Mar/2024:12:48:17 -0300] "GET /cormun/static/Resources/indicator.gif HTTP/1.1" 200 1553
186.11.113.42 - - [25/Mar/2024:12:48:17 -0300] "GET /cormun/static/Resources/indicator.gif HTTP/1.1" 200 1553
186.11.113.42 - - [25/Mar/2024:12:48:17 -0300] "GET /favicon.ico HTTP/1.1" 200 21630
190.171.142.26 - - [25/Mar/2024:12:48:19 -0300] "GET /cormun/servlet/trlicencias? HTTP/1.1" 200 12610
192.168.10.15 - - [25/Mar/2024:12:48:30 -0300] "GET /(S(0nvfza2kqddfqhvpy403odm3))/login.aspx?ReturnUrl=%2f HTTP/1.1" 404 1041
200.54.100.179 - - [25/Mar/2024:12:49:44 -0300] "GET /cormun/servlet/solicitudot?d33e62c19dc3b0e4be0467b12ed804bff006c94261aece79ad4cea5d916440cfcd8164db548ed9090aa76b1107062769bbe8e4ce82a8fc0de804da1d9aeb0fe7,gx-no-cache=1711381600519 HTTP/1.1" 200 30
200.54.100.179 - - [25/Mar/2024:12:49:44 -0300] "GET /cormun/servlet/solicitudot?d33e62c19dc3b0e4be0467b12ed804bf5ea115ea919380d62182c4603646588c,gx-no-cache=1711381600544 HTTP/1.1" 200 29
181.212.47.137 - - [25/Mar/2024:12:49:45 -0300] "POST /cormun/servlet/trsolicitudgral?b1e0a4a8f6c53dd6e026cad88010e4a3,,gx-no-cache=1711381584884 HTTP/1.1" 200 5268
200.54.100.179 - - [25/Mar/2024:12:49:52 -0300] "POST /cormun/servlet/solicitudot?gx-no-cache=1711381607950 HTTP/1.1" 200 240
200.54.100.179 - - [25/Mar/2024:12:49:56 -0300] "GET /cormun/servlet/solicitudot?d33e62c19dc3b0e4be0467b12ed804bf571121adc5e68dcf8c1c500161b5fd6a747b40f618ab20a299b575cd2c832e2a65efadb718c2ff331755dd2d533b737861db0a42849b6aaa3519827ae87a353bda15f070e9ddcc7bcec094c3805e4f5406429093ba5299b15faddbfc4be5bcc1101af357590a3e525b6bb06d784f43e89e20d2e01a6e2a4e9ca046bfeb00f75180da62533ac4214de860f97eb440e7bad05d1486007ea1ff2835389749c905e382e4c2ff7bc80402b5debc84f667454aed09ccd2cd5cec8aaf515d40a79cbcf1008440eb5e1b82a6572f26c175c7c082b53b88536993afbeb6ff1590900412fcd46ffc358461aac04eb02b5e2115f99fe91a97740e4f449ecb976fb26a5dc4c99f18384d91b0fd0e621f79b2f0af56518ee8355c4dae763457b532f24bc70fe8394b4b2e930c1bc57ba2996b6d8c689d6732b62c7fc4ea3f7d6ef34c58fc01eb8b4edf4655b13fa16e34b979209e09148b77e26f0981e2b213e6eb5cb429b4f2b60a77efffd136c463052089e4fdf63b,gx-no-cache=1711381612259 HTTP/1.1" 200 30
200.54.100.179 - - [25/Mar/2024:12:50:15 -0300] "POST /cormun/servlet/solicitudot?gx-no-cache=1711381631176 HTTP/1.1" 200 30
200.54.100.179 - - [25/Mar/2024:12:50:51 -0300] "POST /cormun/servlet/solicitudot?gx-no-cache=1711381667561 HTTP/1.1" 200 1554
200.54.100.179 - - [25/Mar/2024:12:50:52 -0300] "POST /cormun/servlet/solicitudot?gx-no-cache=1711381667603 HTTP/1.1" 200 117
190.171.153.34 - - [25/Mar/2024:12:50:55 -0300] "GET /cormun/servlet/solicitudotadjuntos?INS,2024,21074,,1, HTTP/1.1" 200 6396
190.171.153.34 - - [25/Mar/2024:12:50:55 -0300] "GET /cormun/static/about:blank HTTP/1.1" 404 1011
