190.171.149.82 - - [25/Mar/2024:15:26:06 -0300] "GET /cormun/static/Shared/jqueryui/images/ui-icons_8d78a5_256x240.png HTTP/1.1" 404 1089
190.171.149.82 - - [25/Mar/2024:15:26:08 -0300] "GET /cormun/servlet/treventos?2024,20968, HTTP/1.1" 200 8747
190.171.149.82 - - [25/Mar/2024:15:26:08 -0300] "GET /cormun/static/gxcfg.js?20201215584657 HTTP/1.1" 200 953
190.171.149.82 - - [25/Mar/2024:15:26:08 -0300] "GET /cormun/static/treventos.js?2020121558506 HTTP/1.1" 200 16063
190.171.149.82 - - [25/Mar/2024:15:26:16 -0300] "GET /cormun/servlet/trsolicitudot? HTTP/1.1" 200 8975
190.171.149.82 - - [25/Mar/2024:15:26:21 -0300] "GET /cormun/servlet/vesolicitudot?2024,20968,, HTTP/1.1" 200 8349
190.171.149.82 - - [25/Mar/2024:15:26:21 -0300] "GET /cormun/static/gxcfg.js?202211298465857 HTTP/1.1" 200 953
190.171.149.82 - - [25/Mar/2024:15:26:21 -0300] "GET /cormun/static/Resources/PXToolsTabFirstSelected.png HTTP/1.1" 200 1270
190.171.149.82 - - [25/Mar/2024:15:26:21 -0300] "GET /cormun/pexe_scrolldiv.js HTTP/1.1" 404 1009
190.171.149.82 - - [25/Mar/2024:15:26:21 -0300] "GET /cormun/static/vesolicitudot.js?202211298465886 HTTP/1.1" 200 6091
190.171.149.82 - - [25/Mar/2024:15:26:21 -0300] "GET /cormun/static/hwcviewtabs.js?201991422154026 HTTP/1.1" 200 1074
190.171.149.82 - - [25/Mar/2024:15:26:21 -0300] "GET /cormun/static/hpexe_tabsview.js?2020121447381 HTTP/1.1" 200 1661
190.171.149.82 - - [25/Mar/2024:15:26:21 -0300] "GET /cormun/static/tbsolicitudot01.js?20201214462316 HTTP/1.1" 200 30566
190.171.149.82 - - [25/Mar/2024:15:26:21 -0300] "GET /cormun/static/Resources/PXToolsTabLastUnselected.png HTTP/1.1" 200 1297
190.171.149.82 - - [25/Mar/2024:15:26:21 -0300] "GET /cormun/static/Resources/PXToolsTabNext.gif HTTP/1.1" 200 168
190.171.149.82 - - [25/Mar/2024:15:26:21 -0300] "GET /cormun/static/Resources/PXToolsTabPrevious.gif HTTP/1.1" 200 172
190.171.149.82 - - [25/Mar/2024:15:26:21 -0300] "GET /cormun/static/calendar-system.css HTTP/1.1" 200 5572
190.171.149.82 - - [25/Mar/2024:15:26:21 -0300] "GET /cormun/static/Resources/PXToolsTabBackUnselected.png HTTP/1.1" 200 1175
190.171.149.82 - - [25/Mar/2024:15:26:21 -0300] "GET /cormun/static/Resources/PXToolsTabBackSelected.png HTTP/1.1" 200 1157
190.171.149.82 - - [25/Mar/2024:15:26:21 -0300] "GET /cormun/static/Resources/PXToolsTabSelectedUnselected.png HTTP/1.1" 200 1451
190.171.149.82 - - [25/Mar/2024:15:26:21 -0300] "GET /cormun/static/Resources/PXToolsTabUnselectedUnselected.png HTTP/1.1" 200 1470
190.171.149.82 - - [25/Mar/2024:15:26:42 -0300] "GET /cormun/servlet/trsolicitudot? HTTP/1.1" 200 8975
190.171.149.82 - - [25/Mar/2024:15:26:45 -0300] "GET /cormun/servlet/solicitudot?INS,0,0,false, HTTP/1.1" 200 15908
209.141.55.133 - - [25/Mar/2024:15:26:53 -0300] "GET /manager/html HTTP/1.1" 401 2474
209.141.55.133 - - [25/Mar/2024:15:26:53 -0300] "GET /manager/html HTTP/1.1" 401 2474
190.171.134.178 - - [25/Mar/2024:15:26:58 -0300] "GET /cormun/servlet/solicitudot?dc2792df10c6a4e5535c175e489a7c02ec79f5e5fb7bd57916a4c16d4e0b0f199eb74466be9864712e61ffc33f4ade2f1d6d9b044ad55e77766befea17eb9f1f,gx-no-cache=1711391034211 HTTP/1.1" 200 30
190.171.134.178 - - [25/Mar/2024:15:27:56 -0300] "GET /cormun/servlet/solicitudot?dc2792df10c6a4e5535c175e489a7c024c856f0fd2fccaaed1c9d25164c9fa5d,gx-no-cache=1711391091842 HTTP/1.1" 200 60
190.171.134.178 - - [25/Mar/2024:15:28:17 -0300] "POST /cormun/servlet/solicitudot?gx-no-cache=1711391112845 HTTP/1.1" 200 255
190.171.134.178 - - [25/Mar/2024:15:28:20 -0300] "GET /cormun/servlet/solicitudot?dc2792df10c6a4e5535c175e489a7c02658a616a1a72bf338cb81ae0be007036a3fc4acd1fa6d8e5876b21be4ad4d12cbae2358a18f5bcc10a9275f0d0a67a494a481c33788b66977066ef801698982d670e5124dd4a66c8cf001edee97fd5c131267f12f0327c3d2e4d8fc4a4d4a921266ef70912b336c7751717e1c1566595510cd8cde3cfd3024390ec729cf21a94030f6e8ab7188d2277d1f8290f3ceaaffd77cdad1045a535d6ed63c672712b613510ece8b0927d5cb18be6e5a5065be4c9f7cbe6197b0d2910b42e2b3d214604eaa21bec9e2f4011e8c86f6a13f6900049f9973be2c2889a11075ff4ed657a9d708536956cb48599d7942b938c74899c212e1ba193d4c6bb688e9386d737e26cda21d674ae09f73d38e263b26a6af89e390ea69f4b4abd6cf4df5d21b4ab05e4c0bc90d80da6260830d129e14770e1980f784344ebe29f4b5e7b460719b84732e0c7ad12c4202a9567f3880abe44700e794b46282276759fbb3e6dd1b720282b731d83cf4561cf4788c4fcf9e13f70cf,gx-no-cache=1711391116142 HTTP/1.1" 200 30
190.171.152.234 - - [25/Mar/2024:15:28:23 -0300] "GET /cormun/servlet/hlogin HTTP/1.1" 200 1720
190.171.152.234 - - [25/Mar/2024:15:28:26 -0300] "GET /favicon.ico HTTP/1.1" 200 21630
181.212.47.137 - - [25/Mar/2024:15:28:32 -0300] "GET /cormun/servlet/trsolicitudgral? HTTP/1.1" 200 23028
181.212.47.137 - - [25/Mar/2024:15:28:35 -0300] "POST /cormun/servlet/trsolicitudgral?55b2c0d76ae02f8df6a389fe21348db0,,gx-no-cache=1711391115128 HTTP/1.1" 200 7111
190.171.152.234 - - [25/Mar/2024:15:28:52 -0300] "POST /cormun/servlet/hlogin?d6dfc000c0e88888dafef6758d90dc5e,gx-no-cache=1711391380982 HTTP/1.1" 200 90
190.171.152.234 - - [25/Mar/2024:15:28:52 -0300] "GET /cormun/servlet/hpexe_link HTTP/1.1" 200 951
190.171.152.234 - - [25/Mar/2024:15:28:52 -0300] "GET /cormun/servlet/hhome HTTP/1.1" 200 4279
181.212.47.137 - - [25/Mar/2024:15:28:54 -0300] "GET /cormun/servlet/vesolicitudgral?2024,21076,, HTTP/1.1" 200 8418
181.212.47.137 - - [25/Mar/2024:15:28:54 -0300] "GET /cormun/pexe_scrolldiv.js HTTP/1.1" 404 1009
190.171.152.234 - - [25/Mar/2024:15:28:56 -0300] "GET /cormun/servlet/trsolicitudot? HTTP/1.1" 200 12038
190.171.152.234 - - [25/Mar/2024:15:29:01 -0300] "POST /cormun/servlet/trsolicitudot?d6dfc000c0e88888dafef6758d90dc5e,,gx-no-cache=1711391390541 HTTP/1.1" 200 107
190.171.152.234 - - [25/Mar/2024:15:29:01 -0300] "GET /cormun/servlet/trsolicitudadjuntos?2024,21073, HTTP/1.1" 200 6384
190.171.152.234 - - [25/Mar/2024:15:29:02 -0300] "GET /cormun/static/gxcfg.js?20201215574222 HTTP/1.1" 200 953
190.171.152.234 - - [25/Mar/2024:15:29:02 -0300] "GET /cormun/static/trsolicitudadjuntos.js?20201215574932 HTTP/1.1" 200 17921
190.171.152.234 - - [25/Mar/2024:15:29:02 -0300] "GET /cormun/static/Resources/PXToolsGridNew.png HTTP/1.1" 200 427
190.171.152.234 - - [25/Mar/2024:15:29:04 -0300] "GET /cormun/servlet/solicitudotadjuntos?INS,2024,21073,,1, HTTP/1.1" 200 6332
190.171.152.234 - - [25/Mar/2024:15:29:05 -0300] "GET /cormun/static/gxcfg.js?202211298385187 HTTP/1.1" 200 953
190.171.152.234 - - [25/Mar/2024:15:29:05 -0300] "GET /cormun/static/solicitudotadjuntos.js?202211298385196 HTTP/1.1" 200 11771
190.171.152.234 - - [25/Mar/2024:15:29:05 -0300] "GET /cormun/static/about:blank HTTP/1.1" 404 1011
190.171.152.234 - - [25/Mar/2024:15:29:05 -0300] "GET /cormun/servlet/solicitudotadjuntos?5737001af96a2a1eae8bc82de06e5fbe5d31cf52e457c896036ddddf106cbee66024eb66faeb8225765a538f5fee8784,gx-no-cache=1711391394529 HTTP/1.1" 200 30
190.171.152.234 - - [25/Mar/2024:15:29:05 -0300] "POST /cormun/servlet/solicitudotadjuntos?d6dfc000c0e88888dafef6758d90dc5e,INS,2024,21073,,1,,gx-no-cache=1711391394543 HTTP/1.1" 200 4197
190.171.152.234 - - [25/Mar/2024:15:29:07 -0300] "POST /cormun/servlet/solicitudotadjuntos?gx-no-cache=1711391396519 HTTP/1.1" 200 26
190.171.134.178 - - [25/Mar/2024:15:29:20 -0300] "POST /cormun/servlet/solicitudot?gx-no-cache=1711391175991 HTTP/1.1" 200 30
190.171.134.178 - - [25/Mar/2024:15:29:20 -0300] "POST /cormun/servlet/solicitudot?gx-no-cache=1711391176046 HTTP/1.1" 200 1474
190.171.134.178 - - [25/Mar/2024:15:29:20 -0300] "POST /cormun/servlet/solicitudot?gx-no-cache=1711391176094 HTTP/1.1" 200 38
190.171.152.234 - - [25/Mar/2024:15:29:26 -0300] "GET /cormun/servlet/solicitudotadjuntos?5737001af96a2a1eae8bc82de06e5fbed3d206999a6fb8397098d912c9e18566,gx-no-cache=1711391415582 HTTP/1.1" 200 30
190.171.152.234 - - [25/Mar/2024:15:29:26 -0300] "GET /cormun/servlet/solicitudotadjuntos?5737001af96a2a1eae8bc82de06e5fbed3d206999a6fb8397098d912c9e18566,gx-no-cache=1711391415594 HTTP/1.1" 200 30
190.171.152.234 - - [25/Mar/2024:15:29:27 -0300] "POST /cormun/servlet/solicitudotadjuntos?d6dfc000c0e88888dafef6758d90dc5e,INS,2024,21073,,1, HTTP/1.1" 200 116
190.171.152.234 - - [25/Mar/2024:15:29:27 -0300] "GET /cormun/servlet/hpexe_return? HTTP/1.1" 200 1026
190.171.152.234 - - [25/Mar/2024:15:29:27 -0300] "GET /cormun/servlet/trsolicitudadjuntos?2024,21073, HTTP/1.1" 200 9295
190.171.152.234 - - [25/Mar/2024:15:29:29 -0300] "GET /cormun/servlet/solicitudotadjuntos?INS,2024,21073,,1, HTTP/1.1" 200 6332
190.171.152.234 - - [25/Mar/2024:15:29:29 -0300] "GET /cormun/static/about:blank HTTP/1.1" 404 1011
190.171.152.234 - - [25/Mar/2024:15:29:30 -0300] "GET /cormun/servlet/solicitudotadjuntos?5737001af96a2a1eae8bc82de06e5fbe5d31cf52e457c896036ddddf106cbee66024eb66faeb8225765a538f5fee8784,gx-no-cache=1711391419261 HTTP/1.1" 200 30
190.171.152.234 - - [25/Mar/2024:15:29:30 -0300] "POST /cormun/servlet/solicitudotadjuntos?d6dfc000c0e88888dafef6758d90dc5e,INS,2024,21073,,1,,gx-no-cache=1711391419275 HTTP/1.1" 200 4197
190.171.152.234 - - [25/Mar/2024:15:29:33 -0300] "POST /cormun/servlet/solicitudotadjuntos?gx-no-cache=1711391422007 HTTP/1.1" 200 26
190.171.152.234 - - [25/Mar/2024:15:29:37 -0300] "GET /cormun/servlet/solicitudotadjuntos?5737001af96a2a1eae8bc82de06e5fbed3d206999a6fb8397098d912c9e18566,gx-no-cache=1711391426486 HTTP/1.1" 200 30
190.171.152.234 - - [25/Mar/2024:15:29:37 -0300] "GET /cormun/servlet/solicitudotadjuntos?5737001af96a2a1eae8bc82de06e5fbed3d206999a6fb8397098d912c9e18566,gx-no-cache=1711391426498 HTTP/1.1" 200 30
190.171.134.178 - - [25/Mar/2024:15:29:37 -0300] "POST /cormun/servlet/solicitudot?gx-no-cache=1711391193035 HTTP/1.1" 200 240
190.171.152.234 - - [25/Mar/2024:15:29:37 -0300] "POST /cormun/servlet/solicitudotadjuntos?d6dfc000c0e88888dafef6758d90dc5e,INS,2024,21073,,1, HTTP/1.1" 200 116
190.171.152.234 - - [25/Mar/2024:15:29:37 -0300] "GET /cormun/servlet/hpexe_return? HTTP/1.1" 200 1026
190.171.152.234 - - [25/Mar/2024:15:29:38 -0300] "GET /cormun/servlet/trsolicitudadjuntos?2024,21073, HTTP/1.1" 200 9527
190.171.134.178 - - [25/Mar/2024:15:29:40 -0300] "GET /cormun/servlet/solicitudot?dc2792df10c6a4e5535c175e489a7c02658a616a1a72bf338cb81ae0be007036fd7cd68bc0179fe9197574ef06966d6dbae2358a18f5bcc10a9275f0d0a67a494a481c33788b66977066ef801698982d670e5124dd4a66c8cf001edee97fd5c131267f12f0327c3d2e4d8fc4a4d4a921266ef70912b336c7751717e1c1566595510cd8cde3cfd3024390ec729cf21a94030f6e8ab7188d2277d1f8290f3ceaaffd77cdad1045a535d6ed63c672712b613510ece8b0927d5cb18be6e5a5065be4c9f7cbe6197b0d2910b42e2b3d214604eaa21bec9e2f4011e8c86f6a13f6900049f9973be2c2889a11075ff4ed657a9d708536956cb48599d7942b938c74899c212e1ba193d4c6bb688e9386d737e26c765ba7ea53121856af779a23acefc044dc1cbf471d0c96c8f98e06d6ee79d024cdc2a789ffc13787372f040621945eff0faa246df7e1e47d5a1be9851e7bfec826d112e9de19ef9d1c4d458ac4b3373bf19b5f056b8fd28a84639eb527201270008cf322b536e2a655fdb570ca60824c,gx-no-cache=1711391195585 HTTP/1.1" 200 30
190.171.152.234 - - [25/Mar/2024:15:29:40 -0300] "GET /cormun/servlet/solicitudotadjuntos?INS,2024,21073,,1, HTTP/1.1" 200 6332
190.171.152.234 - - [25/Mar/2024:15:29:40 -0300] "GET /cormun/static/about:blank HTTP/1.1" 404 1011
190.171.152.234 - - [25/Mar/2024:15:29:41 -0300] "GET /cormun/servlet/solicitudotadjuntos?5737001af96a2a1eae8bc82de06e5fbe5d31cf52e457c896036ddddf106cbee66024eb66faeb8225765a538f5fee8784,gx-no-cache=1711391430178 HTTP/1.1" 200 30
190.171.152.234 - - [25/Mar/2024:15:29:41 -0300] "POST /cormun/servlet/solicitudotadjuntos?d6dfc000c0e88888dafef6758d90dc5e,INS,2024,21073,,1,,gx-no-cache=1711391430192 HTTP/1.1" 200 4197
190.171.152.234 - - [25/Mar/2024:15:29:43 -0300] "POST /cormun/servlet/solicitudotadjuntos?gx-no-cache=1711391432687 HTTP/1.1" 200 26
190.171.134.178 - - [25/Mar/2024:15:29:48 -0300] "POST /cormun/servlet/solicitudot?gx-no-cache=1711391203516 HTTP/1.1" 200 30
190.171.152.234 - - [25/Mar/2024:15:29:48 -0300] "GET /cormun/servlet/solicitudotadjuntos?5737001af96a2a1eae8bc82de06e5fbed3d206999a6fb8397098d912c9e18566,gx-no-cache=1711391437646 HTTP/1.1" 200 30
190.171.152.234 - - [25/Mar/2024:15:29:49 -0300] "GET /cormun/servlet/solicitudotadjuntos?5737001af96a2a1eae8bc82de06e5fbed3d206999a6fb8397098d912c9e18566,gx-no-cache=1711391437750 HTTP/1.1" 200 30
190.171.152.234 - - [25/Mar/2024:15:29:49 -0300] "POST /cormun/servlet/solicitudotadjuntos?d6dfc000c0e88888dafef6758d90dc5e,INS,2024,21073,,1, HTTP/1.1" 200 116
190.171.152.234 - - [25/Mar/2024:15:29:49 -0300] "GET /cormun/servlet/hpexe_return? HTTP/1.1" 200 1026
190.171.152.234 - - [25/Mar/2024:15:29:49 -0300] "GET /cormun/servlet/trsolicitudadjuntos?2024,21073, HTTP/1.1" 200 9775
190.171.152.234 - - [25/Mar/2024:15:29:51 -0300] "GET /cormun/servlet/solicitudotadjuntos?INS,2024,21073,,1, HTTP/1.1" 200 6332
190.171.152.234 - - [25/Mar/2024:15:29:51 -0300] "GET /cormun/static/about:blank HTTP/1.1" 404 1011
190.171.152.234 - - [25/Mar/2024:15:29:52 -0300] "GET /cormun/servlet/solicitudotadjuntos?5737001af96a2a1eae8bc82de06e5fbe5d31cf52e457c896036ddddf106cbee66024eb66faeb8225765a538f5fee8784,gx-no-cache=1711391441273 HTTP/1.1" 200 30
190.171.152.234 - - [25/Mar/2024:15:29:52 -0300] "POST /cormun/servlet/solicitudotadjuntos?d6dfc000c0e88888dafef6758d90dc5e,INS,2024,21073,,1,,gx-no-cache=1711391441287 HTTP/1.1" 200 4197
190.171.152.234 - - [25/Mar/2024:15:29:55 -0300] "POST /cormun/servlet/solicitudotadjuntos?gx-no-cache=1711391444454 HTTP/1.1" 200 26
190.171.152.234 - - [25/Mar/2024:15:29:59 -0300] "GET /cormun/servlet/solicitudotadjuntos?5737001af96a2a1eae8bc82de06e5fbed3d206999a6fb8397098d912c9e18566,gx-no-cache=1711391448526 HTTP/1.1" 200 30
190.171.152.234 - - [25/Mar/2024:15:29:59 -0300] "GET /cormun/servlet/solicitudotadjuntos?5737001af96a2a1eae8bc82de06e5fbed3d206999a6fb8397098d912c9e18566,gx-no-cache=1711391448536 HTTP/1.1" 200 30
190.171.152.234 - - [25/Mar/2024:15:30:00 -0300] "POST /cormun/servlet/solicitudotadjuntos?d6dfc000c0e88888dafef6758d90dc5e,INS,2024,21073,,1, HTTP/1.1" 200 116
190.171.152.234 - - [25/Mar/2024:15:30:00 -0300] "GET /cormun/servlet/hpexe_return? HTTP/1.1" 200 1026
190.171.152.234 - - [25/Mar/2024:15:30:00 -0300] "GET /cormun/servlet/trsolicitudadjuntos?2024,21073, HTTP/1.1" 200 9982
190.171.152.234 - - [25/Mar/2024:15:30:02 -0300] "GET /cormun/servlet/solicitudotadjuntos?INS,2024,21073,,1, HTTP/1.1" 200 6332
190.171.152.234 - - [25/Mar/2024:15:30:02 -0300] "GET /cormun/static/about:blank HTTP/1.1" 404 1011
190.171.152.234 - - [25/Mar/2024:15:30:03 -0300] "GET /cormun/servlet/solicitudotadjuntos?5737001af96a2a1eae8bc82de06e5fbe5d31cf52e457c896036ddddf106cbee66024eb66faeb8225765a538f5fee8784,gx-no-cache=1711391451854 HTTP/1.1" 200 30
190.171.152.234 - - [25/Mar/2024:15:30:03 -0300] "POST /cormun/servlet/solicitudotadjuntos?d6dfc000c0e88888dafef6758d90dc5e,INS,2024,21073,,1,,gx-no-cache=1711391451867 HTTP/1.1" 200 4197
190.171.152.234 - - [25/Mar/2024:15:30:05 -0300] "POST /cormun/servlet/solicitudotadjuntos?gx-no-cache=1711391454078 HTTP/1.1" 200 26
190.171.149.74 - - [25/Mar/2024:15:30:13 -0300] "POST /cormun/servlet/hlogin?205506acd1c8e13fea78f90718b77af9,gx-no-cache=1711391228375 HTTP/1.1" 200 90
190.171.149.74 - - [25/Mar/2024:15:30:13 -0300] "GET /cormun/servlet/hpexe_link HTTP/1.1" 200 955
190.171.149.74 - - [25/Mar/2024:15:30:13 -0300] "GET /cormun/servlet/hhome HTTP/1.1" 200 4251
190.171.149.82 - - [25/Mar/2024:15:30:16 -0300] "POST /cormun/servlet/solicitudot?gx-no-cache=1711391231583 HTTP/1.1" 200 4156
190.171.149.82 - - [25/Mar/2024:15:30:16 -0300] "POST /cormun/servlet/solicitudot?e16473463e1f5e6251002bd62e1ae8a1,INS,0,0,false,,gx-no-cache=1711391231759 HTTP/1.1" 200 12730
190.171.149.74 - - [25/Mar/2024:15:30:24 -0300] "GET /cormun/servlet/trautorizarsolicitud? HTTP/1.1" 200 9114
181.212.47.137 - - [25/Mar/2024:15:30:28 -0300] "GET /cormun/servlet/vesolicitudgral?2024,21076,,SolicitudOTAdjuntos HTTP/1.1" 200 7080
181.212.47.137 - - [25/Mar/2024:15:30:28 -0300] "GET /cormun/pexe_scrolldiv.js HTTP/1.1" 404 1009
181.212.47.137 - - [25/Mar/2024:15:30:29 -0300] "POST /cormun/servlet/acontrolpreferencessavestate?None,RRHH+DANIELA,true HTTP/1.1" 200 35
181.212.47.137 - - [25/Mar/2024:15:30:30 -0300] "GET /cormun/servlet/vesolicitudgral?2024,21076,,General HTTP/1.1" 200 8423
181.212.47.137 - - [25/Mar/2024:15:30:30 -0300] "GET /cormun/pexe_scrolldiv.js HTTP/1.1" 404 1009
190.171.149.82 - - [25/Mar/2024:15:30:32 -0300] "GET /cormun/servlet/solicitudot?d25b575b73533d60a7c1b1867d0041a93bf0724885968225a2b61e49a0288791386d095e1e7567c456db176b09670440,gx-no-cache=1711391247438 HTTP/1.1" 200 30
190.171.149.82 - - [25/Mar/2024:15:30:32 -0300] "GET /cormun/servlet/solicitudot?d25b575b73533d60a7c1b1867d0041a99957db2fc713fcaa523032301a7dc75072b8c3a259cd85b8c7626206de5e7d59bbddb58513b02bd6fab48965d39e7a9f,gx-no-cache=1711391247509 HTTP/1.1" 200 30
190.171.149.82 - - [25/Mar/2024:15:30:32 -0300] "GET /cormun/servlet/solicitudot?d25b575b73533d60a7c1b1867d0041a92a0a03e134cf3c7e13250993948e0706,gx-no-cache=1711391247549 HTTP/1.1" 200 53
190.171.149.82 - - [25/Mar/2024:15:30:32 -0300] "POST /cormun/servlet/solicitudot?gx-no-cache=1711391247581 HTTP/1.1" 200 297
190.171.149.82 - - [25/Mar/2024:15:30:32 -0300] "GET /cormun/servlet/solicitudot?d25b575b73533d60a7c1b1867d0041a962db258e37da5d85c9a7e1363f7079cb1742d837d9e69862fda05a910552c265db819de2a3663770cb09fc0b22164b24473683770305ddeb41c266f36d866328644753a38b662cbdec7245bedd7cfcc8bb8d71146e40e7078cd52ec730b8f735bfde1f7c026921c19b444b83ffa0415e595c5fcde0f2585d4827bc2e8c3f10cffcff03d9cdb6f2e9c342b8aa80b725cf55aee8e65222752c5c6ab668c813a4bdbd9d09835f6863ca98b5ea50e0da1e4126b3748b2ed67f1481c779ebb0ddc5ddad732e6d91e5dd5f3daefb0df0a2b4d538c51dbf298a622bd955bf6b096496406709fe3642c594d30f563a965264ea7683fb78baa92d6c2a27539f67558f7789f87795d549d6b4c081e3a66ff74e5dc78da4318f148b68c2c4fc9997ed80867c07abb9e86fa99a01957b5119906351de2291b8d08d0cc4debccfaf0e4c864a168aa923cef7dc634d78b846fabbad143fd2dcb62e1889749649f99c3258682fbf4f3ab81790bae48f6b46d07c03c70ffe98e5393141e350b344dc5d7c27440ffd,gx-no-cache=1711391247609 HTTP/1.1" 200 30
190.171.149.74 - - [25/Mar/2024:15:30:34 -0300] "POST /cormun/servlet/trautorizarsolicitud?205506acd1c8e13fea78f90718b77af9,,gx-no-cache=1711391249752 HTTP/1.1" 200 6044
190.171.149.74 - - [25/Mar/2024:15:30:34 -0300] "GET /cormun/static/Shared/jqueryui/images/ui-bg_highlight-soft_100_c6c2c8_1x100.png HTTP/1.1" 404 1117
190.171.149.74 - - [25/Mar/2024:15:30:34 -0300] "GET /cormun/static/Shared/jqueryui/images/ui-icons_8d78a5_256x240.png HTTP/1.1" 404 1089
190.171.149.74 - - [25/Mar/2024:15:30:34 -0300] "GET /cormun/static/Shared/jqueryui/images/ui-bg_flat_55_fafafa_40x100.png HTTP/1.1" 404 1097
190.171.149.74 - - [25/Mar/2024:15:30:34 -0300] "GET /cormun/static/Shared/jqueryui/images/ui-icons_82798d_256x240.png HTTP/1.1" 404 1089
190.171.149.74 - - [25/Mar/2024:15:30:34 -0300] "POST /cormun/servlet/trautorizarsolicitud?205506acd1c8e13fea78f90718b77af9,,gx-no-cache=1711391249891 HTTP/1.1" 200 5990
190.171.149.74 - - [25/Mar/2024:15:30:35 -0300] "POST /cormun/servlet/trautorizarsolicitud?205506acd1c8e13fea78f90718b77af9,,gx-no-cache=1711391250742 HTTP/1.1" 200 4811
190.171.149.74 - - [25/Mar/2024:15:30:35 -0300] "POST /cormun/servlet/trautorizarsolicitud?205506acd1c8e13fea78f90718b77af9,,gx-no-cache=1711391250852 HTTP/1.1" 200 4537
190.171.149.82 - - [25/Mar/2024:15:30:35 -0300] "POST /cormun/servlet/solicitudot?gx-no-cache=1711391250776 HTTP/1.1" 200 30
190.171.149.82 - - [25/Mar/2024:15:30:40 -0300] "POST /cormun/servlet/solicitudot?gx-no-cache=1711391255624 HTTP/1.1" 200 1473
190.171.149.82 - - [25/Mar/2024:15:30:40 -0300] "POST /cormun/servlet/solicitudot?gx-no-cache=1711391255750 HTTP/1.1" 200 38
190.171.149.82 - - [25/Mar/2024:15:30:40 -0300] "GET /cormun/servlet/solicitudot?d25b575b73533d60a7c1b1867d0041a9b3c3aea9d07c6a7f599124df5d2429f7f1165e5cf932ac7afe8e50b50d880af5002b98fa88c91a82a1ee1fcaae88788e21b930dbd9bea3e0f1823cdb4d6a22ad0684b06c28e7d3ea2efd706796d4f44bfa2f2d1247c3cd579ad1ae7b18d2b25e,gx-no-cache=1711391255872 HTTP/1.1" 200 110
190.171.149.82 - - [25/Mar/2024:15:30:40 -0300] "POST /cormun/servlet/solicitudot?gx-no-cache=1711391255957 HTTP/1.1" 200 97
190.171.149.82 - - [25/Mar/2024:15:31:01 -0300] "GET /cormun/servlet/solicitudot?d25b575b73533d60a7c1b1867d0041a9dfbad8575b8edf087377a6fd88f9df247df33f10c6eb977399b525619dd5c8236eac5effd4d09cc11f8dc0a9bcc0e50f0d04cf7fe7c90431598775c1e771da170e1c88031579a144659c9a57c676ad6918fe54870b6d0bf225f0fd7dffe82fe3,gx-no-cache=1711391276913 HTTP/1.1" 200 29
190.171.134.178 - - [25/Mar/2024:15:31:17 -0300] "POST /cormun/servlet/solicitudot?gx-no-cache=1711391293140 HTTP/1.1" 200 1474
190.171.134.178 - - [25/Mar/2024:15:31:18 -0300] "GET /cormun/static/menuarrow.gif HTTP/1.1" 404 1015
190.171.134.178 - - [25/Mar/2024:15:31:30 -0300] "GET /cormun/servlet/prlicenciaspermisos?18181633,L,,MD,,gxPopupLevel%3D0%3B HTTP/1.1" 200 5612
190.171.134.178 - - [25/Mar/2024:15:31:30 -0300] "GET /cormun/static/gxcfg.js?2020121559567 HTTP/1.1" 200 953
190.171.134.178 - - [25/Mar/2024:15:31:30 -0300] "GET /cormun/static/prlicenciaspermisos.js?2020121559821 HTTP/1.1" 200 13379
190.171.149.82 - - [25/Mar/2024:15:31:48 -0300] "GET /cormun/servlet/solicitudot?d25b575b73533d60a7c1b1867d0041a9e8087f4a18779a9358b1cc153cab74a6,gx-no-cache=1711391323237 HTTP/1.1" 200 30
190.171.149.82 - - [25/Mar/2024:15:31:51 -0300] "GET /cormun/static/menuarrow.gif HTTP/1.1" 404 1015
190.171.134.178 - - [25/Mar/2024:15:32:04 -0300] "POST /cormun/servlet/solicitudot?gx-no-cache=1711391340169 HTTP/1.1" 200 41
190.171.134.178 - - [25/Mar/2024:15:32:04 -0300] "GET /cormun/servlet/solicitudot?dc2792df10c6a4e5535c175e489a7c0264983cb83ae1d44f4ec1fb8295cc1e56355a0177732f86cbfc5335c221b376937576f661bc558cca9a201dbf75cd0c9fbca824e15b0c08c3bd5509b57477d58229780121802660f494688f37e0dc04ec9878e1bc58788e6c9bf7957f22124fa3,gx-no-cache=1711391340219 HTTP/1.1" 200 110
190.171.134.178 - - [25/Mar/2024:15:32:05 -0300] "POST /cormun/servlet/solicitudot?gx-no-cache=1711391340249 HTTP/1.1" 200 97
190.171.149.82 - - [25/Mar/2024:15:32:06 -0300] "POST /cormun/servlet/solicitudot?gx-no-cache=1711391341840 HTTP/1.1" 200 30
190.171.134.178 - - [25/Mar/2024:15:32:10 -0300] "GET /cormun/servlet/solicitudot?dc2792df10c6a4e5535c175e489a7c02b6c45b7b3c53d2caac83e18a7ce978c4839fa3e0373ea0cf8c49a8f22eb6b0572923d42e9141db50dfe54e99ef177cd8ef775f298ff949d58c7669bdef95ddceff8638b824942241b2a5cbbef7c7b1c22aeac95b909a8d2942007fbaea27a7b1,gx-no-cache=1711391345539 HTTP/1.1" 200 29
190.171.152.234 - - [25/Mar/2024:15:32:13 -0300] "GET /cormun/servlet/solicitudotadjuntos?5737001af96a2a1eae8bc82de06e5fbed3d206999a6fb8397098d912c9e18566,gx-no-cache=1711391582606 HTTP/1.1" 200 30
190.171.152.234 - - [25/Mar/2024:15:32:13 -0300] "GET /cormun/servlet/solicitudotadjuntos?5737001af96a2a1eae8bc82de06e5fbed3d206999a6fb8397098d912c9e18566,gx-no-cache=1711391582623 HTTP/1.1" 200 30
190.171.152.234 - - [25/Mar/2024:15:32:13 -0300] "POST /cormun/servlet/solicitudotadjuntos?d6dfc000c0e88888dafef6758d90dc5e,INS,2024,21073,,1, HTTP/1.1" 200 116
190.171.152.234 - - [25/Mar/2024:15:32:13 -0300] "GET /cormun/servlet/hpexe_return? HTTP/1.1" 200 1026
190.171.152.234 - - [25/Mar/2024:15:32:14 -0300] "GET /cormun/servlet/trsolicitudadjuntos?2024,21073, HTTP/1.1" 200 10244
190.171.152.234 - - [25/Mar/2024:15:32:16 -0300] "GET /cormun/servlet/solicitudotadjuntos?INS,2024,21073,,1, HTTP/1.1" 200 6332
190.171.152.234 - - [25/Mar/2024:15:32:16 -0300] "GET /cormun/static/about:blank HTTP/1.1" 404 1011
190.171.152.234 - - [25/Mar/2024:15:32:16 -0300] "GET /cormun/servlet/solicitudotadjuntos?5737001af96a2a1eae8bc82de06e5fbe5d31cf52e457c896036ddddf106cbee66024eb66faeb8225765a538f5fee8784,gx-no-cache=1711391585777 HTTP/1.1" 200 30
190.171.152.234 - - [25/Mar/2024:15:32:17 -0300] "POST /cormun/servlet/solicitudotadjuntos?d6dfc000c0e88888dafef6758d90dc5e,INS,2024,21073,,1,,gx-no-cache=1711391585790 HTTP/1.1" 200 4197
190.171.152.234 - - [25/Mar/2024:15:32:19 -0300] "POST /cormun/servlet/solicitudotadjuntos?gx-no-cache=1711391587990 HTTP/1.1" 200 26
190.171.152.234 - - [25/Mar/2024:15:32:23 -0300] "GET /cormun/servlet/solicitudotadjuntos?5737001af96a2a1eae8bc82de06e5fbed3d206999a6fb8397098d912c9e18566,gx-no-cache=1711391592509 HTTP/1.1" 200 30
190.171.152.234 - - [25/Mar/2024:15:32:23 -0300] "GET /cormun/servlet/solicitudotadjuntos?5737001af96a2a1eae8bc82de06e5fbed3d206999a6fb8397098d912c9e18566,gx-no-cache=1711391592519 HTTP/1.1" 200 30
190.171.152.234 - - [25/Mar/2024:15:32:24 -0300] "POST /cormun/servlet/solicitudotadjuntos?d6dfc000c0e88888dafef6758d90dc5e,INS,2024,21073,,1, HTTP/1.1" 200 116
190.171.152.234 - - [25/Mar/2024:15:32:24 -0300] "GET /cormun/servlet/hpexe_return? HTTP/1.1" 200 1026
190.171.152.234 - - [25/Mar/2024:15:32:24 -0300] "GET /cormun/servlet/trsolicitudadjuntos?2024,21073, HTTP/1.1" 200 10400
190.171.152.234 - - [25/Mar/2024:15:32:28 -0300] "GET /cormun/servlet/trsolicitudot? HTTP/1.1" 200 12043
190.171.134.178 - - [25/Mar/2024:15:32:31 -0300] "GET /cormun/servlet/solicitudot?dc2792df10c6a4e5535c175e489a7c02d7406e21736c36963e72a701db768546631690459b999163544fda9d207efc5f,gx-no-cache=1711391366970 HTTP/1.1" 200 30
190.171.134.178 - - [25/Mar/2024:15:32:31 -0300] "POST /cormun/servlet/solicitudot?gx-no-cache=1711391367006 HTTP/1.1" 200 34
190.171.152.234 - - [25/Mar/2024:15:32:38 -0300] "POST /cormun/servlet/trsolicitudot?d6dfc000c0e88888dafef6758d90dc5e,,gx-no-cache=1711391607098 HTTP/1.1" 200 8875
190.171.152.234 - - [25/Mar/2024:15:32:38 -0300] "GET /cormun/static/Shared/jqueryui/images/ui-bg_highlight-soft_100_c6c2c8_1x100.png HTTP/1.1" 404 1117
190.171.152.234 - - [25/Mar/2024:15:32:38 -0300] "GET /cormun/static/Shared/jqueryui/images/ui-icons_82798d_256x240.png HTTP/1.1" 404 1089
190.171.152.234 - - [25/Mar/2024:15:32:38 -0300] "GET /cormun/static/Shared/jqueryui/images/ui-icons_8d78a5_256x240.png HTTP/1.1" 404 1089
190.171.152.234 - - [25/Mar/2024:15:32:38 -0300] "GET /cormun/static/Shared/jqueryui/images/ui-bg_flat_55_fafafa_40x100.png HTTP/1.1" 404 1097
190.171.152.234 - - [25/Mar/2024:15:32:38 -0300] "POST /cormun/servlet/trsolicitudot?d6dfc000c0e88888dafef6758d90dc5e,,gx-no-cache=1711391607372 HTTP/1.1" 200 8817
209.141.55.133 - - [25/Mar/2024:15:32:39 -0300] "GET /manager/html HTTP/1.1" 401 2474
209.141.55.133 - - [25/Mar/2024:15:32:39 -0300] "GET /manager/html HTTP/1.1" 401 2474
190.171.152.234 - - [25/Mar/2024:15:32:45 -0300] "GET /cormun/servlet/trautorizarsolicitud? HTTP/1.1" 200 8787
190.171.152.234 - - [25/Mar/2024:15:32:45 -0300] "GET /cormun/static/gxcfg.js?202211298474254 HTTP/1.1" 200 953
190.171.152.234 - - [25/Mar/2024:15:32:45 -0300] "GET /cormun/static/trautorizarsolicitud.js?202211298474588 HTTP/1.1" 200 53909
190.171.152.234 - - [25/Mar/2024:15:32:48 -0300] "POST /cormun/servlet/trautorizarsolicitud?d6dfc000c0e88888dafef6758d90dc5e,,gx-no-cache=1711391617601 HTTP/1.1" 200 4787
190.171.152.234 - - [25/Mar/2024:15:32:48 -0300] "POST /cormun/servlet/trautorizarsolicitud?d6dfc000c0e88888dafef6758d90dc5e,,gx-no-cache=1711391617716 HTTP/1.1" 200 4559
190.171.152.234 - - [25/Mar/2024:15:32:57 -0300] "GET /cormun/servlet/trsolicitudot? HTTP/1.1" 200 11630
190.171.143.82 - - [25/Mar/2024:15:33:02 -0300] "GET /cormun/servlet/trreportecargahoraria? HTTP/1.1" 200 5706
190.171.152.234 - - [25/Mar/2024:15:33:03 -0300] "POST /cormun/servlet/trsolicitudot?d6dfc000c0e88888dafef6758d90dc5e,,gx-no-cache=1711391631834 HTTP/1.1" 200 106
190.171.152.234 - - [25/Mar/2024:15:33:03 -0300] "GET /cormun/servlet/trsolicitudadjuntos?2024,21019, HTTP/1.1" 200 6384
190.171.143.82 - - [25/Mar/2024:15:33:03 -0300] "GET /cormun/servlet/hlogin HTTP/1.1" 200 1748
190.171.152.234 - - [25/Mar/2024:15:33:05 -0300] "GET /cormun/servlet/solicitudotadjuntos?INS,2024,21019,,1, HTTP/1.1" 200 6331
190.171.152.234 - - [25/Mar/2024:15:33:05 -0300] "GET /cormun/static/about:blank HTTP/1.1" 404 1011
190.171.152.234 - - [25/Mar/2024:15:33:06 -0300] "GET /cormun/servlet/solicitudotadjuntos?5737001af96a2a1eae8bc82de06e5fbe677038021d537a75e75e35ea0891b7d66024eb66faeb8225765a538f5fee8784,gx-no-cache=1711391635183 HTTP/1.1" 200 30
190.171.152.234 - - [25/Mar/2024:15:33:06 -0300] "POST /cormun/servlet/solicitudotadjuntos?d6dfc000c0e88888dafef6758d90dc5e,INS,2024,21019,,1,,gx-no-cache=1711391635197 HTTP/1.1" 200 4196
190.171.143.82 - - [25/Mar/2024:15:33:07 -0300] "POST /cormun/servlet/hlogin?ec6b5dea651f3ab2b65a4a46100ff30d,gx-no-cache=1711391378409 HTTP/1.1" 200 90
190.171.143.82 - - [25/Mar/2024:15:33:07 -0300] "GET /cormun/servlet/hpexe_link HTTP/1.1" 200 967
190.171.143.82 - - [25/Mar/2024:15:33:08 -0300] "GET /cormun/servlet/trreportecargahoraria HTTP/1.1" 200 6571
190.171.152.234 - - [25/Mar/2024:15:33:08 -0300] "POST /cormun/servlet/solicitudotadjuntos?gx-no-cache=1711391637366 HTTP/1.1" 200 26
190.171.134.178 - - [25/Mar/2024:15:33:10 -0300] "POST /cormun/servlet/solicitudot?3571a39c316f70a82eb764c5606b4bae,INS,0,0,false,,gx-no-cache=1711391404917 HTTP/1.1" 200 93
190.171.134.178 - - [25/Mar/2024:15:33:10 -0300] "GET /cormun/servlet/hpexe_return? HTTP/1.1" 200 1011
190.171.134.178 - - [25/Mar/2024:15:33:10 -0300] "GET /cormun/servlet/trsolicitudot HTTP/1.1" 200 8626
190.171.134.178 - - [25/Mar/2024:15:33:10 -0300] "GET /cormun/servlet/trsolicitudot HTTP/1.1" 200 8622
190.171.143.82 - - [25/Mar/2024:15:33:12 -0300] "GET /cormun/servlet/trcargahoraria? HTTP/1.1" 200 6562
190.171.143.82 - - [25/Mar/2024:15:33:12 -0300] "GET /cormun/static/gxcfg.js?202012113392337 HTTP/1.1" 200 953
190.171.143.82 - - [25/Mar/2024:15:33:12 -0300] "GET /cormun/static/trcargahoraria.js?202012113392783 HTTP/1.1" 200 28768
190.171.134.178 - - [25/Mar/2024:15:33:13 -0300] "POST /cormun/servlet/trsolicitudot?3571a39c316f70a82eb764c5606b4bae,gx-no-cache=1711391408375 HTTP/1.1" 200 4598
190.171.134.178 - - [25/Mar/2024:15:33:13 -0300] "GET /cormun/static/Shared/jqueryui/images/ui-bg_highlight-soft_100_c6c2c8_1x100.png HTTP/1.1" 404 1117
190.171.134.178 - - [25/Mar/2024:15:33:13 -0300] "GET /cormun/static/Shared/jqueryui/images/ui-icons_82798d_256x240.png HTTP/1.1" 404 1089
190.171.134.178 - - [25/Mar/2024:15:33:13 -0300] "GET /cormun/static/Shared/jqueryui/images/ui-bg_flat_55_fafafa_40x100.png HTTP/1.1" 404 1097
190.171.134.178 - - [25/Mar/2024:15:33:13 -0300] "GET /cormun/static/Shared/jqueryui/images/ui-icons_8d78a5_256x240.png HTTP/1.1" 404 1089
190.171.134.178 - - [25/Mar/2024:15:33:13 -0300] "POST /cormun/servlet/trsolicitudot?3571a39c316f70a82eb764c5606b4bae,gx-no-cache=1711391408535 HTTP/1.1" 200 4333
190.171.143.82 - - [25/Mar/2024:15:33:17 -0300] "GET /cormun/servlet/trcontratounov2? HTTP/1.1" 200 18169
190.171.143.82 - - [25/Mar/2024:15:33:17 -0300] "GET /cormun/static/gxcfg.js?2020121614367 HTTP/1.1" 200 953
190.171.143.82 - - [25/Mar/2024:15:33:17 -0300] "GET /cormun/static/Resources/PXToolsAddAllAction.png HTTP/1.1" 200 495
190.171.143.82 - - [25/Mar/2024:15:33:17 -0300] "GET /cormun/static/trcontratounov2.js?20201216143065 HTTP/1.1" 200 38486
190.171.143.82 - - [25/Mar/2024:15:33:18 -0300] "GET /cormun/static/Resources/PXToolsAddSelectedAction.png HTTP/1.1" 200 523
181.212.47.137 - - [25/Mar/2024:15:33:22 -0300] "GET /cormun/servlet/trsolicitudgral? HTTP/1.1" 200 9748
190.171.134.178 - - [25/Mar/2024:15:33:24 -0300] "GET /cormun/servlet/hlogin HTTP/1.1" 200 1740
181.212.47.137 - - [25/Mar/2024:15:33:25 -0300] "GET /cormun/servlet/vesolicitudgral?2024,20662,, HTTP/1.1" 200 8418
181.212.47.137 - - [25/Mar/2024:15:33:25 -0300] "GET /cormun/pexe_scrolldiv.js HTTP/1.1" 404 1009
190.171.143.82 - - [25/Mar/2024:15:33:41 -0300] "GET /cormun/servlet/trautorizarpermisogoce? HTTP/1.1" 200 7011
190.171.143.82 - - [25/Mar/2024:15:33:41 -0300] "GET /cormun/static/gxcfg.js?2020121645532 HTTP/1.1" 200 953
190.171.143.82 - - [25/Mar/2024:15:33:41 -0300] "GET /cormun/static/Resources/PXTools/calendar.png HTTP/1.1" 200 1306
190.171.143.82 - - [25/Mar/2024:15:33:41 -0300] "GET /cormun/static/trautorizarpermisogoce.js?2020121651492 HTTP/1.1" 200 34948
190.171.134.178 - - [25/Mar/2024:15:33:43 -0300] "POST /cormun/servlet/hlogin?3571a39c316f70a82eb764c5606b4bae,gx-no-cache=1711391438507 HTTP/1.1" 200 90
190.171.134.178 - - [25/Mar/2024:15:33:43 -0300] "GET /cormun/servlet/hpexe_link HTTP/1.1" 200 953
190.171.134.178 - - [25/Mar/2024:15:33:43 -0300] "GET /cormun/servlet/hhome HTTP/1.1" 200 4237
190.171.134.178 - - [25/Mar/2024:15:33:43 -0300] "GET /cormun/servlet/hhome HTTP/1.1" 200 4234
190.171.143.82 - - [25/Mar/2024:15:33:45 -0300] "GET /cormun/static/menuarrow.gif HTTP/1.1" 404 1015
190.171.134.178 - - [25/Mar/2024:15:33:48 -0300] "GET /cormun/servlet/trsolicitudot? HTTP/1.1" 200 7452
190.171.134.178 - - [25/Mar/2024:15:33:49 -0300] "GET /cormun/servlet/trsolicitudot? HTTP/1.1" 200 7452
190.171.143.82 - - [25/Mar/2024:15:33:51 -0300] "POST /cormun/servlet/trautorizarpermisogoce?ec6b5dea651f3ab2b65a4a46100ff30d,,gx-no-cache=1711391422143 HTTP/1.1" 200 7035
190.171.143.82 - - [25/Mar/2024:15:33:51 -0300] "GET /cormun//static/Resources/PXTools/ActionInsert.png HTTP/1.1" 200 1482
190.171.143.82 - - [25/Mar/2024:15:33:51 -0300] "GET /cormun//static/Resources/PXToolsGridDisplay.png HTTP/1.1" 200 525
190.171.143.82 - - [25/Mar/2024:15:33:51 -0300] "GET /cormun//static/Resources/PXToolsActionPrint.png HTTP/1.1" 200 404
190.171.143.82 - - [25/Mar/2024:15:33:51 -0300] "GET /cormun//static/Resources/PXToolsHeaderHelp.png HTTP/1.1" 200 1333
190.171.143.82 - - [25/Mar/2024:15:33:51 -0300] "GET /cormun//static/Resources/PXToolsHeaderFavorites.png HTTP/1.1" 200 1414
190.171.134.178 - - [25/Mar/2024:15:34:00 -0300] "GET /cormun/servlet/trsolicitudot? HTTP/1.1" 200 7452
190.171.134.178 - - [25/Mar/2024:15:34:00 -0300] "GET /cormun/servlet/trsolicitudot? HTTP/1.1" 200 7452
190.171.143.82 - - [25/Mar/2024:15:34:12 -0300] "GET /cormun/servlet/trlicencias? HTTP/1.1" 200 8880
190.171.143.82 - - [25/Mar/2024:15:34:12 -0300] "GET /cormun/static/gxcfg.js?202211298463625 HTTP/1.1" 200 953
190.171.143.82 - - [25/Mar/2024:15:34:12 -0300] "GET /cormun/static/trlicencias.js?202211298463889 HTTP/1.1" 200 41883
190.171.134.178 - - [25/Mar/2024:15:34:17 -0300] "GET /cormun/servlet/solicitudot?INS,0,0,false, HTTP/1.1" 200 16205
190.171.134.178 - - [25/Mar/2024:15:34:17 -0300] "GET /cormun/servlet/solicitudot?INS,0,0,false, HTTP/1.1" 200 16213
190.171.134.178 - - [25/Mar/2024:15:34:33 -0300] "GET /cormun/servlet/trautorizarsolicitud? HTTP/1.1" 200 8812
190.171.134.178 - - [25/Mar/2024:15:34:33 -0300] "GET /cormun/servlet/trautorizarsolicitud? HTTP/1.1" 200 8803
190.171.143.82 - - [25/Mar/2024:15:34:38 -0300] "GET /cormun/servlet/trcontratoobservaciondir? HTTP/1.1" 200 8107
190.171.143.82 - - [25/Mar/2024:15:34:38 -0300] "GET /cormun/static/gxcfg.js?20221129848537 HTTP/1.1" 200 953
190.171.143.82 - - [25/Mar/2024:15:34:38 -0300] "GET /cormun/static/trcontratoobservaciondir.js?20221129848696 HTTP/1.1" 200 27185
190.171.143.82 - - [25/Mar/2024:15:34:38 -0300] "GET /cormun//static/Resources/PXToolsGridUpdate.png HTTP/1.1" 200 470
190.171.143.82 - - [25/Mar/2024:15:34:38 -0300] "GET /cormun//static/Resources/PXToolsGridDelete.png HTTP/1.1" 200 538
190.171.134.178 - - [25/Mar/2024:15:34:47 -0300] "POST /cormun/servlet/trautorizarsolicitud?3571a39c316f70a82eb764c5606b4bae,,gx-no-cache=1711391503132 HTTP/1.1" 200 4818
190.171.134.178 - - [25/Mar/2024:15:34:48 -0300] "GET /cormun/static/Shared/jqueryui/images/ui-bg_highlight-soft_100_c6c2c8_1x100.png HTTP/1.1" 404 1117
190.171.134.178 - - [25/Mar/2024:15:34:48 -0300] "GET /cormun/static/Shared/jqueryui/images/ui-bg_flat_55_fafafa_40x100.png HTTP/1.1" 404 1097
190.171.134.178 - - [25/Mar/2024:15:34:48 -0300] "GET /cormun/static/Shared/jqueryui/images/ui-icons_8d78a5_256x240.png HTTP/1.1" 404 1089
190.171.134.178 - - [25/Mar/2024:15:34:48 -0300] "GET /cormun/static/Shared/jqueryui/images/ui-icons_82798d_256x240.png HTTP/1.1" 404 1089
190.171.134.178 - - [25/Mar/2024:15:34:48 -0300] "POST /cormun/servlet/trautorizarsolicitud?3571a39c316f70a82eb764c5606b4bae,,gx-no-cache=1711391503280 HTTP/1.1" 200 4553
181.212.47.137 - - [25/Mar/2024:15:35:08 -0300] "GET /cormun/servlet/vesolicitudgral?2024,20662,,SolicitudOTAdjuntos HTTP/1.1" 200 11207
181.212.47.137 - - [25/Mar/2024:15:35:08 -0300] "GET /cormun/pexe_scrolldiv.js HTTP/1.1" 404 1009
181.212.47.137 - - [25/Mar/2024:15:35:09 -0300] "POST /cormun/servlet/acontrolpreferencessavestate?None,RRHH+DANIELA,true HTTP/1.1" 200 35
181.212.47.137 - - [25/Mar/2024:15:35:11 -0300] "GET /cormun/PublicTempStorage/certificado_de_afiliacion_de_afp6433846.pdf HTTP/1.1" 200 76088
190.171.143.82 - - [25/Mar/2024:15:35:12 -0300] "GET /cormun/servlet/trcontratosolicitud? HTTP/1.1" 200 14910
181.212.47.137 - - [25/Mar/2024:15:35:17 -0300] "GET /cormun/servlet/vesolicitudgral?2024,20662,,SolicitudOTAdjuntos HTTP/1.1" 200 11206
181.212.47.137 - - [25/Mar/2024:15:35:18 -0300] "POST /cormun/servlet/acontrolpreferencessavestate?None,RRHH+DANIELA,true HTTP/1.1" 200 35
181.212.47.137 - - [25/Mar/2024:15:35:19 -0300] "GET /cormun/PublicTempStorage/certificado_de_afiliacion_de_afp9017707.pdf HTTP/1.1" 200 76088
181.212.47.137 - - [25/Mar/2024:15:35:20 -0300] "GET /cormun/servlet/vesolicitudgral?2024,20662,,SolicitudOTAdjuntos HTTP/1.1" 200 11208
181.212.47.137 - - [25/Mar/2024:15:35:21 -0300] "POST /cormun/servlet/acontrolpreferencessavestate?None,RRHH+DANIELA,true HTTP/1.1" 200 35
181.212.47.137 - - [25/Mar/2024:15:35:22 -0300] "GET /cormun/PublicTempStorage/certificado_de_afiliacion_a_fonasa7233559.pdf HTTP/1.1" 200 71820
190.171.143.82 - - [25/Mar/2024:15:35:23 -0300] "GET /cormun/servlet/trautorizarsolicitud? HTTP/1.1" 200 7293
190.171.143.82 - - [25/Mar/2024:15:35:23 -0300] "GET /cormun/static/gxcfg.js?202211298474254 HTTP/1.1" 200 953
190.171.143.82 - - [25/Mar/2024:15:35:23 -0300] "GET /cormun/static/trautorizarsolicitud.js?202211298474588 HTTP/1.1" 200 53909
181.212.47.137 - - [25/Mar/2024:15:35:25 -0300] "GET /cormun/servlet/vesolicitudgral?2024,20662,,SolicitudOTAdjuntos HTTP/1.1" 200 11204
181.212.47.137 - - [25/Mar/2024:15:35:26 -0300] "POST /cormun/servlet/acontrolpreferencessavestate?None,RRHH+DANIELA,true HTTP/1.1" 200 35
190.171.143.82 - - [25/Mar/2024:15:35:28 -0300] "GET /cormun/static/menuarrow.gif HTTP/1.1" 404 1015
181.212.47.137 - - [25/Mar/2024:15:35:30 -0300] "GET /cormun/servlet/vesolicitudgral?2024,20662,,General HTTP/1.1" 200 8418
181.212.47.137 - - [25/Mar/2024:15:35:30 -0300] "GET /cormun/pexe_scrolldiv.js HTTP/1.1" 404 1009
190.171.143.82 - - [25/Mar/2024:15:35:32 -0300] "POST /cormun/servlet/trautorizarsolicitud?ec6b5dea651f3ab2b65a4a46100ff30d,,gx-no-cache=1711391522555 HTTP/1.1" 200 8383
190.171.143.82 - - [25/Mar/2024:15:35:32 -0300] "GET /cormun//static/Resources/PXToolsRemoveAllAction.png HTTP/1.1" 200 487
190.171.143.82 - - [25/Mar/2024:15:35:32 -0300] "GET /cormun//static/Resources/PXToolsActionView.png HTTP/1.1" 200 398
190.171.143.82 - - [25/Mar/2024:15:36:46 -0300] "GET /cormun/servlet/trcontratosolicitud? HTTP/1.1" 200 14903
181.212.47.137 - - [25/Mar/2024:15:36:54 -0300] "GET /cormun/servlet/trsolicitudgral? HTTP/1.1" 200 8321
181.212.47.137 - - [25/Mar/2024:15:36:59 -0300] "POST /cormun/servlet/trsolicitudgral?55b2c0d76ae02f8df6a389fe21348db0,,gx-no-cache=1711391618626 HTTP/1.1" 200 21761
181.212.47.137 - - [25/Mar/2024:15:37:01 -0300] "GET /cormun/servlet/vesolicitudgral?2024,21079,, HTTP/1.1" 200 8428
181.212.47.137 - - [25/Mar/2024:15:37:01 -0300] "GET /cormun/pexe_scrolldiv.js HTTP/1.1" 404 1009
190.171.149.82 - - [25/Mar/2024:15:37:07 -0300] "POST /cormun/servlet/solicitudot?gx-no-cache=1711391642232 HTTP/1.1" 200 297
190.171.149.82 - - [25/Mar/2024:15:37:07 -0300] "GET /cormun/servlet/solicitudot?d25b575b73533d60a7c1b1867d0041a962db258e37da5d85c9a7e1363f7079cb1742d837d9e69862fda05a910552c265db819de2a3663770cb09fc0b22164b24473683770305ddeb41c266f36d866328644753a38b662cbdec7245bedd7cfcc8bb8d71146e40e7078cd52ec730b8f735bfde1f7c026921c19b444b83ffa0415e595c5fcde0f2585d4827bc2e8c3f10cffcff03d9cdb6f2e9c342b8aa80b725cf55aee8e65222752c5c6ab668c813a4bdbd9d09835f6863ca98b5ea50e0da1e4126b3748b2ed67f1481c779ebb0ddc5ddad732e6d91e5dd5f3daefb0df0a2b4d538c51dbf298a622bd955bf6b096496406709fe3642c594d30f563a965264ea7683fb78baa92d6c2a27539f67558f7789f87795d549d6b4c081e3a66ff74e5dc78da4318f148b68c2c4fc9997ed80867c07abb9e86fa99a01957b5119906351de2291b8d08d0cc4debccfaf0e4c864a168aa923cef7dc634d78b846fabbad143fd2dcb62e1889749649f99c3258682fbf113046aa463eb483c47a8c6f74c05e5398e5393141e350b344dc5d7c27440ffd,gx-no-cache=1711391642285 HTTP/1.1" 200 30
190.171.149.82 - - [25/Mar/2024:15:37:07 -0300] "POST /cormun/servlet/solicitudot?gx-no-cache=1711391642309 HTTP/1.1" 200 30
190.171.149.82 - - [25/Mar/2024:15:37:07 -0300] "POST /cormun/servlet/solicitudot?gx-no-cache=1711391642347 HTTP/1.1" 200 1473
190.171.149.82 - - [25/Mar/2024:15:37:07 -0300] "POST /cormun/servlet/solicitudot?gx-no-cache=1711391642389 HTTP/1.1" 200 41
190.171.149.82 - - [25/Mar/2024:15:37:07 -0300] "GET /cormun/servlet/solicitudot?d25b575b73533d60a7c1b1867d0041a9b3c3aea9d07c6a7f599124df5d2429f7f1165e5cf932ac7afe8e50b50d880af5002b98fa88c91a82a1ee1fcaae88788e21b930dbd9bea3e0f1823cdb4d6a22ad0684b06c28e7d3ea2efd706796d4f44bfa2f2d1247c3cd579ad1ae7b18d2b25e,gx-no-cache=1711391642412 HTTP/1.1" 200 110
190.171.149.82 - - [25/Mar/2024:15:37:07 -0300] "POST /cormun/servlet/solicitudot?gx-no-cache=1711391642444 HTTP/1.1" 200 97
190.171.149.82 - - [25/Mar/2024:15:37:07 -0300] "GET /cormun/servlet/solicitudot?d25b575b73533d60a7c1b1867d0041a93b6091a8a296036a9480e8a11e02733730474117e88d8a95cf26ff3d5862926c,gx-no-cache=1711391642471 HTTP/1.1" 200 30
190.171.149.82 - - [25/Mar/2024:15:37:07 -0300] "POST /cormun/servlet/solicitudot?gx-no-cache=1711391642493 HTTP/1.1" 200 30
190.171.149.82 - - [25/Mar/2024:15:37:07 -0300] "POST /cormun/servlet/solicitudot?e16473463e1f5e6251002bd62e1ae8a1,INS,0,0,false,,gx-no-cache=1711391642522 HTTP/1.1" 200 93
190.171.149.82 - - [25/Mar/2024:15:37:07 -0300] "GET /cormun/servlet/hpexe_return? HTTP/1.1" 200 1004
190.171.149.82 - - [25/Mar/2024:15:37:08 -0300] "GET /cormun/servlet/trsolicitudot HTTP/1.1" 200 9376
190.171.149.82 - - [25/Mar/2024:15:37:17 -0300] "POST /cormun/servlet/trsolicitudot?e16473463e1f5e6251002bd62e1ae8a1,gx-no-cache=1711391652970 HTTP/1.1" 200 107
190.171.149.82 - - [25/Mar/2024:15:37:18 -0300] "GET /cormun/servlet/trsolicitudadjuntos?2024,21080, HTTP/1.1" 200 6033
181.212.47.137 - - [25/Mar/2024:15:37:20 -0300] "GET /cormun/servlet/vesolicitudgral?2024,21079,,SolicitudOTAdjuntos HTTP/1.1" 200 7086
181.212.47.137 - - [25/Mar/2024:15:37:20 -0300] "GET /cormun/pexe_scrolldiv.js HTTP/1.1" 404 1009
181.212.47.137 - - [25/Mar/2024:15:37:21 -0300] "POST /cormun/servlet/acontrolpreferencessavestate?None,RRHH+DANIELA,true HTTP/1.1" 200 35
181.212.47.137 - - [25/Mar/2024:15:37:22 -0300] "GET /cormun/servlet/vesolicitudgral?2024,21079,,General HTTP/1.1" 200 8427
181.212.47.137 - - [25/Mar/2024:15:37:22 -0300] "GET /cormun/pexe_scrolldiv.js HTTP/1.1" 404 1009
200.54.100.179 - - [25/Mar/2024:15:37:24 -0300] "GET /cormun/servlet/hlogin HTTP/1.1" 200 1715
190.171.149.82 - - [25/Mar/2024:15:37:25 -0300] "GET /cormun/servlet/solicitudotadjuntos?INS,2024,21080,,1, HTTP/1.1" 200 5977
190.171.149.82 - - [25/Mar/2024:15:37:25 -0300] "GET /cormun/static/about:blank HTTP/1.1" 404 1011
190.171.149.82 - - [25/Mar/2024:15:37:26 -0300] "GET /cormun/servlet/solicitudotadjuntos?d25b575b73533d60a7c1b1867d0041a9661b650d19e309ab4b80b822bae13f2030ca7824b23c210cd7efcb800e823e2e,gx-no-cache=1711391661287 HTTP/1.1" 200 30
190.171.149.82 - - [25/Mar/2024:15:37:26 -0300] "POST /cormun/servlet/solicitudotadjuntos?e16473463e1f5e6251002bd62e1ae8a1,INS,2024,21080,,1,,gx-no-cache=1711391661327 HTTP/1.1" 200 3862
190.171.149.82 - - [25/Mar/2024:15:37:29 -0300] "POST /cormun/servlet/solicitudotadjuntos?gx-no-cache=1711391664998 HTTP/1.1" 200 26
200.54.100.179 - - [25/Mar/2024:15:37:40 -0300] "POST /cormun/servlet/hlogin?71ecfa6c689ca7a30280fafbac9f4088,gx-no-cache=1711391676640 HTTP/1.1" 200 422
190.171.149.82 - - [25/Mar/2024:15:37:41 -0300] "GET /cormun/servlet/solicitudotadjuntos?d25b575b73533d60a7c1b1867d0041a9f5ca630ef298606ee267a282ce1afaa4,gx-no-cache=1711391676565 HTTP/1.1" 200 30
190.171.149.82 - - [25/Mar/2024:15:37:41 -0300] "GET /cormun/servlet/solicitudotadjuntos?d25b575b73533d60a7c1b1867d0041a9f5ca630ef298606ee267a282ce1afaa4,gx-no-cache=1711391676584 HTTP/1.1" 200 30
190.171.149.82 - - [25/Mar/2024:15:37:41 -0300] "POST /cormun/servlet/solicitudotadjuntos?e16473463e1f5e6251002bd62e1ae8a1,INS,2024,21080,,1, HTTP/1.1" 200 116
190.171.149.82 - - [25/Mar/2024:15:37:41 -0300] "GET /cormun/servlet/hpexe_return? HTTP/1.1" 200 1022
190.171.149.82 - - [25/Mar/2024:15:37:41 -0300] "GET /cormun/servlet/trsolicitudadjuntos?2024,21080, HTTP/1.1" 200 8962
200.54.100.179 - - [25/Mar/2024:15:37:47 -0300] "POST /cormun/servlet/hlogin?71ecfa6c689ca7a30280fafbac9f4088,gx-no-cache=1711391683178 HTTP/1.1" 200 90
200.54.100.179 - - [25/Mar/2024:15:37:47 -0300] "GET /cormun/servlet/hpexe_link HTTP/1.1" 200 946
200.54.100.179 - - [25/Mar/2024:15:37:47 -0300] "GET /cormun/servlet/hhome HTTP/1.1" 200 4317
190.171.149.82 - - [25/Mar/2024:15:37:49 -0300] "GET /cormun/servlet/solicitudotadjuntos?INS,2024,21080,,1, HTTP/1.1" 200 5977
190.171.149.82 - - [25/Mar/2024:15:37:49 -0300] "GET /cormun/static/about:blank HTTP/1.1" 404 1011
190.171.149.82 - - [25/Mar/2024:15:37:50 -0300] "GET /cormun/servlet/solicitudotadjuntos?d25b575b73533d60a7c1b1867d0041a9661b650d19e309ab4b80b822bae13f2030ca7824b23c210cd7efcb800e823e2e,gx-no-cache=1711391685575 HTTP/1.1" 200 30
190.171.149.82 - - [25/Mar/2024:15:37:50 -0300] "POST /cormun/servlet/solicitudotadjuntos?e16473463e1f5e6251002bd62e1ae8a1,INS,2024,21080,,1,,gx-no-cache=1711391685618 HTTP/1.1" 200 3862
190.171.149.82 - - [25/Mar/2024:15:37:55 -0300] "POST /cormun/servlet/solicitudotadjuntos?gx-no-cache=1711391690638 HTTP/1.1" 200 26
200.54.100.179 - - [25/Mar/2024:15:37:58 -0300] "GET /cormun/servlet/trvisualizadoreventos? HTTP/1.1" 200 7099
200.54.100.179 - - [25/Mar/2024:15:37:58 -0300] "GET /cormun/static/gxcfg.js?202211298474834 HTTP/1.1" 200 953
200.54.100.179 - - [25/Mar/2024:15:37:58 -0300] "GET /cormun/static/trvisualizadoreventos.js?202211298474971 HTTP/1.1" 200 19318
200.54.100.179 - - [25/Mar/2024:15:37:58 -0300] "GET /cormun/static/Resources/PXToolsActionPrint.png HTTP/1.1" 200 404
190.171.149.82 - - [25/Mar/2024:15:37:59 -0300] "GET /cormun/servlet/solicitudotadjuntos?d25b575b73533d60a7c1b1867d0041a9f5ca630ef298606ee267a282ce1afaa4,gx-no-cache=1711391694693 HTTP/1.1" 200 30
190.171.149.82 - - [25/Mar/2024:15:37:59 -0300] "GET /cormun/servlet/solicitudotadjuntos?d25b575b73533d60a7c1b1867d0041a9f5ca630ef298606ee267a282ce1afaa4,gx-no-cache=1711391694705 HTTP/1.1" 200 30
190.171.149.82 - - [25/Mar/2024:15:37:59 -0300] "POST /cormun/servlet/solicitudotadjuntos?e16473463e1f5e6251002bd62e1ae8a1,INS,2024,21080,,1,,gx-no-cache=1711391694718 HTTP/1.1" 200 93
190.171.149.82 - - [25/Mar/2024:15:37:59 -0300] "GET /cormun/servlet/hpexe_return? HTTP/1.1" 200 1022
190.171.149.82 - - [25/Mar/2024:15:37:59 -0300] "GET /cormun/servlet/trsolicitudadjuntos?2024,21080, HTTP/1.1" 200 9138
200.54.100.179 - - [25/Mar/2024:15:38:02 -0300] "GET /cormun/servlet/trautorizarsolicitud? HTTP/1.1" 200 8859
200.54.100.179 - - [25/Mar/2024:15:38:02 -0300] "GET /cormun/static/gxcfg.js?202211298474254 HTTP/1.1" 200 953
200.54.100.179 - - [25/Mar/2024:15:38:02 -0300] "GET /cormun/static/trautorizarsolicitud.js?202211298474588 HTTP/1.1" 200 53909
200.54.100.179 - - [25/Mar/2024:15:38:02 -0300] "GET /cormun//static/Resources/PXToolsActionView.png HTTP/1.1" 200 398
200.54.100.179 - - [25/Mar/2024:15:38:02 -0300] "GET /cormun//static/Resources/PXToolsRemoveAllAction.png HTTP/1.1" 200 487
200.54.100.179 - - [25/Mar/2024:15:38:02 -0300] "GET /cormun//static/Resources/PXToolsGridDelete.png HTTP/1.1" 200 538
200.54.100.179 - - [25/Mar/2024:15:38:02 -0300] "GET /cormun//static/Resources/PXToolsGridUpdate.png HTTP/1.1" 200 470
200.54.100.179 - - [25/Mar/2024:15:38:02 -0300] "GET /cormun//static/Resources/PXTools/ActionInsert.png HTTP/1.1" 200 1482
190.171.149.82 - - [25/Mar/2024:15:38:05 -0300] "GET /cormun/servlet/solicitudotadjuntos?DLT,2024,21080,CERTIF2,0, HTTP/1.1" 200 5850
190.171.149.82 - - [25/Mar/2024:15:38:05 -0300] "GET /cormun/static/about:blank HTTP/1.1" 404 1011
190.171.149.82 - - [25/Mar/2024:15:38:17 -0300] "POST /cormun/servlet/solicitudotadjuntos?e16473463e1f5e6251002bd62e1ae8a1,DLT,2024,21080,CERTIF2,0,,gx-no-cache=1711391712184 HTTP/1.1" 200 93
190.171.149.82 - - [25/Mar/2024:15:38:17 -0300] "GET /cormun/servlet/hpexe_return? HTTP/1.1" 200 1028
190.171.149.82 - - [25/Mar/2024:15:38:17 -0300] "GET /cormun/servlet/trsolicitudadjuntos?2024,21080, HTTP/1.1" 200 9138
200.54.100.179 - - [25/Mar/2024:15:38:22 -0300] "GET /cormun/servlet/trlicencias? HTTP/1.1" 200 9179
200.54.100.179 - - [25/Mar/2024:15:38:22 -0300] "GET /cormun/static/gxcfg.js?202211298463625 HTTP/1.1" 200 953
200.54.100.179 - - [25/Mar/2024:15:38:22 -0300] "GET /cormun/static/trlicencias.js?202211298463889 HTTP/1.1" 200 41883
200.54.100.179 - - [25/Mar/2024:15:38:23 -0300] "GET /cormun//static/Resources/PXToolsActionDisabled.gif HTTP/1.1" 200 53
200.54.100.179 - - [25/Mar/2024:15:38:23 -0300] "GET /cormun//static/Resources/PXToolsGridDisplay.png HTTP/1.1" 200 525
200.54.100.179 - - [25/Mar/2024:15:38:23 -0300] "GET /cormun//static/Resources/PXToolsActionPrint.png HTTP/1.1" 200 404
200.54.100.179 - - [25/Mar/2024:15:38:23 -0300] "GET /cormun//static/Resources/PXToolsHeaderHelp.png HTTP/1.1" 200 1333
200.54.100.179 - - [25/Mar/2024:15:38:23 -0300] "GET /cormun//static/Resources/PXToolsHeaderFavorites.png HTTP/1.1" 200 1414
190.171.149.82 - - [25/Mar/2024:15:38:24 -0300] "GET /cormun/servlet/solicitudotadjuntos?DLT,2024,21080,CERTIF2,0, HTTP/1.1" 200 5850
190.171.149.82 - - [25/Mar/2024:15:38:24 -0300] "GET /cormun/static/about:blank HTTP/1.1" 404 1011
190.171.149.82 - - [25/Mar/2024:15:38:26 -0300] "POST /cormun/servlet/solicitudotadjuntos?e16473463e1f5e6251002bd62e1ae8a1,DLT,2024,21080,CERTIF2,0,,gx-no-cache=1711391721607 HTTP/1.1" 200 93
