191.126.45.30 - - [22/Mar/2024:12:07:56 -0300] "POST /cormun/servlet/solicitudotadjuntos?1609b275f2573bb82cab9578e04f1069,INS,2024,21053,,1, HTTP/1.1" 200 116
191.126.45.30 - - [22/Mar/2024:12:07:56 -0300] "GET /cormun/servlet/hpexe_return? HTTP/1.1" 200 1026
191.126.45.30 - - [22/Mar/2024:12:07:56 -0300] "GET /cormun/servlet/trsolicitudadjuntos?2024,21053, HTTP/1.1" 200 9207
191.126.45.30 - - [22/Mar/2024:12:07:59 -0300] "GET /cormun/servlet/solicitudotadjuntos?INS,2024,21053,,1, HTTP/1.1" 200 5962
191.126.45.30 - - [22/Mar/2024:12:07:59 -0300] "GET /cormun/static/about:blank HTTP/1.1" 404 1011
191.126.45.30 - - [22/Mar/2024:12:07:59 -0300] "GET /cormun/servlet/solicitudotadjuntos?c87e36c0c22876a80a61e1b065fa34c50eaa2260c31c39ce05d9deadda956b4e1a909bbe16ff9a8029a48417560a915a,gx-no-cache=1711119899117 HTTP/1.1" 200 30
191.126.45.30 - - [22/Mar/2024:12:07:59 -0300] "POST /cormun/servlet/solicitudotadjuntos?1609b275f2573bb82cab9578e04f1069,INS,2024,21053,,1,,gx-no-cache=1711119899209 HTTP/1.1" 200 3869
191.126.45.30 - - [22/Mar/2024:12:08:56 -0300] "POST /cormun/servlet/solicitudotadjuntos?gx-no-cache=1711119956269 HTTP/1.1" 200 26
191.126.45.30 - - [22/Mar/2024:12:09:08 -0300] "GET /cormun/servlet/solicitudotadjuntos?c87e36c0c22876a80a61e1b065fa34c53cfff52268797d5cce10c44c519b3fbe,gx-no-cache=1711119967963 HTTP/1.1" 200 30
191.126.45.30 - - [22/Mar/2024:12:09:08 -0300] "GET /cormun/servlet/solicitudotadjuntos?c87e36c0c22876a80a61e1b065fa34c53cfff52268797d5cce10c44c519b3fbe,gx-no-cache=1711119968006 HTTP/1.1" 200 30
191.126.45.30 - - [22/Mar/2024:12:09:08 -0300] "POST /cormun/servlet/solicitudotadjuntos?1609b275f2573bb82cab9578e04f1069,INS,2024,21053,,1, HTTP/1.1" 200 116
191.126.45.30 - - [22/Mar/2024:12:09:09 -0300] "GET /cormun/servlet/hpexe_return? HTTP/1.1" 200 1026
191.126.45.30 - - [22/Mar/2024:12:09:09 -0300] "GET /cormun/servlet/trsolicitudadjuntos?2024,21053, HTTP/1.1" 200 9416
191.126.45.30 - - [22/Mar/2024:12:09:13 -0300] "GET /cormun/servlet/solicitudotadjuntos?INS,2024,21053,,1, HTTP/1.1" 200 5961
191.126.45.30 - - [22/Mar/2024:12:09:13 -0300] "GET /cormun/static/about:blank HTTP/1.1" 404 1011
191.126.45.30 - - [22/Mar/2024:12:09:14 -0300] "GET /cormun/servlet/solicitudotadjuntos?c87e36c0c22876a80a61e1b065fa34c50eaa2260c31c39ce05d9deadda956b4e1a909bbe16ff9a8029a48417560a915a,gx-no-cache=1711119973526 HTTP/1.1" 200 30
191.126.45.30 - - [22/Mar/2024:12:09:14 -0300] "POST /cormun/servlet/solicitudotadjuntos?1609b275f2573bb82cab9578e04f1069,INS,2024,21053,,1,,gx-no-cache=1711119973586 HTTP/1.1" 200 3870
191.126.45.30 - - [22/Mar/2024:12:09:16 -0300] "POST /cormun/servlet/solicitudotadjuntos?gx-no-cache=1711119975892 HTTP/1.1" 200 26
191.126.45.30 - - [22/Mar/2024:12:09:24 -0300] "GET /cormun/servlet/solicitudotadjuntos?c87e36c0c22876a80a61e1b065fa34c53cfff52268797d5cce10c44c519b3fbe,gx-no-cache=1711119983411 HTTP/1.1" 200 30
191.126.45.30 - - [22/Mar/2024:12:09:24 -0300] "GET /cormun/servlet/solicitudotadjuntos?c87e36c0c22876a80a61e1b065fa34c53cfff52268797d5cce10c44c519b3fbe,gx-no-cache=1711119983486 HTTP/1.1" 200 30
191.126.45.30 - - [22/Mar/2024:12:09:24 -0300] "POST /cormun/servlet/solicitudotadjuntos?1609b275f2573bb82cab9578e04f1069,INS,2024,21053,,1, HTTP/1.1" 200 116
191.126.45.30 - - [22/Mar/2024:12:09:24 -0300] "GET /cormun/servlet/hpexe_return? HTTP/1.1" 200 1026
191.126.45.30 - - [22/Mar/2024:12:09:25 -0300] "GET /cormun/servlet/trsolicitudadjuntos?2024,21053, HTTP/1.1" 200 9706
191.126.45.30 - - [22/Mar/2024:12:09:28 -0300] "GET /cormun/servlet/solicitudotadjuntos?INS,2024,21053,,1, HTTP/1.1" 200 5962
191.126.45.30 - - [22/Mar/2024:12:09:28 -0300] "GET /cormun/static/about:blank HTTP/1.1" 404 1011
191.126.45.30 - - [22/Mar/2024:12:09:29 -0300] "GET /cormun/servlet/solicitudotadjuntos?c87e36c0c22876a80a61e1b065fa34c50eaa2260c31c39ce05d9deadda956b4e1a909bbe16ff9a8029a48417560a915a,gx-no-cache=1711119988568 HTTP/1.1" 200 30
191.126.45.30 - - [22/Mar/2024:12:09:29 -0300] "POST /cormun/servlet/solicitudotadjuntos?1609b275f2573bb82cab9578e04f1069,INS,2024,21053,,1,,gx-no-cache=1711119988628 HTTP/1.1" 200 3870
191.126.45.30 - - [22/Mar/2024:12:09:31 -0300] "POST /cormun/servlet/solicitudotadjuntos?gx-no-cache=1711119991052 HTTP/1.1" 200 26
191.126.45.30 - - [22/Mar/2024:12:09:37 -0300] "GET /cormun/servlet/solicitudotadjuntos?c87e36c0c22876a80a61e1b065fa34c53cfff52268797d5cce10c44c519b3fbe,gx-no-cache=1711119996419 HTTP/1.1" 200 30
191.126.45.30 - - [22/Mar/2024:12:09:37 -0300] "GET /cormun/servlet/solicitudotadjuntos?c87e36c0c22876a80a61e1b065fa34c53cfff52268797d5cce10c44c519b3fbe,gx-no-cache=1711119996485 HTTP/1.1" 200 30
191.126.45.30 - - [22/Mar/2024:12:09:37 -0300] "POST /cormun/servlet/solicitudotadjuntos?1609b275f2573bb82cab9578e04f1069,INS,2024,21053,,1, HTTP/1.1" 200 116
191.126.45.30 - - [22/Mar/2024:12:09:37 -0300] "GET /cormun/servlet/hpexe_return? HTTP/1.1" 200 1026
191.126.45.30 - - [22/Mar/2024:12:09:38 -0300] "GET /cormun/servlet/trsolicitudadjuntos?2024,21053, HTTP/1.1" 200 9986
191.126.45.30 - - [22/Mar/2024:12:09:40 -0300] "GET /cormun/servlet/solicitudotadjuntos?INS,2024,21053,,1, HTTP/1.1" 200 5962
191.126.45.30 - - [22/Mar/2024:12:09:40 -0300] "GET /cormun/static/about:blank HTTP/1.1" 404 1011
191.126.45.30 - - [22/Mar/2024:12:09:41 -0300] "GET /cormun/servlet/solicitudotadjuntos?c87e36c0c22876a80a61e1b065fa34c50eaa2260c31c39ce05d9deadda956b4e1a909bbe16ff9a8029a48417560a915a,gx-no-cache=1711120000662 HTTP/1.1" 200 30
191.126.45.30 - - [22/Mar/2024:12:09:41 -0300] "POST /cormun/servlet/solicitudotadjuntos?1609b275f2573bb82cab9578e04f1069,INS,2024,21053,,1,,gx-no-cache=1711120000717 HTTP/1.1" 200 3870
191.126.45.30 - - [22/Mar/2024:12:09:43 -0300] "POST /cormun/servlet/solicitudotadjuntos?gx-no-cache=1711120002884 HTTP/1.1" 200 26
191.126.45.30 - - [22/Mar/2024:12:09:48 -0300] "GET /cormun/servlet/solicitudotadjuntos?c87e36c0c22876a80a61e1b065fa34c53cfff52268797d5cce10c44c519b3fbe,gx-no-cache=1711120007603 HTTP/1.1" 200 30
191.126.45.30 - - [22/Mar/2024:12:09:48 -0300] "GET /cormun/servlet/solicitudotadjuntos?c87e36c0c22876a80a61e1b065fa34c53cfff52268797d5cce10c44c519b3fbe,gx-no-cache=1711120007650 HTTP/1.1" 200 30
191.126.45.30 - - [22/Mar/2024:12:09:53 -0300] "POST /cormun/servlet/solicitudotadjuntos?1609b275f2573bb82cab9578e04f1069,INS,2024,21053,,1, HTTP/1.1" 200 116
191.126.45.30 - - [22/Mar/2024:12:09:53 -0300] "GET /cormun/servlet/hpexe_return? HTTP/1.1" 200 1026
191.126.45.30 - - [22/Mar/2024:12:09:54 -0300] "GET /cormun/servlet/trsolicitudadjuntos?2024,21053, HTTP/1.1" 200 10132
191.126.45.30 - - [22/Mar/2024:12:09:58 -0300] "GET /cormun/servlet/trsolicitudot? HTTP/1.1" 200 18807
191.126.45.30 - - [22/Mar/2024:12:10:01 -0300] "POST /cormun/servlet/trsolicitudot?1609b275f2573bb82cab9578e04f1069,,gx-no-cache=1711120020864 HTTP/1.1" 200 15946
191.126.45.30 - - [22/Mar/2024:12:10:02 -0300] "POST /cormun/servlet/trsolicitudot?1609b275f2573bb82cab9578e04f1069,,gx-no-cache=1711120021587 HTTP/1.1" 200 15885
191.126.45.30 - - [22/Mar/2024:12:10:25 -0300] "GET /cormun/static/menuarrow.gif HTTP/1.1" 404 1015
191.126.45.30 - - [22/Mar/2024:12:11:18 -0300] "GET /cormun/servlet/solicitudot?INS,0,0,false, HTTP/1.1" 200 15894
191.126.45.30 - - [22/Mar/2024:12:11:44 -0300] "POST /cormun/servlet/solicitudot?gx-no-cache=1711120123342 HTTP/1.1" 200 4123
191.126.45.30 - - [22/Mar/2024:12:11:44 -0300] "POST /cormun/servlet/solicitudot?1609b275f2573bb82cab9578e04f1069,INS,0,0,false,,gx-no-cache=1711120123620 HTTP/1.1" 200 12692
191.126.45.30 - - [22/Mar/2024:12:11:50 -0300] "GET /cormun/servlet/solicitudot?c87e36c0c22876a80a61e1b065fa34c5a67f79be3e8cf25708189087f0fd357d5209484e83af2a5214271c099ec205a5,gx-no-cache=1711120129666 HTTP/1.1" 200 30
191.126.45.30 - - [22/Mar/2024:12:12:03 -0300] "GET /cormun/servlet/solicitudot?c87e36c0c22876a80a61e1b065fa34c57b50884944e98811b443304e57479d42,gx-no-cache=1711120143283 HTTP/1.1" 200 103
191.126.45.30 - - [22/Mar/2024:12:12:04 -0300] "GET /cormun/static/Shared/jqueryui/images/ui-icons_ebccce_256x240.png HTTP/1.1" 404 1089
191.126.45.30 - - [22/Mar/2024:12:12:04 -0300] "GET /cormun/static/Shared/jqueryui/images/ui-bg_flat_55_994d53_40x100.png HTTP/1.1" 404 1097
191.126.45.30 - - [22/Mar/2024:12:12:29 -0300] "GET /cormun/servlet/solicitudot?c87e36c0c22876a80a61e1b065fa34c579b3f42061ca3c23c90b3b3b9be90557f5cb545c79cdb3088459966810545fdb2350b61e2f2403241eee1aa4a2374ae266b51d18e4741420571813d3beaa8327,gx-no-cache=1711120168508 HTTP/1.1" 200 30
191.126.45.30 - - [22/Mar/2024:12:12:30 -0300] "GET /cormun/servlet/prbanco?,MD,,gxPopupLevel%3D0%3B HTTP/1.1" 200 6507
191.126.45.30 - - [22/Mar/2024:12:12:31 -0300] "GET /cormun/static/Resources/PXTools/ClosePrompt.png HTTP/1.1" 200 1036
191.126.45.30 - - [22/Mar/2024:12:12:37 -0300] "GET /cormun/servlet/solicitudot?c87e36c0c22876a80a61e1b065fa34c5c43d99040692b52cabe4143a41ab3a36,gx-no-cache=1711120176869 HTTP/1.1" 200 60
181.212.40.185 - - [22/Mar/2024:12:12:47 -0300] "GET /cormun/servlet/trpermisosgoce? HTTP/1.1" 200 12307
181.212.40.185 - - [22/Mar/2024:12:12:51 -0300] "GET /cormun/servlet/permisogoce?INS,0,,, HTTP/1.1" 200 7069
191.126.45.30 - - [22/Mar/2024:12:12:55 -0300] "POST /cormun/servlet/solicitudot?gx-no-cache=1711120195062 HTTP/1.1" 200 255
191.126.45.30 - - [22/Mar/2024:12:12:55 -0300] "GET /cormun/servlet/solicitudot?c87e36c0c22876a80a61e1b065fa34c5bc5c9fe4b869d418091a60bf50b38c235cb0ac9611797ad219ee170b250d70110b0d5da2d27ff756eb8289412db23d0f5dd4a94f6bb813da506663e95ce25865d4c884ba46aba429ac4f1ecdfbb9d1378266397c2ae7a2a3714bf39d91c6eed659b13f692655587536639a3cd096d40b7b0b383162f75f2f7c808f821008998269f9b5c5367155e5f8a889613be956935bd8e2d7e4fb81345722a1944612b4384a330a7438e28fc10477f36184c591d18bf7fae105a552eaa2e793510c60f0d1074d2a5e00fbda9d602cb436322b4cc39c80c464f323e6af364d5bb98bce45489816de2dc876ab80dd7d2ddc30cb69c16ada6d47bcdf6ff275917ce672e9adc8b946aa8ac3bb7f3774a72cc79b4efed12abe04ab3706947e00122274ae569740f00039d816e03c6a75427cd5da2394bd9a77c7ac98d1fe8a8149c0082b9fd96cd77bc0f83d087373a124342050af8911feba96c14d664024173f68820ecced1e668ec0e9bdfc2feb6a63f16ccc1aa51f,gx-no-cache=1711120195142 HTTP/1.1" 200 30
191.126.45.30 - - [22/Mar/2024:12:12:57 -0300] "POST /cormun/servlet/solicitudot?gx-no-cache=1711120196972 HTTP/1.1" 200 30
191.126.45.30 - - [22/Mar/2024:12:12:59 -0300] "POST /cormun/servlet/solicitudot?gx-no-cache=1711120199203 HTTP/1.1" 200 1474
191.126.45.30 - - [22/Mar/2024:12:12:59 -0300] "POST /cormun/servlet/solicitudot?gx-no-cache=1711120199310 HTTP/1.1" 200 38
191.126.45.30 - - [22/Mar/2024:12:13:00 -0300] "GET /cormun/servlet/solicitudot?c87e36c0c22876a80a61e1b065fa34c5ac4cd950d5eb4db4a58eb582397035058c0c2d1729f8acce9324ba1fe0408ba9bedb02c68b7f408d77b690e8d37afd2f6d2cd470cb4e52ec3fd723305edad88de6b4b669f045bda1f43cb5b2e1d88daf5522123d372a90d50e9d91b921237015,gx-no-cache=1711120199383 HTTP/1.1" 200 110
181.212.40.185 - - [22/Mar/2024:12:13:01 -0300] "GET /cormun/servlet/permisogoce?02e978d4d6b94d5d594b2c1f7325b108b69c9224af5ac7355a6911917f216b24829c8f57f9824b3a56bcf6936c07ec536a29ea9a3e96de6773a1939f8043c2fd,gx-no-cache=1711120202158 HTTP/1.1" 200 78
191.126.45.30 - - [22/Mar/2024:12:13:03 -0300] "POST /cormun/servlet/solicitudot?gx-no-cache=1711120202885 HTTP/1.1" 200 97
181.212.40.185 - - [22/Mar/2024:12:13:04 -0300] "GET /cormun/static/menuarrow.gif HTTP/1.1" 404 1015
181.212.40.185 - - [22/Mar/2024:12:13:10 -0300] "GET /cormun/servlet/permisogoce?02e978d4d6b94d5d594b2c1f7325b108ced0e16eed19146443fd97bc55131bfd2f30ef2653d18ce392aa1af03f06ba55a81deac9805d04d5ff421b8f0d574d35,gx-no-cache=1711120210723 HTTP/1.1" 200 47
191.126.45.30 - - [22/Mar/2024:12:13:10 -0300] "GET /cormun/servlet/solicitudot?c87e36c0c22876a80a61e1b065fa34c5644535c0200fabc42bd891ab22be642e83b9d1c4f66ac095c88364531f479bedf977cfdbb7868e8e56485b24a95b930db619285ed0c6b7ab2aecd26583eff0371356653a0a88782fad54ccb9782a8a7a8671b01252f22073b6f3f45b0da86ef05ec543a74bb47d1ece0401cee4cc93ae5593ad9a68fed8ec0d1a45930d570e09ff37b59805f968820d7ba940bda28795,gx-no-cache=1711120209885 HTTP/1.1" 200 29
191.126.45.30 - - [22/Mar/2024:12:13:13 -0300] "GET /cormun/servlet/solicitudot?c87e36c0c22876a80a61e1b065fa34c5b5082a615524c6211634861551aaea9488233f27ca30fbabdbfa20902ac31f7d,gx-no-cache=1711120212739 HTTP/1.1" 200 30
191.126.45.30 - - [22/Mar/2024:12:13:21 -0300] "POST /cormun/servlet/solicitudot?gx-no-cache=1711120220636 HTTP/1.1" 200 30
191.126.45.30 - - [22/Mar/2024:12:13:21 -0300] "POST /cormun/servlet/solicitudot?1609b275f2573bb82cab9578e04f1069,INS,0,0,false,,gx-no-cache=1711120220717 HTTP/1.1" 200 93
191.126.45.30 - - [22/Mar/2024:12:13:21 -0300] "GET /cormun/servlet/hpexe_return? HTTP/1.1" 200 1009
191.126.45.30 - - [22/Mar/2024:12:13:22 -0300] "GET /cormun/servlet/trsolicitudot? HTTP/1.1" 200 18915
191.126.45.30 - - [22/Mar/2024:12:13:25 -0300] "POST /cormun/servlet/trsolicitudot?1609b275f2573bb82cab9578e04f1069,,gx-no-cache=1711120224568 HTTP/1.1" 200 107
191.126.45.30 - - [22/Mar/2024:12:13:25 -0300] "GET /cormun/servlet/trsolicitudadjuntos?2024,21055, HTTP/1.1" 200 6021
181.212.40.185 - - [22/Mar/2024:12:13:28 -0300] "POST /cormun/servlet/permisogoce?a87db74c14a4ef33b7b179e81750cc42,INS,0,,,,gx-no-cache=1711120228858 HTTP/1.1" 200 93
181.212.40.185 - - [22/Mar/2024:12:13:28 -0300] "GET /cormun/servlet/hpexe_return? HTTP/1.1" 200 998
181.212.40.185 - - [22/Mar/2024:12:13:29 -0300] "GET /cormun/servlet/trpermisosgoce HTTP/1.1" 200 12644
191.126.45.30 - - [22/Mar/2024:12:13:29 -0300] "GET /cormun/servlet/solicitudotadjuntos?INS,2024,21055,,1, HTTP/1.1" 200 5961
191.126.45.30 - - [22/Mar/2024:12:13:30 -0300] "GET /cormun/static/about:blank HTTP/1.1" 404 1011
191.126.45.30 - - [22/Mar/2024:12:13:30 -0300] "GET /cormun/servlet/solicitudotadjuntos?c87e36c0c22876a80a61e1b065fa34c5f3bca4c33b4cd0ea8b0b54c3f4a044139131c2628ffc548fff4bde8413254ccd,gx-no-cache=1711120229880 HTTP/1.1" 200 30
191.126.45.30 - - [22/Mar/2024:12:13:32 -0300] "POST /cormun/servlet/solicitudotadjuntos?1609b275f2573bb82cab9578e04f1069,INS,2024,21055,,1,,gx-no-cache=1711120231824 HTTP/1.1" 200 3902
191.126.45.30 - - [22/Mar/2024:12:13:34 -0300] "POST /cormun/servlet/solicitudotadjuntos?gx-no-cache=1711120233569 HTTP/1.1" 200 26
181.212.40.185 - - [22/Mar/2024:12:13:35 -0300] "GET /cormun/servlet/trpermisosadjuntos?19020237,20240322120937,P, HTTP/1.1" 200 6511
181.212.40.185 - - [22/Mar/2024:12:13:37 -0300] "GET /cormun/servlet/permisosadjuntos?INS,19020237,P,20240322120937,, HTTP/1.1" 200 5834
181.212.40.185 - - [22/Mar/2024:12:13:37 -0300] "GET /cormun/static/about:blank HTTP/1.1" 404 1011
191.126.45.30 - - [22/Mar/2024:12:13:50 -0300] "GET /cormun/servlet/solicitudotadjuntos?c87e36c0c22876a80a61e1b065fa34c53cfff52268797d5cce10c44c519b3fbe,gx-no-cache=1711120249420 HTTP/1.1" 200 30
191.126.45.30 - - [22/Mar/2024:12:13:50 -0300] "GET /cormun/servlet/solicitudotadjuntos?c87e36c0c22876a80a61e1b065fa34c53cfff52268797d5cce10c44c519b3fbe,gx-no-cache=1711120249509 HTTP/1.1" 200 30
191.126.45.30 - - [22/Mar/2024:12:13:50 -0300] "POST /cormun/servlet/solicitudotadjuntos?1609b275f2573bb82cab9578e04f1069,INS,2024,21055,,1, HTTP/1.1" 200 116
191.126.45.30 - - [22/Mar/2024:12:13:50 -0300] "GET /cormun/servlet/hpexe_return? HTTP/1.1" 200 1026
191.126.45.30 - - [22/Mar/2024:12:13:51 -0300] "GET /cormun/servlet/trsolicitudadjuntos?2024,21055, HTTP/1.1" 200 8923
191.126.45.30 - - [22/Mar/2024:12:13:53 -0300] "GET /cormun/servlet/solicitudotadjuntos?INS,2024,21055,,1, HTTP/1.1" 200 5961
191.126.45.30 - - [22/Mar/2024:12:13:53 -0300] "GET /cormun/static/about:blank HTTP/1.1" 404 1011
191.126.45.30 - - [22/Mar/2024:12:13:54 -0300] "GET /cormun/servlet/solicitudotadjuntos?c87e36c0c22876a80a61e1b065fa34c5f3bca4c33b4cd0ea8b0b54c3f4a044139131c2628ffc548fff4bde8413254ccd,gx-no-cache=1711120253398 HTTP/1.1" 200 30
191.126.45.30 - - [22/Mar/2024:12:13:54 -0300] "POST /cormun/servlet/solicitudotadjuntos?1609b275f2573bb82cab9578e04f1069,INS,2024,21055,,1,,gx-no-cache=1711120253453 HTTP/1.1" 200 3902
181.212.40.185 - - [22/Mar/2024:12:13:55 -0300] "POST /cormun/servlet/permisosadjuntos?a87db74c14a4ef33b7b179e81750cc42,INS,19020237,P,20240322120937,, HTTP/1.1" 200 116
181.212.40.185 - - [22/Mar/2024:12:13:55 -0300] "GET /cormun/servlet/hpexe_return? HTTP/1.1" 200 1024
181.212.40.185 - - [22/Mar/2024:12:13:55 -0300] "GET /cormun/servlet/trpermisosadjuntos?19020237,20240322120937,P, HTTP/1.1" 200 7080
191.126.45.30 - - [22/Mar/2024:12:13:57 -0300] "POST /cormun/servlet/solicitudotadjuntos?gx-no-cache=1711120256452 HTTP/1.1" 200 26
181.212.40.185 - - [22/Mar/2024:12:14:03 -0300] "POST /cormun/servlet/trpermisosadjuntos?a87db74c14a4ef33b7b179e81750cc42,19020237,20240322120937,P,,gx-no-cache=1711120264089 HTTP/1.1" 200 90
181.212.40.185 - - [22/Mar/2024:12:14:03 -0300] "GET /cormun/servlet/hpexe_link HTTP/1.1" 200 970
181.212.40.185 - - [22/Mar/2024:12:14:04 -0300] "GET /cormun/servlet/trpermisosgoce HTTP/1.1" 200 12632
191.126.45.30 - - [22/Mar/2024:12:14:05 -0300] "GET /cormun/servlet/solicitudotadjuntos?c87e36c0c22876a80a61e1b065fa34c53cfff52268797d5cce10c44c519b3fbe,gx-no-cache=1711120264843 HTTP/1.1" 200 30
191.126.45.30 - - [22/Mar/2024:12:14:05 -0300] "GET /cormun/servlet/solicitudotadjuntos?c87e36c0c22876a80a61e1b065fa34c53cfff52268797d5cce10c44c519b3fbe,gx-no-cache=1711120264926 HTTP/1.1" 200 30
191.126.45.30 - - [22/Mar/2024:12:14:05 -0300] "POST /cormun/servlet/solicitudotadjuntos?1609b275f2573bb82cab9578e04f1069,INS,2024,21055,,1, HTTP/1.1" 200 116
191.126.45.30 - - [22/Mar/2024:12:14:06 -0300] "GET /cormun/servlet/hpexe_return? HTTP/1.1" 200 1026
191.126.45.30 - - [22/Mar/2024:12:14:06 -0300] "GET /cormun/servlet/trsolicitudadjuntos?2024,21055, HTTP/1.1" 200 9201
191.126.45.30 - - [22/Mar/2024:12:14:08 -0300] "GET /cormun/servlet/solicitudotadjuntos?INS,2024,21055,,1, HTTP/1.1" 200 5961
191.126.45.30 - - [22/Mar/2024:12:14:08 -0300] "GET /cormun/static/about:blank HTTP/1.1" 404 1011
191.126.45.30 - - [22/Mar/2024:12:14:09 -0300] "GET /cormun/servlet/solicitudotadjuntos?c87e36c0c22876a80a61e1b065fa34c5f3bca4c33b4cd0ea8b0b54c3f4a044139131c2628ffc548fff4bde8413254ccd,gx-no-cache=1711120268811 HTTP/1.1" 200 30
191.126.45.30 - - [22/Mar/2024:12:14:09 -0300] "POST /cormun/servlet/solicitudotadjuntos?1609b275f2573bb82cab9578e04f1069,INS,2024,21055,,1,,gx-no-cache=1711120268854 HTTP/1.1" 200 3902
191.126.45.30 - - [22/Mar/2024:12:14:13 -0300] "POST /cormun/servlet/solicitudotadjuntos?gx-no-cache=1711120272388 HTTP/1.1" 200 26
181.212.40.185 - - [22/Mar/2024:12:14:18 -0300] "POST /cormun/servlet/trpermisosgoce?a87db74c14a4ef33b7b179e81750cc42,gx-no-cache=1711120278196 HTTP/1.1" 200 9905
181.212.40.185 - - [22/Mar/2024:12:14:18 -0300] "GET /cormun/static/Shared/jqueryui/images/ui-bg_highlight-soft_100_c6c2c8_1x100.png HTTP/1.1" 404 1117
181.212.40.185 - - [22/Mar/2024:12:14:18 -0300] "GET /cormun/static/Shared/jqueryui/images/ui-icons_82798d_256x240.png HTTP/1.1" 404 1089
181.212.40.185 - - [22/Mar/2024:12:14:18 -0300] "GET /cormun/static/Shared/jqueryui/images/ui-bg_flat_55_fafafa_40x100.png HTTP/1.1" 404 1097
181.212.40.185 - - [22/Mar/2024:12:14:18 -0300] "GET /cormun/static/Shared/jqueryui/images/ui-icons_8d78a5_256x240.png HTTP/1.1" 404 1089
191.126.45.30 - - [22/Mar/2024:12:14:18 -0300] "GET /cormun/servlet/solicitudotadjuntos?c87e36c0c22876a80a61e1b065fa34c53cfff52268797d5cce10c44c519b3fbe,gx-no-cache=1711120277835 HTTP/1.1" 200 30
191.126.45.30 - - [22/Mar/2024:12:14:18 -0300] "GET /cormun/servlet/solicitudotadjuntos?c87e36c0c22876a80a61e1b065fa34c53cfff52268797d5cce10c44c519b3fbe,gx-no-cache=1711120277870 HTTP/1.1" 200 30
191.126.45.30 - - [22/Mar/2024:12:14:18 -0300] "POST /cormun/servlet/solicitudotadjuntos?1609b275f2573bb82cab9578e04f1069,INS,2024,21055,,1, HTTP/1.1" 200 116
191.126.45.30 - - [22/Mar/2024:12:14:18 -0300] "GET /cormun/servlet/hpexe_return? HTTP/1.1" 200 1026
191.126.45.30 - - [22/Mar/2024:12:14:19 -0300] "GET /cormun/servlet/trsolicitudadjuntos?2024,21055, HTTP/1.1" 200 9414
190.171.141.106 - - [22/Mar/2024:12:14:41 -0300] "GET /cormun/servlet/hlogin HTTP/1.1" 200 1717
190.171.141.106 - - [22/Mar/2024:12:14:54 -0300] "POST /cormun/servlet/hlogin?bb1bebbc23204b24f49b261ad5e558a9,gx-no-cache=1711120314426 HTTP/1.1" 200 429
190.171.141.106 - - [22/Mar/2024:12:14:57 -0300] "POST /cormun/servlet/hlogin?bb1bebbc23204b24f49b261ad5e558a9,gx-no-cache=1711120317298 HTTP/1.1" 200 90
190.171.141.106 - - [22/Mar/2024:12:14:57 -0300] "GET /cormun/servlet/hpexe_link HTTP/1.1" 200 948
190.171.141.106 - - [22/Mar/2024:12:14:57 -0300] "GET /cormun/servlet/hhome HTTP/1.1" 200 4267
191.126.45.30 - - [22/Mar/2024:12:15:00 -0300] "GET /cormun/servlet/solicitudotadjuntos?INS,2024,21055,,1, HTTP/1.1" 200 5962
191.126.45.30 - - [22/Mar/2024:12:15:00 -0300] "GET /cormun/static/about:blank HTTP/1.1" 404 1011
191.126.45.30 - - [22/Mar/2024:12:15:00 -0300] "GET /cormun/servlet/solicitudotadjuntos?c87e36c0c22876a80a61e1b065fa34c5f3bca4c33b4cd0ea8b0b54c3f4a044139131c2628ffc548fff4bde8413254ccd,gx-no-cache=1711120320264 HTTP/1.1" 200 30
191.126.45.30 - - [22/Mar/2024:12:15:01 -0300] "POST /cormun/servlet/solicitudotadjuntos?1609b275f2573bb82cab9578e04f1069,INS,2024,21055,,1,,gx-no-cache=1711120320310 HTTP/1.1" 200 3901
190.171.141.106 - - [22/Mar/2024:12:15:05 -0300] "GET /cormun/servlet/trautorizarsolicitud? HTTP/1.1" 200 7383
190.171.141.106 - - [22/Mar/2024:12:15:05 -0300] "GET /cormun/static/gxcfg.js?202211298474254 HTTP/1.1" 200 953
190.171.141.106 - - [22/Mar/2024:12:15:05 -0300] "GET /cormun/static/trautorizarsolicitud.js?202211298474588 HTTP/1.1" 200 53909
191.126.45.30 - - [22/Mar/2024:12:15:06 -0300] "POST /cormun/servlet/solicitudotadjuntos?gx-no-cache=1711120325612 HTTP/1.1" 200 26
190.171.141.106 - - [22/Mar/2024:12:15:24 -0300] "GET /cormun/servlet/hhome HTTP/1.1" 200 4267
190.171.141.106 - - [22/Mar/2024:12:15:33 -0300] "GET /cormun/servlet/hlogin HTTP/1.1" 200 1717
190.171.141.106 - - [22/Mar/2024:12:15:36 -0300] "POST /cormun/servlet/hlogin?bb1bebbc23204b24f49b261ad5e558a9,gx-no-cache=1711120357066 HTTP/1.1" 200 90
190.171.141.106 - - [22/Mar/2024:12:15:36 -0300] "GET /cormun/servlet/hpexe_link HTTP/1.1" 200 948
190.171.141.106 - - [22/Mar/2024:12:15:36 -0300] "GET /cormun/servlet/hhome HTTP/1.1" 200 4267
190.171.141.106 - - [22/Mar/2024:12:15:58 -0300] "GET /cormun/servlet/hlogin HTTP/1.1" 200 1717
190.171.141.106 - - [22/Mar/2024:12:16:04 -0300] "POST /cormun/servlet/hlogin?bb1bebbc23204b24f49b261ad5e558a9,gx-no-cache=1711120384954 HTTP/1.1" 200 90
190.171.141.106 - - [22/Mar/2024:12:16:04 -0300] "GET /cormun/servlet/hpexe_link HTTP/1.1" 200 948
190.171.141.106 - - [22/Mar/2024:12:16:05 -0300] "GET /cormun/servlet/hhome HTTP/1.1" 200 4267
191.126.45.30 - - [22/Mar/2024:12:16:13 -0300] "GET /cormun/servlet/solicitudotadjuntos?c87e36c0c22876a80a61e1b065fa34c53cfff52268797d5cce10c44c519b3fbe,gx-no-cache=1711120393267 HTTP/1.1" 200 30
191.126.45.30 - - [22/Mar/2024:12:16:14 -0300] "GET /cormun/servlet/solicitudotadjuntos?c87e36c0c22876a80a61e1b065fa34c53cfff52268797d5cce10c44c519b3fbe,gx-no-cache=1711120393343 HTTP/1.1" 200 30
191.126.45.30 - - [22/Mar/2024:12:16:14 -0300] "POST /cormun/servlet/solicitudotadjuntos?1609b275f2573bb82cab9578e04f1069,INS,2024,21055,,1, HTTP/1.1" 200 116
191.126.45.30 - - [22/Mar/2024:12:16:14 -0300] "GET /cormun/servlet/hpexe_return? HTTP/1.1" 200 1026
191.126.45.30 - - [22/Mar/2024:12:16:14 -0300] "GET /cormun/servlet/trsolicitudadjuntos?2024,21055, HTTP/1.1" 200 9716
192.168.10.83 - - [22/Mar/2024:12:16:20 -0300] "GET /digitalizacion/servlet/wblogin HTTP/1.1" 200 2301
192.168.10.83 - - [22/Mar/2024:12:16:20 -0300] "GET /digitalizacion/static/gxcfg.js?201842010284377 HTTP/1.1" 200 954
192.168.10.83 - - [22/Mar/2024:12:16:20 -0300] "GET /digitalizacion/static/PXToolsJavascripts/pexe_autoreload.js HTTP/1.1" 200 1762
192.168.10.83 - - [22/Mar/2024:12:16:20 -0300] "GET /digitalizacion/static/gxtimezone.js?85251 HTTP/1.1" 200 5780
192.168.10.83 - - [22/Mar/2024:12:16:20 -0300] "GET /digitalizacion/static/Resources/Spanish/PXTools.css?14224663 HTTP/1.1" 200 100831
192.168.10.83 - - [22/Mar/2024:12:16:20 -0300] "GET /digitalizacion/static/PXToolsJavascripts/pexe_cookies.js HTTP/1.1" 200 792
192.168.10.83 - - [22/Mar/2024:12:16:20 -0300] "GET /digitalizacion/static/PXToolsJavascripts/pexe_grid.js HTTP/1.1" 200 7559
192.168.10.83 - - [22/Mar/2024:12:16:20 -0300] "GET /digitalizacion/static/PXToolsJavascripts/pexe_windows.js HTTP/1.1" 200 15249
192.168.10.83 - - [22/Mar/2024:12:16:20 -0300] "GET /digitalizacion/static/PXToolsJavascripts/pexe_griddivfix.js HTTP/1.1" 200 6946
192.168.10.83 - - [22/Mar/2024:12:16:20 -0300] "GET /digitalizacion/static/RunJS/RunJS.js HTTP/1.1" 200 288
192.168.10.83 - - [22/Mar/2024:12:16:20 -0300] "GET /digitalizacion/static/PXToolsJavascripts/pexe_link.js HTTP/1.1" 200 5671
192.168.10.83 - - [22/Mar/2024:12:16:20 -0300] "GET /digitalizacion/static/PXToolsJavascripts/pexe_menudivfix.js HTTP/1.1" 200 333
192.168.10.83 - - [22/Mar/2024:12:16:20 -0300] "GET /digitalizacion/static/PXToolsJavascripts/pexe_menus.js HTTP/1.1" 200 1286
192.168.10.83 - - [22/Mar/2024:12:16:20 -0300] "GET /digitalizacion/static/PXToolsJavascripts/pexe_layers.js HTTP/1.1" 200 4114
192.168.10.83 - - [22/Mar/2024:12:16:20 -0300] "GET /digitalizacion/static/PXToolsJavascripts/pexe_oav.js HTTP/1.1" 200 645
192.168.10.83 - - [22/Mar/2024:12:16:20 -0300] "GET /digitalizacion/static/PXToolsJavascripts/pexe_oavdivfix.js HTTP/1.1" 200 639
192.168.10.83 - - [22/Mar/2024:12:16:20 -0300] "GET /digitalizacion/static/PXToolsJavascripts/pexe_picture.js HTTP/1.1" 200 689
192.168.10.83 - - [22/Mar/2024:12:16:20 -0300] "GET /digitalizacion/static/PXToolsJavascripts/pexe_popup.js HTTP/1.1" 200 15149
192.168.10.83 - - [22/Mar/2024:12:16:20 -0300] "GET /digitalizacion/static/PXToolsJavascripts/pexe_scrolldiv.js HTTP/1.1" 200 4138
192.168.10.83 - - [22/Mar/2024:12:16:20 -0300] "GET /digitalizacion/static/PXToolsJavascripts/pexe_tabdivfix.js HTTP/1.1" 200 898
192.168.10.83 - - [22/Mar/2024:12:16:20 -0300] "GET /digitalizacion/static/PXToolsJavascripts/pexe_tabs.js HTTP/1.1" 200 3748
192.168.10.83 - - [22/Mar/2024:12:16:20 -0300] "GET /digitalizacion/static/PXToolsJavascripts/pexe_upload.js HTTP/1.1" 200 1423
192.168.10.83 - - [22/Mar/2024:12:16:20 -0300] "GET /digitalizacion/static/PXToolsJavascripts/PXToolsJavascriptsRender.js HTTP/1.1" 200 367
192.168.10.83 - - [22/Mar/2024:12:16:20 -0300] "GET /digitalizacion/static/gxgral.js?85251 HTTP/1.1" 200 384558
192.168.10.83 - - [22/Mar/2024:12:16:20 -0300] "GET /digitalizacion/static/Resources/Comun33.png HTTP/1.1" 200 14839
192.168.10.83 - - [22/Mar/2024:12:16:20 -0300] "GET /digitalizacion/static/messages.spa.js?85251 HTTP/1.1" 200 35505
192.168.10.83 - - [22/Mar/2024:12:16:20 -0300] "GET /digitalizacion/static/wblogin.js?201842010284433 HTTP/1.1" 200 4267
192.168.10.83 - - [22/Mar/2024:12:16:20 -0300] "GET /digitalizacion/static/Resources/PXToolsLoginTop.png HTTP/1.1" 200 1337
192.168.10.83 - - [22/Mar/2024:12:16:20 -0300] "GET /digitalizacion/static/hmplogin.js?201841414365131 HTTP/1.1" 200 907
192.168.10.83 - - [22/Mar/2024:12:16:20 -0300] "GET /digitalizacion/static/Resources/PXToolsLoginBackground.png HTTP/1.1" 200 1164
192.168.10.83 - - [22/Mar/2024:12:16:20 -0300] "GET /digitalizacion/static/Resources/PXToolsButtonRight.png HTTP/1.1" 200 1294
192.168.10.83 - - [22/Mar/2024:12:16:20 -0300] "GET /digitalizacion/static/Resources/PXToolsButtonLeft.png HTTP/1.1" 200 1310
192.168.10.83 - - [22/Mar/2024:12:16:20 -0300] "GET /digitalizacion/static/Resources/PXToolsButtonBackground.png HTTP/1.1" 200 1176
192.168.10.83 - - [22/Mar/2024:12:16:20 -0300] "GET /digitalizacion/static/Resources/PXToolsLoginBottom.png HTTP/1.1" 200 1389
192.168.10.83 - - [22/Mar/2024:12:16:20 -0300] "GET /digitalizacion/static/Resources/indicator.gif HTTP/1.1" 200 1553
192.168.10.83 - - [22/Mar/2024:12:16:20 -0300] "GET /digitalizacion/servlet/wblogin HTTP/1.1" 200 2313
192.168.10.83 - - [22/Mar/2024:12:16:21 -0300] "GET /favicon.ico HTTP/1.1" 200 21630
192.168.10.83 - - [22/Mar/2024:12:16:34 -0300] "POST /digitalizacion/servlet/wblogin?ef159a01c1458255a663bcf03ca6be38,gx-no-cache=1711120165670 HTTP/1.1" 200 827
191.126.45.30 - - [22/Mar/2024:12:16:37 -0300] "GET /cormun/servlet/solicitudotadjuntos?INS,2024,21055,,1, HTTP/1.1" 200 5963
191.126.45.30 - - [22/Mar/2024:12:16:37 -0300] "GET /cormun/static/about:blank HTTP/1.1" 404 1011
191.126.45.30 - - [22/Mar/2024:12:16:37 -0300] "GET /cormun/servlet/solicitudotadjuntos?c87e36c0c22876a80a61e1b065fa34c5f3bca4c33b4cd0ea8b0b54c3f4a044139131c2628ffc548fff4bde8413254ccd,gx-no-cache=1711120417291 HTTP/1.1" 200 30
191.126.45.30 - - [22/Mar/2024:12:16:38 -0300] "POST /cormun/servlet/solicitudotadjuntos?1609b275f2573bb82cab9578e04f1069,INS,2024,21055,,1,,gx-no-cache=1711120417346 HTTP/1.1" 200 3903
191.126.45.30 - - [22/Mar/2024:12:16:41 -0300] "POST /cormun/servlet/solicitudotadjuntos?gx-no-cache=1711120421011 HTTP/1.1" 200 26
192.168.10.83 - - [22/Mar/2024:12:16:43 -0300] "POST /digitalizacion/servlet/wblogin?ef159a01c1458255a663bcf03ca6be38,gx-no-cache=1711120174483 HTTP/1.1" 200 827
192.168.10.83 - - [22/Mar/2024:12:16:45 -0300] "POST /digitalizacion/servlet/wblogin?ef159a01c1458255a663bcf03ca6be38,gx-no-cache=1711120176595 HTTP/1.1" 200 828
191.126.45.30 - - [22/Mar/2024:12:16:51 -0300] "GET /cormun/servlet/solicitudotadjuntos?c87e36c0c22876a80a61e1b065fa34c53cfff52268797d5cce10c44c519b3fbe,gx-no-cache=1711120430547 HTTP/1.1" 200 30
191.126.45.30 - - [22/Mar/2024:12:16:51 -0300] "GET /cormun/servlet/solicitudotadjuntos?c87e36c0c22876a80a61e1b065fa34c53cfff52268797d5cce10c44c519b3fbe,gx-no-cache=1711120430705 HTTP/1.1" 200 30
191.126.45.30 - - [22/Mar/2024:12:16:52 -0300] "POST /cormun/servlet/solicitudotadjuntos?1609b275f2573bb82cab9578e04f1069,INS,2024,21055,,1, HTTP/1.1" 200 116
192.168.10.83 - - [22/Mar/2024:12:16:52 -0300] "POST /digitalizacion/servlet/wblogin?ef159a01c1458255a663bcf03ca6be38,gx-no-cache=1711120183075 HTTP/1.1" 200 827
191.126.45.30 - - [22/Mar/2024:12:16:52 -0300] "GET /cormun/servlet/hpexe_return? HTTP/1.1" 200 1026
191.126.45.30 - - [22/Mar/2024:12:16:52 -0300] "GET /cormun/servlet/trsolicitudadjuntos?2024,21055, HTTP/1.1" 200 9987
191.126.45.30 - - [22/Mar/2024:12:16:55 -0300] "GET /cormun/servlet/solicitudotadjuntos?INS,2024,21055,,1, HTTP/1.1" 200 5963
191.126.45.30 - - [22/Mar/2024:12:16:55 -0300] "GET /cormun/static/about:blank HTTP/1.1" 404 1011
191.126.45.30 - - [22/Mar/2024:12:16:55 -0300] "GET /cormun/servlet/solicitudotadjuntos?c87e36c0c22876a80a61e1b065fa34c5f3bca4c33b4cd0ea8b0b54c3f4a044139131c2628ffc548fff4bde8413254ccd,gx-no-cache=1711120435227 HTTP/1.1" 200 30
191.126.45.30 - - [22/Mar/2024:12:16:56 -0300] "POST /cormun/servlet/solicitudotadjuntos?1609b275f2573bb82cab9578e04f1069,INS,2024,21055,,1,,gx-no-cache=1711120435304 HTTP/1.1" 200 3903
192.168.10.83 - - [22/Mar/2024:12:16:56 -0300] "POST /digitalizacion/servlet/wblogin?ef159a01c1458255a663bcf03ca6be38,gx-no-cache=1711120186875 HTTP/1.1" 200 828
192.168.10.83 - - [22/Mar/2024:12:16:57 -0300] "POST /digitalizacion/servlet/wblogin?ef159a01c1458255a663bcf03ca6be38,gx-no-cache=1711120188473 HTTP/1.1" 200 827
191.126.45.30 - - [22/Mar/2024:12:16:59 -0300] "POST /cormun/servlet/solicitudotadjuntos?gx-no-cache=1711120439108 HTTP/1.1" 200 26
191.126.45.30 - - [22/Mar/2024:12:17:04 -0300] "GET /cormun/servlet/solicitudotadjuntos?c87e36c0c22876a80a61e1b065fa34c53cfff52268797d5cce10c44c519b3fbe,gx-no-cache=1711120444251 HTTP/1.1" 200 30
191.126.45.30 - - [22/Mar/2024:12:17:05 -0300] "GET /cormun/servlet/solicitudotadjuntos?c87e36c0c22876a80a61e1b065fa34c53cfff52268797d5cce10c44c519b3fbe,gx-no-cache=1711120444317 HTTP/1.1" 200 30
191.126.45.30 - - [22/Mar/2024:12:17:05 -0300] "POST /cormun/servlet/solicitudotadjuntos?1609b275f2573bb82cab9578e04f1069,INS,2024,21055,,1, HTTP/1.1" 200 116
191.126.45.30 - - [22/Mar/2024:12:17:05 -0300] "GET /cormun/servlet/hpexe_return? HTTP/1.1" 200 1026
191.126.45.30 - - [22/Mar/2024:12:17:05 -0300] "GET /cormun/servlet/trsolicitudadjuntos?2024,21055, HTTP/1.1" 200 10134
191.126.45.30 - - [22/Mar/2024:12:17:09 -0300] "GET /cormun/servlet/trsolicitudot? HTTP/1.1" 200 18917
192.168.10.83 - - [22/Mar/2024:12:17:09 -0300] "GET /digitalizacion/servlet/wblogin HTTP/1.1" 200 2301
191.126.45.30 - - [22/Mar/2024:12:17:13 -0300] "POST /cormun/servlet/trsolicitudot?1609b275f2573bb82cab9578e04f1069,,gx-no-cache=1711120452343 HTTP/1.1" 200 15945
191.126.45.30 - - [22/Mar/2024:12:17:13 -0300] "GET /cormun/static/Shared/jqueryui/images/ui-bg_highlight-soft_100_c6c2c8_1x100.png HTTP/1.1" 404 1117
191.126.45.30 - - [22/Mar/2024:12:17:13 -0300] "GET /cormun/static/Shared/jqueryui/images/ui-icons_82798d_256x240.png HTTP/1.1" 404 1089
191.126.45.30 - - [22/Mar/2024:12:17:13 -0300] "GET /cormun/static/Shared/jqueryui/images/ui-bg_flat_55_fafafa_40x100.png HTTP/1.1" 404 1097
191.126.45.30 - - [22/Mar/2024:12:17:13 -0300] "GET /cormun/static/Shared/jqueryui/images/ui-icons_8d78a5_256x240.png HTTP/1.1" 404 1089
191.126.45.30 - - [22/Mar/2024:12:17:14 -0300] "POST /cormun/servlet/trsolicitudot?1609b275f2573bb82cab9578e04f1069,,gx-no-cache=1711120453130 HTTP/1.1" 200 15887
191.126.45.30 - - [22/Mar/2024:12:17:16 -0300] "POST /cormun/servlet/trsolicitudot?1609b275f2573bb82cab9578e04f1069,,gx-no-cache=1711120455581 HTTP/1.1" 200 15705
191.126.45.30 - - [22/Mar/2024:12:17:19 -0300] "POST /cormun/servlet/trsolicitudot?1609b275f2573bb82cab9578e04f1069,,gx-no-cache=1711120458982 HTTP/1.1" 200 15646
190.171.141.106 - - [22/Mar/2024:12:17:24 -0300] "GET /cormun/servlet/hhome HTTP/1.1" 200 3322
190.171.141.106 - - [22/Mar/2024:12:17:25 -0300] "GET /cormun/servlet/hlogin HTTP/1.1" 200 1734
191.126.45.30 - - [22/Mar/2024:12:17:26 -0300] "POST /cormun/servlet/trsolicitudot?1609b275f2573bb82cab9578e04f1069,,gx-no-cache=1711120465469 HTTP/1.1" 200 15335
192.168.10.83 - - [22/Mar/2024:12:17:28 -0300] "POST /digitalizacion/servlet/wblogin?ef159a01c1458255a663bcf03ca6be38,gx-no-cache=1711120219398 HTTP/1.1" 200 807
190.171.141.106 - - [22/Mar/2024:12:17:28 -0300] "POST /cormun/servlet/hlogin?0f72fb3f4f98858f8bf215cd46c17013,gx-no-cache=1711120468795 HTTP/1.1" 200 90
190.171.141.106 - - [22/Mar/2024:12:17:28 -0300] "GET /cormun/servlet/hpexe_link HTTP/1.1" 200 952
190.171.141.106 - - [22/Mar/2024:12:17:28 -0300] "GET /cormun/servlet/hhome HTTP/1.1" 200 4273
190.171.141.106 - - [22/Mar/2024:12:17:31 -0300] "GET /cormun/servlet/trsolicitudot? HTTP/1.1" 200 8898
192.168.10.83 - - [22/Mar/2024:12:17:33 -0300] "POST /digitalizacion/servlet/wblogin?ef159a01c1458255a663bcf03ca6be38,gx-no-cache=1711120224116 HTTP/1.1" 200 807
192.168.10.83 - - [22/Mar/2024:12:17:35 -0300] "POST /digitalizacion/servlet/wblogin?ef159a01c1458255a663bcf03ca6be38,gx-no-cache=1711120226524 HTTP/1.1" 200 804
192.168.10.83 - - [22/Mar/2024:12:17:41 -0300] "POST /digitalizacion/servlet/wblogin?ef159a01c1458255a663bcf03ca6be38,gx-no-cache=1711120232764 HTTP/1.1" 200 807
191.126.45.30 - - [22/Mar/2024:12:17:42 -0300] "POST /cormun/servlet/trsolicitudot?1609b275f2573bb82cab9578e04f1069,,gx-no-cache=1711120481437 HTTP/1.1" 200 15273
190.171.141.106 - - [22/Mar/2024:12:17:46 -0300] "GET /cormun/servlet/solicitudot?INS,0,0,false, HTTP/1.1" 200 16255
192.168.10.83 - - [22/Mar/2024:12:17:47 -0300] "POST /digitalizacion/servlet/wblogin?ef159a01c1458255a663bcf03ca6be38,gx-no-cache=1711120238778 HTTP/1.1" 200 804
192.168.10.83 - - [22/Mar/2024:12:18:00 -0300] "GET /digitalizacion/servlet/wblogin HTTP/1.1" 200 2301
191.126.45.30 - - [22/Mar/2024:12:18:12 -0300] "GET /cormun/servlet/hlogin HTTP/1.1" 200 1720
192.168.10.83 - - [22/Mar/2024:12:18:12 -0300] "POST /digitalizacion/servlet/wblogin?ef159a01c1458255a663bcf03ca6be38,gx-no-cache=1711120263095 HTTP/1.1" 200 65
192.168.10.83 - - [22/Mar/2024:12:18:12 -0300] "GET /digitalizacion/servlet/hhome HTTP/1.1" 200 2813
192.168.10.83 - - [22/Mar/2024:12:18:12 -0300] "GET /digitalizacion/static/Shared/jqueryui/jquery-ui.min.css?1245370 HTTP/1.1" 200 30288
192.168.10.83 - - [22/Mar/2024:12:18:12 -0300] "GET /digitalizacion/static/SmoothNavMenu/resources/ddsmoothmenu.css?1012540 HTTP/1.1" 200 2223
192.168.10.83 - - [22/Mar/2024:12:18:12 -0300] "GET /digitalizacion/static/SmoothNavMenu/resources/ddsmoothmenu-v.css?1012540 HTTP/1.1" 200 1188
192.168.10.83 - - [22/Mar/2024:12:18:12 -0300] "GET /digitalizacion/static/scaMessage/css/jquery.pnotify.default.css?1716380 HTTP/1.1" 200 1707
192.168.10.83 - - [22/Mar/2024:12:18:12 -0300] "GET /digitalizacion/static/gxui/gxui-all.css?110300 HTTP/1.1" 200 2179
192.168.10.83 - - [22/Mar/2024:12:18:12 -0300] "GET /digitalizacion/static/Resources/CormunLogo2.png HTTP/1.1" 200 7733
192.168.10.83 - - [22/Mar/2024:12:18:12 -0300] "GET /digitalizacion/static/Resources/PXToolsHeaderHome.png HTTP/1.1" 200 1364
192.168.10.83 - - [22/Mar/2024:12:18:12 -0300] "GET /digitalizacion/static/Resources/PXToolsHeaderLogin.png HTTP/1.1" 200 1432
192.168.10.83 - - [22/Mar/2024:12:18:12 -0300] "GET /digitalizacion/static/Resources/PXToolsHeaderPreferences.png HTTP/1.1" 200 1395
192.168.10.83 - - [22/Mar/2024:12:18:12 -0300] "GET /digitalizacion/static/gxui/gxui-all.js HTTP/1.1" 200 107772
192.168.10.83 - - [22/Mar/2024:12:18:12 -0300] "GET /digitalizacion/static/hhome.js?201841414272287 HTTP/1.1" 200 740
192.168.10.83 - - [22/Mar/2024:12:18:12 -0300] "GET /digitalizacion/static/hwchdr01.js?20184141438371 HTTP/1.1" 200 887
192.168.10.83 - - [22/Mar/2024:12:18:12 -0300] "GET /digitalizacion/static/hpexe_scripts.js?201841414233682 HTTP/1.1" 200 1506
192.168.10.83 - - [22/Mar/2024:12:18:12 -0300] "GET /digitalizacion/static/Shared/ext/resources/css/ext-all.css?205870 HTTP/1.1" 200 416045
192.168.10.83 - - [22/Mar/2024:12:18:12 -0300] "GET /digitalizacion/static/Shared/ext/ext-all.js HTTP/1.1" 200 1289687
192.168.10.83 - - [22/Mar/2024:12:18:12 -0300] "GET /digitalizacion/static/hpexe_messagecontroller.js?201841414233665 HTTP/1.1" 200 857
192.168.10.83 - - [22/Mar/2024:12:18:12 -0300] "GET /digitalizacion/static/gxcfg.js?201841414272279 HTTP/1.1" 200 954
192.168.10.83 - - [22/Mar/2024:12:18:12 -0300] "GET /digitalizacion/static/hpexe_messagepopupcomponent.js?201841414233469 HTTP/1.1" 200 568
192.168.10.83 - - [22/Mar/2024:12:18:12 -0300] "GET /digitalizacion/static/hpexe_messagegxuicomponent.js?201841414233441 HTTP/1.1" 200 1103
192.168.10.83 - - [22/Mar/2024:12:18:12 -0300] "GET /digitalizacion/static/hpexe_messagegenexuscomponent.js?201841414233455 HTTP/1.1" 200 550
192.168.10.83 - - [22/Mar/2024:12:18:12 -0300] "GET /digitalizacion/static/SmoothNavMenu/resources/ddsmoothmenu.js HTTP/1.1" 200 12712
192.168.10.83 - - [22/Mar/2024:12:18:12 -0300] "GET /digitalizacion/static/Shared/jquery/jquery-1.4.2.min.js HTTP/1.1" 200 72174
192.168.10.83 - - [22/Mar/2024:12:18:12 -0300] "GET /digitalizacion/static/SmoothNavMenu/resources/SmoothNavMenuRender.js HTTP/1.1" 200 5951
192.168.10.83 - - [22/Mar/2024:12:18:12 -0300] "GET /digitalizacion/static/scaMessage/scaMessageRender.js HTTP/1.1" 200 2408
192.168.10.83 - - [22/Mar/2024:12:18:12 -0300] "GET /digitalizacion/static/scaMessage/js/jquery.pnotify.min.js HTTP/1.1" 200 13038
192.168.10.83 - - [22/Mar/2024:12:18:12 -0300] "GET /digitalizacion/static/hmpwkw031.js?20184141427937 HTTP/1.1" 200 3800
192.168.10.83 - - [22/Mar/2024:12:18:12 -0300] "GET /digitalizacion/static/Resources/PXToolsDataTitle.png HTTP/1.1" 200 1173
192.168.10.83 - - [22/Mar/2024:12:18:12 -0300] "GET /digitalizacion/static/Shared/jqueryui/jquery-ui.min.js HTTP/1.1" 200 240427
192.168.10.83 - - [22/Mar/2024:12:18:12 -0300] "GET /digitalizacion/static/Shared/jquery/jquery-1.10.2.min.js HTTP/1.1" 200 273199
192.168.10.83 - - [22/Mar/2024:12:18:12 -0300] "GET /digitalizacion/static/SmoothNavMenu/resources/images/down.gif HTTP/1.1" 200 854
191.126.45.30 - - [22/Mar/2024:12:18:18 -0300] "POST /cormun/servlet/hlogin?1609b275f2573bb82cab9578e04f1069,gx-no-cache=1711120517260 HTTP/1.1" 200 90
191.126.45.30 - - [22/Mar/2024:12:18:18 -0300] "GET /cormun/servlet/hpexe_link HTTP/1.1" 200 958
191.126.45.30 - - [22/Mar/2024:12:18:18 -0300] "GET /cormun/servlet/trsolicitudot? HTTP/1.1" 200 17958
191.126.45.30 - - [22/Mar/2024:12:18:24 -0300] "POST /cormun/servlet/trsolicitudot?1609b275f2573bb82cab9578e04f1069,,gx-no-cache=1711120523719 HTTP/1.1" 200 14974
191.126.45.30 - - [22/Mar/2024:12:18:24 -0300] "GET /cormun/static/Shared/jqueryui/images/ui-icons_82798d_256x240.png HTTP/1.1" 404 1089
191.126.45.30 - - [22/Mar/2024:12:18:24 -0300] "GET /cormun/static/Shared/jqueryui/images/ui-bg_highlight-soft_100_c6c2c8_1x100.png HTTP/1.1" 404 1117
191.126.45.30 - - [22/Mar/2024:12:18:24 -0300] "GET /cormun/static/Shared/jqueryui/images/ui-bg_flat_55_fafafa_40x100.png HTTP/1.1" 404 1097
191.126.45.30 - - [22/Mar/2024:12:18:24 -0300] "GET /cormun/static/Shared/jqueryui/images/ui-icons_8d78a5_256x240.png HTTP/1.1" 404 1089
191.126.45.30 - - [22/Mar/2024:12:18:25 -0300] "POST /cormun/servlet/trsolicitudot?1609b275f2573bb82cab9578e04f1069,,gx-no-cache=1711120524414 HTTP/1.1" 200 14914
192.168.10.83 - - [22/Mar/2024:12:18:26 -0300] "GET /digitalizacion/servlet/trdocumentos? HTTP/1.1" 200 9864
192.168.10.83 - - [22/Mar/2024:12:18:26 -0300] "GET /digitalizacion/static/gxcfg.js?20186221492466 HTTP/1.1" 200 954
192.168.10.83 - - [22/Mar/2024:12:18:26 -0300] "GET /digitalizacion/static/Resources/PXToolsDataSearch.png HTTP/1.1" 200 435
192.168.10.83 - - [22/Mar/2024:12:18:26 -0300] "GET /digitalizacion/static/gxdec.js?85251 HTTP/1.1" 200 19729
192.168.10.83 - - [22/Mar/2024:12:18:26 -0300] "GET /digitalizacion/static/trdocumentos.js?20186221492798 HTTP/1.1" 200 22386
192.168.10.83 - - [22/Mar/2024:12:18:26 -0300] "GET /digitalizacion/static/Resources/PXToolsGridPreviousDisabled.gif HTTP/1.1" 200 90
192.168.10.83 - - [22/Mar/2024:12:18:26 -0300] "GET /digitalizacion/static/Resources/PXToolsGridFirstDisabled.gif HTTP/1.1" 200 100
192.168.10.83 - - [22/Mar/2024:12:18:26 -0300] "GET /digitalizacion/static/Resources/PXToolsGridLastDisabled.gif HTTP/1.1" 200 98
192.168.10.83 - - [22/Mar/2024:12:18:26 -0300] "GET /digitalizacion/static/Resources/PXToolsGridPage.gif HTTP/1.1" 200 725
192.168.10.83 - - [22/Mar/2024:12:18:26 -0300] "GET /digitalizacion/static/Resources/PXToolsGridNextDisabled.gif HTTP/1.1" 200 90
192.168.10.83 - - [22/Mar/2024:12:18:27 -0300] "GET /digitalizacion//static/Resources/PXToolsGridDisplay.png HTTP/1.1" 200 525
192.168.10.83 - - [22/Mar/2024:12:18:27 -0300] "GET /digitalizacion/static/Resources/desc.gif HTTP/1.1" 200 65
192.168.10.83 - - [22/Mar/2024:12:18:27 -0300] "GET /digitalizacion/static/Resources/asc.gif HTTP/1.1" 200 67
192.168.10.83 - - [22/Mar/2024:12:18:27 -0300] "GET /digitalizacion/static/Shared/ext/resources/themes/images/default/panel/bg-headersPanel.png HTTP/1.1" 200 255
192.168.10.83 - - [22/Mar/2024:12:18:27 -0300] "GET /digitalizacion/static/Shared/ext/resources/themes/images/default/tools/tool-sprites.gif HTTP/1.1" 200 5434
192.168.10.83 - - [22/Mar/2024:12:18:27 -0300] "POST /digitalizacion/servlet/trdocumentos?gx-no-cache=1711120278470 HTTP/1.1" 200 449
192.168.10.83 - - [22/Mar/2024:12:18:27 -0300] "POST /digitalizacion/servlet/trdocumentos?gx-no-cache=1711120278495 HTTP/1.1" 200 78
191.126.45.30 - - [22/Mar/2024:12:18:30 -0300] "POST /cormun/servlet/trsolicitudot?1609b275f2573bb82cab9578e04f1069,,gx-no-cache=1711120529366 HTTP/1.1" 200 14634
191.126.45.30 - - [22/Mar/2024:12:18:31 -0300] "POST /cormun/servlet/trsolicitudot?1609b275f2573bb82cab9578e04f1069,,gx-no-cache=1711120530160 HTTP/1.1" 200 14562
191.126.45.30 - - [22/Mar/2024:12:18:33 -0300] "POST /cormun/servlet/trsolicitudot?1609b275f2573bb82cab9578e04f1069,,gx-no-cache=1711120532981 HTTP/1.1" 200 14212
191.126.45.30 - - [22/Mar/2024:12:18:34 -0300] "POST /cormun/servlet/trsolicitudot?1609b275f2573bb82cab9578e04f1069,,gx-no-cache=1711120533653 HTTP/1.1" 200 14147
191.126.45.30 - - [22/Mar/2024:12:18:36 -0300] "POST /cormun/servlet/trsolicitudot?1609b275f2573bb82cab9578e04f1069,,gx-no-cache=1711120535253 HTTP/1.1" 200 13796
191.126.45.30 - - [22/Mar/2024:12:18:37 -0300] "POST /cormun/servlet/trsolicitudot?1609b275f2573bb82cab9578e04f1069,,gx-no-cache=1711120536801 HTTP/1.1" 200 13734
192.168.10.83 - - [22/Mar/2024:12:18:39 -0300] "POST /digitalizacion/servlet/trdocumentos?ef159a01c1458255a663bcf03ca6be38,,gx-no-cache=1711120289694 HTTP/1.1" 200 6999
192.168.10.83 - - [22/Mar/2024:12:18:39 -0300] "GET /digitalizacion/static/Resources/PXToolsGridLast.gif HTTP/1.1" 200 370
192.168.10.83 - - [22/Mar/2024:12:18:39 -0300] "GET /digitalizacion/static/Resources/PXToolsGridNext.gif HTTP/1.1" 200 369
191.126.45.30 - - [22/Mar/2024:12:18:42 -0300] "POST /cormun/servlet/trsolicitudot?1609b275f2573bb82cab9578e04f1069,,gx-no-cache=1711120541197 HTTP/1.1" 200 13430
191.126.45.30 - - [22/Mar/2024:12:18:42 -0300] "POST /cormun/servlet/trsolicitudot?1609b275f2573bb82cab9578e04f1069,,gx-no-cache=1711120541921 HTTP/1.1" 200 13372
191.126.45.30 - - [22/Mar/2024:12:18:45 -0300] "POST /cormun/servlet/trsolicitudot?1609b275f2573bb82cab9578e04f1069,,gx-no-cache=1711120544141 HTTP/1.1" 200 12977
191.126.45.30 - - [22/Mar/2024:12:18:46 -0300] "POST /cormun/servlet/trsolicitudot?1609b275f2573bb82cab9578e04f1069,,gx-no-cache=1711120545352 HTTP/1.1" 200 12914
192.168.10.83 - - [22/Mar/2024:12:18:46 -0300] "POST /digitalizacion/servlet/trdocumentos?gx-no-cache=1711120297539 HTTP/1.1" 200 220
191.126.45.30 - - [22/Mar/2024:12:18:47 -0300] "POST /cormun/servlet/trsolicitudot?1609b275f2573bb82cab9578e04f1069,,gx-no-cache=1711120547109 HTTP/1.1" 200 12617
191.126.45.30 - - [22/Mar/2024:12:18:48 -0300] "POST /cormun/servlet/trsolicitudot?1609b275f2573bb82cab9578e04f1069,,gx-no-cache=1711120547924 HTTP/1.1" 200 12558
192.168.10.83 - - [22/Mar/2024:12:18:48 -0300] "POST /digitalizacion/servlet/trdocumentos?gx-no-cache=1711120299773 HTTP/1.1" 200 94
191.126.45.30 - - [22/Mar/2024:12:18:50 -0300] "POST /cormun/servlet/trsolicitudot?1609b275f2573bb82cab9578e04f1069,,gx-no-cache=1711120549477 HTTP/1.1" 200 12212
191.126.45.30 - - [22/Mar/2024:12:18:51 -0300] "POST /cormun/servlet/trsolicitudot?1609b275f2573bb82cab9578e04f1069,,gx-no-cache=1711120550284 HTTP/1.1" 200 12146
191.126.45.30 - - [22/Mar/2024:12:18:54 -0300] "POST /cormun/servlet/trsolicitudot?1609b275f2573bb82cab9578e04f1069,,gx-no-cache=1711120553188 HTTP/1.1" 200 11877
191.126.45.30 - - [22/Mar/2024:12:18:54 -0300] "POST /cormun/servlet/trsolicitudot?1609b275f2573bb82cab9578e04f1069,,gx-no-cache=1711120553939 HTTP/1.1" 200 11819
192.168.10.83 - - [22/Mar/2024:12:18:56 -0300] "POST /digitalizacion/servlet/trdocumentos?ef159a01c1458255a663bcf03ca6be38,,gx-no-cache=1711120306815 HTTP/1.1" 200 2756
192.168.10.83 - - [22/Mar/2024:12:18:56 -0300] "GET /digitalizacion/static/Resources/PXToolsGridFirst.gif HTTP/1.1" 200 379
192.168.10.83 - - [22/Mar/2024:12:18:56 -0300] "GET /digitalizacion/static/Resources/PXToolsGridPrevious.gif HTTP/1.1" 200 369
191.126.45.30 - - [22/Mar/2024:12:18:58 -0300] "POST /cormun/servlet/trsolicitudot?1609b275f2573bb82cab9578e04f1069,,gx-no-cache=1711120557204 HTTP/1.1" 200 11309
191.126.45.30 - - [22/Mar/2024:12:18:59 -0300] "POST /cormun/servlet/trsolicitudot?1609b275f2573bb82cab9578e04f1069,,gx-no-cache=1711120558402 HTTP/1.1" 200 11250
192.168.10.83 - - [22/Mar/2024:12:19:02 -0300] "POST /digitalizacion/servlet/trdocumentos?ef159a01c1458255a663bcf03ca6be38,,gx-no-cache=1711120313608 HTTP/1.1" 200 3857
191.126.45.30 - - [22/Mar/2024:12:19:03 -0300] "POST /cormun/servlet/trsolicitudot?1609b275f2573bb82cab9578e04f1069,,gx-no-cache=1711120562796 HTTP/1.1" 200 10926
191.126.45.30 - - [22/Mar/2024:12:19:04 -0300] "POST /cormun/servlet/trsolicitudot?1609b275f2573bb82cab9578e04f1069,,gx-no-cache=1711120563926 HTTP/1.1" 200 10857
191.126.45.30 - - [22/Mar/2024:12:19:07 -0300] "POST /cormun/servlet/trsolicitudot?1609b275f2573bb82cab9578e04f1069,,gx-no-cache=1711120566579 HTTP/1.1" 200 10527
191.126.45.30 - - [22/Mar/2024:12:19:08 -0300] "POST /cormun/servlet/trsolicitudot?1609b275f2573bb82cab9578e04f1069,,gx-no-cache=1711120567311 HTTP/1.1" 200 10469
191.126.45.30 - - [22/Mar/2024:12:19:09 -0300] "POST /cormun/servlet/trsolicitudot?1609b275f2573bb82cab9578e04f1069,,gx-no-cache=1711120568660 HTTP/1.1" 200 10050
191.126.45.30 - - [22/Mar/2024:12:19:10 -0300] "POST /cormun/servlet/trsolicitudot?1609b275f2573bb82cab9578e04f1069,,gx-no-cache=1711120569349 HTTP/1.1" 200 9993
191.126.45.30 - - [22/Mar/2024:12:19:11 -0300] "POST /cormun/servlet/trsolicitudot?1609b275f2573bb82cab9578e04f1069,,gx-no-cache=1711120570412 HTTP/1.1" 200 9712
191.126.45.30 - - [22/Mar/2024:12:19:12 -0300] "POST /cormun/servlet/trsolicitudot?1609b275f2573bb82cab9578e04f1069,,gx-no-cache=1711120571938 HTTP/1.1" 200 9655
190.171.143.98 - - [22/Mar/2024:12:19:12 -0300] "GET /cormun/servlet/hlogin HTTP/1.1" 200 1723
191.126.45.30 - - [22/Mar/2024:12:19:14 -0300] "POST /cormun/servlet/trsolicitudot?1609b275f2573bb82cab9578e04f1069,,gx-no-cache=1711120573884 HTTP/1.1" 200 9305
191.126.45.30 - - [22/Mar/2024:12:19:15 -0300] "POST /cormun/servlet/trsolicitudot?1609b275f2573bb82cab9578e04f1069,,gx-no-cache=1711120574668 HTTP/1.1" 200 9247
191.126.45.30 - - [22/Mar/2024:12:19:17 -0300] "POST /cormun/servlet/trsolicitudot?1609b275f2573bb82cab9578e04f1069,,gx-no-cache=1711120577067 HTTP/1.1" 200 8895
191.126.45.30 - - [22/Mar/2024:12:19:18 -0300] "POST /cormun/servlet/trsolicitudot?1609b275f2573bb82cab9578e04f1069,,gx-no-cache=1711120578103 HTTP/1.1" 200 8838
190.171.143.98 - - [22/Mar/2024:12:19:20 -0300] "POST /cormun/servlet/hlogin?356dace5ed6b508359f14c26c6fe8ef1,gx-no-cache=1711120580609 HTTP/1.1" 200 90
190.171.143.98 - - [22/Mar/2024:12:19:20 -0300] "GET /cormun/servlet/hpexe_link HTTP/1.1" 200 954
190.171.143.98 - - [22/Mar/2024:12:19:21 -0300] "GET /cormun/servlet/hhome HTTP/1.1" 200 4311
191.126.45.30 - - [22/Mar/2024:12:19:21 -0300] "POST /cormun/servlet/trsolicitudot?1609b275f2573bb82cab9578e04f1069,,gx-no-cache=1711120580699 HTTP/1.1" 200 8465
