190.171.141.114 - - [22/Mar/2024:11:50:02 -0300] "GET /cormun/servlet/solicitudotadjuntos?INS,2024,21048,,1, HTTP/1.1" 200 6056
190.171.141.114 - - [22/Mar/2024:11:50:03 -0300] "GET /cormun/static/about:blank HTTP/1.1" 404 1011
190.171.141.114 - - [22/Mar/2024:11:50:03 -0300] "GET /cormun/servlet/solicitudotadjuntos?149fa5ba480ce248e510535ec802d0c28d2d6ce7f7a7218288a373b5f0be27f261c228688d0dadd8ec23e1fb4b4fa5f0,gx-no-cache=1711118823804 HTTP/1.1" 200 30
190.171.141.114 - - [22/Mar/2024:11:50:03 -0300] "POST /cormun/servlet/solicitudotadjuntos?e0af1066d2267251ec7d5c842878f004,INS,2024,21048,,1,,gx-no-cache=1711118823822 HTTP/1.1" 200 3868
190.171.141.114 - - [22/Mar/2024:11:50:08 -0300] "POST /cormun/servlet/solicitudotadjuntos?gx-no-cache=1711118829127 HTTP/1.1" 200 26
190.171.141.114 - - [22/Mar/2024:11:50:24 -0300] "GET /cormun/servlet/solicitudotadjuntos?149fa5ba480ce248e510535ec802d0c210562598af21f7010aa9837797f7744a,gx-no-cache=1711118845057 HTTP/1.1" 200 30
190.171.141.114 - - [22/Mar/2024:11:50:24 -0300] "GET /cormun/servlet/solicitudotadjuntos?149fa5ba480ce248e510535ec802d0c210562598af21f7010aa9837797f7744a,gx-no-cache=1711118845075 HTTP/1.1" 200 30
190.171.141.114 - - [22/Mar/2024:11:50:24 -0300] "POST /cormun/servlet/solicitudotadjuntos?e0af1066d2267251ec7d5c842878f004,INS,2024,21048,,1, HTTP/1.1" 200 116
190.171.141.114 - - [22/Mar/2024:11:50:25 -0300] "GET /cormun/servlet/hpexe_return? HTTP/1.1" 200 1024
190.171.141.114 - - [22/Mar/2024:11:50:25 -0300] "GET /cormun/servlet/trsolicitudadjuntos?2024,21048, HTTP/1.1" 200 9600
190.171.141.114 - - [22/Mar/2024:11:50:27 -0300] "GET /cormun/servlet/solicitudotadjuntos?INS,2024,21048,,1, HTTP/1.1" 200 6056
190.171.141.114 - - [22/Mar/2024:11:50:28 -0300] "GET /cormun/static/about:blank HTTP/1.1" 404 1011
190.171.141.114 - - [22/Mar/2024:11:50:28 -0300] "GET /cormun/servlet/solicitudotadjuntos?149fa5ba480ce248e510535ec802d0c28d2d6ce7f7a7218288a373b5f0be27f261c228688d0dadd8ec23e1fb4b4fa5f0,gx-no-cache=1711118848899 HTTP/1.1" 200 30
190.171.141.114 - - [22/Mar/2024:11:50:28 -0300] "POST /cormun/servlet/solicitudotadjuntos?e0af1066d2267251ec7d5c842878f004,INS,2024,21048,,1,,gx-no-cache=1711118848917 HTTP/1.1" 200 3867
190.171.141.114 - - [22/Mar/2024:11:50:34 -0300] "POST /cormun/servlet/solicitudotadjuntos?gx-no-cache=1711118854680 HTTP/1.1" 200 26
190.171.141.114 - - [22/Mar/2024:11:50:45 -0300] "GET /cormun/servlet/solicitudotadjuntos?149fa5ba480ce248e510535ec802d0c210562598af21f7010aa9837797f7744a,gx-no-cache=1711118865360 HTTP/1.1" 200 30
190.171.141.114 - - [22/Mar/2024:11:50:45 -0300] "GET /cormun/servlet/solicitudotadjuntos?149fa5ba480ce248e510535ec802d0c210562598af21f7010aa9837797f7744a,gx-no-cache=1711118865377 HTTP/1.1" 200 30
190.171.141.114 - - [22/Mar/2024:11:50:45 -0300] "POST /cormun/servlet/solicitudotadjuntos?e0af1066d2267251ec7d5c842878f004,INS,2024,21048,,1, HTTP/1.1" 200 116
190.171.141.114 - - [22/Mar/2024:11:50:45 -0300] "GET /cormun/servlet/hpexe_return? HTTP/1.1" 200 1024
190.171.141.114 - - [22/Mar/2024:11:50:45 -0300] "GET /cormun/servlet/trsolicitudadjuntos?2024,21048, HTTP/1.1" 200 9879
190.171.141.114 - - [22/Mar/2024:11:50:48 -0300] "GET /cormun/servlet/solicitudotadjuntos?INS,2024,21048,,1, HTTP/1.1" 200 6056
190.171.141.114 - - [22/Mar/2024:11:50:48 -0300] "GET /cormun/static/about:blank HTTP/1.1" 404 1011
190.171.141.114 - - [22/Mar/2024:11:50:48 -0300] "GET /cormun/servlet/solicitudotadjuntos?149fa5ba480ce248e510535ec802d0c28d2d6ce7f7a7218288a373b5f0be27f261c228688d0dadd8ec23e1fb4b4fa5f0,gx-no-cache=1711118868917 HTTP/1.1" 200 30
190.171.141.114 - - [22/Mar/2024:11:50:48 -0300] "POST /cormun/servlet/solicitudotadjuntos?e0af1066d2267251ec7d5c842878f004,INS,2024,21048,,1,,gx-no-cache=1711118868954 HTTP/1.1" 200 3867
190.171.141.114 - - [22/Mar/2024:11:50:52 -0300] "POST /cormun/servlet/solicitudotadjuntos?gx-no-cache=1711118872192 HTTP/1.1" 200 26
190.171.141.114 - - [22/Mar/2024:11:51:48 -0300] "GET /cormun/servlet/solicitudotadjuntos?149fa5ba480ce248e510535ec802d0c210562598af21f7010aa9837797f7744a,gx-no-cache=1711118928272 HTTP/1.1" 200 30
190.171.141.114 - - [22/Mar/2024:11:51:48 -0300] "GET /cormun/servlet/solicitudotadjuntos?149fa5ba480ce248e510535ec802d0c210562598af21f7010aa9837797f7744a,gx-no-cache=1711118928297 HTTP/1.1" 200 30
190.171.141.114 - - [22/Mar/2024:11:51:48 -0300] "POST /cormun/servlet/solicitudotadjuntos?e0af1066d2267251ec7d5c842878f004,INS,2024,21048,,1, HTTP/1.1" 200 116
190.171.141.114 - - [22/Mar/2024:11:51:48 -0300] "GET /cormun/servlet/hpexe_return? HTTP/1.1" 200 1024
190.171.141.114 - - [22/Mar/2024:11:51:48 -0300] "GET /cormun/servlet/trsolicitudadjuntos?2024,21048, HTTP/1.1" 200 10144
190.171.141.114 - - [22/Mar/2024:11:51:50 -0300] "GET /cormun/servlet/solicitudotadjuntos?INS,2024,21048,,1, HTTP/1.1" 200 6055
190.171.141.114 - - [22/Mar/2024:11:51:51 -0300] "GET /cormun/static/about:blank HTTP/1.1" 404 1011
190.171.149.74 - - [22/Mar/2024:11:51:51 -0300] "GET /cormun/servlet/solicitudotadjuntos?032b6a969c5189241fa948009b1d4f2bdbfe6b6956895d12c07571a21b99184a,gx-no-cache=1711118930806 HTTP/1.1" 200 30
190.171.149.74 - - [22/Mar/2024:11:51:51 -0300] "GET /cormun/servlet/solicitudotadjuntos?032b6a969c5189241fa948009b1d4f2bdbfe6b6956895d12c07571a21b99184a,gx-no-cache=1711118930832 HTTP/1.1" 200 30
190.171.149.74 - - [22/Mar/2024:11:51:51 -0300] "POST /cormun/servlet/solicitudotadjuntos?4f31da19d42ba6f6886885744635f804,INS,2024,21051,,1, HTTP/1.1" 200 116
190.171.149.74 - - [22/Mar/2024:11:51:51 -0300] "GET /cormun/servlet/hpexe_return? HTTP/1.1" 200 1024
190.171.141.114 - - [22/Mar/2024:11:51:51 -0300] "GET /cormun/servlet/solicitudotadjuntos?149fa5ba480ce248e510535ec802d0c28d2d6ce7f7a7218288a373b5f0be27f261c228688d0dadd8ec23e1fb4b4fa5f0,gx-no-cache=1711118931745 HTTP/1.1" 200 30
190.171.141.114 - - [22/Mar/2024:11:51:51 -0300] "POST /cormun/servlet/solicitudotadjuntos?e0af1066d2267251ec7d5c842878f004,INS,2024,21048,,1,,gx-no-cache=1711118931772 HTTP/1.1" 200 3865
190.171.149.74 - - [22/Mar/2024:11:51:51 -0300] "GET /cormun/servlet/trsolicitudadjuntos?2024,21051, HTTP/1.1" 200 9438
190.171.149.74 - - [22/Mar/2024:11:51:54 -0300] "GET /cormun/servlet/solicitudotadjuntos?INS,2024,21051,,1, HTTP/1.1" 200 6032
190.95.15.15 - - [22/Mar/2024:11:51:54 -0300] "GET /cormun/servlet/trlicencias HTTP/1.1" 200 6046
190.171.149.74 - - [22/Mar/2024:11:51:54 -0300] "GET /cormun/static/about:blank HTTP/1.1" 404 1011
190.95.15.15 - - [22/Mar/2024:11:51:54 -0300] "GET /cormun/servlet/hlogin HTTP/1.1" 200 1733
190.171.149.74 - - [22/Mar/2024:11:51:55 -0300] "GET /cormun/servlet/solicitudotadjuntos?032b6a969c5189241fa948009b1d4f2b84f350071f5930208c1b286036d182892942e699fe8b18116d7a1de0ce273611,gx-no-cache=1711118934623 HTTP/1.1" 200 30
190.171.149.74 - - [22/Mar/2024:11:51:55 -0300] "POST /cormun/servlet/solicitudotadjuntos?4f31da19d42ba6f6886885744635f804,INS,2024,21051,,1,,gx-no-cache=1711118934674 HTTP/1.1" 200 3901
190.171.141.114 - - [22/Mar/2024:11:51:56 -0300] "POST /cormun/servlet/solicitudotadjuntos?gx-no-cache=1711118936224 HTTP/1.1" 200 26
190.171.149.74 - - [22/Mar/2024:11:51:56 -0300] "POST /cormun/servlet/solicitudotadjuntos?gx-no-cache=1711118936445 HTTP/1.1" 200 26
190.95.15.15 - - [22/Mar/2024:11:52:02 -0300] "POST /cormun/servlet/hlogin?2162f6681efab4886455dca0b6d6d05d,gx-no-cache=1711118942599 HTTP/1.1" 200 90
190.95.15.15 - - [22/Mar/2024:11:52:02 -0300] "GET /cormun/servlet/hpexe_link HTTP/1.1" 200 951
190.95.15.15 - - [22/Mar/2024:11:52:02 -0300] "GET /cormun/servlet/trlicencias HTTP/1.1" 200 9775
190.171.141.114 - - [22/Mar/2024:11:52:05 -0300] "GET /cormun/servlet/solicitudotadjuntos?149fa5ba480ce248e510535ec802d0c210562598af21f7010aa9837797f7744a,gx-no-cache=1711118945768 HTTP/1.1" 200 30
190.171.141.114 - - [22/Mar/2024:11:52:05 -0300] "GET /cormun/servlet/solicitudotadjuntos?149fa5ba480ce248e510535ec802d0c210562598af21f7010aa9837797f7744a,gx-no-cache=1711118945787 HTTP/1.1" 200 30
190.171.141.114 - - [22/Mar/2024:11:52:05 -0300] "POST /cormun/servlet/solicitudotadjuntos?e0af1066d2267251ec7d5c842878f004,INS,2024,21048,,1, HTTP/1.1" 200 116
190.171.141.114 - - [22/Mar/2024:11:52:05 -0300] "GET /cormun/servlet/hpexe_return? HTTP/1.1" 200 1024
190.171.141.114 - - [22/Mar/2024:11:52:05 -0300] "GET /cormun/servlet/trsolicitudadjuntos?2024,21048, HTTP/1.1" 200 10328
190.171.141.114 - - [22/Mar/2024:11:52:08 -0300] "GET /cormun/servlet/solicitudotadjuntos?INS,2024,21048,,2, HTTP/1.1" 200 6054
190.171.141.114 - - [22/Mar/2024:11:52:08 -0300] "GET /cormun/static/about:blank HTTP/1.1" 404 1011
190.171.141.114 - - [22/Mar/2024:11:52:08 -0300] "GET /cormun/servlet/solicitudotadjuntos?149fa5ba480ce248e510535ec802d0c28d2d6ce7f7a7218288a373b5f0be27f261c228688d0dadd8ec23e1fb4b4fa5f0,gx-no-cache=1711118948980 HTTP/1.1" 200 30
190.171.141.114 - - [22/Mar/2024:11:52:08 -0300] "POST /cormun/servlet/solicitudotadjuntos?e0af1066d2267251ec7d5c842878f004,INS,2024,21048,,2,,gx-no-cache=1711118948998 HTTP/1.1" 200 4074
190.171.141.114 - - [22/Mar/2024:11:52:37 -0300] "GET /cormun/servlet/trsolicitudot? HTTP/1.1" 200 9169
190.171.149.74 - - [22/Mar/2024:11:55:29 -0300] "GET /cormun/servlet/solicitudotadjuntos?032b6a969c5189241fa948009b1d4f2bdbfe6b6956895d12c07571a21b99184a,gx-no-cache=1711119148663 HTTP/1.1" 200 30
190.171.149.74 - - [22/Mar/2024:11:55:29 -0300] "GET /cormun/servlet/solicitudotadjuntos?032b6a969c5189241fa948009b1d4f2bdbfe6b6956895d12c07571a21b99184a,gx-no-cache=1711119148716 HTTP/1.1" 200 30
190.171.149.74 - - [22/Mar/2024:11:55:29 -0300] "POST /cormun/servlet/solicitudotadjuntos?4f31da19d42ba6f6886885744635f804,INS,2024,21051,,1, HTTP/1.1" 200 116
190.171.149.74 - - [22/Mar/2024:11:55:29 -0300] "GET /cormun/servlet/hpexe_return? HTTP/1.1" 200 1024
190.171.149.74 - - [22/Mar/2024:11:55:29 -0300] "GET /cormun/servlet/trsolicitudadjuntos?2024,21051, HTTP/1.1" 200 9727
200.54.103.162 - - [22/Mar/2024:11:55:37 -0300] "WSñvÞ*)QC+çNª>ÓMëfCs°J‡GNôú0¢/¹ J:¼Ã’ÓGmà7Ñþ¾P`ÕÐ^—£Ö$£·•DÌ&ù ššÀ+À/À,À0̨̩ÀÀœ/5êÿþ ´ ÖdË Ül#€±qJlMmAþÁ™ãôý·ˆÐØ_W»–Wnð©­.åMÊ*ÝòÙf88éi#ýßQûˆ$ü&HzH™·©[òå”" 400 -
200.54.103.162 - - [22/Mar/2024:11:55:37 -0300] "üåŠe>ÆYɶÏd7ðö­ÂÞÛpŽL0JwV# ì dUº¼DBµNÙíôË(t¶W*zN»|VS«‡èá~² ŠŠÀ+À/À,À0̨̩ÀÀœ/5“ÚÚ# h2http/1.1" 505 -
200.54.103.162 - - [22/Mar/2024:11:55:37 -0300] "GET /cormun/servlet/hlogin HTTP/1.1" 200 1722
200.54.103.162 - - [22/Mar/2024:11:55:37 -0300] "GET /cormun/servlet/hlogin HTTP/1.1" 200 1732
200.54.103.162 - - [22/Mar/2024:11:55:38 -0300] "GET /favicon.ico HTTP/1.1" 200 21630
190.171.149.74 - - [22/Mar/2024:11:55:39 -0300] "GET /cormun/servlet/solicitudotadjuntos?INS,2024,21051,,1, HTTP/1.1" 200 6032
190.171.149.74 - - [22/Mar/2024:11:55:40 -0300] "GET /cormun/static/about:blank HTTP/1.1" 404 1011
190.171.149.74 - - [22/Mar/2024:11:55:40 -0300] "GET /cormun/servlet/solicitudotadjuntos?032b6a969c5189241fa948009b1d4f2b84f350071f5930208c1b286036d182892942e699fe8b18116d7a1de0ce273611,gx-no-cache=1711119160213 HTTP/1.1" 200 30
190.171.149.74 - - [22/Mar/2024:11:55:40 -0300] "POST /cormun/servlet/solicitudotadjuntos?4f31da19d42ba6f6886885744635f804,INS,2024,21051,,1,,gx-no-cache=1711119160232 HTTP/1.1" 200 3901
190.171.149.74 - - [22/Mar/2024:11:55:42 -0300] "POST /cormun/servlet/solicitudotadjuntos?gx-no-cache=1711119162198 HTTP/1.1" 200 26
200.54.103.162 - - [22/Mar/2024:11:55:44 -0300] "POST /cormun/servlet/hlogin?55315a1b1e4db4f889703636ca146b57,gx-no-cache=1711119164712 HTTP/1.1" 200 90
200.54.103.162 - - [22/Mar/2024:11:55:44 -0300] "GET /cormun/servlet/hpexe_link HTTP/1.1" 200 950
200.54.103.162 - - [22/Mar/2024:11:55:44 -0300] "GET /cormun/servlet/hhome HTTP/1.1" 200 4340
190.171.149.74 - - [22/Mar/2024:11:55:48 -0300] "GET /cormun/servlet/solicitudotadjuntos?032b6a969c5189241fa948009b1d4f2bdbfe6b6956895d12c07571a21b99184a,gx-no-cache=1711119168149 HTTP/1.1" 200 30
190.171.149.74 - - [22/Mar/2024:11:55:48 -0300] "GET /cormun/servlet/solicitudotadjuntos?032b6a969c5189241fa948009b1d4f2bdbfe6b6956895d12c07571a21b99184a,gx-no-cache=1711119168162 HTTP/1.1" 200 30
190.171.149.74 - - [22/Mar/2024:11:55:48 -0300] "POST /cormun/servlet/solicitudotadjuntos?4f31da19d42ba6f6886885744635f804,INS,2024,21051,,1, HTTP/1.1" 200 116
190.171.149.74 - - [22/Mar/2024:11:55:48 -0300] "GET /cormun/servlet/hpexe_return? HTTP/1.1" 200 1024
190.171.149.74 - - [22/Mar/2024:11:55:48 -0300] "GET /cormun/servlet/trsolicitudadjuntos?2024,21051, HTTP/1.1" 200 10024
200.54.103.162 - - [22/Mar/2024:11:55:50 -0300] "GET /cormun/servlet/trautorizarsolicitud? HTTP/1.1" 200 7457
200.54.103.162 - - [22/Mar/2024:11:55:50 -0300] "GET /cormun/static/gxcfg.js?202211298474254 HTTP/1.1" 200 953
200.54.103.162 - - [22/Mar/2024:11:55:50 -0300] "GET /cormun/static/trautorizarsolicitud.js?202211298474588 HTTP/1.1" 200 53909
190.171.149.74 - - [22/Mar/2024:11:55:51 -0300] "GET /cormun/servlet/solicitudotadjuntos?INS,2024,21051,,1, HTTP/1.1" 200 6032
190.171.149.74 - - [22/Mar/2024:11:55:51 -0300] "GET /cormun/static/about:blank HTTP/1.1" 404 1011
190.171.149.74 - - [22/Mar/2024:11:55:51 -0300] "GET /cormun/servlet/solicitudotadjuntos?032b6a969c5189241fa948009b1d4f2b84f350071f5930208c1b286036d182892942e699fe8b18116d7a1de0ce273611,gx-no-cache=1711119171226 HTTP/1.1" 200 30
190.171.149.74 - - [22/Mar/2024:11:55:51 -0300] "POST /cormun/servlet/solicitudotadjuntos?4f31da19d42ba6f6886885744635f804,INS,2024,21051,,1,,gx-no-cache=1711119171246 HTTP/1.1" 200 3901
190.171.149.74 - - [22/Mar/2024:11:55:54 -0300] "POST /cormun/servlet/solicitudotadjuntos?gx-no-cache=1711119173701 HTTP/1.1" 200 26
190.171.149.74 - - [22/Mar/2024:11:55:59 -0300] "GET /cormun/servlet/solicitudotadjuntos?032b6a969c5189241fa948009b1d4f2bdbfe6b6956895d12c07571a21b99184a,gx-no-cache=1711119179405 HTTP/1.1" 200 30
190.171.149.74 - - [22/Mar/2024:11:55:59 -0300] "GET /cormun/servlet/solicitudotadjuntos?032b6a969c5189241fa948009b1d4f2bdbfe6b6956895d12c07571a21b99184a,gx-no-cache=1711119179438 HTTP/1.1" 200 30
190.171.149.74 - - [22/Mar/2024:11:56:00 -0300] "POST /cormun/servlet/solicitudotadjuntos?4f31da19d42ba6f6886885744635f804,INS,2024,21051,,1, HTTP/1.1" 200 116
190.171.149.74 - - [22/Mar/2024:11:56:00 -0300] "GET /cormun/servlet/hpexe_return? HTTP/1.1" 200 1024
190.171.149.74 - - [22/Mar/2024:11:56:00 -0300] "GET /cormun/servlet/trsolicitudadjuntos?2024,21051, HTTP/1.1" 200 10180
200.54.103.162 - - [22/Mar/2024:11:56:06 -0300] "GET /cormun/servlet/trvisualizadoreventos? HTTP/1.1" 200 7121
200.54.103.162 - - [22/Mar/2024:11:56:06 -0300] "GET /cormun/servlet/trvisualizadoreventos? HTTP/1.1" 200 7121
200.54.103.162 - - [22/Mar/2024:11:56:06 -0300] "GET /cormun/static/gxcfg.js?202211298474834 HTTP/1.1" 200 953
200.54.103.162 - - [22/Mar/2024:11:56:06 -0300] "GET /cormun/static/Resources/PXToolsActionPrint.png HTTP/1.1" 200 404
200.54.103.162 - - [22/Mar/2024:11:56:06 -0300] "GET /cormun/static/trvisualizadoreventos.js?202211298474971 HTTP/1.1" 200 19318
190.171.149.74 - - [22/Mar/2024:11:56:06 -0300] "GET /cormun/servlet/trsolicitudot? HTTP/1.1" 200 8608
200.54.103.162 - - [22/Mar/2024:11:56:11 -0300] "GET /cormun/static/menuarrow.gif HTTP/1.1" 404 1015
200.54.103.162 - - [22/Mar/2024:11:56:14 -0300] "POST /cormun/servlet/trvisualizadoreventos?55315a1b1e4db4f889703636ca146b57,,gx-no-cache=1711119194752 HTTP/1.1" 200 4290
200.54.103.162 - - [22/Mar/2024:11:56:17 -0300] "GET /cormun/servlet/trautorizarsolicitud? HTTP/1.1" 200 7456
200.54.103.162 - - [22/Mar/2024:11:56:22 -0300] "POST /cormun/servlet/trautorizarsolicitud?55315a1b1e4db4f889703636ca146b57,,gx-no-cache=1711119202720 HTTP/1.1" 200 4557
190.171.153.50 - - [22/Mar/2024:11:56:22 -0300] "POST /cormun/servlet/solicitudot?gx-no-cache=1711119204838 HTTP/1.1" 200 4022
190.171.153.50 - - [22/Mar/2024:11:56:23 -0300] "POST /cormun/servlet/solicitudot?e9cc729be8892fcd57750bd8d9d40c3e,INS,0,0,false,,gx-no-cache=1711119204976 HTTP/1.1" 200 12868
190.171.153.50 - - [22/Mar/2024:11:56:25 -0300] "GET /cormun/servlet/solicitudot?a5bb6ccdd35afe2fe05e4036c8a20d7495b712e0cb59d207ca551b211342dafbd06246d79672272fe898a996ec02b937,gx-no-cache=1711119207340 HTTP/1.1" 200 30
200.54.103.162 - - [22/Mar/2024:11:56:30 -0300] "GET /cormun/servlet/trcontratosolicitud? HTTP/1.1" 200 14567
200.54.103.162 - - [22/Mar/2024:11:56:30 -0300] "GET /cormun/static/gxcfg.js?202211298514361 HTTP/1.1" 200 953
200.54.103.162 - - [22/Mar/2024:11:56:30 -0300] "GET /cormun/static/trcontratosolicitud.js?202211298514531 HTTP/1.1" 200 28237
200.54.103.162 - - [22/Mar/2024:11:56:31 -0300] "GET /cormun//static/Resources/PXToolsGridNew.png HTTP/1.1" 200 427
200.54.103.162 - - [22/Mar/2024:11:57:18 -0300] "POST /cormun/servlet/trcontratosolicitud?55315a1b1e4db4f889703636ca146b57,,gx-no-cache=1711119258248 HTTP/1.1" 200 12421
200.54.103.162 - - [22/Mar/2024:11:57:18 -0300] "GET /cormun/static/Resources/PXToolsGridFirst.gif HTTP/1.1" 200 379
200.54.103.162 - - [22/Mar/2024:11:57:18 -0300] "GET /cormun/static/Resources/PXToolsGridPrevious.gif HTTP/1.1" 200 369
200.54.103.162 - - [22/Mar/2024:11:57:18 -0300] "GET /cormun/static/Resources/PXToolsGridNext.gif HTTP/1.1" 200 369
200.54.103.162 - - [22/Mar/2024:11:57:18 -0300] "GET /cormun/static/Resources/PXToolsGridLast.gif HTTP/1.1" 200 370
190.171.149.74 - - [22/Mar/2024:11:58:03 -0300] "POST /cormun/servlet/trsolicitudot?4f31da19d42ba6f6886885744635f804,,gx-no-cache=1711119303198 HTTP/1.1" 200 4576
190.171.149.74 - - [22/Mar/2024:11:58:03 -0300] "GET /cormun/static/Shared/jqueryui/images/ui-bg_highlight-soft_100_c6c2c8_1x100.png HTTP/1.1" 404 1117
190.171.149.74 - - [22/Mar/2024:11:58:03 -0300] "GET /cormun/static/Shared/jqueryui/images/ui-bg_flat_55_fafafa_40x100.png HTTP/1.1" 404 1097
190.171.149.74 - - [22/Mar/2024:11:58:03 -0300] "GET /cormun/static/Shared/jqueryui/images/ui-icons_8d78a5_256x240.png HTTP/1.1" 404 1089
190.171.149.74 - - [22/Mar/2024:11:58:03 -0300] "GET /cormun/static/Shared/jqueryui/images/ui-icons_82798d_256x240.png HTTP/1.1" 404 1089
190.171.149.74 - - [22/Mar/2024:11:58:03 -0300] "POST /cormun/servlet/trsolicitudot?4f31da19d42ba6f6886885744635f804,,gx-no-cache=1711119303346 HTTP/1.1" 200 4338
181.212.47.137 - - [22/Mar/2024:11:59:28 -0300] "POST /cormun/servlet/trsolicitudgral?1840d7da35f1e8938e79720ff52904f1,,gx-no-cache=1711119374253 HTTP/1.1" 440 972
181.212.47.137 - - [22/Mar/2024:11:59:28 -0300] "GET /cormun/servlet/trsolicitudgral? HTTP/1.1" 500 10
181.212.47.137 - - [22/Mar/2024:11:59:32 -0300] "GET /cormun/servlet/hlogin HTTP/1.1" 200 1720
181.212.47.137 - - [22/Mar/2024:11:59:37 -0300] "POST /cormun/servlet/hlogin?375283dace7fadc68e8c091104b04f30,gx-no-cache=1711119384140 HTTP/1.1" 200 90
181.212.47.137 - - [22/Mar/2024:11:59:37 -0300] "GET /cormun/servlet/hpexe_link HTTP/1.1" 200 951
181.212.47.137 - - [22/Mar/2024:11:59:38 -0300] "GET /cormun/servlet/hhome HTTP/1.1" 200 3821
181.212.47.137 - - [22/Mar/2024:11:59:43 -0300] "GET /cormun/servlet/trsolicitudgral? HTTP/1.1" 200 28829
181.212.47.137 - - [22/Mar/2024:11:59:46 -0300] "GET /cormun/static/menuarrow.gif HTTP/1.1" 404 1015
181.212.47.137 - - [22/Mar/2024:11:59:52 -0300] "POST /cormun/servlet/trsolicitudgral?375283dace7fadc68e8c091104b04f30,,gx-no-cache=1711119399064 HTTP/1.1" 200 7566
181.212.47.137 - - [22/Mar/2024:11:59:56 -0300] "GET /cormun/servlet/vesolicitudgral?2024,20772,, HTTP/1.1" 200 8432
181.212.47.137 - - [22/Mar/2024:11:59:56 -0300] "GET /cormun/pexe_scrolldiv.js HTTP/1.1" 404 1009
181.212.47.137 - - [22/Mar/2024:12:00:02 -0300] "POST /cormun/servlet/vesolicitudgral?375283dace7fadc68e8c091104b04f30,2024,20772,,,gx-no-cache=1711119408134 HTTP/1.1" 200 12310
181.212.47.137 - - [22/Mar/2024:12:00:02 -0300] "GET /cormun/static/Shared/jqueryui/images/ui-icons_82798d_256x240.png HTTP/1.1" 404 1089
181.212.47.137 - - [22/Mar/2024:12:00:02 -0300] "GET /cormun/static/Shared/jqueryui/images/ui-bg_highlight-soft_100_c6c2c8_1x100.png HTTP/1.1" 404 1117
181.212.47.137 - - [22/Mar/2024:12:00:02 -0300] "GET /cormun/static/Shared/jqueryui/images/ui-bg_flat_55_fafafa_40x100.png HTTP/1.1" 404 1097
181.212.47.137 - - [22/Mar/2024:12:00:02 -0300] "GET /cormun/static/Shared/jqueryui/images/ui-icons_8d78a5_256x240.png HTTP/1.1" 404 1089
181.212.47.137 - - [22/Mar/2024:12:00:02 -0300] "POST /cormun/servlet/vesolicitudgral?375283dace7fadc68e8c091104b04f30,2024,20772,,,gx-no-cache=1711119408314 HTTP/1.1" 200 12243
191.126.45.30 - - [22/Mar/2024:12:00:28 -0300] "GET /cormun/servlet/hlogin HTTP/1.1" 200 1720
191.126.45.30 - - [22/Mar/2024:12:00:28 -0300] "GET /cormun/servlet/hlogin HTTP/1.1" 200 1731
191.126.45.30 - - [22/Mar/2024:12:00:31 -0300] "POST /cormun/servlet/hlogin?1609b275f2573bb82cab9578e04f1069,gx-no-cache=1711119450749 HTTP/1.1" 200 90
191.126.45.30 - - [22/Mar/2024:12:00:31 -0300] "GET /cormun/servlet/hpexe_link HTTP/1.1" 200 952
191.126.45.30 - - [22/Mar/2024:12:00:31 -0300] "GET /cormun/servlet/hhome HTTP/1.1" 200 3906
191.126.45.30 - - [22/Mar/2024:12:00:34 -0300] "GET /cormun/servlet/trsolicitudot? HTTP/1.1" 200 18592
191.126.45.30 - - [22/Mar/2024:12:00:44 -0300] "GET /cormun/static/menuarrow.gif HTTP/1.1" 404 1015
191.126.45.30 - - [22/Mar/2024:12:01:21 -0300] "GET /cormun/servlet/solicitudot?INS,0,0,false, HTTP/1.1" 200 15894
191.126.45.30 - - [22/Mar/2024:12:01:31 -0300] "POST /cormun/servlet/solicitudot?gx-no-cache=1711119511014 HTTP/1.1" 200 4031
191.126.45.30 - - [22/Mar/2024:12:01:31 -0300] "POST /cormun/servlet/solicitudot?1609b275f2573bb82cab9578e04f1069,INS,0,0,false,,gx-no-cache=1711119511236 HTTP/1.1" 200 12596
191.126.45.30 - - [22/Mar/2024:12:01:35 -0300] "GET /cormun/servlet/solicitudot?c87e36c0c22876a80a61e1b065fa34c55ee7e887927d4371068c3ee49384f0015209484e83af2a5214271c099ec205a5,gx-no-cache=1711119514702 HTTP/1.1" 200 30
181.212.47.137 - - [22/Mar/2024:12:02:48 -0300] "GET /cormun/servlet/trsolicitudgral? HTTP/1.1" 200 10631
181.212.47.137 - - [22/Mar/2024:12:02:55 -0300] "POST /cormun/servlet/trsolicitudgral?375283dace7fadc68e8c091104b04f30,,gx-no-cache=1711119582129 HTTP/1.1" 200 9701
181.212.47.137 - - [22/Mar/2024:12:02:58 -0300] "GET /cormun/servlet/vesolicitudgral?2024,20802,, HTTP/1.1" 200 8461
181.212.47.137 - - [22/Mar/2024:12:02:58 -0300] "GET /cormun/pexe_scrolldiv.js HTTP/1.1" 404 1009
181.212.47.137 - - [22/Mar/2024:12:03:02 -0300] "GET /cormun/servlet/trsolicitudgral? HTTP/1.1" 200 12703
181.212.47.137 - - [22/Mar/2024:12:03:05 -0300] "GET /cormun/servlet/vesolicitudgral?2024,20805,, HTTP/1.1" 200 8452
181.212.47.137 - - [22/Mar/2024:12:03:05 -0300] "GET /cormun/pexe_scrolldiv.js HTTP/1.1" 404 1009
181.212.47.137 - - [22/Mar/2024:12:03:19 -0300] "GET /cormun/servlet/trsolicitudgral? HTTP/1.1" 200 12703
181.212.47.137 - - [22/Mar/2024:12:03:26 -0300] "POST /cormun/servlet/trsolicitudgral?375283dace7fadc68e8c091104b04f30,,gx-no-cache=1711119612663 HTTP/1.1" 200 7733
181.212.47.137 - - [22/Mar/2024:12:03:39 -0300] "POST /cormun/servlet/trsolicitudgral?375283dace7fadc68e8c091104b04f30,,gx-no-cache=1711119625478 HTTP/1.1" 200 9585
181.212.47.137 - - [22/Mar/2024:12:03:42 -0300] "GET /cormun/servlet/vesolicitudgral?2024,20695,, HTTP/1.1" 200 8421
181.212.47.137 - - [22/Mar/2024:12:03:43 -0300] "GET /cormun/pexe_scrolldiv.js HTTP/1.1" 404 1009
181.212.47.137 - - [22/Mar/2024:12:03:45 -0300] "GET /cormun/servlet/trsolicitudgral? HTTP/1.1" 200 12694
181.212.47.137 - - [22/Mar/2024:12:03:54 -0300] "POST /cormun/servlet/trsolicitudgral?375283dace7fadc68e8c091104b04f30,,gx-no-cache=1711119640959 HTTP/1.1" 200 6677
181.212.47.137 - - [22/Mar/2024:12:03:56 -0300] "GET /cormun/servlet/vesolicitudgral?2024,20959,, HTTP/1.1" 200 8452
181.212.47.137 - - [22/Mar/2024:12:03:56 -0300] "GET /cormun/pexe_scrolldiv.js HTTP/1.1" 404 1009
181.212.47.137 - - [22/Mar/2024:12:04:02 -0300] "GET /cormun/servlet/trsolicitudgral? HTTP/1.1" 200 9738
181.212.47.137 - - [22/Mar/2024:12:04:08 -0300] "POST /cormun/servlet/trsolicitudgral?375283dace7fadc68e8c091104b04f30,,gx-no-cache=1711119653142 HTTP/1.1" 200 25581
191.126.45.30 - - [22/Mar/2024:12:04:09 -0300] "GET /cormun/servlet/solicitudot?c87e36c0c22876a80a61e1b065fa34c5c023c4dbc9bdaec726d8c04c2e3bf6007814b983b7c53809614f3a2d7c3924853415f69691ab0009f218076550652d349f8c43991aeab7420b98361daac9aa84,gx-no-cache=1711119668685 HTTP/1.1" 200 30
191.126.45.30 - - [22/Mar/2024:12:04:11 -0300] "GET /cormun/servlet/solicitudot?c87e36c0c22876a80a61e1b065fa34c5e55d372e8f5e38a04848be072c46b5fa,gx-no-cache=1711119670877 HTTP/1.1" 200 53
190.171.153.50 - - [22/Mar/2024:12:04:18 -0300] "GET /cormun/servlet/prbanco?,MD,,gxPopupLevel%3D0%3B HTTP/1.1" 200 6612
190.171.153.50 - - [22/Mar/2024:12:04:21 -0300] "GET /cormun/servlet/solicitudot?a5bb6ccdd35afe2fe05e4036c8a20d748d839ff0d654f1e85523a11b8963f32c6c1de4fc5a7cacde20eaf0236347bdd4033a6725d3f415d769187f8bede7deae,gx-no-cache=1711119683582 HTTP/1.1" 200 30
190.171.153.50 - - [22/Mar/2024:12:04:22 -0300] "GET /cormun/servlet/solicitudot?a5bb6ccdd35afe2fe05e4036c8a20d74984b3b07fc5981ec8a4adff9e489528d,gx-no-cache=1711119684560 HTTP/1.1" 200 45
191.126.45.30 - - [22/Mar/2024:12:04:23 -0300] "POST /cormun/servlet/solicitudot?gx-no-cache=1711119682376 HTTP/1.1" 200 297
191.126.45.30 - - [22/Mar/2024:12:04:23 -0300] "GET /cormun/servlet/solicitudot?c87e36c0c22876a80a61e1b065fa34c5bc5c9fe4b869d418091a60bf50b38c23e1a61cd48fd9e3f7f41a753fe987b8940b0d5da2d27ff756eb8289412db23d0f5dd4a94f6bb813da506663e95ce25865d4c884ba46aba429ac4f1ecdfbb9d1378266397c2ae7a2a3714bf39d91c6eed659b13f692655587536639a3cd096d40b7b0b383162f75f2f7c808f821008998269f9b5c5367155e5f8a889613be956935bd8e2d7e4fb81345722a1944612b4384a330a7438e28fc10477f36184c591d18bf7fae105a552eaa2e793510c60f0d1074d2a5e00fbda9d602cb436322b4cc39c80c464f323e6af364d5bb98bce454858cfe09bec37636ffb979e61972d3fa36ada6d47bcdf6ff275917ce672e9adc8b4b3a07a039e387e430bcffc5e590a8f9ad20f71aac4f3138d2d7cdda7ac998c746501c4b8baaa0c41dd9edd6bae186f185c4d8714ad3e49f5b70362acd786e20066d116c53a1a89626b24b26e2f83afa5d3a3f03fade91c219db7967a59f54a1c4faf0602da13b6006f26421a096951de91bad51406b78df181bd9807e3f169,gx-no-cache=1711119682467 HTTP/1.1" 200 30
191.126.45.30 - - [22/Mar/2024:12:04:23 -0300] "POST /cormun/servlet/solicitudot?gx-no-cache=1711119682515 HTTP/1.1" 200 30
191.126.45.30 - - [22/Mar/2024:12:04:23 -0300] "POST /cormun/servlet/solicitudot?gx-no-cache=1711119683111 HTTP/1.1" 200 1473
191.126.45.30 - - [22/Mar/2024:12:04:23 -0300] "POST /cormun/servlet/solicitudot?gx-no-cache=1711119683218 HTTP/1.1" 200 38
181.212.47.137 - - [22/Mar/2024:12:04:31 -0300] "POST /cormun/servlet/trsolicitudgral?375283dace7fadc68e8c091104b04f30,,gx-no-cache=1711119677538 HTTP/1.1" 200 7477
181.212.47.137 - - [22/Mar/2024:12:04:37 -0300] "GET /cormun/servlet/vesolicitudgral?2024,20818,, HTTP/1.1" 200 8457
181.212.47.137 - - [22/Mar/2024:12:04:37 -0300] "GET /cormun/pexe_scrolldiv.js HTTP/1.1" 404 1009
181.212.47.137 - - [22/Mar/2024:12:04:40 -0300] "GET /cormun/servlet/trsolicitudgral? HTTP/1.1" 200 10507
190.171.153.50 - - [22/Mar/2024:12:04:40 -0300] "POST /cormun/servlet/solicitudot?gx-no-cache=1711119702764 HTTP/1.1" 200 255
190.171.153.50 - - [22/Mar/2024:12:04:43 -0300] "GET /cormun/servlet/solicitudot?a5bb6ccdd35afe2fe05e4036c8a20d744d87cf3286c34cc3344f59a4f46c9d7da1b9fd448f9c1194fe758fee303a452a7a01e5820d456ba2182317a53252906ed79b92406f105a5e8592a56045e7d1022c3e20e19f701f3291d3aedd7d02d5efe220baddd8d4929b95997bb0275fd510aa938ad0b351964f2652205718324605ca4efa22db0a5d37c7171584fa5bf56281ad382dbcbc1caa8d84872a47adc7d50d2280b841b7281f31e9c8fc9fc21c0f29e723852d73cd05a34ce68a43ef4069d77796f20e57fe5e5a1d9fbfa91d9aae98dace79cc19b0262672e47cdf022f1d8588a4ed1900eced271dd0fee06102f2b8d9ebf4f3e816c6ace9a54c5d816f1a31e4c5b7ecddce5759f95c20b43e60994252fd22e12aecd59e0c56371c25392be3ec15e86cce34316e25f70e1d469f04e15c494694733694c4bdd79d46081005514a0ec84d44f83463660025caf1d65ed776ac244a7ef5cabbf2e0d0ad0395154c05a15fae0ae1e383505f3eba24ce68f1f48d3dde412269b54560b60721c1d1,gx-no-cache=1711119705238 HTTP/1.1" 200 30
190.171.153.50 - - [22/Mar/2024:12:04:46 -0300] "POST /cormun/servlet/solicitudot?gx-no-cache=1711119708244 HTTP/1.1" 200 30
191.126.45.30 - - [22/Mar/2024:12:04:46 -0300] "GET /cormun/servlet/solicitudot?c87e36c0c22876a80a61e1b065fa34c5ac4cd950d5eb4db4a58eb582397035058c0c2d1729f8acce9324ba1fe0408ba9bedb02c68b7f408d77b690e8d37afd2f6d2cd470cb4e52ec3fd723305edad88de6b4b669f045bda1f43cb5b2e1d88daf5522123d372a90d50e9d91b921237015,gx-no-cache=1711119705594 HTTP/1.1" 200 110
191.126.45.30 - - [22/Mar/2024:12:04:46 -0300] "POST /cormun/servlet/solicitudot?gx-no-cache=1711119705719 HTTP/1.1" 200 97
181.212.47.137 - - [22/Mar/2024:12:04:48 -0300] "POST /cormun/servlet/trsolicitudgral?375283dace7fadc68e8c091104b04f30,,gx-no-cache=1711119695038 HTTP/1.1" 200 7800
190.171.153.50 - - [22/Mar/2024:12:04:49 -0300] "POST /cormun/servlet/solicitudot?gx-no-cache=1711119711313 HTTP/1.1" 200 1472
190.171.153.50 - - [22/Mar/2024:12:04:49 -0300] "POST /cormun/servlet/solicitudot?gx-no-cache=1711119711340 HTTP/1.1" 200 38
191.126.45.30 - - [22/Mar/2024:12:04:50 -0300] "GET /cormun/servlet/solicitudot?c87e36c0c22876a80a61e1b065fa34c5644535c0200fabc42bd891ab22be642e83b9d1c4f66ac095c88364531f479bedcde5249ad41306908acb4b55a4c871ec7e7419eaf3f7ee9695600a0b887c5fb8e261182cea6c8a67f3cd2e671567493e89b3ff8ebd96331ab4a950c583d25e02,gx-no-cache=1711119710245 HTTP/1.1" 200 29
191.126.45.30 - - [22/Mar/2024:12:04:50 -0300] "GET /cormun/static/menuarrow.gif HTTP/1.1" 404 1015
191.126.45.30 - - [22/Mar/2024:12:04:55 -0300] "GET /cormun/servlet/solicitudot?c87e36c0c22876a80a61e1b065fa34c580c71ca7a0981db44bd0c59c816b9f899199892a1892be1bc869c1fbfc942595,gx-no-cache=1711119714948 HTTP/1.1" 200 30
181.212.47.137 - - [22/Mar/2024:12:05:04 -0300] "POST /cormun/servlet/trsolicitudgral?375283dace7fadc68e8c091104b04f30,,gx-no-cache=1711119710693 HTTP/1.1" 200 6643
181.212.47.137 - - [22/Mar/2024:12:05:07 -0300] "GET /cormun/servlet/vesolicitudgral?2024,20875,, HTTP/1.1" 200 8474
181.212.47.137 - - [22/Mar/2024:12:05:07 -0300] "GET /cormun/pexe_scrolldiv.js HTTP/1.1" 404 1009
181.212.47.137 - - [22/Mar/2024:12:05:10 -0300] "GET /cormun/servlet/trsolicitudgral? HTTP/1.1" 200 9705
181.212.47.137 - - [22/Mar/2024:12:05:16 -0300] "POST /cormun/servlet/trsolicitudgral?375283dace7fadc68e8c091104b04f30,,gx-no-cache=1711119723030 HTTP/1.1" 200 7819
191.126.45.30 - - [22/Mar/2024:12:05:17 -0300] "POST /cormun/servlet/solicitudot?gx-no-cache=1711119736566 HTTP/1.1" 200 30
191.126.45.30 - - [22/Mar/2024:12:05:18 -0300] "POST /cormun/servlet/solicitudot?1609b275f2573bb82cab9578e04f1069,INS,0,0,false,,gx-no-cache=1711119736688 HTTP/1.1" 200 93
191.126.45.30 - - [22/Mar/2024:12:05:18 -0300] "GET /cormun/servlet/hpexe_return? HTTP/1.1" 200 1009
191.126.45.30 - - [22/Mar/2024:12:05:18 -0300] "GET /cormun/servlet/trsolicitudot HTTP/1.1" 200 18815
190.171.153.50 - - [22/Mar/2024:12:05:19 -0300] "GET /cormun/servlet/solicitudot?a5bb6ccdd35afe2fe05e4036c8a20d7457d182928b04b62b19748da2816c197475abf29377506547f8ca98cd0458c537e1b72336bd482468feaed1fc8cbbccde5ddbdf0a53d70d98412adc455b4c8b1f59572ee879486d62b1877dfbf0ca783ff88c6be113c4c8cdb82a1b17832b3069,gx-no-cache=1711119741182 HTTP/1.1" 200 110
181.212.47.137 - - [22/Mar/2024:12:05:21 -0300] "GET /cormun/servlet/vesolicitudgral?2024,20967,, HTTP/1.1" 200 8454
181.212.47.137 - - [22/Mar/2024:12:05:21 -0300] "GET /cormun/pexe_scrolldiv.js HTTP/1.1" 404 1009
181.212.47.137 - - [22/Mar/2024:12:05:23 -0300] "GET /cormun/servlet/trsolicitudgral? HTTP/1.1" 200 10849
181.212.47.137 - - [22/Mar/2024:12:05:29 -0300] "POST /cormun/servlet/trsolicitudgral?375283dace7fadc68e8c091104b04f30,,gx-no-cache=1711119734406 HTTP/1.1" 200 25706
190.171.153.50 - - [22/Mar/2024:12:05:29 -0300] "POST /cormun/servlet/solicitudot?gx-no-cache=1711119751655 HTTP/1.1" 200 97
190.171.153.50 - - [22/Mar/2024:12:05:35 -0300] "GET /cormun/servlet/solicitudot?a5bb6ccdd35afe2fe05e4036c8a20d7404cea6a8edd40a8cf3e5459c696597a1e078d7fad3028efddde72b2ac63dbd5d5712d315dbb0e441e902ba866b30451153bf913fcb0c610b1b5819c76fad0adda559005f9adaee851ad533d46b270da8e033dbd97a6fbdef4f852d4caf187be6,gx-no-cache=1711119757827 HTTP/1.1" 200 29
190.171.153.50 - - [22/Mar/2024:12:05:35 -0300] "GET /cormun/static/menuarrow.gif HTTP/1.1" 404 1015
190.171.153.50 - - [22/Mar/2024:12:05:41 -0300] "GET /cormun/servlet/solicitudot?a5bb6ccdd35afe2fe05e4036c8a20d74b120150bf690efddf19345de26c2fe55b891865f5a6b938e4158beaa5cf3d378,gx-no-cache=1711119763651 HTTP/1.1" 200 30
191.126.45.30 - - [22/Mar/2024:12:05:51 -0300] "POST /cormun/servlet/trsolicitudot?1609b275f2573bb82cab9578e04f1069,gx-no-cache=1711119770713 HTTP/1.1" 200 112
191.126.45.30 - - [22/Mar/2024:12:05:51 -0300] "GET /cormun/servlet/solicitudot?UPD,2024,21053,false, HTTP/1.1" 200 16520
191.126.45.30 - - [22/Mar/2024:12:05:52 -0300] "POST /cormun/servlet/solicitudot?gx-no-cache=1711119771758 HTTP/1.1" 200 4118
191.126.45.30 - - [22/Mar/2024:12:05:52 -0300] "POST /cormun/servlet/solicitudot?1609b275f2573bb82cab9578e04f1069,UPD,2024,21053,false,,gx-no-cache=1711119771924 HTTP/1.1" 200 12759
191.126.45.30 - - [22/Mar/2024:12:05:52 -0300] "GET /cormun/servlet/solicitudot?c87e36c0c22876a80a61e1b065fa34c55ee7e887927d4371068c3ee49384f001b11c51d3cb120171c4bca72e33905a46,gx-no-cache=1711119772112 HTTP/1.1" 200 30
191.126.45.30 - - [22/Mar/2024:12:05:52 -0300] "GET /cormun/servlet/solicitudot?c87e36c0c22876a80a61e1b065fa34c5c023c4dbc9bdaec726d8c04c2e3bf6007814b983b7c53809614f3a2d7c3924853415f69691ab0009f218076550652d347180663c8f36eb85006cfd742ab1c122,gx-no-cache=1711119772164 HTTP/1.1" 200 30
191.126.45.30 - - [22/Mar/2024:12:05:52 -0300] "GET /cormun/servlet/solicitudot?c87e36c0c22876a80a61e1b065fa34c574fe36956e3e0da63e4be8857288942a61c3420357e8693320610a953a25161d57e76ba4c7209c15afaf268621a5a781,gx-no-cache=1711119772210 HTTP/1.1" 200 53
191.126.45.30 - - [22/Mar/2024:12:05:52 -0300] "POST /cormun/servlet/solicitudot?gx-no-cache=1711119772266 HTTP/1.1" 200 297
190.171.153.50 - - [22/Mar/2024:12:05:52 -0300] "POST /cormun/servlet/solicitudot?gx-no-cache=1711119774894 HTTP/1.1" 200 30
191.126.45.30 - - [22/Mar/2024:12:05:52 -0300] "GET /cormun/servlet/solicitudot?c87e36c0c22876a80a61e1b065fa34c5bc5c9fe4b869d418091a60bf50b38c23e1a61cd48fd9e3f7f41a753fe987b8940b0d5da2d27ff756eb8289412db23d0f5dd4a94f6bb813da506663e95ce25865d4c884ba46aba429ac4f1ecdfbb9d1378266397c2ae7a2a3714bf39d91c6eed659b13f692655587536639a3cd096d40b7b0b383162f75f2f7c808f821008998269f9b5c5367155e5f8a889613be956935bd8e2d7e4fb81345722a1944612b4384a330a7438e28fc10477f36184c591d18bf7fae105a552eaa2e793510c60f0d1074d2a5e00fbda9d602cb436322b4cc39c80c464f323e6af364d5bb98bce454858cfe09bec37636ffb979e61972d3fa36ada6d47bcdf6ff275917ce672e9adc8b4b3a07a039e387e430bcffc5e590a8f9ad20f71aac4f3138d2d7cdda7ac998c746501c4b8baaa0c41dd9edd6bae186f185c4d8714ad3e49f5b70362acd786e20066d116c53a1a89626b24b26e2f83afa5d3a3f03fade91c219db7967a59f54ae4bcdde871cddb17fd46983dc4c4a266de91bad51406b78df181bd9807e3f169,gx-no-cache=1711119772325 HTTP/1.1" 200 30
191.126.45.30 - - [22/Mar/2024:12:05:53 -0300] "POST /cormun/servlet/solicitudot?gx-no-cache=1711119772375 HTTP/1.1" 200 30
191.126.45.30 - - [22/Mar/2024:12:05:53 -0300] "POST /cormun/servlet/solicitudot?gx-no-cache=1711119772448 HTTP/1.1" 200 1473
191.126.45.30 - - [22/Mar/2024:12:05:53 -0300] "POST /cormun/servlet/solicitudot?gx-no-cache=1711119772521 HTTP/1.1" 200 41
191.126.45.30 - - [22/Mar/2024:12:05:54 -0300] "GET /cormun/servlet/solicitudot?c87e36c0c22876a80a61e1b065fa34c5ac4cd950d5eb4db4a58eb582397035058c0c2d1729f8acce9324ba1fe0408ba9bedb02c68b7f408d77b690e8d37afd2f6d2cd470cb4e52ec3fd723305edad88de6b4b669f045bda1f43cb5b2e1d88daf5522123d372a90d50e9d91b921237015,gx-no-cache=1711119773875 HTTP/1.1" 200 110
191.126.45.30 - - [22/Mar/2024:12:05:54 -0300] "POST /cormun/servlet/solicitudot?gx-no-cache=1711119773927 HTTP/1.1" 200 97
191.126.45.30 - - [22/Mar/2024:12:05:57 -0300] "GET /cormun/servlet/solicitudot?c87e36c0c22876a80a61e1b065fa34c503a30497f227747463cae8409f9f5562745ba909809c90e5a8ce43388c5a76d7b3c970c24a605505983e98953f4d72a7b1919c571a06bfb16c8efa4a3c160c7663ddfdd2b3e3e2f092b148790f791e710750ee204fb6ddac418cc71c1af426c2,gx-no-cache=1711119776477 HTTP/1.1" 200 29
191.126.45.30 - - [22/Mar/2024:12:05:57 -0300] "GET /cormun/servlet/solicitudot?c87e36c0c22876a80a61e1b065fa34c580c71ca7a0981db44bd0c59c816b9f899199892a1892be1bc869c1fbfc942595,gx-no-cache=1711119776545 HTTP/1.1" 200 30
191.126.45.30 - - [22/Mar/2024:12:05:57 -0300] "POST /cormun/servlet/solicitudot?gx-no-cache=1711119776597 HTTP/1.1" 200 30
191.126.45.30 - - [22/Mar/2024:12:05:57 -0300] "POST /cormun/servlet/solicitudot?1609b275f2573bb82cab9578e04f1069,UPD,2024,21053,false,,gx-no-cache=1711119776659 HTTP/1.1" 200 93
191.126.45.30 - - [22/Mar/2024:12:05:57 -0300] "GET /cormun/servlet/hpexe_return? HTTP/1.1" 200 1015
191.126.45.30 - - [22/Mar/2024:12:05:57 -0300] "GET /cormun/servlet/trsolicitudot HTTP/1.1" 200 18805
190.171.153.50 - - [22/Mar/2024:12:05:58 -0300] "POST /cormun/servlet/solicitudot?e9cc729be8892fcd57750bd8d9d40c3e,INS,0,0,false,,gx-no-cache=1711119780072 HTTP/1.1" 200 93
190.171.153.50 - - [22/Mar/2024:12:05:58 -0300] "GET /cormun/servlet/hpexe_return? HTTP/1.1" 200 1004
190.171.153.50 - - [22/Mar/2024:12:05:58 -0300] "GET /cormun/servlet/trsolicitudot HTTP/1.1" 200 9327
190.171.153.50 - - [22/Mar/2024:12:06:04 -0300] "POST /cormun/servlet/trsolicitudot?e9cc729be8892fcd57750bd8d9d40c3e,gx-no-cache=1711119785974 HTTP/1.1" 200 107
190.171.153.50 - - [22/Mar/2024:12:06:04 -0300] "GET /cormun/servlet/trsolicitudadjuntos?2024,21054, HTTP/1.1" 200 6378
190.171.153.50 - - [22/Mar/2024:12:06:04 -0300] "GET /cormun/static/gxcfg.js?20201215574222 HTTP/1.1" 200 953
190.171.153.50 - - [22/Mar/2024:12:06:04 -0300] "GET /cormun/static/Resources/PXToolsGridNew.png HTTP/1.1" 200 427
190.171.153.50 - - [22/Mar/2024:12:06:04 -0300] "GET /cormun/static/trsolicitudadjuntos.js?20201215574932 HTTP/1.1" 200 17921
191.126.45.30 - - [22/Mar/2024:12:06:04 -0300] "POST /cormun/servlet/trsolicitudot?1609b275f2573bb82cab9578e04f1069,gx-no-cache=1711119783498 HTTP/1.1" 200 16369
191.126.45.30 - - [22/Mar/2024:12:06:06 -0300] "GET /cormun/static/Shared/jqueryui/images/ui-bg_highlight-soft_100_c6c2c8_1x100.png HTTP/1.1" 404 1117
191.126.45.30 - - [22/Mar/2024:12:06:06 -0300] "GET /cormun/static/Shared/jqueryui/images/ui-icons_82798d_256x240.png HTTP/1.1" 404 1089
191.126.45.30 - - [22/Mar/2024:12:06:06 -0300] "GET /cormun/static/Shared/jqueryui/images/ui-bg_flat_55_fafafa_40x100.png HTTP/1.1" 404 1097
191.126.45.30 - - [22/Mar/2024:12:06:06 -0300] "GET /cormun/static/Shared/jqueryui/images/ui-icons_8d78a5_256x240.png HTTP/1.1" 404 1089
190.171.153.50 - - [22/Mar/2024:12:06:07 -0300] "GET /cormun/servlet/solicitudotadjuntos?INS,2024,21054,,1, HTTP/1.1" 200 6324
190.171.153.50 - - [22/Mar/2024:12:06:07 -0300] "GET /cormun/static/gxcfg.js?202211298385187 HTTP/1.1" 200 953
190.171.153.50 - - [22/Mar/2024:12:06:07 -0300] "GET /cormun/static/solicitudotadjuntos.js?202211298385196 HTTP/1.1" 200 11771
190.171.153.50 - - [22/Mar/2024:12:06:08 -0300] "GET /cormun/static/about:blank HTTP/1.1" 404 1011
190.171.153.50 - - [22/Mar/2024:12:06:08 -0300] "GET /cormun/servlet/solicitudotadjuntos?a5bb6ccdd35afe2fe05e4036c8a20d743e83279a8888d1789755eaa06973089522c3b2a505118691b5595a6e4e058c18,gx-no-cache=1711119790522 HTTP/1.1" 200 30
190.171.153.50 - - [22/Mar/2024:12:06:08 -0300] "POST /cormun/servlet/solicitudotadjuntos?e9cc729be8892fcd57750bd8d9d40c3e,INS,2024,21054,,1,,gx-no-cache=1711119790538 HTTP/1.1" 200 4185
191.126.45.30 - - [22/Mar/2024:12:06:09 -0300] "POST /cormun/servlet/trsolicitudot?1609b275f2573bb82cab9578e04f1069,gx-no-cache=1711119788985 HTTP/1.1" 200 107
191.126.45.30 - - [22/Mar/2024:12:06:09 -0300] "GET /cormun/servlet/trsolicitudadjuntos?2024,21053, HTTP/1.1" 200 6023
190.171.153.50 - - [22/Mar/2024:12:06:09 -0300] "POST /cormun/servlet/solicitudotadjuntos?gx-no-cache=1711119791930 HTTP/1.1" 200 26
190.171.141.114 - - [22/Mar/2024:12:06:15 -0300] "POST /cormun/servlet/trsolicitudot?e0af1066d2267251ec7d5c842878f004,,gx-no-cache=1711119795667 HTTP/1.1" 200 107
190.171.141.114 - - [22/Mar/2024:12:06:15 -0300] "GET /cormun/servlet/trsolicitudadjuntos?2024,20962, HTTP/1.1" 200 10231
190.171.153.50 - - [22/Mar/2024:12:06:23 -0300] "GET /cormun/servlet/solicitudotadjuntos?a5bb6ccdd35afe2fe05e4036c8a20d748002dbe52990751972045747fb544447,gx-no-cache=1711119805428 HTTP/1.1" 200 30
190.171.153.50 - - [22/Mar/2024:12:06:23 -0300] "GET /cormun/servlet/solicitudotadjuntos?a5bb6ccdd35afe2fe05e4036c8a20d748002dbe52990751972045747fb544447,gx-no-cache=1711119805439 HTTP/1.1" 200 30
190.171.153.50 - - [22/Mar/2024:12:06:23 -0300] "POST /cormun/servlet/solicitudotadjuntos?e9cc729be8892fcd57750bd8d9d40c3e,INS,2024,21054,,1, HTTP/1.1" 200 116
190.171.153.50 - - [22/Mar/2024:12:06:23 -0300] "GET /cormun/servlet/hpexe_return? HTTP/1.1" 200 1021
190.171.153.50 - - [22/Mar/2024:12:06:23 -0300] "GET /cormun/servlet/trsolicitudadjuntos?2024,21054, HTTP/1.1" 200 9381
190.171.153.50 - - [22/Mar/2024:12:06:25 -0300] "GET /cormun/servlet/solicitudotadjuntos?INS,2024,21054,,1, HTTP/1.1" 200 6324
190.171.141.114 - - [22/Mar/2024:12:06:25 -0300] "GET /cormun/PublicTempStorage/cotizaciones3502968.pdf HTTP/1.1" 200 80279
190.171.153.50 - - [22/Mar/2024:12:06:25 -0300] "GET /cormun/static/about:blank HTTP/1.1" 404 1011
190.171.153.50 - - [22/Mar/2024:12:06:26 -0300] "GET /cormun/servlet/solicitudotadjuntos?a5bb6ccdd35afe2fe05e4036c8a20d743e83279a8888d1789755eaa06973089522c3b2a505118691b5595a6e4e058c18,gx-no-cache=1711119808371 HTTP/1.1" 200 30
190.171.153.50 - - [22/Mar/2024:12:06:26 -0300] "POST /cormun/servlet/solicitudotadjuntos?e9cc729be8892fcd57750bd8d9d40c3e,INS,2024,21054,,1,,gx-no-cache=1711119808390 HTTP/1.1" 200 4185
190.171.153.50 - - [22/Mar/2024:12:06:28 -0300] "POST /cormun/servlet/solicitudotadjuntos?gx-no-cache=1711119810244 HTTP/1.1" 200 26
190.171.153.50 - - [22/Mar/2024:12:06:35 -0300] "GET /cormun/servlet/solicitudotadjuntos?a5bb6ccdd35afe2fe05e4036c8a20d748002dbe52990751972045747fb544447,gx-no-cache=1711119817844 HTTP/1.1" 200 30
190.171.153.50 - - [22/Mar/2024:12:06:35 -0300] "GET /cormun/servlet/solicitudotadjuntos?a5bb6ccdd35afe2fe05e4036c8a20d748002dbe52990751972045747fb544447,gx-no-cache=1711119817855 HTTP/1.1" 200 30
190.171.153.50 - - [22/Mar/2024:12:06:35 -0300] "POST /cormun/servlet/solicitudotadjuntos?e9cc729be8892fcd57750bd8d9d40c3e,INS,2024,21054,,1, HTTP/1.1" 200 116
190.171.153.50 - - [22/Mar/2024:12:06:36 -0300] "GET /cormun/servlet/hpexe_return? HTTP/1.1" 200 1021
190.171.153.50 - - [22/Mar/2024:12:06:36 -0300] "GET /cormun/servlet/trsolicitudadjuntos?2024,21054, HTTP/1.1" 200 9618
190.171.153.50 - - [22/Mar/2024:12:06:39 -0300] "GET /cormun/servlet/solicitudotadjuntos?INS,2024,21054,,1, HTTP/1.1" 200 6324
190.171.153.50 - - [22/Mar/2024:12:06:39 -0300] "GET /cormun/static/about:blank HTTP/1.1" 404 1011
190.171.153.50 - - [22/Mar/2024:12:06:39 -0300] "GET /cormun/servlet/solicitudotadjuntos?a5bb6ccdd35afe2fe05e4036c8a20d743e83279a8888d1789755eaa06973089522c3b2a505118691b5595a6e4e058c18,gx-no-cache=1711119821873 HTTP/1.1" 200 30
190.171.153.50 - - [22/Mar/2024:12:06:39 -0300] "POST /cormun/servlet/solicitudotadjuntos?e9cc729be8892fcd57750bd8d9d40c3e,INS,2024,21054,,1,,gx-no-cache=1711119821887 HTTP/1.1" 200 4185
190.171.153.50 - - [22/Mar/2024:12:06:42 -0300] "POST /cormun/servlet/solicitudotadjuntos?gx-no-cache=1711119824292 HTTP/1.1" 200 26
191.126.45.30 - - [22/Mar/2024:12:06:57 -0300] "GET /cormun/servlet/solicitudotadjuntos?INS,2024,21053,,1, HTTP/1.1" 200 5961
191.126.45.30 - - [22/Mar/2024:12:06:57 -0300] "GET /cormun/static/about:blank HTTP/1.1" 404 1011
190.171.153.50 - - [22/Mar/2024:12:06:58 -0300] "GET /cormun/servlet/solicitudotadjuntos?a5bb6ccdd35afe2fe05e4036c8a20d748002dbe52990751972045747fb544447,gx-no-cache=1711119840124 HTTP/1.1" 200 30
190.171.153.50 - - [22/Mar/2024:12:06:58 -0300] "GET /cormun/servlet/solicitudotadjuntos?a5bb6ccdd35afe2fe05e4036c8a20d748002dbe52990751972045747fb544447,gx-no-cache=1711119840138 HTTP/1.1" 200 30
190.171.153.50 - - [22/Mar/2024:12:06:58 -0300] "POST /cormun/servlet/solicitudotadjuntos?e9cc729be8892fcd57750bd8d9d40c3e,INS,2024,21054,,1, HTTP/1.1" 200 116
190.171.153.50 - - [22/Mar/2024:12:06:58 -0300] "GET /cormun/servlet/hpexe_return? HTTP/1.1" 200 1021
190.171.153.50 - - [22/Mar/2024:12:06:58 -0300] "GET /cormun/servlet/trsolicitudadjuntos?2024,21054, HTTP/1.1" 200 9870
190.171.153.50 - - [22/Mar/2024:12:07:01 -0300] "GET /cormun/servlet/solicitudotadjuntos?INS,2024,21054,,1, HTTP/1.1" 200 6324
190.171.153.50 - - [22/Mar/2024:12:07:01 -0300] "GET /cormun/static/about:blank HTTP/1.1" 404 1011
190.171.153.50 - - [22/Mar/2024:12:07:02 -0300] "GET /cormun/servlet/solicitudotadjuntos?a5bb6ccdd35afe2fe05e4036c8a20d743e83279a8888d1789755eaa06973089522c3b2a505118691b5595a6e4e058c18,gx-no-cache=1711119844036 HTTP/1.1" 200 30
190.171.153.50 - - [22/Mar/2024:12:07:02 -0300] "POST /cormun/servlet/solicitudotadjuntos?e9cc729be8892fcd57750bd8d9d40c3e,INS,2024,21054,,1,,gx-no-cache=1711119844055 HTTP/1.1" 200 4185
191.126.45.30 - - [22/Mar/2024:12:07:02 -0300] "GET /cormun/servlet/solicitudotadjuntos?c87e36c0c22876a80a61e1b065fa34c50eaa2260c31c39ce05d9deadda956b4e1a909bbe16ff9a8029a48417560a915a,gx-no-cache=1711119841926 HTTP/1.1" 200 30
191.126.45.30 - - [22/Mar/2024:12:07:02 -0300] "POST /cormun/servlet/solicitudotadjuntos?1609b275f2573bb82cab9578e04f1069,INS,2024,21053,,1,,gx-no-cache=1711119841987 HTTP/1.1" 200 3870
191.126.45.30 - - [22/Mar/2024:12:07:05 -0300] "POST /cormun/servlet/solicitudotadjuntos?gx-no-cache=1711119845026 HTTP/1.1" 200 26
190.171.153.50 - - [22/Mar/2024:12:07:06 -0300] "POST /cormun/servlet/solicitudotadjuntos?gx-no-cache=1711119848612 HTTP/1.1" 200 26
190.171.153.50 - - [22/Mar/2024:12:07:17 -0300] "GET /cormun/servlet/solicitudotadjuntos?a5bb6ccdd35afe2fe05e4036c8a20d748002dbe52990751972045747fb544447,gx-no-cache=1711119859780 HTTP/1.1" 200 30
190.171.153.50 - - [22/Mar/2024:12:07:17 -0300] "GET /cormun/servlet/solicitudotadjuntos?a5bb6ccdd35afe2fe05e4036c8a20d748002dbe52990751972045747fb544447,gx-no-cache=1711119859790 HTTP/1.1" 200 30
190.171.153.50 - - [22/Mar/2024:12:07:17 -0300] "POST /cormun/servlet/solicitudotadjuntos?e9cc729be8892fcd57750bd8d9d40c3e,INS,2024,21054,,1, HTTP/1.1" 200 116
190.171.153.50 - - [22/Mar/2024:12:07:17 -0300] "GET /cormun/servlet/hpexe_return? HTTP/1.1" 200 1021
190.171.153.50 - - [22/Mar/2024:12:07:18 -0300] "GET /cormun/servlet/trsolicitudadjuntos?2024,21054, HTTP/1.1" 200 10170
191.126.45.30 - - [22/Mar/2024:12:07:19 -0300] "GET /cormun/servlet/solicitudotadjuntos?c87e36c0c22876a80a61e1b065fa34c53cfff52268797d5cce10c44c519b3fbe,gx-no-cache=1711119858852 HTTP/1.1" 200 30
191.126.45.30 - - [22/Mar/2024:12:07:19 -0300] "GET /cormun/servlet/solicitudotadjuntos?c87e36c0c22876a80a61e1b065fa34c53cfff52268797d5cce10c44c519b3fbe,gx-no-cache=1711119858889 HTTP/1.1" 200 30
190.171.153.50 - - [22/Mar/2024:12:07:21 -0300] "GET /cormun/servlet/solicitudotadjuntos?INS,2024,21054,,1, HTTP/1.1" 200 6323
190.171.153.50 - - [22/Mar/2024:12:07:21 -0300] "GET /cormun/static/about:blank HTTP/1.1" 404 1011
190.171.153.50 - - [22/Mar/2024:12:07:22 -0300] "GET /cormun/servlet/solicitudotadjuntos?a5bb6ccdd35afe2fe05e4036c8a20d743e83279a8888d1789755eaa06973089522c3b2a505118691b5595a6e4e058c18,gx-no-cache=1711119864174 HTTP/1.1" 200 30
190.171.153.50 - - [22/Mar/2024:12:07:22 -0300] "POST /cormun/servlet/solicitudotadjuntos?e9cc729be8892fcd57750bd8d9d40c3e,INS,2024,21054,,1,,gx-no-cache=1711119864190 HTTP/1.1" 200 4184
191.126.45.30 - - [22/Mar/2024:12:07:25 -0300] "POST /cormun/servlet/solicitudotadjuntos?1609b275f2573bb82cab9578e04f1069,INS,2024,21053,,1, HTTP/1.1" 200 116
191.126.45.30 - - [22/Mar/2024:12:07:26 -0300] "GET /cormun/servlet/hpexe_return? HTTP/1.1" 200 1026
191.126.45.30 - - [22/Mar/2024:12:07:26 -0300] "GET /cormun/servlet/trsolicitudadjuntos?2024,21053, HTTP/1.1" 200 8963
190.171.153.50 - - [22/Mar/2024:12:07:28 -0300] "POST /cormun/servlet/solicitudotadjuntos?gx-no-cache=1711119869981 HTTP/1.1" 200 26
191.126.45.30 - - [22/Mar/2024:12:07:29 -0300] "GET /cormun/servlet/solicitudotadjuntos?INS,2024,21053,,1, HTTP/1.1" 200 5962
191.126.45.30 - - [22/Mar/2024:12:07:29 -0300] "GET /cormun/static/about:blank HTTP/1.1" 404 1011
191.126.45.30 - - [22/Mar/2024:12:07:29 -0300] "GET /cormun/servlet/solicitudotadjuntos?c87e36c0c22876a80a61e1b065fa34c50eaa2260c31c39ce05d9deadda956b4e1a909bbe16ff9a8029a48417560a915a,gx-no-cache=1711119869269 HTTP/1.1" 200 30
191.126.45.30 - - [22/Mar/2024:12:07:30 -0300] "POST /cormun/servlet/solicitudotadjuntos?1609b275f2573bb82cab9578e04f1069,INS,2024,21053,,1,,gx-no-cache=1711119869333 HTTP/1.1" 200 3869
190.171.153.50 - - [22/Mar/2024:12:07:40 -0300] "GET /cormun/servlet/solicitudotadjuntos?a5bb6ccdd35afe2fe05e4036c8a20d748002dbe52990751972045747fb544447,gx-no-cache=1711119882252 HTTP/1.1" 200 30
190.171.153.50 - - [22/Mar/2024:12:07:40 -0300] "GET /cormun/servlet/solicitudotadjuntos?a5bb6ccdd35afe2fe05e4036c8a20d748002dbe52990751972045747fb544447,gx-no-cache=1711119882263 HTTP/1.1" 200 30
190.171.153.50 - - [22/Mar/2024:12:07:40 -0300] "POST /cormun/servlet/solicitudotadjuntos?e9cc729be8892fcd57750bd8d9d40c3e,INS,2024,21054,,1, HTTP/1.1" 200 116
190.171.153.50 - - [22/Mar/2024:12:07:40 -0300] "GET /cormun/servlet/hpexe_return? HTTP/1.1" 200 1021
190.171.153.50 - - [22/Mar/2024:12:07:40 -0300] "GET /cormun/servlet/trsolicitudadjuntos?2024,21054, HTTP/1.1" 200 10473
191.126.45.30 - - [22/Mar/2024:12:07:48 -0300] "POST /cormun/servlet/solicitudotadjuntos?gx-no-cache=1711119887973 HTTP/1.1" 200 26
190.171.153.50 - - [22/Mar/2024:12:07:55 -0300] "GET /cormun/servlet/hlogin HTTP/1.1" 200 1745
191.126.45.30 - - [22/Mar/2024:12:07:55 -0300] "GET /cormun/servlet/solicitudotadjuntos?c87e36c0c22876a80a61e1b065fa34c53cfff52268797d5cce10c44c519b3fbe,gx-no-cache=1711119894796 HTTP/1.1" 200 30
191.126.45.30 - - [22/Mar/2024:12:07:55 -0300] "GET /cormun/servlet/solicitudotadjuntos?c87e36c0c22876a80a61e1b065fa34c53cfff52268797d5cce10c44c519b3fbe,gx-no-cache=1711119894838 HTTP/1.1" 200 30
