190.171.149.74 - - [22/Mar/2024:11:24:14 -0300] "GET /cormun/servlet/solicitudotadjuntos?032b6a969c5189241fa948009b1d4f2bdbfe6b6956895d12c07571a21b99184a,gx-no-cache=1711117274388 HTTP/1.1" 200 30
190.171.149.74 - - [22/Mar/2024:11:24:14 -0300] "GET /cormun/servlet/solicitudotadjuntos?032b6a969c5189241fa948009b1d4f2bdbfe6b6956895d12c07571a21b99184a,gx-no-cache=1711117274408 HTTP/1.1" 200 30
190.171.149.74 - - [22/Mar/2024:11:24:14 -0300] "POST /cormun/servlet/solicitudotadjuntos?4f31da19d42ba6f6886885744635f804,INS,2024,21050,,1, HTTP/1.1" 200 116
190.171.149.74 - - [22/Mar/2024:11:24:14 -0300] "GET /cormun/servlet/hpexe_return? HTTP/1.1" 200 1024
190.171.149.74 - - [22/Mar/2024:11:24:14 -0300] "GET /cormun/servlet/trsolicitudadjuntos?2024,21050, HTTP/1.1" 200 9442
190.171.149.74 - - [22/Mar/2024:11:24:16 -0300] "GET /cormun/servlet/solicitudotadjuntos?INS,2024,21050,,1, HTTP/1.1" 200 6032
190.171.149.74 - - [22/Mar/2024:11:24:16 -0300] "GET /cormun/static/about:blank HTTP/1.1" 404 1011
190.171.149.74 - - [22/Mar/2024:11:24:17 -0300] "GET /cormun/servlet/solicitudotadjuntos?032b6a969c5189241fa948009b1d4f2bd88eae162a639a39f609053f32d579202942e699fe8b18116d7a1de0ce273611,gx-no-cache=1711117277170 HTTP/1.1" 200 30
190.171.149.74 - - [22/Mar/2024:11:24:17 -0300] "POST /cormun/servlet/solicitudotadjuntos?4f31da19d42ba6f6886885744635f804,INS,2024,21050,,1,,gx-no-cache=1711117277189 HTTP/1.1" 200 3901
190.171.149.74 - - [22/Mar/2024:11:24:20 -0300] "POST /cormun/servlet/solicitudotadjuntos?gx-no-cache=1711117279732 HTTP/1.1" 200 26
190.171.149.74 - - [22/Mar/2024:11:24:26 -0300] "GET /cormun/servlet/solicitudotadjuntos?032b6a969c5189241fa948009b1d4f2bdbfe6b6956895d12c07571a21b99184a,gx-no-cache=1711117286173 HTTP/1.1" 200 30
190.171.149.74 - - [22/Mar/2024:11:24:26 -0300] "GET /cormun/servlet/solicitudotadjuntos?032b6a969c5189241fa948009b1d4f2bdbfe6b6956895d12c07571a21b99184a,gx-no-cache=1711117286186 HTTP/1.1" 200 30
190.171.149.74 - - [22/Mar/2024:11:24:27 -0300] "POST /cormun/servlet/solicitudotadjuntos?4f31da19d42ba6f6886885744635f804,INS,2024,21050,,1, HTTP/1.1" 200 116
190.171.149.74 - - [22/Mar/2024:11:24:27 -0300] "GET /cormun/servlet/hpexe_return? HTTP/1.1" 200 1024
190.171.149.74 - - [22/Mar/2024:11:24:27 -0300] "GET /cormun/servlet/trsolicitudadjuntos?2024,21050, HTTP/1.1" 200 9723
190.171.149.74 - - [22/Mar/2024:11:24:29 -0300] "GET /cormun/servlet/solicitudotadjuntos?INS,2024,21050,,1, HTTP/1.1" 200 6032
190.171.149.74 - - [22/Mar/2024:11:24:29 -0300] "GET /cormun/static/about:blank HTTP/1.1" 404 1011
190.171.149.74 - - [22/Mar/2024:11:24:30 -0300] "GET /cormun/servlet/solicitudotadjuntos?032b6a969c5189241fa948009b1d4f2bd88eae162a639a39f609053f32d579202942e699fe8b18116d7a1de0ce273611,gx-no-cache=1711117289738 HTTP/1.1" 200 30
190.171.149.74 - - [22/Mar/2024:11:24:30 -0300] "POST /cormun/servlet/solicitudotadjuntos?4f31da19d42ba6f6886885744635f804,INS,2024,21050,,1,,gx-no-cache=1711117289766 HTTP/1.1" 200 3901
190.171.149.74 - - [22/Mar/2024:11:24:32 -0300] "POST /cormun/servlet/solicitudotadjuntos?gx-no-cache=1711117292062 HTTP/1.1" 200 26
190.171.149.74 - - [22/Mar/2024:11:24:38 -0300] "GET /cormun/servlet/solicitudotadjuntos?032b6a969c5189241fa948009b1d4f2bdbfe6b6956895d12c07571a21b99184a,gx-no-cache=1711117297965 HTTP/1.1" 200 30
190.171.149.74 - - [22/Mar/2024:11:24:38 -0300] "GET /cormun/servlet/solicitudotadjuntos?032b6a969c5189241fa948009b1d4f2bdbfe6b6956895d12c07571a21b99184a,gx-no-cache=1711117297979 HTTP/1.1" 200 30
190.171.149.74 - - [22/Mar/2024:11:24:38 -0300] "POST /cormun/servlet/solicitudotadjuntos?4f31da19d42ba6f6886885744635f804,INS,2024,21050,,1, HTTP/1.1" 200 116
190.171.149.74 - - [22/Mar/2024:11:24:38 -0300] "GET /cormun/servlet/hpexe_return? HTTP/1.1" 200 1024
190.171.149.74 - - [22/Mar/2024:11:24:38 -0300] "GET /cormun/servlet/trsolicitudadjuntos?2024,21050, HTTP/1.1" 200 10016
190.171.149.74 - - [22/Mar/2024:11:24:40 -0300] "GET /cormun/servlet/solicitudotadjuntos?INS,2024,21050,,1, HTTP/1.1" 200 6032
190.171.149.74 - - [22/Mar/2024:11:24:40 -0300] "GET /cormun/static/about:blank HTTP/1.1" 404 1011
190.171.149.74 - - [22/Mar/2024:11:24:41 -0300] "GET /cormun/servlet/solicitudotadjuntos?032b6a969c5189241fa948009b1d4f2bd88eae162a639a39f609053f32d579202942e699fe8b18116d7a1de0ce273611,gx-no-cache=1711117300987 HTTP/1.1" 200 30
190.171.149.74 - - [22/Mar/2024:11:24:41 -0300] "POST /cormun/servlet/solicitudotadjuntos?4f31da19d42ba6f6886885744635f804,INS,2024,21050,,1,,gx-no-cache=1711117301005 HTTP/1.1" 200 3901
190.171.149.74 - - [22/Mar/2024:11:24:43 -0300] "POST /cormun/servlet/solicitudotadjuntos?gx-no-cache=1711117303150 HTTP/1.1" 200 26
190.171.149.74 - - [22/Mar/2024:11:24:48 -0300] "GET /cormun/servlet/solicitudotadjuntos?032b6a969c5189241fa948009b1d4f2bdbfe6b6956895d12c07571a21b99184a,gx-no-cache=1711117308365 HTTP/1.1" 200 30
190.171.149.74 - - [22/Mar/2024:11:24:48 -0300] "GET /cormun/servlet/solicitudotadjuntos?032b6a969c5189241fa948009b1d4f2bdbfe6b6956895d12c07571a21b99184a,gx-no-cache=1711117308379 HTTP/1.1" 200 30
190.171.149.74 - - [22/Mar/2024:11:24:48 -0300] "POST /cormun/servlet/solicitudotadjuntos?4f31da19d42ba6f6886885744635f804,INS,2024,21050,,1, HTTP/1.1" 200 116
190.171.149.74 - - [22/Mar/2024:11:24:48 -0300] "GET /cormun/servlet/hpexe_return? HTTP/1.1" 200 1024
190.171.149.74 - - [22/Mar/2024:11:24:49 -0300] "GET /cormun/servlet/trsolicitudadjuntos?2024,21050, HTTP/1.1" 200 10175
190.171.149.74 - - [22/Mar/2024:11:24:52 -0300] "GET /cormun/servlet/trsolicitudot? HTTP/1.1" 200 8602
190.171.149.74 - - [22/Mar/2024:11:24:56 -0300] "POST /cormun/servlet/trsolicitudot?4f31da19d42ba6f6886885744635f804,,gx-no-cache=1711117315919 HTTP/1.1" 200 4569
190.171.149.74 - - [22/Mar/2024:11:24:56 -0300] "GET /cormun/static/Shared/jqueryui/images/ui-bg_highlight-soft_100_c6c2c8_1x100.png HTTP/1.1" 404 1117
190.171.149.74 - - [22/Mar/2024:11:24:56 -0300] "GET /cormun/static/Shared/jqueryui/images/ui-icons_82798d_256x240.png HTTP/1.1" 404 1089
190.171.149.74 - - [22/Mar/2024:11:24:56 -0300] "GET /cormun/static/Shared/jqueryui/images/ui-bg_flat_55_fafafa_40x100.png HTTP/1.1" 404 1097
190.171.149.74 - - [22/Mar/2024:11:24:56 -0300] "GET /cormun/static/Shared/jqueryui/images/ui-icons_8d78a5_256x240.png HTTP/1.1" 404 1089
190.171.149.74 - - [22/Mar/2024:11:24:56 -0300] "POST /cormun/servlet/trsolicitudot?4f31da19d42ba6f6886885744635f804,,gx-no-cache=1711117316033 HTTP/1.1" 200 4338
190.171.149.74 - - [22/Mar/2024:11:24:58 -0300] "GET /cormun/servlet/solicitudot?INS,0,0,false, HTTP/1.1" 200 15958
190.171.149.74 - - [22/Mar/2024:11:25:06 -0300] "POST /cormun/servlet/solicitudot?gx-no-cache=1711117326072 HTTP/1.1" 200 4022
190.171.149.74 - - [22/Mar/2024:11:25:06 -0300] "POST /cormun/servlet/solicitudot?4f31da19d42ba6f6886885744635f804,INS,0,0,false,,gx-no-cache=1711117326191 HTTP/1.1" 200 12588
190.171.149.74 - - [22/Mar/2024:11:25:06 -0300] "GET /cormun/servlet/solicitudot?032b6a969c5189241fa948009b1d4f2b7eeb0a23ba84bb463c54f01ff7e00c5f444440d854ce78693756e7ca35d23118,gx-no-cache=1711117326505 HTTP/1.1" 200 30
190.171.149.74 - - [22/Mar/2024:11:25:54 -0300] "GET /cormun/servlet/prbanco?,MD,,gxPopupLevel%3D0%3B HTTP/1.1" 200 6582
190.171.152.114 - - [22/Mar/2024:11:25:56 -0300] "GET /cormun/servlet/hlogin HTTP/1.1" 200 1717
190.171.152.114 - - [22/Mar/2024:11:25:56 -0300] "GET /cormun/servlet/hlogin HTTP/1.1" 200 1727
190.171.149.74 - - [22/Mar/2024:11:25:56 -0300] "GET /cormun/servlet/solicitudot?032b6a969c5189241fa948009b1d4f2b8aabf0829d09206fd2cc0a1e10f81932079e2a52287696a9d3db6252b6bf1555444440d854ce78693756e7ca35d23118,gx-no-cache=1711117376524 HTTP/1.1" 200 30
190.171.149.74 - - [22/Mar/2024:11:25:58 -0300] "GET /cormun/servlet/solicitudot?032b6a969c5189241fa948009b1d4f2bf51a5f32fefe9e2a2a908596c343f00c,gx-no-cache=1711117377750 HTTP/1.1" 200 45
190.171.149.74 - - [22/Mar/2024:11:26:11 -0300] "POST /cormun/servlet/solicitudot?gx-no-cache=1711117391141 HTTP/1.1" 200 255
190.171.149.74 - - [22/Mar/2024:11:26:13 -0300] "GET /cormun/servlet/solicitudot?032b6a969c5189241fa948009b1d4f2bbba684cebb58b41ba398ef57fca37223cb34d13d04e7439a3a2833292c7df46ce76cf0c8723f28cfb2e0ce91286b8cd6bab29c8168cdddb602e69a53001ba5fc07798209ced7b3978540e44d5ecf1f05c65771c027e171c52bf21f33633e8b0493df0cda182d430f4e07f4ee5d02aaca305bb779bfb5ad6fc1a10aaae453d767a02ffb9ead50bfbf063ac639e94f82272a13d358f9d0051c49d11413eed3725b6f69094eeaf139ed88e9b8a82f1d54acd55cb2484dd93a4a7fef07921e392615b8bd814d08ef30a82cf9fb93cfb3374a2ab8951cac1d2052b44dd0cca26b8b0a837e44cf4dbc589b77ae72f7037eac68e88d90a2063a20073c535a89f50e7b6f668e7e6ad572eac09e07e84527b4860cb650e09de2f38f14e1ec91ab02b875962956ff1576950b48474d198acdab0600a0d24624570d287046c2ab1dba8927c779c6e13cf09d2b8f4404d7400fd538cab547139ef929e3717101659f85962ad5efc037988d8af05ac972c6381c76a3d5,gx-no-cache=1711117393518 HTTP/1.1" 200 30
190.171.152.114 - - [22/Mar/2024:11:26:14 -0300] "POST /cormun/servlet/hlogin?9285dbfab3fc1e3135af4259a95d00c0,gx-no-cache=1711117394673 HTTP/1.1" 200 90
190.171.152.114 - - [22/Mar/2024:11:26:14 -0300] "GET /cormun/servlet/hpexe_link HTTP/1.1" 200 949
190.171.152.114 - - [22/Mar/2024:11:26:14 -0300] "GET /cormun/servlet/hhome HTTP/1.1" 200 4326
190.171.149.74 - - [22/Mar/2024:11:26:16 -0300] "POST /cormun/servlet/solicitudot?gx-no-cache=1711117396012 HTTP/1.1" 200 30
190.171.149.74 - - [22/Mar/2024:11:26:17 -0300] "POST /cormun/servlet/solicitudot?gx-no-cache=1711117396995 HTTP/1.1" 200 1472
190.171.149.74 - - [22/Mar/2024:11:26:17 -0300] "POST /cormun/servlet/solicitudot?gx-no-cache=1711117397021 HTTP/1.1" 200 38
190.171.152.114 - - [22/Mar/2024:11:26:20 -0300] "GET /cormun/servlet/trlicencias? HTTP/1.1" 200 11363
190.171.149.74 - - [22/Mar/2024:11:26:25 -0300] "GET /cormun/servlet/solicitudot?032b6a969c5189241fa948009b1d4f2b2ee73c33fe3adb02b92b8a3ac53f7cd0edb771cb7fd7ae9e943f23b43258e3c84c4b173f18e584f3c3996929e38793a2960c50d8277ec5cffd8a18b1cd059fc7cc5724be256aa5f6cf9e024c5e8138dac19e8a6ed52c7c1e9845543be0072632,gx-no-cache=1711117405087 HTTP/1.1" 200 110
190.171.149.74 - - [22/Mar/2024:11:26:42 -0300] "POST /cormun/servlet/solicitudot?gx-no-cache=1711117422542 HTTP/1.1" 200 97
190.171.149.74 - - [22/Mar/2024:11:26:50 -0300] "GET /cormun/servlet/solicitudot?032b6a969c5189241fa948009b1d4f2b4b9b397c4a526d1af140eeff3bbefdf2b2d55f2ef5705cae811450674f0952400b95810b54fa200b9f5a8e63e83c042b92a3cd6742c6e836598118d21f08faf6880f453d21a3986a10a83dfc03c713a6b46ff2a2e5b62ed3f850504aeb99b82f,gx-no-cache=1711117430068 HTTP/1.1" 200 29
190.171.149.74 - - [22/Mar/2024:11:26:52 -0300] "GET /cormun/servlet/solicitudot?032b6a969c5189241fa948009b1d4f2b8617669b384c47c6cd5a7e90451c13ae52b3bc4abe01c55cb63f01a52af61ff5,gx-no-cache=1711117432403 HTTP/1.1" 200 30
190.171.134.178 - - [22/Mar/2024:11:26:53 -0300] "GET /cormun/servlet/hlogin HTTP/1.1" 200 1728
190.171.149.74 - - [22/Mar/2024:11:26:59 -0300] "POST /cormun/servlet/solicitudot?gx-no-cache=1711117438895 HTTP/1.1" 200 30
190.171.149.74 - - [22/Mar/2024:11:27:04 -0300] "POST /cormun/servlet/solicitudot?4f31da19d42ba6f6886885744635f804,INS,0,0,false,,gx-no-cache=1711117443688 HTTP/1.1" 200 93
190.171.149.74 - - [22/Mar/2024:11:27:04 -0300] "GET /cormun/servlet/hpexe_return? HTTP/1.1" 200 1007
190.171.149.74 - - [22/Mar/2024:11:27:04 -0300] "GET /cormun/servlet/trsolicitudot? HTTP/1.1" 200 8605
190.171.134.178 - - [22/Mar/2024:11:27:04 -0300] "POST /cormun/servlet/hlogin?f8229b5b09d45d69d23878ac27bb90e9,gx-no-cache=1711117444786 HTTP/1.1" 200 90
190.171.134.178 - - [22/Mar/2024:11:27:04 -0300] "GET /cormun/servlet/hpexe_link HTTP/1.1" 200 957
190.171.134.178 - - [22/Mar/2024:11:27:04 -0300] "GET /cormun/servlet/hhome HTTP/1.1" 200 3946
190.171.134.178 - - [22/Mar/2024:11:27:04 -0300] "GET /cormun/servlet/hhome HTTP/1.1" 200 3942
190.171.134.178 - - [22/Mar/2024:11:27:08 -0300] "GET /cormun/servlet/trsolicitudot? HTTP/1.1" 200 9519
190.171.134.178 - - [22/Mar/2024:11:27:08 -0300] "GET /cormun/servlet/trsolicitudot? HTTP/1.1" 200 9518
190.171.153.50 - - [22/Mar/2024:11:27:11 -0300] "GET /cormun/servlet/hlogin HTTP/1.1" 200 1730
190.171.134.178 - - [22/Mar/2024:11:27:16 -0300] "GET /cormun/servlet/solicitudot?INS,0,0,false, HTTP/1.1" 200 15918
190.171.134.178 - - [22/Mar/2024:11:27:16 -0300] "GET /cormun/servlet/solicitudot?INS,0,0,false, HTTP/1.1" 200 15926
190.171.153.50 - - [22/Mar/2024:11:27:18 -0300] "POST /cormun/servlet/hlogin?e9cc729be8892fcd57750bd8d9d40c3e,gx-no-cache=1711117460479 HTTP/1.1" 200 90
190.171.153.50 - - [22/Mar/2024:11:27:18 -0300] "GET /cormun/servlet/hpexe_link HTTP/1.1" 200 946
190.171.153.50 - - [22/Mar/2024:11:27:18 -0300] "GET /cormun/servlet/hhome HTTP/1.1" 200 4273
190.171.153.50 - - [22/Mar/2024:11:27:21 -0300] "GET /cormun/servlet/trsolicitudot? HTTP/1.1" 200 8899
190.171.149.74 - - [22/Mar/2024:11:27:30 -0300] "POST /cormun/servlet/trsolicitudot?4f31da19d42ba6f6886885744635f804,,gx-no-cache=1711117469951 HTTP/1.1" 200 106
190.171.149.74 - - [22/Mar/2024:11:27:30 -0300] "GET /cormun/servlet/trsolicitudadjuntos?2024,21051, HTTP/1.1" 200 6090
190.171.149.74 - - [22/Mar/2024:11:27:32 -0300] "GET /cormun/servlet/solicitudotadjuntos?INS,2024,21051,,1, HTTP/1.1" 200 6032
190.171.149.74 - - [22/Mar/2024:11:27:32 -0300] "GET /cormun/static/about:blank HTTP/1.1" 404 1011
190.171.149.74 - - [22/Mar/2024:11:27:32 -0300] "GET /cormun/servlet/solicitudotadjuntos?032b6a969c5189241fa948009b1d4f2b84f350071f5930208c1b286036d182892942e699fe8b18116d7a1de0ce273611,gx-no-cache=1711117472565 HTTP/1.1" 200 30
190.171.149.74 - - [22/Mar/2024:11:27:32 -0300] "POST /cormun/servlet/solicitudotadjuntos?4f31da19d42ba6f6886885744635f804,INS,2024,21051,,1,,gx-no-cache=1711117472593 HTTP/1.1" 200 3899
190.171.149.74 - - [22/Mar/2024:11:27:34 -0300] "POST /cormun/servlet/solicitudotadjuntos?gx-no-cache=1711117473975 HTTP/1.1" 200 26
190.171.149.74 - - [22/Mar/2024:11:27:38 -0300] "GET /cormun/servlet/solicitudotadjuntos?032b6a969c5189241fa948009b1d4f2bdbfe6b6956895d12c07571a21b99184a,gx-no-cache=1711117477964 HTTP/1.1" 200 30
190.171.149.74 - - [22/Mar/2024:11:27:38 -0300] "GET /cormun/servlet/solicitudotadjuntos?032b6a969c5189241fa948009b1d4f2bdbfe6b6956895d12c07571a21b99184a,gx-no-cache=1711117477979 HTTP/1.1" 200 30
190.171.149.74 - - [22/Mar/2024:11:27:38 -0300] "POST /cormun/servlet/solicitudotadjuntos?4f31da19d42ba6f6886885744635f804,INS,2024,21051,,1, HTTP/1.1" 200 116
190.171.149.74 - - [22/Mar/2024:11:27:38 -0300] "GET /cormun/servlet/hpexe_return? HTTP/1.1" 200 1024
190.171.149.74 - - [22/Mar/2024:11:27:38 -0300] "GET /cormun/servlet/trsolicitudadjuntos?2024,21051, HTTP/1.1" 200 9000
190.171.149.74 - - [22/Mar/2024:11:27:40 -0300] "GET /cormun/servlet/solicitudotadjuntos?INS,2024,21051,,1, HTTP/1.1" 200 6032
190.171.149.74 - - [22/Mar/2024:11:27:40 -0300] "GET /cormun/static/about:blank HTTP/1.1" 404 1011
190.171.149.74 - - [22/Mar/2024:11:27:40 -0300] "GET /cormun/servlet/solicitudotadjuntos?032b6a969c5189241fa948009b1d4f2b84f350071f5930208c1b286036d182892942e699fe8b18116d7a1de0ce273611,gx-no-cache=1711117480584 HTTP/1.1" 200 30
190.171.149.74 - - [22/Mar/2024:11:27:40 -0300] "POST /cormun/servlet/solicitudotadjuntos?4f31da19d42ba6f6886885744635f804,INS,2024,21051,,1,,gx-no-cache=1711117480601 HTTP/1.1" 200 3899
190.171.149.74 - - [22/Mar/2024:11:27:43 -0300] "POST /cormun/servlet/solicitudotadjuntos?gx-no-cache=1711117482732 HTTP/1.1" 200 26
190.171.134.178 - - [22/Mar/2024:11:28:01 -0300] "POST /cormun/servlet/solicitudot?gx-no-cache=1711117501866 HTTP/1.1" 200 4031
190.171.134.178 - - [22/Mar/2024:11:28:01 -0300] "POST /cormun/servlet/solicitudot?f8229b5b09d45d69d23878ac27bb90e9,INS,0,0,false,,gx-no-cache=1711117502024 HTTP/1.1" 200 12609
190.171.149.74 - - [22/Mar/2024:11:28:02 -0300] "GET /cormun/servlet/solicitudotadjuntos?032b6a969c5189241fa948009b1d4f2bdbfe6b6956895d12c07571a21b99184a,gx-no-cache=1711117502612 HTTP/1.1" 200 30
190.171.149.74 - - [22/Mar/2024:11:28:02 -0300] "GET /cormun/servlet/solicitudotadjuntos?032b6a969c5189241fa948009b1d4f2bdbfe6b6956895d12c07571a21b99184a,gx-no-cache=1711117502625 HTTP/1.1" 200 30
190.171.149.74 - - [22/Mar/2024:11:28:03 -0300] "POST /cormun/servlet/solicitudotadjuntos?4f31da19d42ba6f6886885744635f804,INS,2024,21051,,1, HTTP/1.1" 200 116
190.171.149.74 - - [22/Mar/2024:11:28:03 -0300] "GET /cormun/servlet/hpexe_return? HTTP/1.1" 200 1024
190.171.149.74 - - [22/Mar/2024:11:28:03 -0300] "GET /cormun/servlet/trsolicitudadjuntos?2024,21051, HTTP/1.1" 200 9234
190.171.149.74 - - [22/Mar/2024:11:28:05 -0300] "GET /cormun/servlet/solicitudotadjuntos?INS,2024,21051,,1, HTTP/1.1" 200 6032
190.171.149.74 - - [22/Mar/2024:11:28:05 -0300] "GET /cormun/static/about:blank HTTP/1.1" 404 1011
190.171.134.178 - - [22/Mar/2024:11:28:05 -0300] "GET /cormun/servlet/solicitudot?5f8488557e57c1e3d26ee6cd2626d83fd7c9c7ab915bad258f3045958982376e2deb60af51a5eeb13a59c5f55a1712a9,gx-no-cache=1711117506303 HTTP/1.1" 200 30
190.171.149.74 - - [22/Mar/2024:11:28:06 -0300] "GET /cormun/servlet/solicitudotadjuntos?032b6a969c5189241fa948009b1d4f2b84f350071f5930208c1b286036d182892942e699fe8b18116d7a1de0ce273611,gx-no-cache=1711117506003 HTTP/1.1" 200 30
190.171.149.74 - - [22/Mar/2024:11:28:06 -0300] "POST /cormun/servlet/solicitudotadjuntos?4f31da19d42ba6f6886885744635f804,INS,2024,21051,,1,,gx-no-cache=1711117506032 HTTP/1.1" 200 3899
190.171.149.74 - - [22/Mar/2024:11:28:08 -0300] "POST /cormun/servlet/solicitudotadjuntos?gx-no-cache=1711117508644 HTTP/1.1" 200 26
190.171.134.178 - - [22/Mar/2024:11:29:16 -0300] "GET /cormun/servlet/solicitudot?5f8488557e57c1e3d26ee6cd2626d83f89c4f6626061126d22f9dd72a9e78723,gx-no-cache=1711117577200 HTTP/1.1" 200 94
190.171.134.178 - - [22/Mar/2024:11:29:16 -0300] "GET /cormun/static/Shared/jqueryui/images/ui-bg_highlight-soft_100_c6c2c8_1x100.png HTTP/1.1" 404 1117
190.171.134.178 - - [22/Mar/2024:11:29:16 -0300] "GET /cormun/static/Shared/jqueryui/images/ui-icons_82798d_256x240.png HTTP/1.1" 404 1089
190.171.134.178 - - [22/Mar/2024:11:29:16 -0300] "GET /cormun/static/Shared/jqueryui/images/ui-bg_flat_55_994d53_40x100.png HTTP/1.1" 404 1097
190.171.134.178 - - [22/Mar/2024:11:29:16 -0300] "GET /cormun/static/Shared/jqueryui/images/ui-icons_ebccce_256x240.png HTTP/1.1" 404 1089
190.171.134.178 - - [22/Mar/2024:11:29:16 -0300] "GET /cormun/servlet/solicitudot?5f8488557e57c1e3d26ee6cd2626d83f1ca2511259c866ab7e92e551aa31af11,gx-no-cache=1711117577281 HTTP/1.1" 200 29
190.171.134.178 - - [22/Mar/2024:11:29:19 -0300] "GET /cormun/servlet/prbanco?,MD,,gxPopupLevel%3D0%3B HTTP/1.1" 200 6545
190.171.134.178 - - [22/Mar/2024:11:29:29 -0300] "GET /cormun/servlet/solicitudot?5f8488557e57c1e3d26ee6cd2626d83ffdab80529d5b81331f366d6a6aa42ab3,gx-no-cache=1711117589936 HTTP/1.1" 200 45
190.171.134.178 - - [22/Mar/2024:11:29:44 -0300] "POST /cormun/servlet/solicitudot?gx-no-cache=1711117604443 HTTP/1.1" 200 255
190.171.134.178 - - [22/Mar/2024:11:29:48 -0300] "GET /cormun/servlet/solicitudot?5f8488557e57c1e3d26ee6cd2626d83fc4d58d4b1c9de91013952d4bca5312a20a1cc7b215aeb788fe1ccba7efc5ad32286745062a4be64760f866473663142479e10b093b11eb46734b45c402db602bfa365cf2c7d366aed2c5cc46a21f3a8ac8cef5461f10966c389671f4dfcbe13691753df5646abd42acaf05d4f38259c1186ffb1d16a67342cd107647384a7a867f2d1678851057fa9fc483174b3045371ac8a7d45e8c7829ea1abb772f1809546b45b9596c193ec8dfb9bf9381b872da56673c70a59d926cbdb1b4cbfba9c272012c2c5faa4e55fdaef29ebd60c0995346efb22d49898eb6f1348c888e27646df179e2598a43a84262ce7e33b6f26d7d0ddaa3c2aaa1ac14ca0774202bc53f8cc921d006befd563c28984aca8612fbf7445064390f9d276071b5c81602282a7e4afcac31505af1a2623cf42c9ef317c7665ec9aa23d99bc563013163a76c510cd75e646ad8c1d59c8e4afe27887c8ab7d9501d47a8f3be2d61b2faf4f9ebcbc96127b3fa88b8c6a7766d3db887a9ab3c,gx-no-cache=1711117608461 HTTP/1.1" 200 30
190.171.134.178 - - [22/Mar/2024:11:29:51 -0300] "POST /cormun/servlet/solicitudot?gx-no-cache=1711117611554 HTTP/1.1" 200 30
190.171.134.178 - - [22/Mar/2024:11:29:52 -0300] "POST /cormun/servlet/solicitudot?gx-no-cache=1711117612694 HTTP/1.1" 200 1474
190.171.134.178 - - [22/Mar/2024:11:29:52 -0300] "POST /cormun/servlet/solicitudot?gx-no-cache=1711117612728 HTTP/1.1" 200 38
190.171.134.178 - - [22/Mar/2024:11:31:48 -0300] "GET /cormun/servlet/solicitudot?5f8488557e57c1e3d26ee6cd2626d83f24258115efbfc7b7d1c1debe9c178e0b48382e740b9dd143feabd0a74704864d7e9defc260391c8cb70260526a1c4c06cd516cc0a0258082b55a854dbcc62c8067e1e3bb9409eea2c5b3949515795930a03497a2694e7b6a787ff7921545cc16,gx-no-cache=1711117729063 HTTP/1.1" 200 110
190.171.134.178 - - [22/Mar/2024:11:31:48 -0300] "POST /cormun/servlet/solicitudot?gx-no-cache=1711117729119 HTTP/1.1" 200 97
190.171.134.178 - - [22/Mar/2024:11:31:54 -0300] "GET /cormun/servlet/solicitudot?5f8488557e57c1e3d26ee6cd2626d83ff5274d10e03b79fcd894605e1920ed88575ae503ffe019aaceb3e1e23485bfc575aece42470d9267eb03633b7e3839c7756a1f2a852ae430aa28512d39029adaeb8d1c7f03d40632c69b56ea5e4d53eca5d0cecfd7f4efd9333dc569a203a52e,gx-no-cache=1711117734466 HTTP/1.1" 200 29
190.171.134.178 - - [22/Mar/2024:11:31:54 -0300] "GET /cormun/static/menuarrow.gif HTTP/1.1" 404 1015
190.171.134.178 - - [22/Mar/2024:11:31:57 -0300] "GET /cormun/servlet/solicitudot?5f8488557e57c1e3d26ee6cd2626d83f1efe99a15f88cdedf798466173089c925fd3ed152c5c4653f70b539f02af88cd,gx-no-cache=1711117737897 HTTP/1.1" 200 30
190.171.134.178 - - [22/Mar/2024:11:32:06 -0300] "POST /cormun/servlet/solicitudot?gx-no-cache=1711117746755 HTTP/1.1" 200 30
190.171.134.178 - - [22/Mar/2024:11:32:10 -0300] "POST /cormun/servlet/solicitudot?f8229b5b09d45d69d23878ac27bb90e9,INS,0,0,false,,gx-no-cache=1711117750588 HTTP/1.1" 200 12974
190.171.134.178 - - [22/Mar/2024:11:32:53 -0300] "GET /cormun/servlet/solicitudot?5f8488557e57c1e3d26ee6cd2626d83ff67bd6d8828d5d7f184d876490bc189a5c69b1068c9a44fd51dec659a8c18e13d25232d1aeb058b48b7311129938cf0d,gx-no-cache=1711117793601 HTTP/1.1" 200 30
190.171.134.178 - - [22/Mar/2024:11:32:53 -0300] "GET /cormun/servlet/solicitudot?5f8488557e57c1e3d26ee6cd2626d83fc4d58d4b1c9de91013952d4bca5312a20a1cc7b215aeb788fe1ccba7efc5ad32286745062a4be64760f866473663142479e10b093b11eb46734b45c402db602bfa365cf2c7d366aed2c5cc46a21f3a8ac8cef5461f10966c389671f4dfcbe13691753df5646abd42acaf05d4f38259c1186ffb1d16a67342cd107647384a7a867f2d1678851057fa9fc483174b3045371ac8a7d45e8c7829ea1abb772f1809546b45b9596c193ec8dfb9bf9381b872da56673c70a59d926cbdb1b4cbfba9c272012c2c5faa4e55fdaef29ebd60c0995346efb22d49898eb6f1348c888e27646df179e2598a43a84262ce7e33b6f26d7d0ddaa3c2aaa1ac14ca0774202bc53f8cc921d006befd563c28984aca8612fbf7445064390f9d276071b5c81602282a7e4afcac31505af1a2623cf42c9ef317c7665ec9aa23d99bc563013163a76c510cd75e646ad8c1d59c8e4afe27887c8ab7d9501d47a8f3be2d61b2faf4f9ebcbc99f8ceea1cd4f829efe3d2fb8e5f260b0,gx-no-cache=1711117793626 HTTP/1.1" 200 30
190.171.134.178 - - [22/Mar/2024:11:32:53 -0300] "POST /cormun/servlet/solicitudot?gx-no-cache=1711117793644 HTTP/1.1" 200 30
190.171.134.178 - - [22/Mar/2024:11:32:53 -0300] "POST /cormun/servlet/solicitudot?gx-no-cache=1711117793665 HTTP/1.1" 200 1474
190.171.134.178 - - [22/Mar/2024:11:32:53 -0300] "POST /cormun/servlet/solicitudot?gx-no-cache=1711117793691 HTTP/1.1" 200 41
190.171.134.178 - - [22/Mar/2024:11:32:53 -0300] "GET /cormun/servlet/solicitudot?5f8488557e57c1e3d26ee6cd2626d83f24258115efbfc7b7d1c1debe9c178e0b48382e740b9dd143feabd0a74704864d7e9defc260391c8cb70260526a1c4c06cd516cc0a0258082b55a854dbcc62c8067e1e3bb9409eea2c5b3949515795930a03497a2694e7b6a787ff7921545cc16,gx-no-cache=1711117793707 HTTP/1.1" 200 110
190.171.134.178 - - [22/Mar/2024:11:32:53 -0300] "POST /cormun/servlet/solicitudot?gx-no-cache=1711117793723 HTTP/1.1" 200 97
190.171.134.178 - - [22/Mar/2024:11:32:53 -0300] "GET /cormun/servlet/solicitudot?5f8488557e57c1e3d26ee6cd2626d83f1efe99a15f88cdedf798466173089c925fd3ed152c5c4653f70b539f02af88cd,gx-no-cache=1711117793742 HTTP/1.1" 200 30
190.171.134.178 - - [22/Mar/2024:11:32:53 -0300] "POST /cormun/servlet/solicitudot?gx-no-cache=1711117793757 HTTP/1.1" 200 30
190.171.134.178 - - [22/Mar/2024:11:32:53 -0300] "POST /cormun/servlet/solicitudot?f8229b5b09d45d69d23878ac27bb90e9,INS,0,0,false,,gx-no-cache=1711117793775 HTTP/1.1" 200 93
190.171.134.178 - - [22/Mar/2024:11:32:53 -0300] "GET /cormun/servlet/hpexe_return? HTTP/1.1" 200 1014
190.171.134.178 - - [22/Mar/2024:11:32:53 -0300] "GET /cormun/servlet/trsolicitudot HTTP/1.1" 200 9882
190.171.134.178 - - [22/Mar/2024:11:32:54 -0300] "GET /cormun/servlet/trsolicitudot HTTP/1.1" 200 9878
190.171.141.114 - - [22/Mar/2024:11:34:45 -0300] "POST /cormun/servlet/trsolicitudot?e0af1066d2267251ec7d5c842878f004,,gx-no-cache=1711117905507 HTTP/1.1" 200 107
190.171.141.114 - - [22/Mar/2024:11:34:45 -0300] "GET /cormun/servlet/trsolicitudadjuntos?2024,20962, HTTP/1.1" 200 9515
190.171.141.114 - - [22/Mar/2024:11:34:51 -0300] "GET /cormun/servlet/solicitudotadjuntos?INS,2024,20962,,1, HTTP/1.1" 200 6056
190.171.141.114 - - [22/Mar/2024:11:34:51 -0300] "GET /cormun/static/about:blank HTTP/1.1" 404 1011
190.171.141.114 - - [22/Mar/2024:11:34:52 -0300] "GET /cormun/servlet/solicitudotadjuntos?149fa5ba480ce248e510535ec802d0c2a16581a55f94c63403b33e5b46779385e04b9e1f02a11d193637caa39e917f8a,gx-no-cache=1711117912603 HTTP/1.1" 200 30
190.171.141.114 - - [22/Mar/2024:11:34:52 -0300] "POST /cormun/servlet/solicitudotadjuntos?e0af1066d2267251ec7d5c842878f004,INS,2024,20962,,1,,gx-no-cache=1711117912630 HTTP/1.1" 200 3897
190.171.141.114 - - [22/Mar/2024:11:34:56 -0300] "POST /cormun/servlet/solicitudotadjuntos?gx-no-cache=1711117916215 HTTP/1.1" 200 26
190.171.141.114 - - [22/Mar/2024:11:35:55 -0300] "GET /cormun/servlet/solicitudotadjuntos?149fa5ba480ce248e510535ec802d0c210562598af21f7010aa9837797f7744a,gx-no-cache=1711117975360 HTTP/1.1" 200 30
190.171.141.114 - - [22/Mar/2024:11:35:55 -0300] "GET /cormun/servlet/solicitudotadjuntos?149fa5ba480ce248e510535ec802d0c210562598af21f7010aa9837797f7744a,gx-no-cache=1711117975391 HTTP/1.1" 200 30
190.171.141.114 - - [22/Mar/2024:11:35:55 -0300] "POST /cormun/servlet/solicitudotadjuntos?e0af1066d2267251ec7d5c842878f004,INS,2024,20962,,1, HTTP/1.1" 200 6195
190.171.141.114 - - [22/Mar/2024:11:35:55 -0300] "GET /cormun/static/Shared/jqueryui/images/ui-bg_highlight-soft_100_c6c2c8_1x100.png HTTP/1.1" 404 1117
190.171.141.114 - - [22/Mar/2024:11:35:55 -0300] "GET /cormun/static/Shared/jqueryui/images/ui-icons_82798d_256x240.png HTTP/1.1" 404 1089
190.171.141.114 - - [22/Mar/2024:11:35:55 -0300] "GET /cormun/static/Shared/jqueryui/images/ui-bg_flat_55_994d53_40x100.png HTTP/1.1" 404 1097
190.171.141.114 - - [22/Mar/2024:11:35:55 -0300] "GET /cormun/static/Shared/jqueryui/images/ui-icons_ebccce_256x240.png HTTP/1.1" 404 1089
190.171.141.114 - - [22/Mar/2024:11:35:55 -0300] "GET /cormun/PrivateTempStorage/upload_00015010.pdf HTTP/1.1" 200 352258
190.171.141.114 - - [22/Mar/2024:11:36:05 -0300] "POST /cormun/servlet/solicitudotadjuntos?gx-no-cache=1711117985823 HTTP/1.1" 200 26
190.171.141.114 - - [22/Mar/2024:11:36:14 -0300] "POST /cormun/servlet/solicitudotadjuntos?e0af1066d2267251ec7d5c842878f004,INS,2024,20962,,1, HTTP/1.1" 200 116
190.171.141.114 - - [22/Mar/2024:11:36:14 -0300] "GET /cormun/servlet/hpexe_return? HTTP/1.1" 200 1024
190.171.141.114 - - [22/Mar/2024:11:36:15 -0300] "GET /cormun/servlet/trsolicitudadjuntos?2024,20962, HTTP/1.1" 200 9517
190.171.141.114 - - [22/Mar/2024:11:36:23 -0300] "GET /cormun/servlet/solicitudotadjuntos?INS,2024,20962,,1, HTTP/1.1" 200 6056
190.171.141.114 - - [22/Mar/2024:11:36:23 -0300] "GET /cormun/static/about:blank HTTP/1.1" 404 1011
190.171.141.114 - - [22/Mar/2024:11:36:24 -0300] "GET /cormun/servlet/solicitudotadjuntos?149fa5ba480ce248e510535ec802d0c2a16581a55f94c63403b33e5b46779385e04b9e1f02a11d193637caa39e917f8a,gx-no-cache=1711118004473 HTTP/1.1" 200 30
190.171.141.114 - - [22/Mar/2024:11:36:24 -0300] "POST /cormun/servlet/solicitudotadjuntos?e0af1066d2267251ec7d5c842878f004,INS,2024,20962,,1,,gx-no-cache=1711118004497 HTTP/1.1" 200 3897
190.171.141.114 - - [22/Mar/2024:11:36:29 -0300] "POST /cormun/servlet/solicitudotadjuntos?gx-no-cache=1711118010079 HTTP/1.1" 200 26
190.171.141.114 - - [22/Mar/2024:11:36:40 -0300] "GET /cormun/servlet/solicitudotadjuntos?149fa5ba480ce248e510535ec802d0c210562598af21f7010aa9837797f7744a,gx-no-cache=1711118020335 HTTP/1.1" 200 30
190.171.141.114 - - [22/Mar/2024:11:36:40 -0300] "GET /cormun/servlet/solicitudotadjuntos?149fa5ba480ce248e510535ec802d0c210562598af21f7010aa9837797f7744a,gx-no-cache=1711118020353 HTTP/1.1" 200 30
190.171.141.114 - - [22/Mar/2024:11:36:40 -0300] "POST /cormun/servlet/solicitudotadjuntos?e0af1066d2267251ec7d5c842878f004,INS,2024,20962,,1, HTTP/1.1" 200 116
190.171.141.114 - - [22/Mar/2024:11:36:40 -0300] "GET /cormun/servlet/hpexe_return? HTTP/1.1" 200 1024
190.171.141.114 - - [22/Mar/2024:11:36:40 -0300] "GET /cormun/servlet/trsolicitudadjuntos?2024,20962, HTTP/1.1" 200 9799
190.171.141.114 - - [22/Mar/2024:11:36:45 -0300] "GET /cormun/servlet/solicitudotadjuntos?INS,2024,20962,,1, HTTP/1.1" 200 6056
190.171.141.114 - - [22/Mar/2024:11:36:45 -0300] "GET /cormun/static/about:blank HTTP/1.1" 404 1011
190.171.141.114 - - [22/Mar/2024:11:36:46 -0300] "GET /cormun/servlet/solicitudotadjuntos?149fa5ba480ce248e510535ec802d0c2a16581a55f94c63403b33e5b46779385e04b9e1f02a11d193637caa39e917f8a,gx-no-cache=1711118026286 HTTP/1.1" 200 30
190.171.141.114 - - [22/Mar/2024:11:36:46 -0300] "POST /cormun/servlet/solicitudotadjuntos?e0af1066d2267251ec7d5c842878f004,INS,2024,20962,,1,,gx-no-cache=1711118026323 HTTP/1.1" 200 3897
190.171.141.114 - - [22/Mar/2024:11:36:52 -0300] "POST /cormun/servlet/solicitudotadjuntos?gx-no-cache=1711118032767 HTTP/1.1" 200 26
181.212.47.136 - - [22/Mar/2024:11:37:37 -0300] "GET /cormun/servlet/trsolicitudgral? HTTP/1.1" 500 10
181.212.47.136 - - [22/Mar/2024:11:37:43 -0300] "GET /cormun/servlet/hlogin HTTP/1.1" 200 1727
181.212.47.136 - - [22/Mar/2024:11:37:53 -0300] "POST /cormun/servlet/hlogin?43cb7840f24f6d7e6cf9faf217882766,gx-no-cache=1711118079948 HTTP/1.1" 200 90
181.212.47.136 - - [22/Mar/2024:11:37:53 -0300] "GET /cormun/servlet/hpexe_link HTTP/1.1" 200 956
181.212.47.136 - - [22/Mar/2024:11:37:53 -0300] "GET /cormun/servlet/hhome HTTP/1.1" 200 3826
181.212.47.136 - - [22/Mar/2024:11:37:56 -0300] "GET /cormun/servlet/trsolicitudgral? HTTP/1.1" 200 28659
190.171.141.114 - - [22/Mar/2024:11:37:56 -0300] "GET /cormun/servlet/solicitudotadjuntos?149fa5ba480ce248e510535ec802d0c210562598af21f7010aa9837797f7744a,gx-no-cache=1711118096855 HTTP/1.1" 200 30
190.171.141.114 - - [22/Mar/2024:11:37:56 -0300] "GET /cormun/servlet/solicitudotadjuntos?149fa5ba480ce248e510535ec802d0c210562598af21f7010aa9837797f7744a,gx-no-cache=1711118096900 HTTP/1.1" 200 30
190.171.141.114 - - [22/Mar/2024:11:37:56 -0300] "POST /cormun/servlet/solicitudotadjuntos?e0af1066d2267251ec7d5c842878f004,INS,2024,20962,,1, HTTP/1.1" 200 116
190.171.141.114 - - [22/Mar/2024:11:37:56 -0300] "GET /cormun/servlet/hpexe_return? HTTP/1.1" 200 1024
190.171.141.114 - - [22/Mar/2024:11:37:57 -0300] "GET /cormun/servlet/trsolicitudadjuntos?2024,20962, HTTP/1.1" 200 10075
190.171.141.114 - - [22/Mar/2024:11:38:02 -0300] "GET /cormun/servlet/solicitudotadjuntos?INS,2024,20962,,2, HTTP/1.1" 200 6054
190.171.141.114 - - [22/Mar/2024:11:38:02 -0300] "GET /cormun/static/about:blank HTTP/1.1" 404 1011
181.212.47.136 - - [22/Mar/2024:11:38:03 -0300] "POST /cormun/servlet/trsolicitudgral?43cb7840f24f6d7e6cf9faf217882766,,gx-no-cache=1711118089439 HTTP/1.1" 200 7561
190.171.141.114 - - [22/Mar/2024:11:38:03 -0300] "GET /cormun/servlet/solicitudotadjuntos?149fa5ba480ce248e510535ec802d0c2a16581a55f94c63403b33e5b46779385e04b9e1f02a11d193637caa39e917f8a,gx-no-cache=1711118103625 HTTP/1.1" 200 30
190.171.141.114 - - [22/Mar/2024:11:38:03 -0300] "POST /cormun/servlet/solicitudotadjuntos?e0af1066d2267251ec7d5c842878f004,INS,2024,20962,,2,,gx-no-cache=1711118103643 HTTP/1.1" 200 4040
181.212.47.136 - - [22/Mar/2024:11:38:13 -0300] "POST /cormun/servlet/trsolicitudgral?43cb7840f24f6d7e6cf9faf217882766,,gx-no-cache=1711118099786 HTTP/1.1" 200 6642
181.212.47.136 - - [22/Mar/2024:11:38:16 -0300] "GET /cormun/servlet/vesolicitudgral?2024,20721,, HTTP/1.1" 200 8375
181.212.47.136 - - [22/Mar/2024:11:38:16 -0300] "GET /cormun/pexe_scrolldiv.js HTTP/1.1" 404 1009
190.171.141.114 - - [22/Mar/2024:11:38:17 -0300] "POST /cormun/servlet/solicitudotadjuntos?gx-no-cache=1711118118039 HTTP/1.1" 200 26
181.212.47.136 - - [22/Mar/2024:11:38:27 -0300] "GET /cormun/servlet/vesolicitudgral?2024,20721,,SolicitudOTLog HTTP/1.1" 200 10141
181.212.47.136 - - [22/Mar/2024:11:38:27 -0300] "GET /cormun/pexe_scrolldiv.js HTTP/1.1" 404 1009
181.212.47.136 - - [22/Mar/2024:11:38:27 -0300] "GET /cormun/static/tbsolicitudgral03.js?202211298372893 HTTP/1.1" 200 13342
181.212.47.136 - - [22/Mar/2024:11:38:27 -0300] "GET /cormun/static/Resources/PXToolsTabLastSelected.png HTTP/1.1" 200 1274
190.171.141.114 - - [22/Mar/2024:11:38:27 -0300] "GET /cormun/servlet/solicitudotadjuntos?149fa5ba480ce248e510535ec802d0c210562598af21f7010aa9837797f7744a,gx-no-cache=1711118127984 HTTP/1.1" 200 30
190.171.141.114 - - [22/Mar/2024:11:38:27 -0300] "GET /cormun/servlet/solicitudotadjuntos?149fa5ba480ce248e510535ec802d0c210562598af21f7010aa9837797f7744a,gx-no-cache=1711118128002 HTTP/1.1" 200 30
190.171.141.114 - - [22/Mar/2024:11:38:27 -0300] "POST /cormun/servlet/solicitudotadjuntos?e0af1066d2267251ec7d5c842878f004,INS,2024,20962,,2, HTTP/1.1" 200 116
190.171.141.114 - - [22/Mar/2024:11:38:27 -0300] "GET /cormun/servlet/hpexe_return? HTTP/1.1" 200 1024
190.171.141.114 - - [22/Mar/2024:11:38:28 -0300] "GET /cormun/servlet/trsolicitudadjuntos?2024,20962, HTTP/1.1" 200 10236
181.212.47.136 - - [22/Mar/2024:11:38:28 -0300] "POST /cormun/servlet/acontrolpreferencessavestate?None,RRHH+DANIELA,true HTTP/1.1" 200 35
181.212.47.136 - - [22/Mar/2024:11:38:31 -0300] "GET /cormun/servlet/vesolicitudgral?2024,20721,,General HTTP/1.1" 200 8378
181.212.47.136 - - [22/Mar/2024:11:38:31 -0300] "GET /cormun/pexe_scrolldiv.js HTTP/1.1" 404 1009
190.171.141.114 - - [22/Mar/2024:11:38:33 -0300] "GET /cormun/servlet/solicitudotadjuntos?INS,2024,20962,,1, HTTP/1.1" 200 6056
190.171.141.114 - - [22/Mar/2024:11:38:33 -0300] "GET /cormun/static/about:blank HTTP/1.1" 404 1011
190.171.141.114 - - [22/Mar/2024:11:38:33 -0300] "GET /cormun/servlet/solicitudotadjuntos?149fa5ba480ce248e510535ec802d0c2a16581a55f94c63403b33e5b46779385e04b9e1f02a11d193637caa39e917f8a,gx-no-cache=1711118134073 HTTP/1.1" 200 30
190.171.141.114 - - [22/Mar/2024:11:38:33 -0300] "POST /cormun/servlet/solicitudotadjuntos?e0af1066d2267251ec7d5c842878f004,INS,2024,20962,,1,,gx-no-cache=1711118134090 HTTP/1.1" 200 3897
190.171.141.114 - - [22/Mar/2024:11:38:44 -0300] "POST /cormun/servlet/solicitudotadjuntos?e0af1066d2267251ec7d5c842878f004,INS,2024,20962,,1,,gx-no-cache=1711118144282 HTTP/1.1" 200 93
190.171.141.114 - - [22/Mar/2024:11:38:44 -0300] "GET /cormun/servlet/hpexe_return? HTTP/1.1" 200 1024
190.171.141.114 - - [22/Mar/2024:11:38:44 -0300] "GET /cormun/servlet/trsolicitudadjuntos?2024,20962, HTTP/1.1" 200 10233
80.82.78.39 - - [22/Mar/2024:11:39:43 -0300] "GET /sqlmap HTTP/1.1" 404 973
80.82.78.39 - - [22/Mar/2024:11:39:45 -0300] "êæb³€´ZÔwÊñÀ;h놁ª¡¢âÏåÞø„" >ðޞ8ÔM…­–höÕ±€njúúj!!g»G¿Ëå&̨̩À+À/À,À0À ÀÀ" 400 -
190.171.153.50 - - [22/Mar/2024:11:44:34 -0300] "GET /cormun/servlet/trsolicitudot? HTTP/1.1" 200 8899
190.171.153.50 - - [22/Mar/2024:11:44:37 -0300] "GET /cormun/servlet/solicitudot?INS,0,0,false, HTTP/1.1" 200 16257
190.171.141.114 - - [22/Mar/2024:11:45:16 -0300] "POST /cormun/servlet/trsolicitudadjuntos?e0af1066d2267251ec7d5c842878f004,2024,20962,,gx-no-cache=1711118536362 HTTP/1.1" 200 90
190.171.141.114 - - [22/Mar/2024:11:45:16 -0300] "GET /cormun/servlet/hpexe_link HTTP/1.1" 200 966
190.171.141.114 - - [22/Mar/2024:11:45:16 -0300] "GET /cormun/servlet/trsolicitudot HTTP/1.1" 200 9158
190.171.141.114 - - [22/Mar/2024:11:45:20 -0300] "POST /cormun/servlet/trsolicitudot?e0af1066d2267251ec7d5c842878f004,gx-no-cache=1711118540708 HTTP/1.1" 200 107
190.171.141.114 - - [22/Mar/2024:11:45:20 -0300] "GET /cormun/servlet/trsolicitudadjuntos?2024,21048, HTTP/1.1" 200 6113
190.171.134.178 - - [22/Mar/2024:11:45:22 -0300] "POST /cormun/servlet/trsolicitudot?f8229b5b09d45d69d23878ac27bb90e9,gx-no-cache=1711118542581 HTTP/1.1" 200 6766
190.171.134.178 - - [22/Mar/2024:11:45:22 -0300] "GET /cormun/static/Shared/jqueryui/images/ui-bg_highlight-soft_100_c6c2c8_1x100.png HTTP/1.1" 404 1117
190.171.134.178 - - [22/Mar/2024:11:45:22 -0300] "GET /cormun/static/Shared/jqueryui/images/ui-icons_82798d_256x240.png HTTP/1.1" 404 1089
190.171.134.178 - - [22/Mar/2024:11:45:22 -0300] "GET /cormun/static/Shared/jqueryui/images/ui-bg_flat_55_fafafa_40x100.png HTTP/1.1" 404 1097
190.171.134.178 - - [22/Mar/2024:11:45:22 -0300] "GET /cormun/static/Shared/jqueryui/images/ui-icons_8d78a5_256x240.png HTTP/1.1" 404 1089
190.171.134.178 - - [22/Mar/2024:11:45:22 -0300] "POST /cormun/servlet/trsolicitudot?f8229b5b09d45d69d23878ac27bb90e9,gx-no-cache=1711118542802 HTTP/1.1" 200 6709
190.171.141.114 - - [22/Mar/2024:11:45:23 -0300] "GET /cormun/servlet/solicitudotadjuntos?INS,2024,21048,,1, HTTP/1.1" 200 6056
190.171.141.114 - - [22/Mar/2024:11:45:23 -0300] "GET /cormun/static/about:blank HTTP/1.1" 404 1011
190.171.141.114 - - [22/Mar/2024:11:45:24 -0300] "GET /cormun/servlet/solicitudotadjuntos?149fa5ba480ce248e510535ec802d0c28d2d6ce7f7a7218288a373b5f0be27f261c228688d0dadd8ec23e1fb4b4fa5f0,gx-no-cache=1711118544635 HTTP/1.1" 200 30
190.171.141.114 - - [22/Mar/2024:11:45:24 -0300] "POST /cormun/servlet/solicitudotadjuntos?e0af1066d2267251ec7d5c842878f004,INS,2024,21048,,1,,gx-no-cache=1711118544671 HTTP/1.1" 200 3867
190.171.141.114 - - [22/Mar/2024:11:45:27 -0300] "POST /cormun/servlet/solicitudotadjuntos?gx-no-cache=1711118547257 HTTP/1.1" 200 26
190.171.134.178 - - [22/Mar/2024:11:45:28 -0300] "POST /cormun/servlet/trsolicitudot?f8229b5b09d45d69d23878ac27bb90e9,gx-no-cache=1711118549193 HTTP/1.1" 200 6369
190.171.134.178 - - [22/Mar/2024:11:45:29 -0300] "POST /cormun/servlet/trsolicitudot?f8229b5b09d45d69d23878ac27bb90e9,gx-no-cache=1711118549373 HTTP/1.1" 200 6313
190.171.134.178 - - [22/Mar/2024:11:45:36 -0300] "POST /cormun/servlet/trsolicitudot?f8229b5b09d45d69d23878ac27bb90e9,gx-no-cache=1711118556697 HTTP/1.1" 200 5863
190.171.134.178 - - [22/Mar/2024:11:45:36 -0300] "POST /cormun/servlet/trsolicitudot?f8229b5b09d45d69d23878ac27bb90e9,gx-no-cache=1711118556854 HTTP/1.1" 200 5806
190.171.141.138 - - [22/Mar/2024:11:45:36 -0300] "GET /cormun/servlet/hlogin HTTP/1.1" 200 1720
190.171.141.114 - - [22/Mar/2024:11:45:37 -0300] "GET /cormun/servlet/solicitudotadjuntos?149fa5ba480ce248e510535ec802d0c210562598af21f7010aa9837797f7744a,gx-no-cache=1711118557817 HTTP/1.1" 200 30
190.171.141.114 - - [22/Mar/2024:11:45:37 -0300] "GET /cormun/servlet/solicitudotadjuntos?149fa5ba480ce248e510535ec802d0c210562598af21f7010aa9837797f7744a,gx-no-cache=1711118557833 HTTP/1.1" 200 30
190.171.141.114 - - [22/Mar/2024:11:45:38 -0300] "POST /cormun/servlet/solicitudotadjuntos?e0af1066d2267251ec7d5c842878f004,INS,2024,21048,,1, HTTP/1.1" 200 116
190.171.141.114 - - [22/Mar/2024:11:45:38 -0300] "GET /cormun/servlet/hpexe_return? HTTP/1.1" 200 1024
190.171.141.114 - - [22/Mar/2024:11:45:38 -0300] "GET /cormun/servlet/trsolicitudadjuntos?2024,21048, HTTP/1.1" 200 9055
190.171.141.114 - - [22/Mar/2024:11:45:40 -0300] "GET /cormun/servlet/solicitudotadjuntos?INS,2024,21048,,1, HTTP/1.1" 200 6056
190.171.141.114 - - [22/Mar/2024:11:45:40 -0300] "GET /cormun/static/about:blank HTTP/1.1" 404 1011
190.171.141.114 - - [22/Mar/2024:11:45:41 -0300] "GET /cormun/servlet/solicitudotadjuntos?149fa5ba480ce248e510535ec802d0c28d2d6ce7f7a7218288a373b5f0be27f261c228688d0dadd8ec23e1fb4b4fa5f0,gx-no-cache=1711118561522 HTTP/1.1" 200 30
190.171.141.114 - - [22/Mar/2024:11:45:41 -0300] "POST /cormun/servlet/solicitudotadjuntos?e0af1066d2267251ec7d5c842878f004,INS,2024,21048,,1,,gx-no-cache=1711118561540 HTTP/1.1" 200 3867
190.171.141.114 - - [22/Mar/2024:11:45:46 -0300] "POST /cormun/servlet/solicitudotadjuntos?gx-no-cache=1711118567112 HTTP/1.1" 200 26
190.171.134.178 - - [22/Mar/2024:11:45:52 -0300] "GET /cormun/servlet/hlogin HTTP/1.1" 200 1743
190.171.134.178 - - [22/Mar/2024:11:46:09 -0300] "POST /cormun/servlet/hlogin?f8229b5b09d45d69d23878ac27bb90e9,gx-no-cache=1711118589673 HTTP/1.1" 200 90
190.171.134.178 - - [22/Mar/2024:11:46:09 -0300] "GET /cormun/servlet/hpexe_link HTTP/1.1" 200 957
190.171.134.178 - - [22/Mar/2024:11:46:09 -0300] "GET /cormun/servlet/hhome HTTP/1.1" 200 4243
190.171.134.178 - - [22/Mar/2024:11:46:10 -0300] "GET /cormun/servlet/hhome HTTP/1.1" 200 4239
190.171.134.178 - - [22/Mar/2024:11:46:15 -0300] "GET /cormun/servlet/trautorizarsolicitud? HTTP/1.1" 200 9557
190.171.134.178 - - [22/Mar/2024:11:46:15 -0300] "GET /cormun/servlet/trautorizarsolicitud? HTTP/1.1" 200 9555
190.171.141.114 - - [22/Mar/2024:11:46:18 -0300] "POST /cormun/servlet/solicitudotadjuntos?e0af1066d2267251ec7d5c842878f004,INS,2024,21048,,1,,gx-no-cache=1711118598202 HTTP/1.1" 200 93
190.171.141.114 - - [22/Mar/2024:11:46:18 -0300] "GET /cormun/servlet/hpexe_return? HTTP/1.1" 200 1024
190.171.141.114 - - [22/Mar/2024:11:46:18 -0300] "GET /cormun/servlet/trsolicitudadjuntos?2024,21048, HTTP/1.1" 200 9056
190.171.134.178 - - [22/Mar/2024:11:46:21 -0300] "POST /cormun/servlet/trautorizarsolicitud?f8229b5b09d45d69d23878ac27bb90e9,,gx-no-cache=1711118602226 HTTP/1.1" 200 6456
190.171.134.178 - - [22/Mar/2024:11:46:22 -0300] "GET /cormun/static/Shared/jqueryui/images/ui-bg_highlight-soft_100_c6c2c8_1x100.png HTTP/1.1" 404 1117
190.171.134.178 - - [22/Mar/2024:11:46:22 -0300] "GET /cormun/static/Shared/jqueryui/images/ui-icons_82798d_256x240.png HTTP/1.1" 404 1089
190.171.134.178 - - [22/Mar/2024:11:46:22 -0300] "GET /cormun/static/Shared/jqueryui/images/ui-bg_flat_55_fafafa_40x100.png HTTP/1.1" 404 1097
190.171.134.178 - - [22/Mar/2024:11:46:22 -0300] "GET /cormun/static/Shared/jqueryui/images/ui-icons_8d78a5_256x240.png HTTP/1.1" 404 1089
190.171.134.178 - - [22/Mar/2024:11:46:22 -0300] "POST /cormun/servlet/trautorizarsolicitud?f8229b5b09d45d69d23878ac27bb90e9,,gx-no-cache=1711118602475 HTTP/1.1" 200 6401
190.171.134.178 - - [22/Mar/2024:11:46:27 -0300] "POST /cormun/servlet/trautorizarsolicitud?f8229b5b09d45d69d23878ac27bb90e9,,gx-no-cache=1711118607281 HTTP/1.1" 200 6016
190.171.134.178 - - [22/Mar/2024:11:46:27 -0300] "POST /cormun/servlet/trautorizarsolicitud?f8229b5b09d45d69d23878ac27bb90e9,,gx-no-cache=1711118607501 HTTP/1.1" 200 5961
190.171.141.114 - - [22/Mar/2024:11:46:29 -0300] "GET /cormun/servlet/solicitudotadjuntos?DLT,2024,21048,CARNET,0, HTTP/1.1" 200 6035
190.171.141.114 - - [22/Mar/2024:11:46:29 -0300] "GET /cormun/static/Shared/jqueryui/images/ui-bg_highlight-soft_100_c6c2c8_1x100.png HTTP/1.1" 404 1117
190.171.141.114 - - [22/Mar/2024:11:46:29 -0300] "GET /cormun/static/Shared/jqueryui/images/ui-icons_82798d_256x240.png HTTP/1.1" 404 1089
190.171.141.114 - - [22/Mar/2024:11:46:29 -0300] "GET /cormun/static/Shared/jqueryui/images/ui-icons_8d78a5_256x240.png HTTP/1.1" 404 1089
190.171.141.114 - - [22/Mar/2024:11:46:29 -0300] "GET /cormun/static/Shared/jqueryui/images/ui-bg_flat_55_fafafa_40x100.png HTTP/1.1" 404 1097
190.171.141.114 - - [22/Mar/2024:11:46:30 -0300] "GET /cormun/PublicTempStorage/fotocopia_carnet_de_identidad9545325.docx HTTP/1.1" 200 788988
190.171.134.178 - - [22/Mar/2024:11:46:32 -0300] "POST /cormun/servlet/trautorizarsolicitud?f8229b5b09d45d69d23878ac27bb90e9,,gx-no-cache=1711118612849 HTTP/1.1" 200 4778
190.171.134.178 - - [22/Mar/2024:11:46:32 -0300] "POST /cormun/servlet/trautorizarsolicitud?f8229b5b09d45d69d23878ac27bb90e9,,gx-no-cache=1711118613047 HTTP/1.1" 200 4539
190.171.141.114 - - [22/Mar/2024:11:46:37 -0300] "POST /cormun/servlet/solicitudotadjuntos?e0af1066d2267251ec7d5c842878f004,DLT,2024,21048,CARNET,0,,gx-no-cache=1711118617210 HTTP/1.1" 200 93
190.171.141.114 - - [22/Mar/2024:11:46:38 -0300] "GET /cormun/servlet/hpexe_return? HTTP/1.1" 200 1030
190.171.141.114 - - [22/Mar/2024:11:46:38 -0300] "GET /cormun/servlet/trsolicitudadjuntos?2024,21048, HTTP/1.1" 200 9054
190.171.134.178 - - [22/Mar/2024:11:46:39 -0300] "GET /cormun/servlet/hhome HTTP/1.1" 200 4243
190.171.134.178 - - [22/Mar/2024:11:46:39 -0300] "GET /cormun/servlet/hhome HTTP/1.1" 200 4239
190.171.141.114 - - [22/Mar/2024:11:46:43 -0300] "GET /cormun/PublicTempStorage/fotocopia_carnet_de_identidad3250906.docx HTTP/1.1" 200 788988
190.171.134.178 - - [22/Mar/2024:11:46:46 -0300] "GET /cormun/servlet/trlicencias? HTTP/1.1" 200 9858
190.171.134.178 - - [22/Mar/2024:11:46:47 -0300] "GET /cormun/servlet/trlicencias? HTTP/1.1" 200 9856
190.171.141.114 - - [22/Mar/2024:11:47:12 -0300] "GET /cormun/servlet/solicitudotadjuntos?DLT,2024,21048,CARNET,0, HTTP/1.1" 200 6035
190.171.141.114 - - [22/Mar/2024:11:47:14 -0300] "GET /cormun/PublicTempStorage/fotocopia_carnet_de_identidad8634607.docx HTTP/1.1" 200 788988
190.171.141.114 - - [22/Mar/2024:11:47:28 -0300] "POST /cormun/servlet/solicitudotadjuntos?e0af1066d2267251ec7d5c842878f004,DLT,2024,21048,CARNET,0,,gx-no-cache=1711118668473 HTTP/1.1" 200 93
190.171.141.114 - - [22/Mar/2024:11:47:28 -0300] "GET /cormun/servlet/hpexe_return? HTTP/1.1" 200 1030
190.171.141.114 - - [22/Mar/2024:11:47:28 -0300] "GET /cormun/servlet/trsolicitudadjuntos?2024,21048, HTTP/1.1" 200 6116
190.171.141.114 - - [22/Mar/2024:11:47:33 -0300] "POST /cormun/servlet/trsolicitudadjuntos?e0af1066d2267251ec7d5c842878f004,2024,21048,,gx-no-cache=1711118673258 HTTP/1.1" 200 90
190.171.141.114 - - [22/Mar/2024:11:47:33 -0300] "GET /cormun/servlet/hpexe_link HTTP/1.1" 200 967
190.171.141.114 - - [22/Mar/2024:11:47:33 -0300] "GET /cormun/servlet/trsolicitudot HTTP/1.1" 200 9158
190.171.141.114 - - [22/Mar/2024:11:47:36 -0300] "POST /cormun/servlet/trsolicitudot?e0af1066d2267251ec7d5c842878f004,gx-no-cache=1711118676533 HTTP/1.1" 200 107
190.171.141.114 - - [22/Mar/2024:11:47:36 -0300] "GET /cormun/servlet/trsolicitudadjuntos?2024,21048, HTTP/1.1" 200 6113
190.171.141.114 - - [22/Mar/2024:11:47:40 -0300] "GET /cormun/servlet/solicitudotadjuntos?INS,2024,21048,,1, HTTP/1.1" 200 6056
190.171.141.114 - - [22/Mar/2024:11:47:40 -0300] "GET /cormun/static/about:blank HTTP/1.1" 404 1011
190.171.141.114 - - [22/Mar/2024:11:47:40 -0300] "GET /cormun/servlet/solicitudotadjuntos?149fa5ba480ce248e510535ec802d0c28d2d6ce7f7a7218288a373b5f0be27f261c228688d0dadd8ec23e1fb4b4fa5f0,gx-no-cache=1711118680895 HTTP/1.1" 200 30
190.171.141.114 - - [22/Mar/2024:11:47:40 -0300] "POST /cormun/servlet/solicitudotadjuntos?e0af1066d2267251ec7d5c842878f004,INS,2024,21048,,1,,gx-no-cache=1711118680976 HTTP/1.1" 200 3867
190.171.141.114 - - [22/Mar/2024:11:47:44 -0300] "POST /cormun/servlet/solicitudotadjuntos?gx-no-cache=1711118684592 HTTP/1.1" 200 26
190.171.141.114 - - [22/Mar/2024:11:48:16 -0300] "GET /cormun/servlet/solicitudotadjuntos?149fa5ba480ce248e510535ec802d0c210562598af21f7010aa9837797f7744a,gx-no-cache=1711118716256 HTTP/1.1" 200 30
190.171.141.114 - - [22/Mar/2024:11:48:16 -0300] "GET /cormun/servlet/solicitudotadjuntos?149fa5ba480ce248e510535ec802d0c210562598af21f7010aa9837797f7744a,gx-no-cache=1711118716282 HTTP/1.1" 200 30
190.171.141.114 - - [22/Mar/2024:11:48:16 -0300] "POST /cormun/servlet/solicitudotadjuntos?e0af1066d2267251ec7d5c842878f004,INS,2024,21048,,1, HTTP/1.1" 200 116
190.171.141.114 - - [22/Mar/2024:11:48:16 -0300] "GET /cormun/servlet/hpexe_return? HTTP/1.1" 200 1024
190.171.141.114 - - [22/Mar/2024:11:48:16 -0300] "GET /cormun/servlet/trsolicitudadjuntos?2024,21048, HTTP/1.1" 200 9099
190.171.141.114 - - [22/Mar/2024:11:48:18 -0300] "GET /cormun/servlet/solicitudotadjuntos?INS,2024,21048,,1, HTTP/1.1" 200 6056
190.171.141.114 - - [22/Mar/2024:11:48:19 -0300] "GET /cormun/static/about:blank HTTP/1.1" 404 1011
190.171.141.114 - - [22/Mar/2024:11:48:19 -0300] "GET /cormun/servlet/solicitudotadjuntos?149fa5ba480ce248e510535ec802d0c28d2d6ce7f7a7218288a373b5f0be27f261c228688d0dadd8ec23e1fb4b4fa5f0,gx-no-cache=1711118719780 HTTP/1.1" 200 30
190.171.141.114 - - [22/Mar/2024:11:48:19 -0300] "POST /cormun/servlet/solicitudotadjuntos?e0af1066d2267251ec7d5c842878f004,INS,2024,21048,,1,,gx-no-cache=1711118719800 HTTP/1.1" 200 3868
190.171.141.114 - - [22/Mar/2024:11:48:22 -0300] "POST /cormun/servlet/solicitudotadjuntos?gx-no-cache=1711118722296 HTTP/1.1" 200 26
181.212.40.185 - - [22/Mar/2024:11:49:14 -0300] "POST /cormun/servlet/trlicencias?79667dafdd024717f56d181d3e0f8688,,gx-no-cache=1711118775269 HTTP/1.1" 440 972
181.212.40.185 - - [22/Mar/2024:11:49:15 -0300] "GET /cormun/servlet/trlicencias? HTTP/1.1" 200 6036
181.212.40.185 - - [22/Mar/2024:11:49:16 -0300] "GET /cormun/servlet/hlogin HTTP/1.1" 200 1725
181.212.40.185 - - [22/Mar/2024:11:49:28 -0300] "POST /cormun/servlet/hlogin?a87db74c14a4ef33b7b179e81750cc42,gx-no-cache=1711118788544 HTTP/1.1" 200 90
181.212.40.185 - - [22/Mar/2024:11:49:28 -0300] "GET /cormun/servlet/hpexe_link HTTP/1.1" 200 944
181.212.40.185 - - [22/Mar/2024:11:49:28 -0300] "GET /cormun/servlet/trlicencias HTTP/1.1" 200 14313
190.171.141.114 - - [22/Mar/2024:11:49:35 -0300] "POST /cormun/servlet/solicitudotadjuntos?gx-no-cache=1711118795296 HTTP/1.1" 200 26
190.171.141.114 - - [22/Mar/2024:11:50:00 -0300] "GET /cormun/servlet/solicitudotadjuntos?149fa5ba480ce248e510535ec802d0c210562598af21f7010aa9837797f7744a,gx-no-cache=1711118820488 HTTP/1.1" 200 30
190.171.141.114 - - [22/Mar/2024:11:50:00 -0300] "GET /cormun/servlet/solicitudotadjuntos?149fa5ba480ce248e510535ec802d0c210562598af21f7010aa9837797f7744a,gx-no-cache=1711118820512 HTTP/1.1" 200 30
190.171.141.114 - - [22/Mar/2024:11:50:00 -0300] "POST /cormun/servlet/solicitudotadjuntos?e0af1066d2267251ec7d5c842878f004,INS,2024,21048,,1, HTTP/1.1" 200 116
190.171.141.114 - - [22/Mar/2024:11:50:00 -0300] "GET /cormun/servlet/hpexe_return? HTTP/1.1" 200 1024
190.171.141.114 - - [22/Mar/2024:11:50:00 -0300] "GET /cormun/servlet/trsolicitudadjuntos?2024,21048, HTTP/1.1" 200 9365
