190.171.143.82 - - [22/Mar/2024:08:33:55 -0300] "GET /cormun/static/Shared/jqueryui/images/ui-icons_82798d_256x240.png HTTP/1.1" 404 1089
190.171.143.82 - - [22/Mar/2024:08:33:55 -0300] "GET /cormun/static/Shared/jqueryui/images/ui-bg_flat_55_fafafa_40x100.png HTTP/1.1" 404 1097
190.171.143.82 - - [22/Mar/2024:08:33:55 -0300] "GET /cormun/static/Shared/jqueryui/images/ui-icons_8d78a5_256x240.png HTTP/1.1" 404 1089
200.54.107.2 - - [22/Mar/2024:08:33:59 -0300] "GET /cormun/servlet/trsolicitudadjuntos?2024,20659, HTTP/1.1" 200 10475
190.171.143.82 - - [22/Mar/2024:08:33:59 -0300] "GET /cormun/servlet/trautorizarpermisogoce? HTTP/1.1" 200 7788
200.54.107.2 - - [22/Mar/2024:08:34:02 -0300] "GET /cormun/PublicTempStorage/curriculum_vitae123595.pdf HTTP/1.1" 200 97730
190.171.143.82 - - [22/Mar/2024:08:34:07 -0300] "POST /cormun/servlet/trautorizarpermisogoce?ee0bf768a8ae0bd8779630bb425da679,,gx-no-cache=1711107067472 HTTP/1.1" 200 4510
200.54.107.2 - - [22/Mar/2024:08:34:11 -0300] "GET /cormun/servlet/trsolicitudadjuntos?2024,20659, HTTP/1.1" 200 10475
200.54.107.2 - - [22/Mar/2024:08:34:17 -0300] "GET /cormun/servlet/trsolicitudot? HTTP/1.1" 200 11079
190.171.154.42 - - [22/Mar/2024:08:34:24 -0300] "GET /cormun/servlet/hlogin HTTP/1.1" 200 1720
200.54.107.2 - - [22/Mar/2024:08:34:30 -0300] "POST /cormun/servlet/trsolicitudot?1d8d46a67dad1e9a066db26bab4dd49e,,gx-no-cache=1711107091403 HTTP/1.1" 200 107
200.54.107.2 - - [22/Mar/2024:08:34:31 -0300] "GET /cormun/servlet/trsolicitudadjuntos?2024,20659, HTTP/1.1" 200 10467
190.171.141.106 - - [22/Mar/2024:08:37:43 -0300] "POST /cormun/servlet/solicitudotadjuntos?gx-no-cache=1711107284170 HTTP/1.1" 200 26
190.171.141.106 - - [22/Mar/2024:08:37:50 -0300] "GET /cormun/servlet/solicitudotadjuntos?a1ec43eadd4c7b82733b61911fe3b69c4905633ecbdb2d7872416bb6e7523890,gx-no-cache=1711107291223 HTTP/1.1" 200 30
190.171.141.106 - - [22/Mar/2024:08:37:50 -0300] "GET /cormun/servlet/solicitudotadjuntos?a1ec43eadd4c7b82733b61911fe3b69c4905633ecbdb2d7872416bb6e7523890,gx-no-cache=1711107291234 HTTP/1.1" 200 30
190.171.141.106 - - [22/Mar/2024:08:37:50 -0300] "POST /cormun/servlet/solicitudotadjuntos?82f96157327f9d1cecbe12b19a47d5b1,INS,2024,21040,,1, HTTP/1.1" 200 116
190.171.141.106 - - [22/Mar/2024:08:37:50 -0300] "GET /cormun/servlet/hpexe_return? HTTP/1.1" 200 1027
190.171.141.106 - - [22/Mar/2024:08:37:50 -0300] "GET /cormun/servlet/trsolicitudadjuntos?2024,21040, HTTP/1.1" 200 9324
190.171.141.106 - - [22/Mar/2024:08:37:53 -0300] "GET /cormun/servlet/solicitudotadjuntos?INS,2024,21040,,1, HTTP/1.1" 200 6330
190.171.141.106 - - [22/Mar/2024:08:37:53 -0300] "GET /cormun/static/about:blank HTTP/1.1" 404 1011
190.171.141.106 - - [22/Mar/2024:08:37:54 -0300] "GET /cormun/servlet/solicitudotadjuntos?a1ec43eadd4c7b82733b61911fe3b69ced717b5652da3dbdd0b8fd56f8d582c52faf44d1ccb438904c088c2dcbc24f5d,gx-no-cache=1711107294938 HTTP/1.1" 200 30
190.171.141.106 - - [22/Mar/2024:08:37:54 -0300] "POST /cormun/servlet/solicitudotadjuntos?82f96157327f9d1cecbe12b19a47d5b1,INS,2024,21040,,1,,gx-no-cache=1711107294963 HTTP/1.1" 200 4158
200.54.107.2 - - [22/Mar/2024:08:40:17 -0300] "GET /cormun/servlet/trsolicitudot? HTTP/1.1" 200 11079
200.54.107.2 - - [22/Mar/2024:08:40:24 -0300] "POST /cormun/servlet/trsolicitudot?1d8d46a67dad1e9a066db26bab4dd49e,,gx-no-cache=1711107444941 HTTP/1.1" 200 8146
190.171.141.106 - - [22/Mar/2024:08:41:19 -0300] "POST /cormun/servlet/solicitudotadjuntos?gx-no-cache=1711107498760 HTTP/1.1" 200 26
190.171.141.106 - - [22/Mar/2024:08:41:24 -0300] "GET /cormun/servlet/solicitudotadjuntos?a1ec43eadd4c7b82733b61911fe3b69c4905633ecbdb2d7872416bb6e7523890,gx-no-cache=1711107504623 HTTP/1.1" 200 30
190.171.141.106 - - [22/Mar/2024:08:41:24 -0300] "GET /cormun/servlet/solicitudotadjuntos?a1ec43eadd4c7b82733b61911fe3b69c4905633ecbdb2d7872416bb6e7523890,gx-no-cache=1711107504634 HTTP/1.1" 200 30
190.171.141.106 - - [22/Mar/2024:08:41:24 -0300] "POST /cormun/servlet/solicitudotadjuntos?82f96157327f9d1cecbe12b19a47d5b1,INS,2024,21040,,1, HTTP/1.1" 200 6714
190.171.141.106 - - [22/Mar/2024:08:41:24 -0300] "GET /cormun/static/Shared/jqueryui/images/ui-bg_highlight-soft_100_c6c2c8_1x100.png HTTP/1.1" 404 1117
190.171.141.106 - - [22/Mar/2024:08:41:24 -0300] "GET /cormun/static/Shared/jqueryui/images/ui-icons_82798d_256x240.png HTTP/1.1" 404 1089
190.171.141.106 - - [22/Mar/2024:08:41:24 -0300] "GET /cormun/static/Shared/jqueryui/images/ui-bg_flat_55_994d53_40x100.png HTTP/1.1" 404 1097
190.171.141.106 - - [22/Mar/2024:08:41:24 -0300] "GET /cormun/static/Shared/jqueryui/images/ui-icons_ebccce_256x240.png HTTP/1.1" 404 1089
190.171.141.106 - - [22/Mar/2024:08:41:24 -0300] "GET /cormun/PrivateTempStorage/upload_00014498.pdf HTTP/1.1" 200 34462
200.54.107.2 - - [22/Mar/2024:08:42:06 -0300] "GET /cormun/servlet/trsolicitudot? HTTP/1.1" 200 11072
200.54.107.2 - - [22/Mar/2024:08:42:12 -0300] "GET /cormun/servlet/solicitudot?INS,0,0,false, HTTP/1.1" 200 16350
200.54.107.2 - - [22/Mar/2024:08:42:13 -0300] "GET /cormun/static/gxcfg.js?20221129840861 HTTP/1.1" 200 953
200.54.107.2 - - [22/Mar/2024:08:42:13 -0300] "GET /cormun/static/solicitudot.js?20221129840983 HTTP/1.1" 200 74072
200.54.107.2 - - [22/Mar/2024:08:42:13 -0300] "GET /cormun/static/Resources/prompt.gif HTTP/1.1" 200 902
200.54.107.2 - - [22/Mar/2024:08:43:19 -0300] "GET /cormun/servlet/trlicencias? HTTP/1.1" 200 9077
200.54.107.2 - - [22/Mar/2024:08:43:47 -0300] "GET /cormun/servlet/trsolicitudot? HTTP/1.1" 200 11072
200.54.107.2 - - [22/Mar/2024:08:43:50 -0300] "GET /cormun/servlet/solicitudot?INS,0,0,false, HTTP/1.1" 200 16348
190.171.143.82 - - [22/Mar/2024:08:45:01 -0300] "GET /cormun/servlet/trpermisosgoce? HTTP/1.1" 200 9512
190.171.141.106 - - [22/Mar/2024:08:45:16 -0300] "POST /cormun/servlet/solicitudotadjuntos?gx-no-cache=1711107737391 HTTP/1.1" 200 26
190.171.141.106 - - [22/Mar/2024:08:45:21 -0300] "GET /cormun/servlet/solicitudotadjuntos?a1ec43eadd4c7b82733b61911fe3b69c9e70e9d94ada9e6a99d2a205f2ce09ea76e2309e4eede07761594f9061f51023,gx-no-cache=1711107741991 HTTP/1.1" 200 30
190.171.141.106 - - [22/Mar/2024:08:45:21 -0300] "GET /cormun/servlet/solicitudotadjuntos?a1ec43eadd4c7b82733b61911fe3b69c5a5fba9484619d1961d3d1702cd35f7f76e2309e4eede07761594f9061f51023,gx-no-cache=1711107742010 HTTP/1.1" 200 30
190.171.141.106 - - [22/Mar/2024:08:45:21 -0300] "POST /cormun/servlet/solicitudotadjuntos?82f96157327f9d1cecbe12b19a47d5b1,INS,2024,21040,,1, HTTP/1.1" 200 116
190.171.141.106 - - [22/Mar/2024:08:45:21 -0300] "GET /cormun/servlet/hpexe_return? HTTP/1.1" 200 1027
190.171.141.106 - - [22/Mar/2024:08:45:21 -0300] "GET /cormun/servlet/trsolicitudadjuntos?2024,21040, HTTP/1.1" 200 9595
190.171.141.106 - - [22/Mar/2024:08:45:26 -0300] "GET /cormun/servlet/solicitudotadjuntos?INS,2024,21040,,1, HTTP/1.1" 200 6329
190.171.141.106 - - [22/Mar/2024:08:45:26 -0300] "GET /cormun/static/about:blank HTTP/1.1" 404 1011
190.171.141.106 - - [22/Mar/2024:08:45:27 -0300] "GET /cormun/servlet/solicitudotadjuntos?a1ec43eadd4c7b82733b61911fe3b69ced717b5652da3dbdd0b8fd56f8d582c52faf44d1ccb438904c088c2dcbc24f5d,gx-no-cache=1711107747801 HTTP/1.1" 200 30
190.171.141.106 - - [22/Mar/2024:08:45:27 -0300] "POST /cormun/servlet/solicitudotadjuntos?82f96157327f9d1cecbe12b19a47d5b1,INS,2024,21040,,1,,gx-no-cache=1711107747816 HTTP/1.1" 200 4159
200.54.107.2 - - [22/Mar/2024:08:47:20 -0300] "POST /cormun/servlet/solicitudot?gx-no-cache=1711107861232 HTTP/1.1" 200 4022
200.54.107.2 - - [22/Mar/2024:08:47:20 -0300] "POST /cormun/servlet/solicitudot?1d8d46a67dad1e9a066db26bab4dd49e,INS,0,0,false,,gx-no-cache=1711107861396 HTTP/1.1" 200 12877
200.54.107.2 - - [22/Mar/2024:08:47:23 -0300] "GET /cormun/servlet/solicitudot?86da9b31fdb396fd97bad881ced3d26e1dce905e991c0f79c441ff5c8e763ee0ea3c1aef664f4322abb492ed1b43b2a7,gx-no-cache=1711107864436 HTTP/1.1" 200 30
190.171.141.106 - - [22/Mar/2024:08:47:31 -0300] "POST /cormun/servlet/solicitudotadjuntos?gx-no-cache=1711107871986 HTTP/1.1" 200 26
190.171.141.106 - - [22/Mar/2024:08:47:36 -0300] "GET /cormun/servlet/solicitudotadjuntos?a1ec43eadd4c7b82733b61911fe3b69c4905633ecbdb2d7872416bb6e7523890,gx-no-cache=1711107876575 HTTP/1.1" 200 30
190.171.141.106 - - [22/Mar/2024:08:47:36 -0300] "GET /cormun/servlet/solicitudotadjuntos?a1ec43eadd4c7b82733b61911fe3b69c4905633ecbdb2d7872416bb6e7523890,gx-no-cache=1711107876586 HTTP/1.1" 200 30
190.171.141.106 - - [22/Mar/2024:08:47:36 -0300] "POST /cormun/servlet/solicitudotadjuntos?82f96157327f9d1cecbe12b19a47d5b1,INS,2024,21040,,1, HTTP/1.1" 200 116
190.171.141.106 - - [22/Mar/2024:08:47:36 -0300] "GET /cormun/servlet/hpexe_return? HTTP/1.1" 200 1027
190.171.141.106 - - [22/Mar/2024:08:47:36 -0300] "GET /cormun/servlet/trsolicitudadjuntos?2024,21040, HTTP/1.1" 200 9855
190.171.141.106 - - [22/Mar/2024:08:47:47 -0300] "GET /cormun/servlet/solicitudotadjuntos?INS,2024,21040,,1, HTTP/1.1" 200 6330
190.171.141.106 - - [22/Mar/2024:08:47:47 -0300] "GET /cormun/static/about:blank HTTP/1.1" 404 1011
190.171.141.106 - - [22/Mar/2024:08:47:48 -0300] "GET /cormun/servlet/solicitudotadjuntos?a1ec43eadd4c7b82733b61911fe3b69ced717b5652da3dbdd0b8fd56f8d582c52faf44d1ccb438904c088c2dcbc24f5d,gx-no-cache=1711107888634 HTTP/1.1" 200 30
190.171.141.106 - - [22/Mar/2024:08:47:48 -0300] "POST /cormun/servlet/solicitudotadjuntos?82f96157327f9d1cecbe12b19a47d5b1,INS,2024,21040,,1,,gx-no-cache=1711107888654 HTTP/1.1" 200 4158
181.212.40.185 - - [22/Mar/2024:08:50:09 -0300] "POST /cormun/servlet/trlicencias?7aed83c8f0b8a79fc36a2549725a37d4,,gx-no-cache=1711108029986 HTTP/1.1" 440 972
181.212.40.185 - - [22/Mar/2024:08:50:10 -0300] "GET /cormun/servlet/trlicencias? HTTP/1.1" 200 6046
181.212.40.185 - - [22/Mar/2024:08:50:11 -0300] "GET /cormun/servlet/trlicencias? HTTP/1.1" 200 6046
181.212.40.185 - - [22/Mar/2024:08:50:11 -0300] "GET /cormun/servlet/hlogin HTTP/1.1" 200 1738
181.212.40.185 - - [22/Mar/2024:08:50:20 -0300] "POST /cormun/servlet/hlogin?0097da363ec8b543d811a6550543e648,gx-no-cache=1711108041339 HTTP/1.1" 200 90
181.212.40.185 - - [22/Mar/2024:08:50:20 -0300] "GET /cormun/servlet/hpexe_link HTTP/1.1" 200 955
181.212.40.185 - - [22/Mar/2024:08:50:21 -0300] "GET /cormun/servlet/trlicencias HTTP/1.1" 200 14321
200.54.107.2 - - [22/Mar/2024:08:51:36 -0300] "GET /cormun/servlet/trlicencias? HTTP/1.1" 200 9077
200.54.107.2 - - [22/Mar/2024:08:52:27 -0300] "GET /cormun/servlet/trlicenciaspermisosadjuntos?12857569,20240318000000,L, HTTP/1.1" 200 6698
200.54.107.2 - - [22/Mar/2024:08:52:27 -0300] "GET /cormun/static/gxui/gxui-all.css?110300 HTTP/1.1" 200 2179
200.54.107.2 - - [22/Mar/2024:08:52:27 -0300] "GET /cormun/static/calendar-system.css?75620 HTTP/1.1" 200 5572
200.54.107.2 - - [22/Mar/2024:08:52:27 -0300] "GET /cormun/static/gxcfg.js?201991422445549 HTTP/1.1" 200 953
200.54.107.2 - - [22/Mar/2024:08:52:27 -0300] "GET /cormun/static/Resources/Spanish/PXTools.css?2294816 HTTP/1.1" 200 100853
200.54.107.2 - - [22/Mar/2024:08:52:27 -0300] "GET /cormun/static/trlicenciaspermisosadjuntos.js?20199142244593 HTTP/1.1" 200 21036
200.54.107.2 - - [22/Mar/2024:08:52:27 -0300] "GET /cormun/static/Shared/ext/resources/css/ext-all.css?205870 HTTP/1.1" 200 416045
200.54.107.2 - - [22/Mar/2024:08:52:43 -0300] "POST /cormun/servlet/trlicenciaspermisosadjuntos?1d8d46a67dad1e9a066db26bab4dd49e,12857569,20240318000000,L,,gx-no-cache=1711108184061 HTTP/1.1" 200 4376
200.54.107.2 - - [22/Mar/2024:08:52:45 -0300] "POST /cormun/servlet/trlicenciaspermisosadjuntos?1d8d46a67dad1e9a066db26bab4dd49e,12857569,20240318000000,L,,gx-no-cache=1711108185818 HTTP/1.1" 200 4376
181.212.47.137 - - [22/Mar/2024:08:52:48 -0300] "POST /cormun/servlet/trsolicitudgral?2368a2aaf5af0de831a94770436f18e7,,gx-no-cache=1711108174988 HTTP/1.1" 200 5249
181.212.47.137 - - [22/Mar/2024:08:52:49 -0300] "POST /cormun/servlet/trsolicitudgral?2368a2aaf5af0de831a94770436f18e7,,gx-no-cache=1711108175523 HTTP/1.1" 200 5250
200.54.107.2 - - [22/Mar/2024:08:52:49 -0300] "GET /cormun/servlet/trlicencias? HTTP/1.1" 200 9069
181.212.47.137 - - [22/Mar/2024:08:52:49 -0300] "POST /cormun/servlet/trsolicitudgral?2368a2aaf5af0de831a94770436f18e7,,gx-no-cache=1711108175754 HTTP/1.1" 200 5250
181.212.47.137 - - [22/Mar/2024:08:52:49 -0300] "POST /cormun/servlet/trsolicitudgral?2368a2aaf5af0de831a94770436f18e7,,gx-no-cache=1711108175914 HTTP/1.1" 200 5250
181.212.47.137 - - [22/Mar/2024:08:52:49 -0300] "POST /cormun/servlet/trsolicitudgral?2368a2aaf5af0de831a94770436f18e7,,gx-no-cache=1711108176074 HTTP/1.1" 200 5250
181.212.47.137 - - [22/Mar/2024:08:52:49 -0300] "POST /cormun/servlet/trsolicitudgral?2368a2aaf5af0de831a94770436f18e7,,gx-no-cache=1711108176235 HTTP/1.1" 200 5250
200.54.107.2 - - [22/Mar/2024:08:53:43 -0300] "GET /cormun/servlet/trsolicitudot? HTTP/1.1" 200 11072
190.171.134.178 - - [22/Mar/2024:08:53:46 -0300] "GET /cormun/servlet/hlogin HTTP/1.1" 200 1716
200.54.107.2 - - [22/Mar/2024:08:53:49 -0300] "GET /cormun/servlet/solicitudot?INS,0,0,false, HTTP/1.1" 200 16348
190.171.134.178 - - [22/Mar/2024:08:54:09 -0300] "POST /cormun/servlet/hlogin?450d1fd8258cd1799736a5cd8966e026,gx-no-cache=1711108269691 HTTP/1.1" 200 90
190.171.134.178 - - [22/Mar/2024:08:54:09 -0300] "GET /cormun/servlet/hpexe_link HTTP/1.1" 200 945
190.171.134.178 - - [22/Mar/2024:08:54:09 -0300] "GET /cormun/servlet/hhome HTTP/1.1" 200 3933
190.171.134.178 - - [22/Mar/2024:08:54:09 -0300] "GET /cormun/servlet/hhome HTTP/1.1" 200 3929
190.171.134.178 - - [22/Mar/2024:08:54:12 -0300] "GET /cormun/servlet/trlicencias? HTTP/1.1" 200 9520
190.171.134.178 - - [22/Mar/2024:08:54:13 -0300] "GET /cormun/servlet/trlicencias? HTTP/1.1" 200 9518
200.54.107.2 - - [22/Mar/2024:08:54:41 -0300] "POST /cormun/servlet/solicitudot?gx-no-cache=1711108302315 HTTP/1.1" 200 4022
200.54.107.2 - - [22/Mar/2024:08:54:42 -0300] "POST /cormun/servlet/solicitudot?1d8d46a67dad1e9a066db26bab4dd49e,INS,0,0,false,,gx-no-cache=1711108302464 HTTP/1.1" 200 12877
200.54.107.2 - - [22/Mar/2024:08:54:45 -0300] "GET /cormun/servlet/solicitudot?86da9b31fdb396fd97bad881ced3d26e1dce905e991c0f79c441ff5c8e763ee0ea3c1aef664f4322abb492ed1b43b2a7,gx-no-cache=1711108305687 HTTP/1.1" 200 30
190.171.141.106 - - [22/Mar/2024:08:55:54 -0300] "POST /cormun/servlet/solicitudotadjuntos?gx-no-cache=1711108375184 HTTP/1.1" 200 26
190.171.141.114 - - [22/Mar/2024:08:56:36 -0300] "POST /cormun/servlet/hlogin?9100dad1aee32c7913c5f57f3829d5f3,gx-no-cache=1711108416327 HTTP/1.1" 440 972
190.171.141.114 - - [22/Mar/2024:08:56:37 -0300] "GET /cormun/servlet/hlogin HTTP/1.1" 200 1737
190.171.141.114 - - [22/Mar/2024:08:56:46 -0300] "POST /cormun/servlet/hlogin?bc41bc121a04ee4f33f7a28f5b665889,gx-no-cache=1711108426413 HTTP/1.1" 200 90
190.171.141.114 - - [22/Mar/2024:08:56:46 -0300] "GET /cormun/servlet/hpexe_link HTTP/1.1" 200 958
190.171.141.114 - - [22/Mar/2024:08:56:46 -0300] "GET /cormun/servlet/hhome HTTP/1.1" 200 4014
190.171.141.106 - - [22/Mar/2024:08:56:47 -0300] "GET /cormun/servlet/solicitudotadjuntos?a1ec43eadd4c7b82733b61911fe3b69c4905633ecbdb2d7872416bb6e7523890,gx-no-cache=1711108428344 HTTP/1.1" 200 30
190.171.141.106 - - [22/Mar/2024:08:56:47 -0300] "GET /cormun/servlet/solicitudotadjuntos?a1ec43eadd4c7b82733b61911fe3b69c4905633ecbdb2d7872416bb6e7523890,gx-no-cache=1711108428364 HTTP/1.1" 200 30
190.171.141.106 - - [22/Mar/2024:08:56:47 -0300] "POST /cormun/servlet/solicitudotadjuntos?82f96157327f9d1cecbe12b19a47d5b1,INS,2024,21040,,1, HTTP/1.1" 200 116
190.171.141.106 - - [22/Mar/2024:08:56:48 -0300] "GET /cormun/servlet/hpexe_return? HTTP/1.1" 200 1027
190.171.141.106 - - [22/Mar/2024:08:56:48 -0300] "GET /cormun/servlet/trsolicitudadjuntos?2024,21040, HTTP/1.1" 200 10137
190.171.141.114 - - [22/Mar/2024:08:57:00 -0300] "GET /cormun/servlet/trpermisosgoce? HTTP/1.1" 200 9568
190.171.141.114 - - [22/Mar/2024:08:57:03 -0300] "GET /cormun/servlet/permisogoce?INS,0,,, HTTP/1.1" 200 6881
190.171.141.114 - - [22/Mar/2024:08:57:06 -0300] "GET /cormun/servlet/prfichaempleado?,MD,,gxPopupLevel%3D0%3B HTTP/1.1" 200 9309
190.171.141.106 - - [22/Mar/2024:08:57:11 -0300] "GET /cormun/servlet/solicitudotadjuntos?INS,2024,21040,,1, HTTP/1.1" 200 6329
190.171.141.106 - - [22/Mar/2024:08:57:11 -0300] "GET /cormun/static/about:blank HTTP/1.1" 404 1011
190.171.141.106 - - [22/Mar/2024:08:57:12 -0300] "GET /cormun/servlet/solicitudotadjuntos?a1ec43eadd4c7b82733b61911fe3b69ced717b5652da3dbdd0b8fd56f8d582c52faf44d1ccb438904c088c2dcbc24f5d,gx-no-cache=1711108452725 HTTP/1.1" 200 30
190.171.141.106 - - [22/Mar/2024:08:57:12 -0300] "POST /cormun/servlet/solicitudotadjuntos?82f96157327f9d1cecbe12b19a47d5b1,INS,2024,21040,,1,,gx-no-cache=1711108452754 HTTP/1.1" 200 4159
190.171.141.114 - - [22/Mar/2024:08:57:15 -0300] "POST /cormun/servlet/prfichaempleado?bc41bc121a04ee4f33f7a28f5b665889,,MD,,gxPopupLevel%3D0%3B,gx-no-cache=1711108455775 HTTP/1.1" 200 3413
190.171.141.114 - - [22/Mar/2024:08:57:30 -0300] "GET /cormun/servlet/permisogoce?1123468623e9a1375f0cd598df375736dd2b483b73add2f38c77f7a3422e9bdf254f4de408c32af487e17f17707ffa03f45821e7b029a5027038a0c72bfdb5a2,gx-no-cache=1711108470853 HTTP/1.1" 200 78
190.171.141.114 - - [22/Mar/2024:08:57:30 -0300] "GET /cormun/static/menuarrow.gif HTTP/1.1" 404 1015
200.54.107.2 - - [22/Mar/2024:08:57:33 -0300] "GET /cormun/servlet/solicitudot?86da9b31fdb396fd97bad881ced3d26e236c578ed375635de66a68a9ab56beecc4557d557f7c8b306c40b12c63df9d154ea76db952ce16e061a181bcd7179bf4,gx-no-cache=1711108473777 HTTP/1.1" 200 30
200.54.107.2 - - [22/Mar/2024:08:57:35 -0300] "GET /cormun/servlet/solicitudot?86da9b31fdb396fd97bad881ced3d26e3a2b8af33c7a96622dc6e687a619819a,gx-no-cache=1711108476386 HTTP/1.1" 200 53
190.171.141.114 - - [22/Mar/2024:08:57:36 -0300] "GET /cormun/servlet/permisogoce?1123468623e9a1375f0cd598df3757360de229b3956fe3450e7386db86828b74776d013ac9452b967a3c27725d532434aa9296dc468d6cae3dbb16288822a080,gx-no-cache=1711108476477 HTTP/1.1" 200 47
190.171.141.114 - - [22/Mar/2024:08:57:41 -0300] "POST /cormun/servlet/permisogoce?bc41bc121a04ee4f33f7a28f5b665889,INS,0,,,,gx-no-cache=1711108480479 HTTP/1.1" 200 93
190.171.141.114 - - [22/Mar/2024:08:57:41 -0300] "GET /cormun/servlet/hpexe_return? HTTP/1.1" 200 1017
190.171.141.114 - - [22/Mar/2024:08:57:41 -0300] "GET /cormun/servlet/trpermisosgoce HTTP/1.1" 200 9787
190.171.141.114 - - [22/Mar/2024:08:57:45 -0300] "GET /cormun/servlet/apermisogoceprn?13225459,P,20240322085350,PU HTTP/1.1" 200 1656
190.171.141.106 - - [22/Mar/2024:08:57:50 -0300] "POST /cormun/servlet/solicitudotadjuntos?gx-no-cache=1711108490643 HTTP/1.1" 200 26
200.54.107.2 - - [22/Mar/2024:08:57:52 -0300] "POST /cormun/servlet/solicitudot?1d8d46a67dad1e9a066db26bab4dd49e,INS,0,0,false,,gx-no-cache=1711108492506 HTTP/1.1" 200 13096
200.54.107.2 - - [22/Mar/2024:08:57:52 -0300] "GET /cormun/static/Shared/jqueryui/images/ui-bg_highlight-soft_100_c6c2c8_1x100.png HTTP/1.1" 404 1117
200.54.107.2 - - [22/Mar/2024:08:57:52 -0300] "GET /cormun/static/Shared/jqueryui/images/ui-icons_82798d_256x240.png HTTP/1.1" 404 1089
200.54.107.2 - - [22/Mar/2024:08:57:52 -0300] "GET /cormun/static/Shared/jqueryui/images/ui-bg_flat_55_fafafa_40x100.png HTTP/1.1" 404 1097
200.54.107.2 - - [22/Mar/2024:08:57:52 -0300] "GET /cormun/static/Shared/jqueryui/images/ui-icons_8d78a5_256x240.png HTTP/1.1" 404 1089
190.171.141.106 - - [22/Mar/2024:08:57:56 -0300] "GET /cormun/servlet/solicitudotadjuntos?a1ec43eadd4c7b82733b61911fe3b69c4905633ecbdb2d7872416bb6e7523890,gx-no-cache=1711108497328 HTTP/1.1" 200 30
190.171.141.106 - - [22/Mar/2024:08:57:56 -0300] "GET /cormun/servlet/solicitudotadjuntos?a1ec43eadd4c7b82733b61911fe3b69c4905633ecbdb2d7872416bb6e7523890,gx-no-cache=1711108497341 HTTP/1.1" 200 30
190.171.141.106 - - [22/Mar/2024:08:57:56 -0300] "POST /cormun/servlet/solicitudotadjuntos?82f96157327f9d1cecbe12b19a47d5b1,INS,2024,21040,,1, HTTP/1.1" 200 116
190.171.141.106 - - [22/Mar/2024:08:57:56 -0300] "GET /cormun/servlet/hpexe_return? HTTP/1.1" 200 1027
190.171.141.106 - - [22/Mar/2024:08:57:56 -0300] "GET /cormun/servlet/trsolicitudadjuntos?2024,21040, HTTP/1.1" 200 10471
200.54.107.2 - - [22/Mar/2024:08:57:58 -0300] "POST /cormun/servlet/solicitudot?gx-no-cache=1711108499523 HTTP/1.1" 200 240
200.54.107.2 - - [22/Mar/2024:08:58:01 -0300] "GET /cormun/servlet/solicitudot?86da9b31fdb396fd97bad881ced3d26e7d93bec9a8d272fac3c7453bfb4a4038739548f3f39d5e60a8bfd31e4da51ce7f7be45f88646541d9fa0e82500005a4d2f65817464a7553c7cd70bfa563cb0a4d78daee91bb00f216ac0e58aab51f76a3c8b046a65931efbf959226908aafdf9a60f3d070093e653951428fbb530d0781cf2ba6ae06425490eb08a828bb92151f65886741c421303d53566be62f88ca4a1d6198a09a01224da89746dd790635c1746834ffe6c8bf03b4231ef74ed2fc146ff2c0210fb71fb1186a7fddea304f1a77d149fe9314163af07640ec9ef468e9a93ba975952d1a2f0226fc2828212c844e157d2d44d423ea24f04c38312454ecf165586e15e993ab316329adffcc95aa10d190db38badee213a12651b1225a8fd2558aea91e11b52fc7536a0eb6f6b4e920ef0e5442528e847f744f2129a6c14fd9b47d30fe365ed6b38c5e028c35ab3f97bf6482e1119856906c7c31b66cb15cfda7101a3985cf5c78a782cc8b49c577a654bf66280a35a9629540707ce29e,gx-no-cache=1711108502173 HTTP/1.1" 200 30
190.171.141.106 - - [22/Mar/2024:08:58:04 -0300] "GET /cormun/servlet/solicitudotadjuntos?INS,2024,21040,,1, HTTP/1.1" 200 6330
190.171.141.106 - - [22/Mar/2024:08:58:04 -0300] "GET /cormun/static/about:blank HTTP/1.1" 404 1011
190.171.141.106 - - [22/Mar/2024:08:58:05 -0300] "GET /cormun/servlet/solicitudotadjuntos?a1ec43eadd4c7b82733b61911fe3b69ced717b5652da3dbdd0b8fd56f8d582c52faf44d1ccb438904c088c2dcbc24f5d,gx-no-cache=1711108505886 HTTP/1.1" 200 30
190.171.141.106 - - [22/Mar/2024:08:58:05 -0300] "POST /cormun/servlet/solicitudotadjuntos?82f96157327f9d1cecbe12b19a47d5b1,INS,2024,21040,,1,,gx-no-cache=1711108505911 HTTP/1.1" 200 4158
200.54.107.2 - - [22/Mar/2024:08:58:06 -0300] "POST /cormun/servlet/solicitudot?gx-no-cache=1711108507235 HTTP/1.1" 200 30
200.54.107.2 - - [22/Mar/2024:08:58:30 -0300] "GET /cormun/static/Resources/resize.gif HTTP/1.1" 200 77
200.54.107.2 - - [22/Mar/2024:08:58:30 -0300] "GET /cormun/static/Resources/PXTools/ClosePrompt.png HTTP/1.1" 200 1036
200.54.107.2 - - [22/Mar/2024:08:58:30 -0300] "GET /cormun/servlet/prlicenciaspermisos?21076091,L,,MD,,gxPopupLevel%3D0%3B HTTP/1.1" 200 5726
200.54.107.2 - - [22/Mar/2024:08:58:30 -0300] "GET /cormun/static/gxcfg.js?2020121559567 HTTP/1.1" 200 953
200.54.107.2 - - [22/Mar/2024:08:58:30 -0300] "GET /cormun/static/Resources/PXToolsMenuSearch.png HTTP/1.1" 200 336
200.54.107.2 - - [22/Mar/2024:08:58:30 -0300] "GET /cormun/static/prlicenciaspermisos.js?2020121559821 HTTP/1.1" 200 13379
200.54.107.2 - - [22/Mar/2024:08:58:30 -0300] "GET /cormun/static/menusearch.js?20201214473581 HTTP/1.1" 200 1424
200.54.107.2 - - [22/Mar/2024:08:58:30 -0300] "GET /cormun/static/hmpwkw011.js?202211298443482 HTTP/1.1" 200 1968
200.54.107.2 - - [22/Mar/2024:08:58:30 -0300] "GET /cormun/static/Resources/PXToolsMenuSearchCancel.png HTTP/1.1" 200 306
190.171.134.178 - - [22/Mar/2024:08:58:33 -0300] "GET /cormun/servlet/hlogin HTTP/1.1" 200 1719
200.54.107.2 - - [22/Mar/2024:08:58:34 -0300] "POST /cormun/servlet/solicitudot?gx-no-cache=1711108535257 HTTP/1.1" 200 1476
200.54.107.2 - - [22/Mar/2024:08:58:37 -0300] "POST /cormun/servlet/solicitudot?gx-no-cache=1711108537672 HTTP/1.1" 200 41
190.171.141.106 - - [22/Mar/2024:08:58:43 -0300] "POST /cormun/servlet/solicitudotadjuntos?gx-no-cache=1711108544461 HTTP/1.1" 200 26
190.171.141.106 - - [22/Mar/2024:08:58:47 -0300] "GET /cormun/servlet/solicitudotadjuntos?a1ec43eadd4c7b82733b61911fe3b69c4905633ecbdb2d7872416bb6e7523890,gx-no-cache=1711108548136 HTTP/1.1" 200 30
190.171.141.106 - - [22/Mar/2024:08:58:47 -0300] "GET /cormun/servlet/solicitudotadjuntos?a1ec43eadd4c7b82733b61911fe3b69c4905633ecbdb2d7872416bb6e7523890,gx-no-cache=1711108548148 HTTP/1.1" 200 30
190.171.141.106 - - [22/Mar/2024:08:58:48 -0300] "POST /cormun/servlet/solicitudotadjuntos?82f96157327f9d1cecbe12b19a47d5b1,INS,2024,21040,,1, HTTP/1.1" 200 116
190.171.141.106 - - [22/Mar/2024:08:58:48 -0300] "GET /cormun/servlet/hpexe_return? HTTP/1.1" 200 1027
190.171.141.106 - - [22/Mar/2024:08:58:48 -0300] "GET /cormun/servlet/trsolicitudadjuntos?2024,21040, HTTP/1.1" 200 10656
190.171.141.106 - - [22/Mar/2024:08:59:01 -0300] "GET /cormun/servlet/trsolicitudot? HTTP/1.1" 200 13942
190.171.141.106 - - [22/Mar/2024:08:59:20 -0300] "POST /cormun/servlet/trsolicitudot?82f96157327f9d1cecbe12b19a47d5b1,,gx-no-cache=1711108580443 HTTP/1.1" 200 10615
190.171.141.106 - - [22/Mar/2024:08:59:20 -0300] "GET /cormun/static/Shared/jqueryui/images/ui-bg_highlight-soft_100_c6c2c8_1x100.png HTTP/1.1" 404 1117
190.171.141.106 - - [22/Mar/2024:08:59:20 -0300] "GET /cormun/static/Shared/jqueryui/images/ui-icons_82798d_256x240.png HTTP/1.1" 404 1089
190.171.141.106 - - [22/Mar/2024:08:59:20 -0300] "GET /cormun/static/Shared/jqueryui/images/ui-bg_flat_55_fafafa_40x100.png HTTP/1.1" 404 1097
190.171.141.106 - - [22/Mar/2024:08:59:20 -0300] "GET /cormun/static/Shared/jqueryui/images/ui-icons_8d78a5_256x240.png HTTP/1.1" 404 1089
190.171.141.106 - - [22/Mar/2024:08:59:20 -0300] "POST /cormun/servlet/trsolicitudot?82f96157327f9d1cecbe12b19a47d5b1,,gx-no-cache=1711108580741 HTTP/1.1" 200 10529
200.54.107.2 - - [22/Mar/2024:08:59:21 -0300] "GET /cormun/servlet/solicitudot?86da9b31fdb396fd97bad881ced3d26e6eebc89ab17158d7128f8affa69b083aa4f1ac6c8c352e367a2e5a6cf80c1153e021925838ea5ee8349edfa9261e7e51fcd909505a8bae135ced5014644946e1603c36499ef41c8178577cb7a7a179dfd8d9fd46de306c4ed4cfda551975ec18,gx-no-cache=1711108581875 HTTP/1.1" 200 110
200.54.107.2 - - [22/Mar/2024:08:59:21 -0300] "POST /cormun/servlet/solicitudot?gx-no-cache=1711108581916 HTTP/1.1" 200 83
190.171.134.178 - - [22/Mar/2024:08:59:42 -0300] "POST /cormun/servlet/hlogin?3603b669ab7dd140c6954f280096d0b6,gx-no-cache=1711108602994 HTTP/1.1" 200 90
190.171.134.178 - - [22/Mar/2024:08:59:42 -0300] "GET /cormun/servlet/hpexe_link HTTP/1.1" 200 947
190.171.134.178 - - [22/Mar/2024:08:59:42 -0300] "GET /cormun/servlet/hhome HTTP/1.1" 200 3936
190.171.134.178 - - [22/Mar/2024:08:59:42 -0300] "GET /cormun/servlet/hhome HTTP/1.1" 200 3933
190.171.134.178 - - [22/Mar/2024:08:59:49 -0300] "GET /cormun/servlet/trsolicitudot? HTTP/1.1" 200 9101
190.171.134.178 - - [22/Mar/2024:08:59:49 -0300] "GET /cormun/servlet/trsolicitudot? HTTP/1.1" 200 9099
190.171.134.178 - - [22/Mar/2024:08:59:52 -0300] "POST /cormun/servlet/trsolicitudot?3603b669ab7dd140c6954f280096d0b6,,gx-no-cache=1711108613545 HTTP/1.1" 200 107
190.171.134.178 - - [22/Mar/2024:08:59:53 -0300] "GET /cormun/servlet/trsolicitudadjuntos?2024,21027, HTTP/1.1" 200 9466
190.171.134.178 - - [22/Mar/2024:08:59:54 -0300] "GET /cormun/servlet/trsolicitudadjuntos?2024,21027, HTTP/1.1" 200 9467
190.171.134.178 - - [22/Mar/2024:08:59:57 -0300] "GET /cormun/servlet/solicitudotadjuntos?INS,2024,21027,,1, HTTP/1.1" 200 5988
190.171.134.178 - - [22/Mar/2024:08:59:57 -0300] "GET /cormun/static/about:blank HTTP/1.1" 404 1011
190.171.134.178 - - [22/Mar/2024:08:59:57 -0300] "GET /cormun/servlet/solicitudotadjuntos?INS,2024,21027,,1, HTTP/1.1" 200 5981
190.171.134.178 - - [22/Mar/2024:08:59:58 -0300] "GET /cormun/servlet/solicitudotadjuntos?4dbf1a61a8264c4092df50474e16036ad05c245c45d5f9c9c858432c98345f2d831097789e90fd9ea9c4f6a533b4dc83,gx-no-cache=1711108618906 HTTP/1.1" 200 30
190.171.134.178 - - [22/Mar/2024:08:59:58 -0300] "POST /cormun/servlet/solicitudotadjuntos?3603b669ab7dd140c6954f280096d0b6,INS,2024,21027,,1,,gx-no-cache=1711108618920 HTTP/1.1" 200 3894
190.171.134.178 - - [22/Mar/2024:09:00:07 -0300] "POST /cormun/servlet/solicitudotadjuntos?gx-no-cache=1711108627755 HTTP/1.1" 200 26
190.171.134.178 - - [22/Mar/2024:09:00:15 -0300] "GET /cormun/servlet/solicitudotadjuntos?4dbf1a61a8264c4092df50474e16036ad8333e7f523f2d3af0c203b497037cdb,gx-no-cache=1711108636514 HTTP/1.1" 200 30
190.171.134.178 - - [22/Mar/2024:09:00:15 -0300] "GET /cormun/servlet/solicitudotadjuntos?4dbf1a61a8264c4092df50474e16036ad8333e7f523f2d3af0c203b497037cdb,gx-no-cache=1711108636524 HTTP/1.1" 200 30
190.171.134.178 - - [22/Mar/2024:09:00:16 -0300] "POST /cormun/servlet/solicitudotadjuntos?3603b669ab7dd140c6954f280096d0b6,INS,2024,21027,,1, HTTP/1.1" 200 116
190.171.134.178 - - [22/Mar/2024:09:00:16 -0300] "GET /cormun/servlet/hpexe_return? HTTP/1.1" 200 1021
190.171.134.178 - - [22/Mar/2024:09:00:16 -0300] "GET /cormun/servlet/trsolicitudadjuntos?2024,21027, HTTP/1.1" 200 9769
190.171.134.178 - - [22/Mar/2024:09:00:17 -0300] "GET /cormun/servlet/trsolicitudadjuntos?2024,21027, HTTP/1.1" 200 9768
190.171.134.178 - - [22/Mar/2024:09:00:19 -0300] "GET /cormun/servlet/solicitudotadjuntos?INS,2024,21027,,1, HTTP/1.1" 200 5987
190.171.134.178 - - [22/Mar/2024:09:00:19 -0300] "GET /cormun/static/about:blank HTTP/1.1" 404 1011
190.171.134.178 - - [22/Mar/2024:09:00:19 -0300] "GET /cormun/servlet/solicitudotadjuntos?INS,2024,21027,,1, HTTP/1.1" 200 5980
190.171.134.178 - - [22/Mar/2024:09:00:19 -0300] "GET /cormun/servlet/solicitudotadjuntos?4dbf1a61a8264c4092df50474e16036ad05c245c45d5f9c9c858432c98345f2d831097789e90fd9ea9c4f6a533b4dc83,gx-no-cache=1711108640498 HTTP/1.1" 200 30
190.171.134.178 - - [22/Mar/2024:09:00:19 -0300] "POST /cormun/servlet/solicitudotadjuntos?3603b669ab7dd140c6954f280096d0b6,INS,2024,21027,,1,,gx-no-cache=1711108640512 HTTP/1.1" 200 3893
190.171.134.178 - - [22/Mar/2024:09:00:23 -0300] "POST /cormun/servlet/solicitudotadjuntos?gx-no-cache=1711108643994 HTTP/1.1" 200 26
190.171.134.178 - - [22/Mar/2024:09:00:29 -0300] "GET /cormun/servlet/solicitudotadjuntos?4dbf1a61a8264c4092df50474e16036ad8333e7f523f2d3af0c203b497037cdb,gx-no-cache=1711108650194 HTTP/1.1" 200 30
190.171.134.178 - - [22/Mar/2024:09:00:29 -0300] "GET /cormun/servlet/solicitudotadjuntos?4dbf1a61a8264c4092df50474e16036ad8333e7f523f2d3af0c203b497037cdb,gx-no-cache=1711108650204 HTTP/1.1" 200 30
190.171.134.178 - - [22/Mar/2024:09:00:29 -0300] "POST /cormun/servlet/solicitudotadjuntos?3603b669ab7dd140c6954f280096d0b6,INS,2024,21027,,1, HTTP/1.1" 200 116
190.171.134.178 - - [22/Mar/2024:09:00:29 -0300] "GET /cormun/servlet/hpexe_return? HTTP/1.1" 200 1021
190.171.134.178 - - [22/Mar/2024:09:00:30 -0300] "GET /cormun/servlet/trsolicitudadjuntos?2024,21027, HTTP/1.1" 200 10061
190.171.134.178 - - [22/Mar/2024:09:00:31 -0300] "GET /cormun/servlet/trsolicitudadjuntos?2024,21027, HTTP/1.1" 200 10055
190.171.134.178 - - [22/Mar/2024:09:00:32 -0300] "GET /cormun/servlet/solicitudotadjuntos?INS,2024,21027,,1, HTTP/1.1" 200 5987
190.171.134.178 - - [22/Mar/2024:09:00:33 -0300] "GET /cormun/static/about:blank HTTP/1.1" 404 1011
190.171.134.178 - - [22/Mar/2024:09:00:33 -0300] "GET /cormun/servlet/solicitudotadjuntos?INS,2024,21027,,1, HTTP/1.1" 200 5980
190.171.134.178 - - [22/Mar/2024:09:00:33 -0300] "GET /cormun/servlet/solicitudotadjuntos?4dbf1a61a8264c4092df50474e16036ad05c245c45d5f9c9c858432c98345f2d831097789e90fd9ea9c4f6a533b4dc83,gx-no-cache=1711108654171 HTTP/1.1" 200 30
190.171.134.178 - - [22/Mar/2024:09:00:33 -0300] "POST /cormun/servlet/solicitudotadjuntos?3603b669ab7dd140c6954f280096d0b6,INS,2024,21027,,1,,gx-no-cache=1711108654186 HTTP/1.1" 200 3893
200.54.107.2 - - [22/Mar/2024:09:00:34 -0300] "GET /cormun/servlet/solicitudot?86da9b31fdb396fd97bad881ced3d26efca549e549405d0b61788f630636d26396e951c790284452d39c46769f695cf7dce0e01383409d6a883b4b7f7a0770a7279d74a203df6f747c1aa979ca794e8a0f11ef99349b83a024fc1326b1f7ea37a9aae92cd6a9843325596e28307b3ecd,gx-no-cache=1711108655338 HTTP/1.1" 200 29
200.54.107.2 - - [22/Mar/2024:09:00:34 -0300] "GET /cormun/static/menuarrow.gif HTTP/1.1" 404 1015
190.171.134.178 - - [22/Mar/2024:09:00:37 -0300] "POST /cormun/servlet/solicitudotadjuntos?gx-no-cache=1711108658066 HTTP/1.1" 200 26
200.54.107.2 - - [22/Mar/2024:09:00:38 -0300] "GET /cormun/servlet/solicitudot?86da9b31fdb396fd97bad881ced3d26e68684f91a64ad4b71af0b09c3dbd1d429473d1c51080816938ba98f2ac680f27,gx-no-cache=1711108659466 HTTP/1.1" 200 30
200.54.107.2 - - [22/Mar/2024:09:00:38 -0300] "POST /cormun/servlet/solicitudot?gx-no-cache=1711108659504 HTTP/1.1" 200 34
190.171.134.178 - - [22/Mar/2024:09:00:44 -0300] "GET /cormun/servlet/solicitudotadjuntos?4dbf1a61a8264c4092df50474e16036ad8333e7f523f2d3af0c203b497037cdb,gx-no-cache=1711108665090 HTTP/1.1" 200 30
190.171.134.178 - - [22/Mar/2024:09:00:44 -0300] "GET /cormun/servlet/solicitudotadjuntos?4dbf1a61a8264c4092df50474e16036ad8333e7f523f2d3af0c203b497037cdb,gx-no-cache=1711108665101 HTTP/1.1" 200 30
190.171.134.178 - - [22/Mar/2024:09:00:45 -0300] "POST /cormun/servlet/solicitudotadjuntos?3603b669ab7dd140c6954f280096d0b6,INS,2024,21027,,1, HTTP/1.1" 200 116
190.171.134.178 - - [22/Mar/2024:09:00:45 -0300] "GET /cormun/servlet/hpexe_return? HTTP/1.1" 200 1021
190.171.134.178 - - [22/Mar/2024:09:00:45 -0300] "GET /cormun/servlet/trsolicitudadjuntos?2024,21027, HTTP/1.1" 200 10219
190.171.134.178 - - [22/Mar/2024:09:00:46 -0300] "GET /cormun/servlet/trsolicitudadjuntos?2024,21027, HTTP/1.1" 200 10215
200.54.107.2 - - [22/Mar/2024:09:01:16 -0300] "POST /cormun/servlet/solicitudot?1d8d46a67dad1e9a066db26bab4dd49e,INS,0,0,false,,gx-no-cache=1711108695691 HTTP/1.1" 200 93
200.54.107.2 - - [22/Mar/2024:09:01:16 -0300] "GET /cormun/servlet/hpexe_return? HTTP/1.1" 200 1011
200.54.107.2 - - [22/Mar/2024:09:01:16 -0300] "GET /cormun/servlet/trsolicitudot HTTP/1.1" 200 11540
190.171.134.178 - - [22/Mar/2024:09:01:42 -0300] "GET /cormun/servlet/trsolicitudot? HTTP/1.1" 200 9106
190.171.134.178 - - [22/Mar/2024:09:01:43 -0300] "GET /cormun/servlet/trsolicitudot? HTTP/1.1" 200 9099
190.171.134.178 - - [22/Mar/2024:09:01:47 -0300] "POST /cormun/servlet/trsolicitudot?3603b669ab7dd140c6954f280096d0b6,,gx-no-cache=1711108728443 HTTP/1.1" 200 5861
190.171.134.178 - - [22/Mar/2024:09:01:48 -0300] "GET /cormun/static/Shared/jqueryui/images/ui-bg_highlight-soft_100_c6c2c8_1x100.png HTTP/1.1" 404 1117
190.171.134.178 - - [22/Mar/2024:09:01:48 -0300] "GET /cormun/static/Shared/jqueryui/images/ui-icons_82798d_256x240.png HTTP/1.1" 404 1089
190.171.134.178 - - [22/Mar/2024:09:01:48 -0300] "POST /cormun/servlet/trsolicitudot?3603b669ab7dd140c6954f280096d0b6,,gx-no-cache=1711108728650 HTTP/1.1" 200 5805
190.171.134.178 - - [22/Mar/2024:09:01:48 -0300] "GET /cormun/static/Shared/jqueryui/images/ui-bg_flat_55_fafafa_40x100.png HTTP/1.1" 404 1097
190.171.134.178 - - [22/Mar/2024:09:01:48 -0300] "GET /cormun/static/Shared/jqueryui/images/ui-icons_8d78a5_256x240.png HTTP/1.1" 404 1089
190.171.134.178 - - [22/Mar/2024:09:02:16 -0300] "GET /cormun/servlet/hlogin HTTP/1.1" 200 1735
190.171.134.178 - - [22/Mar/2024:09:02:30 -0300] "POST /cormun/servlet/hlogin?3603b669ab7dd140c6954f280096d0b6,gx-no-cache=1711108771403 HTTP/1.1" 200 90
190.171.134.178 - - [22/Mar/2024:09:02:30 -0300] "GET /cormun/servlet/hpexe_link HTTP/1.1" 200 947
190.171.134.178 - - [22/Mar/2024:09:02:30 -0300] "GET /cormun/servlet/hhome HTTP/1.1" 200 4232
190.171.134.178 - - [22/Mar/2024:09:02:31 -0300] "GET /cormun/servlet/hhome HTTP/1.1" 200 4228
190.171.134.178 - - [22/Mar/2024:09:02:37 -0300] "GET /cormun/servlet/trautorizarsolicitud? HTTP/1.1" 200 8751
190.171.134.178 - - [22/Mar/2024:09:02:37 -0300] "GET /cormun/servlet/trautorizarsolicitud? HTTP/1.1" 200 8749
190.171.134.178 - - [22/Mar/2024:09:02:44 -0300] "POST /cormun/servlet/trautorizarsolicitud?3603b669ab7dd140c6954f280096d0b6,,gx-no-cache=1711108785122 HTTP/1.1" 200 4765
190.171.134.178 - - [22/Mar/2024:09:02:44 -0300] "GET /cormun/static/Shared/jqueryui/images/ui-bg_highlight-soft_100_c6c2c8_1x100.png HTTP/1.1" 404 1117
190.171.134.178 - - [22/Mar/2024:09:02:44 -0300] "GET /cormun/static/Shared/jqueryui/images/ui-icons_82798d_256x240.png HTTP/1.1" 404 1089
190.171.134.178 - - [22/Mar/2024:09:02:44 -0300] "GET /cormun/static/Shared/jqueryui/images/ui-bg_flat_55_fafafa_40x100.png HTTP/1.1" 404 1097
190.171.134.178 - - [22/Mar/2024:09:02:44 -0300] "GET /cormun/static/Shared/jqueryui/images/ui-icons_8d78a5_256x240.png HTTP/1.1" 404 1089
190.171.134.178 - - [22/Mar/2024:09:02:44 -0300] "POST /cormun/servlet/trautorizarsolicitud?3603b669ab7dd140c6954f280096d0b6,,gx-no-cache=1711108785281 HTTP/1.1" 200 4529
190.171.141.114 - - [22/Mar/2024:09:05:04 -0300] "GET /cormun/servlet/trpermisosadjuntos?10086738,20240320111435,P, HTTP/1.1" 200 6339
190.171.141.114 - - [22/Mar/2024:09:05:04 -0300] "GET /cormun/servlet/trpermisosadjuntos?10086738,20240320111435,P, HTTP/1.1" 200 6339
190.171.143.90 - - [22/Mar/2024:09:05:08 -0300] "GET /cormun/servlet/hlogin HTTP/1.1" 200 1712
190.171.143.90 - - [22/Mar/2024:09:05:25 -0300] "POST /cormun/servlet/hlogin?8a6054206c2c3009aebbc11659b16341,gx-no-cache=1711108949366 HTTP/1.1" 200 90
190.171.143.90 - - [22/Mar/2024:09:05:25 -0300] "GET /cormun/servlet/hpexe_link HTTP/1.1" 200 944
190.171.143.90 - - [22/Mar/2024:09:05:26 -0300] "GET /cormun/servlet/hhome HTTP/1.1" 200 4315
190.171.143.90 - - [22/Mar/2024:09:05:29 -0300] "GET /cormun/servlet/trlicencias? HTTP/1.1" 200 10693
190.171.141.114 - - [22/Mar/2024:09:05:38 -0300] "GET /cormun/servlet/permisosadjuntos?INS,10086738,P,20240320111435,, HTTP/1.1" 200 5660
190.171.141.114 - - [22/Mar/2024:09:05:38 -0300] "GET /cormun/static/about:blank HTTP/1.1" 404 1011
190.171.143.90 - - [22/Mar/2024:09:06:27 -0300] "GET /cormun/servlet/hhome HTTP/1.1" 200 4315
190.171.141.114 - - [22/Mar/2024:09:06:39 -0300] "POST /cormun/servlet/permisosadjuntos?bc41bc121a04ee4f33f7a28f5b665889,INS,10086738,P,20240320111435,, HTTP/1.1" 200 116
190.171.141.114 - - [22/Mar/2024:09:06:39 -0300] "GET /cormun/servlet/hpexe_return? HTTP/1.1" 200 1044
190.171.141.114 - - [22/Mar/2024:09:06:39 -0300] "GET /cormun/servlet/trpermisosadjuntos?10086738,20240320111435,P, HTTP/1.1" 200 6823
190.171.141.114 - - [22/Mar/2024:09:06:42 -0300] "POST /cormun/servlet/trpermisosadjuntos?bc41bc121a04ee4f33f7a28f5b665889,10086738,20240320111435,P,,gx-no-cache=1711109022785 HTTP/1.1" 200 90
190.171.141.114 - - [22/Mar/2024:09:06:42 -0300] "GET /cormun/servlet/hpexe_link HTTP/1.1" 200 989
190.171.141.114 - - [22/Mar/2024:09:06:42 -0300] "GET /cormun/servlet/trpermisosgoce HTTP/1.1" 200 9784
181.212.42.153 - - [22/Mar/2024:09:06:52 -0300] "GET /cormun/servlet/trlicencias? HTTP/1.1" 200 6050
181.212.42.153 - - [22/Mar/2024:09:06:52 -0300] "GET /cormun/servlet/hlogin HTTP/1.1" 200 1738
190.171.141.114 - - [22/Mar/2024:09:06:53 -0300] "POST /cormun/servlet/trpermisosgoce?bc41bc121a04ee4f33f7a28f5b665889,gx-no-cache=1711109033618 HTTP/1.1" 200 7043
190.171.141.114 - - [22/Mar/2024:09:06:53 -0300] "GET /cormun/static/Shared/jqueryui/images/ui-bg_highlight-soft_100_c6c2c8_1x100.png HTTP/1.1" 404 1117
190.171.141.114 - - [22/Mar/2024:09:06:53 -0300] "GET /cormun/static/Shared/jqueryui/images/ui-icons_82798d_256x240.png HTTP/1.1" 404 1089
190.171.141.114 - - [22/Mar/2024:09:06:53 -0300] "GET /cormun/static/Shared/jqueryui/images/ui-bg_flat_55_fafafa_40x100.png HTTP/1.1" 404 1097
190.171.141.114 - - [22/Mar/2024:09:06:53 -0300] "GET /cormun/static/Shared/jqueryui/images/ui-icons_8d78a5_256x240.png HTTP/1.1" 404 1089
190.171.141.114 - - [22/Mar/2024:09:06:59 -0300] "GET /cormun/servlet/trpermisosadjuntos?17525688,20240319092459,P, HTTP/1.1" 200 6349
190.171.141.114 - - [22/Mar/2024:09:07:02 -0300] "GET /cormun/servlet/permisosadjuntos?INS,17525688,P,20240319092459,, HTTP/1.1" 200 5665
190.171.141.114 - - [22/Mar/2024:09:07:02 -0300] "GET /cormun/static/about:blank HTTP/1.1" 404 1011
181.212.42.153 - - [22/Mar/2024:09:07:02 -0300] "POST /cormun/servlet/hlogin?74d3d9a80e830f2142de238294e3a1a2,gx-no-cache=1711109043926 HTTP/1.1" 200 90
181.212.42.153 - - [22/Mar/2024:09:07:02 -0300] "GET /cormun/servlet/hpexe_link HTTP/1.1" 200 954
181.212.42.153 - - [22/Mar/2024:09:07:02 -0300] "GET /cormun/servlet/trlicencias HTTP/1.1" 200 13323
190.171.141.106 - - [22/Mar/2024:09:09:10 -0300] "POST /cormun/servlet/trsolicitudot?82f96157327f9d1cecbe12b19a47d5b1,,gx-no-cache=1711109171161 HTTP/1.1" 200 10166
190.171.141.106 - - [22/Mar/2024:09:09:11 -0300] "POST /cormun/servlet/trsolicitudot?82f96157327f9d1cecbe12b19a47d5b1,,gx-no-cache=1711109171466 HTTP/1.1" 200 10110
190.171.141.106 - - [22/Mar/2024:09:09:14 -0300] "POST /cormun/servlet/trsolicitudot?82f96157327f9d1cecbe12b19a47d5b1,,gx-no-cache=1711109174737 HTTP/1.1" 200 9698
190.171.141.106 - - [22/Mar/2024:09:09:14 -0300] "POST /cormun/servlet/trsolicitudot?82f96157327f9d1cecbe12b19a47d5b1,,gx-no-cache=1711109175047 HTTP/1.1" 200 9640
190.171.141.106 - - [22/Mar/2024:09:09:16 -0300] "POST /cormun/servlet/trsolicitudot?82f96157327f9d1cecbe12b19a47d5b1,,gx-no-cache=1711109177137 HTTP/1.1" 200 9264
190.171.141.106 - - [22/Mar/2024:09:09:16 -0300] "POST /cormun/servlet/trsolicitudot?82f96157327f9d1cecbe12b19a47d5b1,,gx-no-cache=1711109177420 HTTP/1.1" 200 9201
190.171.141.106 - - [22/Mar/2024:09:09:20 -0300] "POST /cormun/servlet/trsolicitudot?82f96157327f9d1cecbe12b19a47d5b1,,gx-no-cache=1711109181272 HTTP/1.1" 200 8891
190.171.141.106 - - [22/Mar/2024:09:09:21 -0300] "POST /cormun/servlet/trsolicitudot?82f96157327f9d1cecbe12b19a47d5b1,,gx-no-cache=1711109181585 HTTP/1.1" 200 8835
190.171.141.106 - - [22/Mar/2024:09:09:22 -0300] "POST /cormun/servlet/trsolicitudot?82f96157327f9d1cecbe12b19a47d5b1,,gx-no-cache=1711109182832 HTTP/1.1" 200 8465
190.171.141.106 - - [22/Mar/2024:09:09:22 -0300] "POST /cormun/servlet/trsolicitudot?82f96157327f9d1cecbe12b19a47d5b1,,gx-no-cache=1711109183189 HTTP/1.1" 200 8410
190.171.141.106 - - [22/Mar/2024:09:09:23 -0300] "POST /cormun/servlet/trsolicitudot?82f96157327f9d1cecbe12b19a47d5b1,,gx-no-cache=1711109184241 HTTP/1.1" 200 8090
190.171.141.106 - - [22/Mar/2024:09:09:24 -0300] "POST /cormun/servlet/trsolicitudot?82f96157327f9d1cecbe12b19a47d5b1,,gx-no-cache=1711109184559 HTTP/1.1" 200 8032
190.171.141.106 - - [22/Mar/2024:09:09:29 -0300] "POST /cormun/servlet/trsolicitudot?82f96157327f9d1cecbe12b19a47d5b1,,gx-no-cache=1711109190169 HTTP/1.1" 200 7694
190.171.141.106 - - [22/Mar/2024:09:09:29 -0300] "POST /cormun/servlet/trsolicitudot?82f96157327f9d1cecbe12b19a47d5b1,,gx-no-cache=1711109190446 HTTP/1.1" 200 7638
190.171.141.106 - - [22/Mar/2024:09:11:00 -0300] "GET /cormun/servlet/trsolicitudot? HTTP/1.1" 200 10441
190.171.141.106 - - [22/Mar/2024:09:11:18 -0300] "POST /cormun/servlet/trsolicitudot?82f96157327f9d1cecbe12b19a47d5b1,,gx-no-cache=1711109298836 HTTP/1.1" 200 7278
190.171.141.106 - - [22/Mar/2024:09:11:18 -0300] "GET /cormun/static/Shared/jqueryui/images/ui-bg_highlight-soft_100_c6c2c8_1x100.png HTTP/1.1" 404 1117
190.171.141.106 - - [22/Mar/2024:09:11:18 -0300] "GET /cormun/static/Shared/jqueryui/images/ui-bg_flat_55_fafafa_40x100.png HTTP/1.1" 404 1097
190.171.141.106 - - [22/Mar/2024:09:11:18 -0300] "GET /cormun/static/Shared/jqueryui/images/ui-icons_8d78a5_256x240.png HTTP/1.1" 404 1089
190.171.141.106 - - [22/Mar/2024:09:11:18 -0300] "GET /cormun/static/Shared/jqueryui/images/ui-icons_82798d_256x240.png HTTP/1.1" 404 1089
190.171.141.106 - - [22/Mar/2024:09:11:18 -0300] "POST /cormun/servlet/trsolicitudot?82f96157327f9d1cecbe12b19a47d5b1,,gx-no-cache=1711109299020 HTTP/1.1" 200 7221
190.171.141.106 - - [22/Mar/2024:09:11:19 -0300] "POST /cormun/servlet/trsolicitudot?82f96157327f9d1cecbe12b19a47d5b1,,gx-no-cache=1711109299881 HTTP/1.1" 200 6913
190.171.141.106 - - [22/Mar/2024:09:11:19 -0300] "POST /cormun/servlet/trsolicitudot?82f96157327f9d1cecbe12b19a47d5b1,,gx-no-cache=1711109300063 HTTP/1.1" 200 6857
190.171.141.106 - - [22/Mar/2024:09:11:20 -0300] "POST /cormun/servlet/trsolicitudot?82f96157327f9d1cecbe12b19a47d5b1,,gx-no-cache=1711109300816 HTTP/1.1" 200 6486
190.171.141.106 - - [22/Mar/2024:09:11:20 -0300] "POST /cormun/servlet/trsolicitudot?82f96157327f9d1cecbe12b19a47d5b1,,gx-no-cache=1711109300964 HTTP/1.1" 200 6427
190.171.141.106 - - [22/Mar/2024:09:11:21 -0300] "POST /cormun/servlet/trsolicitudot?82f96157327f9d1cecbe12b19a47d5b1,,gx-no-cache=1711109301825 HTTP/1.1" 200 6081
190.171.141.106 - - [22/Mar/2024:09:11:21 -0300] "POST /cormun/servlet/trsolicitudot?82f96157327f9d1cecbe12b19a47d5b1,,gx-no-cache=1711109302004 HTTP/1.1" 200 6022
190.171.141.106 - - [22/Mar/2024:09:11:22 -0300] "POST /cormun/servlet/trsolicitudot?82f96157327f9d1cecbe12b19a47d5b1,,gx-no-cache=1711109303168 HTTP/1.1" 200 4875
190.171.141.106 - - [22/Mar/2024:09:11:22 -0300] "POST /cormun/servlet/trsolicitudot?82f96157327f9d1cecbe12b19a47d5b1,,gx-no-cache=1711109303288 HTTP/1.1" 200 4623
190.171.141.106 - - [22/Mar/2024:09:11:25 -0300] "GET /cormun/servlet/trsolicitudot? HTTP/1.1" 200 7492
190.171.141.106 - - [22/Mar/2024:09:11:27 -0300] "POST /cormun/servlet/trsolicitudot?82f96157327f9d1cecbe12b19a47d5b1,,gx-no-cache=1711109308105 HTTP/1.1" 200 4640
190.171.141.106 - - [22/Mar/2024:09:11:29 -0300] "GET /cormun/servlet/trautorizarsolicitud? HTTP/1.1" 200 13811
190.171.141.114 - - [22/Mar/2024:09:12:23 -0300] "POST /cormun/servlet/permisosadjuntos?bc41bc121a04ee4f33f7a28f5b665889,INS,17525688,P,20240319092459,, HTTP/1.1" 200 116
190.171.141.114 - - [22/Mar/2024:09:12:23 -0300] "GET /cormun/servlet/hpexe_return? HTTP/1.1" 200 1044
190.171.141.114 - - [22/Mar/2024:09:12:24 -0300] "GET /cormun/servlet/trpermisosadjuntos?17525688,20240319092459,P, HTTP/1.1" 200 6829
190.171.141.114 - - [22/Mar/2024:09:12:27 -0300] "POST /cormun/servlet/trpermisosadjuntos?bc41bc121a04ee4f33f7a28f5b665889,17525688,20240319092459,P,,gx-no-cache=1711109367480 HTTP/1.1" 200 90
190.171.141.114 - - [22/Mar/2024:09:12:27 -0300] "GET /cormun/servlet/hpexe_link HTTP/1.1" 200 1011
190.171.141.114 - - [22/Mar/2024:09:12:27 -0300] "GET /cormun/servlet/trpermisosgoce?gx-no-cache=1711109033618 HTTP/1.1" 200 9787
190.171.141.114 - - [22/Mar/2024:09:12:31 -0300] "POST /cormun/servlet/trpermisosgoce?bc41bc121a04ee4f33f7a28f5b665889,gx-no-cache=1711109033618,gx-no-cache=1711109371914 HTTP/1.1" 200 7036
190.171.141.114 - - [22/Mar/2024:09:12:34 -0300] "GET /cormun/servlet/trpermisosadjuntos?11274732,20240314132717,P, HTTP/1.1" 200 6351
190.171.141.114 - - [22/Mar/2024:09:12:37 -0300] "GET /cormun/servlet/permisosadjuntos?INS,11274732,P,20240314132717,, HTTP/1.1" 200 5647
190.171.141.114 - - [22/Mar/2024:09:12:37 -0300] "GET /cormun/static/about:blank HTTP/1.1" 404 1011
181.212.40.185 - - [22/Mar/2024:09:13:04 -0300] "POST /cormun/servlet/trlicencias?0097da363ec8b543d811a6550543e648,gx-no-cache=1711109405238 HTTP/1.1" 200 12136
190.171.141.106 - - [22/Mar/2024:09:13:12 -0300] "GET /cormun/servlet/hlogin HTTP/1.1" 200 1724
190.171.141.106 - - [22/Mar/2024:09:13:25 -0300] "POST /cormun/servlet/hlogin?66f4e1935240ad6ad49683b07bd55d16,gx-no-cache=1711109426314 HTTP/1.1" 200 432
190.171.141.106 - - [22/Mar/2024:09:13:41 -0300] "POST /cormun/servlet/hlogin?66f4e1935240ad6ad49683b07bd55d16,gx-no-cache=1711109442326 HTTP/1.1" 200 434
190.171.142.42 - - [22/Mar/2024:09:13:47 -0300] "GET /cormun/servlet/hlogin HTTP/1.1" 200 1729
190.171.141.106 - - [22/Mar/2024:09:13:47 -0300] "POST /cormun/servlet/hlogin?66f4e1935240ad6ad49683b07bd55d16,gx-no-cache=1711109448339 HTTP/1.1" 200 434
190.171.142.42 - - [22/Mar/2024:09:13:52 -0300] "POST /cormun/servlet/hlogin?bb84dccb1056eb8188760cec53c8599a,gx-no-cache=1711109450474 HTTP/1.1" 200 90
190.171.142.42 - - [22/Mar/2024:09:13:52 -0300] "GET /cormun/servlet/hpexe_link HTTP/1.1" 200 959
190.171.142.42 - - [22/Mar/2024:09:13:52 -0300] "GET /cormun/servlet/hhome HTTP/1.1" 200 4293
190.171.141.106 - - [22/Mar/2024:09:13:58 -0300] "POST /cormun/servlet/hlogin?66f4e1935240ad6ad49683b07bd55d16,gx-no-cache=1711109459139 HTTP/1.1" 200 434
190.171.142.42 - - [22/Mar/2024:09:14:02 -0300] "GET /cormun/servlet/trlicencias? HTTP/1.1" 200 10507
190.171.141.114 - - [22/Mar/2024:09:14:20 -0300] "POST /cormun/servlet/permisosadjuntos?bc41bc121a04ee4f33f7a28f5b665889,INS,11274732,P,20240314132717,,,gx-no-cache=1711109480887 HTTP/1.1" 200 93
190.171.141.114 - - [22/Mar/2024:09:14:20 -0300] "GET /cormun/servlet/hpexe_return? HTTP/1.1" 200 1044
190.171.141.114 - - [22/Mar/2024:09:14:20 -0300] "GET /cormun/servlet/trpermisosadjuntos?11274732,20240314132717,P, HTTP/1.1" 200 6333
190.171.143.90 - - [22/Mar/2024:09:14:26 -0300] "GET /cormun/servlet/hlogin HTTP/1.1" 200 1718
190.171.143.90 - - [22/Mar/2024:09:14:26 -0300] "GET /cormun/servlet/hlogin HTTP/1.1" 200 1728
190.171.143.90 - - [22/Mar/2024:09:14:29 -0300] "POST /cormun/servlet/hlogin?9501eb5cb3f11346fea491fa471ec2c5,gx-no-cache=1711109489588 HTTP/1.1" 200 90
190.171.143.90 - - [22/Mar/2024:09:14:29 -0300] "GET /cormun/servlet/hpexe_link HTTP/1.1" 200 946
190.171.143.90 - - [22/Mar/2024:09:14:29 -0300] "GET /cormun/servlet/hhome HTTP/1.1" 200 4316
190.171.141.106 - - [22/Mar/2024:09:14:29 -0300] "POST /cormun/servlet/hlogin?66f4e1935240ad6ad49683b07bd55d16,gx-no-cache=1711109489397 HTTP/1.1" 200 90
190.171.134.178 - - [22/Mar/2024:09:14:29 -0300] "GET /cormun/servlet/hlogin HTTP/1.1" 200 1721
190.171.141.106 - - [22/Mar/2024:09:14:29 -0300] "GET /cormun/servlet/hpexe_link HTTP/1.1" 200 954
190.171.141.106 - - [22/Mar/2024:09:14:29 -0300] "GET /cormun/servlet/hhome HTTP/1.1" 200 4275
190.171.143.90 - - [22/Mar/2024:09:14:33 -0300] "GET /cormun/servlet/trlicencias? HTTP/1.1" 200 10697
190.171.141.106 - - [22/Mar/2024:09:14:34 -0300] "GET /cormun/servlet/trautorizarsolicitud? HTTP/1.1" 200 13805
190.171.134.178 - - [22/Mar/2024:09:14:40 -0300] "POST /cormun/servlet/hlogin?a6b65f159a9d1d4f89ab99e53cc2cf11,gx-no-cache=1711109501097 HTTP/1.1" 200 90
190.171.134.178 - - [22/Mar/2024:09:14:40 -0300] "GET /cormun/servlet/hpexe_link HTTP/1.1" 200 952
190.171.134.178 - - [22/Mar/2024:09:14:40 -0300] "GET /cormun/servlet/hhome HTTP/1.1" 200 3938
190.171.134.178 - - [22/Mar/2024:09:14:40 -0300] "GET /cormun/servlet/hhome HTTP/1.1" 200 3934
190.171.134.178 - - [22/Mar/2024:09:14:45 -0300] "GET /cormun/servlet/trsolicitudot? HTTP/1.1" 200 8625
190.171.134.178 - - [22/Mar/2024:09:14:45 -0300] "GET /cormun/servlet/trsolicitudot? HTTP/1.1" 200 8623
190.171.141.106 - - [22/Mar/2024:09:14:49 -0300] "POST /cormun/servlet/trautorizarsolicitud?66f4e1935240ad6ad49683b07bd55d16,,gx-no-cache=1711109509689 HTTP/1.1" 200 10476
