190.171.141.122 - - [21/Mar/2024:08:38:10 -0300] "GET /cormun/static/gxcfg.js?202211298514361 HTTP/1.1" 200 953
190.171.141.122 - - [21/Mar/2024:08:38:10 -0300] "GET /cormun/static/trcontratosolicitud.js?202211298514531 HTTP/1.1" 200 28237
190.171.141.122 - - [21/Mar/2024:08:38:11 -0300] "GET /cormun//static/Resources/PXToolsGridNew.png HTTP/1.1" 200 427
186.103.157.42 - - [21/Mar/2024:08:38:25 -0300] "GET /cormun/servlet/alicenciaprn?13299898,L,20240318000000,PU HTTP/1.1" 200 1541
190.171.149.74 - - [21/Mar/2024:08:39:31 -0300] "POST /cormun/servlet/trlicencias?ad68328247b706228851c641e674e25f,,gx-no-cache=1711020993243 HTTP/1.1" 200 7709
190.171.149.74 - - [21/Mar/2024:08:39:32 -0300] "POST /cormun/servlet/trlicencias?ad68328247b706228851c641e674e25f,,gx-no-cache=1711020994200 HTTP/1.1" 200 7708
190.171.149.74 - - [21/Mar/2024:08:40:20 -0300] "GET /cormun/servlet/trsolicitudot? HTTP/1.1" 200 8599
190.171.149.74 - - [21/Mar/2024:08:40:24 -0300] "POST /cormun/servlet/trsolicitudot?ad68328247b706228851c641e674e25f,,gx-no-cache=1711021046106 HTTP/1.1" 200 106
190.171.149.74 - - [21/Mar/2024:08:40:24 -0300] "GET /cormun/servlet/trsolicitudadjuntos?2024,21022, HTTP/1.1" 200 9265
190.171.149.74 - - [21/Mar/2024:08:40:26 -0300] "GET /cormun/servlet/solicitudotadjuntos?INS,2024,21022,,1, HTTP/1.1" 200 6037
190.171.149.74 - - [21/Mar/2024:08:40:26 -0300] "GET /cormun/static/about:blank HTTP/1.1" 404 1011
190.171.149.74 - - [21/Mar/2024:08:40:27 -0300] "GET /cormun/servlet/solicitudotadjuntos?353fa187acb0d4583d5f90a76321fb0d8ec1fb8ee29d45103088a143666aa289c08019b0a98a8bcd93a216c3a931bcd9,gx-no-cache=1711021049210 HTTP/1.1" 200 30
190.171.149.74 - - [21/Mar/2024:08:40:27 -0300] "POST /cormun/servlet/solicitudotadjuntos?ad68328247b706228851c641e674e25f,INS,2024,21022,,1,,gx-no-cache=1711021049235 HTTP/1.1" 200 3905
190.171.149.74 - - [21/Mar/2024:08:40:30 -0300] "POST /cormun/servlet/solicitudotadjuntos?gx-no-cache=1711021051963 HTTP/1.1" 200 26
190.171.149.74 - - [21/Mar/2024:08:40:38 -0300] "GET /cormun/servlet/solicitudotadjuntos?353fa187acb0d4583d5f90a76321fb0d6b21bc0d41b55143346078c14ae295bf,gx-no-cache=1711021060321 HTTP/1.1" 200 30
190.171.149.74 - - [21/Mar/2024:08:40:38 -0300] "GET /cormun/servlet/solicitudotadjuntos?353fa187acb0d4583d5f90a76321fb0d6b21bc0d41b55143346078c14ae295bf,gx-no-cache=1711021060345 HTTP/1.1" 200 30
190.171.149.74 - - [21/Mar/2024:08:40:38 -0300] "POST /cormun/servlet/solicitudotadjuntos?ad68328247b706228851c641e674e25f,INS,2024,21022,,1, HTTP/1.1" 200 116
190.171.149.74 - - [21/Mar/2024:08:40:38 -0300] "GET /cormun/servlet/hpexe_return? HTTP/1.1" 200 1029
190.171.149.74 - - [21/Mar/2024:08:40:38 -0300] "GET /cormun/servlet/trsolicitudadjuntos?2024,21022, HTTP/1.1" 200 9520
190.171.149.74 - - [21/Mar/2024:08:40:40 -0300] "GET /cormun/servlet/solicitudotadjuntos?INS,2024,21022,,1, HTTP/1.1" 200 6037
190.171.149.74 - - [21/Mar/2024:08:40:40 -0300] "GET /cormun/static/about:blank HTTP/1.1" 404 1011
190.171.149.74 - - [21/Mar/2024:08:40:41 -0300] "GET /cormun/servlet/solicitudotadjuntos?353fa187acb0d4583d5f90a76321fb0d8ec1fb8ee29d45103088a143666aa289c08019b0a98a8bcd93a216c3a931bcd9,gx-no-cache=1711021063061 HTTP/1.1" 200 30
190.171.149.74 - - [21/Mar/2024:08:40:41 -0300] "POST /cormun/servlet/solicitudotadjuntos?ad68328247b706228851c641e674e25f,INS,2024,21022,,1,,gx-no-cache=1711021063077 HTTP/1.1" 200 3905
190.171.149.74 - - [21/Mar/2024:08:41:01 -0300] "POST /cormun/servlet/solicitudotadjuntos?gx-no-cache=1711021083397 HTTP/1.1" 200 26
190.171.149.74 - - [21/Mar/2024:08:41:08 -0300] "GET /cormun/servlet/solicitudotadjuntos?353fa187acb0d4583d5f90a76321fb0d6b21bc0d41b55143346078c14ae295bf,gx-no-cache=1711021090322 HTTP/1.1" 200 30
190.171.149.74 - - [21/Mar/2024:08:41:08 -0300] "GET /cormun/servlet/solicitudotadjuntos?353fa187acb0d4583d5f90a76321fb0d6b21bc0d41b55143346078c14ae295bf,gx-no-cache=1711021090337 HTTP/1.1" 200 30
190.171.149.74 - - [21/Mar/2024:08:41:08 -0300] "POST /cormun/servlet/solicitudotadjuntos?ad68328247b706228851c641e674e25f,INS,2024,21022,,1, HTTP/1.1" 200 116
190.171.149.74 - - [21/Mar/2024:08:41:08 -0300] "GET /cormun/servlet/hpexe_return? HTTP/1.1" 200 1029
190.171.149.74 - - [21/Mar/2024:08:41:08 -0300] "GET /cormun/servlet/trsolicitudadjuntos?2024,21022, HTTP/1.1" 200 9819
190.171.149.74 - - [21/Mar/2024:08:41:10 -0300] "GET /cormun/servlet/solicitudotadjuntos?INS,2024,21022,,1, HTTP/1.1" 200 6037
190.171.149.74 - - [21/Mar/2024:08:41:10 -0300] "GET /cormun/static/about:blank HTTP/1.1" 404 1011
190.171.141.138 - - [21/Mar/2024:08:41:11 -0300] "POST /cormun/servlet/hlogin?9a67664849171599e5d9b922301d1836,gx-no-cache=1711021093211 HTTP/1.1" 200 90
190.171.149.74 - - [21/Mar/2024:08:41:11 -0300] "GET /cormun/servlet/solicitudotadjuntos?353fa187acb0d4583d5f90a76321fb0d8ec1fb8ee29d45103088a143666aa289c08019b0a98a8bcd93a216c3a931bcd9,gx-no-cache=1711021093222 HTTP/1.1" 200 30
190.171.141.138 - - [21/Mar/2024:08:41:11 -0300] "GET /cormun/servlet/hpexe_link HTTP/1.1" 200 956
190.171.149.74 - - [21/Mar/2024:08:41:11 -0300] "POST /cormun/servlet/solicitudotadjuntos?ad68328247b706228851c641e674e25f,INS,2024,21022,,1,,gx-no-cache=1711021093238 HTTP/1.1" 200 3905
190.171.141.138 - - [21/Mar/2024:08:41:11 -0300] "GET /cormun/servlet/trlicencias HTTP/1.1" 200 11001
190.171.149.74 - - [21/Mar/2024:08:41:13 -0300] "POST /cormun/servlet/solicitudotadjuntos?gx-no-cache=1711021095426 HTTP/1.1" 200 26
190.171.149.74 - - [21/Mar/2024:08:41:22 -0300] "GET /cormun/servlet/solicitudotadjuntos?353fa187acb0d4583d5f90a76321fb0d6b21bc0d41b55143346078c14ae295bf,gx-no-cache=1711021104666 HTTP/1.1" 200 30
190.171.149.74 - - [21/Mar/2024:08:41:22 -0300] "GET /cormun/servlet/solicitudotadjuntos?353fa187acb0d4583d5f90a76321fb0d6b21bc0d41b55143346078c14ae295bf,gx-no-cache=1711021104680 HTTP/1.1" 200 30
191.126.17.116 - - [21/Mar/2024:08:41:23 -0300] "GET /cormun/servlet/hlogin HTTP/1.1" 200 1724
190.171.149.74 - - [21/Mar/2024:08:41:23 -0300] "POST /cormun/servlet/solicitudotadjuntos?ad68328247b706228851c641e674e25f,INS,2024,21022,,1, HTTP/1.1" 200 116
190.171.149.74 - - [21/Mar/2024:08:41:23 -0300] "GET /cormun/servlet/hpexe_return? HTTP/1.1" 200 1029
190.171.149.74 - - [21/Mar/2024:08:41:24 -0300] "GET /cormun/servlet/trsolicitudadjuntos?2024,21022, HTTP/1.1" 200 10113
191.126.17.116 - - [21/Mar/2024:08:41:29 -0300] "POST /cormun/servlet/hlogin?b93f23e3252a012ed0cf34baa30e296e,gx-no-cache=1711021111221 HTTP/1.1" 200 90
191.126.17.116 - - [21/Mar/2024:08:41:29 -0300] "GET /cormun/servlet/hpexe_link HTTP/1.1" 200 952
191.126.17.116 - - [21/Mar/2024:08:41:29 -0300] "GET /cormun/servlet/hhome HTTP/1.1" 200 4262
191.126.17.116 - - [21/Mar/2024:08:41:30 -0300] "GET /cormun/static/SmoothNavMenu/resources/images/right.gif HTTP/1.1" 200 860
191.126.17.116 - - [21/Mar/2024:08:41:33 -0300] "GET /cormun/servlet/trcontratosolicitud? HTTP/1.1" 200 14618
191.126.17.116 - - [21/Mar/2024:08:41:33 -0300] "GET /cormun/static/gxcfg.js?202211298514361 HTTP/1.1" 200 953
191.126.17.116 - - [21/Mar/2024:08:41:33 -0300] "GET /cormun/static/trcontratosolicitud.js?202211298514531 HTTP/1.1" 200 28237
191.126.17.116 - - [21/Mar/2024:08:41:34 -0300] "GET /cormun//static/Resources/PXToolsGridNew.png HTTP/1.1" 200 427
190.171.149.74 - - [21/Mar/2024:08:41:40 -0300] "GET /cormun/servlet/solicitudotadjuntos?INS,2024,21022,,1, HTTP/1.1" 200 6038
190.171.149.74 - - [21/Mar/2024:08:41:40 -0300] "GET /cormun/static/about:blank HTTP/1.1" 404 1011
190.171.149.74 - - [21/Mar/2024:08:41:40 -0300] "GET /cormun/servlet/solicitudotadjuntos?353fa187acb0d4583d5f90a76321fb0d8ec1fb8ee29d45103088a143666aa289c08019b0a98a8bcd93a216c3a931bcd9,gx-no-cache=1711021122786 HTTP/1.1" 200 30
190.171.149.74 - - [21/Mar/2024:08:41:41 -0300] "POST /cormun/servlet/solicitudotadjuntos?ad68328247b706228851c641e674e25f,INS,2024,21022,,1,,gx-no-cache=1711021122818 HTTP/1.1" 200 3906
190.171.149.74 - - [21/Mar/2024:08:41:43 -0300] "POST /cormun/servlet/solicitudotadjuntos?gx-no-cache=1711021124899 HTTP/1.1" 200 26
190.171.149.74 - - [21/Mar/2024:08:41:50 -0300] "GET /cormun/servlet/solicitudotadjuntos?353fa187acb0d4583d5f90a76321fb0d6b21bc0d41b55143346078c14ae295bf,gx-no-cache=1711021132113 HTTP/1.1" 200 30
190.171.149.74 - - [21/Mar/2024:08:41:50 -0300] "GET /cormun/servlet/solicitudotadjuntos?353fa187acb0d4583d5f90a76321fb0d6b21bc0d41b55143346078c14ae295bf,gx-no-cache=1711021132127 HTTP/1.1" 200 30
190.171.149.74 - - [21/Mar/2024:08:41:50 -0300] "POST /cormun/servlet/solicitudotadjuntos?ad68328247b706228851c641e674e25f,INS,2024,21022,,1, HTTP/1.1" 200 116
190.171.149.74 - - [21/Mar/2024:08:41:50 -0300] "GET /cormun/servlet/hpexe_return? HTTP/1.1" 200 1029
190.171.149.74 - - [21/Mar/2024:08:41:50 -0300] "GET /cormun/servlet/trsolicitudadjuntos?2024,21022, HTTP/1.1" 200 10272
190.171.149.74 - - [21/Mar/2024:08:42:13 -0300] "GET /cormun/servlet/trsolicitudot? HTTP/1.1" 200 8606
190.171.149.74 - - [21/Mar/2024:08:42:38 -0300] "POST /cormun/servlet/trsolicitudot?ad68328247b706228851c641e674e25f,,gx-no-cache=1711021180099 HTTP/1.1" 200 4582
190.171.149.74 - - [21/Mar/2024:08:42:38 -0300] "GET /cormun/static/Shared/jqueryui/images/ui-bg_highlight-soft_100_c6c2c8_1x100.png HTTP/1.1" 404 1117
190.171.149.74 - - [21/Mar/2024:08:42:38 -0300] "GET /cormun/static/Shared/jqueryui/images/ui-bg_flat_55_fafafa_40x100.png HTTP/1.1" 404 1097
190.171.149.74 - - [21/Mar/2024:08:42:38 -0300] "GET /cormun/static/Shared/jqueryui/images/ui-icons_8d78a5_256x240.png HTTP/1.1" 404 1089
190.171.149.74 - - [21/Mar/2024:08:42:38 -0300] "GET /cormun/static/Shared/jqueryui/images/ui-icons_82798d_256x240.png HTTP/1.1" 404 1089
190.171.149.74 - - [21/Mar/2024:08:42:38 -0300] "POST /cormun/servlet/trsolicitudot?ad68328247b706228851c641e674e25f,,gx-no-cache=1711021180296 HTTP/1.1" 200 4348
190.171.149.74 - - [21/Mar/2024:08:42:42 -0300] "GET /cormun/servlet/solicitudot?INS,0,0,false, HTTP/1.1" 200 15964
190.171.149.74 - - [21/Mar/2024:08:42:49 -0300] "POST /cormun/servlet/solicitudot?gx-no-cache=1711021191406 HTTP/1.1" 200 4022
190.171.149.74 - - [21/Mar/2024:08:42:49 -0300] "POST /cormun/servlet/solicitudot?ad68328247b706228851c641e674e25f,INS,0,0,false,,gx-no-cache=1711021191515 HTTP/1.1" 200 12593
190.171.149.74 - - [21/Mar/2024:08:42:50 -0300] "GET /cormun/servlet/solicitudot?353fa187acb0d4583d5f90a76321fb0d37c171e0522b27c95d328de6b657dfc7661e173788e26c8ed394564262542f0d,gx-no-cache=1711021191797 HTTP/1.1" 200 30
190.171.141.138 - - [21/Mar/2024:08:42:56 -0300] "GET /cormun/servlet/trlicenciaspermisosadjuntos?9031333,20240320000000,L, HTTP/1.1" 200 6867
190.171.141.138 - - [21/Mar/2024:08:42:56 -0300] "GET /cormun/static/gxui/gxui-all.css?110300 HTTP/1.1" 200 2179
190.171.141.138 - - [21/Mar/2024:08:42:56 -0300] "GET /cormun/static/calendar-system.css?75620 HTTP/1.1" 200 5572
190.171.141.138 - - [21/Mar/2024:08:42:56 -0300] "GET /cormun/static/gxcfg.js?201991422445549 HTTP/1.1" 200 953
190.171.141.138 - - [21/Mar/2024:08:42:56 -0300] "GET /cormun/static/trlicenciaspermisosadjuntos.js?20199142244593 HTTP/1.1" 200 21036
190.171.141.138 - - [21/Mar/2024:08:42:56 -0300] "GET /cormun/static/Resources/Spanish/PXTools.css?2294816 HTTP/1.1" 200 100853
190.171.141.138 - - [21/Mar/2024:08:42:56 -0300] "GET /cormun/static/Shared/ext/resources/css/ext-all.css?205870 HTTP/1.1" 200 416045
190.171.141.138 - - [21/Mar/2024:08:42:57 -0300] "GET /cormun/servlet/licenciaspermisosadjuntos?INS,9031333,L,20240320000000,, HTTP/1.1" 200 6134
190.171.141.138 - - [21/Mar/2024:08:42:57 -0300] "GET /cormun/static/gxcfg.js?20201215114875 HTTP/1.1" 200 953
190.171.141.138 - - [21/Mar/2024:08:42:57 -0300] "GET /cormun/static/licenciaspermisosadjuntos.js?20201215114932 HTTP/1.1" 200 8760
190.171.141.138 - - [21/Mar/2024:08:42:58 -0300] "GET /cormun/static/about:blank HTTP/1.1" 404 1011
190.95.15.15 - - [21/Mar/2024:08:43:23 -0300] "GET /cormun/servlet/trlicencias? HTTP/1.1" 200 9645
190.171.141.138 - - [21/Mar/2024:08:48:21 -0300] "POST /cormun/servlet/licenciaspermisosadjuntos?9a67664849171599e5d9b922301d1836,INS,9031333,L,20240320000000,, HTTP/1.1" 200 116
190.171.141.138 - - [21/Mar/2024:08:48:21 -0300] "GET /cormun/servlet/hpexe_return? HTTP/1.1" 200 1038
190.171.141.138 - - [21/Mar/2024:08:48:22 -0300] "GET /cormun/servlet/trlicenciaspermisosadjuntos?9031333,20240320000000,L, HTTP/1.1" 200 7365
190.171.144.234 - - [21/Mar/2024:08:49:11 -0300] "GET /cormun/servlet/hlogin HTTP/1.1" 200 1721
190.171.144.234 - - [21/Mar/2024:08:49:11 -0300] "GET /cormun/servlet/hlogin HTTP/1.1" 200 1731
190.171.144.234 - - [21/Mar/2024:08:49:20 -0300] "POST /cormun/servlet/hlogin?247af03fd7b063cb719a37a21c93496d,gx-no-cache=1711021582667 HTTP/1.1" 200 90
190.171.144.234 - - [21/Mar/2024:08:49:20 -0300] "GET /cormun/servlet/hpexe_link HTTP/1.1" 200 949
190.171.144.234 - - [21/Mar/2024:08:49:21 -0300] "GET /cormun/servlet/hhome HTTP/1.1" 200 3991
190.171.144.234 - - [21/Mar/2024:08:49:26 -0300] "GET /cormun/servlet/trlicencias? HTTP/1.1" 200 9658
181.212.47.137 - - [21/Mar/2024:08:49:37 -0300] "GET /cormun/servlet/vesolicitudgral?2024,20995,, HTTP/1.1" 200 8374
181.212.47.137 - - [21/Mar/2024:08:49:37 -0300] "GET /cormun/pexe_scrolldiv.js HTTP/1.1" 404 1009
181.212.47.137 - - [21/Mar/2024:08:49:37 -0300] "GET /cormun/servlet/vesolicitudgral?2024,20995,, HTTP/1.1" 200 8373
181.212.47.137 - - [21/Mar/2024:08:49:37 -0300] "GET /cormun/pexe_scrolldiv.js HTTP/1.1" 404 1009
191.126.17.116 - - [21/Mar/2024:08:49:53 -0300] "GET /cormun/servlet/trcontratounov2? HTTP/1.1" 200 17612
191.126.17.116 - - [21/Mar/2024:08:49:53 -0300] "GET /cormun/static/gxcfg.js?2020121614367 HTTP/1.1" 200 953
191.126.17.116 - - [21/Mar/2024:08:49:53 -0300] "GET /cormun/static/trcontratounov2.js?20201216143065 HTTP/1.1" 200 38486
191.126.17.116 - - [21/Mar/2024:08:49:53 -0300] "GET /cormun/static/Resources/PXToolsAddSelectedAction.png HTTP/1.1" 200 523
191.126.17.116 - - [21/Mar/2024:08:50:22 -0300] "POST /cormun/servlet/trcontratounov2?b93f23e3252a012ed0cf34baa30e296e,,gx-no-cache=1711021644105 HTTP/1.1" 200 17198
191.126.17.116 - - [21/Mar/2024:08:50:23 -0300] "GET /cormun/static/Resources/PXToolsGridNext.gif HTTP/1.1" 200 369
191.126.17.116 - - [21/Mar/2024:08:50:23 -0300] "GET /cormun/static/Resources/PXToolsGridLast.gif HTTP/1.1" 200 370
191.126.17.116 - - [21/Mar/2024:08:50:25 -0300] "POST /cormun/servlet/trcontratounov2?b93f23e3252a012ed0cf34baa30e296e,,gx-no-cache=1711021647160 HTTP/1.1" 200 17205
191.126.17.116 - - [21/Mar/2024:08:50:27 -0300] "POST /cormun/servlet/trcontratounov2?b93f23e3252a012ed0cf34baa30e296e,,gx-no-cache=1711021649280 HTTP/1.1" 200 17189
191.126.17.116 - - [21/Mar/2024:08:50:30 -0300] "POST /cormun/servlet/trcontratounov2?b93f23e3252a012ed0cf34baa30e296e,,gx-no-cache=1711021652089 HTTP/1.1" 200 17186
191.126.17.116 - - [21/Mar/2024:08:50:39 -0300] "POST /cormun/servlet/trcontratounov2?b93f23e3252a012ed0cf34baa30e296e,,gx-no-cache=1711021660407 HTTP/1.1" 200 7855
191.126.17.116 - - [21/Mar/2024:08:50:39 -0300] "GET /cormun/static/Resources/PXToolsGridPrevious.gif HTTP/1.1" 200 369
191.126.17.116 - - [21/Mar/2024:08:50:39 -0300] "GET /cormun/static/Resources/PXToolsGridFirst.gif HTTP/1.1" 200 379
190.171.141.138 - - [21/Mar/2024:08:51:13 -0300] "POST /cormun/servlet/trlicenciaspermisosadjuntos?9a67664849171599e5d9b922301d1836,9031333,20240320000000,L,,gx-no-cache=1711021695455 HTTP/1.1" 200 90
190.171.141.138 - - [21/Mar/2024:08:51:13 -0300] "GET /cormun/servlet/hpexe_link HTTP/1.1" 200 981
190.171.141.138 - - [21/Mar/2024:08:51:13 -0300] "GET /cormun/servlet/trlicencias HTTP/1.1" 200 11001
190.171.141.138 - - [21/Mar/2024:08:51:16 -0300] "POST /cormun/servlet/trlicencias?9a67664849171599e5d9b922301d1836,gx-no-cache=1711021698333 HTTP/1.1" 200 8180
190.171.141.138 - - [21/Mar/2024:08:51:16 -0300] "GET /cormun/static/Shared/jqueryui/images/ui-icons_82798d_256x240.png HTTP/1.1" 404 1089
190.171.141.138 - - [21/Mar/2024:08:51:16 -0300] "GET /cormun/static/Shared/jqueryui/images/ui-bg_highlight-soft_100_c6c2c8_1x100.png HTTP/1.1" 404 1117
190.171.141.138 - - [21/Mar/2024:08:51:16 -0300] "GET /cormun/static/Shared/jqueryui/images/ui-bg_flat_55_fafafa_40x100.png HTTP/1.1" 404 1097
190.171.141.138 - - [21/Mar/2024:08:51:16 -0300] "GET /cormun/static/Shared/jqueryui/images/ui-icons_8d78a5_256x240.png HTTP/1.1" 404 1089
191.126.17.116 - - [21/Mar/2024:08:51:17 -0300] "POST /cormun/servlet/trcontratounov2?b93f23e3252a012ed0cf34baa30e296e,,gx-no-cache=1711021698909 HTTP/1.1" 200 5987
190.171.141.138 - - [21/Mar/2024:08:51:23 -0300] "GET /cormun/servlet/trlicencias? HTTP/1.1" 200 10951
191.126.17.116 - - [21/Mar/2024:08:52:27 -0300] "POST /cormun/servlet/trcontratounov2?b93f23e3252a012ed0cf34baa30e296e,,gx-no-cache=1711021769301 HTTP/1.1" 200 5987
191.126.17.116 - - [21/Mar/2024:08:52:37 -0300] "POST /cormun/servlet/trcontratounov2?b93f23e3252a012ed0cf34baa30e296e,,gx-no-cache=1711021778813 HTTP/1.1" 200 15820
190.171.153.34 - - [21/Mar/2024:08:52:38 -0300] "GET /cormun/servlet/hlogin HTTP/1.1" 200 1724
190.171.153.34 - - [21/Mar/2024:08:52:45 -0300] "POST /cormun/servlet/hlogin?a801f47819d1c65749c6e0294654c899,gx-no-cache=1711021787734 HTTP/1.1" 200 90
190.171.153.34 - - [21/Mar/2024:08:52:45 -0300] "GET /cormun/servlet/hpexe_link HTTP/1.1" 200 953
190.171.153.34 - - [21/Mar/2024:08:52:45 -0300] "GET /cormun/static/gxcfg.js?20221129847421 HTTP/1.1" 200 953
190.171.153.34 - - [21/Mar/2024:08:52:45 -0300] "GET /cormun/static/hpexe_link.js?20221129847423 HTTP/1.1" 200 625
190.171.153.34 - - [21/Mar/2024:08:52:45 -0300] "GET /cormun/servlet/hhome HTTP/1.1" 200 4350
190.171.153.34 - - [21/Mar/2024:08:52:45 -0300] "GET /cormun/static/gxcfg.js?20201215495537 HTTP/1.1" 200 953
190.171.153.34 - - [21/Mar/2024:08:52:45 -0300] "GET /cormun/static/hhome.js?20201215495544 HTTP/1.1" 200 777
190.171.153.34 - - [21/Mar/2024:08:52:46 -0300] "GET /cormun/static/SmoothNavMenu/resources/images/right.gif HTTP/1.1" 200 860
190.171.153.34 - - [21/Mar/2024:08:52:46 -0300] "GET /cormun/static/SmoothNavMenu/resources/images/down.gif HTTP/1.1" 200 854
190.171.153.34 - - [21/Mar/2024:08:52:48 -0300] "GET /cormun/servlet/trlicencias? HTTP/1.1" 200 10032
190.171.153.34 - - [21/Mar/2024:08:52:48 -0300] "GET /cormun/static/gxcfg.js?202211298463625 HTTP/1.1" 200 953
190.171.153.34 - - [21/Mar/2024:08:52:48 -0300] "GET /cormun/static/trlicencias.js?202211298463889 HTTP/1.1" 200 41883
190.171.153.34 - - [21/Mar/2024:08:52:49 -0300] "GET /cormun//static/Resources/PXToolsActionDisabled.gif HTTP/1.1" 200 53
190.171.153.34 - - [21/Mar/2024:08:52:49 -0300] "GET /cormun//static/Resources/PXToolsGridDisplay.png HTTP/1.1" 200 525
190.171.153.34 - - [21/Mar/2024:08:52:49 -0300] "GET /cormun//static/Resources/PXToolsHeaderHelp.png HTTP/1.1" 200 1333
190.171.153.34 - - [21/Mar/2024:08:52:49 -0300] "GET /cormun//static/Resources/PXToolsHeaderFavorites.png HTTP/1.1" 200 1414
190.171.153.34 - - [21/Mar/2024:08:52:49 -0300] "GET /cormun//static/Resources/PXToolsActionPrint.png HTTP/1.1" 200 404
181.212.47.137 - - [21/Mar/2024:08:53:37 -0300] "POST /cormun/servlet/vesolicitudgral?fecd1239a05f7fe415cc35eb60b0d1f6,2024,20995,,,gx-no-cache=1711021826505 HTTP/1.1" 200 12281
181.212.47.137 - - [21/Mar/2024:08:53:38 -0300] "GET /cormun/static/Shared/jqueryui/images/ui-bg_highlight-soft_100_c6c2c8_1x100.png HTTP/1.1" 404 1117
181.212.47.137 - - [21/Mar/2024:08:53:38 -0300] "GET /cormun/static/Shared/jqueryui/images/ui-icons_82798d_256x240.png HTTP/1.1" 404 1089
181.212.47.137 - - [21/Mar/2024:08:53:38 -0300] "GET /cormun/static/Shared/jqueryui/images/ui-bg_flat_55_fafafa_40x100.png HTTP/1.1" 404 1097
181.212.47.137 - - [21/Mar/2024:08:53:38 -0300] "GET /cormun/static/Shared/jqueryui/images/ui-icons_8d78a5_256x240.png HTTP/1.1" 404 1089
181.212.47.137 - - [21/Mar/2024:08:53:38 -0300] "POST /cormun/servlet/vesolicitudgral?fecd1239a05f7fe415cc35eb60b0d1f6,2024,20995,,,gx-no-cache=1711021826676 HTTP/1.1" 200 12214
78.108.177.50 - - [21/Mar/2024:08:53:41 -0300] "GET / HTTP/1.0" 200 11197
181.212.47.137 - - [21/Mar/2024:08:53:41 -0300] "GET /cormun/servlet/trautorizarot? HTTP/1.1" 200 12025
190.171.153.34 - - [21/Mar/2024:08:53:41 -0300] "POST /cormun/servlet/trlicencias?a801f47819d1c65749c6e0294654c899,,gx-no-cache=1711021843734 HTTP/1.1" 200 4461
190.171.153.34 - - [21/Mar/2024:08:53:43 -0300] "POST /cormun/servlet/trlicencias?a801f47819d1c65749c6e0294654c899,,gx-no-cache=1711021845333 HTTP/1.1" 200 4461
181.212.47.137 - - [21/Mar/2024:08:53:48 -0300] "POST /cormun/servlet/trautorizarot?fecd1239a05f7fe415cc35eb60b0d1f6,,gx-no-cache=1711021837207 HTTP/1.1" 200 8569
181.212.47.137 - - [21/Mar/2024:08:53:50 -0300] "GET /cormun/servlet/trsolicitudgral? HTTP/1.1" 200 27918
181.212.47.137 - - [21/Mar/2024:08:53:54 -0300] "POST /cormun/servlet/trsolicitudgral?fecd1239a05f7fe415cc35eb60b0d1f6,,gx-no-cache=1711021843161 HTTP/1.1" 200 13647
190.171.149.82 - - [21/Mar/2024:08:54:05 -0300] "GET /cormun/servlet/hlogin HTTP/1.1" 200 1712
190.171.149.82 - - [21/Mar/2024:08:54:06 -0300] "GET /cormun/servlet/hlogin HTTP/1.1" 200 1723
190.171.149.82 - - [21/Mar/2024:08:54:11 -0300] "POST /cormun/servlet/hlogin?80aaad01f5e4e8203c9b740cc9f9306b,gx-no-cache=1711021872877 HTTP/1.1" 200 90
190.171.149.82 - - [21/Mar/2024:08:54:11 -0300] "GET /cormun/servlet/hpexe_link HTTP/1.1" 200 943
190.171.149.82 - - [21/Mar/2024:08:54:11 -0300] "GET /cormun/servlet/hhome HTTP/1.1" 200 3920
181.212.47.137 - - [21/Mar/2024:08:54:12 -0300] "GET /cormun/servlet/vesolicitudgral?2024,20995,, HTTP/1.1" 200 8376
181.212.47.137 - - [21/Mar/2024:08:54:12 -0300] "GET /cormun/pexe_scrolldiv.js HTTP/1.1" 404 1009
181.212.42.153 - - [21/Mar/2024:08:54:13 -0300] "GET /cormun/servlet/trsolicitudot? HTTP/1.1" 200 6324
181.212.42.153 - - [21/Mar/2024:08:54:13 -0300] "GET /cormun/servlet/hlogin HTTP/1.1" 200 1738
181.212.42.153 - - [21/Mar/2024:08:54:17 -0300] "POST /cormun/servlet/hlogin?7370548de1ec56473dd2d4b81814b53d,gx-no-cache=1711021880611 HTTP/1.1" 200 90
181.212.42.153 - - [21/Mar/2024:08:54:17 -0300] "GET /cormun/servlet/hpexe_link HTTP/1.1" 200 957
181.212.42.153 - - [21/Mar/2024:08:54:18 -0300] "GET /cormun/servlet/trsolicitudot HTTP/1.1" 200 8445
190.171.153.34 - - [21/Mar/2024:08:54:25 -0300] "POST /cormun/servlet/trlicencias?a801f47819d1c65749c6e0294654c899,,gx-no-cache=1711021886941 HTTP/1.1" 200 4462
190.171.149.82 - - [21/Mar/2024:08:54:25 -0300] "GET /cormun/servlet/trsolicitudot? HTTP/1.1" 200 7134
190.171.152.114 - - [21/Mar/2024:08:54:25 -0300] "GET /cormun/servlet/hlogin HTTP/1.1" 200 1711
181.212.42.153 - - [21/Mar/2024:08:54:34 -0300] "GET /cormun/servlet/vesolicitudot?2024,20811,, HTTP/1.1" 200 8365
181.212.42.153 - - [21/Mar/2024:08:54:34 -0300] "GET /cormun/static/gxcfg.js?202211298465857 HTTP/1.1" 200 953
181.212.42.153 - - [21/Mar/2024:08:54:34 -0300] "GET /cormun/pexe_scrolldiv.js HTTP/1.1" 404 1009
181.212.42.153 - - [21/Mar/2024:08:54:34 -0300] "GET /cormun/static/Resources/PXToolsTabFirstSelected.png HTTP/1.1" 200 1270
181.212.42.153 - - [21/Mar/2024:08:54:34 -0300] "GET /cormun/static/vesolicitudot.js?202211298465886 HTTP/1.1" 200 6091
181.212.42.153 - - [21/Mar/2024:08:54:34 -0300] "GET /cormun/static/hwcviewtabs.js?201991422154026 HTTP/1.1" 200 1074
181.212.42.153 - - [21/Mar/2024:08:54:34 -0300] "GET /cormun/static/hpexe_tabsview.js?2020121447381 HTTP/1.1" 200 1661
181.212.42.153 - - [21/Mar/2024:08:54:34 -0300] "GET /cormun/static/Resources/PXToolsTabPrevious.gif HTTP/1.1" 200 172
181.212.42.153 - - [21/Mar/2024:08:54:34 -0300] "GET /cormun/static/Resources/PXToolsTabLastUnselected.png HTTP/1.1" 200 1297
181.212.42.153 - - [21/Mar/2024:08:54:34 -0300] "GET /cormun/static/Resources/PXToolsTabNext.gif HTTP/1.1" 200 168
181.212.42.153 - - [21/Mar/2024:08:54:34 -0300] "GET /cormun/static/tbsolicitudot01.js?20201214462316 HTTP/1.1" 200 30566
181.212.42.153 - - [21/Mar/2024:08:54:34 -0300] "GET /cormun/static/calendar-system.css HTTP/1.1" 200 5572
181.212.42.153 - - [21/Mar/2024:08:54:34 -0300] "GET /cormun/static/Resources/PXToolsTabBackSelected.png HTTP/1.1" 200 1157
181.212.42.153 - - [21/Mar/2024:08:54:34 -0300] "GET /cormun/static/Resources/PXToolsTabBackUnselected.png HTTP/1.1" 200 1175
181.212.42.153 - - [21/Mar/2024:08:54:34 -0300] "GET /cormun/static/Resources/PXToolsTabSelectedUnselected.png HTTP/1.1" 200 1451
181.212.42.153 - - [21/Mar/2024:08:54:34 -0300] "GET /cormun/static/Resources/PXToolsTabUnselectedUnselected.png HTTP/1.1" 200 1470
181.212.42.153 - - [21/Mar/2024:08:54:36 -0300] "GET /cormun/servlet/vesolicitudot?2024,20811,,SolicitudOTLog HTTP/1.1" 200 10620
181.212.42.153 - - [21/Mar/2024:08:54:36 -0300] "GET /cormun/pexe_scrolldiv.js HTTP/1.1" 404 1009
181.212.42.153 - - [21/Mar/2024:08:54:36 -0300] "GET /cormun/static/tbsolicitudot03.js?20221129837931 HTTP/1.1" 200 13332
181.212.42.153 - - [21/Mar/2024:08:54:36 -0300] "GET /cormun/static/Resources/PXToolsTabLastSelected.png HTTP/1.1" 200 1274
181.212.42.153 - - [21/Mar/2024:08:54:36 -0300] "GET /cormun/static/gxui/gxui-all.css HTTP/1.1" 200 2179
181.212.42.153 - - [21/Mar/2024:08:54:36 -0300] "GET /cormun/static/Resources/PXToolsTabUnselectedSelected.png HTTP/1.1" 200 1458
181.212.42.153 - - [21/Mar/2024:08:54:36 -0300] "GET /cormun/static/Resources/PXToolsTabFirstUnselected.png HTTP/1.1" 200 1278
181.212.42.153 - - [21/Mar/2024:08:54:36 -0300] "GET /cormun/static/Shared/ext/resources/css/ext-all.css HTTP/1.1" 200 416045
181.212.42.153 - - [21/Mar/2024:08:54:37 -0300] "POST /cormun/servlet/acontrolpreferencessavestate?None,CA-7,true HTTP/1.1" 200 35
181.212.42.153 - - [21/Mar/2024:08:54:43 -0300] "GET /cormun/servlet/vesolicitudot?2024,20811,,General HTTP/1.1" 200 8370
181.212.42.153 - - [21/Mar/2024:08:54:43 -0300] "GET /cormun/pexe_scrolldiv.js HTTP/1.1" 404 1009
190.171.149.82 - - [21/Mar/2024:08:54:44 -0300] "GET /cormun/servlet/trvisualizadoreventos? HTTP/1.1" 200 6665
190.171.149.82 - - [21/Mar/2024:08:54:45 -0300] "GET /cormun/static/gxcfg.js?202211298474834 HTTP/1.1" 200 953
190.171.149.82 - - [21/Mar/2024:08:54:45 -0300] "GET /cormun/static/trvisualizadoreventos.js?202211298474971 HTTP/1.1" 200 19318
190.171.149.82 - - [21/Mar/2024:08:54:45 -0300] "GET /cormun/static/Resources/PXToolsActionPrint.png HTTP/1.1" 200 404
181.212.42.153 - - [21/Mar/2024:08:54:45 -0300] "GET /cormun/servlet/trsolicitudot? HTTP/1.1" 200 8450
181.212.42.153 - - [21/Mar/2024:08:54:48 -0300] "POST /cormun/servlet/trsolicitudot?7370548de1ec56473dd2d4b81814b53d,,gx-no-cache=1711021910969 HTTP/1.1" 200 4263
181.212.42.153 - - [21/Mar/2024:08:54:48 -0300] "POST /cormun/servlet/trsolicitudot?7370548de1ec56473dd2d4b81814b53d,,gx-no-cache=1711021911087 HTTP/1.1" 200 4080
181.212.42.153 - - [21/Mar/2024:08:54:50 -0300] "GET /cormun/servlet/trsolicitudot? HTTP/1.1" 200 7005
190.171.152.114 - - [21/Mar/2024:08:54:51 -0300] "POST /cormun/servlet/hlogin?488ad0cd930f5b3f85ba95d00ff11de3,gx-no-cache=1711021913688 HTTP/1.1" 200 90
190.171.152.114 - - [21/Mar/2024:08:54:51 -0300] "GET /cormun/servlet/hpexe_link HTTP/1.1" 200 941
190.171.152.114 - - [21/Mar/2024:08:54:51 -0300] "GET /cormun/servlet/hhome HTTP/1.1" 200 4319
190.171.149.82 - - [21/Mar/2024:08:54:52 -0300] "GET /cormun/servlet/trvisualizadoreventos? HTTP/1.1" 200 6665
190.171.152.114 - - [21/Mar/2024:08:54:55 -0300] "GET /cormun/servlet/trlicencias? HTTP/1.1" 200 10737
190.171.144.234 - - [21/Mar/2024:08:55:15 -0300] "GET /cormun/servlet/hlogin HTTP/1.1" 200 1719
190.171.152.114 - - [21/Mar/2024:08:55:17 -0300] "GET /cormun/servlet/alicenciaprn?15804934,L,20240316000000,PU HTTP/1.1" 200 1547
190.171.144.234 - - [21/Mar/2024:08:55:20 -0300] "POST /cormun/servlet/hlogin?e404e21b40ba78efc2ebb1a9eca565ec,gx-no-cache=1711021942638 HTTP/1.1" 200 90
190.171.144.234 - - [21/Mar/2024:08:55:20 -0300] "GET /cormun/servlet/hpexe_link HTTP/1.1" 200 951
190.171.144.234 - - [21/Mar/2024:08:55:21 -0300] "GET /cormun/servlet/hhome HTTP/1.1" 200 3990
190.171.152.114 - - [21/Mar/2024:08:55:28 -0300] "GET /cormun/servlet/alicenciaprn?15804934,L,20240301000000,PU HTTP/1.1" 200 1548
190.171.144.234 - - [21/Mar/2024:08:55:29 -0300] "GET /cormun/servlet/trsolicitudot? HTTP/1.1" 200 8680
190.171.144.234 - - [21/Mar/2024:08:55:35 -0300] "POST /cormun/servlet/trsolicitudot?e404e21b40ba78efc2ebb1a9eca565ec,,gx-no-cache=1711021957742 HTTP/1.1" 200 106
190.171.144.234 - - [21/Mar/2024:08:55:35 -0300] "GET /cormun/servlet/trsolicitudadjuntos?2024,20944, HTTP/1.1" 200 6100
190.171.144.234 - - [21/Mar/2024:08:55:38 -0300] "GET /cormun/servlet/solicitudotadjuntos?INS,2024,20944,,1, HTTP/1.1" 200 6043
190.171.144.234 - - [21/Mar/2024:08:55:39 -0300] "GET /cormun/static/about:blank HTTP/1.1" 404 1011
190.171.144.234 - - [21/Mar/2024:08:55:39 -0300] "GET /cormun/servlet/solicitudotadjuntos?1b4c1af90b643e142b18e0be57196b2459878b256c9558d170b30dde1756c44151ccb535329960f3a9b8a5f096f414fb,gx-no-cache=1711021961661 HTTP/1.1" 200 30
190.171.144.234 - - [21/Mar/2024:08:55:39 -0300] "POST /cormun/servlet/solicitudotadjuntos?e404e21b40ba78efc2ebb1a9eca565ec,INS,2024,20944,,1,,gx-no-cache=1711021961674 HTTP/1.1" 200 3900
190.171.144.234 - - [21/Mar/2024:08:55:44 -0300] "POST /cormun/servlet/solicitudotadjuntos?gx-no-cache=1711021966700 HTTP/1.1" 200 26
190.171.149.82 - - [21/Mar/2024:08:55:44 -0300] "GET /cormun/servlet/trlicencias? HTTP/1.1" 200 9059
190.171.144.234 - - [21/Mar/2024:08:56:10 -0300] "GET /cormun/servlet/solicitudotadjuntos?1b4c1af90b643e142b18e0be57196b2414b22fa8ce67de4629c906ff8ced1202,gx-no-cache=1711021992614 HTTP/1.1" 200 30
190.171.144.234 - - [21/Mar/2024:08:56:10 -0300] "GET /cormun/servlet/solicitudotadjuntos?1b4c1af90b643e142b18e0be57196b2414b22fa8ce67de4629c906ff8ced1202,gx-no-cache=1711021992643 HTTP/1.1" 200 30
190.171.144.234 - - [21/Mar/2024:08:56:10 -0300] "POST /cormun/servlet/solicitudotadjuntos?e404e21b40ba78efc2ebb1a9eca565ec,INS,2024,20944,,1, HTTP/1.1" 200 116
190.171.144.234 - - [21/Mar/2024:08:56:10 -0300] "GET /cormun/servlet/hpexe_return? HTTP/1.1" 200 1026
190.171.144.234 - - [21/Mar/2024:08:56:10 -0300] "GET /cormun/servlet/trsolicitudadjuntos?2024,20944, HTTP/1.1" 200 9016
190.171.152.114 - - [21/Mar/2024:08:56:11 -0300] "GET /cormun/servlet/trsolicitudot? HTTP/1.1" 200 7528
190.171.144.234 - - [21/Mar/2024:08:56:13 -0300] "GET /cormun/servlet/solicitudotadjuntos?INS,2024,20944,,1, HTTP/1.1" 200 6043
190.171.144.234 - - [21/Mar/2024:08:56:13 -0300] "GET /cormun/static/about:blank HTTP/1.1" 404 1011
190.171.152.114 - - [21/Mar/2024:08:56:14 -0300] "GET /cormun/servlet/solicitudot?INS,0,0,false, HTTP/1.1" 200 16287
190.171.144.234 - - [21/Mar/2024:08:56:14 -0300] "GET /cormun/servlet/solicitudotadjuntos?1b4c1af90b643e142b18e0be57196b2459878b256c9558d170b30dde1756c44151ccb535329960f3a9b8a5f096f414fb,gx-no-cache=1711021996971 HTTP/1.1" 200 30
190.171.144.234 - - [21/Mar/2024:08:56:14 -0300] "POST /cormun/servlet/solicitudotadjuntos?e404e21b40ba78efc2ebb1a9eca565ec,INS,2024,20944,,1,,gx-no-cache=1711021996985 HTTP/1.1" 200 3900
181.212.42.153 - - [21/Mar/2024:08:56:15 -0300] "GET /cormun/servlet/solicitudot?INS,0,0,false, HTTP/1.1" 200 15943
190.171.144.234 - - [21/Mar/2024:08:56:18 -0300] "POST /cormun/servlet/solicitudotadjuntos?gx-no-cache=1711022000856 HTTP/1.1" 200 26
181.212.42.153 - - [21/Mar/2024:08:56:24 -0300] "POST /cormun/servlet/solicitudot?gx-no-cache=1711022007447 HTTP/1.1" 200 4031
181.212.42.153 - - [21/Mar/2024:08:56:24 -0300] "POST /cormun/servlet/solicitudot?7370548de1ec56473dd2d4b81814b53d,INS,0,0,false,,gx-no-cache=1711022007601 HTTP/1.1" 200 12597
190.171.152.114 - - [21/Mar/2024:08:56:27 -0300] "POST /cormun/servlet/solicitudot?gx-no-cache=1711022009247 HTTP/1.1" 200 4126
190.171.152.114 - - [21/Mar/2024:08:56:27 -0300] "POST /cormun/servlet/solicitudot?488ad0cd930f5b3f85ba95d00ff11de3,INS,0,0,false,,gx-no-cache=1711022009429 HTTP/1.1" 200 12978
181.212.42.153 - - [21/Mar/2024:08:56:32 -0300] "GET /cormun/servlet/solicitudot?178c6b29fd9e9f943144718127377a37b43be0dadf883499cb05813474734c13296ae7cf17ee551d0f4b9d4636f2ad91,gx-no-cache=1711022014975 HTTP/1.1" 200 30
190.171.144.234 - - [21/Mar/2024:08:56:36 -0300] "GET /cormun/servlet/solicitudotadjuntos?1b4c1af90b643e142b18e0be57196b2414b22fa8ce67de4629c906ff8ced1202,gx-no-cache=1711022018674 HTTP/1.1" 200 30
190.171.144.234 - - [21/Mar/2024:08:56:36 -0300] "GET /cormun/servlet/solicitudotadjuntos?1b4c1af90b643e142b18e0be57196b2414b22fa8ce67de4629c906ff8ced1202,gx-no-cache=1711022018686 HTTP/1.1" 200 30
190.171.144.234 - - [21/Mar/2024:08:56:36 -0300] "POST /cormun/servlet/solicitudotadjuntos?e404e21b40ba78efc2ebb1a9eca565ec,INS,2024,20944,,1, HTTP/1.1" 200 116
190.171.144.234 - - [21/Mar/2024:08:56:36 -0300] "GET /cormun/servlet/hpexe_return? HTTP/1.1" 200 1026
190.171.144.234 - - [21/Mar/2024:08:56:36 -0300] "GET /cormun/servlet/trsolicitudadjuntos?2024,20944, HTTP/1.1" 200 9264
190.171.144.234 - - [21/Mar/2024:08:56:38 -0300] "GET /cormun/servlet/solicitudotadjuntos?INS,2024,20944,,1, HTTP/1.1" 200 6043
190.171.144.234 - - [21/Mar/2024:08:56:39 -0300] "GET /cormun/static/about:blank HTTP/1.1" 404 1011
190.171.144.234 - - [21/Mar/2024:08:56:39 -0300] "GET /cormun/servlet/solicitudotadjuntos?1b4c1af90b643e142b18e0be57196b2459878b256c9558d170b30dde1756c44151ccb535329960f3a9b8a5f096f414fb,gx-no-cache=1711022022051 HTTP/1.1" 200 30
190.171.144.234 - - [21/Mar/2024:08:56:39 -0300] "POST /cormun/servlet/solicitudotadjuntos?e404e21b40ba78efc2ebb1a9eca565ec,INS,2024,20944,,1,,gx-no-cache=1711022022074 HTTP/1.1" 200 3900
190.171.144.234 - - [21/Mar/2024:08:56:42 -0300] "POST /cormun/servlet/solicitudotadjuntos?gx-no-cache=1711022024666 HTTP/1.1" 200 26
190.171.144.234 - - [21/Mar/2024:08:56:52 -0300] "GET /cormun/servlet/solicitudotadjuntos?1b4c1af90b643e142b18e0be57196b2414b22fa8ce67de4629c906ff8ced1202,gx-no-cache=1711022035362 HTTP/1.1" 200 30
190.171.144.234 - - [21/Mar/2024:08:56:52 -0300] "GET /cormun/servlet/solicitudotadjuntos?1b4c1af90b643e142b18e0be57196b2414b22fa8ce67de4629c906ff8ced1202,gx-no-cache=1711022035374 HTTP/1.1" 200 30
190.171.144.234 - - [21/Mar/2024:08:56:52 -0300] "POST /cormun/servlet/solicitudotadjuntos?e404e21b40ba78efc2ebb1a9eca565ec,INS,2024,20944,,1, HTTP/1.1" 200 116
190.171.144.234 - - [21/Mar/2024:08:56:52 -0300] "GET /cormun/servlet/hpexe_return? HTTP/1.1" 200 1026
190.171.144.234 - - [21/Mar/2024:08:56:53 -0300] "GET /cormun/servlet/trsolicitudadjuntos?2024,20944, HTTP/1.1" 200 9465
190.171.144.234 - - [21/Mar/2024:08:56:56 -0300] "GET /cormun/servlet/solicitudotadjuntos?INS,2024,20944,,1, HTTP/1.1" 200 6043
190.171.144.234 - - [21/Mar/2024:08:56:56 -0300] "GET /cormun/static/about:blank HTTP/1.1" 404 1011
190.171.144.234 - - [21/Mar/2024:08:56:56 -0300] "GET /cormun/servlet/solicitudotadjuntos?1b4c1af90b643e142b18e0be57196b2459878b256c9558d170b30dde1756c44151ccb535329960f3a9b8a5f096f414fb,gx-no-cache=1711022039317 HTTP/1.1" 200 30
190.171.144.234 - - [21/Mar/2024:08:56:56 -0300] "POST /cormun/servlet/solicitudotadjuntos?e404e21b40ba78efc2ebb1a9eca565ec,INS,2024,20944,,1,,gx-no-cache=1711022039334 HTTP/1.1" 200 3900
190.171.144.234 - - [21/Mar/2024:08:57:03 -0300] "POST /cormun/servlet/solicitudotadjuntos?gx-no-cache=1711022045812 HTTP/1.1" 200 26
191.126.4.202 - - [21/Mar/2024:08:57:25 -0300] "GET /cormun/servlet/wbsecusr01? HTTP/1.1" 200 4139
181.203.69.55 - - [21/Mar/2024:08:57:37 -0300] "GET /cormun/servlet/wbsecusr01? HTTP/1.1" 200 4139
181.203.69.55 - - [21/Mar/2024:08:57:38 -0300] "GET /cormun/servlet/wbsecusr01? HTTP/1.1" 200 4139
181.203.69.55 - - [21/Mar/2024:08:57:41 -0300] "GET /cormun/static/gxcfg.js?20201215553817 HTTP/1.1" 200 953
181.203.69.55 - - [21/Mar/2024:08:57:41 -0300] "GET /cormun/static/wbsecusr01.js?20201215553975 HTTP/1.1" 200 4681
181.203.69.55 - - [21/Mar/2024:08:57:44 -0300] "GET /cormun/servlet/trcontratounov2? HTTP/1.1" 200 17610
190.171.144.234 - - [21/Mar/2024:08:57:52 -0300] "GET /cormun/servlet/solicitudotadjuntos?1b4c1af90b643e142b18e0be57196b2414b22fa8ce67de4629c906ff8ced1202,gx-no-cache=1711022094962 HTTP/1.1" 200 30
190.171.144.234 - - [21/Mar/2024:08:57:52 -0300] "GET /cormun/servlet/solicitudotadjuntos?1b4c1af90b643e142b18e0be57196b2414b22fa8ce67de4629c906ff8ced1202,gx-no-cache=1711022094981 HTTP/1.1" 200 30
190.171.144.234 - - [21/Mar/2024:08:57:52 -0300] "POST /cormun/servlet/solicitudotadjuntos?e404e21b40ba78efc2ebb1a9eca565ec,INS,2024,20944,,1, HTTP/1.1" 200 116
190.171.144.234 - - [21/Mar/2024:08:57:52 -0300] "GET /cormun/servlet/hpexe_return? HTTP/1.1" 200 1026
190.171.144.234 - - [21/Mar/2024:08:57:52 -0300] "GET /cormun/servlet/trsolicitudadjuntos?2024,20944, HTTP/1.1" 200 9741
190.171.144.234 - - [21/Mar/2024:08:58:02 -0300] "GET /cormun/servlet/solicitudotadjuntos?INS,2024,20944,,1, HTTP/1.1" 200 6042
190.171.144.234 - - [21/Mar/2024:08:58:02 -0300] "GET /cormun/static/about:blank HTTP/1.1" 404 1011
190.171.144.234 - - [21/Mar/2024:08:58:02 -0300] "GET /cormun/servlet/solicitudotadjuntos?1b4c1af90b643e142b18e0be57196b2459878b256c9558d170b30dde1756c44151ccb535329960f3a9b8a5f096f414fb,gx-no-cache=1711022105250 HTTP/1.1" 200 30
190.171.144.234 - - [21/Mar/2024:08:58:02 -0300] "POST /cormun/servlet/solicitudotadjuntos?e404e21b40ba78efc2ebb1a9eca565ec,INS,2024,20944,,1,,gx-no-cache=1711022105265 HTTP/1.1" 200 3899
190.171.144.234 - - [21/Mar/2024:08:58:07 -0300] "POST /cormun/servlet/solicitudotadjuntos?gx-no-cache=1711022110085 HTTP/1.1" 200 26
190.171.149.74 - - [21/Mar/2024:08:58:25 -0300] "GET /cormun/servlet/prbanco?,MD,,gxPopupLevel%3D0%3B HTTP/1.1" 200 6591
190.171.149.74 - - [21/Mar/2024:08:58:30 -0300] "GET /cormun/servlet/solicitudot?353fa187acb0d4583d5f90a76321fb0d5259d308a78ab2a9831d0231177ebf251c30f6eb1ea708821393e3456c4efa8312d472f5130cfe9cd7f39ee34f1cd1b5,gx-no-cache=1711022132450 HTTP/1.1" 200 30
190.171.149.74 - - [21/Mar/2024:08:58:32 -0300] "GET /cormun/servlet/solicitudot?353fa187acb0d4583d5f90a76321fb0d36395e267ce74f47d3a2761fa7e380b5,gx-no-cache=1711022133768 HTTP/1.1" 200 53
190.171.152.114 - - [21/Mar/2024:08:58:37 -0300] "GET /cormun/servlet/solicitudot?afb96bddee7f27b435e06e7ec7dfb3139fb188b1eee4388190249d65c5d4602803dc6f9ce4fb53661257768d78505e2b,gx-no-cache=1711022139225 HTTP/1.1" 200 30
190.171.144.234 - - [21/Mar/2024:08:58:41 -0300] "GET /cormun/servlet/solicitudotadjuntos?1b4c1af90b643e142b18e0be57196b2414b22fa8ce67de4629c906ff8ced1202,gx-no-cache=1711022144294 HTTP/1.1" 200 30
190.171.144.234 - - [21/Mar/2024:08:58:41 -0300] "GET /cormun/servlet/solicitudotadjuntos?1b4c1af90b643e142b18e0be57196b2414b22fa8ce67de4629c906ff8ced1202,gx-no-cache=1711022144314 HTTP/1.1" 200 30
190.171.144.234 - - [21/Mar/2024:08:58:41 -0300] "POST /cormun/servlet/solicitudotadjuntos?e404e21b40ba78efc2ebb1a9eca565ec,INS,2024,20944,,1, HTTP/1.1" 200 116
190.171.144.234 - - [21/Mar/2024:08:58:41 -0300] "GET /cormun/servlet/hpexe_return? HTTP/1.1" 200 1026
190.171.144.234 - - [21/Mar/2024:08:58:42 -0300] "GET /cormun/servlet/trsolicitudadjuntos?2024,20944, HTTP/1.1" 200 10021
190.171.144.234 - - [21/Mar/2024:08:58:45 -0300] "GET /cormun/servlet/solicitudotadjuntos?INS,2024,20944,,1, HTTP/1.1" 200 6042
190.171.144.234 - - [21/Mar/2024:08:58:45 -0300] "GET /cormun/static/about:blank HTTP/1.1" 404 1011
190.171.144.234 - - [21/Mar/2024:08:58:45 -0300] "GET /cormun/servlet/solicitudotadjuntos?1b4c1af90b643e142b18e0be57196b2459878b256c9558d170b30dde1756c44151ccb535329960f3a9b8a5f096f414fb,gx-no-cache=1711022148250 HTTP/1.1" 200 30
190.171.144.234 - - [21/Mar/2024:08:58:45 -0300] "POST /cormun/servlet/solicitudotadjuntos?e404e21b40ba78efc2ebb1a9eca565ec,INS,2024,20944,,1,,gx-no-cache=1711022148268 HTTP/1.1" 200 3899
190.171.144.234 - - [21/Mar/2024:08:58:51 -0300] "POST /cormun/servlet/solicitudotadjuntos?gx-no-cache=1711022154006 HTTP/1.1" 200 26
190.171.149.74 - - [21/Mar/2024:08:59:00 -0300] "POST /cormun/servlet/solicitudot?gx-no-cache=1711022162135 HTTP/1.1" 200 255
190.171.149.74 - - [21/Mar/2024:08:59:02 -0300] "GET /cormun/servlet/solicitudot?353fa187acb0d4583d5f90a76321fb0dfd17c0e5fbef17c478f1977a63dba699da6ba4761ffa460657800c520c92e401b0ff52e1bde4d3f8887be9869a59a6a602740da9e377ade679d7ee31626373e09791834576f5ccb0c1a67e620dcb6e536ae7b98272c8f4392edc5f68799fc50c47666c728cbc6028b120e23be126a43f0540c4b6e92c9e195c95bacfdde6c8d5ee40e2be7e2866ef24aa3d865349082050ca260f2681a9380646e7f65556f7feb8163880189cfaa1dc0df585cd6d3663f23ff0bce313b00ad37d598843385bfbf1dd68ca2415d83d12740e823bfbd124337c5e8bbf33ace9b3b00a470945f31fa6dc6c113a9800451193fac2019fa0ce03aa8bffe41663e6f888df7f5791e615332e4146e1f13675a028fcb5046c947f469009e5a9d66fda43b454113263e7699337e9ad5622d0a60a0e7b8cfd649a043c152d706c60646521ba896909fa2feb94220d3f32afd6efc6d61b396f552373560178242b4231ae71ac2d44e04391c3bf5fa901b5132c0403354e9eaa6d4bc9,gx-no-cache=1711022164152 HTTP/1.1" 200 30
190.171.149.74 - - [21/Mar/2024:08:59:04 -0300] "POST /cormun/servlet/solicitudot?gx-no-cache=1711022166566 HTTP/1.1" 200 30
190.171.149.74 - - [21/Mar/2024:08:59:06 -0300] "POST /cormun/servlet/solicitudot?gx-no-cache=1711022168046 HTTP/1.1" 200 1472
190.171.149.74 - - [21/Mar/2024:08:59:06 -0300] "POST /cormun/servlet/solicitudot?gx-no-cache=1711022168088 HTTP/1.1" 200 38
181.203.69.55 - - [21/Mar/2024:08:59:09 -0300] "POST /cormun/servlet/trcontratounov2?b93f23e3252a012ed0cf34baa30e296e,,gx-no-cache=1711022171114 HTTP/1.1" 200 7870
181.212.42.153 - - [21/Mar/2024:08:59:14 -0300] "GET /cormun/servlet/prbanco?,MD,,gxPopupLevel%3D0%3B HTTP/1.1" 200 6569
190.171.149.74 - - [21/Mar/2024:08:59:14 -0300] "GET /cormun/servlet/solicitudot?353fa187acb0d4583d5f90a76321fb0d43f7a3b6b81c9475a15bdc518214e749b71cfd1dc3df55fe9cd29eec69f8f80cebe64fa6b0c6d8cc50b34b96e587708d895f82c09accd781beb733f661c2ac12a828ecd766e097414052aa5dd7589e9a877d169d858726964f8a776b7c5f9ff6,gx-no-cache=1711022176496 HTTP/1.1" 200 110
181.212.42.153 - - [21/Mar/2024:08:59:20 -0300] "GET /cormun/servlet/solicitudot?178c6b29fd9e9f943144718127377a3770f85b7340b84a13c5ebdc38d464b9555b42dd5f20f8388af80b34768fc7215ec9ae30c12c4ea7f9747075b3577c3804,gx-no-cache=1711022182795 HTTP/1.1" 200 30
181.212.42.153 - - [21/Mar/2024:08:59:20 -0300] "GET /cormun/servlet/solicitudot?178c6b29fd9e9f943144718127377a371da34aa2f572150592106e10424dc8ff,gx-no-cache=1711022183489 HTTP/1.1" 200 53
190.171.144.234 - - [21/Mar/2024:08:59:23 -0300] "GET /cormun/servlet/solicitudotadjuntos?1b4c1af90b643e142b18e0be57196b2414b22fa8ce67de4629c906ff8ced1202,gx-no-cache=1711022186238 HTTP/1.1" 200 30
190.171.144.234 - - [21/Mar/2024:08:59:23 -0300] "GET /cormun/servlet/solicitudotadjuntos?1b4c1af90b643e142b18e0be57196b2414b22fa8ce67de4629c906ff8ced1202,gx-no-cache=1711022186258 HTTP/1.1" 200 30
190.171.144.234 - - [21/Mar/2024:08:59:23 -0300] "POST /cormun/servlet/solicitudotadjuntos?e404e21b40ba78efc2ebb1a9eca565ec,INS,2024,20944,,1, HTTP/1.1" 200 116
190.171.144.234 - - [21/Mar/2024:08:59:23 -0300] "GET /cormun/servlet/hpexe_return? HTTP/1.1" 200 1026
190.171.144.234 - - [21/Mar/2024:08:59:24 -0300] "GET /cormun/servlet/trsolicitudadjuntos?2024,20944, HTTP/1.1" 200 10181
181.212.42.153 - - [21/Mar/2024:08:59:28 -0300] "POST /cormun/servlet/solicitudot?gx-no-cache=1711022191590 HTTP/1.1" 200 297
181.212.42.153 - - [21/Mar/2024:08:59:30 -0300] "GET /cormun/servlet/solicitudot?178c6b29fd9e9f943144718127377a37d63eeb51891cef90f69eba3b3f699ebb4398dc14d08569a838f4fa4fde4daae8fd71dc246c34c3f23f446f7e5db36ca88b060886c9ad66a39c2c7d88c02ee03bef4865ed3a1bbc5d5e1830b216a932b5a6c961e47357858071f5af03ecb0881ad32f68b138aa9dc1fc210ec18f49d167592c15f88fe93732cea54ab36dafee05cf8a1b7220ff9b9be10cac170085fed638f17e54dff974e6a933a64d255ff375758ef2f05b155d8616e0944fcab0f576ee89f554878c92e8adad7cd3c4e07dc296682df1239592c074a574e707da794c3829d5583516b19317715e6672fef3852185d2d972da3c0a6ecc766fdb370ce6cfb9f5ba7a5c8c1d8aa35300562c418b859e44415251ef29e6547a9dbfc059301122ed2501b385bce99e8fbc37c1f3bb73731a1b48424e2720880963790ff6009059e847a77d96286a306b5fb40ad5d05b7a515ab8be23002b2fa4076787b760cb2ec07809f3535eb1db5a77e95137c206e9d49e16275010bec5e306b1df59f1ae45d4ea464d629ee3ad78d68167fa87,gx-no-cache=1711022192786 HTTP/1.1" 200 30
190.171.149.74 - - [21/Mar/2024:08:59:30 -0300] "POST /cormun/servlet/solicitudot?gx-no-cache=1711022192673 HTTP/1.1" 200 97
181.212.42.153 - - [21/Mar/2024:08:59:32 -0300] "POST /cormun/servlet/solicitudot?gx-no-cache=1711022195078 HTTP/1.1" 200 30
181.212.42.153 - - [21/Mar/2024:08:59:34 -0300] "GET /cormun/servlet/prcontratosol?17525997,,,,,MD,,gxPopupLevel%3D0%3B HTTP/1.1" 200 7991
181.212.42.153 - - [21/Mar/2024:08:59:34 -0300] "GET /cormun/static/gxcfg.js?202211298464198 HTTP/1.1" 200 953
181.212.42.153 - - [21/Mar/2024:08:59:34 -0300] "GET /cormun/static/prcontratosol.js?202211298464288 HTTP/1.1" 200 15806
181.212.42.153 - - [21/Mar/2024:08:59:37 -0300] "POST /cormun/servlet/solicitudot?gx-no-cache=1711022200606 HTTP/1.1" 200 1473
181.212.42.153 - - [21/Mar/2024:08:59:37 -0300] "POST /cormun/servlet/solicitudot?gx-no-cache=1711022200638 HTTP/1.1" 200 38
181.212.42.153 - - [21/Mar/2024:08:59:37 -0300] "GET /cormun/servlet/solicitudot?178c6b29fd9e9f943144718127377a37c604c052a58ee8a4080daad85b7e5db9b391851fb64c5fca7c3bc390718670971f66033c46a60ec65d09c6278a6b644eba8e7c54144b255d48988326250e48b3fc28d527f46bf7c8762e01373f095d54e6b200d34b0003101c7bb315c2d058a6,gx-no-cache=1711022200654 HTTP/1.1" 200 110
181.212.42.153 - - [21/Mar/2024:08:59:37 -0300] "POST /cormun/servlet/solicitudot?gx-no-cache=1711022200668 HTTP/1.1" 200 97
181.212.42.153 - - [21/Mar/2024:08:59:38 -0300] "GET /cormun/servlet/solicitudot?178c6b29fd9e9f943144718127377a3760d82c851b37508cc85f86f4c10502a0acb6ff2a6afeabe31334837ed2a8d7fdddc3ce8a24ffacbb1027c90a185e75393e799d30affbcbc326084c0301bb508464f69a3a30a377cf7c120e78890fd2d74c774c2a5aa86fd6916634d7d8908ee2,gx-no-cache=1711022200714 HTTP/1.1" 200 29
181.212.42.153 - - [21/Mar/2024:08:59:38 -0300] "GET /cormun/servlet/solicitudot?178c6b29fd9e9f943144718127377a37f9bc07b0760cda23e08d6caaf6a108bd23270ee798d7a385caa8124e41d05534,gx-no-cache=1711022200729 HTTP/1.1" 200 30
181.203.69.55 - - [21/Mar/2024:08:59:42 -0300] "POST /cormun/servlet/trcontratounov2?b93f23e3252a012ed0cf34baa30e296e,,gx-no-cache=1711022203534 HTTP/1.1" 200 15825
190.171.144.234 - - [21/Mar/2024:08:59:45 -0300] "GET /cormun/servlet/trsolicitudot? HTTP/1.1" 200 8685
190.171.149.74 - - [21/Mar/2024:08:59:47 -0300] "POST /cormun/servlet/solicitudot?gx-no-cache=1711022209333 HTTP/1.1" 200 255
190.171.149.74 - - [21/Mar/2024:08:59:49 -0300] "GET /cormun/servlet/solicitudot?353fa187acb0d4583d5f90a76321fb0dfd17c0e5fbef17c478f1977a63dba6993ca3f512c389a031d816cc4381195a17b0ff52e1bde4d3f8887be9869a59a6a602740da9e377ade679d7ee31626373e09791834576f5ccb0c1a67e620dcb6e536ae7b98272c8f4392edc5f68799fc50c47666c728cbc6028b120e23be126a43f0540c4b6e92c9e195c95bacfdde6c8d5ee40e2be7e2866ef24aa3d865349082050ca260f2681a9380646e7f65556f7feb8163880189cfaa1dc0df585cd6d3663f23ff0bce313b00ad37d598843385bfbf1dd68ca2415d83d12740e823bfbd124337c5e8bbf33ace9b3b00a470945f31fa6dc6c113a9800451193fac2019fa0ce03aa8bffe41663e6f888df7f5791e615f10248278f4badc94782b29a9c619884ebc7d403108b1e136e852d859606b11799b0486be71dba3790f8ea1535f385cd31c1e5065e76ae9a2a33d7ab170a333fa3c440302823c35885e97aaad00b3c8c3757446a75b5654265d3f8b989bed59887d2751c45526a587adc19e1efa650e3,gx-no-cache=1711022211169 HTTP/1.1" 200 30
190.171.149.74 - - [21/Mar/2024:08:59:49 -0300] "POST /cormun/servlet/solicitudot?gx-no-cache=1711022211194 HTTP/1.1" 200 30
190.171.149.74 - - [21/Mar/2024:08:59:49 -0300] "POST /cormun/servlet/solicitudot?gx-no-cache=1711022211234 HTTP/1.1" 200 1475
190.171.149.74 - - [21/Mar/2024:08:59:49 -0300] "POST /cormun/servlet/solicitudot?gx-no-cache=1711022211264 HTTP/1.1" 200 38
190.171.149.74 - - [21/Mar/2024:08:59:49 -0300] "GET /cormun/servlet/solicitudot?353fa187acb0d4583d5f90a76321fb0d43f7a3b6b81c9475a15bdc518214e749b71cfd1dc3df55fe9cd29eec69f8f80cebe64fa6b0c6d8cc50b34b96e587708d895f82c09accd781beb733f661c2ac12a828ecd766e097414052aa5dd7589e9a877d169d858726964f8a776b7c5f9ff6,gx-no-cache=1711022211296 HTTP/1.1" 200 110
190.171.149.74 - - [21/Mar/2024:08:59:49 -0300] "POST /cormun/servlet/solicitudot?gx-no-cache=1711022211352 HTTP/1.1" 200 97
181.212.42.153 - - [21/Mar/2024:08:59:51 -0300] "GET /cormun/static/menuarrow.gif HTTP/1.1" 404 1015
181.212.42.153 - - [21/Mar/2024:08:59:56 -0300] "GET /cormun/servlet/solicitudot?178c6b29fd9e9f943144718127377a37ea668e2da64154c376c22deb5f6237f923270ee798d7a385caa8124e41d05534,gx-no-cache=1711022218874 HTTP/1.1" 200 30
190.171.144.234 - - [21/Mar/2024:08:59:56 -0300] "POST /cormun/servlet/trsolicitudot?e404e21b40ba78efc2ebb1a9eca565ec,,gx-no-cache=1711022218625 HTTP/1.1" 200 4617
190.171.144.234 - - [21/Mar/2024:08:59:56 -0300] "GET /cormun/static/Shared/jqueryui/images/ui-bg_highlight-soft_100_c6c2c8_1x100.png HTTP/1.1" 404 1117
190.171.144.234 - - [21/Mar/2024:08:59:56 -0300] "GET /cormun/static/Shared/jqueryui/images/ui-bg_flat_55_fafafa_40x100.png HTTP/1.1" 404 1097
190.171.144.234 - - [21/Mar/2024:08:59:56 -0300] "GET /cormun/static/Shared/jqueryui/images/ui-icons_82798d_256x240.png HTTP/1.1" 404 1089
190.171.144.234 - - [21/Mar/2024:08:59:56 -0300] "GET /cormun/static/Shared/jqueryui/images/ui-icons_8d78a5_256x240.png HTTP/1.1" 404 1089
190.171.149.74 - - [21/Mar/2024:08:59:56 -0300] "GET /cormun/servlet/solicitudot?353fa187acb0d4583d5f90a76321fb0d43f7a3b6b81c9475a15bdc518214e749b71cfd1dc3df55fe9cd29eec69f8f80cebe64fa6b0c6d8cc50b34b96e587708d895f82c09accd781beb733f661c2ac12a828ecd766e097414052aa5dd7589e9a877d169d858726964f8a776b7c5f9ff6,gx-no-cache=1711022218103 HTTP/1.1" 200 110
190.171.144.234 - - [21/Mar/2024:08:59:56 -0300] "POST /cormun/servlet/trsolicitudot?e404e21b40ba78efc2ebb1a9eca565ec,,gx-no-cache=1711022218831 HTTP/1.1" 200 4345
181.212.42.153 - - [21/Mar/2024:09:00:01 -0300] "POST /cormun/servlet/solicitudot?gx-no-cache=1711022223943 HTTP/1.1" 200 33
190.171.144.234 - - [21/Mar/2024:09:00:10 -0300] "GET /cormun/servlet/hlogin HTTP/1.1" 200 1723
181.203.69.55 - - [21/Mar/2024:09:00:13 -0300] "GET /cormun/servlet/trreportecargahoraria? HTTP/1.1" 200 6838
