181.203.69.55 - - [21/Mar/2024:09:00:13 -0300] "GET /cormun/static/gxcfg.js?202211298504121 HTTP/1.1" 200 953
181.203.69.55 - - [21/Mar/2024:09:00:13 -0300] "GET /cormun/static/trreportecargahoraria.js?20221129850435 HTTP/1.1" 200 29376
190.171.144.234 - - [21/Mar/2024:09:00:15 -0300] "POST /cormun/servlet/hlogin?bd65ca99eb1576100770350989bca64e,gx-no-cache=1711022237602 HTTP/1.1" 200 90
190.171.144.234 - - [21/Mar/2024:09:00:15 -0300] "GET /cormun/servlet/hpexe_link HTTP/1.1" 200 953
181.203.69.55 - - [21/Mar/2024:09:00:15 -0300] "GET /cormun/servlet/trcargahoraria? HTTP/1.1" 200 6659
181.203.69.55 - - [21/Mar/2024:09:00:15 -0300] "GET /cormun/static/gxcfg.js?202012113392337 HTTP/1.1" 200 953
190.171.144.234 - - [21/Mar/2024:09:00:16 -0300] "GET /cormun/servlet/hhome HTTP/1.1" 200 3993
181.203.69.55 - - [21/Mar/2024:09:00:16 -0300] "GET /cormun/static/trcargahoraria.js?202012113392783 HTTP/1.1" 200 28768
181.203.69.55 - - [21/Mar/2024:09:00:18 -0300] "GET /cormun/servlet/trcontratounov2? HTTP/1.1" 200 17613
190.171.149.74 - - [21/Mar/2024:09:00:19 -0300] "POST /cormun/servlet/solicitudot?gx-no-cache=1711022241345 HTTP/1.1" 200 30
190.171.149.74 - - [21/Mar/2024:09:00:19 -0300] "POST /cormun/servlet/solicitudot?gx-no-cache=1711022241391 HTTP/1.1" 200 1475
190.171.149.74 - - [21/Mar/2024:09:00:19 -0300] "POST /cormun/servlet/solicitudot?gx-no-cache=1711022241434 HTTP/1.1" 200 38
190.171.149.74 - - [21/Mar/2024:09:00:19 -0300] "GET /cormun/servlet/solicitudot?353fa187acb0d4583d5f90a76321fb0d43f7a3b6b81c9475a15bdc518214e749b71cfd1dc3df55fe9cd29eec69f8f80cebe64fa6b0c6d8cc50b34b96e587708d895f82c09accd781beb733f661c2ac12a828ecd766e097414052aa5dd7589e9a877d169d858726964f8a776b7c5f9ff6,gx-no-cache=1711022241460 HTTP/1.1" 200 110
190.171.149.74 - - [21/Mar/2024:09:00:19 -0300] "POST /cormun/servlet/solicitudot?gx-no-cache=1711022241500 HTTP/1.1" 200 97
181.212.42.153 - - [21/Mar/2024:09:00:20 -0300] "POST /cormun/servlet/solicitudot?7370548de1ec56473dd2d4b81814b53d,INS,0,0,false,,gx-no-cache=1711022242313 HTTP/1.1" 200 93
181.212.42.153 - - [21/Mar/2024:09:00:20 -0300] "GET /cormun/servlet/hpexe_return? HTTP/1.1" 200 1010
181.212.42.153 - - [21/Mar/2024:09:00:20 -0300] "GET /cormun/servlet/trsolicitudot HTTP/1.1" 200 8463
190.171.152.114 - - [21/Mar/2024:09:00:20 -0300] "GET /cormun/servlet/solicitudot?afb96bddee7f27b435e06e7ec7dfb3136f1024a572cd9e54da76320091ecfca4b71c6acfea958f2341f80367883a4a86c63c17614bb421200a87a8722ea8f25d03dc6f9ce4fb53661257768d78505e2b,gx-no-cache=1711022242814 HTTP/1.1" 200 30
190.171.152.114 - - [21/Mar/2024:09:00:20 -0300] "GET /cormun/servlet/solicitudot?afb96bddee7f27b435e06e7ec7dfb3133d17537ad055350f14835089387583da,gx-no-cache=1711022242876 HTTP/1.1" 200 51
190.171.152.114 - - [21/Mar/2024:09:00:20 -0300] "POST /cormun/servlet/solicitudot?gx-no-cache=1711022242896 HTTP/1.1" 200 297
190.171.152.114 - - [21/Mar/2024:09:00:20 -0300] "GET /cormun/servlet/solicitudot?afb96bddee7f27b435e06e7ec7dfb313842c95512bd3f359bb16968cd9bab7912908f6ef78dec2931ad9161b934e0152591936ff5ed69b7661006119e3287440e81aec1d879f31233194198631ad25d23036f2a92c4b17f658dbe7dba5ad1d31a70eb9b8659284b1dc4ac787ba351527ca373861af50e60d05b39a35f6bdd1f08de36656292b974b5ee4514509b414657367caf2386079e8be23cbcc6340dcfe1a0e227e76885cc4e0fdda55c4e7b7fa6b8dc98a0fb3460d5234ea270b9900752c785d62aca9f1f15413990bd5205b784616d4e99c190a798557281ca3b538e2f6e8915cdaa9e1f0b4ab2ff6bfc058135accd9774fc2135923f528edfe04b93593b84e9dd0fa624e5121bcf8fded787e3639244ad7007bdd8554c677088f3259fb9b4e1c49a54deccc2e2567be22b2eca057a42033e1cd8f3935118d29bb43e695cef7cc5219fadab772928b4d0ed6a8b0d61b0d91e2e94ea4908e8aefb697799d74196747f56257371e98d6e3302984f6c8a7f7dbb8c7c422a698baf4cd6cc58c219d6daad77c2ec510bec5c219598a,gx-no-cache=1711022242931 HTTP/1.1" 200 30
181.203.69.55 - - [21/Mar/2024:09:00:22 -0300] "GET /cormun/servlet/trcontratosolicitud? HTTP/1.1" 200 14618
190.171.152.114 - - [21/Mar/2024:09:00:23 -0300] "POST /cormun/servlet/solicitudot?gx-no-cache=1711022245110 HTTP/1.1" 200 30
190.171.149.74 - - [21/Mar/2024:09:00:24 -0300] "GET /cormun/servlet/solicitudot?353fa187acb0d4583d5f90a76321fb0d43f7a3b6b81c9475a15bdc518214e749b71cfd1dc3df55fe9cd29eec69f8f80cebe64fa6b0c6d8cc50b34b96e587708d895f82c09accd781beb733f661c2ac12a828ecd766e097414052aa5dd7589e9a877d169d858726964f8a776b7c5f9ff6,gx-no-cache=1711022245991 HTTP/1.1" 200 110
190.171.149.74 - - [21/Mar/2024:09:00:24 -0300] "GET /cormun/servlet/solicitudot?353fa187acb0d4583d5f90a76321fb0d16e939703ce5c08654242570d63ab391fb6ef29d8e3d762f2f4d27afab3b2eebcf8814d2eeb833b085f1ff23ad54cf02e6e671c668b07239ff69235a376cde501d3ca9352a9a8ea29ec9061626a54a32e68e78a46d0077e771ad9973f89854b1,gx-no-cache=1711022246020 HTTP/1.1" 200 29
190.171.149.74 - - [21/Mar/2024:09:00:24 -0300] "GET /cormun/servlet/solicitudot?353fa187acb0d4583d5f90a76321fb0d9666dabe98e2a2a8278f7b4ce2de4951,gx-no-cache=1711022246052 HTTP/1.1" 200 30
190.171.149.74 - - [21/Mar/2024:09:00:24 -0300] "POST /cormun/servlet/solicitudot?gx-no-cache=1711022246078 HTTP/1.1" 200 30
190.171.149.74 - - [21/Mar/2024:09:00:24 -0300] "POST /cormun/servlet/solicitudot?ad68328247b706228851c641e674e25f,INS,0,0,false,,gx-no-cache=1711022246101 HTTP/1.1" 200 12964
190.171.149.74 - - [21/Mar/2024:09:00:24 -0300] "GET /cormun/static/Shared/jqueryui/images/ui-bg_flat_55_994d53_40x100.png HTTP/1.1" 404 1097
190.171.149.74 - - [21/Mar/2024:09:00:24 -0300] "GET /cormun/static/Shared/jqueryui/images/ui-icons_ebccce_256x240.png HTTP/1.1" 404 1089
190.171.144.234 - - [21/Mar/2024:09:00:27 -0300] "GET /cormun/servlet/trsolicitudot? HTTP/1.1" 200 7211
181.212.42.153 - - [21/Mar/2024:09:00:30 -0300] "POST /cormun/servlet/trsolicitudot?7370548de1ec56473dd2d4b81814b53d,gx-no-cache=1711022252657 HTTP/1.1" 200 4310
181.212.42.153 - - [21/Mar/2024:09:00:30 -0300] "GET /cormun/static/Shared/jqueryui/images/ui-icons_82798d_256x240.png HTTP/1.1" 404 1089
181.212.42.153 - - [21/Mar/2024:09:00:30 -0300] "GET /cormun/static/Shared/jqueryui/images/ui-bg_highlight-soft_100_c6c2c8_1x100.png HTTP/1.1" 404 1117
181.212.42.153 - - [21/Mar/2024:09:00:30 -0300] "GET /cormun/static/Shared/jqueryui/images/ui-bg_flat_55_fafafa_40x100.png HTTP/1.1" 404 1097
181.212.42.153 - - [21/Mar/2024:09:00:30 -0300] "GET /cormun/static/Shared/jqueryui/images/ui-icons_8d78a5_256x240.png HTTP/1.1" 404 1089
181.212.42.153 - - [21/Mar/2024:09:00:30 -0300] "POST /cormun/servlet/trsolicitudot?7370548de1ec56473dd2d4b81814b53d,gx-no-cache=1711022252802 HTTP/1.1" 200 4065
190.171.149.74 - - [21/Mar/2024:09:00:31 -0300] "GET /cormun/static/menuarrow.gif HTTP/1.1" 404 1015
190.171.149.74 - - [21/Mar/2024:09:00:35 -0300] "GET /cormun/servlet/solicitudot?353fa187acb0d4583d5f90a76321fb0d6ad910dd8b3d6a59ff19926ebf2a2023fa10cf79e6a063e6234c3f5f3235497c,gx-no-cache=1711022256925 HTTP/1.1" 200 30
190.171.144.234 - - [21/Mar/2024:09:00:38 -0300] "GET /cormun/servlet/hlogin HTTP/1.1" 200 1723
181.203.69.55 - - [21/Mar/2024:09:00:38 -0300] "GET /cormun/servlet/trcontratoobservaciondir? HTTP/1.1" 200 7089
181.203.69.55 - - [21/Mar/2024:09:00:39 -0300] "GET /cormun/static/gxcfg.js?20221129848537 HTTP/1.1" 200 953
181.203.69.55 - - [21/Mar/2024:09:00:39 -0300] "GET /cormun/static/trcontratoobservaciondir.js?20221129848696 HTTP/1.1" 200 27185
181.203.69.55 - - [21/Mar/2024:09:00:40 -0300] "POST /cormun/servlet/acontrolpreferencessavestate?None,JFERRARI,true HTTP/1.1" 200 35
181.212.42.153 - - [21/Mar/2024:09:00:42 -0300] "GET /cormun/servlet/solicitudot?INS,0,0,false, HTTP/1.1" 200 15944
190.171.144.234 - - [21/Mar/2024:09:00:42 -0300] "POST /cormun/servlet/hlogin?892e86707d550256242bed8af0832205,gx-no-cache=1711022265388 HTTP/1.1" 200 90
190.171.144.234 - - [21/Mar/2024:09:00:43 -0300] "GET /cormun/servlet/hpexe_link HTTP/1.1" 200 953
190.171.144.234 - - [21/Mar/2024:09:00:43 -0300] "GET /cormun/servlet/hhome HTTP/1.1" 200 4152
190.171.149.74 - - [21/Mar/2024:09:00:44 -0300] "POST /cormun/servlet/solicitudot?gx-no-cache=1711022266230 HTTP/1.1" 200 30
181.203.69.55 - - [21/Mar/2024:09:00:46 -0300] "GET /cormun/servlet/trlicencias? HTTP/1.1" 200 10254
181.203.69.55 - - [21/Mar/2024:09:00:46 -0300] "GET /cormun/static/gxcfg.js?202211298463625 HTTP/1.1" 200 953
181.203.69.55 - - [21/Mar/2024:09:00:46 -0300] "GET /cormun/static/trlicencias.js?202211298463889 HTTP/1.1" 200 41883
190.171.149.74 - - [21/Mar/2024:09:00:47 -0300] "POST /cormun/servlet/solicitudot?ad68328247b706228851c641e674e25f,INS,0,0,false,,gx-no-cache=1711022268703 HTTP/1.1" 200 93
190.171.149.74 - - [21/Mar/2024:09:00:47 -0300] "GET /cormun/servlet/hpexe_return? HTTP/1.1" 200 1011
181.212.42.153 - - [21/Mar/2024:09:00:47 -0300] "POST /cormun/servlet/solicitudot?gx-no-cache=1711022270127 HTTP/1.1" 200 4031
190.171.149.74 - - [21/Mar/2024:09:00:47 -0300] "GET /cormun/servlet/trsolicitudot? HTTP/1.1" 200 8604
190.171.144.234 - - [21/Mar/2024:09:00:47 -0300] "GET /cormun/servlet/trautorizarsolicitud? HTTP/1.1" 200 8730
181.212.42.153 - - [21/Mar/2024:09:00:47 -0300] "POST /cormun/servlet/solicitudot?7370548de1ec56473dd2d4b81814b53d,INS,0,0,false,,gx-no-cache=1711022270263 HTTP/1.1" 200 12594
181.212.42.153 - - [21/Mar/2024:09:00:49 -0300] "GET /cormun/servlet/solicitudot?178c6b29fd9e9f943144718127377a370459e63b3f342b8839d9a8b1c44ec9e5296ae7cf17ee551d0f4b9d4636f2ad91,gx-no-cache=1711022271735 HTTP/1.1" 200 30
190.171.144.234 - - [21/Mar/2024:09:00:53 -0300] "POST /cormun/servlet/trautorizarsolicitud?892e86707d550256242bed8af0832205,,gx-no-cache=1711022275808 HTTP/1.1" 200 4811
190.171.144.234 - - [21/Mar/2024:09:00:53 -0300] "GET /cormun/static/Shared/jqueryui/images/ui-bg_highlight-soft_100_c6c2c8_1x100.png HTTP/1.1" 404 1117
190.171.144.234 - - [21/Mar/2024:09:00:53 -0300] "GET /cormun/static/Shared/jqueryui/images/ui-icons_82798d_256x240.png HTTP/1.1" 404 1089
190.171.144.234 - - [21/Mar/2024:09:00:53 -0300] "GET /cormun/static/Shared/jqueryui/images/ui-bg_flat_55_fafafa_40x100.png HTTP/1.1" 404 1097
190.171.144.234 - - [21/Mar/2024:09:00:53 -0300] "GET /cormun/static/Shared/jqueryui/images/ui-icons_8d78a5_256x240.png HTTP/1.1" 404 1089
190.171.144.234 - - [21/Mar/2024:09:00:53 -0300] "POST /cormun/servlet/trautorizarsolicitud?892e86707d550256242bed8af0832205,,gx-no-cache=1711022275934 HTTP/1.1" 200 4535
190.171.149.74 - - [21/Mar/2024:09:00:59 -0300] "POST /cormun/servlet/trsolicitudot?ad68328247b706228851c641e674e25f,,gx-no-cache=1711022280879 HTTP/1.1" 200 109
181.203.69.55 - - [21/Mar/2024:09:00:59 -0300] "GET /cormun/servlet/trcontratoobservaciondir? HTTP/1.1" 200 7092
190.171.149.74 - - [21/Mar/2024:09:00:59 -0300] "GET /cormun/servlet/solicitudot?UPD,2024,21024,false, HTTP/1.1" 200 16587
190.171.149.74 - - [21/Mar/2024:09:01:00 -0300] "POST /cormun/servlet/solicitudot?gx-no-cache=1711022281788 HTTP/1.1" 200 4105
190.171.149.74 - - [21/Mar/2024:09:01:00 -0300] "POST /cormun/servlet/solicitudot?ad68328247b706228851c641e674e25f,UPD,2024,21024,false,,gx-no-cache=1711022281932 HTTP/1.1" 200 12761
190.171.149.74 - - [21/Mar/2024:09:01:00 -0300] "GET /cormun/servlet/solicitudot?353fa187acb0d4583d5f90a76321fb0d37c171e0522b27c95d328de6b657dfc7bf2520cea2512da6bf589ecf8fc0b1c7,gx-no-cache=1711022282043 HTTP/1.1" 200 30
190.171.149.74 - - [21/Mar/2024:09:01:00 -0300] "GET /cormun/servlet/solicitudot?353fa187acb0d4583d5f90a76321fb0d5259d308a78ab2a9831d0231177ebf251c30f6eb1ea708821393e3456c4efa83092d0dd0c51f546aa95f8d3194b1f544,gx-no-cache=1711022282063 HTTP/1.1" 200 30
190.171.149.74 - - [21/Mar/2024:09:01:00 -0300] "GET /cormun/servlet/solicitudot?353fa187acb0d4583d5f90a76321fb0dc2ea2d03473352113f5042ac6507e2b9e206f7e7037536857b4fb2d9b101a4d6cf2e8188cc0bd4dc156f7b0f080d1d85,gx-no-cache=1711022282094 HTTP/1.1" 200 53
190.171.149.74 - - [21/Mar/2024:09:01:00 -0300] "POST /cormun/servlet/solicitudot?gx-no-cache=1711022282113 HTTP/1.1" 200 255
190.171.149.74 - - [21/Mar/2024:09:01:00 -0300] "GET /cormun/servlet/solicitudot?353fa187acb0d4583d5f90a76321fb0dfd17c0e5fbef17c478f1977a63dba6993ca3f512c389a031d816cc4381195a17b0ff52e1bde4d3f8887be9869a59a6a602740da9e377ade679d7ee31626373e09791834576f5ccb0c1a67e620dcb6e536ae7b98272c8f4392edc5f68799fc50c47666c728cbc6028b120e23be126a43f0540c4b6e92c9e195c95bacfdde6c8d5ee40e2be7e2866ef24aa3d865349082050ca260f2681a9380646e7f65556f7feb8163880189cfaa1dc0df585cd6d3663f23ff0bce313b00ad37d598843385bfbf1dd68ca2415d83d12740e823bfbd124337c5e8bbf33ace9b3b00a470945f31fa6dc6c113a9800451193fac2019fa0ce03aa8bffe41663e6f888df7f5791e615f10248278f4badc94782b29a9c619884ebc7d403108b1e136e852d859606b11799b0486be71dba3790f8ea1535f385cd31c1e5065e76ae9a2a33d7ab170a333fa3c440302823c35885e97aaad00b3c8c3757446a75b5654265d3f8b989bed59887d2751c45526a587adc19e1efa650e3,gx-no-cache=1711022282150 HTTP/1.1" 200 30
190.171.149.74 - - [21/Mar/2024:09:01:00 -0300] "POST /cormun/servlet/solicitudot?gx-no-cache=1711022282170 HTTP/1.1" 200 30
190.171.149.74 - - [21/Mar/2024:09:01:00 -0300] "POST /cormun/servlet/solicitudot?gx-no-cache=1711022282213 HTTP/1.1" 200 1475
190.171.149.74 - - [21/Mar/2024:09:01:00 -0300] "POST /cormun/servlet/solicitudot?gx-no-cache=1711022282248 HTTP/1.1" 200 41
190.171.149.74 - - [21/Mar/2024:09:01:02 -0300] "GET /cormun/servlet/solicitudot?353fa187acb0d4583d5f90a76321fb0d43f7a3b6b81c9475a15bdc518214e749b71cfd1dc3df55fe9cd29eec69f8f80cebe64fa6b0c6d8cc50b34b96e587708d895f82c09accd781beb733f661c2ac12a828ecd766e097414052aa5dd7589e9a877d169d858726964f8a776b7c5f9ff6,gx-no-cache=1711022284336 HTTP/1.1" 200 110
190.171.149.74 - - [21/Mar/2024:09:01:02 -0300] "POST /cormun/servlet/solicitudot?gx-no-cache=1711022284364 HTTP/1.1" 200 97
190.171.149.82 - - [21/Mar/2024:09:01:26 -0300] "GET /cormun/servlet/trfichaempleado? HTTP/1.1" 200 8715
190.171.143.82 - - [21/Mar/2024:09:01:32 -0300] "POST /cormun/servlet/trlicencias?5e07bcab50402356976023c4d2c6adc6,,gx-no-cache=1711022314741 HTTP/1.1" 440 972
190.171.141.82 - - [21/Mar/2024:09:01:33 -0300] "GET /cormun/servlet/trsolicitudot? HTTP/1.1" 200 6323
190.171.143.82 - - [21/Mar/2024:09:01:34 -0300] "GET /cormun/servlet/trlicencias? HTTP/1.1" 200 6049
190.171.141.82 - - [21/Mar/2024:09:01:34 -0300] "GET /cormun/servlet/hlogin HTTP/1.1" 200 1734
181.212.47.137 - - [21/Mar/2024:09:01:35 -0300] "GET /cormun/servlet/trsolicitudgral? HTTP/1.1" 200 16288
190.171.143.82 - - [21/Mar/2024:09:01:35 -0300] "GET /cormun/servlet/hlogin HTTP/1.1" 200 1739
190.171.143.82 - - [21/Mar/2024:09:01:39 -0300] "POST /cormun/servlet/hlogin?f9068e7474edad60e2125534a531ed73,gx-no-cache=1711022321679 HTTP/1.1" 200 90
190.171.143.82 - - [21/Mar/2024:09:01:39 -0300] "GET /cormun/servlet/hpexe_link HTTP/1.1" 200 956
190.171.143.82 - - [21/Mar/2024:09:01:39 -0300] "GET /cormun/servlet/trlicencias HTTP/1.1" 200 8389
190.171.149.74 - - [21/Mar/2024:09:01:41 -0300] "POST /cormun/servlet/solicitudot?gx-no-cache=1711022323309 HTTP/1.1" 200 30
190.171.149.74 - - [21/Mar/2024:09:01:41 -0300] "POST /cormun/servlet/solicitudot?gx-no-cache=1711022323351 HTTP/1.1" 200 1475
190.171.149.74 - - [21/Mar/2024:09:01:41 -0300] "POST /cormun/servlet/solicitudot?gx-no-cache=1711022323391 HTTP/1.1" 200 41
190.171.149.74 - - [21/Mar/2024:09:01:41 -0300] "GET /cormun/servlet/solicitudot?353fa187acb0d4583d5f90a76321fb0d43f7a3b6b81c9475a15bdc518214e749b71cfd1dc3df55fe9cd29eec69f8f80cebe64fa6b0c6d8cc50b34b96e587708d895f82c09accd781beb733f661c2ac12a828ecd766e097414052aa5dd7589e9a877d169d858726964f8a776b7c5f9ff6,gx-no-cache=1711022323414 HTTP/1.1" 200 110
190.171.149.74 - - [21/Mar/2024:09:01:41 -0300] "POST /cormun/servlet/solicitudot?gx-no-cache=1711022323437 HTTP/1.1" 200 97
190.171.149.74 - - [21/Mar/2024:09:01:41 -0300] "GET /cormun/servlet/solicitudot?353fa187acb0d4583d5f90a76321fb0da42af3cb8395536529ebd67e72bb126cf8b1ae5723e6e5afdc1b56ff5f5d9ca9d507f147421f174e59c40d1069d20738e3a520b17688ccea9cd67edc21686863eb05d41212ccd749002061c492e22cca3f815b263f7fa3b4c434dd54d14fb35e0d97f5b46d1e335df6012575bd54b09c1d3ca9352a9a8ea29ec9061626a54a32e68e78a46d0077e771ad9973f89854b1,gx-no-cache=1711022323465 HTTP/1.1" 200 29
190.171.149.74 - - [21/Mar/2024:09:01:41 -0300] "GET /cormun/servlet/solicitudot?353fa187acb0d4583d5f90a76321fb0d6ad910dd8b3d6a59ff19926ebf2a2023fa10cf79e6a063e6234c3f5f3235497c,gx-no-cache=1711022323492 HTTP/1.1" 200 30
190.171.149.74 - - [21/Mar/2024:09:01:41 -0300] "POST /cormun/servlet/solicitudot?gx-no-cache=1711022323532 HTTP/1.1" 200 30
190.171.149.74 - - [21/Mar/2024:09:01:41 -0300] "POST /cormun/servlet/solicitudot?ad68328247b706228851c641e674e25f,UPD,2024,21024,false,,gx-no-cache=1711022323579 HTTP/1.1" 200 93
190.171.149.74 - - [21/Mar/2024:09:01:42 -0300] "GET /cormun/servlet/hpexe_return? HTTP/1.1" 200 1016
190.171.149.74 - - [21/Mar/2024:09:01:42 -0300] "GET /cormun/servlet/trsolicitudot HTTP/1.1" 200 8604
190.171.149.74 - - [21/Mar/2024:09:01:45 -0300] "POST /cormun/servlet/trsolicitudot?ad68328247b706228851c641e674e25f,gx-no-cache=1711022327192 HTTP/1.1" 200 106
190.171.149.74 - - [21/Mar/2024:09:01:45 -0300] "GET /cormun/servlet/trsolicitudadjuntos?2024,21024, HTTP/1.1" 200 6093
190.171.149.74 - - [21/Mar/2024:09:01:47 -0300] "GET /cormun/servlet/solicitudotadjuntos?INS,2024,21024,,1, HTTP/1.1" 200 6034
190.171.149.74 - - [21/Mar/2024:09:01:48 -0300] "GET /cormun/static/about:blank HTTP/1.1" 404 1011
190.171.149.74 - - [21/Mar/2024:09:01:48 -0300] "GET /cormun/servlet/solicitudotadjuntos?353fa187acb0d4583d5f90a76321fb0d6833ea2e473048d41201fa3cb4a0002dc08019b0a98a8bcd93a216c3a931bcd9,gx-no-cache=1711022330347 HTTP/1.1" 200 30
190.171.149.74 - - [21/Mar/2024:09:01:48 -0300] "POST /cormun/servlet/solicitudotadjuntos?ad68328247b706228851c641e674e25f,INS,2024,21024,,1,,gx-no-cache=1711022330369 HTTP/1.1" 200 3904
190.171.149.74 - - [21/Mar/2024:09:01:51 -0300] "POST /cormun/servlet/solicitudotadjuntos?gx-no-cache=1711022333661 HTTP/1.1" 200 26
190.171.141.114 - - [21/Mar/2024:09:01:55 -0300] "GET /cormun/servlet/trlicencias? HTTP/1.1" 200 6038
190.171.141.114 - - [21/Mar/2024:09:01:55 -0300] "GET /cormun/servlet/hlogin HTTP/1.1" 200 1738
190.171.141.114 - - [21/Mar/2024:09:01:55 -0300] "GET /cormun/servlet/trlicencias? HTTP/1.1" 200 6047
190.171.141.114 - - [21/Mar/2024:09:02:04 -0300] "POST /cormun/servlet/hlogin?aeebb371dbd9cab14066743589072164,gx-no-cache=1711022346671 HTTP/1.1" 200 90
190.171.141.114 - - [21/Mar/2024:09:02:04 -0300] "GET /cormun/servlet/hpexe_link HTTP/1.1" 200 954
190.171.141.114 - - [21/Mar/2024:09:02:05 -0300] "GET /cormun/servlet/trlicencias HTTP/1.1" 200 9513
190.171.141.114 - - [21/Mar/2024:09:02:19 -0300] "GET /cormun/servlet/trlicencias? HTTP/1.1" 200 9511
190.171.149.74 - - [21/Mar/2024:09:02:20 -0300] "GET /cormun/servlet/solicitudotadjuntos?353fa187acb0d4583d5f90a76321fb0d6b21bc0d41b55143346078c14ae295bf,gx-no-cache=1711022362093 HTTP/1.1" 200 30
190.171.149.74 - - [21/Mar/2024:09:02:20 -0300] "GET /cormun/servlet/solicitudotadjuntos?353fa187acb0d4583d5f90a76321fb0d6b21bc0d41b55143346078c14ae295bf,gx-no-cache=1711022362142 HTTP/1.1" 200 30
190.171.149.74 - - [21/Mar/2024:09:02:20 -0300] "POST /cormun/servlet/solicitudotadjuntos?ad68328247b706228851c641e674e25f,INS,2024,21024,,1, HTTP/1.1" 200 116
190.171.149.74 - - [21/Mar/2024:09:02:20 -0300] "GET /cormun/servlet/hpexe_return? HTTP/1.1" 200 1027
190.171.149.74 - - [21/Mar/2024:09:02:20 -0300] "GET /cormun/servlet/trsolicitudadjuntos?2024,21024, HTTP/1.1" 200 9017
190.171.149.74 - - [21/Mar/2024:09:02:22 -0300] "GET /cormun/servlet/solicitudotadjuntos?INS,2024,21024,,1, HTTP/1.1" 200 6035
190.171.149.74 - - [21/Mar/2024:09:02:22 -0300] "GET /cormun/static/about:blank HTTP/1.1" 404 1011
190.171.149.74 - - [21/Mar/2024:09:02:23 -0300] "GET /cormun/servlet/solicitudotadjuntos?353fa187acb0d4583d5f90a76321fb0d6833ea2e473048d41201fa3cb4a0002dc08019b0a98a8bcd93a216c3a931bcd9,gx-no-cache=1711022365213 HTTP/1.1" 200 30
190.171.149.74 - - [21/Mar/2024:09:02:23 -0300] "POST /cormun/servlet/solicitudotadjuntos?ad68328247b706228851c641e674e25f,INS,2024,21024,,1,,gx-no-cache=1711022365233 HTTP/1.1" 200 3904
190.171.149.74 - - [21/Mar/2024:09:02:25 -0300] "POST /cormun/servlet/solicitudotadjuntos?gx-no-cache=1711022367422 HTTP/1.1" 200 26
181.212.42.153 - - [21/Mar/2024:09:02:25 -0300] "GET /cormun/servlet/prbanco?,MD,,gxPopupLevel%3D0%3B HTTP/1.1" 200 6569
190.171.141.114 - - [21/Mar/2024:09:02:26 -0300] "GET /cormun/servlet/trsolicitudot? HTTP/1.1" 200 8651
181.212.42.153 - - [21/Mar/2024:09:02:28 -0300] "GET /cormun/servlet/solicitudot?178c6b29fd9e9f943144718127377a37d7fe46d0be51f32242eed4f7f3ad50c65765c5574eb573c61e3b20c5da4ccfbdc9ae30c12c4ea7f9747075b3577c3804,gx-no-cache=1711022371523 HTTP/1.1" 200 30
181.212.42.153 - - [21/Mar/2024:09:02:29 -0300] "GET /cormun/servlet/solicitudot?178c6b29fd9e9f943144718127377a371da34aa2f572150592106e10424dc8ff,gx-no-cache=1711022372320 HTTP/1.1" 200 53
190.171.149.74 - - [21/Mar/2024:09:02:30 -0300] "GET /cormun/servlet/solicitudotadjuntos?353fa187acb0d4583d5f90a76321fb0d6b21bc0d41b55143346078c14ae295bf,gx-no-cache=1711022372485 HTTP/1.1" 200 30
190.171.149.74 - - [21/Mar/2024:09:02:30 -0300] "GET /cormun/servlet/solicitudotadjuntos?353fa187acb0d4583d5f90a76321fb0d6b21bc0d41b55143346078c14ae295bf,gx-no-cache=1711022372499 HTTP/1.1" 200 30
190.171.149.74 - - [21/Mar/2024:09:02:30 -0300] "POST /cormun/servlet/solicitudotadjuntos?ad68328247b706228851c641e674e25f,INS,2024,21024,,1, HTTP/1.1" 200 116
190.171.149.74 - - [21/Mar/2024:09:02:30 -0300] "GET /cormun/servlet/hpexe_return? HTTP/1.1" 200 1027
190.171.149.74 - - [21/Mar/2024:09:02:31 -0300] "GET /cormun/servlet/trsolicitudadjuntos?2024,21024, HTTP/1.1" 200 9255
190.171.149.74 - - [21/Mar/2024:09:02:34 -0300] "GET /cormun/servlet/solicitudotadjuntos?INS,2024,21024,,1, HTTP/1.1" 200 6035
190.171.149.74 - - [21/Mar/2024:09:02:34 -0300] "GET /cormun/static/about:blank HTTP/1.1" 404 1011
190.171.149.74 - - [21/Mar/2024:09:02:34 -0300] "GET /cormun/servlet/solicitudotadjuntos?353fa187acb0d4583d5f90a76321fb0d6833ea2e473048d41201fa3cb4a0002dc08019b0a98a8bcd93a216c3a931bcd9,gx-no-cache=1711022376700 HTTP/1.1" 200 30
190.171.149.74 - - [21/Mar/2024:09:02:34 -0300] "POST /cormun/servlet/solicitudotadjuntos?ad68328247b706228851c641e674e25f,INS,2024,21024,,1,,gx-no-cache=1711022376718 HTTP/1.1" 200 3904
190.171.149.82 - - [21/Mar/2024:09:02:36 -0300] "GET /cormun/servlet/trfichaempleado? HTTP/1.1" 200 8714
190.171.149.74 - - [21/Mar/2024:09:02:37 -0300] "POST /cormun/servlet/solicitudotadjuntos?gx-no-cache=1711022379294 HTTP/1.1" 200 26
181.212.42.153 - - [21/Mar/2024:09:02:39 -0300] "POST /cormun/servlet/solicitudot?gx-no-cache=1711022382131 HTTP/1.1" 200 297
181.212.42.153 - - [21/Mar/2024:09:02:39 -0300] "GET /cormun/servlet/solicitudot?178c6b29fd9e9f943144718127377a37d63eeb51891cef90f69eba3b3f699ebb4398dc14d08569a838f4fa4fde4daae8fd71dc246c34c3f23f446f7e5db36ca88b060886c9ad66a39c2c7d88c02ee03bef4865ed3a1bbc5d5e1830b216a932b5a6c961e47357858071f5af03ecb0881ad32f68b138aa9dc1fc210ec18f49d167592c15f88fe93732cea54ab36dafee05cf8a1b7220ff9b9be10cac170085fed638f17e54dff974e6a933a64d255ff375758ef2f05b155d8616e0944fcab0f576ee89f554878c92e8adad7cd3c4e07dc296682df1239592c074a574e707da794c3829d5583516b19317715e6672fef3852185d2d972da3c0a6ecc766fdb370ce6cfb9f5ba7a5c8c1d8aa35300562c418b859e44415251ef29e6547a9dbfc059301122ed2501b385bce99e8fbc37c1f3bb73731a1b48424e2720880963790ff6009059e847a77d96286a306b5fb40ad5d05b7a515ab8be23002b2fa4076787b760cb2ec07809f3535eb1db5a77e95137c206e9d49e16275010bec5e306b1df59f1ae45d4ea464d629ee3ad78d68167fa87,gx-no-cache=1711022382165 HTTP/1.1" 200 30
190.171.152.114 - - [21/Mar/2024:09:02:45 -0300] "POST /cormun/servlet/solicitudot?gx-no-cache=1711022387286 HTTP/1.1" 200 1476
181.212.42.153 - - [21/Mar/2024:09:02:48 -0300] "POST /cormun/servlet/solicitudot?gx-no-cache=1711022391178 HTTP/1.1" 200 30
181.212.42.153 - - [21/Mar/2024:09:02:50 -0300] "GET /cormun/servlet/prcontratosol?19592816,,,,,MD,,gxPopupLevel%3D0%3B HTTP/1.1" 200 7833
190.171.152.114 - - [21/Mar/2024:09:02:51 -0300] "GET /cormun/servlet/prlicenciaspermisos?13964132,L,,MD,,gxPopupLevel%3D0%3B HTTP/1.1" 200 5959
190.171.152.114 - - [21/Mar/2024:09:02:51 -0300] "GET /cormun/static/gxcfg.js?2020121559567 HTTP/1.1" 200 953
190.171.152.114 - - [21/Mar/2024:09:02:51 -0300] "GET /cormun/static/prlicenciaspermisos.js?2020121559821 HTTP/1.1" 200 13379
181.212.42.153 - - [21/Mar/2024:09:02:54 -0300] "POST /cormun/servlet/solicitudot?gx-no-cache=1711022397134 HTTP/1.1" 200 1474
181.212.42.153 - - [21/Mar/2024:09:02:54 -0300] "POST /cormun/servlet/solicitudot?gx-no-cache=1711022397161 HTTP/1.1" 200 38
181.212.42.153 - - [21/Mar/2024:09:02:54 -0300] "GET /cormun/servlet/solicitudot?178c6b29fd9e9f943144718127377a37c604c052a58ee8a4080daad85b7e5db9b391851fb64c5fca7c3bc390718670971f66033c46a60ec65d09c6278a6b644eba8e7c54144b255d48988326250e48b3fc28d527f46bf7c8762e01373f095d54e6b200d34b0003101c7bb315c2d058a6,gx-no-cache=1711022397176 HTTP/1.1" 200 110
181.212.42.153 - - [21/Mar/2024:09:02:54 -0300] "POST /cormun/servlet/solicitudot?gx-no-cache=1711022397192 HTTP/1.1" 200 97
181.212.42.153 - - [21/Mar/2024:09:02:54 -0300] "GET /cormun/servlet/solicitudot?178c6b29fd9e9f943144718127377a3760d82c851b37508cc85f86f4c10502a0acb6ff2a6afeabe31334837ed2a8d7fdddc3ce8a24ffacbb1027c90a185e75393e799d30affbcbc326084c0301bb508464f69a3a30a377cf7c120e78890fd2d74c774c2a5aa86fd6916634d7d8908ee2,gx-no-cache=1711022397211 HTTP/1.1" 200 29
181.212.42.153 - - [21/Mar/2024:09:02:54 -0300] "GET /cormun/servlet/solicitudot?178c6b29fd9e9f943144718127377a37f9bc07b0760cda23e08d6caaf6a108bd23270ee798d7a385caa8124e41d05534,gx-no-cache=1711022397225 HTTP/1.1" 200 30
181.212.42.153 - - [21/Mar/2024:09:02:57 -0300] "GET /cormun/static/menuarrow.gif HTTP/1.1" 404 1015
181.212.43.89 - - [21/Mar/2024:09:03:10 -0300] "GET /cormun/servlet/hlogin HTTP/1.1" 200 1721
181.212.42.153 - - [21/Mar/2024:09:03:12 -0300] "GET /cormun/servlet/solicitudot?178c6b29fd9e9f943144718127377a37ea668e2da64154c376c22deb5f6237f923270ee798d7a385caa8124e41d05534,gx-no-cache=1711022414951 HTTP/1.1" 200 30
181.212.42.153 - - [21/Mar/2024:09:03:12 -0300] "POST /cormun/servlet/solicitudot?gx-no-cache=1711022414974 HTTP/1.1" 200 33
181.212.43.89 - - [21/Mar/2024:09:03:17 -0300] "POST /cormun/servlet/hlogin?9409f63d092854345e09d123c7252c85,gx-no-cache=1711022418929 HTTP/1.1" 200 90
181.212.43.89 - - [21/Mar/2024:09:03:17 -0300] "GET /cormun/servlet/hpexe_link HTTP/1.1" 200 950
181.212.43.89 - - [21/Mar/2024:09:03:17 -0300] "GET /cormun/servlet/hhome HTTP/1.1" 200 4013
181.212.43.89 - - [21/Mar/2024:09:03:22 -0300] "GET /cormun/servlet/trlicencias? HTTP/1.1" 200 9730
181.212.42.153 - - [21/Mar/2024:09:03:33 -0300] "POST /cormun/servlet/solicitudot?7370548de1ec56473dd2d4b81814b53d,INS,0,0,false,,gx-no-cache=1711022435744 HTTP/1.1" 200 93
181.212.42.153 - - [21/Mar/2024:09:03:33 -0300] "GET /cormun/servlet/hpexe_return? HTTP/1.1" 200 1030
181.212.42.153 - - [21/Mar/2024:09:03:33 -0300] "GET /cormun/servlet/trsolicitudot?gx-no-cache=1711022252802 HTTP/1.1" 200 8460
181.212.42.153 - - [21/Mar/2024:09:03:37 -0300] "POST /cormun/servlet/trsolicitudot?7370548de1ec56473dd2d4b81814b53d,gx-no-cache=1711022252802,gx-no-cache=1711022440273 HTTP/1.1" 200 4307
181.212.42.153 - - [21/Mar/2024:09:03:37 -0300] "GET /cormun/static/Shared/jqueryui/images/ui-icons_82798d_256x240.png HTTP/1.1" 404 1089
181.212.42.153 - - [21/Mar/2024:09:03:37 -0300] "GET /cormun/static/Shared/jqueryui/images/ui-bg_highlight-soft_100_c6c2c8_1x100.png HTTP/1.1" 404 1117
181.212.42.153 - - [21/Mar/2024:09:03:37 -0300] "GET /cormun/static/Shared/jqueryui/images/ui-bg_flat_55_fafafa_40x100.png HTTP/1.1" 404 1097
181.212.42.153 - - [21/Mar/2024:09:03:37 -0300] "GET /cormun/static/Shared/jqueryui/images/ui-icons_8d78a5_256x240.png HTTP/1.1" 404 1089
181.212.42.153 - - [21/Mar/2024:09:03:37 -0300] "POST /cormun/servlet/trsolicitudot?7370548de1ec56473dd2d4b81814b53d,gx-no-cache=1711022252802,gx-no-cache=1711022440361 HTTP/1.1" 200 4065
181.212.42.153 - - [21/Mar/2024:09:03:39 -0300] "GET /cormun/servlet/trsolicitudot? HTTP/1.1" 200 7027
190.171.149.74 - - [21/Mar/2024:09:03:39 -0300] "GET /cormun/servlet/solicitudotadjuntos?353fa187acb0d4583d5f90a76321fb0d6b21bc0d41b55143346078c14ae295bf,gx-no-cache=1711022441628 HTTP/1.1" 200 30
190.171.149.74 - - [21/Mar/2024:09:03:39 -0300] "GET /cormun/servlet/solicitudotadjuntos?353fa187acb0d4583d5f90a76321fb0d6b21bc0d41b55143346078c14ae295bf,gx-no-cache=1711022441659 HTTP/1.1" 200 30
190.171.149.74 - - [21/Mar/2024:09:03:40 -0300] "POST /cormun/servlet/solicitudotadjuntos?ad68328247b706228851c641e674e25f,INS,2024,21024,,1, HTTP/1.1" 200 116
190.171.149.74 - - [21/Mar/2024:09:03:40 -0300] "GET /cormun/servlet/hpexe_return? HTTP/1.1" 200 1027
190.171.149.74 - - [21/Mar/2024:09:03:40 -0300] "GET /cormun/servlet/trsolicitudadjuntos?2024,21024, HTTP/1.1" 200 9468
190.171.149.74 - - [21/Mar/2024:09:03:42 -0300] "GET /cormun/servlet/solicitudotadjuntos?INS,2024,21024,,1, HTTP/1.1" 200 6035
190.171.149.74 - - [21/Mar/2024:09:03:42 -0300] "GET /cormun/static/about:blank HTTP/1.1" 404 1011
181.212.42.153 - - [21/Mar/2024:09:03:42 -0300] "GET /cormun/servlet/hlogin HTTP/1.1" 200 1738
190.171.149.74 - - [21/Mar/2024:09:03:42 -0300] "GET /cormun/servlet/solicitudotadjuntos?353fa187acb0d4583d5f90a76321fb0d6833ea2e473048d41201fa3cb4a0002dc08019b0a98a8bcd93a216c3a931bcd9,gx-no-cache=1711022444428 HTTP/1.1" 200 30
190.171.149.74 - - [21/Mar/2024:09:03:42 -0300] "POST /cormun/servlet/solicitudotadjuntos?ad68328247b706228851c641e674e25f,INS,2024,21024,,1,,gx-no-cache=1711022444445 HTTP/1.1" 200 3901
190.171.149.74 - - [21/Mar/2024:09:03:44 -0300] "POST /cormun/servlet/solicitudotadjuntos?gx-no-cache=1711022446221 HTTP/1.1" 200 26
181.212.42.153 - - [21/Mar/2024:09:03:47 -0300] "POST /cormun/servlet/hlogin?7370548de1ec56473dd2d4b81814b53d,gx-no-cache=1711022450593 HTTP/1.1" 200 90
181.212.42.153 - - [21/Mar/2024:09:03:47 -0300] "GET /cormun/servlet/hpexe_link HTTP/1.1" 200 952
181.212.42.153 - - [21/Mar/2024:09:03:47 -0300] "GET /cormun/servlet/hhome HTTP/1.1" 200 4340
181.212.42.153 - - [21/Mar/2024:09:03:52 -0300] "GET /cormun/servlet/trautorizarsolicitud? HTTP/1.1" 200 9250
190.171.149.74 - - [21/Mar/2024:09:03:52 -0300] "GET /cormun/servlet/solicitudotadjuntos?353fa187acb0d4583d5f90a76321fb0d6b21bc0d41b55143346078c14ae295bf,gx-no-cache=1711022454676 HTTP/1.1" 200 30
190.171.149.74 - - [21/Mar/2024:09:03:52 -0300] "GET /cormun/servlet/solicitudotadjuntos?353fa187acb0d4583d5f90a76321fb0d6b21bc0d41b55143346078c14ae295bf,gx-no-cache=1711022454691 HTTP/1.1" 200 30
190.171.149.74 - - [21/Mar/2024:09:03:53 -0300] "POST /cormun/servlet/solicitudotadjuntos?ad68328247b706228851c641e674e25f,INS,2024,21024,,1, HTTP/1.1" 200 116
190.171.149.74 - - [21/Mar/2024:09:03:53 -0300] "GET /cormun/servlet/hpexe_return? HTTP/1.1" 200 1027
190.171.149.74 - - [21/Mar/2024:09:03:53 -0300] "GET /cormun/servlet/trsolicitudadjuntos?2024,21024, HTTP/1.1" 200 9771
190.171.149.74 - - [21/Mar/2024:09:03:55 -0300] "GET /cormun/servlet/solicitudotadjuntos?INS,2024,21024,,1, HTTP/1.1" 200 6035
190.171.149.74 - - [21/Mar/2024:09:03:55 -0300] "GET /cormun/static/about:blank HTTP/1.1" 404 1011
190.171.149.74 - - [21/Mar/2024:09:03:55 -0300] "GET /cormun/servlet/solicitudotadjuntos?353fa187acb0d4583d5f90a76321fb0d6833ea2e473048d41201fa3cb4a0002dc08019b0a98a8bcd93a216c3a931bcd9,gx-no-cache=1711022457467 HTTP/1.1" 200 30
190.171.149.74 - - [21/Mar/2024:09:03:55 -0300] "POST /cormun/servlet/solicitudotadjuntos?ad68328247b706228851c641e674e25f,INS,2024,21024,,1,,gx-no-cache=1711022457484 HTTP/1.1" 200 3901
181.212.42.153 - - [21/Mar/2024:09:03:57 -0300] "POST /cormun/servlet/trautorizarsolicitud?7370548de1ec56473dd2d4b81814b53d,,gx-no-cache=1711022460044 HTTP/1.1" 200 5976
181.212.42.153 - - [21/Mar/2024:09:03:57 -0300] "GET /cormun/static/Shared/jqueryui/images/ui-icons_82798d_256x240.png HTTP/1.1" 404 1089
181.212.42.153 - - [21/Mar/2024:09:03:57 -0300] "GET /cormun/static/Shared/jqueryui/images/ui-bg_highlight-soft_100_c6c2c8_1x100.png HTTP/1.1" 404 1117
181.212.42.153 - - [21/Mar/2024:09:03:57 -0300] "GET /cormun/static/Shared/jqueryui/images/ui-bg_flat_55_fafafa_40x100.png HTTP/1.1" 404 1097
181.212.42.153 - - [21/Mar/2024:09:03:57 -0300] "GET /cormun/static/Shared/jqueryui/images/ui-icons_8d78a5_256x240.png HTTP/1.1" 404 1089
181.212.42.153 - - [21/Mar/2024:09:03:57 -0300] "POST /cormun/servlet/trautorizarsolicitud?7370548de1ec56473dd2d4b81814b53d,,gx-no-cache=1711022460140 HTTP/1.1" 200 5923
181.212.42.153 - - [21/Mar/2024:09:03:58 -0300] "POST /cormun/servlet/trautorizarsolicitud?7370548de1ec56473dd2d4b81814b53d,,gx-no-cache=1711022461027 HTTP/1.1" 200 4778
181.212.42.153 - - [21/Mar/2024:09:03:58 -0300] "POST /cormun/servlet/trautorizarsolicitud?7370548de1ec56473dd2d4b81814b53d,,gx-no-cache=1711022461107 HTTP/1.1" 200 4530
190.171.149.74 - - [21/Mar/2024:09:03:58 -0300] "POST /cormun/servlet/solicitudotadjuntos?gx-no-cache=1711022460694 HTTP/1.1" 200 26
190.171.149.74 - - [21/Mar/2024:09:04:04 -0300] "GET /cormun/servlet/solicitudotadjuntos?353fa187acb0d4583d5f90a76321fb0d6b21bc0d41b55143346078c14ae295bf,gx-no-cache=1711022466660 HTTP/1.1" 200 30
190.171.149.74 - - [21/Mar/2024:09:04:04 -0300] "GET /cormun/servlet/solicitudotadjuntos?353fa187acb0d4583d5f90a76321fb0d6b21bc0d41b55143346078c14ae295bf,gx-no-cache=1711022466673 HTTP/1.1" 200 30
190.171.149.74 - - [21/Mar/2024:09:04:05 -0300] "POST /cormun/servlet/solicitudotadjuntos?ad68328247b706228851c641e674e25f,INS,2024,21024,,1, HTTP/1.1" 200 116
190.171.149.74 - - [21/Mar/2024:09:04:05 -0300] "GET /cormun/servlet/hpexe_return? HTTP/1.1" 200 1027
190.171.149.74 - - [21/Mar/2024:09:04:05 -0300] "GET /cormun/servlet/trsolicitudadjuntos?2024,21024, HTTP/1.1" 200 10083
190.171.149.74 - - [21/Mar/2024:09:04:07 -0300] "GET /cormun/servlet/solicitudotadjuntos?INS,2024,21024,,1, HTTP/1.1" 200 6035
190.171.149.74 - - [21/Mar/2024:09:04:07 -0300] "GET /cormun/static/about:blank HTTP/1.1" 404 1011
181.212.42.153 - - [21/Mar/2024:09:04:08 -0300] "POST /cormun/servlet/trautorizarsolicitud?7370548de1ec56473dd2d4b81814b53d,,gx-no-cache=1711022470747 HTTP/1.1" 200 14378
190.171.149.74 - - [21/Mar/2024:09:04:08 -0300] "GET /cormun/servlet/solicitudotadjuntos?353fa187acb0d4583d5f90a76321fb0d6833ea2e473048d41201fa3cb4a0002dc08019b0a98a8bcd93a216c3a931bcd9,gx-no-cache=1711022470015 HTTP/1.1" 200 30
190.171.149.74 - - [21/Mar/2024:09:04:08 -0300] "POST /cormun/servlet/solicitudotadjuntos?ad68328247b706228851c641e674e25f,INS,2024,21024,,1,,gx-no-cache=1711022470035 HTTP/1.1" 200 3901
190.171.149.74 - - [21/Mar/2024:09:04:11 -0300] "POST /cormun/servlet/solicitudotadjuntos?gx-no-cache=1711022472981 HTTP/1.1" 200 26
190.171.152.114 - - [21/Mar/2024:09:04:13 -0300] "POST /cormun/servlet/solicitudot?gx-no-cache=1711022475488 HTTP/1.1" 200 40
181.212.47.137 - - [21/Mar/2024:09:04:14 -0300] "GET /cormun/servlet/vesolicitudgral?2024,20965,, HTTP/1.1" 200 8399
181.212.47.137 - - [21/Mar/2024:09:04:14 -0300] "GET /cormun/pexe_scrolldiv.js HTTP/1.1" 404 1009
181.212.42.153 - - [21/Mar/2024:09:04:23 -0300] "GET /cormun/servlet/veautorizarsolicitud?2024,20748,, HTTP/1.1" 200 8740
181.212.42.153 - - [21/Mar/2024:09:04:23 -0300] "GET /cormun/static/gxcfg.js?202211298474783 HTTP/1.1" 200 953
181.212.42.153 - - [21/Mar/2024:09:04:23 -0300] "GET /cormun/pexe_scrolldiv.js HTTP/1.1" 404 1009
181.212.42.153 - - [21/Mar/2024:09:04:23 -0300] "GET /cormun/static/veautorizarsolicitud.js?202211298474813 HTTP/1.1" 200 6140
181.212.42.153 - - [21/Mar/2024:09:04:23 -0300] "GET /cormun/static/tbautorizarsolicitud01.js?20221129837213 HTTP/1.1" 200 30580
181.212.42.153 - - [21/Mar/2024:09:04:25 -0300] "GET /cormun/servlet/veautorizarsolicitud?2024,20748,,SolicitudOTLog HTTP/1.1" 200 10546
181.212.42.153 - - [21/Mar/2024:09:04:25 -0300] "GET /cormun/pexe_scrolldiv.js HTTP/1.1" 404 1009
181.212.42.153 - - [21/Mar/2024:09:04:25 -0300] "GET /cormun/static/tbautorizarsolicitud03.js?202211298365818 HTTP/1.1" 200 13367
181.212.42.153 - - [21/Mar/2024:09:04:26 -0300] "POST /cormun/servlet/acontrolpreferencessavestate?None,CINOSTROZA,true HTTP/1.1" 200 35
181.212.42.153 - - [21/Mar/2024:09:04:36 -0300] "GET /cormun/servlet/veautorizarsolicitud?2024,20748,, HTTP/1.1" 200 8740
181.212.42.153 - - [21/Mar/2024:09:04:40 -0300] "GET /cormun/servlet/trautorizarsolicitud? HTTP/1.1" 200 16984
190.171.152.114 - - [21/Mar/2024:09:05:20 -0300] "GET /cormun/servlet/solicitudot?afb96bddee7f27b435e06e7ec7dfb31334ad8b55dcc5c089e33fa66a426f128ba248833c7711c64105a285136db90008b52d0434ee438bb0b3381263a1a51bcd99071ba6ae7d56c51efe70c210a0ea8c92cbc28656bd59635e2312d336c2ff08d97ec528e99ae9b2d912d4ee542025a8,gx-no-cache=1711022541956 HTTP/1.1" 200 110
190.171.152.114 - - [21/Mar/2024:09:05:35 -0300] "POST /cormun/servlet/solicitudot?gx-no-cache=1711022556999 HTTP/1.1" 200 83
181.212.42.153 - - [21/Mar/2024:09:05:37 -0300] "POST /cormun/servlet/trautorizarsolicitud?7370548de1ec56473dd2d4b81814b53d,,gx-no-cache=1711022560322 HTTP/1.1" 200 110
181.212.42.153 - - [21/Mar/2024:09:05:37 -0300] "POST /cormun/servlet/trautorizarsolicitud?7370548de1ec56473dd2d4b81814b53d,,gx-no-cache=1711022560508 HTTP/1.1" 200 14355
181.212.42.153 - - [21/Mar/2024:09:05:38 -0300] "GET /cormun/AutorizarSolicitud-3644.xls HTTP/1.1" 200 14336
190.171.149.74 - - [21/Mar/2024:09:05:46 -0300] "GET /cormun/servlet/solicitudotadjuntos?353fa187acb0d4583d5f90a76321fb0d6b21bc0d41b55143346078c14ae295bf,gx-no-cache=1711022567876 HTTP/1.1" 200 30
190.171.149.74 - - [21/Mar/2024:09:05:46 -0300] "GET /cormun/servlet/solicitudotadjuntos?353fa187acb0d4583d5f90a76321fb0d6b21bc0d41b55143346078c14ae295bf,gx-no-cache=1711022567988 HTTP/1.1" 200 30
190.171.149.74 - - [21/Mar/2024:09:05:47 -0300] "POST /cormun/servlet/solicitudotadjuntos?ad68328247b706228851c641e674e25f,INS,2024,21024,,1, HTTP/1.1" 200 116
190.171.149.74 - - [21/Mar/2024:09:05:47 -0300] "GET /cormun/servlet/hpexe_return? HTTP/1.1" 200 1027
190.171.149.74 - - [21/Mar/2024:09:05:48 -0300] "GET /cormun/servlet/trsolicitudadjuntos?2024,21024, HTTP/1.1" 200 10254
190.171.149.74 - - [21/Mar/2024:09:05:54 -0300] "GET /cormun/servlet/trsolicitudot? HTTP/1.1" 200 8607
190.171.149.74 - - [21/Mar/2024:09:06:51 -0300] "POST /cormun/servlet/trsolicitudot?ad68328247b706228851c641e674e25f,,gx-no-cache=1711022632990 HTTP/1.1" 200 4586
190.171.149.74 - - [21/Mar/2024:09:06:51 -0300] "GET /cormun/static/Shared/jqueryui/images/ui-bg_highlight-soft_100_c6c2c8_1x100.png HTTP/1.1" 404 1117
190.171.149.74 - - [21/Mar/2024:09:06:51 -0300] "GET /cormun/static/Shared/jqueryui/images/ui-icons_8d78a5_256x240.png HTTP/1.1" 404 1089
190.171.149.74 - - [21/Mar/2024:09:06:51 -0300] "GET /cormun/static/Shared/jqueryui/images/ui-icons_82798d_256x240.png HTTP/1.1" 404 1089
190.171.149.74 - - [21/Mar/2024:09:06:51 -0300] "GET /cormun/static/Shared/jqueryui/images/ui-bg_flat_55_fafafa_40x100.png HTTP/1.1" 404 1097
190.171.149.74 - - [21/Mar/2024:09:06:51 -0300] "POST /cormun/servlet/trsolicitudot?ad68328247b706228851c641e674e25f,,gx-no-cache=1711022633122 HTTP/1.1" 200 4348
190.171.149.74 - - [21/Mar/2024:09:07:09 -0300] "GET /cormun/servlet/solicitudot?INS,0,0,false, HTTP/1.1" 200 15964
190.171.149.74 - - [21/Mar/2024:09:07:21 -0300] "POST /cormun/servlet/solicitudot?gx-no-cache=1711022663330 HTTP/1.1" 200 4105
190.171.149.74 - - [21/Mar/2024:09:07:21 -0300] "GET /cormun/static/Shared/jqueryui/images/ui-bg_flat_55_994d53_40x100.png HTTP/1.1" 404 1097
190.171.149.74 - - [21/Mar/2024:09:07:21 -0300] "GET /cormun/static/Shared/jqueryui/images/ui-icons_ebccce_256x240.png HTTP/1.1" 404 1089
181.203.69.55 - - [21/Mar/2024:09:07:49 -0300] "GET /cormun/servlet/hlogin HTTP/1.1" 200 1724
181.203.69.55 - - [21/Mar/2024:09:07:52 -0300] "POST /cormun/servlet/hlogin?b93f23e3252a012ed0cf34baa30e296e,gx-no-cache=1711022693770 HTTP/1.1" 200 90
181.203.69.55 - - [21/Mar/2024:09:07:52 -0300] "GET /cormun/servlet/hpexe_link HTTP/1.1" 200 952
181.203.69.55 - - [21/Mar/2024:09:07:52 -0300] "GET /cormun/servlet/hhome HTTP/1.1" 200 3910
181.203.69.55 - - [21/Mar/2024:09:07:56 -0300] "GET /cormun/servlet/trsolicitudot? HTTP/1.1" 200 8510
181.203.69.55 - - [21/Mar/2024:09:08:02 -0300] "GET /cormun/servlet/trcontratoobservacion? HTTP/1.1" 200 6570
181.203.69.55 - - [21/Mar/2024:09:08:02 -0300] "GET /cormun/static/gxcfg.js?2022112984808 HTTP/1.1" 200 953
181.203.69.55 - - [21/Mar/2024:09:08:02 -0300] "GET /cormun/static/trcontratoobservacion.js?20221129848151 HTTP/1.1" 200 25148
181.203.69.55 - - [21/Mar/2024:09:08:21 -0300] "GET /cormun/servlet/hlogin HTTP/1.1" 200 1724
181.203.69.55 - - [21/Mar/2024:09:08:23 -0300] "POST /cormun/servlet/hlogin?b93f23e3252a012ed0cf34baa30e296e,gx-no-cache=1711022725290 HTTP/1.1" 200 90
181.203.69.55 - - [21/Mar/2024:09:08:23 -0300] "GET /cormun/servlet/hpexe_link HTTP/1.1" 200 952
181.203.69.55 - - [21/Mar/2024:09:08:24 -0300] "GET /cormun/servlet/hhome HTTP/1.1" 200 4269
181.203.69.55 - - [21/Mar/2024:09:08:30 -0300] "GET /cormun/servlet/trautorizarsolicitud? HTTP/1.1" 200 7384
181.203.69.55 - - [21/Mar/2024:09:08:30 -0300] "GET /cormun/static/gxcfg.js?202211298474254 HTTP/1.1" 200 953
181.203.69.55 - - [21/Mar/2024:09:08:30 -0300] "GET /cormun/static/trautorizarsolicitud.js?202211298474588 HTTP/1.1" 200 53909
181.203.69.55 - - [21/Mar/2024:09:08:33 -0300] "GET /cormun/servlet/trsolicitudot? HTTP/1.1" 200 8861
181.203.69.55 - - [21/Mar/2024:09:08:40 -0300] "GET /cormun/servlet/trcontratosolicitud? HTTP/1.1" 200 14629
190.171.152.114 - - [21/Mar/2024:09:08:42 -0300] "GET /cormun/servlet/solicitudot?afb96bddee7f27b435e06e7ec7dfb313bd9bf5c12b3c740bed5c1603883d55f9d76672eee262186af464f96d7454615d1a5037cfe4a34ff0b30f2e9bc1bc740521a9ccced8af2388ed0525d0f7878d2eb5247fea17c33e740adae842037a4d47d5ca1a827b9bddcc2a1fbed3e057c887,gx-no-cache=1711022744822 HTTP/1.1" 200 29
190.171.152.114 - - [21/Mar/2024:09:08:42 -0300] "GET /cormun/static/menuarrow.gif HTTP/1.1" 404 1015
181.203.69.55 - - [21/Mar/2024:09:09:04 -0300] "GET /cormun/servlet/solicitudotcontratos?INS,2019,0,16737009,8,2,2024,4196,SUBVGENERAL,,38,B, HTTP/1.1" 200 10027
181.203.69.55 - - [21/Mar/2024:09:09:04 -0300] "GET /cormun/static/gxcfg.js?20201215314017 HTTP/1.1" 200 953
181.203.69.55 - - [21/Mar/2024:09:09:04 -0300] "GET /cormun/static/solicitudotcontratos.js?20201215314661 HTTP/1.1" 200 43204
181.203.69.55 - - [21/Mar/2024:09:09:05 -0300] "GET /cormun/servlet/solicitudotcontratos?3e8353774b313f4d60c47fcbeddb6d067cd45f4239f700ce9e90b55252d15ccaf3cf28b0e9274b7b24361985b35b4452,gx-no-cache=1711022766816 HTTP/1.1" 200 30
181.203.69.55 - - [21/Mar/2024:09:09:05 -0300] "GET /cormun/servlet/solicitudotcontratos?3e8353774b313f4d60c47fcbeddb6d06dfcabd1c4b0e388141597625a2d9f712f3cf28b0e9274b7b24361985b35b4452,gx-no-cache=1711022766873 HTTP/1.1" 200 111
181.203.69.55 - - [21/Mar/2024:09:09:05 -0300] "GET /cormun/static/Shared/jqueryui/images/ui-bg_highlight-soft_100_c6c2c8_1x100.png HTTP/1.1" 404 1117
181.203.69.55 - - [21/Mar/2024:09:09:05 -0300] "GET /cormun/static/Shared/jqueryui/images/ui-icons_82798d_256x240.png HTTP/1.1" 404 1089
181.203.69.55 - - [21/Mar/2024:09:09:05 -0300] "GET /cormun/static/Shared/jqueryui/images/ui-icons_ebccce_256x240.png HTTP/1.1" 404 1089
181.203.69.55 - - [21/Mar/2024:09:09:05 -0300] "GET /cormun/static/Shared/jqueryui/images/ui-bg_flat_55_994d53_40x100.png HTTP/1.1" 404 1097
181.203.69.55 - - [21/Mar/2024:09:09:05 -0300] "GET /cormun/servlet/solicitudotcontratos?3e8353774b313f4d60c47fcbeddb6d069d3c5e458b58c499f9efea09f654460fedeff60d7680d20bd10a309fbaeca6fc2cf4c53b860f087ce3ace9ac0615492131723959a72b3ad7e52cb37369a0099e426358dbb54e721a0f2bb9e0b9f5ed67,gx-no-cache=1711022766953 HTTP/1.1" 200 111
181.203.69.55 - - [21/Mar/2024:09:09:05 -0300] "GET /cormun/servlet/solicitudotcontratos?3e8353774b313f4d60c47fcbeddb6d064e26cfb51b3d2fd61df6e3769ca8d736b50166ba7c26977034429efb7fd3c833,gx-no-cache=1711022767031 HTTP/1.1" 200 30
181.203.69.55 - - [21/Mar/2024:09:09:05 -0300] "GET /cormun/servlet/solicitudotcontratos?3e8353774b313f4d60c47fcbeddb6d0697d952f0ea98ec57a9847815703f0a29f70b9cd548b009bf75c9ca86416ee7882cf4c53b860f087ce3ace9ac06154921f4387556e05a8f174dc8e0962a02b155d78a76b8834088a5d9a6262e06e06233b7d081aa561f8646951b2ae75aa8712b,gx-no-cache=1711022767089 HTTP/1.1" 200 30
181.203.69.55 - - [21/Mar/2024:09:09:05 -0300] "GET /cormun/servlet/solicitudotcontratos?3e8353774b313f4d60c47fcbeddb6d06123460903129e0ba2d33dbfb01caa8fc8ace569eb07dd33486b1e8c7e8ed00302cf4c53b860f087ce3ace9ac0615492147d21e4c3d4f1484f77d57ec823dfc979a8c001a106de71ed2ac2821d560204df1905d2b570f173eb867250c428d13e1,gx-no-cache=1711022767140 HTTP/1.1" 200 110
181.203.69.55 - - [21/Mar/2024:09:09:05 -0300] "POST /cormun/servlet/solicitudotcontratos?gx-no-cache=1711022767201 HTTP/1.1" 200 79
181.203.69.55 - - [21/Mar/2024:09:09:05 -0300] "GET /cormun/servlet/solicitudotcontratos?3e8353774b313f4d60c47fcbeddb6d06cc99620a5720827f7422fa50f284c4e8dc38c9df3d9cc517abb2489f4e9779bf6ead0f1ebe5a3f17e7a50edb3a8a25b92cf4c53b860f087ce3ace9ac06154921dc4c682bdcf4838c2f031c4fae1712495ea22f01da6cc91f4360fa238339be107afd90fd75514ac943fe885efce39c3d2f78514f3d0699b72c6673b3816c3327d6d523083af2713e0b5ffa5fb1d0be70,gx-no-cache=1711022767263 HTTP/1.1" 200 80
190.171.152.114 - - [21/Mar/2024:09:09:13 -0300] "GET /cormun/servlet/solicitudot?afb96bddee7f27b435e06e7ec7dfb313553fbfb57d92631acd4dea1ed5f89c4dc0893b1f03e78d1db878569d61f9d71e,gx-no-cache=1711022775053 HTTP/1.1" 200 30
190.171.152.114 - - [21/Mar/2024:09:09:13 -0300] "POST /cormun/servlet/solicitudot?gx-no-cache=1711022775086 HTTP/1.1" 200 34
181.203.69.55 - - [21/Mar/2024:09:09:17 -0300] "POST /cormun/servlet/solicitudotcontratos?b93f23e3252a012ed0cf34baa30e296e,INS,2019,0,16737009,8,2,2024,4196,SUBVGENERAL,,38,B,,gx-no-cache=1711022779100 HTTP/1.1" 200 93
181.203.69.55 - - [21/Mar/2024:09:09:17 -0300] "GET /cormun/servlet/hpexe_return? HTTP/1.1" 200 1053
181.203.69.55 - - [21/Mar/2024:09:09:17 -0300] "GET /cormun/servlet/trcontratosolicitud HTTP/1.1" 200 14633
181.203.69.55 - - [21/Mar/2024:09:09:33 -0300] "GET /cormun/servlet/solicitudotcontratos?INS,2019,0,20368972,1,6,2024,4208,LEY+SEP,,4,B, HTTP/1.1" 200 10011
181.203.69.55 - - [21/Mar/2024:09:09:34 -0300] "GET /cormun/servlet/solicitudotcontratos?3e8353774b313f4d60c47fcbeddb6d06ed94d2bc056baa19944535af141ad43df3cf28b0e9274b7b24361985b35b4452,gx-no-cache=1711022795899 HTTP/1.1" 200 30
181.203.69.55 - - [21/Mar/2024:09:09:34 -0300] "GET /cormun/servlet/solicitudotcontratos?3e8353774b313f4d60c47fcbeddb6d06a5248d1c69d632e5c4c7fa8ec82e1f41f3cf28b0e9274b7b24361985b35b4452,gx-no-cache=1711022795960 HTTP/1.1" 200 111
181.203.69.55 - - [21/Mar/2024:09:09:34 -0300] "GET /cormun/servlet/solicitudotcontratos?3e8353774b313f4d60c47fcbeddb6d069d3c5e458b58c499f9efea09f654460fedeff60d7680d20bd10a309fbaeca6fc2cf4c53b860f087ce3ace9ac0615492131723959a72b3ad7e52cb37369a0099e2e65c451872d052080ed017e936816b1,gx-no-cache=1711022796021 HTTP/1.1" 200 111
181.203.69.55 - - [21/Mar/2024:09:09:34 -0300] "GET /cormun/servlet/solicitudotcontratos?3e8353774b313f4d60c47fcbeddb6d06a88b12963db1b0568be5c8f5d4a704f505fd1b0138ce7652657001fb25ec35ac,gx-no-cache=1711022796088 HTTP/1.1" 200 30
181.203.69.55 - - [21/Mar/2024:09:09:34 -0300] "GET /cormun/servlet/solicitudotcontratos?3e8353774b313f4d60c47fcbeddb6d0697d952f0ea98ec57a9847815703f0a29f70b9cd548b009bf75c9ca86416ee7882cf4c53b860f087ce3ace9ac06154921f4387556e05a8f174dc8e0962a02b15567b674a3adda1b9974ad997031d0c42db7d081aa561f8646951b2ae75aa8712b,gx-no-cache=1711022796138 HTTP/1.1" 200 30
181.203.69.55 - - [21/Mar/2024:09:09:34 -0300] "GET /cormun/servlet/solicitudotcontratos?3e8353774b313f4d60c47fcbeddb6d06123460903129e0ba2d33dbfb01caa8fc8ace569eb07dd33486b1e8c7e8ed00302cf4c53b860f087ce3ace9ac0615492147d21e4c3d4f1484f77d57ec823dfc979a8c001a106de71ed2ac2821d560204df1905d2b570f173eb867250c428d13e1,gx-no-cache=1711022796194 HTTP/1.1" 200 110
181.203.69.55 - - [21/Mar/2024:09:09:34 -0300] "POST /cormun/servlet/solicitudotcontratos?gx-no-cache=1711022796260 HTTP/1.1" 200 67
181.203.69.55 - - [21/Mar/2024:09:09:34 -0300] "GET /cormun/servlet/solicitudotcontratos?3e8353774b313f4d60c47fcbeddb6d06cc99620a5720827f7422fa50f284c4e8dc38c9df3d9cc517abb2489f4e9779bf6ead0f1ebe5a3f17e7a50edb3a8a25b92cf4c53b860f087ce3ace9ac06154921dc4c682bdcf4838c2f031c4fae1712495ea22f01da6cc91f4360fa238339be10d6d523083af2713e0b5ffa5fb1d0be70,gx-no-cache=1711022796327 HTTP/1.1" 200 80
181.203.69.55 - - [21/Mar/2024:09:09:40 -0300] "POST /cormun/servlet/solicitudotcontratos?b93f23e3252a012ed0cf34baa30e296e,INS,2019,0,20368972,1,6,2024,4208,LEY+SEP,,4,B,,gx-no-cache=1711022802331 HTTP/1.1" 200 93
181.203.69.55 - - [21/Mar/2024:09:09:40 -0300] "GET /cormun/servlet/hpexe_return? HTTP/1.1" 200 1048
181.203.69.55 - - [21/Mar/2024:09:09:41 -0300] "GET /cormun/servlet/trcontratosolicitud HTTP/1.1" 200 14633
190.171.152.114 - - [21/Mar/2024:09:09:41 -0300] "POST /cormun/servlet/solicitudot?488ad0cd930f5b3f85ba95d00ff11de3,INS,0,0,false,,gx-no-cache=1711022803216 HTTP/1.1" 200 93
190.171.152.114 - - [21/Mar/2024:09:09:41 -0300] "GET /cormun/servlet/hpexe_return? HTTP/1.1" 200 1001
190.171.152.114 - - [21/Mar/2024:09:09:41 -0300] "GET /cormun/servlet/trsolicitudot HTTP/1.1" 200 8952
181.212.47.137 - - [21/Mar/2024:09:09:42 -0300] "GET /cormun/servlet/vesolicitudgral?2024,20965,,SolicitudOTAdjuntos HTTP/1.1" 200 11144
181.212.47.137 - - [21/Mar/2024:09:09:42 -0300] "GET /cormun/pexe_scrolldiv.js HTTP/1.1" 404 1009
181.212.47.137 - - [21/Mar/2024:09:09:43 -0300] "POST /cormun/servlet/acontrolpreferencessavestate?None,RRHH+DANIELA,true HTTP/1.1" 200 35
181.203.69.55 - - [21/Mar/2024:09:09:44 -0300] "GET /cormun/servlet/solicitudotcontratos?INS,2019,0,15104877,3,6,2024,4180,LEY+SEP,,2,B, HTTP/1.1" 200 10011
181.212.47.137 - - [21/Mar/2024:09:09:45 -0300] "GET /cormun/PublicTempStorage/carnet_isabel_nu%F1ez3139036.pdf HTTP/1.1" 200 150890
181.203.69.55 - - [21/Mar/2024:09:09:45 -0300] "GET /cormun/servlet/solicitudotcontratos?3e8353774b313f4d60c47fcbeddb6d06340cfa4da6ccd882de5cd4e262620fecf3cf28b0e9274b7b24361985b35b4452,gx-no-cache=1711022807115 HTTP/1.1" 200 30
