181.212.47.137 - - [20/Mar/2024:15:58:35 -0300] "GET /cormun/servlet/vesolicitudgral?2024,20950,,SolicitudOTAdjuntos HTTP/1.1" 200 11109
191.126.17.116 - - [20/Mar/2024:15:58:35 -0300] "POST /cormun/servlet/solicitudotadjuntos?74448bf379551ce90c430738bfe98460,INS,2024,21003,,1,,gx-no-cache=1710960938070 HTTP/1.1" 200 3903
181.212.47.137 - - [20/Mar/2024:15:58:35 -0300] "GET /cormun/pexe_scrolldiv.js HTTP/1.1" 404 1009
181.212.40.185 - - [20/Mar/2024:15:58:35 -0300] "POST /cormun/servlet/permisosadjuntos?bd0cd181d471d763aaafe17878163b97,INS,18248160,P,20240320155438,, HTTP/1.1" 200 116
181.212.40.185 - - [20/Mar/2024:15:58:35 -0300] "GET /cormun/servlet/hpexe_return? HTTP/1.1" 200 1039
181.212.40.185 - - [20/Mar/2024:15:58:35 -0300] "GET /cormun/servlet/trpermisosadjuntos?18248160,20240320155438,P, HTTP/1.1" 200 7074
181.212.47.137 - - [20/Mar/2024:15:58:36 -0300] "POST /cormun/servlet/acontrolpreferencessavestate?None,RRHH+DANIELA,true HTTP/1.1" 200 35
191.126.17.116 - - [20/Mar/2024:15:58:37 -0300] "POST /cormun/servlet/solicitudotadjuntos?gx-no-cache=1710960939861 HTTP/1.1" 200 26
181.212.47.137 - - [20/Mar/2024:15:58:37 -0300] "GET /cormun/PublicTempStorage/carnet_de_identidad2326910.pdf HTTP/1.1" 200 258450
181.212.40.185 - - [20/Mar/2024:15:58:43 -0300] "POST /cormun/servlet/trpermisosadjuntos?bd0cd181d471d763aaafe17878163b97,18248160,20240320155438,P,,gx-no-cache=1710960946507 HTTP/1.1" 200 90
181.212.40.185 - - [20/Mar/2024:15:58:43 -0300] "GET /cormun/servlet/hpexe_link HTTP/1.1" 200 984
181.212.40.185 - - [20/Mar/2024:15:58:43 -0300] "GET /cormun/servlet/trpermisosgoce HTTP/1.1" 200 10542
181.212.40.185 - - [20/Mar/2024:15:58:45 -0300] "POST /cormun/servlet/trpermisosgoce?bd0cd181d471d763aaafe17878163b97,gx-no-cache=1710960949060 HTTP/1.1" 200 7682
181.212.40.185 - - [20/Mar/2024:15:58:45 -0300] "GET /cormun/static/Shared/jqueryui/images/ui-bg_highlight-soft_100_c6c2c8_1x100.png HTTP/1.1" 404 1117
181.212.40.185 - - [20/Mar/2024:15:58:45 -0300] "GET /cormun/static/Shared/jqueryui/images/ui-bg_flat_55_fafafa_40x100.png HTTP/1.1" 404 1097
181.212.40.185 - - [20/Mar/2024:15:58:45 -0300] "GET /cormun/static/Shared/jqueryui/images/ui-icons_82798d_256x240.png HTTP/1.1" 404 1089
181.212.40.185 - - [20/Mar/2024:15:58:45 -0300] "GET /cormun/static/Shared/jqueryui/images/ui-icons_8d78a5_256x240.png HTTP/1.1" 404 1089
181.212.40.185 - - [20/Mar/2024:15:58:47 -0300] "GET /cormun/servlet/permisogoce?INS,0,,, HTTP/1.1" 200 7080
181.212.47.137 - - [20/Mar/2024:15:58:53 -0300] "GET /cormun/servlet/vesolicitudgral?2024,20950,,SolicitudOTAdjuntos HTTP/1.1" 200 11106
181.212.47.137 - - [20/Mar/2024:15:58:54 -0300] "POST /cormun/servlet/acontrolpreferencessavestate?None,RRHH+DANIELA,true HTTP/1.1" 200 35
191.126.17.116 - - [20/Mar/2024:15:58:55 -0300] "GET /cormun/servlet/solicitudotadjuntos?566f495cca93a6bd33d2de053dcb442a28ffd54bd938c87c920e9000061ac366,gx-no-cache=1710960957963 HTTP/1.1" 200 30
191.126.17.116 - - [20/Mar/2024:15:58:55 -0300] "GET /cormun/servlet/solicitudotadjuntos?566f495cca93a6bd33d2de053dcb442a28ffd54bd938c87c920e9000061ac366,gx-no-cache=1710960958087 HTTP/1.1" 200 30
191.126.17.116 - - [20/Mar/2024:15:58:55 -0300] "POST /cormun/servlet/solicitudotadjuntos?74448bf379551ce90c430738bfe98460,INS,2024,21003,,1, HTTP/1.1" 200 116
191.126.17.116 - - [20/Mar/2024:15:58:55 -0300] "GET /cormun/servlet/hpexe_return? HTTP/1.1" 200 1029
191.126.17.116 - - [20/Mar/2024:15:58:56 -0300] "GET /cormun/servlet/trsolicitudadjuntos?2024,21003, HTTP/1.1" 200 9230
181.212.47.137 - - [20/Mar/2024:15:58:56 -0300] "GET /cormun/PublicTempStorage/constanza_ojeda%28curriculum%293837496.pdf HTTP/1.1" 200 119629
181.212.40.185 - - [20/Mar/2024:15:58:58 -0300] "GET /cormun/servlet/permisogoce?6c92d2701eb620b797cb84c6bbf19e66c5e1c282d7cef61e540ead2ad528d41b0946ad12a9b291e2196efadab394d8cfe5d84c4b7708199c9ca4e390e26df7ab,gx-no-cache=1710960962391 HTTP/1.1" 200 74
191.126.17.116 - - [20/Mar/2024:15:58:59 -0300] "GET /cormun/servlet/solicitudotadjuntos?INS,2024,21003,,1, HTTP/1.1" 200 5967
191.126.17.116 - - [20/Mar/2024:15:58:59 -0300] "GET /cormun/static/about:blank HTTP/1.1" 404 1011
191.126.17.116 - - [20/Mar/2024:15:59:00 -0300] "GET /cormun/servlet/solicitudotadjuntos?566f495cca93a6bd33d2de053dcb442afb8a251dc4a5c7eb16cf006eab02cb961e6658fd320d705a1448b27cfaa0fdaa,gx-no-cache=1710960963082 HTTP/1.1" 200 30
191.126.17.116 - - [20/Mar/2024:15:59:00 -0300] "POST /cormun/servlet/solicitudotadjuntos?74448bf379551ce90c430738bfe98460,INS,2024,21003,,1,,gx-no-cache=1710960963243 HTTP/1.1" 200 3903
191.126.17.116 - - [20/Mar/2024:15:59:03 -0300] "POST /cormun/servlet/solicitudotadjuntos?gx-no-cache=1710960966372 HTTP/1.1" 200 26
181.212.40.185 - - [20/Mar/2024:15:59:06 -0300] "GET /cormun/servlet/permisogoce?6c92d2701eb620b797cb84c6bbf19e66decee71458a9a236be3a18bc30a31d2e60a1bef8de5996ecf4f41f0bb4e116de0c396dd6b42f8e91dc53410df351ce22,gx-no-cache=1710960970212 HTTP/1.1" 200 47
181.212.47.137 - - [20/Mar/2024:15:59:08 -0300] "GET /cormun/servlet/vesolicitudgral?2024,20950,,SolicitudOTAdjuntos HTTP/1.1" 200 11107
181.212.47.137 - - [20/Mar/2024:15:59:10 -0300] "POST /cormun/servlet/acontrolpreferencessavestate?None,RRHH+DANIELA,true HTTP/1.1" 200 35
181.212.40.185 - - [20/Mar/2024:15:59:17 -0300] "POST /cormun/servlet/permisogoce?bd0cd181d471d763aaafe17878163b97,INS,0,,,,gx-no-cache=1710960980835 HTTP/1.1" 200 93
181.212.40.185 - - [20/Mar/2024:15:59:17 -0300] "GET /cormun/servlet/hpexe_return? HTTP/1.1" 200 1033
181.212.40.185 - - [20/Mar/2024:15:59:18 -0300] "GET /cormun/servlet/trpermisosgoce?gx-no-cache=1710960949060 HTTP/1.1" 200 10770
181.212.40.185 - - [20/Mar/2024:15:59:20 -0300] "GET /cormun/servlet/trpermisosadjuntos?15106255,20240320155538,P, HTTP/1.1" 200 6546
181.212.47.137 - - [20/Mar/2024:15:59:22 -0300] "GET /cormun/servlet/vesolicitudgral?2024,20950,,General HTTP/1.1" 200 8435
181.212.47.137 - - [20/Mar/2024:15:59:22 -0300] "GET /cormun/pexe_scrolldiv.js HTTP/1.1" 404 1009
191.126.17.116 - - [20/Mar/2024:15:59:22 -0300] "GET /cormun/servlet/solicitudotadjuntos?566f495cca93a6bd33d2de053dcb442a28ffd54bd938c87c920e9000061ac366,gx-no-cache=1710960985292 HTTP/1.1" 200 30
191.126.17.116 - - [20/Mar/2024:15:59:22 -0300] "GET /cormun/servlet/solicitudotadjuntos?566f495cca93a6bd33d2de053dcb442a28ffd54bd938c87c920e9000061ac366,gx-no-cache=1710960985424 HTTP/1.1" 200 30
181.212.40.185 - - [20/Mar/2024:15:59:22 -0300] "GET /cormun/servlet/permisosadjuntos?INS,15106255,P,20240320155538,, HTTP/1.1" 200 5851
181.212.40.185 - - [20/Mar/2024:15:59:22 -0300] "GET /cormun/static/about:blank HTTP/1.1" 404 1011
191.126.17.116 - - [20/Mar/2024:15:59:22 -0300] "POST /cormun/servlet/solicitudotadjuntos?74448bf379551ce90c430738bfe98460,INS,2024,21003,,1, HTTP/1.1" 200 116
191.126.17.116 - - [20/Mar/2024:15:59:23 -0300] "GET /cormun/servlet/hpexe_return? HTTP/1.1" 200 1029
191.126.17.116 - - [20/Mar/2024:15:59:23 -0300] "GET /cormun/servlet/trsolicitudadjuntos?2024,21003, HTTP/1.1" 200 9452
181.212.47.137 - - [20/Mar/2024:15:59:23 -0300] "GET /cormun/servlet/vesolicitudgral?2024,20950,,SolicitudOTAdjuntos HTTP/1.1" 200 11109
181.212.47.137 - - [20/Mar/2024:15:59:23 -0300] "GET /cormun/pexe_scrolldiv.js HTTP/1.1" 404 1009
181.212.47.137 - - [20/Mar/2024:15:59:25 -0300] "POST /cormun/servlet/acontrolpreferencessavestate?None,RRHH+DANIELA,true HTTP/1.1" 200 35
181.212.47.137 - - [20/Mar/2024:15:59:25 -0300] "GET /cormun/PublicTempStorage/afp5246173.pdf HTTP/1.1" 200 93657
191.126.17.116 - - [20/Mar/2024:15:59:26 -0300] "GET /cormun/servlet/solicitudotadjuntos?INS,2024,21003,,1, HTTP/1.1" 200 5968
191.126.17.116 - - [20/Mar/2024:15:59:26 -0300] "GET /cormun/static/about:blank HTTP/1.1" 404 1011
191.126.17.116 - - [20/Mar/2024:15:59:27 -0300] "GET /cormun/servlet/solicitudotadjuntos?566f495cca93a6bd33d2de053dcb442afb8a251dc4a5c7eb16cf006eab02cb961e6658fd320d705a1448b27cfaa0fdaa,gx-no-cache=1710960990009 HTTP/1.1" 200 30
191.126.17.116 - - [20/Mar/2024:15:59:27 -0300] "POST /cormun/servlet/solicitudotadjuntos?74448bf379551ce90c430738bfe98460,INS,2024,21003,,1,,gx-no-cache=1710960990142 HTTP/1.1" 200 3904
191.126.17.116 - - [20/Mar/2024:15:59:31 -0300] "POST /cormun/servlet/solicitudotadjuntos?gx-no-cache=1710960994328 HTTP/1.1" 200 26
181.212.40.185 - - [20/Mar/2024:15:59:32 -0300] "POST /cormun/servlet/permisosadjuntos?bd0cd181d471d763aaafe17878163b97,INS,15106255,P,20240320155538,, HTTP/1.1" 200 116
181.212.40.185 - - [20/Mar/2024:15:59:32 -0300] "GET /cormun/servlet/hpexe_return? HTTP/1.1" 200 1039
195.140.227.163 - - [20/Mar/2024:15:59:33 -0300] "GET /manager/html HTTP/1.1" 401 2474
181.212.40.185 - - [20/Mar/2024:15:59:33 -0300] "GET /cormun/servlet/trpermisosadjuntos?15106255,20240320155538,P, HTTP/1.1" 200 7041
181.212.40.185 - - [20/Mar/2024:15:59:34 -0300] "POST /cormun/servlet/trpermisosadjuntos?bd0cd181d471d763aaafe17878163b97,15106255,20240320155538,P,,gx-no-cache=1710960998140 HTTP/1.1" 200 90
181.212.40.185 - - [20/Mar/2024:15:59:34 -0300] "GET /cormun/servlet/hpexe_link HTTP/1.1" 200 1006
181.212.40.185 - - [20/Mar/2024:15:59:34 -0300] "GET /cormun/servlet/trpermisosgoce?gx-no-cache=1710960949060 HTTP/1.1" 200 10767
181.212.40.185 - - [20/Mar/2024:15:59:37 -0300] "POST /cormun/servlet/trpermisosgoce?bd0cd181d471d763aaafe17878163b97,gx-no-cache=1710960949060,gx-no-cache=1710961000902 HTTP/1.1" 200 7923
191.126.17.116 - - [20/Mar/2024:15:59:38 -0300] "GET /cormun/servlet/solicitudotadjuntos?566f495cca93a6bd33d2de053dcb442a28ffd54bd938c87c920e9000061ac366,gx-no-cache=1710961001691 HTTP/1.1" 200 30
191.126.17.116 - - [20/Mar/2024:15:59:39 -0300] "GET /cormun/servlet/solicitudotadjuntos?566f495cca93a6bd33d2de053dcb442a28ffd54bd938c87c920e9000061ac366,gx-no-cache=1710961001843 HTTP/1.1" 200 30
191.126.17.116 - - [20/Mar/2024:15:59:39 -0300] "POST /cormun/servlet/solicitudotadjuntos?74448bf379551ce90c430738bfe98460,INS,2024,21003,,1, HTTP/1.1" 200 116
191.126.17.116 - - [20/Mar/2024:15:59:39 -0300] "GET /cormun/servlet/hpexe_return? HTTP/1.1" 200 1029
191.126.17.116 - - [20/Mar/2024:15:59:39 -0300] "GET /cormun/servlet/trsolicitudadjuntos?2024,21003, HTTP/1.1" 200 9760
191.126.17.116 - - [20/Mar/2024:15:59:42 -0300] "GET /cormun/servlet/solicitudotadjuntos?INS,2024,21003,,1, HTTP/1.1" 200 5968
191.126.17.116 - - [20/Mar/2024:15:59:42 -0300] "GET /cormun/static/about:blank HTTP/1.1" 404 1011
191.126.17.116 - - [20/Mar/2024:15:59:43 -0300] "GET /cormun/servlet/solicitudotadjuntos?566f495cca93a6bd33d2de053dcb442afb8a251dc4a5c7eb16cf006eab02cb961e6658fd320d705a1448b27cfaa0fdaa,gx-no-cache=1710961006238 HTTP/1.1" 200 30
191.126.17.116 - - [20/Mar/2024:15:59:43 -0300] "POST /cormun/servlet/solicitudotadjuntos?74448bf379551ce90c430738bfe98460,INS,2024,21003,,1,,gx-no-cache=1710961006361 HTTP/1.1" 200 3904
191.126.17.116 - - [20/Mar/2024:15:59:46 -0300] "POST /cormun/servlet/solicitudotadjuntos?gx-no-cache=1710961009020 HTTP/1.1" 200 26
181.212.40.185 - - [20/Mar/2024:15:59:47 -0300] "GET /cormun/servlet/permisogoce?INS,0,,, HTTP/1.1" 200 7101
191.126.17.116 - - [20/Mar/2024:15:59:50 -0300] "GET /cormun/servlet/solicitudotadjuntos?566f495cca93a6bd33d2de053dcb442a28ffd54bd938c87c920e9000061ac366,gx-no-cache=1710961013699 HTTP/1.1" 200 30
191.126.17.116 - - [20/Mar/2024:15:59:51 -0300] "GET /cormun/servlet/solicitudotadjuntos?566f495cca93a6bd33d2de053dcb442a28ffd54bd938c87c920e9000061ac366,gx-no-cache=1710961013831 HTTP/1.1" 200 30
191.126.17.116 - - [20/Mar/2024:15:59:51 -0300] "POST /cormun/servlet/solicitudotadjuntos?74448bf379551ce90c430738bfe98460,INS,2024,21003,,1, HTTP/1.1" 200 116
190.171.141.106 - - [20/Mar/2024:15:59:51 -0300] "POST /cormun/servlet/vesolicitudot?afe819a88c37da816042cef18ce7ed6d,2023,20627,,,gx-no-cache=1710961013985 HTTP/1.1" 440 972
191.126.17.116 - - [20/Mar/2024:15:59:51 -0300] "GET /cormun/servlet/hpexe_return? HTTP/1.1" 200 1029
191.126.17.116 - - [20/Mar/2024:15:59:51 -0300] "GET /cormun/servlet/trsolicitudadjuntos?2024,21003, HTTP/1.1" 200 10039
181.212.47.137 - - [20/Mar/2024:15:59:52 -0300] "GET /cormun/servlet/vesolicitudgral?2024,20950,,SolicitudOTAdjuntos HTTP/1.1" 200 11110
190.171.141.106 - - [20/Mar/2024:15:59:53 -0300] "GET /cormun/servlet/vesolicitudot?2023,20627,, HTTP/1.1" 200 7599
190.171.141.106 - - [20/Mar/2024:15:59:53 -0300] "GET /cormun/pexe_scrolldiv.js HTTP/1.1" 404 1009
181.212.40.185 - - [20/Mar/2024:15:59:53 -0300] "GET /cormun/servlet/permisogoce?6c92d2701eb620b797cb84c6bbf19e660a54158336dd7eb877811ecc3f7c75680946ad12a9b291e2196efadab394d8cfe5d84c4b7708199c9ca4e390e26df7ab,gx-no-cache=1710961016932 HTTP/1.1" 200 79
190.171.141.106 - - [20/Mar/2024:15:59:53 -0300] "GET /cormun/servlet/hlogin HTTP/1.1" 200 1743
181.212.47.137 - - [20/Mar/2024:15:59:53 -0300] "POST /cormun/servlet/acontrolpreferencessavestate?None,RRHH+DANIELA,true HTTP/1.1" 200 35
181.212.47.137 - - [20/Mar/2024:15:59:56 -0300] "GET /cormun/PublicTempStorage/afp6561969.pdf HTTP/1.1" 200 93657
190.171.141.106 - - [20/Mar/2024:15:59:58 -0300] "POST /cormun/servlet/hlogin?d539f7a0570e87a12770dcc07775e912,gx-no-cache=1710961021217 HTTP/1.1" 200 90
190.171.141.106 - - [20/Mar/2024:15:59:58 -0300] "GET /cormun/servlet/hpexe_link HTTP/1.1" 200 962
181.212.47.137 - - [20/Mar/2024:15:59:58 -0300] "GET /cormun/servlet/vesolicitudgral?2024,20950,,SolicitudOTAdjuntos HTTP/1.1" 200 11108
190.171.141.106 - - [20/Mar/2024:15:59:58 -0300] "GET /cormun/servlet/vesolicitudot?2023,20627,, HTTP/1.1" 200 8539
190.171.141.106 - - [20/Mar/2024:15:59:58 -0300] "GET /cormun/pexe_scrolldiv.js HTTP/1.1" 404 1009
181.212.47.137 - - [20/Mar/2024:15:59:59 -0300] "POST /cormun/servlet/acontrolpreferencessavestate?None,RRHH+DANIELA,true HTTP/1.1" 200 35
181.212.47.137 - - [20/Mar/2024:16:00:00 -0300] "GET /cormun/PublicTempStorage/certificado_de_afiliacion_fonasa2628402.pdf HTTP/1.1" 200 71820
181.212.40.185 - - [20/Mar/2024:16:00:01 -0300] "GET /cormun/servlet/permisogoce?6c92d2701eb620b797cb84c6bbf19e665e4a0dddae0587f535baa9d1a62e22b8810f8ec17de0cbd5895b7501a4367d7abc5e64db17493d18ab4ccad7c859e7b5,gx-no-cache=1710961024879 HTTP/1.1" 200 47
190.171.141.106 - - [20/Mar/2024:16:00:02 -0300] "GET /cormun/servlet/trsolicitudot? HTTP/1.1" 200 7495
190.171.141.106 - - [20/Mar/2024:16:00:04 -0300] "POST /cormun/servlet/trsolicitudot?d539f7a0570e87a12770dcc07775e912,,gx-no-cache=1710961027338 HTTP/1.1" 200 4647
190.171.141.106 - - [20/Mar/2024:16:00:05 -0300] "POST /cormun/servlet/trsolicitudot?d539f7a0570e87a12770dcc07775e912,,gx-no-cache=1710961028609 HTTP/1.1" 200 4647
190.171.141.106 - - [20/Mar/2024:16:00:06 -0300] "POST /cormun/servlet/trsolicitudot?d539f7a0570e87a12770dcc07775e912,,gx-no-cache=1710961029329 HTTP/1.1" 200 4647
190.171.141.106 - - [20/Mar/2024:16:00:06 -0300] "POST /cormun/servlet/trsolicitudot?d539f7a0570e87a12770dcc07775e912,,gx-no-cache=1710961029521 HTTP/1.1" 200 4646
181.212.40.185 - - [20/Mar/2024:16:00:10 -0300] "POST /cormun/servlet/permisogoce?bd0cd181d471d763aaafe17878163b97,INS,0,,,,gx-no-cache=1710961033603 HTTP/1.1" 200 93
181.212.40.185 - - [20/Mar/2024:16:00:10 -0300] "GET /cormun/servlet/hpexe_return? HTTP/1.1" 200 1033
181.212.40.185 - - [20/Mar/2024:16:00:10 -0300] "GET /cormun/servlet/trpermisosgoce?gx-no-cache=1710960949060 HTTP/1.1" 200 10976
190.171.141.106 - - [20/Mar/2024:16:00:11 -0300] "POST /cormun/servlet/trsolicitudot?d539f7a0570e87a12770dcc07775e912,,gx-no-cache=1710961033681 HTTP/1.1" 200 15954
181.212.40.185 - - [20/Mar/2024:16:00:13 -0300] "GET /cormun/servlet/trpermisosadjuntos?15392921,20240320155637,P, HTTP/1.1" 200 6553
181.212.40.185 - - [20/Mar/2024:16:00:15 -0300] "GET /cormun/servlet/permisosadjuntos?INS,15392921,P,20240320155637,, HTTP/1.1" 200 5855
181.212.40.185 - - [20/Mar/2024:16:00:15 -0300] "GET /cormun/static/about:blank HTTP/1.1" 404 1011
181.212.47.137 - - [20/Mar/2024:16:00:24 -0300] "GET /cormun/servlet/vesolicitudgral?2024,20950,,SolicitudOTAdjuntos HTTP/1.1" 200 11110
191.126.17.116 - - [20/Mar/2024:16:00:25 -0300] "GET /cormun/servlet/solicitudotadjuntos?INS,2024,21003,,1, HTTP/1.1" 200 5967
181.212.47.137 - - [20/Mar/2024:16:00:25 -0300] "POST /cormun/servlet/acontrolpreferencessavestate?None,RRHH+DANIELA,true HTTP/1.1" 200 35
191.126.17.116 - - [20/Mar/2024:16:00:25 -0300] "GET /cormun/static/about:blank HTTP/1.1" 404 1011
181.212.47.137 - - [20/Mar/2024:16:00:26 -0300] "GET /cormun/servlet/vesolicitudgral?2024,20950,,General HTTP/1.1" 200 8435
181.212.47.137 - - [20/Mar/2024:16:00:26 -0300] "GET /cormun/pexe_scrolldiv.js HTTP/1.1" 404 1009
191.126.17.116 - - [20/Mar/2024:16:00:26 -0300] "GET /cormun/servlet/solicitudotadjuntos?566f495cca93a6bd33d2de053dcb442afb8a251dc4a5c7eb16cf006eab02cb961e6658fd320d705a1448b27cfaa0fdaa,gx-no-cache=1710961049277 HTTP/1.1" 200 30
191.126.17.116 - - [20/Mar/2024:16:00:26 -0300] "POST /cormun/servlet/solicitudotadjuntos?74448bf379551ce90c430738bfe98460,INS,2024,21003,,1,,gx-no-cache=1710961049377 HTTP/1.1" 200 3903
191.126.17.116 - - [20/Mar/2024:16:00:29 -0300] "POST /cormun/servlet/solicitudotadjuntos?gx-no-cache=1710961052012 HTTP/1.1" 200 26
181.212.40.185 - - [20/Mar/2024:16:00:31 -0300] "POST /cormun/servlet/permisosadjuntos?bd0cd181d471d763aaafe17878163b97,INS,15392921,P,20240320155637,, HTTP/1.1" 200 116
181.212.40.185 - - [20/Mar/2024:16:00:31 -0300] "GET /cormun/servlet/hpexe_return? HTTP/1.1" 200 1040
181.212.40.185 - - [20/Mar/2024:16:00:31 -0300] "GET /cormun/servlet/trpermisosadjuntos?15392921,20240320155637,P, HTTP/1.1" 200 7068
181.212.40.185 - - [20/Mar/2024:16:00:35 -0300] "POST /cormun/servlet/trpermisosadjuntos?bd0cd181d471d763aaafe17878163b97,15392921,20240320155637,P,,gx-no-cache=1710961058939 HTTP/1.1" 200 90
181.212.40.185 - - [20/Mar/2024:16:00:35 -0300] "GET /cormun/servlet/hpexe_link HTTP/1.1" 200 1007
181.212.40.185 - - [20/Mar/2024:16:00:35 -0300] "GET /cormun/servlet/trpermisosgoce?gx-no-cache=1710960949060 HTTP/1.1" 200 10973
181.212.40.185 - - [20/Mar/2024:16:00:42 -0300] "POST /cormun/servlet/trpermisosgoce?bd0cd181d471d763aaafe17878163b97,gx-no-cache=1710960949060,gx-no-cache=1710961065742 HTTP/1.1" 200 8142
190.171.141.106 - - [20/Mar/2024:16:00:51 -0300] "GET /cormun/servlet/trcontratounov2? HTTP/1.1" 200 17943
190.171.141.106 - - [20/Mar/2024:16:00:51 -0300] "GET /cormun/static/gxcfg.js?2020121614367 HTTP/1.1" 200 953
190.171.141.106 - - [20/Mar/2024:16:00:51 -0300] "GET /cormun/static/Resources/PXToolsAddSelectedAction.png HTTP/1.1" 200 523
190.171.141.106 - - [20/Mar/2024:16:00:51 -0300] "GET /cormun/static/trcontratounov2.js?20201216143065 HTTP/1.1" 200 38486
181.212.47.137 - - [20/Mar/2024:16:03:06 -0300] "GET /cormun/servlet/trsolicitudgral? HTTP/1.1" 200 8338
181.212.47.137 - - [20/Mar/2024:16:03:13 -0300] "POST /cormun/servlet/trsolicitudgral?368aee23187b6a6d96c5ff251a2a416a,,gx-no-cache=1710961202857 HTTP/1.1" 200 17555
181.212.47.136 - - [20/Mar/2024:16:03:45 -0300] "GET /cormun/servlet/trsolicitudgral? HTTP/1.1" 200 8334
181.212.47.136 - - [20/Mar/2024:16:03:53 -0300] "POST /cormun/servlet/trsolicitudgral?447bc36e4dd3acdc7722e49b7da3f5f2,,gx-no-cache=1710961243913 HTTP/1.1" 200 5254
181.212.47.136 - - [20/Mar/2024:16:03:54 -0300] "POST /cormun/servlet/trsolicitudgral?447bc36e4dd3acdc7722e49b7da3f5f2,,gx-no-cache=1710961244667 HTTP/1.1" 200 5254
181.212.47.136 - - [20/Mar/2024:16:03:54 -0300] "POST /cormun/servlet/trsolicitudgral?447bc36e4dd3acdc7722e49b7da3f5f2,,gx-no-cache=1710961244852 HTTP/1.1" 200 5254
181.212.47.136 - - [20/Mar/2024:16:03:55 -0300] "POST /cormun/servlet/trsolicitudgral?447bc36e4dd3acdc7722e49b7da3f5f2,,gx-no-cache=1710961245028 HTTP/1.1" 200 5254
190.95.15.15 - - [20/Mar/2024:16:04:40 -0300] "GET /cormun/servlet/trlicencias? HTTP/1.1" 200 9650
181.212.47.136 - - [20/Mar/2024:16:04:46 -0300] "POST /cormun/servlet/trsolicitudgral?447bc36e4dd3acdc7722e49b7da3f5f2,,gx-no-cache=1710961295853 HTTP/1.1" 200 5266
181.212.47.136 - - [20/Mar/2024:16:04:47 -0300] "POST /cormun/servlet/trsolicitudgral?447bc36e4dd3acdc7722e49b7da3f5f2,,gx-no-cache=1710961297211 HTTP/1.1" 200 5266
181.212.47.136 - - [20/Mar/2024:16:04:47 -0300] "POST /cormun/servlet/trsolicitudgral?447bc36e4dd3acdc7722e49b7da3f5f2,,gx-no-cache=1710961297434 HTTP/1.1" 200 5265
181.212.47.136 - - [20/Mar/2024:16:04:47 -0300] "POST /cormun/servlet/trsolicitudgral?447bc36e4dd3acdc7722e49b7da3f5f2,,gx-no-cache=1710961297787 HTTP/1.1" 200 5266
181.212.47.136 - - [20/Mar/2024:16:04:48 -0300] "POST /cormun/servlet/trsolicitudgral?447bc36e4dd3acdc7722e49b7da3f5f2,,gx-no-cache=1710961298003 HTTP/1.1" 200 5265
181.212.47.136 - - [20/Mar/2024:16:04:48 -0300] "POST /cormun/servlet/trsolicitudgral?447bc36e4dd3acdc7722e49b7da3f5f2,,gx-no-cache=1710961298196 HTTP/1.1" 200 5266
195.140.227.163 - - [20/Mar/2024:16:05:13 -0300] "GET /manager/html HTTP/1.1" 401 2474
181.212.47.137 - - [20/Mar/2024:16:05:23 -0300] "POST /cormun/servlet/trsolicitudgral?368aee23187b6a6d96c5ff251a2a416a,,gx-no-cache=1710961333503 HTTP/1.1" 200 5267
181.212.47.137 - - [20/Mar/2024:16:05:24 -0300] "POST /cormun/servlet/trsolicitudgral?368aee23187b6a6d96c5ff251a2a416a,,gx-no-cache=1710961334532 HTTP/1.1" 200 5267
181.212.47.137 - - [20/Mar/2024:16:06:23 -0300] "POST /cormun/servlet/trsolicitudgral?368aee23187b6a6d96c5ff251a2a416a,,gx-no-cache=1710961393445 HTTP/1.1" 200 5270
191.126.17.116 - - [20/Mar/2024:16:06:44 -0300] "GET /cormun/servlet/solicitudotadjuntos?566f495cca93a6bd33d2de053dcb442a28ffd54bd938c87c920e9000061ac366,gx-no-cache=1710961427074 HTTP/1.1" 200 30
191.126.17.116 - - [20/Mar/2024:16:06:44 -0300] "GET /cormun/servlet/solicitudotadjuntos?566f495cca93a6bd33d2de053dcb442a28ffd54bd938c87c920e9000061ac366,gx-no-cache=1710961427327 HTTP/1.1" 200 30
191.126.17.116 - - [20/Mar/2024:16:06:46 -0300] "POST /cormun/servlet/solicitudotadjuntos?74448bf379551ce90c430738bfe98460,INS,2024,21003,,1, HTTP/1.1" 200 116
191.126.17.116 - - [20/Mar/2024:16:06:46 -0300] "GET /cormun/servlet/hpexe_return? HTTP/1.1" 200 1029
191.126.17.116 - - [20/Mar/2024:16:06:46 -0300] "GET /cormun/servlet/trsolicitudadjuntos?2024,21003, HTTP/1.1" 200 10221
191.126.17.116 - - [20/Mar/2024:16:06:50 -0300] "GET /cormun/servlet/trsolicitudot? HTTP/1.1" 200 20895
181.212.47.137 - - [20/Mar/2024:16:06:54 -0300] "POST /cormun/servlet/trsolicitudgral?368aee23187b6a6d96c5ff251a2a416a,,gx-no-cache=1710961424773 HTTP/1.1" 200 5269
181.212.47.137 - - [20/Mar/2024:16:06:55 -0300] "POST /cormun/servlet/trsolicitudgral?368aee23187b6a6d96c5ff251a2a416a,,gx-no-cache=1710961425507 HTTP/1.1" 200 5269
191.126.17.116 - - [20/Mar/2024:16:06:58 -0300] "POST /cormun/servlet/trsolicitudot?74448bf379551ce90c430738bfe98460,,gx-no-cache=1710961440375 HTTP/1.1" 200 106
191.126.17.116 - - [20/Mar/2024:16:06:58 -0300] "GET /cormun/servlet/trsolicitudadjuntos?2024,21002, HTTP/1.1" 200 6025
191.126.17.116 - - [20/Mar/2024:16:07:01 -0300] "GET /cormun/servlet/solicitudotadjuntos?INS,2024,21002,,1, HTTP/1.1" 200 5967
191.126.17.116 - - [20/Mar/2024:16:07:01 -0300] "GET /cormun/static/about:blank HTTP/1.1" 404 1011
191.126.17.116 - - [20/Mar/2024:16:07:01 -0300] "GET /cormun/servlet/solicitudotadjuntos?566f495cca93a6bd33d2de053dcb442a809d4be77f3edd9f05a42e1f8645374b1e6658fd320d705a1448b27cfaa0fdaa,gx-no-cache=1710961444775 HTTP/1.1" 200 30
191.126.17.116 - - [20/Mar/2024:16:07:02 -0300] "POST /cormun/servlet/solicitudotadjuntos?74448bf379551ce90c430738bfe98460,INS,2024,21002,,1,,gx-no-cache=1710961444870 HTTP/1.1" 200 3904
181.212.47.137 - - [20/Mar/2024:16:07:03 -0300] "POST /cormun/servlet/trsolicitudgral?368aee23187b6a6d96c5ff251a2a416a,,gx-no-cache=1710961433470 HTTP/1.1" 200 6625
181.212.47.137 - - [20/Mar/2024:16:07:05 -0300] "GET /cormun/servlet/vesolicitudgral?2024,20958,, HTTP/1.1" 200 8405
181.212.47.137 - - [20/Mar/2024:16:07:05 -0300] "GET /cormun/pexe_scrolldiv.js HTTP/1.1" 404 1009
191.126.17.116 - - [20/Mar/2024:16:07:07 -0300] "POST /cormun/servlet/solicitudotadjuntos?gx-no-cache=1710961450367 HTTP/1.1" 200 26
191.126.17.116 - - [20/Mar/2024:16:07:18 -0300] "GET /cormun/servlet/trsolicitudot? HTTP/1.1" 200 20900
190.171.141.106 - - [20/Mar/2024:16:07:23 -0300] "GET /cormun/servlet/trfichaempleado? HTTP/1.1" 200 14847
191.126.17.116 - - [20/Mar/2024:16:07:23 -0300] "POST /cormun/servlet/trsolicitudot?74448bf379551ce90c430738bfe98460,,gx-no-cache=1710961466655 HTTP/1.1" 200 106
191.126.17.116 - - [20/Mar/2024:16:07:24 -0300] "GET /cormun/servlet/trsolicitudadjuntos?2024,21002, HTTP/1.1" 200 6025
191.126.17.116 - - [20/Mar/2024:16:07:26 -0300] "GET /cormun/servlet/solicitudotadjuntos?INS,2024,21002,,1, HTTP/1.1" 200 5967
191.126.17.116 - - [20/Mar/2024:16:07:26 -0300] "GET /cormun/static/about:blank HTTP/1.1" 404 1011
191.126.17.116 - - [20/Mar/2024:16:07:26 -0300] "GET /cormun/servlet/solicitudotadjuntos?566f495cca93a6bd33d2de053dcb442a809d4be77f3edd9f05a42e1f8645374b1e6658fd320d705a1448b27cfaa0fdaa,gx-no-cache=1710961469630 HTTP/1.1" 200 30
191.126.17.116 - - [20/Mar/2024:16:07:27 -0300] "POST /cormun/servlet/solicitudotadjuntos?74448bf379551ce90c430738bfe98460,INS,2024,21002,,1,,gx-no-cache=1710961469770 HTTP/1.1" 200 3903
191.126.17.116 - - [20/Mar/2024:16:07:29 -0300] "POST /cormun/servlet/solicitudotadjuntos?gx-no-cache=1710961472129 HTTP/1.1" 200 26
181.212.40.185 - - [20/Mar/2024:16:07:41 -0300] "GET /cormun/servlet/permisogoce?INS,0,,, HTTP/1.1" 200 7101
190.171.141.106 - - [20/Mar/2024:16:07:48 -0300] "GET /cormun/servlet/trfichaempleado? HTTP/1.1" 200 14847
190.171.141.106 - - [20/Mar/2024:16:07:48 -0300] "GET /cormun/servlet/trfichaempleado? HTTP/1.1" 200 14847
181.212.40.185 - - [20/Mar/2024:16:07:48 -0300] "GET /cormun/servlet/permisogoce?6c92d2701eb620b797cb84c6bbf19e66d0687d413c31aa386555700b547f58610946ad12a9b291e2196efadab394d8cfe5d84c4b7708199c9ca4e390e26df7ab,gx-no-cache=1710961492391 HTTP/1.1" 200 76
190.171.141.106 - - [20/Mar/2024:16:07:49 -0300] "GET /cormun/servlet/trfichaempleado? HTTP/1.1" 200 14847
181.212.40.185 - - [20/Mar/2024:16:07:58 -0300] "GET /cormun/servlet/permisogoce?6c92d2701eb620b797cb84c6bbf19e66add5f33e886685e27cea1d105feaf486bbe5712f97d5084ae43ce3956c013ba70c396dd6b42f8e91dc53410df351ce22,gx-no-cache=1710961502349 HTTP/1.1" 200 47
181.212.40.185 - - [20/Mar/2024:16:08:04 -0300] "POST /cormun/servlet/permisogoce?bd0cd181d471d763aaafe17878163b97,INS,0,,,,gx-no-cache=1710961507963 HTTP/1.1" 200 93
181.212.40.185 - - [20/Mar/2024:16:08:05 -0300] "GET /cormun/servlet/hpexe_return? HTTP/1.1" 200 1033
181.212.40.185 - - [20/Mar/2024:16:08:05 -0300] "GET /cormun/servlet/trpermisosgoce?gx-no-cache=1710960949060 HTTP/1.1" 200 11218
181.212.40.185 - - [20/Mar/2024:16:08:15 -0300] "GET /cormun/servlet/trpermisosadjuntos?18646110,20240320160432,P, HTTP/1.1" 200 6546
181.212.40.185 - - [20/Mar/2024:16:08:17 -0300] "GET /cormun/servlet/permisosadjuntos?INS,18646110,P,20240320160432,, HTTP/1.1" 200 5852
181.212.40.185 - - [20/Mar/2024:16:08:18 -0300] "GET /cormun/static/about:blank HTTP/1.1" 404 1011
181.212.40.185 - - [20/Mar/2024:16:08:26 -0300] "POST /cormun/servlet/permisosadjuntos?bd0cd181d471d763aaafe17878163b97,INS,18646110,P,20240320160432,, HTTP/1.1" 200 116
181.212.40.185 - - [20/Mar/2024:16:08:26 -0300] "GET /cormun/servlet/hpexe_return? HTTP/1.1" 200 1040
181.212.40.185 - - [20/Mar/2024:16:08:26 -0300] "GET /cormun/servlet/trpermisosadjuntos?18646110,20240320160432,P, HTTP/1.1" 200 7050
181.212.40.185 - - [20/Mar/2024:16:08:46 -0300] "POST /cormun/servlet/trpermisosadjuntos?bd0cd181d471d763aaafe17878163b97,18646110,20240320160432,P,,gx-no-cache=1710961549987 HTTP/1.1" 200 90
181.212.40.185 - - [20/Mar/2024:16:08:46 -0300] "GET /cormun/servlet/hpexe_link HTTP/1.1" 200 1006
181.212.40.185 - - [20/Mar/2024:16:08:46 -0300] "GET /cormun/servlet/trpermisosgoce?gx-no-cache=1710960949060 HTTP/1.1" 200 11211
181.212.40.185 - - [20/Mar/2024:16:08:52 -0300] "POST /cormun/servlet/trpermisosgoce?bd0cd181d471d763aaafe17878163b97,gx-no-cache=1710960949060,gx-no-cache=1710961555637 HTTP/1.1" 200 8408
181.212.40.185 - - [20/Mar/2024:16:08:52 -0300] "GET /cormun/static/Shared/jqueryui/images/ui-bg_highlight-soft_100_c6c2c8_1x100.png HTTP/1.1" 404 1117
181.212.40.185 - - [20/Mar/2024:16:08:52 -0300] "GET /cormun/static/Shared/jqueryui/images/ui-icons_82798d_256x240.png HTTP/1.1" 404 1089
181.212.40.185 - - [20/Mar/2024:16:08:52 -0300] "GET /cormun/static/Shared/jqueryui/images/ui-bg_flat_55_fafafa_40x100.png HTTP/1.1" 404 1097
181.212.40.185 - - [20/Mar/2024:16:08:52 -0300] "GET /cormun/static/Shared/jqueryui/images/ui-icons_8d78a5_256x240.png HTTP/1.1" 404 1089
181.212.47.137 - - [20/Mar/2024:16:09:19 -0300] "GET /cormun/servlet/vesolicitudgral?2024,20958,,SolicitudOTAdjuntos HTTP/1.1" 200 11118
181.212.47.137 - - [20/Mar/2024:16:09:19 -0300] "GET /cormun/pexe_scrolldiv.js HTTP/1.1" 404 1009
181.212.47.137 - - [20/Mar/2024:16:09:20 -0300] "POST /cormun/servlet/acontrolpreferencessavestate?None,RRHH+DANIELA,true HTTP/1.1" 200 35
181.212.47.137 - - [20/Mar/2024:16:09:21 -0300] "GET /cormun/PublicTempStorage/afp330125.pdf HTTP/1.1" 200 237382
181.212.47.137 - - [20/Mar/2024:16:09:24 -0300] "GET /cormun/servlet/vesolicitudgral?2024,20958,,SolicitudOTAdjuntos HTTP/1.1" 200 11118
181.212.47.137 - - [20/Mar/2024:16:09:25 -0300] "POST /cormun/servlet/acontrolpreferencessavestate?None,RRHH+DANIELA,true HTTP/1.1" 200 35
181.212.47.137 - - [20/Mar/2024:16:09:26 -0300] "GET /cormun/PublicTempStorage/fonasa_-_j._alejandro_avila_moncada4200125.pdf HTTP/1.1" 200 71812
181.212.47.137 - - [20/Mar/2024:16:09:29 -0300] "GET /cormun/servlet/vesolicitudgral?2024,20958,,SolicitudOTAdjuntos HTTP/1.1" 200 11122
181.212.47.137 - - [20/Mar/2024:16:09:30 -0300] "GET /cormun/servlet/vesolicitudgral?2024,20958,,General HTTP/1.1" 200 8405
181.212.47.137 - - [20/Mar/2024:16:09:30 -0300] "POST /cormun/servlet/acontrolpreferencessavestate?None,RRHH+DANIELA,true HTTP/1.1" 200 35
181.212.47.137 - - [20/Mar/2024:16:09:30 -0300] "GET /cormun/pexe_scrolldiv.js HTTP/1.1" 404 1009
191.126.17.116 - - [20/Mar/2024:16:10:03 -0300] "GET /cormun/servlet/solicitudotadjuntos?566f495cca93a6bd33d2de053dcb442a28ffd54bd938c87c920e9000061ac366,gx-no-cache=1710961626466 HTTP/1.1" 200 30
191.126.17.116 - - [20/Mar/2024:16:10:03 -0300] "GET /cormun/servlet/solicitudotadjuntos?566f495cca93a6bd33d2de053dcb442a28ffd54bd938c87c920e9000061ac366,gx-no-cache=1710961626572 HTTP/1.1" 200 30
191.126.17.116 - - [20/Mar/2024:16:10:03 -0300] "POST /cormun/servlet/solicitudotadjuntos?74448bf379551ce90c430738bfe98460,INS,2024,21002,,1, HTTP/1.1" 200 116
191.126.17.116 - - [20/Mar/2024:16:10:04 -0300] "GET /cormun/servlet/hpexe_return? HTTP/1.1" 200 1029
191.126.17.116 - - [20/Mar/2024:16:10:04 -0300] "GET /cormun/servlet/trsolicitudadjuntos?2024,21002, HTTP/1.1" 200 8957
191.126.17.116 - - [20/Mar/2024:16:10:06 -0300] "GET /cormun/servlet/solicitudotadjuntos?INS,2024,21002,,1, HTTP/1.1" 200 5968
191.126.17.116 - - [20/Mar/2024:16:10:06 -0300] "GET /cormun/static/about:blank HTTP/1.1" 404 1011
191.126.17.116 - - [20/Mar/2024:16:10:07 -0300] "GET /cormun/servlet/solicitudotadjuntos?566f495cca93a6bd33d2de053dcb442a809d4be77f3edd9f05a42e1f8645374b1e6658fd320d705a1448b27cfaa0fdaa,gx-no-cache=1710961630191 HTTP/1.1" 200 30
191.126.17.116 - - [20/Mar/2024:16:10:07 -0300] "POST /cormun/servlet/solicitudotadjuntos?74448bf379551ce90c430738bfe98460,INS,2024,21002,,1,,gx-no-cache=1710961630327 HTTP/1.1" 200 3904
191.126.17.116 - - [20/Mar/2024:16:10:09 -0300] "POST /cormun/servlet/solicitudotadjuntos?gx-no-cache=1710961632491 HTTP/1.1" 200 26
191.126.17.116 - - [20/Mar/2024:16:10:17 -0300] "GET /cormun/servlet/solicitudotadjuntos?566f495cca93a6bd33d2de053dcb442a28ffd54bd938c87c920e9000061ac366,gx-no-cache=1710961639762 HTTP/1.1" 200 30
191.126.17.116 - - [20/Mar/2024:16:10:17 -0300] "GET /cormun/servlet/solicitudotadjuntos?566f495cca93a6bd33d2de053dcb442a28ffd54bd938c87c920e9000061ac366,gx-no-cache=1710961639917 HTTP/1.1" 200 30
191.126.17.116 - - [20/Mar/2024:16:10:18 -0300] "POST /cormun/servlet/solicitudotadjuntos?74448bf379551ce90c430738bfe98460,INS,2024,21002,,1, HTTP/1.1" 200 116
191.126.17.116 - - [20/Mar/2024:16:10:18 -0300] "GET /cormun/servlet/hpexe_return? HTTP/1.1" 200 1029
191.126.17.116 - - [20/Mar/2024:16:10:18 -0300] "GET /cormun/servlet/trsolicitudadjuntos?2024,21002, HTTP/1.1" 200 9219
191.126.17.116 - - [20/Mar/2024:16:10:23 -0300] "GET /cormun/servlet/solicitudotadjuntos?INS,2024,21002,,1, HTTP/1.1" 200 5967
191.126.17.116 - - [20/Mar/2024:16:10:24 -0300] "GET /cormun/static/about:blank HTTP/1.1" 404 1011
191.126.17.116 - - [20/Mar/2024:16:10:24 -0300] "GET /cormun/servlet/solicitudotadjuntos?566f495cca93a6bd33d2de053dcb442a809d4be77f3edd9f05a42e1f8645374b1e6658fd320d705a1448b27cfaa0fdaa,gx-no-cache=1710961647547 HTTP/1.1" 200 30
191.126.17.116 - - [20/Mar/2024:16:10:24 -0300] "POST /cormun/servlet/solicitudotadjuntos?74448bf379551ce90c430738bfe98460,INS,2024,21002,,1,,gx-no-cache=1710961647665 HTTP/1.1" 200 3904
191.126.17.116 - - [20/Mar/2024:16:10:26 -0300] "POST /cormun/servlet/solicitudotadjuntos?gx-no-cache=1710961649699 HTTP/1.1" 200 26
191.126.17.116 - - [20/Mar/2024:16:10:32 -0300] "GET /cormun/servlet/solicitudotadjuntos?566f495cca93a6bd33d2de053dcb442a28ffd54bd938c87c920e9000061ac366,gx-no-cache=1710961655554 HTTP/1.1" 200 30
191.126.17.116 - - [20/Mar/2024:16:10:32 -0300] "GET /cormun/servlet/solicitudotadjuntos?566f495cca93a6bd33d2de053dcb442a28ffd54bd938c87c920e9000061ac366,gx-no-cache=1710961655692 HTTP/1.1" 200 30
191.126.17.116 - - [20/Mar/2024:16:10:33 -0300] "POST /cormun/servlet/solicitudotadjuntos?74448bf379551ce90c430738bfe98460,INS,2024,21002,,1, HTTP/1.1" 200 116
191.126.17.116 - - [20/Mar/2024:16:10:33 -0300] "GET /cormun/servlet/hpexe_return? HTTP/1.1" 200 1029
191.126.17.116 - - [20/Mar/2024:16:10:33 -0300] "GET /cormun/servlet/trsolicitudadjuntos?2024,21002, HTTP/1.1" 200 9435
191.126.17.116 - - [20/Mar/2024:16:10:36 -0300] "GET /cormun/servlet/solicitudotadjuntos?INS,2024,21002,,1, HTTP/1.1" 200 5967
191.126.17.116 - - [20/Mar/2024:16:10:36 -0300] "GET /cormun/static/about:blank HTTP/1.1" 404 1011
191.126.17.116 - - [20/Mar/2024:16:10:37 -0300] "GET /cormun/servlet/solicitudotadjuntos?566f495cca93a6bd33d2de053dcb442a809d4be77f3edd9f05a42e1f8645374b1e6658fd320d705a1448b27cfaa0fdaa,gx-no-cache=1710961659851 HTTP/1.1" 200 30
191.126.17.116 - - [20/Mar/2024:16:10:37 -0300] "POST /cormun/servlet/solicitudotadjuntos?74448bf379551ce90c430738bfe98460,INS,2024,21002,,1,,gx-no-cache=1710961660004 HTTP/1.1" 200 3904
191.126.17.116 - - [20/Mar/2024:16:10:39 -0300] "POST /cormun/servlet/solicitudotadjuntos?gx-no-cache=1710961661850 HTTP/1.1" 200 26
191.126.17.116 - - [20/Mar/2024:16:10:48 -0300] "GET /cormun/servlet/solicitudotadjuntos?566f495cca93a6bd33d2de053dcb442a28ffd54bd938c87c920e9000061ac366,gx-no-cache=1710961670826 HTTP/1.1" 200 30
191.126.17.116 - - [20/Mar/2024:16:10:48 -0300] "GET /cormun/servlet/solicitudotadjuntos?566f495cca93a6bd33d2de053dcb442a28ffd54bd938c87c920e9000061ac366,gx-no-cache=1710961670957 HTTP/1.1" 200 30
191.126.17.116 - - [20/Mar/2024:16:10:48 -0300] "POST /cormun/servlet/solicitudotadjuntos?74448bf379551ce90c430738bfe98460,INS,2024,21002,,1, HTTP/1.1" 200 116
191.126.17.116 - - [20/Mar/2024:16:10:48 -0300] "GET /cormun/servlet/hpexe_return? HTTP/1.1" 200 1029
191.126.17.116 - - [20/Mar/2024:16:10:48 -0300] "GET /cormun/servlet/trsolicitudadjuntos?2024,21002, HTTP/1.1" 200 9742
191.126.17.116 - - [20/Mar/2024:16:10:50 -0300] "GET /cormun/servlet/solicitudotadjuntos?INS,2024,21002,,1, HTTP/1.1" 200 5967
191.126.17.116 - - [20/Mar/2024:16:10:51 -0300] "GET /cormun/static/about:blank HTTP/1.1" 404 1011
191.126.17.116 - - [20/Mar/2024:16:10:51 -0300] "GET /cormun/servlet/solicitudotadjuntos?566f495cca93a6bd33d2de053dcb442a809d4be77f3edd9f05a42e1f8645374b1e6658fd320d705a1448b27cfaa0fdaa,gx-no-cache=1710961674415 HTTP/1.1" 200 30
191.126.17.116 - - [20/Mar/2024:16:10:51 -0300] "POST /cormun/servlet/solicitudotadjuntos?74448bf379551ce90c430738bfe98460,INS,2024,21002,,1,,gx-no-cache=1710961674574 HTTP/1.1" 200 3904
191.126.17.116 - - [20/Mar/2024:16:10:54 -0300] "POST /cormun/servlet/solicitudotadjuntos?gx-no-cache=1710961677146 HTTP/1.1" 200 26
181.212.40.185 - - [20/Mar/2024:16:10:57 -0300] "GET /cormun/servlet/permisogoce?INS,0,,, HTTP/1.1" 200 7101
191.126.17.116 - - [20/Mar/2024:16:10:58 -0300] "GET /cormun/servlet/solicitudotadjuntos?566f495cca93a6bd33d2de053dcb442a28ffd54bd938c87c920e9000061ac366,gx-no-cache=1710961681346 HTTP/1.1" 200 30
191.126.17.116 - - [20/Mar/2024:16:10:58 -0300] "GET /cormun/servlet/solicitudotadjuntos?566f495cca93a6bd33d2de053dcb442a28ffd54bd938c87c920e9000061ac366,gx-no-cache=1710961681462 HTTP/1.1" 200 30
191.126.17.116 - - [20/Mar/2024:16:10:59 -0300] "POST /cormun/servlet/solicitudotadjuntos?74448bf379551ce90c430738bfe98460,INS,2024,21002,,1, HTTP/1.1" 200 116
191.126.17.116 - - [20/Mar/2024:16:10:59 -0300] "GET /cormun/servlet/hpexe_return? HTTP/1.1" 200 1029
191.126.17.116 - - [20/Mar/2024:16:10:59 -0300] "GET /cormun/servlet/trsolicitudadjuntos?2024,21002, HTTP/1.1" 200 10055
191.126.17.116 - - [20/Mar/2024:16:11:01 -0300] "GET /cormun/servlet/solicitudotadjuntos?INS,2024,21002,,1, HTTP/1.1" 200 5967
191.126.17.116 - - [20/Mar/2024:16:11:01 -0300] "GET /cormun/static/about:blank HTTP/1.1" 404 1011
191.126.17.116 - - [20/Mar/2024:16:11:01 -0300] "GET /cormun/servlet/solicitudotadjuntos?566f495cca93a6bd33d2de053dcb442a809d4be77f3edd9f05a42e1f8645374b1e6658fd320d705a1448b27cfaa0fdaa,gx-no-cache=1710961684794 HTTP/1.1" 200 30
191.126.17.116 - - [20/Mar/2024:16:11:02 -0300] "POST /cormun/servlet/solicitudotadjuntos?74448bf379551ce90c430738bfe98460,INS,2024,21002,,1,,gx-no-cache=1710961684869 HTTP/1.1" 200 3904
195.140.227.163 - - [20/Mar/2024:16:11:04 -0300] "GET /manager/html HTTP/1.1" 401 2474
191.126.17.116 - - [20/Mar/2024:16:11:04 -0300] "POST /cormun/servlet/solicitudotadjuntos?gx-no-cache=1710961687066 HTTP/1.1" 200 26
181.212.40.185 - - [20/Mar/2024:16:11:06 -0300] "GET /cormun/servlet/permisogoce?6c92d2701eb620b797cb84c6bbf19e666cd6a1e0a150ac81a698635b0ad92f9343b440334ddd47338de9598027d2825febfc8227c263ec7267a0681c2da63141,gx-no-cache=1710961690215 HTTP/1.1" 200 178
181.212.40.185 - - [20/Mar/2024:16:11:06 -0300] "GET /cormun/static/Shared/jqueryui/images/ui-icons_ebccce_256x240.png HTTP/1.1" 404 1089
181.212.40.185 - - [20/Mar/2024:16:11:06 -0300] "GET /cormun/static/Shared/jqueryui/images/ui-bg_flat_55_994d53_40x100.png HTTP/1.1" 404 1097
191.126.17.116 - - [20/Mar/2024:16:11:09 -0300] "GET /cormun/servlet/solicitudotadjuntos?566f495cca93a6bd33d2de053dcb442a28ffd54bd938c87c920e9000061ac366,gx-no-cache=1710961692129 HTTP/1.1" 200 30
191.126.17.116 - - [20/Mar/2024:16:11:09 -0300] "GET /cormun/servlet/solicitudotadjuntos?566f495cca93a6bd33d2de053dcb442a28ffd54bd938c87c920e9000061ac366,gx-no-cache=1710961692286 HTTP/1.1" 200 30
191.126.17.116 - - [20/Mar/2024:16:11:10 -0300] "POST /cormun/servlet/solicitudotadjuntos?74448bf379551ce90c430738bfe98460,INS,2024,21002,,1, HTTP/1.1" 200 116
191.126.17.116 - - [20/Mar/2024:16:11:10 -0300] "GET /cormun/servlet/hpexe_return? HTTP/1.1" 200 1029
191.126.17.116 - - [20/Mar/2024:16:11:10 -0300] "GET /cormun/servlet/trsolicitudadjuntos?2024,21002, HTTP/1.1" 200 10215
181.212.40.185 - - [20/Mar/2024:16:11:11 -0300] "POST /cormun/servlet/permisogoce?bd0cd181d471d763aaafe17878163b97,INS,0,,,,gx-no-cache=1710961694849 HTTP/1.1" 200 93
181.212.40.185 - - [20/Mar/2024:16:11:11 -0300] "GET /cormun/servlet/hpexe_return? HTTP/1.1" 200 1033
181.212.40.185 - - [20/Mar/2024:16:11:11 -0300] "GET /cormun/servlet/trpermisosgoce?gx-no-cache=1710960949060 HTTP/1.1" 200 11172
191.126.17.116 - - [20/Mar/2024:16:11:13 -0300] "GET /cormun/servlet/trsolicitudot? HTTP/1.1" 200 20895
181.212.40.185 - - [20/Mar/2024:16:11:15 -0300] "GET /cormun/servlet/permisogoce?INS,0,,, HTTP/1.1" 200 7101
191.126.17.116 - - [20/Mar/2024:16:11:21 -0300] "POST /cormun/servlet/trsolicitudot?74448bf379551ce90c430738bfe98460,,gx-no-cache=1710961704175 HTTP/1.1" 200 106
191.126.17.116 - - [20/Mar/2024:16:11:21 -0300] "GET /cormun/servlet/trsolicitudadjuntos?2024,21000, HTTP/1.1" 200 10248
181.212.40.185 - - [20/Mar/2024:16:11:22 -0300] "GET /cormun/servlet/permisogoce?6c92d2701eb620b797cb84c6bbf19e662c75af6fb84af88fc26eeb216ed8e8820946ad12a9b291e2196efadab394d8cfe5d84c4b7708199c9ca4e390e26df7ab,gx-no-cache=1710961706186 HTTP/1.1" 200 81
181.212.40.185 - - [20/Mar/2024:16:11:24 -0300] "GET /cormun/static/menuarrow.gif HTTP/1.1" 404 1015
191.126.17.116 - - [20/Mar/2024:16:11:25 -0300] "GET /cormun/servlet/trsolicitudot? HTTP/1.1" 200 20895
181.212.40.185 - - [20/Mar/2024:16:11:32 -0300] "GET /cormun/servlet/permisogoce?6c92d2701eb620b797cb84c6bbf19e66535f6f59272f9fe0cc009f2b7dbd672693c28c2fa2260e8039ecde74e2eaa4f50c396dd6b42f8e91dc53410df351ce22,gx-no-cache=1710961715734 HTTP/1.1" 200 46
181.212.40.185 - - [20/Mar/2024:16:12:00 -0300] "POST /cormun/servlet/permisogoce?bd0cd181d471d763aaafe17878163b97,INS,0,,,,gx-no-cache=1710961743362 HTTP/1.1" 200 93
181.212.40.185 - - [20/Mar/2024:16:12:00 -0300] "GET /cormun/servlet/hpexe_return? HTTP/1.1" 200 1033
181.212.40.185 - - [20/Mar/2024:16:12:00 -0300] "GET /cormun/servlet/trpermisosgoce?gx-no-cache=1710960949060 HTTP/1.1" 200 11456
181.212.40.185 - - [20/Mar/2024:16:12:12 -0300] "POST /cormun/servlet/trpermisosgoce?bd0cd181d471d763aaafe17878163b97,gx-no-cache=1710960949060,gx-no-cache=1710961755716 HTTP/1.1" 200 8745
181.212.40.185 - - [20/Mar/2024:16:12:14 -0300] "GET /cormun/servlet/permisogoce?INS,0,,, HTTP/1.1" 200 7101
181.212.40.185 - - [20/Mar/2024:16:12:21 -0300] "GET /cormun/servlet/permisogoce?6c92d2701eb620b797cb84c6bbf19e662c75af6fb84af88fc26eeb216ed8e8820946ad12a9b291e2196efadab394d8cfe5d84c4b7708199c9ca4e390e26df7ab,gx-no-cache=1710961764582 HTTP/1.1" 200 83
181.212.40.185 - - [20/Mar/2024:16:12:43 -0300] "GET /cormun/servlet/permisogoce?6c92d2701eb620b797cb84c6bbf19e66535f6f59272f9fe0cc009f2b7dbd67263b707ff4f11614d67e0165d6e1f7acd6bc5e64db17493d18ab4ccad7c859e7b5,gx-no-cache=1710961787211 HTTP/1.1" 200 47
181.212.40.185 - - [20/Mar/2024:16:12:51 -0300] "POST /cormun/servlet/permisogoce?bd0cd181d471d763aaafe17878163b97,INS,0,,,,gx-no-cache=1710961794795 HTTP/1.1" 200 93
181.212.40.185 - - [20/Mar/2024:16:12:51 -0300] "GET /cormun/servlet/hpexe_return? HTTP/1.1" 200 1033
181.212.40.185 - - [20/Mar/2024:16:12:52 -0300] "GET /cormun/servlet/trpermisosgoce?gx-no-cache=1710960949060 HTTP/1.1" 200 11720
181.212.40.185 - - [20/Mar/2024:16:12:56 -0300] "GET /cormun/servlet/trpermisosadjuntos?18379244,20240320160806,P, HTTP/1.1" 200 6552
181.212.40.185 - - [20/Mar/2024:16:12:58 -0300] "GET /cormun/servlet/permisosadjuntos?INS,18379244,P,20240320160806,, HTTP/1.1" 200 5857
181.212.40.185 - - [20/Mar/2024:16:12:58 -0300] "GET /cormun/static/about:blank HTTP/1.1" 404 1011
181.212.40.185 - - [20/Mar/2024:16:13:02 -0300] "POST /cormun/servlet/permisosadjuntos?bd0cd181d471d763aaafe17878163b97,INS,18379244,P,20240320160806,, HTTP/1.1" 200 116
181.212.40.185 - - [20/Mar/2024:16:13:02 -0300] "GET /cormun/servlet/hpexe_return? HTTP/1.1" 200 1040
181.212.40.185 - - [20/Mar/2024:16:13:03 -0300] "GET /cormun/servlet/trpermisosadjuntos?18379244,20240320160806,P, HTTP/1.1" 200 7073
181.212.40.185 - - [20/Mar/2024:16:13:13 -0300] "POST /cormun/servlet/trpermisosadjuntos?bd0cd181d471d763aaafe17878163b97,18379244,20240320160806,P,,gx-no-cache=1710961817363 HTTP/1.1" 200 90
181.212.40.185 - - [20/Mar/2024:16:13:13 -0300] "GET /cormun/servlet/hpexe_link HTTP/1.1" 200 1007
181.212.40.185 - - [20/Mar/2024:16:13:14 -0300] "GET /cormun/servlet/trpermisosgoce?gx-no-cache=1710960949060 HTTP/1.1" 200 11736
181.212.40.185 - - [20/Mar/2024:16:13:18 -0300] "POST /cormun/servlet/trpermisosgoce?bd0cd181d471d763aaafe17878163b97,gx-no-cache=1710960949060,gx-no-cache=1710961821924 HTTP/1.1" 200 8869
181.212.40.185 - - [20/Mar/2024:16:13:57 -0300] "GET /cormun/servlet/trautorizarpermisogoce? HTTP/1.1" 200 10947
181.212.40.185 - - [20/Mar/2024:16:13:57 -0300] "GET /cormun/static/gxcfg.js?2020121645532 HTTP/1.1" 200 953
181.212.40.185 - - [20/Mar/2024:16:13:57 -0300] "GET /cormun/static/trautorizarpermisogoce.js?2020121651492 HTTP/1.1" 200 34948
181.212.40.185 - - [20/Mar/2024:16:14:00 -0300] "POST /cormun/servlet/trautorizarpermisogoce?bd0cd181d471d763aaafe17878163b97,,gx-no-cache=1710961863708 HTTP/1.1" 200 7906
181.212.40.185 - - [20/Mar/2024:16:14:01 -0300] "POST /cormun/servlet/trautorizarpermisogoce?bd0cd181d471d763aaafe17878163b97,,gx-no-cache=1710961864402 HTTP/1.1" 200 7676
181.212.40.185 - - [20/Mar/2024:16:14:02 -0300] "POST /cormun/servlet/trautorizarpermisogoce?bd0cd181d471d763aaafe17878163b97,,gx-no-cache=1710961865626 HTTP/1.1" 200 7456
181.212.40.185 - - [20/Mar/2024:16:14:03 -0300] "POST /cormun/servlet/trautorizarpermisogoce?bd0cd181d471d763aaafe17878163b97,,gx-no-cache=1710961866506 HTTP/1.1" 200 7179
181.212.40.185 - - [20/Mar/2024:16:14:04 -0300] "POST /cormun/servlet/trautorizarpermisogoce?bd0cd181d471d763aaafe17878163b97,,gx-no-cache=1710961867409 HTTP/1.1" 200 6949
181.212.47.137 - - [20/Mar/2024:16:14:04 -0300] "GET /cormun/servlet/trsolicitudgral? HTTP/1.1" 200 8337
181.212.40.185 - - [20/Mar/2024:16:14:05 -0300] "POST /cormun/servlet/trautorizarpermisogoce?bd0cd181d471d763aaafe17878163b97,,gx-no-cache=1710961868282 HTTP/1.1" 200 6766
181.212.40.185 - - [20/Mar/2024:16:14:06 -0300] "POST /cormun/servlet/trautorizarpermisogoce?bd0cd181d471d763aaafe17878163b97,,gx-no-cache=1710961869250 HTTP/1.1" 200 6537
181.212.40.185 - - [20/Mar/2024:16:14:06 -0300] "POST /cormun/servlet/trautorizarpermisogoce?bd0cd181d471d763aaafe17878163b97,,gx-no-cache=1710961870128 HTTP/1.1" 200 6308
181.212.40.185 - - [20/Mar/2024:16:14:07 -0300] "POST /cormun/servlet/trautorizarpermisogoce?bd0cd181d471d763aaafe17878163b97,,gx-no-cache=1710961870906 HTTP/1.1" 200 6073
181.212.40.185 - - [20/Mar/2024:16:14:08 -0300] "POST /cormun/servlet/trautorizarpermisogoce?bd0cd181d471d763aaafe17878163b97,,gx-no-cache=1710961871810 HTTP/1.1" 200 5817
181.212.47.137 - - [20/Mar/2024:16:14:09 -0300] "POST /cormun/servlet/trsolicitudgral?368aee23187b6a6d96c5ff251a2a416a,,gx-no-cache=1710961858891 HTTP/1.1" 200 17152
181.212.40.185 - - [20/Mar/2024:16:14:09 -0300] "POST /cormun/servlet/trautorizarpermisogoce?bd0cd181d471d763aaafe17878163b97,,gx-no-cache=1710961872537 HTTP/1.1" 200 5591
181.212.40.185 - - [20/Mar/2024:16:14:09 -0300] "POST /cormun/servlet/trautorizarpermisogoce?bd0cd181d471d763aaafe17878163b97,,gx-no-cache=1710961873257 HTTP/1.1" 200 5289
181.212.40.185 - - [20/Mar/2024:16:14:10 -0300] "POST /cormun/servlet/trautorizarpermisogoce?bd0cd181d471d763aaafe17878163b97,,gx-no-cache=1710961874049 HTTP/1.1" 200 4537
181.212.40.185 - - [20/Mar/2024:16:14:12 -0300] "GET /cormun/servlet/trlicencias? HTTP/1.1" 200 14213
181.212.47.137 - - [20/Mar/2024:16:16:34 -0300] "POST /cormun/servlet/trsolicitudgral?368aee23187b6a6d96c5ff251a2a416a,,gx-no-cache=1710962004411 HTTP/1.1" 200 5270
181.212.47.136 - - [20/Mar/2024:16:16:50 -0300] "POST /cormun/servlet/trsolicitudgral?447bc36e4dd3acdc7722e49b7da3f5f2,,gx-no-cache=1710962020400 HTTP/1.1" 200 5255
181.212.47.137 - - [20/Mar/2024:16:16:53 -0300] "POST /cormun/servlet/trsolicitudgral?368aee23187b6a6d96c5ff251a2a416a,,gx-no-cache=1710962023783 HTTP/1.1" 200 6678
181.212.47.136 - - [20/Mar/2024:16:16:55 -0300] "POST /cormun/servlet/trsolicitudgral?447bc36e4dd3acdc7722e49b7da3f5f2,,gx-no-cache=1710962025040 HTTP/1.1" 200 8292
146.19.24.28 - - [20/Mar/2024:16:16:58 -0300] "GET / HTTP/1.1" 200 11217
195.140.227.163 - - [20/Mar/2024:16:16:59 -0300] "GET /manager/html HTTP/1.1" 401 2474
181.212.47.137 - - [20/Mar/2024:16:17:01 -0300] "GET /cormun/servlet/vesolicitudgral?2024,20977,, HTTP/1.1" 200 8385
181.212.47.137 - - [20/Mar/2024:16:17:01 -0300] "GET /cormun/pexe_scrolldiv.js HTTP/1.1" 404 1009
191.126.17.116 - - [20/Mar/2024:16:17:12 -0300] "GET /cormun/servlet/hlogin HTTP/1.1" 200 1724
191.126.17.116 - - [20/Mar/2024:16:17:15 -0300] "POST /cormun/servlet/hlogin?74448bf379551ce90c430738bfe98460,gx-no-cache=1710962058058 HTTP/1.1" 200 90
191.126.17.116 - - [20/Mar/2024:16:17:15 -0300] "GET /cormun/servlet/hpexe_link HTTP/1.1" 200 959
191.126.17.116 - - [20/Mar/2024:16:17:15 -0300] "GET /cormun/servlet/trsolicitudot HTTP/1.1" 200 20887
191.126.17.116 - - [20/Mar/2024:16:17:19 -0300] "POST /cormun/servlet/trsolicitudot?74448bf379551ce90c430738bfe98460,gx-no-cache=1710962061698 HTTP/1.1" 200 17939
191.126.17.116 - - [20/Mar/2024:16:17:19 -0300] "GET /cormun/static/Shared/jqueryui/images/ui-icons_82798d_256x240.png HTTP/1.1" 404 1089
191.126.17.116 - - [20/Mar/2024:16:17:19 -0300] "GET /cormun/static/Shared/jqueryui/images/ui-bg_highlight-soft_100_c6c2c8_1x100.png HTTP/1.1" 404 1117
191.126.17.116 - - [20/Mar/2024:16:17:19 -0300] "GET /cormun/static/Shared/jqueryui/images/ui-bg_flat_55_fafafa_40x100.png HTTP/1.1" 404 1097
191.126.17.116 - - [20/Mar/2024:16:17:19 -0300] "GET /cormun/static/Shared/jqueryui/images/ui-icons_8d78a5_256x240.png HTTP/1.1" 404 1089
191.126.17.116 - - [20/Mar/2024:16:17:20 -0300] "POST /cormun/servlet/trsolicitudot?74448bf379551ce90c430738bfe98460,gx-no-cache=1710962062748 HTTP/1.1" 200 17878
191.126.17.116 - - [20/Mar/2024:16:17:22 -0300] "POST /cormun/servlet/trsolicitudot?74448bf379551ce90c430738bfe98460,gx-no-cache=1710962065148 HTTP/1.1" 200 17525
191.126.17.116 - - [20/Mar/2024:16:17:23 -0300] "POST /cormun/servlet/trsolicitudot?74448bf379551ce90c430738bfe98460,gx-no-cache=1710962066379 HTTP/1.1" 200 17465
191.126.17.116 - - [20/Mar/2024:16:17:26 -0300] "POST /cormun/servlet/trsolicitudot?74448bf379551ce90c430738bfe98460,gx-no-cache=1710962068915 HTTP/1.1" 200 17149
191.126.17.116 - - [20/Mar/2024:16:17:27 -0300] "POST /cormun/servlet/trsolicitudot?74448bf379551ce90c430738bfe98460,gx-no-cache=1710962069916 HTTP/1.1" 200 17089
191.126.17.116 - - [20/Mar/2024:16:17:28 -0300] "POST /cormun/servlet/trsolicitudot?74448bf379551ce90c430738bfe98460,gx-no-cache=1710962071380 HTTP/1.1" 200 16747
