190.171.152.114 - - [20/Mar/2024:11:40:03 -0300] "POST /cormun/servlet/trsolicitudot?5805ad17580e22d550093f8d827d46ac,,gx-no-cache=1710945428454 HTTP/1.1" 200 4859
190.171.152.114 - - [20/Mar/2024:11:40:03 -0300] "POST /cormun/servlet/trsolicitudot?5805ad17580e22d550093f8d827d46ac,,gx-no-cache=1710945428600 HTTP/1.1" 200 4627
190.171.152.114 - - [20/Mar/2024:11:40:05 -0300] "GET /cormun/servlet/trautorizarsolicitud? HTTP/1.1" 200 8848
190.171.152.114 - - [20/Mar/2024:11:40:10 -0300] "POST /cormun/servlet/trautorizarsolicitud?5805ad17580e22d550093f8d827d46ac,,gx-no-cache=1710945435134 HTTP/1.1" 200 4778
190.171.152.114 - - [20/Mar/2024:11:40:10 -0300] "POST /cormun/servlet/trautorizarsolicitud?5805ad17580e22d550093f8d827d46ac,,gx-no-cache=1710945435255 HTTP/1.1" 200 4543
181.212.47.137 - - [20/Mar/2024:11:40:20 -0300] "POST /cormun/servlet/trsolicitudgral?c0edd112134fbedd09798e7c16647c9b,,gx-no-cache=1710945430677 HTTP/1.1" 200 7298
181.212.47.137 - - [20/Mar/2024:11:40:42 -0300] "GET /cormun/servlet/vesolicitudgral?2024,20943,, HTTP/1.1" 200 8483
181.212.47.137 - - [20/Mar/2024:11:40:42 -0300] "GET /cormun/pexe_scrolldiv.js HTTP/1.1" 404 1009
181.212.47.137 - - [20/Mar/2024:11:40:43 -0300] "POST /cormun/servlet/vesolicitudgral?c0edd112134fbedd09798e7c16647c9b,2024,20943,,,gx-no-cache=1710945453791 HTTP/1.1" 200 12367
181.212.47.137 - - [20/Mar/2024:11:40:43 -0300] "POST /cormun/servlet/vesolicitudgral?c0edd112134fbedd09798e7c16647c9b,2024,20943,,,gx-no-cache=1710945453920 HTTP/1.1" 200 12300
181.212.47.137 - - [20/Mar/2024:11:40:46 -0300] "GET /cormun/servlet/trsolicitudgral? HTTP/1.1" 200 10347
181.212.47.137 - - [20/Mar/2024:11:40:50 -0300] "GET /cormun/servlet/vesolicitudgral?2024,20945,, HTTP/1.1" 200 8390
181.212.47.137 - - [20/Mar/2024:11:40:50 -0300] "GET /cormun/pexe_scrolldiv.js HTTP/1.1" 404 1009
181.212.47.137 - - [20/Mar/2024:11:40:51 -0300] "POST /cormun/servlet/vesolicitudgral?c0edd112134fbedd09798e7c16647c9b,2024,20945,,,gx-no-cache=1710945462270 HTTP/1.1" 200 12323
181.212.47.137 - - [20/Mar/2024:11:40:51 -0300] "POST /cormun/servlet/vesolicitudgral?c0edd112134fbedd09798e7c16647c9b,2024,20945,,,gx-no-cache=1710945462409 HTTP/1.1" 200 12256
181.212.47.137 - - [20/Mar/2024:11:40:53 -0300] "GET /cormun/servlet/trsolicitudgral? HTTP/1.1" 200 10345
181.212.47.137 - - [20/Mar/2024:11:40:55 -0300] "GET /cormun/servlet/vesolicitudgral?2024,20946,, HTTP/1.1" 200 8386
181.212.47.137 - - [20/Mar/2024:11:40:55 -0300] "GET /cormun/pexe_scrolldiv.js HTTP/1.1" 404 1009
181.212.47.137 - - [20/Mar/2024:11:40:57 -0300] "POST /cormun/servlet/vesolicitudgral?c0edd112134fbedd09798e7c16647c9b,2024,20946,,,gx-no-cache=1710945467782 HTTP/1.1" 200 12321
181.212.47.137 - - [20/Mar/2024:11:40:57 -0300] "POST /cormun/servlet/vesolicitudgral?c0edd112134fbedd09798e7c16647c9b,2024,20946,,,gx-no-cache=1710945467909 HTTP/1.1" 200 12254
181.212.47.137 - - [20/Mar/2024:11:40:59 -0300] "POST /cormun/servlet/vesolicitudgral?c0edd112134fbedd09798e7c16647c9b,2024,20946,,,gx-no-cache=1710945469411 HTTP/1.1" 200 12303
181.212.47.137 - - [20/Mar/2024:11:41:01 -0300] "GET /cormun/servlet/trsolicitudgral? HTTP/1.1" 200 10342
181.212.47.137 - - [20/Mar/2024:11:41:04 -0300] "GET /cormun/servlet/trsolicitudgral? HTTP/1.1" 200 10341
181.212.47.137 - - [20/Mar/2024:11:41:15 -0300] "POST /cormun/servlet/trsolicitudgral?c0edd112134fbedd09798e7c16647c9b,,gx-no-cache=1710945486221 HTTP/1.1" 200 6674
181.212.47.137 - - [20/Mar/2024:11:41:24 -0300] "GET /cormun/servlet/vesolicitudgral?2024,20959,, HTTP/1.1" 200 8451
181.212.47.137 - - [20/Mar/2024:11:41:24 -0300] "GET /cormun/pexe_scrolldiv.js HTTP/1.1" 404 1009
181.212.47.137 - - [20/Mar/2024:11:41:25 -0300] "POST /cormun/servlet/vesolicitudgral?c0edd112134fbedd09798e7c16647c9b,2024,20959,,,gx-no-cache=1710945496070 HTTP/1.1" 200 12372
181.212.47.137 - - [20/Mar/2024:11:41:25 -0300] "POST /cormun/servlet/vesolicitudgral?c0edd112134fbedd09798e7c16647c9b,2024,20959,,,gx-no-cache=1710945496192 HTTP/1.1" 200 12304
181.212.47.137 - - [20/Mar/2024:11:41:27 -0300] "GET /cormun/servlet/trsolicitudgral? HTTP/1.1" 200 9745
181.212.47.137 - - [20/Mar/2024:11:41:38 -0300] "POST /cormun/servlet/trsolicitudgral?c0edd112134fbedd09798e7c16647c9b,,gx-no-cache=1710945508477 HTTP/1.1" 200 7485
181.212.47.137 - - [20/Mar/2024:11:42:07 -0300] "GET /cormun/servlet/vesolicitudgral?2024,20944,, HTTP/1.1" 200 8464
181.212.47.137 - - [20/Mar/2024:11:42:07 -0300] "GET /cormun/pexe_scrolldiv.js HTTP/1.1" 404 1009
181.212.47.137 - - [20/Mar/2024:11:42:11 -0300] "POST /cormun/servlet/vesolicitudgral?c0edd112134fbedd09798e7c16647c9b,2024,20944,,,gx-no-cache=1710945541934 HTTP/1.1" 200 12584
181.212.47.137 - - [20/Mar/2024:11:42:18 -0300] "GET /cormun/servlet/trsolicitudgral? HTTP/1.1" 200 10512
181.212.47.137 - - [20/Mar/2024:11:42:42 -0300] "POST /cormun/servlet/trsolicitudgral?c0edd112134fbedd09798e7c16647c9b,,gx-no-cache=1710945572389 HTTP/1.1" 200 8311
181.212.47.137 - - [20/Mar/2024:11:42:54 -0300] "POST /cormun/servlet/trsolicitudgral?c0edd112134fbedd09798e7c16647c9b,,gx-no-cache=1710945584437 HTTP/1.1" 200 6672
181.212.47.137 - - [20/Mar/2024:11:43:03 -0300] "POST /cormun/servlet/trsolicitudgral?c0edd112134fbedd09798e7c16647c9b,,gx-no-cache=1710945593875 HTTP/1.1" 200 6663
181.212.42.153 - - [20/Mar/2024:11:43:04 -0300] "GET /cormun/servlet/trlicencias? HTTP/1.1" 200 6054
181.212.42.153 - - [20/Mar/2024:11:43:04 -0300] "GET /cormun/servlet/hlogin HTTP/1.1" 200 1740
181.212.42.153 - - [20/Mar/2024:11:43:04 -0300] "GET /cormun/servlet/trlicencias? HTTP/1.1" 200 6048
181.212.42.153 - - [20/Mar/2024:11:43:11 -0300] "POST /cormun/servlet/hlogin?268038e44f2e3f5a677eb29f46d259af,gx-no-cache=1710945615077 HTTP/1.1" 200 90
181.212.42.153 - - [20/Mar/2024:11:43:11 -0300] "GET /cormun/servlet/hpexe_link HTTP/1.1" 200 958
181.212.42.153 - - [20/Mar/2024:11:43:11 -0300] "GET /cormun/servlet/trlicencias HTTP/1.1" 200 13119
181.212.47.137 - - [20/Mar/2024:11:43:13 -0300] "GET /cormun/servlet/vesolicitudgral?2024,20983,, HTTP/1.1" 200 8501
181.212.47.137 - - [20/Mar/2024:11:43:13 -0300] "GET /cormun/pexe_scrolldiv.js HTTP/1.1" 404 1009
181.212.42.153 - - [20/Mar/2024:11:43:14 -0300] "GET /cormun/servlet/trsolicitudot? HTTP/1.1" 200 7180
181.212.47.137 - - [20/Mar/2024:11:43:16 -0300] "POST /cormun/servlet/vesolicitudgral?c0edd112134fbedd09798e7c16647c9b,2024,20983,,,gx-no-cache=1710945606742 HTTP/1.1" 200 12343
181.212.42.153 - - [20/Mar/2024:11:43:24 -0300] "GET /cormun/servlet/solicitudot?INS,0,0,false, HTTP/1.1" 200 15943
181.212.42.153 - - [20/Mar/2024:11:43:30 -0300] "POST /cormun/servlet/solicitudot?gx-no-cache=1710945634374 HTTP/1.1" 200 4031
181.212.42.153 - - [20/Mar/2024:11:43:30 -0300] "POST /cormun/servlet/solicitudot?268038e44f2e3f5a677eb29f46d259af,INS,0,0,false,,gx-no-cache=1710945634471 HTTP/1.1" 200 12597
181.212.42.153 - - [20/Mar/2024:11:43:31 -0300] "GET /cormun/servlet/solicitudot?00ef6309fde18e1b036e852e9fabf7248da013d417dbc8307b3fa42ecef91d0053611702f234879eaaa934d91f259e5d,gx-no-cache=1710945635386 HTTP/1.1" 200 30
181.212.47.137 - - [20/Mar/2024:11:43:47 -0300] "GET /cormun/servlet/trsolicitudgral? HTTP/1.1" 200 9733
181.212.47.137 - - [20/Mar/2024:11:43:53 -0300] "POST /cormun/servlet/trsolicitudgral?c0edd112134fbedd09798e7c16647c9b,,gx-no-cache=1710945643564 HTTP/1.1" 200 5268
181.212.47.137 - - [20/Mar/2024:11:44:02 -0300] "POST /cormun/servlet/trsolicitudgral?c0edd112134fbedd09798e7c16647c9b,,gx-no-cache=1710945652627 HTTP/1.1" 200 6631
181.212.47.137 - - [20/Mar/2024:11:44:10 -0300] "GET /cormun/servlet/vesolicitudgral?2024,20975,, HTTP/1.1" 200 8380
181.212.47.137 - - [20/Mar/2024:11:44:10 -0300] "GET /cormun/pexe_scrolldiv.js HTTP/1.1" 404 1009
181.212.47.137 - - [20/Mar/2024:11:44:11 -0300] "POST /cormun/servlet/vesolicitudgral?c0edd112134fbedd09798e7c16647c9b,2024,20975,,,gx-no-cache=1710945662133 HTTP/1.1" 200 12301
181.212.47.137 - - [20/Mar/2024:11:44:11 -0300] "POST /cormun/servlet/vesolicitudgral?c0edd112134fbedd09798e7c16647c9b,2024,20975,,,gx-no-cache=1710945662267 HTTP/1.1" 200 12234
181.212.47.137 - - [20/Mar/2024:11:44:17 -0300] "GET /cormun/servlet/trsolicitudgral? HTTP/1.1" 200 9689
181.212.47.137 - - [20/Mar/2024:11:44:22 -0300] "POST /cormun/servlet/trsolicitudgral?c0edd112134fbedd09798e7c16647c9b,,gx-no-cache=1710945672572 HTTP/1.1" 200 5268
181.212.47.137 - - [20/Mar/2024:11:44:22 -0300] "POST /cormun/servlet/trsolicitudgral?c0edd112134fbedd09798e7c16647c9b,,gx-no-cache=1710945673273 HTTP/1.1" 200 5268
181.212.47.137 - - [20/Mar/2024:11:44:33 -0300] "POST /cormun/servlet/trsolicitudgral?c0edd112134fbedd09798e7c16647c9b,,gx-no-cache=1710945684259 HTTP/1.1" 200 6652
181.212.47.137 - - [20/Mar/2024:11:44:42 -0300] "GET /cormun/servlet/vesolicitudgral?2024,20841,, HTTP/1.1" 200 8381
181.212.47.137 - - [20/Mar/2024:11:44:42 -0300] "GET /cormun/pexe_scrolldiv.js HTTP/1.1" 404 1009
181.212.47.137 - - [20/Mar/2024:11:44:44 -0300] "POST /cormun/servlet/vesolicitudgral?c0edd112134fbedd09798e7c16647c9b,2024,20841,,,gx-no-cache=1710945694589 HTTP/1.1" 200 12279
181.212.47.137 - - [20/Mar/2024:11:44:47 -0300] "GET /cormun/servlet/trsolicitudgral? HTTP/1.1" 200 9715
181.212.47.137 - - [20/Mar/2024:11:44:57 -0300] "POST /cormun/servlet/trsolicitudgral?c0edd112134fbedd09798e7c16647c9b,,gx-no-cache=1710945707443 HTTP/1.1" 200 8747
181.212.47.137 - - [20/Mar/2024:11:45:10 -0300] "POST /cormun/servlet/trsolicitudgral?c0edd112134fbedd09798e7c16647c9b,,gx-no-cache=1710945720826 HTTP/1.1" 200 5271
181.212.47.137 - - [20/Mar/2024:11:45:11 -0300] "POST /cormun/servlet/trsolicitudgral?c0edd112134fbedd09798e7c16647c9b,,gx-no-cache=1710945721562 HTTP/1.1" 200 5272
181.212.47.137 - - [20/Mar/2024:11:45:18 -0300] "POST /cormun/servlet/trsolicitudgral?c0edd112134fbedd09798e7c16647c9b,,gx-no-cache=1710945729035 HTTP/1.1" 200 5269
181.212.47.137 - - [20/Mar/2024:11:45:27 -0300] "POST /cormun/servlet/trsolicitudgral?c0edd112134fbedd09798e7c16647c9b,,gx-no-cache=1710945737786 HTTP/1.1" 200 6629
181.212.47.137 - - [20/Mar/2024:11:45:36 -0300] "POST /cormun/servlet/trsolicitudgral?c0edd112134fbedd09798e7c16647c9b,,gx-no-cache=1710945746586 HTTP/1.1" 200 5268
181.212.47.137 - - [20/Mar/2024:11:45:36 -0300] "POST /cormun/servlet/trsolicitudgral?c0edd112134fbedd09798e7c16647c9b,,gx-no-cache=1710945747305 HTTP/1.1" 200 5268
181.212.47.137 - - [20/Mar/2024:11:45:46 -0300] "POST /cormun/servlet/trsolicitudgral?c0edd112134fbedd09798e7c16647c9b,,gx-no-cache=1710945756906 HTTP/1.1" 200 5270
181.212.47.137 - - [20/Mar/2024:11:45:47 -0300] "POST /cormun/servlet/trsolicitudgral?c0edd112134fbedd09798e7c16647c9b,,gx-no-cache=1710945757465 HTTP/1.1" 200 5269
181.212.47.137 - - [20/Mar/2024:11:45:56 -0300] "POST /cormun/servlet/trsolicitudgral?c0edd112134fbedd09798e7c16647c9b,,gx-no-cache=1710945767386 HTTP/1.1" 200 7177
91.237.245.107 - - [20/Mar/2024:11:46:05 -0300] "POST /goform/set_LimitClient_cfg HTTP/1.1" 400 -
181.212.47.137 - - [20/Mar/2024:11:46:08 -0300] "GET /cormun/servlet/vesolicitudgral?2024,20981,, HTTP/1.1" 200 8382
181.212.47.137 - - [20/Mar/2024:11:46:08 -0300] "GET /cormun/pexe_scrolldiv.js HTTP/1.1" 404 1009
181.212.47.137 - - [20/Mar/2024:11:46:09 -0300] "POST /cormun/servlet/vesolicitudgral?c0edd112134fbedd09798e7c16647c9b,2024,20981,,,gx-no-cache=1710945779773 HTTP/1.1" 200 12300
181.212.47.137 - - [20/Mar/2024:11:46:09 -0300] "POST /cormun/servlet/vesolicitudgral?c0edd112134fbedd09798e7c16647c9b,2024,20981,,,gx-no-cache=1710945779895 HTTP/1.1" 200 12233
181.212.47.137 - - [20/Mar/2024:11:46:15 -0300] "GET /cormun/servlet/trsolicitudgral? HTTP/1.1" 200 10225
181.212.47.137 - - [20/Mar/2024:11:46:27 -0300] "POST /cormun/servlet/trsolicitudgral?c0edd112134fbedd09798e7c16647c9b,,gx-no-cache=1710945797971 HTTP/1.1" 200 5271
181.212.47.137 - - [20/Mar/2024:11:46:36 -0300] "POST /cormun/servlet/trsolicitudgral?c0edd112134fbedd09798e7c16647c9b,,gx-no-cache=1710945806681 HTTP/1.1" 200 8747
181.212.42.153 - - [20/Mar/2024:11:46:44 -0300] "GET /cormun/servlet/prbanco?,MD,,gxPopupLevel%3D0%3B HTTP/1.1" 200 6571
181.212.42.153 - - [20/Mar/2024:11:46:46 -0300] "GET /cormun/servlet/solicitudot?00ef6309fde18e1b036e852e9fabf72473e10f225d603d534f59ca030d9c4cebb5e63edad9ac9ba8a05c7768aed69a409407b229cabc5dcc7dd16edcc5cf2a95,gx-no-cache=1710945830544 HTTP/1.1" 200 30
181.212.42.153 - - [20/Mar/2024:11:46:47 -0300] "GET /cormun/servlet/solicitudot?00ef6309fde18e1b036e852e9fabf72494c29085f65f1477e945cb6c20adbd53,gx-no-cache=1710945831246 HTTP/1.1" 200 53
181.212.47.137 - - [20/Mar/2024:11:46:47 -0300] "POST /cormun/servlet/trsolicitudgral?c0edd112134fbedd09798e7c16647c9b,,gx-no-cache=1710945817675 HTTP/1.1" 200 6657
181.212.42.153 - - [20/Mar/2024:11:46:54 -0300] "POST /cormun/servlet/solicitudot?gx-no-cache=1710945838812 HTTP/1.1" 200 297
181.212.47.137 - - [20/Mar/2024:11:46:55 -0300] "POST /cormun/servlet/trsolicitudgral?c0edd112134fbedd09798e7c16647c9b,,gx-no-cache=1710945825874 HTTP/1.1" 200 5267
181.212.42.153 - - [20/Mar/2024:11:46:55 -0300] "GET /cormun/servlet/solicitudot?00ef6309fde18e1b036e852e9fabf724207ffe77c71671d8240a5b174bb16ac26d85397b7121e5a96ffc386119cd8e92a3b5114899cb23a4bb1ff146a2035ebc2cfac47a16fbfc5ff28fcaf5fef861d5d86d4f31bb7bcd446ff45c089698f9a8ca1adf80f70b9c18c9f60223e112939a9c9992f1a965f45c847e80ba8ada9e61a8e7d81366693dc76647583e2502725be3582827da0ce72979f1c73cfb14d235ad9568cc1039fccc98c4a55f0db0ea1adc325870ff45dd4700b2c93c1aef91b812c87652bd405a6b6e4477e2c06b9ad39f5fb32b57fd51e81b2b76dee2429e17ebbc0197b203ca955d8f1dafdb5edf5e860a172f31ab630e04c4eab8ae14a42026ff9d5ae6350d830b5115ff7f352a115cd06b36c8b0a2d44fa1e31643ed3e018b8eafafaba5940e40fb4edf5d8ccb6ec49488b3d5fea7d1af328f3a449fc500d2becf5713589da89074275915366ec407cb3dcd635498b9d865597baa439d2ed426e7906a44c339058dd43a2a1842b04385d839d054d101bace9539c02c5ffe7a785e6fa2f351ab248a91e67ca7ec40,gx-no-cache=1710945839867 HTTP/1.1" 200 30
181.212.42.153 - - [20/Mar/2024:11:46:59 -0300] "POST /cormun/servlet/solicitudot?gx-no-cache=1710945843475 HTTP/1.1" 200 30
181.212.47.137 - - [20/Mar/2024:11:47:03 -0300] "POST /cormun/servlet/trsolicitudgral?c0edd112134fbedd09798e7c16647c9b,,gx-no-cache=1710945833658 HTTP/1.1" 200 7741
181.212.47.137 - - [20/Mar/2024:11:47:07 -0300] "GET /cormun/servlet/trautorizarot? HTTP/1.1" 200 18878
181.212.42.153 - - [20/Mar/2024:11:47:12 -0300] "POST /cormun/servlet/solicitudot?gx-no-cache=1710945856070 HTTP/1.1" 200 1475
181.212.47.137 - - [20/Mar/2024:11:47:12 -0300] "POST /cormun/servlet/trautorizarot?c0edd112134fbedd09798e7c16647c9b,,gx-no-cache=1710945843106 HTTP/1.1" 200 7439
181.212.42.153 - - [20/Mar/2024:11:47:13 -0300] "GET /cormun/servlet/prlicenciaspermisos?15755918,L,,MD,,gxPopupLevel%3D0%3B HTTP/1.1" 200 6034
181.212.42.153 - - [20/Mar/2024:11:47:13 -0300] "GET /cormun/static/gxcfg.js?2020121559567 HTTP/1.1" 200 953
181.212.42.153 - - [20/Mar/2024:11:47:13 -0300] "GET /cormun/static/prlicenciaspermisos.js?2020121559821 HTTP/1.1" 200 13379
181.212.47.137 - - [20/Mar/2024:11:47:15 -0300] "POST /cormun/servlet/trautorizarot?c0edd112134fbedd09798e7c16647c9b,,gx-no-cache=1710945846098 HTTP/1.1" 200 5356
181.212.47.137 - - [20/Mar/2024:11:47:17 -0300] "GET /cormun/servlet/trsolicitudgral? HTTP/1.1" 200 10764
181.212.42.153 - - [20/Mar/2024:11:47:19 -0300] "POST /cormun/servlet/solicitudot?gx-no-cache=1710945863323 HTTP/1.1" 200 41
181.212.47.137 - - [20/Mar/2024:11:47:24 -0300] "POST /cormun/servlet/trsolicitudgral?c0edd112134fbedd09798e7c16647c9b,,gx-no-cache=1710945854745 HTTP/1.1" 200 21763
181.212.42.153 - - [20/Mar/2024:11:47:44 -0300] "GET /cormun/servlet/solicitudot?00ef6309fde18e1b036e852e9fabf724f9e8d12f82bfa373ea271719d1d51fc4b73bf4e4c3834537c8d3c52857631699b8ec481f4b9f6813dfbe1d70a3ef38720ae8d5ea953e86672115814f9438524631337f6cfa81ed4b0fa6b81198831b5b7e355bba3af35b06d4f214de770693a3,gx-no-cache=1710945888176 HTTP/1.1" 200 110
181.212.42.153 - - [20/Mar/2024:11:47:53 -0300] "POST /cormun/servlet/solicitudot?gx-no-cache=1710945897813 HTTP/1.1" 200 72
181.212.42.153 - - [20/Mar/2024:11:47:57 -0300] "GET /cormun/servlet/solicitudot?00ef6309fde18e1b036e852e9fabf724fda20b6a86059f4a4359f68f9da41a3e6a338f5747f1177930fdf19dfa21c47ddb613d62c78fb0853951b4a0562e8f878a189fab7c8e80b16c559fbb5aab790e4841fbb2304fcadb3833eea5ab97915954cbc50d1b4641da0bb74e0ecf1ba826,gx-no-cache=1710945902020 HTTP/1.1" 200 29
181.212.42.153 - - [20/Mar/2024:11:47:57 -0300] "GET /cormun/static/menuarrow.gif HTTP/1.1" 404 1015
181.212.42.153 - - [20/Mar/2024:11:48:01 -0300] "GET /cormun/servlet/solicitudot?00ef6309fde18e1b036e852e9fabf724e9fe4cc3a76d58efbd686b0a0f21068000b80aa3be57aa6abfdd6af0ffe2ca2b,gx-no-cache=1710945905679 HTTP/1.1" 200 30
181.212.42.153 - - [20/Mar/2024:11:48:01 -0300] "POST /cormun/servlet/solicitudot?gx-no-cache=1710945905695 HTTP/1.1" 200 34
181.212.42.153 - - [20/Mar/2024:11:48:25 -0300] "POST /cormun/servlet/solicitudot?268038e44f2e3f5a677eb29f46d259af,INS,0,0,false,,gx-no-cache=1710945929031 HTTP/1.1" 200 93
181.212.42.153 - - [20/Mar/2024:11:48:25 -0300] "GET /cormun/servlet/hpexe_return? HTTP/1.1" 200 1012
181.212.42.153 - - [20/Mar/2024:11:48:25 -0300] "GET /cormun/servlet/trsolicitudot HTTP/1.1" 200 8601
181.212.42.153 - - [20/Mar/2024:11:48:35 -0300] "POST /cormun/servlet/trsolicitudot?268038e44f2e3f5a677eb29f46d259af,gx-no-cache=1710945939846 HTTP/1.1" 200 4587
181.212.42.153 - - [20/Mar/2024:11:48:35 -0300] "GET /cormun/static/Shared/jqueryui/images/ui-icons_82798d_256x240.png HTTP/1.1" 404 1089
181.212.42.153 - - [20/Mar/2024:11:48:35 -0300] "GET /cormun/static/Shared/jqueryui/images/ui-bg_highlight-soft_100_c6c2c8_1x100.png HTTP/1.1" 404 1117
181.212.42.153 - - [20/Mar/2024:11:48:35 -0300] "GET /cormun/static/Shared/jqueryui/images/ui-bg_flat_55_fafafa_40x100.png HTTP/1.1" 404 1097
181.212.42.153 - - [20/Mar/2024:11:48:35 -0300] "GET /cormun/static/Shared/jqueryui/images/ui-icons_8d78a5_256x240.png HTTP/1.1" 404 1089
181.212.42.153 - - [20/Mar/2024:11:48:35 -0300] "POST /cormun/servlet/trsolicitudot?268038e44f2e3f5a677eb29f46d259af,gx-no-cache=1710945939962 HTTP/1.1" 200 4328
181.212.42.153 - - [20/Mar/2024:11:48:38 -0300] "GET /cormun/servlet/trsolicitudot? HTTP/1.1" 200 7180
181.212.42.153 - - [20/Mar/2024:11:48:40 -0300] "GET /cormun/servlet/hlogin HTTP/1.1" 200 1741
191.126.17.116 - - [20/Mar/2024:11:48:53 -0300] "GET /cormun/static/menuarrow.gif HTTP/1.1" 404 1015
181.212.42.153 - - [20/Mar/2024:11:48:58 -0300] "POST /cormun/servlet/hlogin?268038e44f2e3f5a677eb29f46d259af,gx-no-cache=1710945962620 HTTP/1.1" 200 90
181.212.42.153 - - [20/Mar/2024:11:48:58 -0300] "GET /cormun/servlet/hpexe_link HTTP/1.1" 200 953
181.212.42.153 - - [20/Mar/2024:11:48:58 -0300] "GET /cormun/servlet/hhome HTTP/1.1" 200 4341
181.212.42.153 - - [20/Mar/2024:11:49:01 -0300] "GET /cormun/servlet/trautorizarsolicitud? HTTP/1.1" 200 9403
181.212.42.153 - - [20/Mar/2024:11:49:04 -0300] "POST /cormun/servlet/trautorizarsolicitud?268038e44f2e3f5a677eb29f46d259af,,gx-no-cache=1710945968201 HTTP/1.1" 200 5969
181.212.42.153 - - [20/Mar/2024:11:49:04 -0300] "GET /cormun/static/Shared/jqueryui/images/ui-icons_82798d_256x240.png HTTP/1.1" 404 1089
181.212.42.153 - - [20/Mar/2024:11:49:04 -0300] "GET /cormun/static/Shared/jqueryui/images/ui-bg_highlight-soft_100_c6c2c8_1x100.png HTTP/1.1" 404 1117
181.212.42.153 - - [20/Mar/2024:11:49:04 -0300] "GET /cormun/static/Shared/jqueryui/images/ui-bg_flat_55_fafafa_40x100.png HTTP/1.1" 404 1097
181.212.42.153 - - [20/Mar/2024:11:49:04 -0300] "GET /cormun/static/Shared/jqueryui/images/ui-icons_8d78a5_256x240.png HTTP/1.1" 404 1089
181.212.42.153 - - [20/Mar/2024:11:49:04 -0300] "POST /cormun/servlet/trautorizarsolicitud?268038e44f2e3f5a677eb29f46d259af,,gx-no-cache=1710945968317 HTTP/1.1" 200 5915
181.212.42.153 - - [20/Mar/2024:11:49:05 -0300] "POST /cormun/servlet/trautorizarsolicitud?268038e44f2e3f5a677eb29f46d259af,,gx-no-cache=1710945969043 HTTP/1.1" 200 4754
181.212.42.153 - - [20/Mar/2024:11:49:05 -0300] "POST /cormun/servlet/trautorizarsolicitud?268038e44f2e3f5a677eb29f46d259af,,gx-no-cache=1710945969141 HTTP/1.1" 200 4533
191.126.17.116 - - [20/Mar/2024:11:49:37 -0300] "GET /cormun/servlet/solicitudot?INS,0,0,false, HTTP/1.1" 200 15892
191.126.17.116 - - [20/Mar/2024:11:49:44 -0300] "POST /cormun/servlet/solicitudot?gx-no-cache=1710946006414 HTTP/1.1" 200 4031
191.126.17.116 - - [20/Mar/2024:11:49:45 -0300] "POST /cormun/servlet/solicitudot?f0eb74cd40727a9c4dfb4cc777a882f1,INS,0,0,false,,gx-no-cache=1710946006582 HTTP/1.1" 200 12592
191.126.17.116 - - [20/Mar/2024:11:49:51 -0300] "GET /cormun/servlet/solicitudot?b3701794e77acdcae98d4025e43222f4fb1d2f0d561292eb05dad6c61f6a30f2099cfc410e307fb736d36ecca328a968,gx-no-cache=1710946012820 HTTP/1.1" 200 30
191.126.17.116 - - [20/Mar/2024:11:52:36 -0300] "GET /cormun/servlet/solicitudot?b3701794e77acdcae98d4025e43222f45f388fd5b2cbaa1eb479c0cc2dc7da27557c9e78ef7d8fea8faa848b8ff9e24ae4531b88228c7428fa403cb46fb3056c,gx-no-cache=1710946178373 HTTP/1.1" 200 30
191.126.17.116 - - [20/Mar/2024:11:52:38 -0300] "GET /cormun/servlet/solicitudot?b3701794e77acdcae98d4025e43222f45491e981569317d4349f299c2f68c45c,gx-no-cache=1710946180141 HTTP/1.1" 200 53
191.126.17.116 - - [20/Mar/2024:11:52:49 -0300] "POST /cormun/servlet/solicitudot?gx-no-cache=1710946191052 HTTP/1.1" 200 297
191.126.17.116 - - [20/Mar/2024:11:52:51 -0300] "POST /cormun/servlet/solicitudot?gx-no-cache=1710946193461 HTTP/1.1" 200 255
191.126.17.116 - - [20/Mar/2024:11:52:53 -0300] "GET /cormun/servlet/solicitudot?b3701794e77acdcae98d4025e43222f470c99c6707633c2b10faaa8e8fb8e4ec807d06a0a2135e52085dbc0575e5bd303b440f574394736b22beaf5653e426a756f90c0d58f333e387bf7d3136444ad52b7942a5b910da80bed96977e4cee4850d937c0cd209712872bdbe868ca33ff5972700113544fa53043f81f4b53988cb1e01d4408d9f690ee8eef60537b0431e69e993395986575eddb4fe0a3231ec05c6fe246ab6fb1e199606a9566d3d83b2a56e44bccebeff12841615050d54bbbf123ab92ba9bc2c817ee50e921571bb26922a420c35c1e997dddeff4d459708b1279a73017c2f985071a16f7b18ac5de05e0293cdf6156ac877e5b5b626e3e00b64fe3e031ff6863b2f5f66298118fa65e4ceca92fa1b4a3c9124ddbb1ce408c46c6b9ef9fdb02715deeb16bb4971890e4477271e52933972d03c22de0809f902869d260d7f93146d29f2368e1e8a9f2bcaef690b75a35e6913dada0d35dec0d0fd2b643a131da2e74b260a9c6024273f90e270335aa67195f0a9e414395c7171,gx-no-cache=1710946195111 HTTP/1.1" 200 30
191.126.17.116 - - [20/Mar/2024:11:52:58 -0300] "POST /cormun/servlet/solicitudot?gx-no-cache=1710946200046 HTTP/1.1" 200 30
191.126.17.116 - - [20/Mar/2024:11:52:59 -0300] "POST /cormun/servlet/solicitudot?gx-no-cache=1710946201507 HTTP/1.1" 200 1473
191.126.17.116 - - [20/Mar/2024:11:52:59 -0300] "POST /cormun/servlet/solicitudot?gx-no-cache=1710946201611 HTTP/1.1" 200 38
190.171.153.34 - - [20/Mar/2024:11:53:18 -0300] "GET /cormun/servlet/hlogin HTTP/1.1" 200 1726
190.171.153.34 - - [20/Mar/2024:11:53:18 -0300] "GET /cormun/servlet/hlogin HTTP/1.1" 200 1736
190.171.153.34 - - [20/Mar/2024:11:53:18 -0300] "GET /favicon.ico HTTP/1.1" 200 21630
191.126.17.116 - - [20/Mar/2024:11:53:26 -0300] "GET /cormun/servlet/solicitudot?b3701794e77acdcae98d4025e43222f425652a26811bd403803b4c428398f7f34b1dd598540ad0e4a2d7aac24ec4fa2f1cc42921ef8d0d6ccfaf3a0b5f9d5c61f6b0bf8c2c9feb2be75e7bee546bafde170a70ede89c326122ce872257b0bf246a30b438fd3e65712c813ca519292402,gx-no-cache=1710946227810 HTTP/1.1" 200 110
191.126.17.116 - - [20/Mar/2024:11:53:26 -0300] "POST /cormun/servlet/solicitudot?gx-no-cache=1710946227921 HTTP/1.1" 200 97
190.171.153.34 - - [20/Mar/2024:11:53:28 -0300] "POST /cormun/servlet/hlogin?a2cc69c708bb131dd013efe79207c261,gx-no-cache=1710946231948 HTTP/1.1" 200 90
190.171.153.34 - - [20/Mar/2024:11:53:28 -0300] "GET /cormun/servlet/hpexe_link HTTP/1.1" 200 955
190.171.153.34 - - [20/Mar/2024:11:53:28 -0300] "GET /cormun/static/gxcfg.js?20221129847421 HTTP/1.1" 200 953
190.171.153.34 - - [20/Mar/2024:11:53:28 -0300] "GET /cormun/static/hpexe_link.js?20221129847423 HTTP/1.1" 200 625
190.171.153.34 - - [20/Mar/2024:11:53:28 -0300] "GET /cormun/servlet/hhome HTTP/1.1" 200 4352
190.171.153.34 - - [20/Mar/2024:11:53:28 -0300] "GET /cormun/static/gxcfg.js?20201215495537 HTTP/1.1" 200 953
190.171.153.34 - - [20/Mar/2024:11:53:28 -0300] "GET /cormun/static/hhome.js?20201215495544 HTTP/1.1" 200 777
190.171.153.34 - - [20/Mar/2024:11:53:29 -0300] "GET /cormun/static/SmoothNavMenu/resources/images/down.gif HTTP/1.1" 200 854
190.171.153.34 - - [20/Mar/2024:11:53:29 -0300] "GET /cormun/static/SmoothNavMenu/resources/images/right.gif HTTP/1.1" 200 860
191.126.17.116 - - [20/Mar/2024:11:53:30 -0300] "GET /cormun/servlet/solicitudot?b3701794e77acdcae98d4025e43222f4c38726c4d801dd9f609f018e45a74eb5f2354336272970fcd9fc748288e363e79820492e097a6287bd23db883dd83884e93302ee9ce68925b51259f048606bd70cf4a04b1b9d76cc33dfef272efd4d66e1911474a0b6b3f54b812e048333c3f3,gx-no-cache=1710946232084 HTTP/1.1" 200 29
191.126.17.116 - - [20/Mar/2024:11:53:30 -0300] "GET /cormun/static/menuarrow.gif HTTP/1.1" 404 1015
190.171.153.34 - - [20/Mar/2024:11:53:31 -0300] "GET /cormun/servlet/trsolicitudot? HTTP/1.1" 200 8960
190.171.153.34 - - [20/Mar/2024:11:53:32 -0300] "GET /cormun//static/Resources/PXToolsActionView.png HTTP/1.1" 200 398
190.171.153.34 - - [20/Mar/2024:11:53:32 -0300] "GET /cormun//static/Resources/PXToolsGridUpdate.png HTTP/1.1" 200 470
190.171.153.34 - - [20/Mar/2024:11:53:32 -0300] "GET /cormun//static/Resources/PXTools/ActionInsert.png HTTP/1.1" 200 1482
190.171.153.34 - - [20/Mar/2024:11:53:32 -0300] "GET /cormun//static/Resources/PXToolsRemoveAllAction.png HTTP/1.1" 200 487
190.171.153.34 - - [20/Mar/2024:11:53:32 -0300] "GET /cormun//static/Resources/PXToolsGridDelete.png HTTP/1.1" 200 538
191.126.17.116 - - [20/Mar/2024:11:53:33 -0300] "GET /cormun/servlet/solicitudot?b3701794e77acdcae98d4025e43222f401ed09d068560a3aa0099fb65d22448d654dbc7d3a32dfcb99d35eb88bcb3755,gx-no-cache=1710946235388 HTTP/1.1" 200 30
191.126.17.116 - - [20/Mar/2024:11:53:42 -0300] "POST /cormun/servlet/solicitudot?gx-no-cache=1710946243862 HTTP/1.1" 200 30
191.126.17.116 - - [20/Mar/2024:11:53:42 -0300] "POST /cormun/servlet/solicitudot?f0eb74cd40727a9c4dfb4cc777a882f1,INS,0,0,false,,gx-no-cache=1710946243904 HTTP/1.1" 200 93
191.126.17.116 - - [20/Mar/2024:11:53:42 -0300] "GET /cormun/servlet/hpexe_return? HTTP/1.1" 200 1006
191.126.17.116 - - [20/Mar/2024:11:53:42 -0300] "GET /cormun/servlet/trsolicitudot HTTP/1.1" 200 15991
190.171.153.34 - - [20/Mar/2024:11:54:03 -0300] "POST /cormun/servlet/trsolicitudot?a2cc69c708bb131dd013efe79207c261,,gx-no-cache=1710946266582 HTTP/1.1" 200 4851
190.171.153.34 - - [20/Mar/2024:11:54:03 -0300] "GET /cormun/static/Shared/jqueryui/images/ui-bg_highlight-soft_100_c6c2c8_1x100.png HTTP/1.1" 404 1117
190.171.153.34 - - [20/Mar/2024:11:54:03 -0300] "GET /cormun/static/Shared/jqueryui/images/ui-icons_82798d_256x240.png HTTP/1.1" 404 1089
190.171.153.34 - - [20/Mar/2024:11:54:03 -0300] "GET /cormun/static/Shared/jqueryui/images/ui-bg_flat_55_fafafa_40x100.png HTTP/1.1" 404 1097
190.171.153.34 - - [20/Mar/2024:11:54:03 -0300] "GET /cormun/static/Shared/jqueryui/images/ui-icons_8d78a5_256x240.png HTTP/1.1" 404 1089
190.171.153.34 - - [20/Mar/2024:11:54:03 -0300] "POST /cormun/servlet/trsolicitudot?a2cc69c708bb131dd013efe79207c261,,gx-no-cache=1710946266709 HTTP/1.1" 200 4615
190.171.153.34 - - [20/Mar/2024:11:54:06 -0300] "GET /cormun/servlet/trautorizarsolicitud? HTTP/1.1" 200 8853
190.171.153.34 - - [20/Mar/2024:11:54:06 -0300] "GET /cormun/static/gxcfg.js?202211298474254 HTTP/1.1" 200 953
190.171.153.34 - - [20/Mar/2024:11:54:06 -0300] "GET /cormun/static/trautorizarsolicitud.js?202211298474588 HTTP/1.1" 200 53909
190.171.153.34 - - [20/Mar/2024:11:54:09 -0300] "GET /cormun/servlet/trvisualizadoreventos? HTTP/1.1" 200 7130
190.171.153.34 - - [20/Mar/2024:11:54:09 -0300] "GET /cormun/static/gxcfg.js?202211298474834 HTTP/1.1" 200 953
190.171.153.34 - - [20/Mar/2024:11:54:09 -0300] "GET /cormun/static/Resources/PXToolsActionPrint.png HTTP/1.1" 200 404
190.171.153.34 - - [20/Mar/2024:11:54:09 -0300] "GET /cormun/static/trvisualizadoreventos.js?202211298474971 HTTP/1.1" 200 19318
190.171.153.34 - - [20/Mar/2024:11:54:11 -0300] "GET /cormun/servlet/trsolicitudot? HTTP/1.1" 200 7569
190.171.153.34 - - [20/Mar/2024:11:54:16 -0300] "GET /cormun/servlet/solicitudot?INS,0,0,false, HTTP/1.1" 200 16327
191.126.17.116 - - [20/Mar/2024:11:54:44 -0300] "GET /cormun/static/menuarrow.gif HTTP/1.1" 404 1015
190.171.153.34 - - [20/Mar/2024:11:54:49 -0300] "POST /cormun/servlet/solicitudot?gx-no-cache=1710946312223 HTTP/1.1" 200 4022
190.171.153.34 - - [20/Mar/2024:11:54:49 -0300] "POST /cormun/servlet/solicitudot?a2cc69c708bb131dd013efe79207c261,INS,0,0,false,,gx-no-cache=1710946312323 HTTP/1.1" 200 12876
190.171.153.34 - - [20/Mar/2024:11:54:52 -0300] "GET /cormun/servlet/solicitudot?5802382395dc97da2e7ef2d7b5740163f4d4a029d6d4bdd9040933cc5311a2e1cb0568884f610fa704c1d37baf18a64e,gx-no-cache=1710946316116 HTTP/1.1" 200 30
191.126.17.116 - - [20/Mar/2024:11:55:33 -0300] "GET /cormun/servlet/solicitudot?INS,0,0,false, HTTP/1.1" 200 15892
191.126.17.116 - - [20/Mar/2024:11:55:45 -0300] "POST /cormun/servlet/solicitudot?gx-no-cache=1710946367172 HTTP/1.1" 200 4022
191.126.17.116 - - [20/Mar/2024:11:55:45 -0300] "POST /cormun/servlet/solicitudot?f0eb74cd40727a9c4dfb4cc777a882f1,INS,0,0,false,,gx-no-cache=1710946367386 HTTP/1.1" 200 12586
191.126.17.116 - - [20/Mar/2024:11:55:53 -0300] "GET /cormun/servlet/solicitudot?b3701794e77acdcae98d4025e43222f4be329f585e3965946da5c2665e2a41ff099cfc410e307fb736d36ecca328a968,gx-no-cache=1710946375227 HTTP/1.1" 200 111
191.126.17.116 - - [20/Mar/2024:11:55:53 -0300] "GET /cormun/static/Shared/jqueryui/images/ui-bg_highlight-soft_100_c6c2c8_1x100.png HTTP/1.1" 404 1117
191.126.17.116 - - [20/Mar/2024:11:55:53 -0300] "GET /cormun/static/Shared/jqueryui/images/ui-bg_flat_55_994d53_40x100.png HTTP/1.1" 404 1097
191.126.17.116 - - [20/Mar/2024:11:55:53 -0300] "GET /cormun/static/Shared/jqueryui/images/ui-icons_82798d_256x240.png HTTP/1.1" 404 1089
191.126.17.116 - - [20/Mar/2024:11:55:53 -0300] "GET /cormun/static/Shared/jqueryui/images/ui-icons_ebccce_256x240.png HTTP/1.1" 404 1089
191.126.17.116 - - [20/Mar/2024:11:56:22 -0300] "POST /cormun/servlet/solicitudot?gx-no-cache=1710946404037 HTTP/1.1" 200 4031
191.126.17.116 - - [20/Mar/2024:11:56:22 -0300] "POST /cormun/servlet/solicitudot?f0eb74cd40727a9c4dfb4cc777a882f1,INS,0,0,false,,gx-no-cache=1710946404293 HTTP/1.1" 200 12637
191.126.17.116 - - [20/Mar/2024:11:56:25 -0300] "GET /cormun/servlet/solicitudot?b3701794e77acdcae98d4025e43222f4eef80fc3803cc104313b29ac63babdb7099cfc410e307fb736d36ecca328a968,gx-no-cache=1710946407305 HTTP/1.1" 200 30
190.171.153.34 - - [20/Mar/2024:11:56:55 -0300] "GET /cormun/servlet/solicitudot?5802382395dc97da2e7ef2d7b5740163e9553d9f0a7a29d048450cfda44ee0ea2e5e05dbc7f1a88088b77647f8c813730b58c1d26ff8fd840bdfc6528c82c73c,gx-no-cache=1710946438769 HTTP/1.1" 200 30
190.171.153.34 - - [20/Mar/2024:11:56:55 -0300] "GET /cormun/servlet/solicitudot?5802382395dc97da2e7ef2d7b57401639f10a982a83a4c0ca80ce4a9acd1cb79,gx-no-cache=1710946438794 HTTP/1.1" 200 29
190.171.153.34 - - [20/Mar/2024:11:56:57 -0300] "POST /cormun/servlet/solicitudot?gx-no-cache=1710946440852 HTTP/1.1" 200 240
190.171.153.34 - - [20/Mar/2024:11:57:01 -0300] "GET /cormun/servlet/solicitudot?5802382395dc97da2e7ef2d7b57401636fdb5cdd79e08a749691e889f83546d9dea5352623f6a4220b013bd9b08262ed846bf544afc8255e8525e30cfde9365b483a3af97efad3ff723f81c442e340895d99002708bb3cb48f4bceb02775791f99eea664b2df6c6323adf2bffd41833ff616c915e5a90dfb0a8674154d6ebf2dfd62cebb3896a67d53a43e9feaf78ec972fcfd72a4226b999bc008b76b33d65df363c41b8112c717e80139036df8a14ecd7b3103389edc3562988ce49619e258571c0565f23de073ebd2fbdf700b7f06c66e4e8e0a770e60b9b4e9fd5de796d4d29f68d01559d46ab7c493494962edb6693838bacc458c3144e6c7a82cfdb9d8153a525ce876624cb6448633d52eeda5b9c53e8bcb651bb0a58536404985dfc35d74fb1d20a2f2f4376814bf9827e15907c15f0fd4c8d9691617b60999431539f9455559d9face4438432bcabb3c458b1055c3ac0738fca221cfc7aaf8b44d45b2949306dd15db5ab935685fed8d6d1b0c7d2c82a731996e462f4738406985d4,gx-no-cache=1710946444977 HTTP/1.1" 200 30
190.171.153.34 - - [20/Mar/2024:11:57:06 -0300] "POST /cormun/servlet/solicitudot?gx-no-cache=1710946449731 HTTP/1.1" 200 30
190.171.152.114 - - [20/Mar/2024:11:57:13 -0300] "POST /cormun/servlet/trautorizarsolicitud?5805ad17580e22d550093f8d827d46ac,,gx-no-cache=1710946458779 HTTP/1.1" 200 16839
190.171.153.34 - - [20/Mar/2024:11:57:38 -0300] "GET /cormun/static/Resources/resize.gif HTTP/1.1" 200 77
190.171.153.34 - - [20/Mar/2024:11:57:38 -0300] "GET /cormun/static/Resources/PXTools/ClosePrompt.png HTTP/1.1" 200 1036
190.171.153.34 - - [20/Mar/2024:11:57:38 -0300] "GET /cormun/servlet/prbanco?,MD,,gxPopupLevel%3D0%3B HTTP/1.1" 200 6692
190.171.153.34 - - [20/Mar/2024:11:57:38 -0300] "GET /cormun/static/gxcfg.js?20201216131581 HTTP/1.1" 200 953
190.171.153.34 - - [20/Mar/2024:11:57:38 -0300] "GET /cormun/static/prbanco.js?20201216132311 HTTP/1.1" 200 10693
190.171.153.34 - - [20/Mar/2024:11:57:38 -0300] "GET /cormun/static/Resources/PXToolsMenuSearch.png HTTP/1.1" 200 336
190.171.153.34 - - [20/Mar/2024:11:57:38 -0300] "GET /cormun/static/menusearch.js?20201214473581 HTTP/1.1" 200 1424
190.171.153.34 - - [20/Mar/2024:11:57:38 -0300] "GET /cormun/static/hmpwkw011.js?202211298443482 HTTP/1.1" 200 1968
190.171.153.34 - - [20/Mar/2024:11:57:38 -0300] "GET /cormun/static/Resources/PXToolsMenuSearchCancel.png HTTP/1.1" 200 306
190.171.153.34 - - [20/Mar/2024:11:57:43 -0300] "GET /cormun/servlet/solicitudot?5802382395dc97da2e7ef2d7b5740163def98ee61d1c8eaaecf184ced3bb4999,gx-no-cache=1710946486593 HTTP/1.1" 200 53
190.171.153.34 - - [20/Mar/2024:11:58:18 -0300] "POST /cormun/servlet/solicitudot?gx-no-cache=1710946521488 HTTP/1.1" 200 30
190.171.153.34 - - [20/Mar/2024:11:58:26 -0300] "POST /cormun/servlet/solicitudot?gx-no-cache=1710946529891 HTTP/1.1" 200 1475
190.171.153.34 - - [20/Mar/2024:11:58:30 -0300] "GET /cormun/static/menuarrow.gif HTTP/1.1" 404 1015
190.171.153.34 - - [20/Mar/2024:11:58:39 -0300] "POST /cormun/servlet/solicitudot?gx-no-cache=1710946542975 HTTP/1.1" 200 41
195.140.227.163 - - [20/Mar/2024:11:59:06 -0300] "GET /manager/html HTTP/1.1" 401 2474
191.126.17.116 - - [20/Mar/2024:11:59:16 -0300] "GET /cormun/servlet/solicitudot?b3701794e77acdcae98d4025e43222f4aa6a7ae08dd34631dfa363dff2d23d363a06afd982a6f5b7daf5a1cc6e699ee60c4a10f6b305009f2fb46fed4df3535a,gx-no-cache=1710946577709 HTTP/1.1" 200 30
191.126.17.116 - - [20/Mar/2024:11:59:17 -0300] "GET /cormun/servlet/solicitudot?b3701794e77acdcae98d4025e43222f45491e981569317d4349f299c2f68c45c,gx-no-cache=1710946578957 HTTP/1.1" 200 53
191.126.17.116 - - [20/Mar/2024:11:59:26 -0300] "POST /cormun/servlet/solicitudot?gx-no-cache=1710946588548 HTTP/1.1" 200 255
191.126.17.116 - - [20/Mar/2024:11:59:32 -0300] "GET /cormun/servlet/solicitudot?b3701794e77acdcae98d4025e43222f470c99c6707633c2b10faaa8e8fb8e4ec807d06a0a2135e52085dbc0575e5bd303b440f574394736b22beaf5653e426a756f90c0d58f333e387bf7d3136444ad52b7942a5b910da80bed96977e4cee4850d937c0cd209712872bdbe868ca33ff5972700113544fa53043f81f4b53988cb1e01d4408d9f690ee8eef60537b0431e69e993395986575eddb4fe0a3231ec05c6fe246ab6fb1e199606a9566d3d83b2a56e44bccebeff12841615050d54bbbf123ab92ba9bc2c817ee50e921571bb26922a420c35c1e997dddeff4d459708b1279a73017c2f985071a16f7b18ac5de05e0293cdf6156ac877e5b5b626e3e00b64fe3e031ff6863b2f5f66298118fa65e4ceca92fa1b4a3c9124ddbb1ce408c46c6b9ef9fdb02715deeb16bb4971890e4477271e52933972d03c22de0809f902869d260d7f93146d29f2368e1e8a9f2bcaef690b75a35e6913dada0d35dec0d0fd2b643a131da2e74b260a9c6024273f90e270335aa67195f0a9e414395c7171,gx-no-cache=1710946594061 HTTP/1.1" 200 30
190.171.153.34 - - [20/Mar/2024:11:59:39 -0300] "GET /cormun/servlet/solicitudot?5802382395dc97da2e7ef2d7b5740163aa527c8b5c5df8dec19cb3e8b29e7d5b6ca54b29234e7792f990a3eb707220ee889a813c66739469e6cdd206ee95d4f69e279fb285ef3357eb75a0416d29cdbf25bf2defa349ac209e1dab585c1ca2d0e1c8fcb081c0d4bf9a449a9a1a7e2cbd,gx-no-cache=1710946602436 HTTP/1.1" 200 110
190.171.153.34 - - [20/Mar/2024:11:59:39 -0300] "POST /cormun/servlet/solicitudot?gx-no-cache=1710946602474 HTTP/1.1" 200 79
191.126.17.116 - - [20/Mar/2024:11:59:59 -0300] "POST /cormun/servlet/solicitudot?gx-no-cache=1710946620741 HTTP/1.1" 200 30
191.126.17.116 - - [20/Mar/2024:12:00:00 -0300] "POST /cormun/servlet/solicitudot?gx-no-cache=1710946622084 HTTP/1.1" 200 1474
191.126.17.116 - - [20/Mar/2024:12:00:00 -0300] "POST /cormun/servlet/solicitudot?gx-no-cache=1710946622172 HTTP/1.1" 200 38
181.212.42.153 - - [20/Mar/2024:12:00:07 -0300] "GET /cormun/servlet/trlicencias? HTTP/1.1" 200 13625
191.126.17.116 - - [20/Mar/2024:12:00:51 -0300] "GET /cormun/servlet/solicitudot?b3701794e77acdcae98d4025e43222f425652a26811bd403803b4c428398f7f34b1dd598540ad0e4a2d7aac24ec4fa2f1cc42921ef8d0d6ccfaf3a0b5f9d5c61f6b0bf8c2c9feb2be75e7bee546bafde170a70ede89c326122ce872257b0bf246a30b438fd3e65712c813ca519292402,gx-no-cache=1710946673465 HTTP/1.1" 200 110
191.126.17.116 - - [20/Mar/2024:12:00:51 -0300] "POST /cormun/servlet/solicitudot?gx-no-cache=1710946673601 HTTP/1.1" 200 97
191.126.17.116 - - [20/Mar/2024:12:00:56 -0300] "GET /cormun/servlet/solicitudot?b3701794e77acdcae98d4025e43222f4c38726c4d801dd9f609f018e45a74eb5f2354336272970fcd9fc748288e363e79820492e097a6287bd23db883dd83884e93302ee9ce68925b51259f048606bd70cf4a04b1b9d76cc33dfef272efd4d66e1911474a0b6b3f54b812e048333c3f3,gx-no-cache=1710946678051 HTTP/1.1" 200 29
191.126.17.116 - - [20/Mar/2024:12:00:56 -0300] "GET /cormun/static/menuarrow.gif HTTP/1.1" 404 1015
191.126.17.116 - - [20/Mar/2024:12:00:59 -0300] "GET /cormun/servlet/solicitudot?b3701794e77acdcae98d4025e43222f401ed09d068560a3aa0099fb65d22448d654dbc7d3a32dfcb99d35eb88bcb3755,gx-no-cache=1710946681315 HTTP/1.1" 200 30
191.126.17.116 - - [20/Mar/2024:12:01:10 -0300] "POST /cormun/servlet/solicitudot?gx-no-cache=1710946691669 HTTP/1.1" 200 30
191.126.17.116 - - [20/Mar/2024:12:01:10 -0300] "POST /cormun/servlet/solicitudot?f0eb74cd40727a9c4dfb4cc777a882f1,INS,0,0,false,,gx-no-cache=1710946691718 HTTP/1.1" 200 93
191.126.17.116 - - [20/Mar/2024:12:01:10 -0300] "GET /cormun/servlet/hpexe_return? HTTP/1.1" 200 1006
191.126.17.116 - - [20/Mar/2024:12:01:10 -0300] "GET /cormun/servlet/trsolicitudot HTTP/1.1" 200 16417
191.126.17.116 - - [20/Mar/2024:12:01:12 -0300] "GET /cormun/static/menuarrow.gif HTTP/1.1" 404 1015
190.171.153.34 - - [20/Mar/2024:12:01:27 -0300] "GET /cormun/servlet/solicitudot?5802382395dc97da2e7ef2d7b5740163fdcb0e694fd0c3d47a3f2d86114d1dd5d9df600fa01e44319b775ae8ef9c97a2c7c01cb24d70d45d38fdcb20fd59dd50d6488dd197f9202539c0743294c57c314c62eacefac987e3d44a4aeca69340796b4f01fc596bd5dbe11add982dd4617e,gx-no-cache=1710946711035 HTTP/1.1" 200 29
190.171.153.34 - - [20/Mar/2024:12:01:53 -0300] "GET /cormun/servlet/solicitudot?5802382395dc97da2e7ef2d7b57401632ab2c1d2c8c2ce3143f8899d6324d42fe177bdd42fdafc2a48e1c994afa31685,gx-no-cache=1710946736515 HTTP/1.1" 200 30
190.171.153.34 - - [20/Mar/2024:12:01:53 -0300] "POST /cormun/servlet/solicitudot?gx-no-cache=1710946736540 HTTP/1.1" 200 34
190.171.153.34 - - [20/Mar/2024:12:01:54 -0300] "POST /cormun/servlet/solicitudot?a2cc69c708bb131dd013efe79207c261,INS,0,0,false,,gx-no-cache=1710946736559 HTTP/1.1" 200 93
190.171.153.34 - - [20/Mar/2024:12:01:54 -0300] "GET /cormun/servlet/hpexe_return? HTTP/1.1" 200 1013
190.171.153.34 - - [20/Mar/2024:12:01:54 -0300] "GET /cormun/static/gxcfg.js?20221129846035 HTTP/1.1" 200 953
190.171.153.34 - - [20/Mar/2024:12:01:54 -0300] "GET /cormun/static/hpexe_return.js?20221129846037 HTTP/1.1" 200 1633
190.171.153.34 - - [20/Mar/2024:12:01:54 -0300] "GET /cormun/servlet/trsolicitudot HTTP/1.1" 200 8976
191.126.17.116 - - [20/Mar/2024:12:02:36 -0300] "GET /cormun/servlet/solicitudot?INS,0,0,false, HTTP/1.1" 200 15892
190.171.153.34 - - [20/Mar/2024:12:02:47 -0300] "POST /cormun/servlet/trsolicitudot?a2cc69c708bb131dd013efe79207c261,gx-no-cache=1710946790942 HTTP/1.1" 200 106
190.171.153.34 - - [20/Mar/2024:12:02:47 -0300] "GET /cormun/servlet/trsolicitudadjuntos?2024,21001, HTTP/1.1" 200 6460
190.171.153.34 - - [20/Mar/2024:12:02:47 -0300] "GET /cormun/static/gxcfg.js?20201215574222 HTTP/1.1" 200 953
190.171.153.34 - - [20/Mar/2024:12:02:47 -0300] "GET /cormun/static/trsolicitudadjuntos.js?20201215574932 HTTP/1.1" 200 17921
190.171.153.34 - - [20/Mar/2024:12:02:47 -0300] "GET /cormun/static/Resources/PXToolsGridNew.png HTTP/1.1" 200 427
190.171.153.34 - - [20/Mar/2024:12:02:50 -0300] "GET /cormun/servlet/solicitudotadjuntos?INS,2024,21001,,1, HTTP/1.1" 200 6400
190.171.153.34 - - [20/Mar/2024:12:02:50 -0300] "GET /cormun/static/solicitudotadjuntos.js?202211298385196 HTTP/1.1" 200 11771
190.171.153.34 - - [20/Mar/2024:12:02:50 -0300] "GET /cormun/static/gxcfg.js?202211298385187 HTTP/1.1" 200 953
190.171.153.34 - - [20/Mar/2024:12:02:50 -0300] "GET /cormun/static/about:blank HTTP/1.1" 404 1011
190.171.153.34 - - [20/Mar/2024:12:02:50 -0300] "GET /cormun/servlet/solicitudotadjuntos?5802382395dc97da2e7ef2d7b57401635df83b1193f7a3eb97856925be4595e84ef353502db03ebd33d4702fecada5dd,gx-no-cache=1710946794114 HTTP/1.1" 200 30
190.171.153.34 - - [20/Mar/2024:12:02:51 -0300] "POST /cormun/servlet/solicitudotadjuntos?a2cc69c708bb131dd013efe79207c261,INS,2024,21001,,1,,gx-no-cache=1710946794128 HTTP/1.1" 200 4152
190.171.153.34 - - [20/Mar/2024:12:02:54 -0300] "POST /cormun/servlet/solicitudotadjuntos?gx-no-cache=1710946797735 HTTP/1.1" 200 26
191.126.17.116 - - [20/Mar/2024:12:02:56 -0300] "POST /cormun/servlet/solicitudot?gx-no-cache=1710946797790 HTTP/1.1" 200 4122
191.126.17.116 - - [20/Mar/2024:12:02:56 -0300] "POST /cormun/servlet/solicitudot?f0eb74cd40727a9c4dfb4cc777a882f1,INS,0,0,false,,gx-no-cache=1710946798043 HTTP/1.1" 200 12691
191.126.17.116 - - [20/Mar/2024:12:03:00 -0300] "GET /cormun/servlet/solicitudot?b3701794e77acdcae98d4025e43222f4b26e4d2e9caa4d6e1ffce4515387216368ac375f136246394d5fbf4ac7c71cfe,gx-no-cache=1710946801938 HTTP/1.1" 200 30
191.126.17.116 - - [20/Mar/2024:12:03:06 -0300] "GET /cormun/servlet/solicitudot?b3701794e77acdcae98d4025e43222f427541ae74a7bc2315c5bd4909d48a04f7b52bd1d2a21f197c217c63640e531150d8e0fa260c22970c15c8aa0cf0b515d1de7f185d64f46b7d0d7f188e8274246,gx-no-cache=1710946807812 HTTP/1.1" 200 30
191.126.17.116 - - [20/Mar/2024:12:03:06 -0300] "GET /cormun/servlet/solicitudot?b3701794e77acdcae98d4025e43222f45491e981569317d4349f299c2f68c45c,gx-no-cache=1710946807866 HTTP/1.1" 200 53
191.126.17.116 - - [20/Mar/2024:12:03:06 -0300] "POST /cormun/servlet/solicitudot?gx-no-cache=1710946807918 HTTP/1.1" 200 255
191.126.17.116 - - [20/Mar/2024:12:03:06 -0300] "GET /cormun/servlet/solicitudot?b3701794e77acdcae98d4025e43222f470c99c6707633c2b10faaa8e8fb8e4ec807d06a0a2135e52085dbc0575e5bd303b440f574394736b22beaf5653e426a756f90c0d58f333e387bf7d3136444ad52b7942a5b910da80bed96977e4cee4850d937c0cd209712872bdbe868ca33ff5972700113544fa53043f81f4b53988cb1e01d4408d9f690ee8eef60537b0431e69e993395986575eddb4fe0a3231ec05c6fe246ab6fb1e199606a9566d3d83b2a56e44bccebeff12841615050d54bbbf123ab92ba9bc2c817ee50e921571bb26922a420c35c1e997dddeff4d459708b1279a73017c2f985071a16f7b18ac5de05e0293cdf6156ac877e5b5b626e3e00b64fe3e031ff6863b2f5f66298118fa65e4ceca92fa1b4a3c9124ddbb1ce408c46c6b9ef9fdb02715deeb16bb4971890e4477271e52933972d03c22de0809f902869d260d7f93146d29f2368e1e8a9f2bcaef690b75a35e6913dada0d35dec0d0fd2b643a131da2e74b260a9c6024273f90e270335aa67195f0a9e414395c7171,gx-no-cache=1710946807970 HTTP/1.1" 200 30
191.126.17.116 - - [20/Mar/2024:12:03:08 -0300] "POST /cormun/servlet/solicitudot?gx-no-cache=1710946809692 HTTP/1.1" 200 30
191.126.17.116 - - [20/Mar/2024:12:03:09 -0300] "POST /cormun/servlet/solicitudot?gx-no-cache=1710946810948 HTTP/1.1" 200 1474
191.126.17.116 - - [20/Mar/2024:12:03:09 -0300] "POST /cormun/servlet/solicitudot?gx-no-cache=1710946811045 HTTP/1.1" 200 38
190.171.153.34 - - [20/Mar/2024:12:03:09 -0300] "GET /cormun/servlet/solicitudotadjuntos?5802382395dc97da2e7ef2d7b5740163201b00e978224056801403ba26967386,gx-no-cache=1710946813113 HTTP/1.1" 200 30
190.171.153.34 - - [20/Mar/2024:12:03:09 -0300] "GET /cormun/servlet/solicitudotadjuntos?5802382395dc97da2e7ef2d7b5740163201b00e978224056801403ba26967386,gx-no-cache=1710946813124 HTTP/1.1" 200 30
190.171.153.34 - - [20/Mar/2024:12:03:10 -0300] "POST /cormun/servlet/solicitudotadjuntos?a2cc69c708bb131dd013efe79207c261,INS,2024,21001,,1, HTTP/1.1" 200 116
190.171.153.34 - - [20/Mar/2024:12:03:10 -0300] "GET /cormun/servlet/hpexe_return? HTTP/1.1" 200 1030
190.171.153.34 - - [20/Mar/2024:12:03:10 -0300] "GET /cormun/servlet/trsolicitudadjuntos?2024,21001, HTTP/1.1" 200 9428
190.171.153.34 - - [20/Mar/2024:12:03:13 -0300] "GET /cormun/servlet/solicitudotadjuntos?INS,2024,21001,,1, HTTP/1.1" 200 6399
190.171.153.34 - - [20/Mar/2024:12:03:13 -0300] "GET /cormun/static/about:blank HTTP/1.1" 404 1011
190.171.153.34 - - [20/Mar/2024:12:03:14 -0300] "GET /cormun/servlet/solicitudotadjuntos?5802382395dc97da2e7ef2d7b57401635df83b1193f7a3eb97856925be4595e84ef353502db03ebd33d4702fecada5dd,gx-no-cache=1710946817365 HTTP/1.1" 200 30
190.171.153.34 - - [20/Mar/2024:12:03:14 -0300] "POST /cormun/servlet/solicitudotadjuntos?a2cc69c708bb131dd013efe79207c261,INS,2024,21001,,1,,gx-no-cache=1710946817381 HTTP/1.1" 200 4149
190.171.153.34 - - [20/Mar/2024:12:03:16 -0300] "POST /cormun/servlet/solicitudotadjuntos?gx-no-cache=1710946819721 HTTP/1.1" 200 26
191.126.17.116 - - [20/Mar/2024:12:03:19 -0300] "GET /cormun/servlet/solicitudot?b3701794e77acdcae98d4025e43222f425652a26811bd403803b4c428398f7f34b1dd598540ad0e4a2d7aac24ec4fa2f1cc42921ef8d0d6ccfaf3a0b5f9d5c61f6b0bf8c2c9feb2be75e7bee546bafde170a70ede89c326122ce872257b0bf246a30b438fd3e65712c813ca519292402,gx-no-cache=1710946821186 HTTP/1.1" 200 110
191.126.17.116 - - [20/Mar/2024:12:03:19 -0300] "POST /cormun/servlet/solicitudot?gx-no-cache=1710946821278 HTTP/1.1" 200 97
191.126.17.116 - - [20/Mar/2024:12:03:24 -0300] "GET /cormun/servlet/solicitudot?b3701794e77acdcae98d4025e43222f4c38726c4d801dd9f609f018e45a74eb5f2354336272970fcd9fc748288e363e797bc168f25135842fbf3385e427cb42ebeadee01ea0bcaa8a30af3e71586b556cb0ccab8a903da17e0f38338bafe79d976fb1cb9701754dbf74e5033a13f144abc143e5a14ba73bcc25e31a07d40cd01ad60048a21cdd6ed3810777f176b93d97394b35662fa18f675e46f919a34b6db,gx-no-cache=1710946826235 HTTP/1.1" 200 29
191.126.17.116 - - [20/Mar/2024:12:03:24 -0300] "GET /cormun/static/menuarrow.gif HTTP/1.1" 404 1015
190.171.153.34 - - [20/Mar/2024:12:03:26 -0300] "GET /cormun/servlet/solicitudotadjuntos?5802382395dc97da2e7ef2d7b5740163201b00e978224056801403ba26967386,gx-no-cache=1710946829649 HTTP/1.1" 200 30
190.171.153.34 - - [20/Mar/2024:12:03:26 -0300] "GET /cormun/servlet/solicitudotadjuntos?5802382395dc97da2e7ef2d7b5740163201b00e978224056801403ba26967386,gx-no-cache=1710946829659 HTTP/1.1" 200 30
190.171.153.34 - - [20/Mar/2024:12:03:26 -0300] "POST /cormun/servlet/solicitudotadjuntos?a2cc69c708bb131dd013efe79207c261,INS,2024,21001,,1, HTTP/1.1" 200 116
190.171.153.34 - - [20/Mar/2024:12:03:26 -0300] "GET /cormun/servlet/hpexe_return? HTTP/1.1" 200 1030
190.171.153.34 - - [20/Mar/2024:12:03:26 -0300] "GET /cormun/servlet/trsolicitudadjuntos?2024,21001, HTTP/1.1" 200 9670
191.126.17.116 - - [20/Mar/2024:12:03:28 -0300] "GET /cormun/servlet/solicitudot?b3701794e77acdcae98d4025e43222f401ed09d068560a3aa0099fb65d22448d654dbc7d3a32dfcb99d35eb88bcb3755,gx-no-cache=1710946829914 HTTP/1.1" 200 30
190.171.153.34 - - [20/Mar/2024:12:03:29 -0300] "GET /cormun/servlet/solicitudotadjuntos?INS,2024,21001,,1, HTTP/1.1" 200 6399
190.171.153.34 - - [20/Mar/2024:12:03:30 -0300] "GET /cormun/static/about:blank HTTP/1.1" 404 1011
190.171.153.34 - - [20/Mar/2024:12:03:30 -0300] "GET /cormun/servlet/solicitudotadjuntos?5802382395dc97da2e7ef2d7b57401635df83b1193f7a3eb97856925be4595e84ef353502db03ebd33d4702fecada5dd,gx-no-cache=1710946833721 HTTP/1.1" 200 30
190.171.153.34 - - [20/Mar/2024:12:03:30 -0300] "POST /cormun/servlet/solicitudotadjuntos?a2cc69c708bb131dd013efe79207c261,INS,2024,21001,,1,,gx-no-cache=1710946833734 HTTP/1.1" 200 4149
190.171.153.34 - - [20/Mar/2024:12:03:33 -0300] "POST /cormun/servlet/solicitudotadjuntos?gx-no-cache=1710946836593 HTTP/1.1" 200 26
191.126.17.116 - - [20/Mar/2024:12:03:35 -0300] "POST /cormun/servlet/solicitudot?gx-no-cache=1710946837227 HTTP/1.1" 200 30
191.126.17.116 - - [20/Mar/2024:12:03:35 -0300] "POST /cormun/servlet/solicitudot?f0eb74cd40727a9c4dfb4cc777a882f1,INS,0,0,false,,gx-no-cache=1710946837304 HTTP/1.1" 200 93
191.126.17.116 - - [20/Mar/2024:12:03:36 -0300] "GET /cormun/servlet/hpexe_return? HTTP/1.1" 200 1006
191.126.17.116 - - [20/Mar/2024:12:03:36 -0300] "GET /cormun/servlet/trsolicitudot HTTP/1.1" 200 16820
190.171.153.34 - - [20/Mar/2024:12:03:38 -0300] "GET /cormun/servlet/solicitudotadjuntos?5802382395dc97da2e7ef2d7b5740163201b00e978224056801403ba26967386,gx-no-cache=1710946841689 HTTP/1.1" 200 30
190.171.153.34 - - [20/Mar/2024:12:03:38 -0300] "GET /cormun/servlet/solicitudotadjuntos?5802382395dc97da2e7ef2d7b5740163201b00e978224056801403ba26967386,gx-no-cache=1710946841699 HTTP/1.1" 200 30
190.171.153.34 - - [20/Mar/2024:12:03:38 -0300] "POST /cormun/servlet/solicitudotadjuntos?a2cc69c708bb131dd013efe79207c261,INS,2024,21001,,1, HTTP/1.1" 200 116
190.171.153.34 - - [20/Mar/2024:12:03:38 -0300] "GET /cormun/servlet/hpexe_return? HTTP/1.1" 200 1030
190.171.153.34 - - [20/Mar/2024:12:03:38 -0300] "GET /cormun/servlet/trsolicitudadjuntos?2024,21001, HTTP/1.1" 200 9915
190.171.153.34 - - [20/Mar/2024:12:03:41 -0300] "GET /cormun/servlet/solicitudotadjuntos?INS,2024,21001,,1, HTTP/1.1" 200 6399
190.171.153.34 - - [20/Mar/2024:12:03:41 -0300] "GET /cormun/static/about:blank HTTP/1.1" 404 1011
190.171.153.34 - - [20/Mar/2024:12:03:41 -0300] "GET /cormun/servlet/solicitudotadjuntos?5802382395dc97da2e7ef2d7b57401635df83b1193f7a3eb97856925be4595e84ef353502db03ebd33d4702fecada5dd,gx-no-cache=1710946844797 HTTP/1.1" 200 30
