190.171.153.50 - - [20/Mar/2024:14:08:10 -0300] "POST /cormun/servlet/solicitudot?283c50a4d41b40497df0e0950f12a061,INS,0,0,false,,gx-no-cache=1710954315326 HTTP/1.1" 200 93
190.171.153.50 - - [20/Mar/2024:14:08:10 -0300] "GET /cormun/servlet/hpexe_return? HTTP/1.1" 200 1007
190.171.153.50 - - [20/Mar/2024:14:08:10 -0300] "GET /cormun/static/gxcfg.js?20221129846035 HTTP/1.1" 200 953
190.171.153.50 - - [20/Mar/2024:14:08:10 -0300] "GET /cormun/static/hpexe_return.js?20221129846037 HTTP/1.1" 200 1633
190.171.153.50 - - [20/Mar/2024:14:08:10 -0300] "GET /cormun/servlet/trsolicitudot HTTP/1.1" 200 8885
190.171.153.50 - - [20/Mar/2024:14:08:11 -0300] "GET /cormun//static/Resources/PXToolsActionView.png HTTP/1.1" 200 398
190.171.153.50 - - [20/Mar/2024:14:08:11 -0300] "GET /cormun//static/Resources/PXToolsGridUpdate.png HTTP/1.1" 200 470
190.171.153.50 - - [20/Mar/2024:14:08:11 -0300] "GET /cormun//static/Resources/PXToolsRemoveAllAction.png HTTP/1.1" 200 487
190.171.153.50 - - [20/Mar/2024:14:08:11 -0300] "GET /cormun//static/Resources/PXToolsGridDelete.png HTTP/1.1" 200 538
190.171.153.50 - - [20/Mar/2024:14:08:17 -0300] "GET /cormun/servlet/trreportecargahoraria? HTTP/1.1" 200 6865
190.171.153.50 - - [20/Mar/2024:14:08:17 -0300] "GET /cormun/static/gxcfg.js?202211298504121 HTTP/1.1" 200 953
190.171.153.50 - - [20/Mar/2024:14:08:17 -0300] "GET /cormun/static/trreportecargahoraria.js?20221129850435 HTTP/1.1" 200 29376
191.126.17.116 - - [20/Mar/2024:14:08:18 -0300] "GET /cormun/servlet/permisogoce?ffe7a3deeffc12297c999c11a744bad46752433ea4e92b7ddfe8bbab4b8d50eb25478ff4bdf5711d32ababa763129921ee433c828fe8f86d3366cb607572f819,gx-no-cache=1710954321816 HTTP/1.1" 200 48
190.171.153.50 - - [20/Mar/2024:14:08:20 -0300] "GET /cormun/servlet/trcontratosolicitud? HTTP/1.1" 200 14476
190.171.153.50 - - [20/Mar/2024:14:08:20 -0300] "GET /cormun/static/gxcfg.js?202211298514361 HTTP/1.1" 200 953
190.171.153.50 - - [20/Mar/2024:14:08:20 -0300] "GET /cormun/static/trcontratosolicitud.js?202211298514531 HTTP/1.1" 200 28237
190.171.153.50 - - [20/Mar/2024:14:08:20 -0300] "GET /cormun//static/Resources/PXToolsGridNew.png HTTP/1.1" 200 427
191.126.17.116 - - [20/Mar/2024:14:08:23 -0300] "POST /cormun/servlet/permisogoce?f0eb74cd40727a9c4dfb4cc777a882f1,INS,0,,,,gx-no-cache=1710954325746 HTTP/1.1" 200 93
191.126.17.116 - - [20/Mar/2024:14:08:23 -0300] "GET /cormun/servlet/hpexe_return? HTTP/1.1" 200 1006
191.126.17.116 - - [20/Mar/2024:14:08:23 -0300] "GET /cormun/servlet/trpermisosgoce HTTP/1.1" 200 8225
191.126.17.116 - - [20/Mar/2024:14:08:25 -0300] "GET /cormun/servlet/apermisogoceprn?18044538,P,20240320140345,PU HTTP/1.1" 200 1663
190.171.153.50 - - [20/Mar/2024:14:08:34 -0300] "GET /cormun/servlet/trsolicitudot? HTTP/1.1" 200 8882
190.171.153.50 - - [20/Mar/2024:14:08:38 -0300] "GET /cormun/servlet/solicitudot?INS,0,0,false, HTTP/1.1" 200 16257
191.126.17.116 - - [20/Mar/2024:14:08:51 -0300] "GET /cormun/servlet/trpermisosgoce? HTTP/1.1" 200 8221
191.126.17.116 - - [20/Mar/2024:14:08:53 -0300] "GET /cormun/static/menuarrow.gif HTTP/1.1" 404 1015
191.126.17.116 - - [20/Mar/2024:14:09:19 -0300] "GET /cormun/servlet/permisogoce?INS,0,,, HTTP/1.1" 200 6768
195.140.227.163 - - [20/Mar/2024:14:09:26 -0300] "GET /manager/html HTTP/1.1" 401 2474
191.126.17.116 - - [20/Mar/2024:14:09:31 -0300] "GET /cormun/servlet/permisogoce?ffe7a3deeffc12297c999c11a744bad4f9b8f8b7294711a8f4fe0d2dc1bfee58da6e56d6f46d69d3bc6077130ea4855bc81c28353a5b8dc71538ab05c8db37ad,gx-no-cache=1710954394673 HTTP/1.1" 200 78
191.126.17.116 - - [20/Mar/2024:14:09:31 -0300] "GET /cormun/static/menuarrow.gif HTTP/1.1" 404 1015
190.171.153.50 - - [20/Mar/2024:14:09:39 -0300] "POST /cormun/servlet/solicitudot?gx-no-cache=1710954404023 HTTP/1.1" 200 4031
190.171.153.50 - - [20/Mar/2024:14:09:39 -0300] "POST /cormun/servlet/solicitudot?283c50a4d41b40497df0e0950f12a061,INS,0,0,false,,gx-no-cache=1710954404142 HTTP/1.1" 200 12873
191.126.17.116 - - [20/Mar/2024:14:09:39 -0300] "GET /cormun/servlet/permisogoce?ffe7a3deeffc12297c999c11a744bad4ec3327c0224f29f9cec19f9344ce5425da23987274fdccf7f1f0eaff8a0990fdee433c828fe8f86d3366cb607572f819,gx-no-cache=1710954402920 HTTP/1.1" 200 47
190.171.153.50 - - [20/Mar/2024:14:09:41 -0300] "GET /cormun/servlet/solicitudot?0a32b879ef8e969fcc12b38a91eb1267dc0db797bdfb186eaaa5e380e87e9629b29f3a4901b65f80f53c0630b78981f7,gx-no-cache=1710954406651 HTTP/1.1" 200 30
191.126.17.116 - - [20/Mar/2024:14:09:42 -0300] "POST /cormun/servlet/permisogoce?f0eb74cd40727a9c4dfb4cc777a882f1,INS,0,,,,gx-no-cache=1710954405186 HTTP/1.1" 200 93
191.126.17.116 - - [20/Mar/2024:14:09:42 -0300] "GET /cormun/servlet/hpexe_return? HTTP/1.1" 200 1006
191.126.17.116 - - [20/Mar/2024:14:09:42 -0300] "GET /cormun/servlet/trpermisosgoce HTTP/1.1" 200 8449
191.126.17.116 - - [20/Mar/2024:14:09:46 -0300] "GET /cormun/servlet/apermisogoceprn?16494332,P,20240320140610,PU HTTP/1.1" 200 1669
191.126.17.116 - - [20/Mar/2024:14:10:25 -0300] "GET /cormun/static/menuarrow.gif HTTP/1.1" 404 1015
191.126.17.116 - - [20/Mar/2024:14:11:12 -0300] "GET /cormun/servlet/permisogoce?INS,0,,, HTTP/1.1" 200 6769
191.126.17.116 - - [20/Mar/2024:14:11:30 -0300] "GET /cormun/servlet/permisogoce?ffe7a3deeffc12297c999c11a744bad4b5b163542aad358b15346a4954588699da6e56d6f46d69d3bc6077130ea4855bc81c28353a5b8dc71538ab05c8db37ad,gx-no-cache=1710954513369 HTTP/1.1" 200 81
191.126.17.116 - - [20/Mar/2024:14:11:30 -0300] "GET /cormun/static/menuarrow.gif HTTP/1.1" 404 1015
191.126.17.116 - - [20/Mar/2024:14:11:37 -0300] "GET /cormun/servlet/permisogoce?ffe7a3deeffc12297c999c11a744bad45872bf6b4bea4fc3db446740bf1a5942a32edbe864e2fbffe9cbcd1d775cff03dba264addb584ca552def33e88553e87,gx-no-cache=1710954520328 HTTP/1.1" 200 47
191.126.17.116 - - [20/Mar/2024:14:11:40 -0300] "POST /cormun/servlet/permisogoce?f0eb74cd40727a9c4dfb4cc777a882f1,INS,0,,,,gx-no-cache=1710954523218 HTTP/1.1" 200 93
191.126.17.116 - - [20/Mar/2024:14:11:40 -0300] "GET /cormun/servlet/hpexe_return? HTTP/1.1" 200 1006
191.126.17.116 - - [20/Mar/2024:14:11:42 -0300] "GET /cormun/servlet/trpermisosgoce HTTP/1.1" 200 8687
191.126.17.116 - - [20/Mar/2024:14:11:46 -0300] "GET /cormun/servlet/apermisogoceprn?16734011,P,20240320140803,PU HTTP/1.1" 200 1649
190.171.153.50 - - [20/Mar/2024:14:11:47 -0300] "GET /cormun/servlet/prbanco?,MD,,gxPopupLevel%3D0%3B HTTP/1.1" 200 6616
190.171.153.50 - - [20/Mar/2024:14:11:50 -0300] "GET /cormun/servlet/solicitudot?0a32b879ef8e969fcc12b38a91eb1267162244083f4e2bb8404188b4ada7c4f05736a117d52cf34e0186c188b54657d8b29f3a4901b65f80f53c0630b78981f7,gx-no-cache=1710954535239 HTTP/1.1" 200 30
190.171.153.50 - - [20/Mar/2024:14:11:51 -0300] "GET /cormun/servlet/solicitudot?0a32b879ef8e969fcc12b38a91eb12673841ef173ea77210a1d279fc7bf230be,gx-no-cache=1710954536485 HTTP/1.1" 200 53
190.171.153.50 - - [20/Mar/2024:14:12:37 -0300] "POST /cormun/servlet/solicitudot?gx-no-cache=1710954582371 HTTP/1.1" 200 255
190.171.153.50 - - [20/Mar/2024:14:12:40 -0300] "GET /cormun/servlet/solicitudot?0a32b879ef8e969fcc12b38a91eb126747cfee606dee9446f30ead77ea723f41a5e43cf640ae9d68ecf14cbd145c7990b823f91e91d9c8b189f4a7e619ec9aade1adbe10488ac053eeb6734fd222f2d10a32b1f64bfb882030ba26a6102dcaa4237d96242772a3c7ef44cb8fae1fc9945aace6345c895d20f84528978ccd305e93f2a0896591f3c5283c327190b1c358356ae25518c8885a77e629b67088e21a02d72d4e14bed9ea864a5fa73c52258ba6a97ce5cdd6625fe6074ac66c47c522525e65fe26e63c8ab097587373c5f2d767abfbc56568d7c7954b3b8a566500c96035f9e055b3fbdcf6e50d8da51f4067dc16957028df6d7bf4388ffd5b6fc45b124a4f4909a50ffe80ec18ac9e5f1394534bc20af5f53fc7d1d75eb4b640b85dee1087aab15f2dabd1d60ac81e44c877aada0fb6e815e8f2e09ea1c1791615dfb53c86177df9cbda5220fcb1358369e3fa11e62da4e8bb72e444153e70152e7a78533da42381d2fd456deb800e2a5cfeb39f47e83b7b3f129b4a55b99cdc9dcb,gx-no-cache=1710954585468 HTTP/1.1" 200 30
190.171.153.50 - - [20/Mar/2024:14:12:42 -0300] "POST /cormun/servlet/solicitudot?gx-no-cache=1710954587768 HTTP/1.1" 200 30
190.171.153.50 - - [20/Mar/2024:14:13:21 -0300] "POST /cormun/servlet/solicitudot?gx-no-cache=1710954626591 HTTP/1.1" 200 1474
190.171.153.50 - - [20/Mar/2024:14:13:21 -0300] "POST /cormun/servlet/solicitudot?gx-no-cache=1710954626639 HTTP/1.1" 200 38
190.171.153.50 - - [20/Mar/2024:14:13:34 -0300] "GET /cormun/servlet/solicitudot?0a32b879ef8e969fcc12b38a91eb1267706d3ed1575794077cd17171b2b1861db1b56dcb4def9bb436facd4ea3cf3c6963920a9d344d6c29d30c959a0afe2a0c82f6021733d0118761f6660b5a6a46836a14cfb1879a293ce3d99c805dd946164627d5f9ff4658038d5fd99fe23946f4,gx-no-cache=1710954639895 HTTP/1.1" 200 110
190.171.153.50 - - [20/Mar/2024:14:13:34 -0300] "POST /cormun/servlet/solicitudot?gx-no-cache=1710954639917 HTTP/1.1" 200 97
190.171.153.50 - - [20/Mar/2024:14:13:43 -0300] "GET /cormun/servlet/solicitudot?0a32b879ef8e969fcc12b38a91eb1267422b3749cc2c97c568fb0a1264bcc8d087d3c559c0afed18e5964741328f0f84600879b875bfa501208c654e1e41de9742a4688df67228d34a04e2cd888650abcb1be27c527a150bb4b55474bd6129751eaede4f17e0ad5ce97ff130d5d9968a,gx-no-cache=1710954648522 HTTP/1.1" 200 29
190.171.153.50 - - [20/Mar/2024:14:13:43 -0300] "GET /cormun/static/menuarrow.gif HTTP/1.1" 404 1015
190.171.153.50 - - [20/Mar/2024:14:13:45 -0300] "GET /cormun/servlet/solicitudot?0a32b879ef8e969fcc12b38a91eb1267e6e7e2c20eb74f8adfa0ff9725432dab4d938f8f0f0fe78a172569754a0da69f,gx-no-cache=1710954650976 HTTP/1.1" 200 30
190.171.153.50 - - [20/Mar/2024:14:13:54 -0300] "POST /cormun/servlet/solicitudot?gx-no-cache=1710954659615 HTTP/1.1" 200 30
190.171.153.50 - - [20/Mar/2024:14:13:58 -0300] "POST /cormun/servlet/solicitudot?283c50a4d41b40497df0e0950f12a061,INS,0,0,false,,gx-no-cache=1710954663587 HTTP/1.1" 200 93
190.171.153.50 - - [20/Mar/2024:14:13:58 -0300] "GET /cormun/servlet/hpexe_return? HTTP/1.1" 200 1007
190.171.153.50 - - [20/Mar/2024:14:13:58 -0300] "GET /cormun/servlet/trsolicitudot HTTP/1.1" 200 9290
190.171.153.50 - - [20/Mar/2024:14:14:05 -0300] "GET /cormun/servlet/trcontratosolicitud? HTTP/1.1" 200 14485
190.171.153.50 - - [20/Mar/2024:14:14:23 -0300] "GET /cormun/servlet/trsolicitudot? HTTP/1.1" 200 9286
190.171.153.50 - - [20/Mar/2024:14:14:27 -0300] "GET /cormun/servlet/solicitudot?INS,0,0,false, HTTP/1.1" 200 16256
190.171.153.50 - - [20/Mar/2024:14:14:30 -0300] "GET /cormun/servlet/prfichaempleado?,MD,,gxPopupLevel%3D0%3B HTTP/1.1" 200 9302
190.171.153.50 - - [20/Mar/2024:14:14:38 -0300] "POST /cormun/servlet/prfichaempleado?283c50a4d41b40497df0e0950f12a061,,MD,,gxPopupLevel%3D0%3B,gx-no-cache=1710954703539 HTTP/1.1" 200 3409
190.171.153.50 - - [20/Mar/2024:14:14:42 -0300] "POST /cormun/servlet/solicitudot?gx-no-cache=1710954707200 HTTP/1.1" 200 4145
190.171.153.50 - - [20/Mar/2024:14:14:42 -0300] "POST /cormun/servlet/solicitudot?283c50a4d41b40497df0e0950f12a061,INS,0,0,false,,gx-no-cache=1710954707290 HTTP/1.1" 200 12995
190.171.153.50 - - [20/Mar/2024:14:14:42 -0300] "GET /cormun/servlet/solicitudot?0a32b879ef8e969fcc12b38a91eb1267da49a5b05195ce257d13cdff6edd9390b29f3a4901b65f80f53c0630b78981f7,gx-no-cache=1710954707374 HTTP/1.1" 200 30
191.126.17.116 - - [20/Mar/2024:14:14:43 -0300] "GET /cormun/servlet/trsolicitudot? HTTP/1.1" 200 20918
191.126.17.116 - - [20/Mar/2024:14:14:51 -0300] "POST /cormun/servlet/trsolicitudot?f0eb74cd40727a9c4dfb4cc777a882f1,,gx-no-cache=1710954714390 HTTP/1.1" 200 106
191.126.17.116 - - [20/Mar/2024:14:14:51 -0300] "GET /cormun/servlet/trsolicitudadjuntos?2024,20999, HTTP/1.1" 200 6021
191.126.17.116 - - [20/Mar/2024:14:14:54 -0300] "GET /cormun/servlet/trsolicitudot? HTTP/1.1" 200 20918
191.126.17.116 - - [20/Mar/2024:14:15:00 -0300] "POST /cormun/servlet/trsolicitudot?f0eb74cd40727a9c4dfb4cc777a882f1,,gx-no-cache=1710954723780 HTTP/1.1" 200 106
191.126.17.116 - - [20/Mar/2024:14:15:00 -0300] "GET /cormun/servlet/trsolicitudadjuntos?2024,21000, HTTP/1.1" 200 6018
191.126.17.116 - - [20/Mar/2024:14:15:04 -0300] "GET /cormun/servlet/solicitudotadjuntos?INS,2024,21000,,1, HTTP/1.1" 200 5958
191.126.17.116 - - [20/Mar/2024:14:15:04 -0300] "GET /cormun/static/about:blank HTTP/1.1" 404 1011
191.126.17.116 - - [20/Mar/2024:14:15:05 -0300] "GET /cormun/servlet/solicitudotadjuntos?b3701794e77acdcae98d4025e43222f481f068676f8fe20d7d056d2355055cc912541bd61f53e96a8dac02777ec69835,gx-no-cache=1710954728505 HTTP/1.1" 200 30
191.126.17.116 - - [20/Mar/2024:14:15:05 -0300] "POST /cormun/servlet/solicitudotadjuntos?f0eb74cd40727a9c4dfb4cc777a882f1,INS,2024,21000,,1,,gx-no-cache=1710954728553 HTTP/1.1" 200 3895
191.126.17.116 - - [20/Mar/2024:14:15:08 -0300] "POST /cormun/servlet/solicitudotadjuntos?gx-no-cache=1710954731396 HTTP/1.1" 200 26
195.140.227.163 - - [20/Mar/2024:14:15:15 -0300] "GET /manager/html HTTP/1.1" 401 2474
78.108.177.50 - - [20/Mar/2024:14:16:34 -0300] "GET / HTTP/1.0" 200 11197
190.171.143.82 - - [20/Mar/2024:14:19:02 -0300] "GET /cormun/servlet/hhome HTTP/1.1" 200 3323
190.171.143.82 - - [20/Mar/2024:14:19:04 -0300] "GET /cormun/servlet/hlogin HTTP/1.1" 200 1731
190.171.143.82 - - [20/Mar/2024:14:19:14 -0300] "POST /cormun/servlet/hlogin?5a5163832e916db46525dca2bac3b889,gx-no-cache=1710954978906 HTTP/1.1" 200 448
190.171.143.82 - - [20/Mar/2024:14:19:17 -0300] "POST /cormun/servlet/hlogin?5a5163832e916db46525dca2bac3b889,gx-no-cache=1710954982085 HTTP/1.1" 200 90
190.171.143.82 - - [20/Mar/2024:14:19:18 -0300] "GET /cormun/servlet/hpexe_link HTTP/1.1" 200 951
190.171.143.82 - - [20/Mar/2024:14:19:18 -0300] "GET /cormun/servlet/hhome HTTP/1.1" 200 4122
190.171.143.82 - - [20/Mar/2024:14:19:28 -0300] "GET /cormun/servlet/trpermisosgoce? HTTP/1.1" 200 9153
190.171.143.82 - - [20/Mar/2024:14:19:34 -0300] "GET /cormun/servlet/permisogoce?INS,0,,, HTTP/1.1" 200 6985
95.214.27.8 - - [20/Mar/2024:14:19:51 -0300] "GET / HTTP/1.1" 500 -
190.171.143.82 - - [20/Mar/2024:14:19:52 -0300] "GET /cormun/servlet/permisogoce?bf2f83ea19b6e5520ad340b407c58e31ec3561eb9bc5f8c0be86731c58dfd9e1a3a4e62f61825603f5b69bfcbb60c12bfe95c83399a8bcd0b7560bf86057889c,gx-no-cache=1710955016782 HTTP/1.1" 200 77
190.171.143.82 - - [20/Mar/2024:14:20:00 -0300] "GET /cormun/servlet/permisogoce?bf2f83ea19b6e5520ad340b407c58e3156936fd1a411866a0862fa96718b0a11c19925c3d0b918c88c29b2d661e0f542615522ed2c2b6a792eea73a4e585a733,gx-no-cache=1710955025106 HTTP/1.1" 200 47
190.171.143.82 - - [20/Mar/2024:14:20:02 -0300] "POST /cormun/servlet/permisogoce?5a5163832e916db46525dca2bac3b889,INS,0,,,,gx-no-cache=1710955026347 HTTP/1.1" 200 93
190.171.143.82 - - [20/Mar/2024:14:20:02 -0300] "GET /cormun/servlet/hpexe_return? HTTP/1.1" 200 1009
190.171.143.82 - - [20/Mar/2024:14:20:03 -0300] "GET /cormun/servlet/trpermisosgoce HTTP/1.1" 200 9359
190.171.143.82 - - [20/Mar/2024:14:20:07 -0300] "GET /cormun/servlet/permisogoce?INS,0,,, HTTP/1.1" 200 6984
190.171.143.82 - - [20/Mar/2024:14:20:20 -0300] "GET /cormun/servlet/permisogoce?bf2f83ea19b6e5520ad340b407c58e3112cca334c5439a4cff386ffe089724e9a3a4e62f61825603f5b69bfcbb60c12bfe95c83399a8bcd0b7560bf86057889c,gx-no-cache=1710955044774 HTTP/1.1" 200 226
190.171.143.82 - - [20/Mar/2024:14:20:20 -0300] "GET /cormun/static/Shared/jqueryui/images/ui-bg_highlight-soft_100_c6c2c8_1x100.png HTTP/1.1" 404 1117
190.171.143.82 - - [20/Mar/2024:14:20:20 -0300] "GET /cormun/static/Shared/jqueryui/images/ui-icons_82798d_256x240.png HTTP/1.1" 404 1089
190.171.143.82 - - [20/Mar/2024:14:20:20 -0300] "GET /cormun/static/Shared/jqueryui/images/ui-icons_ebccce_256x240.png HTTP/1.1" 404 1089
190.171.143.82 - - [20/Mar/2024:14:20:20 -0300] "GET /cormun/static/Shared/jqueryui/images/ui-bg_flat_55_994d53_40x100.png HTTP/1.1" 404 1097
190.171.143.82 - - [20/Mar/2024:14:20:37 -0300] "GET /cormun/servlet/permisogoce?bf2f83ea19b6e5520ad340b407c58e3144b9298167eca4fccb58fd4c73c51791a3a4e62f61825603f5b69bfcbb60c12bfe95c83399a8bcd0b7560bf86057889c,gx-no-cache=1710955061506 HTTP/1.1" 200 80
190.171.143.82 - - [20/Mar/2024:14:20:38 -0300] "GET /cormun/servlet/permisogoce?bf2f83ea19b6e5520ad340b407c58e31da4a24fd8457991f19b766e69096115839193066c0dd9663192346eb9fcbb102,gx-no-cache=1710955062860 HTTP/1.1" 200 129
190.171.143.82 - - [20/Mar/2024:14:20:49 -0300] "GET /cormun/static/menuarrow.gif HTTP/1.1" 404 1015
190.171.143.82 - - [20/Mar/2024:14:20:57 -0300] "GET /cormun/servlet/permisogoce?bf2f83ea19b6e5520ad340b407c58e31da4a24fd8457991f19b766e69096115854319522f285a94ceedaf0c7eaa03f7a615522ed2c2b6a792eea73a4e585a733,gx-no-cache=1710955081768 HTTP/1.1" 200 47
195.140.227.163 - - [20/Mar/2024:14:20:57 -0300] "GET /manager/html HTTP/1.1" 401 2474
190.171.143.82 - - [20/Mar/2024:14:20:58 -0300] "POST /cormun/servlet/permisogoce?5a5163832e916db46525dca2bac3b889,INS,0,,,,gx-no-cache=1710955083012 HTTP/1.1" 200 93
190.171.143.82 - - [20/Mar/2024:14:20:58 -0300] "GET /cormun/servlet/hpexe_return? HTTP/1.1" 200 1009
190.171.143.82 - - [20/Mar/2024:14:20:59 -0300] "GET /cormun/servlet/trpermisosgoce HTTP/1.1" 200 9552
190.171.143.82 - - [20/Mar/2024:14:21:06 -0300] "GET /cormun/servlet/apermisogoceprn?13944665,P,20240320141657,PU HTTP/1.1" 200 1651
190.171.143.82 - - [20/Mar/2024:14:21:23 -0300] "GET /cormun/servlet/apermisogoceprn?13568629,P,20240320141625,PU HTTP/1.1" 200 1645
190.171.141.82 - - [20/Mar/2024:14:22:32 -0300] "GET /cormun/servlet/hlogin HTTP/1.1" 200 1721
190.171.141.82 - - [20/Mar/2024:14:22:33 -0300] "GET /cormun/servlet/hlogin HTTP/1.1" 200 1732
190.171.141.82 - - [20/Mar/2024:14:22:35 -0300] "POST /cormun/servlet/hlogin?77fb1bb9cd9cc74c6b35d7cc4925c654,gx-no-cache=1710955178934 HTTP/1.1" 200 90
190.171.141.82 - - [20/Mar/2024:14:22:35 -0300] "GET /cormun/servlet/hpexe_link HTTP/1.1" 200 953
190.171.141.82 - - [20/Mar/2024:14:22:36 -0300] "GET /cormun/servlet/hhome HTTP/1.1" 200 4321
191.126.17.116 - - [20/Mar/2024:14:22:43 -0300] "GET /cormun/servlet/hlogin HTTP/1.1" 200 1717
190.171.141.82 - - [20/Mar/2024:14:22:45 -0300] "GET /cormun/servlet/trpermisosgoce? HTTP/1.1" 200 8700
191.126.17.116 - - [20/Mar/2024:14:22:46 -0300] "POST /cormun/servlet/hlogin?f0eb74cd40727a9c4dfb4cc777a882f1,gx-no-cache=1710955189751 HTTP/1.1" 200 90
191.126.17.116 - - [20/Mar/2024:14:22:46 -0300] "GET /cormun/servlet/hpexe_link HTTP/1.1" 200 975
191.126.17.116 - - [20/Mar/2024:14:22:46 -0300] "GET /cormun/servlet/solicitudotadjuntos?INS,2024,21000,,1, HTTP/1.1" 200 5954
191.126.17.116 - - [20/Mar/2024:14:22:47 -0300] "GET /cormun/static/about:blank HTTP/1.1" 404 1011
191.126.17.116 - - [20/Mar/2024:14:22:47 -0300] "GET /cormun/servlet/solicitudotadjuntos?b3701794e77acdcae98d4025e43222f481f068676f8fe20d7d056d2355055cc912541bd61f53e96a8dac02777ec69835,gx-no-cache=1710955190788 HTTP/1.1" 200 30
191.126.17.116 - - [20/Mar/2024:14:22:47 -0300] "POST /cormun/servlet/solicitudotadjuntos?f0eb74cd40727a9c4dfb4cc777a882f1,INS,2024,21000,,1,,gx-no-cache=1710955190919 HTTP/1.1" 200 3885
190.171.141.82 - - [20/Mar/2024:14:22:48 -0300] "GET /cormun/servlet/permisogoce?INS,0,,, HTTP/1.1" 200 7209
190.171.141.82 - - [20/Mar/2024:14:22:48 -0300] "GET /cormun/static/gxcfg.js?20201215124560 HTTP/1.1" 200 953
190.171.141.82 - - [20/Mar/2024:14:22:48 -0300] "GET /cormun/static/permisogoce.js?20201215124939 HTTP/1.1" 200 27790
191.126.17.116 - - [20/Mar/2024:14:22:50 -0300] "POST /cormun/servlet/solicitudotadjuntos?gx-no-cache=1710955193336 HTTP/1.1" 200 26
190.171.141.82 - - [20/Mar/2024:14:22:50 -0300] "GET /cormun/static/Resources/resize.gif HTTP/1.1" 200 77
190.171.141.82 - - [20/Mar/2024:14:22:50 -0300] "GET /cormun/static/Resources/PXTools/ClosePrompt.png HTTP/1.1" 200 1036
190.171.141.82 - - [20/Mar/2024:14:22:51 -0300] "GET /cormun/servlet/prfichaempleado?,MD,,gxPopupLevel%3D0%3B HTTP/1.1" 200 9349
190.171.141.82 - - [20/Mar/2024:14:22:52 -0300] "GET /cormun/static/gxcfg.js?20201215571085 HTTP/1.1" 200 953
190.171.141.82 - - [20/Mar/2024:14:22:52 -0300] "GET /cormun/static/prfichaempleado.js?20201215572193 HTTP/1.1" 200 16005
190.171.141.82 - - [20/Mar/2024:14:22:54 -0300] "POST /cormun/servlet/prfichaempleado?77fb1bb9cd9cc74c6b35d7cc4925c654,,MD,,gxPopupLevel%3D0%3B,gx-no-cache=1710955197838 HTTP/1.1" 200 5932
191.126.17.116 - - [20/Mar/2024:14:22:56 -0300] "GET /cormun/servlet/solicitudotadjuntos?b3701794e77acdcae98d4025e43222f4701c51c31fa45490df58ccf7d7d049be,gx-no-cache=1710955199199 HTTP/1.1" 200 30
191.126.17.116 - - [20/Mar/2024:14:22:56 -0300] "GET /cormun/servlet/solicitudotadjuntos?b3701794e77acdcae98d4025e43222f4701c51c31fa45490df58ccf7d7d049be,gx-no-cache=1710955199236 HTTP/1.1" 200 30
191.126.17.116 - - [20/Mar/2024:14:22:56 -0300] "POST /cormun/servlet/solicitudotadjuntos?f0eb74cd40727a9c4dfb4cc777a882f1,INS,2024,21000,,1, HTTP/1.1" 200 116
191.126.17.116 - - [20/Mar/2024:14:22:56 -0300] "GET /cormun/servlet/hpexe_return? HTTP/1.1" 200 1023
191.126.17.116 - - [20/Mar/2024:14:22:56 -0300] "GET /cormun/servlet/trsolicitudadjuntos?2024,21000, HTTP/1.1" 200 8982
191.126.17.116 - - [20/Mar/2024:14:22:59 -0300] "GET /cormun/servlet/solicitudotadjuntos?INS,2024,21000,,1, HTTP/1.1" 200 5959
191.126.17.116 - - [20/Mar/2024:14:22:59 -0300] "GET /cormun/static/about:blank HTTP/1.1" 404 1011
190.171.141.82 - - [20/Mar/2024:14:22:59 -0300] "POST /cormun/servlet/prfichaempleado?77fb1bb9cd9cc74c6b35d7cc4925c654,,MD,,gxPopupLevel%3D0%3B,gx-no-cache=1710955202805 HTTP/1.1" 200 3409
191.126.17.116 - - [20/Mar/2024:14:22:59 -0300] "GET /cormun/servlet/solicitudotadjuntos?b3701794e77acdcae98d4025e43222f481f068676f8fe20d7d056d2355055cc912541bd61f53e96a8dac02777ec69835,gx-no-cache=1710955202876 HTTP/1.1" 200 30
191.126.17.116 - - [20/Mar/2024:14:22:59 -0300] "POST /cormun/servlet/solicitudotadjuntos?f0eb74cd40727a9c4dfb4cc777a882f1,INS,2024,21000,,1,,gx-no-cache=1710955202928 HTTP/1.1" 200 3896
191.126.17.116 - - [20/Mar/2024:14:23:01 -0300] "POST /cormun/servlet/solicitudotadjuntos?gx-no-cache=1710955204695 HTTP/1.1" 200 26
190.171.141.82 - - [20/Mar/2024:14:23:03 -0300] "GET /cormun/servlet/permisogoce?a8f876e0d5a326a7f96ace80b4f9962480bfb044a694b1febcf779b58c7d2664bf036228b30a924de3b0ddf7a5cae4ce6f392ccf2201bd39d919eeaa3eef5370,gx-no-cache=1710955206518 HTTP/1.1" 200 82
190.171.141.82 - - [20/Mar/2024:14:23:03 -0300] "GET /cormun/static/menuarrow.gif HTTP/1.1" 404 1015
191.126.17.116 - - [20/Mar/2024:14:23:06 -0300] "GET /cormun/servlet/solicitudotadjuntos?b3701794e77acdcae98d4025e43222f4701c51c31fa45490df58ccf7d7d049be,gx-no-cache=1710955209910 HTTP/1.1" 200 30
191.126.17.116 - - [20/Mar/2024:14:23:06 -0300] "GET /cormun/servlet/solicitudotadjuntos?b3701794e77acdcae98d4025e43222f4701c51c31fa45490df58ccf7d7d049be,gx-no-cache=1710955209963 HTTP/1.1" 200 30
191.126.17.116 - - [20/Mar/2024:14:23:07 -0300] "POST /cormun/servlet/solicitudotadjuntos?f0eb74cd40727a9c4dfb4cc777a882f1,INS,2024,21000,,1, HTTP/1.1" 200 116
191.126.17.116 - - [20/Mar/2024:14:23:07 -0300] "GET /cormun/servlet/hpexe_return? HTTP/1.1" 200 1023
191.126.17.116 - - [20/Mar/2024:14:23:07 -0300] "GET /cormun/servlet/trsolicitudadjuntos?2024,21000, HTTP/1.1" 200 9230
191.126.17.116 - - [20/Mar/2024:14:23:09 -0300] "GET /cormun/servlet/solicitudotadjuntos?INS,2024,21000,,1, HTTP/1.1" 200 5959
191.126.17.116 - - [20/Mar/2024:14:23:09 -0300] "GET /cormun/static/about:blank HTTP/1.1" 404 1011
190.171.141.82 - - [20/Mar/2024:14:23:09 -0300] "GET /cormun/servlet/permisogoce?a8f876e0d5a326a7f96ace80b4f99624d079b0dd115b75decdd661c487c4b9ccc8a7f2062e22afdd9f713e233550c7c796d46723ac62881a474983f743e3980b,gx-no-cache=1710955212800 HTTP/1.1" 200 129
190.171.141.82 - - [20/Mar/2024:14:23:09 -0300] "GET /cormun/static/Shared/jqueryui/images/ui-icons_82798d_256x240.png HTTP/1.1" 404 1089
190.171.141.82 - - [20/Mar/2024:14:23:09 -0300] "GET /cormun/static/Shared/jqueryui/images/ui-bg_highlight-soft_100_c6c2c8_1x100.png HTTP/1.1" 404 1117
190.171.141.82 - - [20/Mar/2024:14:23:09 -0300] "GET /cormun/static/Shared/jqueryui/images/ui-bg_flat_55_994d53_40x100.png HTTP/1.1" 404 1097
190.171.141.82 - - [20/Mar/2024:14:23:09 -0300] "GET /cormun/static/Shared/jqueryui/images/ui-icons_ebccce_256x240.png HTTP/1.1" 404 1089
191.126.17.116 - - [20/Mar/2024:14:23:10 -0300] "GET /cormun/servlet/solicitudotadjuntos?b3701794e77acdcae98d4025e43222f481f068676f8fe20d7d056d2355055cc912541bd61f53e96a8dac02777ec69835,gx-no-cache=1710955213193 HTTP/1.1" 200 30
191.126.17.116 - - [20/Mar/2024:14:23:10 -0300] "POST /cormun/servlet/solicitudotadjuntos?f0eb74cd40727a9c4dfb4cc777a882f1,INS,2024,21000,,1,,gx-no-cache=1710955213242 HTTP/1.1" 200 3896
191.126.17.116 - - [20/Mar/2024:14:23:11 -0300] "POST /cormun/servlet/solicitudotadjuntos?gx-no-cache=1710955214911 HTTP/1.1" 200 26
190.171.141.82 - - [20/Mar/2024:14:23:13 -0300] "GET /cormun/servlet/permisogoce?a8f876e0d5a326a7f96ace80b4f99624d079b0dd115b75decdd661c487c4b9ccafb4b3b96c38e1043abac5cec22c3c8c893f52561b6bd9f4e21837da2ec2d16c,gx-no-cache=1710955216694 HTTP/1.1" 200 47
191.126.17.116 - - [20/Mar/2024:14:23:17 -0300] "GET /cormun/servlet/solicitudotadjuntos?b3701794e77acdcae98d4025e43222f4701c51c31fa45490df58ccf7d7d049be,gx-no-cache=1710955220038 HTTP/1.1" 200 30
191.126.17.116 - - [20/Mar/2024:14:23:17 -0300] "GET /cormun/servlet/solicitudotadjuntos?b3701794e77acdcae98d4025e43222f4701c51c31fa45490df58ccf7d7d049be,gx-no-cache=1710955220086 HTTP/1.1" 200 30
191.126.17.116 - - [20/Mar/2024:14:23:17 -0300] "POST /cormun/servlet/solicitudotadjuntos?f0eb74cd40727a9c4dfb4cc777a882f1,INS,2024,21000,,1, HTTP/1.1" 200 116
191.126.17.116 - - [20/Mar/2024:14:23:17 -0300] "GET /cormun/servlet/hpexe_return? HTTP/1.1" 200 1023
191.126.17.116 - - [20/Mar/2024:14:23:17 -0300] "GET /cormun/servlet/trsolicitudadjuntos?2024,21000, HTTP/1.1" 200 9436
191.126.17.116 - - [20/Mar/2024:14:23:20 -0300] "GET /cormun/servlet/solicitudotadjuntos?INS,2024,21000,,1, HTTP/1.1" 200 5958
191.126.17.116 - - [20/Mar/2024:14:23:20 -0300] "GET /cormun/static/about:blank HTTP/1.1" 404 1011
190.171.141.82 - - [20/Mar/2024:14:23:20 -0300] "POST /cormun/servlet/permisogoce?77fb1bb9cd9cc74c6b35d7cc4925c654,INS,0,,,,gx-no-cache=1710955222855 HTTP/1.1" 200 93
190.171.141.82 - - [20/Mar/2024:14:23:20 -0300] "GET /cormun/servlet/hpexe_return? HTTP/1.1" 200 1010
190.171.141.82 - - [20/Mar/2024:14:23:20 -0300] "GET /cormun/servlet/trpermisosgoce HTTP/1.1" 200 8942
191.126.17.116 - - [20/Mar/2024:14:23:20 -0300] "GET /cormun/servlet/solicitudotadjuntos?b3701794e77acdcae98d4025e43222f481f068676f8fe20d7d056d2355055cc912541bd61f53e96a8dac02777ec69835,gx-no-cache=1710955223779 HTTP/1.1" 200 30
191.126.17.116 - - [20/Mar/2024:14:23:20 -0300] "POST /cormun/servlet/solicitudotadjuntos?f0eb74cd40727a9c4dfb4cc777a882f1,INS,2024,21000,,1,,gx-no-cache=1710955223830 HTTP/1.1" 200 3895
191.126.17.116 - - [20/Mar/2024:14:23:22 -0300] "POST /cormun/servlet/solicitudotadjuntos?gx-no-cache=1710955225711 HTTP/1.1" 200 26
190.171.141.82 - - [20/Mar/2024:14:23:23 -0300] "GET /cormun/servlet/apermisogoceprn?13568424,P,20240320141939,PU HTTP/1.1" 200 1655
191.126.17.116 - - [20/Mar/2024:14:23:29 -0300] "GET /cormun/servlet/solicitudotadjuntos?b3701794e77acdcae98d4025e43222f4701c51c31fa45490df58ccf7d7d049be,gx-no-cache=1710955232774 HTTP/1.1" 200 30
191.126.17.116 - - [20/Mar/2024:14:23:29 -0300] "GET /cormun/servlet/solicitudotadjuntos?b3701794e77acdcae98d4025e43222f4701c51c31fa45490df58ccf7d7d049be,gx-no-cache=1710955232818 HTTP/1.1" 200 30
191.126.17.116 - - [20/Mar/2024:14:23:30 -0300] "POST /cormun/servlet/solicitudotadjuntos?f0eb74cd40727a9c4dfb4cc777a882f1,INS,2024,21000,,1, HTTP/1.1" 200 116
191.126.17.116 - - [20/Mar/2024:14:23:30 -0300] "GET /cormun/servlet/hpexe_return? HTTP/1.1" 200 1023
191.126.17.116 - - [20/Mar/2024:14:23:30 -0300] "GET /cormun/servlet/trsolicitudadjuntos?2024,21000, HTTP/1.1" 200 9739
191.126.17.116 - - [20/Mar/2024:14:23:32 -0300] "GET /cormun/servlet/solicitudotadjuntos?INS,2024,21000,,1, HTTP/1.1" 200 5958
191.126.17.116 - - [20/Mar/2024:14:23:32 -0300] "GET /cormun/static/about:blank HTTP/1.1" 404 1011
191.126.17.116 - - [20/Mar/2024:14:23:33 -0300] "GET /cormun/servlet/solicitudotadjuntos?b3701794e77acdcae98d4025e43222f481f068676f8fe20d7d056d2355055cc912541bd61f53e96a8dac02777ec69835,gx-no-cache=1710955236365 HTTP/1.1" 200 30
191.126.17.116 - - [20/Mar/2024:14:23:33 -0300] "POST /cormun/servlet/solicitudotadjuntos?f0eb74cd40727a9c4dfb4cc777a882f1,INS,2024,21000,,1,,gx-no-cache=1710955236416 HTTP/1.1" 200 3895
191.126.17.116 - - [20/Mar/2024:14:23:35 -0300] "POST /cormun/servlet/solicitudotadjuntos?gx-no-cache=1710955238663 HTTP/1.1" 200 26
191.126.17.116 - - [20/Mar/2024:14:23:40 -0300] "GET /cormun/servlet/solicitudotadjuntos?b3701794e77acdcae98d4025e43222f4701c51c31fa45490df58ccf7d7d049be,gx-no-cache=1710955243878 HTTP/1.1" 200 30
191.126.17.116 - - [20/Mar/2024:14:23:40 -0300] "GET /cormun/servlet/solicitudotadjuntos?b3701794e77acdcae98d4025e43222f4701c51c31fa45490df58ccf7d7d049be,gx-no-cache=1710955243929 HTTP/1.1" 200 30
191.126.17.116 - - [20/Mar/2024:14:23:41 -0300] "POST /cormun/servlet/solicitudotadjuntos?f0eb74cd40727a9c4dfb4cc777a882f1,INS,2024,21000,,1, HTTP/1.1" 200 116
191.126.17.116 - - [20/Mar/2024:14:23:41 -0300] "GET /cormun/servlet/hpexe_return? HTTP/1.1" 200 1023
191.126.17.116 - - [20/Mar/2024:14:23:41 -0300] "GET /cormun/servlet/trsolicitudadjuntos?2024,21000, HTTP/1.1" 200 10080
191.126.17.116 - - [20/Mar/2024:14:23:43 -0300] "GET /cormun/servlet/solicitudotadjuntos?INS,2024,21000,,1, HTTP/1.1" 200 5958
191.126.17.116 - - [20/Mar/2024:14:23:43 -0300] "GET /cormun/static/about:blank HTTP/1.1" 404 1011
191.126.17.116 - - [20/Mar/2024:14:23:44 -0300] "GET /cormun/servlet/solicitudotadjuntos?b3701794e77acdcae98d4025e43222f481f068676f8fe20d7d056d2355055cc912541bd61f53e96a8dac02777ec69835,gx-no-cache=1710955247226 HTTP/1.1" 200 30
191.126.17.116 - - [20/Mar/2024:14:23:44 -0300] "POST /cormun/servlet/solicitudotadjuntos?f0eb74cd40727a9c4dfb4cc777a882f1,INS,2024,21000,,1,,gx-no-cache=1710955247270 HTTP/1.1" 200 3895
191.126.17.116 - - [20/Mar/2024:14:23:46 -0300] "POST /cormun/servlet/solicitudotadjuntos?gx-no-cache=1710955249351 HTTP/1.1" 200 26
190.171.153.50 - - [20/Mar/2024:14:23:46 -0300] "GET /cormun/servlet/solicitudot?0a32b879ef8e969fcc12b38a91eb12673c4625162f355d15ff94fa97b3d8d8cb6b481d925fba3cb9a56bde997df90153b29f3a4901b65f80f53c0630b78981f7,gx-no-cache=1710955251673 HTTP/1.1" 200 30
190.171.153.50 - - [20/Mar/2024:14:23:46 -0300] "GET /cormun/servlet/solicitudot?0a32b879ef8e969fcc12b38a91eb12673841ef173ea77210a1d279fc7bf230be,gx-no-cache=1710955251709 HTTP/1.1" 200 53
190.171.153.50 - - [20/Mar/2024:14:23:53 -0300] "POST /cormun/servlet/solicitudot?gx-no-cache=1710955258125 HTTP/1.1" 200 255
190.171.153.50 - - [20/Mar/2024:14:23:53 -0300] "GET /cormun/servlet/solicitudot?0a32b879ef8e969fcc12b38a91eb126747cfee606dee9446f30ead77ea723f41a5e43cf640ae9d68ecf14cbd145c7990b823f91e91d9c8b189f4a7e619ec9aade1adbe10488ac053eeb6734fd222f2d10a32b1f64bfb882030ba26a6102dcaa4237d96242772a3c7ef44cb8fae1fc9945aace6345c895d20f84528978ccd305e93f2a0896591f3c5283c327190b1c358356ae25518c8885a77e629b67088e21a02d72d4e14bed9ea864a5fa73c52258ba6a97ce5cdd6625fe6074ac66c47c522525e65fe26e63c8ab097587373c5f2d767abfbc56568d7c7954b3b8a566500c96035f9e055b3fbdcf6e50d8da51f4067dc16957028df6d7bf4388ffd5b6fc45b124a4f4909a50ffe80ec18ac9e5f1394534bc20af5f53fc7d1d75eb4b640b85dee1087aab15f2dabd1d60ac81e44c877aada0fb6e815e8f2e09ea1c1791615dfb53c86177df9cbda5220fcb1358369e3fa11e62da4e8bb72e444153e70152e7a78533da42381d2fd456deb800e2a5cfeb39f47e83b7b3f129b4a55b99cdc9dcb,gx-no-cache=1710955258161 HTTP/1.1" 200 30
190.171.153.50 - - [20/Mar/2024:14:23:54 -0300] "POST /cormun/servlet/solicitudot?gx-no-cache=1710955259375 HTTP/1.1" 200 30
190.171.153.50 - - [20/Mar/2024:14:23:56 -0300] "POST /cormun/servlet/solicitudot?gx-no-cache=1710955261788 HTTP/1.1" 200 1474
190.171.153.50 - - [20/Mar/2024:14:23:56 -0300] "POST /cormun/servlet/solicitudot?gx-no-cache=1710955261826 HTTP/1.1" 200 38
190.171.153.50 - - [20/Mar/2024:14:23:56 -0300] "GET /cormun/servlet/solicitudot?0a32b879ef8e969fcc12b38a91eb1267706d3ed1575794077cd17171b2b1861db1b56dcb4def9bb436facd4ea3cf3c6963920a9d344d6c29d30c959a0afe2a0c82f6021733d0118761f6660b5a6a46836a14cfb1879a293ce3d99c805dd946164627d5f9ff4658038d5fd99fe23946f4,gx-no-cache=1710955261846 HTTP/1.1" 200 110
190.171.153.50 - - [20/Mar/2024:14:24:04 -0300] "POST /cormun/servlet/solicitudot?gx-no-cache=1710955269970 HTTP/1.1" 200 97
191.126.17.116 - - [20/Mar/2024:14:24:18 -0300] "GET /cormun/servlet/solicitudotadjuntos?b3701794e77acdcae98d4025e43222f4701c51c31fa45490df58ccf7d7d049be,gx-no-cache=1710955281959 HTTP/1.1" 200 30
191.126.17.116 - - [20/Mar/2024:14:24:19 -0300] "GET /cormun/servlet/solicitudotadjuntos?b3701794e77acdcae98d4025e43222f4701c51c31fa45490df58ccf7d7d049be,gx-no-cache=1710955282033 HTTP/1.1" 200 30
191.126.17.116 - - [20/Mar/2024:14:24:20 -0300] "POST /cormun/servlet/solicitudotadjuntos?f0eb74cd40727a9c4dfb4cc777a882f1,INS,2024,21000,,1, HTTP/1.1" 200 116
191.126.17.116 - - [20/Mar/2024:14:24:20 -0300] "GET /cormun/servlet/hpexe_return? HTTP/1.1" 200 1023
191.126.17.116 - - [20/Mar/2024:14:24:20 -0300] "GET /cormun/servlet/trsolicitudadjuntos?2024,21000, HTTP/1.1" 200 10246
191.126.17.116 - - [20/Mar/2024:14:24:24 -0300] "GET /cormun/servlet/trsolicitudot? HTTP/1.1" 200 20927
190.171.153.50 - - [20/Mar/2024:14:24:35 -0300] "GET /cormun/servlet/solicitudot?0a32b879ef8e969fcc12b38a91eb1267422b3749cc2c97c568fb0a1264bcc8d087d3c559c0afed18e5964741328f0f84a21da88e792afadd7f829305156656fdb3d5ae78ae093d490a8617e7924c784134ae3008fb9485133a77991bab284225441047cfc92768daba653100f0aa4d0b60b88137cc4147396a16e8bc49b495e0e712557deabb24b9721f0787269282c56aca99421d40dbe95c273b6b97a22f22,gx-no-cache=1710955300326 HTTP/1.1" 200 29
190.171.153.50 - - [20/Mar/2024:14:24:39 -0300] "GET /cormun/servlet/solicitudot?0a32b879ef8e969fcc12b38a91eb1267c475c8cd7fb6580d25ee5aef72431e2275bd57e2ba7c9aada8ad9115933ffdc0,gx-no-cache=1710955304605 HTTP/1.1" 200 30
190.171.153.50 - - [20/Mar/2024:14:24:50 -0300] "POST /cormun/servlet/solicitudot?gx-no-cache=1710955315113 HTTP/1.1" 200 30
190.171.153.50 - - [20/Mar/2024:14:24:56 -0300] "POST /cormun/servlet/solicitudot?283c50a4d41b40497df0e0950f12a061,INS,0,0,false,,gx-no-cache=1710955320978 HTTP/1.1" 200 93
190.171.153.50 - - [20/Mar/2024:14:24:56 -0300] "GET /cormun/servlet/hpexe_return? HTTP/1.1" 200 1007
190.171.153.50 - - [20/Mar/2024:14:24:56 -0300] "GET /cormun/servlet/trsolicitudot HTTP/1.1" 200 9632
190.171.153.50 - - [20/Mar/2024:14:25:07 -0300] "GET /cormun/servlet/hlogin HTTP/1.1" 200 1734
195.140.227.163 - - [20/Mar/2024:14:26:37 -0300] "GET /manager/html HTTP/1.1" 401 2474
195.140.227.163 - - [20/Mar/2024:14:32:18 -0300] "GET /manager/html HTTP/1.1" 401 2474
191.126.17.116 - - [20/Mar/2024:14:33:36 -0300] "POST /cormun/servlet/trsolicitudot?f0eb74cd40727a9c4dfb4cc777a882f1,,gx-no-cache=1710955839404 HTTP/1.1" 200 106
191.126.17.116 - - [20/Mar/2024:14:33:36 -0300] "GET /cormun/servlet/trsolicitudadjuntos?2024,21015, HTTP/1.1" 200 6019
191.126.17.116 - - [20/Mar/2024:14:33:38 -0300] "GET /cormun/servlet/solicitudotadjuntos?INS,2024,21015,,1, HTTP/1.1" 200 5962
191.126.17.116 - - [20/Mar/2024:14:33:38 -0300] "GET /cormun/static/about:blank HTTP/1.1" 404 1011
191.126.17.116 - - [20/Mar/2024:14:33:39 -0300] "GET /cormun/servlet/solicitudotadjuntos?b3701794e77acdcae98d4025e43222f441a45f915ec708ded05a00edc0f527269bf08f56156205448fff4b31d1ec7ead,gx-no-cache=1710955842536 HTTP/1.1" 200 30
191.126.17.116 - - [20/Mar/2024:14:33:39 -0300] "POST /cormun/servlet/solicitudotadjuntos?f0eb74cd40727a9c4dfb4cc777a882f1,INS,2024,21015,,1,,gx-no-cache=1710955842598 HTTP/1.1" 200 3869
191.126.17.116 - - [20/Mar/2024:14:33:42 -0300] "POST /cormun/servlet/solicitudotadjuntos?gx-no-cache=1710955845595 HTTP/1.1" 200 26
190.171.149.74 - - [20/Mar/2024:14:36:23 -0300] "GET /cormun/servlet/hlogin HTTP/1.1" 200 1746
190.171.149.74 - - [20/Mar/2024:14:36:35 -0300] "POST /cormun/servlet/hlogin?4592d23b1f1a096412ba2de132a6255f,gx-no-cache=1710956016278 HTTP/1.1" 200 90
190.171.149.74 - - [20/Mar/2024:14:36:35 -0300] "GET /cormun/servlet/hpexe_link HTTP/1.1" 200 957
190.171.149.74 - - [20/Mar/2024:14:36:35 -0300] "GET /cormun/servlet/hhome HTTP/1.1" 200 4251
190.171.149.74 - - [20/Mar/2024:14:36:36 -0300] "GET /cormun/static/SmoothNavMenu/resources/images/right.gif HTTP/1.1" 200 860
190.171.149.74 - - [20/Mar/2024:14:36:46 -0300] "GET /cormun/servlet/trautorizarsolicitud? HTTP/1.1" 200 11508
190.171.149.74 - - [20/Mar/2024:14:36:47 -0300] "GET /cormun/static/gxcfg.js?202211298474254 HTTP/1.1" 200 953
190.171.149.74 - - [20/Mar/2024:14:36:47 -0300] "GET /cormun/static/trautorizarsolicitud.js?202211298474588 HTTP/1.1" 200 53909
195.140.227.163 - - [20/Mar/2024:14:37:59 -0300] "GET /manager/html HTTP/1.1" 401 2474
190.171.149.74 - - [20/Mar/2024:14:43:17 -0300] "POST /cormun/servlet/trautorizarsolicitud?4592d23b1f1a096412ba2de132a6255f,,gx-no-cache=1710956417742 HTTP/1.1" 200 110
190.171.149.74 - - [20/Mar/2024:14:43:17 -0300] "POST /cormun/servlet/trautorizarsolicitud?4592d23b1f1a096412ba2de132a6255f,,gx-no-cache=1710956417868 HTTP/1.1" 200 8686
190.171.149.74 - - [20/Mar/2024:14:43:17 -0300] "GET /cormun/AutorizarSolicitud-6094.xls HTTP/1.1" 200 8192
195.140.227.163 - - [20/Mar/2024:14:43:51 -0300] "GET /manager/html HTTP/1.1" 401 2474
195.140.227.163 - - [20/Mar/2024:14:49:40 -0300] "GET /manager/html HTTP/1.1" 401 2474
190.171.153.50 - - [20/Mar/2024:14:54:26 -0300] "GET /cormun/servlet/hlogin HTTP/1.1" 200 1718
190.171.149.74 - - [20/Mar/2024:14:54:28 -0300] "POST /cormun/servlet/trautorizarsolicitud?4592d23b1f1a096412ba2de132a6255f,,gx-no-cache=1710957088685 HTTP/1.1" 200 8158
190.171.149.74 - - [20/Mar/2024:14:54:28 -0300] "GET /cormun/static/Shared/jqueryui/images/ui-bg_highlight-soft_100_c6c2c8_1x100.png HTTP/1.1" 404 1117
190.171.149.74 - - [20/Mar/2024:14:54:28 -0300] "GET /cormun/static/Shared/jqueryui/images/ui-bg_flat_55_fafafa_40x100.png HTTP/1.1" 404 1097
190.171.149.74 - - [20/Mar/2024:14:54:28 -0300] "GET /cormun/static/Shared/jqueryui/images/ui-icons_8d78a5_256x240.png HTTP/1.1" 404 1089
190.171.149.74 - - [20/Mar/2024:14:54:28 -0300] "GET /cormun/static/Shared/jqueryui/images/ui-icons_82798d_256x240.png HTTP/1.1" 404 1089
190.171.149.74 - - [20/Mar/2024:14:54:28 -0300] "POST /cormun/servlet/trautorizarsolicitud?4592d23b1f1a096412ba2de132a6255f,,gx-no-cache=1710957088998 HTTP/1.1" 200 8102
190.171.149.74 - - [20/Mar/2024:14:54:29 -0300] "POST /cormun/servlet/trautorizarsolicitud?4592d23b1f1a096412ba2de132a6255f,,gx-no-cache=1710957089828 HTTP/1.1" 200 7789
190.171.149.74 - - [20/Mar/2024:14:54:29 -0300] "POST /cormun/servlet/trautorizarsolicitud?4592d23b1f1a096412ba2de132a6255f,,gx-no-cache=1710957090032 HTTP/1.1" 200 7734
190.171.149.74 - - [20/Mar/2024:14:54:30 -0300] "POST /cormun/servlet/trautorizarsolicitud?4592d23b1f1a096412ba2de132a6255f,,gx-no-cache=1710957091020 HTTP/1.1" 200 7440
190.171.149.74 - - [20/Mar/2024:14:54:30 -0300] "POST /cormun/servlet/trautorizarsolicitud?4592d23b1f1a096412ba2de132a6255f,,gx-no-cache=1710957091162 HTTP/1.1" 200 7384
190.171.149.74 - - [20/Mar/2024:14:54:31 -0300] "POST /cormun/servlet/trautorizarsolicitud?4592d23b1f1a096412ba2de132a6255f,,gx-no-cache=1710957091989 HTTP/1.1" 200 6994
190.171.149.74 - - [20/Mar/2024:14:54:31 -0300] "POST /cormun/servlet/trautorizarsolicitud?4592d23b1f1a096412ba2de132a6255f,,gx-no-cache=1710957092135 HTTP/1.1" 200 6940
190.171.149.74 - - [20/Mar/2024:14:54:32 -0300] "POST /cormun/servlet/trautorizarsolicitud?4592d23b1f1a096412ba2de132a6255f,,gx-no-cache=1710957092980 HTTP/1.1" 200 6730
190.171.149.74 - - [20/Mar/2024:14:54:32 -0300] "POST /cormun/servlet/trautorizarsolicitud?4592d23b1f1a096412ba2de132a6255f,,gx-no-cache=1710957093152 HTTP/1.1" 200 6674
190.171.149.74 - - [20/Mar/2024:14:54:33 -0300] "POST /cormun/servlet/trautorizarsolicitud?4592d23b1f1a096412ba2de132a6255f,,gx-no-cache=1710957093924 HTTP/1.1" 200 6313
190.171.149.74 - - [20/Mar/2024:14:54:33 -0300] "POST /cormun/servlet/trautorizarsolicitud?4592d23b1f1a096412ba2de132a6255f,,gx-no-cache=1710957094058 HTTP/1.1" 200 6259
190.171.149.74 - - [20/Mar/2024:14:54:34 -0300] "POST /cormun/servlet/trautorizarsolicitud?4592d23b1f1a096412ba2de132a6255f,,gx-no-cache=1710957094844 HTTP/1.1" 200 6011
190.171.149.74 - - [20/Mar/2024:14:54:34 -0300] "POST /cormun/servlet/trautorizarsolicitud?4592d23b1f1a096412ba2de132a6255f,,gx-no-cache=1710957094956 HTTP/1.1" 200 5956
190.171.149.74 - - [20/Mar/2024:14:54:35 -0300] "POST /cormun/servlet/trautorizarsolicitud?4592d23b1f1a096412ba2de132a6255f,,gx-no-cache=1710957095753 HTTP/1.1" 200 4791
190.171.149.74 - - [20/Mar/2024:14:54:35 -0300] "POST /cormun/servlet/trautorizarsolicitud?4592d23b1f1a096412ba2de132a6255f,,gx-no-cache=1710957095881 HTTP/1.1" 200 4536
190.171.149.74 - - [20/Mar/2024:14:54:47 -0300] "GET /cormun/servlet/hlogin HTTP/1.1" 200 1750
195.140.227.163 - - [20/Mar/2024:14:55:23 -0300] "GET /manager/html HTTP/1.1" 401 2474
190.171.152.138 - - [20/Mar/2024:14:55:55 -0300] "GET /cormun/servlet/hlogin HTTP/1.1" 200 1720
190.171.152.138 - - [20/Mar/2024:14:56:06 -0300] "GET /cormun/servlet/hlogin HTTP/1.1" 200 1731
190.171.152.138 - - [20/Mar/2024:14:56:22 -0300] "POST /cormun/servlet/hlogin?085c8e09094553a004d0894d54b069d0,gx-no-cache=1710957206019 HTTP/1.1" 200 90
190.171.152.138 - - [20/Mar/2024:14:56:22 -0300] "GET /cormun/servlet/hpexe_link HTTP/1.1" 200 950
190.171.152.138 - - [20/Mar/2024:14:56:23 -0300] "GET /cormun/servlet/hhome HTTP/1.1" 200 3861
190.171.152.138 - - [20/Mar/2024:14:56:27 -0300] "GET /cormun/servlet/trpermisosgoce? HTTP/1.1" 200 8592
190.171.152.138 - - [20/Mar/2024:14:56:31 -0300] "GET /cormun/servlet/permisogoce?INS,0,,, HTTP/1.1" 200 6722
190.171.152.138 - - [20/Mar/2024:14:56:31 -0300] "GET /cormun/static/gxcfg.js?20201215124560 HTTP/1.1" 200 953
190.171.152.138 - - [20/Mar/2024:14:56:31 -0300] "GET /cormun/static/permisogoce.js?20201215124939 HTTP/1.1" 200 27790
190.171.152.138 - - [20/Mar/2024:14:56:31 -0300] "GET /cormun/static/Resources/prompt.gif HTTP/1.1" 200 902
190.171.152.138 - - [20/Mar/2024:14:56:48 -0300] "GET /cormun/servlet/permisogoce?0e2b243a2dec6cac7e9dd646edf458e7eb0586553ce15772c1ac05a7a90864d1c2de3440b198a4c77a936ab601e1bd47cd5d1623222d5ef4dcb15a4c41506181,gx-no-cache=1710957231996 HTTP/1.1" 200 177
190.171.152.138 - - [20/Mar/2024:14:56:48 -0300] "GET /cormun/static/Shared/jqueryui/images/ui-bg_highlight-soft_100_c6c2c8_1x100.png HTTP/1.1" 404 1117
190.171.152.138 - - [20/Mar/2024:14:56:48 -0300] "GET /cormun/static/Shared/jqueryui/images/ui-icons_82798d_256x240.png HTTP/1.1" 404 1089
190.171.152.138 - - [20/Mar/2024:14:56:48 -0300] "GET /cormun/static/Shared/jqueryui/images/ui-bg_flat_55_994d53_40x100.png HTTP/1.1" 404 1097
190.171.152.138 - - [20/Mar/2024:14:56:48 -0300] "GET /cormun/static/Shared/jqueryui/images/ui-icons_ebccce_256x240.png HTTP/1.1" 404 1089
154.22.111.238 - - [20/Mar/2024:14:58:59 -0300] "GET / HTTP/1.1" 200 11217
154.22.111.238 - - [20/Mar/2024:14:59:00 -0300] "GET /favicon.ico HTTP/1.1" 200 21630
34.148.164.24 - - [20/Mar/2024:14:59:14 -0300] "GET /robots.txt HTTP/1.0" 404 981
34.148.164.24 - - [20/Mar/2024:14:59:14 -0300] "GET /cormun/servlet/hlogin HTTP/1.0" 200 1710
190.171.152.138 - - [20/Mar/2024:14:59:29 -0300] "GET /cormun/servlet/hlogin HTTP/1.1" 200 1743
200.54.107.2 - - [20/Mar/2024:15:00:15 -0300] "GET /cormun/servlet/hlogin HTTP/1.1" 200 1718
200.54.107.2 - - [20/Mar/2024:15:00:25 -0300] "GET /cormun/servlet/hlogin HTTP/1.1" 200 1729
200.54.107.2 - - [20/Mar/2024:15:00:28 -0300] "POST /cormun/servlet/hlogin?16b2e5be62886deb3d2f15ae66b1d48b,gx-no-cache=1710957450962 HTTP/1.1" 200 90
200.54.107.2 - - [20/Mar/2024:15:00:28 -0300] "GET /cormun/servlet/hpexe_link HTTP/1.1" 200 948
200.54.107.2 - - [20/Mar/2024:15:00:28 -0300] "GET /cormun/servlet/hhome HTTP/1.1" 200 4356
190.171.143.82 - - [20/Mar/2024:15:00:29 -0300] "ü=‚ ˆÖ=Õô¦MX¸J™Áò9;p ¾Qyu9 ,²lð -„R“8ÐmIyÿr‹`.ñ‰J0‘ÔÓ3Ìµ¦" 505 -
190.171.143.82 - - [20/Mar/2024:15:00:32 -0300] "GET /cormun/servlet/hlogin HTTP/1.1" 200 1723
190.171.143.82 - - [20/Mar/2024:15:00:32 -0300] "GET /cormun/static/Resources/Spanish/PXTools.css?1759030 HTTP/1.1" 200 100853
190.171.143.82 - - [20/Mar/2024:15:00:32 -0300] "GET /cormun/static/gxtimezone.js?85251 HTTP/1.1" 200 5781
190.171.143.82 - - [20/Mar/2024:15:00:32 -0300] "GET /cormun/static/gxcfg.js?2022112219184450 HTTP/1.1" 200 953
190.171.143.82 - - [20/Mar/2024:15:00:32 -0300] "GET /cormun/static/messages.spa.js?85251 HTTP/1.1" 200 30736
190.171.143.82 - - [20/Mar/2024:15:00:32 -0300] "GET /cormun/static/Resources/CormunLogin.png HTTP/1.1" 200 19132
190.171.143.82 - - [20/Mar/2024:15:00:32 -0300] "GET /cormun/static/hlogin.js?2022112219184458 HTTP/1.1" 200 2156
190.171.143.82 - - [20/Mar/2024:15:00:32 -0300] "GET /cormun/static/gxgral.js?85251 HTTP/1.1" 200 384558
190.171.143.82 - - [20/Mar/2024:15:00:32 -0300] "GET /cormun/static/Resources/PXToolsLoginTop.png HTTP/1.1" 200 1337
190.171.143.82 - - [20/Mar/2024:15:00:32 -0300] "GET /cormun/static/Resources/PXToolsLoginBackground.png HTTP/1.1" 200 1164
190.171.143.82 - - [20/Mar/2024:15:00:32 -0300] "GET /cormun/static/Resources/PXToolsButtonLeft.png HTTP/1.1" 200 1310
190.171.143.82 - - [20/Mar/2024:15:00:32 -0300] "GET /cormun/static/Resources/PXToolsButtonRight.png HTTP/1.1" 200 1294
190.171.143.82 - - [20/Mar/2024:15:00:32 -0300] "GET /cormun/static/Resources/PXToolsButtonBackground.png HTTP/1.1" 200 1176
190.171.143.82 - - [20/Mar/2024:15:00:32 -0300] "GET /cormun/static/Resources/PXToolsLoginBottom.png HTTP/1.1" 200 1389
190.171.143.82 - - [20/Mar/2024:15:00:32 -0300] "GET /cormun/static/Resources/indicator.gif HTTP/1.1" 200 1553
190.171.143.82 - - [20/Mar/2024:15:00:32 -0300] "GET /cormun/servlet/hlogin HTTP/1.1" 200 1733
190.171.143.82 - - [20/Mar/2024:15:00:32 -0300] "GET /favicon.ico HTTP/1.1" 200 21630
200.54.107.2 - - [20/Mar/2024:15:00:34 -0300] "GET /cormun/servlet/trlicencias? HTTP/1.1" 200 9056
200.54.107.2 - - [20/Mar/2024:15:00:34 -0300] "GET /cormun//static/Resources/PXToolsActionDisabled.gif HTTP/1.1" 200 53
200.54.107.2 - - [20/Mar/2024:15:00:34 -0300] "GET /cormun//static/Resources/PXToolsGridDisplay.png HTTP/1.1" 200 525
200.54.107.2 - - [20/Mar/2024:15:00:34 -0300] "GET /cormun//static/Resources/PXToolsHeaderHelp.png HTTP/1.1" 200 1333
200.54.107.2 - - [20/Mar/2024:15:00:34 -0300] "GET /cormun//static/Resources/PXToolsActionPrint.png HTTP/1.1" 200 404
200.54.107.2 - - [20/Mar/2024:15:00:34 -0300] "GET /cormun//static/Resources/PXToolsHeaderFavorites.png HTTP/1.1" 200 1414
195.140.227.163 - - [20/Mar/2024:15:01:09 -0300] "GET /manager/html HTTP/1.1" 401 2474
190.171.149.74 - - [20/Mar/2024:15:02:15 -0300] "GET /cormun/servlet/hlogin HTTP/1.1" 200 1728
190.171.149.74 - - [20/Mar/2024:15:02:21 -0300] "POST /cormun/servlet/hlogin?4592d23b1f1a096412ba2de132a6255f,gx-no-cache=1710957562072 HTTP/1.1" 200 90
190.171.149.74 - - [20/Mar/2024:15:02:21 -0300] "GET /cormun/servlet/hpexe_link HTTP/1.1" 200 957
190.171.149.74 - - [20/Mar/2024:15:02:21 -0300] "GET /cormun/servlet/hhome HTTP/1.1" 200 3984
190.171.149.74 - - [20/Mar/2024:15:02:27 -0300] "GET /cormun/servlet/trlicencias? HTTP/1.1" 200 10175
190.171.152.138 - - [20/Mar/2024:15:02:52 -0300] "GET /cormun/servlet/hlogin HTTP/1.1" 200 1720
190.171.144.234 - - [20/Mar/2024:15:02:52 -0300] "GET /cormun/servlet/hlogin HTTP/1.1" 200 1721
190.171.144.234 - - [20/Mar/2024:15:02:59 -0300] "POST /cormun/servlet/hlogin?1ee7423d8335979274108316d79725ae,gx-no-cache=1710957603259 HTTP/1.1" 200 90
190.171.144.234 - - [20/Mar/2024:15:03:00 -0300] "GET /cormun/servlet/hpexe_link HTTP/1.1" 200 952
190.171.144.234 - - [20/Mar/2024:15:03:00 -0300] "GET /cormun/servlet/hhome HTTP/1.1" 200 3992
190.171.144.234 - - [20/Mar/2024:15:03:04 -0300] "GET /cormun/servlet/trlicencias? HTTP/1.1" 200 9655
190.171.152.138 - - [20/Mar/2024:15:03:05 -0300] "POST /cormun/servlet/hlogin?085c8e09094553a004d0894d54b069d0,gx-no-cache=1710957609236 HTTP/1.1" 200 90
190.171.152.138 - - [20/Mar/2024:15:03:06 -0300] "GET /cormun/servlet/hpexe_link HTTP/1.1" 200 962
190.171.152.138 - - [20/Mar/2024:15:03:06 -0300] "GET /cormun/servlet/permisogoce?INS,0,,, HTTP/1.1" 200 6724
190.171.152.138 - - [20/Mar/2024:15:03:20 -0300] "GET /cormun/servlet/trlicencias? HTTP/1.1" 200 9056
190.171.152.138 - - [20/Mar/2024:15:03:34 -0300] "GET /cormun/servlet/alicenciaprn?12694104,L,20240318000000,PU HTTP/1.1" 200 1532
190.95.15.15 - - [20/Mar/2024:15:03:53 -0300] "GET /cormun/servlet/trlicencias HTTP/1.1" 200 6052
190.95.15.15 - - [20/Mar/2024:15:03:54 -0300] "GET /cormun/servlet/hlogin HTTP/1.1" 200 1738
190.95.15.15 - - [20/Mar/2024:15:03:54 -0300] "GET /cormun/static/gxcfg.js?2022112219184450 HTTP/1.1" 200 953
190.95.15.15 - - [20/Mar/2024:15:03:54 -0300] "GET /cormun/static/hlogin.js?2022112219184458 HTTP/1.1" 200 2156
190.95.15.15 - - [20/Mar/2024:15:03:54 -0300] "GET /cormun/static/Resources/CormunLogin.png HTTP/1.1" 200 19132
190.95.15.15 - - [20/Mar/2024:15:03:54 -0300] "GET /cormun/static/Resources/Spanish/PXTools.css?1759030 HTTP/1.1" 200 100853
190.95.15.15 - - [20/Mar/2024:15:03:54 -0300] "GET /cormun/static/Resources/PXToolsLoginTop.png HTTP/1.1" 200 1337
190.95.15.15 - - [20/Mar/2024:15:03:54 -0300] "GET /cormun/static/Resources/PXToolsLoginBackground.png HTTP/1.1" 200 1164
190.95.15.15 - - [20/Mar/2024:15:03:54 -0300] "GET /cormun/static/Resources/PXToolsButtonLeft.png HTTP/1.1" 200 1310
190.95.15.15 - - [20/Mar/2024:15:03:54 -0300] "GET /cormun/static/Resources/PXToolsButtonRight.png HTTP/1.1" 200 1294
190.95.15.15 - - [20/Mar/2024:15:03:54 -0300] "GET /cormun/static/Resources/PXToolsButtonBackground.png HTTP/1.1" 200 1176
190.95.15.15 - - [20/Mar/2024:15:03:54 -0300] "GET /cormun/static/Resources/PXToolsLoginBottom.png HTTP/1.1" 200 1389
190.95.15.15 - - [20/Mar/2024:15:04:00 -0300] "POST /cormun/servlet/hlogin?166cb5c7dfac6f8b287e38e6f1b5c982,gx-no-cache=1710957663649 HTTP/1.1" 200 90
190.95.15.15 - - [20/Mar/2024:15:04:00 -0300] "GET /cormun/servlet/hpexe_link HTTP/1.1" 200 958
190.95.15.15 - - [20/Mar/2024:15:04:00 -0300] "GET /cormun/static/hpexe_link.js?20221129847423 HTTP/1.1" 200 625
190.95.15.15 - - [20/Mar/2024:15:04:00 -0300] "GET /cormun/static/gxcfg.js?20221129847421 HTTP/1.1" 200 953
