191.126.17.116 - - [20/Mar/2024:11:17:27 -0300] "POST /cormun/servlet/trsolicitudot?f0eb74cd40727a9c4dfb4cc777a882f1,,gx-no-cache=1710944069428 HTTP/1.1" 200 107
191.126.17.116 - - [20/Mar/2024:11:17:28 -0300] "GET /cormun/servlet/trsolicitudadjuntos?2024,20995, HTTP/1.1" 200 9416
191.126.17.116 - - [20/Mar/2024:11:17:30 -0300] "GET /cormun/servlet/solicitudotadjuntos?INS,2024,20995,,1, HTTP/1.1" 200 5959
191.126.17.116 - - [20/Mar/2024:11:17:31 -0300] "GET /cormun/static/about:blank HTTP/1.1" 404 1011
191.126.17.116 - - [20/Mar/2024:11:17:31 -0300] "GET /cormun/servlet/solicitudotadjuntos?b3701794e77acdcae98d4025e43222f420402f0324dc27222aa500ecb38fabc812541bd61f53e96a8dac02777ec69835,gx-no-cache=1710944073278 HTTP/1.1" 200 30
191.126.17.116 - - [20/Mar/2024:11:17:31 -0300] "POST /cormun/servlet/solicitudotadjuntos?f0eb74cd40727a9c4dfb4cc777a882f1,INS,2024,20995,,1,,gx-no-cache=1710944073364 HTTP/1.1" 200 3898
190.171.141.114 - - [20/Mar/2024:11:17:33 -0300] "POST /cormun/servlet/hlogin?bc8b6aee47fea27a07f677b906aee741,gx-no-cache=1710944077209 HTTP/1.1" 200 90
190.171.141.114 - - [20/Mar/2024:11:17:33 -0300] "GET /cormun/servlet/hpexe_link HTTP/1.1" 200 953
190.171.141.114 - - [20/Mar/2024:11:17:33 -0300] "GET /cormun/servlet/hhome HTTP/1.1" 200 4008
191.126.17.116 - - [20/Mar/2024:11:17:35 -0300] "POST /cormun/servlet/solicitudotadjuntos?gx-no-cache=1710944076842 HTTP/1.1" 200 26
190.171.141.114 - - [20/Mar/2024:11:17:36 -0300] "GET /cormun/servlet/trpermisosgoce? HTTP/1.1" 200 9314
190.171.141.114 - - [20/Mar/2024:11:17:45 -0300] "GET /cormun/servlet/permisogoce?INS,0,,, HTTP/1.1" 200 6876
190.171.141.114 - - [20/Mar/2024:11:18:03 -0300] "GET /cormun/servlet/permisogoce?0bb9c423d17180964157b62fd31d0f07aa896e8382c774fd74960ba41d03293a07722f3c9169ea53f26bc28b082a46c880a0e9eeab049bde78b5072ad1e580e0,gx-no-cache=1710944108073 HTTP/1.1" 200 85
190.171.141.114 - - [20/Mar/2024:11:18:04 -0300] "GET /cormun/static/menuarrow.gif HTTP/1.1" 404 1015
191.126.17.116 - - [20/Mar/2024:11:18:09 -0300] "GET /cormun/servlet/solicitudotadjuntos?b3701794e77acdcae98d4025e43222f4701c51c31fa45490df58ccf7d7d049be,gx-no-cache=1710944110697 HTTP/1.1" 200 30
191.126.17.116 - - [20/Mar/2024:11:18:09 -0300] "GET /cormun/servlet/solicitudotadjuntos?b3701794e77acdcae98d4025e43222f4701c51c31fa45490df58ccf7d7d049be,gx-no-cache=1710944110854 HTTP/1.1" 200 30
191.126.17.116 - - [20/Mar/2024:11:18:09 -0300] "POST /cormun/servlet/solicitudotadjuntos?f0eb74cd40727a9c4dfb4cc777a882f1,INS,2024,20995,,1, HTTP/1.1" 200 116
191.126.17.116 - - [20/Mar/2024:11:18:09 -0300] "GET /cormun/servlet/hpexe_return? HTTP/1.1" 200 1024
191.126.17.116 - - [20/Mar/2024:11:18:09 -0300] "GET /cormun/servlet/trsolicitudadjuntos?2024,20995, HTTP/1.1" 200 9750
191.126.17.116 - - [20/Mar/2024:11:18:12 -0300] "GET /cormun/servlet/solicitudotadjuntos?INS,2024,20995,,1, HTTP/1.1" 200 5958
191.126.17.116 - - [20/Mar/2024:11:18:12 -0300] "GET /cormun/static/about:blank HTTP/1.1" 404 1011
191.126.17.116 - - [20/Mar/2024:11:18:13 -0300] "GET /cormun/servlet/solicitudotadjuntos?b3701794e77acdcae98d4025e43222f420402f0324dc27222aa500ecb38fabc812541bd61f53e96a8dac02777ec69835,gx-no-cache=1710944114706 HTTP/1.1" 200 30
191.126.17.116 - - [20/Mar/2024:11:18:13 -0300] "POST /cormun/servlet/solicitudotadjuntos?f0eb74cd40727a9c4dfb4cc777a882f1,INS,2024,20995,,1,,gx-no-cache=1710944114832 HTTP/1.1" 200 3898
190.171.141.114 - - [20/Mar/2024:11:18:13 -0300] "GET /cormun/servlet/permisogoce?0bb9c423d17180964157b62fd31d0f07b37738f925d5a3b19c6759bfafd3b2db22bab2d0417bb70c6386ae017fe822dc3c4b8f05b05e56c171de626fa5c29db7,gx-no-cache=1710944117882 HTTP/1.1" 200 47
190.171.141.114 - - [20/Mar/2024:11:18:17 -0300] "POST /cormun/servlet/permisogoce?bc8b6aee47fea27a07f677b906aee741,INS,0,,,,gx-no-cache=1710944121129 HTTP/1.1" 200 93
190.171.141.114 - - [20/Mar/2024:11:18:17 -0300] "GET /cormun/servlet/hpexe_return? HTTP/1.1" 200 1011
190.171.141.114 - - [20/Mar/2024:11:18:17 -0300] "GET /cormun/servlet/trpermisosgoce HTTP/1.1" 200 9538
190.171.141.114 - - [20/Mar/2024:11:18:23 -0300] "GET /cormun/servlet/permisogoce?UPD,10086738,P,20240320111435, HTTP/1.1" 200 6929
190.171.141.114 - - [20/Mar/2024:11:18:24 -0300] "GET /cormun/servlet/permisogoce?0bb9c423d17180964157b62fd31d0f07aa896e8382c774fd74960ba41d03293a67f059f42bc6beda1e4de4590337c29a8083555006d96b642fccf05ea74a5146e814e5803f15547eb5f096a46a22f0bf,gx-no-cache=1710944128132 HTTP/1.1" 200 87
190.171.141.114 - - [20/Mar/2024:11:18:25 -0300] "GET /cormun/servlet/permisogoce?0bb9c423d17180964157b62fd31d0f07b37738f925d5a3b19c6759bfafd3b2db9dff03047ff5c6b9bff5fcb4a33506220137468f97b99233acf092df18c204b3,gx-no-cache=1710944129190 HTTP/1.1" 200 48
190.171.141.114 - - [20/Mar/2024:11:18:38 -0300] "POST /cormun/servlet/permisogoce?bc8b6aee47fea27a07f677b906aee741,UPD,10086738,P,20240320111435,,gx-no-cache=1710944142323 HTTP/1.1" 200 93
190.171.141.114 - - [20/Mar/2024:11:18:38 -0300] "GET /cormun/servlet/hpexe_return? HTTP/1.1" 200 1030
190.171.141.114 - - [20/Mar/2024:11:18:38 -0300] "GET /cormun/servlet/trpermisosgoce HTTP/1.1" 200 9567
190.171.141.114 - - [20/Mar/2024:11:18:42 -0300] "GET /cormun/servlet/apermisogoceprn?10086738,P,20240320111435,PU HTTP/1.1" 200 1672
190.171.152.114 - - [20/Mar/2024:11:19:52 -0300] "POST /cormun/servlet/solicitudot?gx-no-cache=1710944216906 HTTP/1.1" 440 972
190.171.152.114 - - [20/Mar/2024:11:19:55 -0300] "POST /cormun/servlet/solicitudot?e13f4b6d5aedd4d02647d3cea4d76d8e,INS,0,0,false,,gx-no-cache=1710944220906 HTTP/1.1" 440 972
190.171.152.114 - - [20/Mar/2024:11:19:56 -0300] "GET /cormun/servlet/solicitudot?INS,0,0,false, HTTP/1.1" 200 15131
190.171.152.114 - - [20/Mar/2024:11:19:57 -0300] "GET /cormun/servlet/solicitudot?INS,0,0,false, HTTP/1.1" 200 15131
190.171.152.114 - - [20/Mar/2024:11:19:57 -0300] "GET /cormun/servlet/hlogin HTTP/1.1" 200 1747
190.171.152.114 - - [20/Mar/2024:11:20:13 -0300] "POST /cormun/servlet/hlogin?5805ad17580e22d550093f8d827d46ac,gx-no-cache=1710944238269 HTTP/1.1" 200 90
190.171.152.114 - - [20/Mar/2024:11:20:13 -0300] "GET /cormun/servlet/hpexe_link HTTP/1.1" 200 965
190.171.152.114 - - [20/Mar/2024:11:20:13 -0300] "GET /cormun/servlet/solicitudot?INS,0,0,false, HTTP/1.1" 200 16132
190.171.152.114 - - [20/Mar/2024:11:20:25 -0300] "POST /cormun/servlet/solicitudot?gx-no-cache=1710944250888 HTTP/1.1" 200 4031
190.171.152.114 - - [20/Mar/2024:11:20:26 -0300] "POST /cormun/servlet/solicitudot?5805ad17580e22d550093f8d827d46ac,INS,0,0,false,,gx-no-cache=1710944251041 HTTP/1.1" 200 12607
190.171.152.114 - - [20/Mar/2024:11:20:27 -0300] "GET /cormun/servlet/solicitudot?a8f9ac1858fe3c101ff05b0f2b0d12a6a9de96e8317fde5cd9219053e6f72753c2f5f5b3f769e341697ada24a327be63,gx-no-cache=1710944252981 HTTP/1.1" 200 30
191.126.17.116 - - [20/Mar/2024:11:20:56 -0300] "POST /cormun/servlet/solicitudotadjuntos?gx-no-cache=1710944278315 HTTP/1.1" 200 26
191.126.17.116 - - [20/Mar/2024:11:21:02 -0300] "GET /cormun/servlet/solicitudotadjuntos?b3701794e77acdcae98d4025e43222f4701c51c31fa45490df58ccf7d7d049be,gx-no-cache=1710944283928 HTTP/1.1" 200 30
191.126.17.116 - - [20/Mar/2024:11:21:02 -0300] "GET /cormun/servlet/solicitudotadjuntos?b3701794e77acdcae98d4025e43222f4701c51c31fa45490df58ccf7d7d049be,gx-no-cache=1710944283991 HTTP/1.1" 200 30
191.126.17.116 - - [20/Mar/2024:11:21:02 -0300] "POST /cormun/servlet/solicitudotadjuntos?f0eb74cd40727a9c4dfb4cc777a882f1,INS,2024,20995,,1, HTTP/1.1" 200 116
191.126.17.116 - - [20/Mar/2024:11:21:02 -0300] "GET /cormun/servlet/hpexe_return? HTTP/1.1" 200 1024
191.126.17.116 - - [20/Mar/2024:11:21:03 -0300] "GET /cormun/servlet/trsolicitudadjuntos?2024,20995, HTTP/1.1" 200 10085
181.212.47.137 - - [20/Mar/2024:11:21:17 -0300] "GET /cormun/servlet/hlogin HTTP/1.1" 200 1726
181.212.47.137 - - [20/Mar/2024:11:21:33 -0300] "POST /cormun/servlet/hlogin?c0edd112134fbedd09798e7c16647c9b,gx-no-cache=1710944303919 HTTP/1.1" 200 90
181.212.47.137 - - [20/Mar/2024:11:21:33 -0300] "GET /cormun/servlet/hpexe_link HTTP/1.1" 200 963
181.212.47.137 - - [20/Mar/2024:11:21:33 -0300] "GET /cormun/servlet/trsolicitudgral? HTTP/1.1" 200 8323
190.171.152.114 - - [20/Mar/2024:11:22:49 -0300] "GET /cormun/servlet/solicitudot?a8f9ac1858fe3c101ff05b0f2b0d12a66a1ac1e29e4e05c6a2ce673b88194028e00259147a69c3cb5336ce2568f837ffcdba5b608fc0bb3c9dc33adda9afa3eee78a6a0c96ec85af95f8a9011215ecd1,gx-no-cache=1710944394915 HTTP/1.1" 200 30
190.171.152.114 - - [20/Mar/2024:11:22:53 -0300] "GET /cormun/servlet/prbanco?,MD,,gxPopupLevel%3D0%3B HTTP/1.1" 200 6669
190.171.152.114 - - [20/Mar/2024:11:22:58 -0300] "GET /cormun/servlet/solicitudot?a8f9ac1858fe3c101ff05b0f2b0d12a6c793049c1b90cdf7c8ee0d566a8cb141,gx-no-cache=1710944403931 HTTP/1.1" 200 53
190.171.152.114 - - [20/Mar/2024:11:23:24 -0300] "POST /cormun/servlet/solicitudot?gx-no-cache=1710944429110 HTTP/1.1" 200 240
190.171.152.114 - - [20/Mar/2024:11:23:30 -0300] "GET /cormun/servlet/solicitudot?a8f9ac1858fe3c101ff05b0f2b0d12a6b50d911d0f5198af8c88cc6b98a8d96c16b0dd85dfbef1f2da2060eb611457932c547ade3fe3847871e6222154064267cbbe6fb343dfd9fab152e0afc01d385273ff521fa33bfa6650a4fed3f0efe5300be449ea1ac2da9bc058c8661a60452907a501c9afe9a1c879b29a83060153618133c51d6f1484dc91d4f8173c7111d7338fa0f1b4eea1ecf7429d1cd918d71b9740d4ecf135620ec0773a8c49702251eed5e966b1c723007e3eab5cc186a30208e1d752ece6f33f72a7b417e0e2493866a36661040d74651da0b53968d6ca5acdfaffd43422449a6d1985d1ea22753a1243d39f002a0bbc5c3949d406c58df05db72587233abe9687ab76d17f51e4f167d731770321ae6286c4905b984b4947eda01c9920c34798adcb969f1e040a5b1c22fc3f28065f49af7c3f97765716edf2e052d1fdb67a299d1133c56127250166c6dadcb6dca1bf49fa49e47f63804095543a06e92dcbdfa43c6f1d75597603995daa64d86b8ffcff5d613aa98caeec,gx-no-cache=1710944435244 HTTP/1.1" 200 30
190.171.152.114 - - [20/Mar/2024:11:23:32 -0300] "POST /cormun/servlet/solicitudot?gx-no-cache=1710944437550 HTTP/1.1" 200 30
195.140.227.163 - - [20/Mar/2024:11:23:40 -0300] "GET /manager/html HTTP/1.1" 401 2474
191.126.17.116 - - [20/Mar/2024:11:23:57 -0300] "GET /cormun/servlet/trsolicitudot? HTTP/1.1" 200 15650
190.171.152.114 - - [20/Mar/2024:11:25:01 -0300] "POST /cormun/servlet/solicitudot?gx-no-cache=1710944526604 HTTP/1.1" 200 1476
190.171.152.114 - - [20/Mar/2024:11:25:08 -0300] "GET /cormun/servlet/prlicenciaspermisos?17476892,L,,MD,,gxPopupLevel%3D0%3B HTTP/1.1" 200 5808
190.171.152.114 - - [20/Mar/2024:11:25:08 -0300] "GET /cormun/static/gxcfg.js?2020121559567 HTTP/1.1" 200 953
190.171.152.114 - - [20/Mar/2024:11:25:08 -0300] "GET /cormun/static/prlicenciaspermisos.js?2020121559821 HTTP/1.1" 200 13379
190.171.152.114 - - [20/Mar/2024:11:25:20 -0300] "POST /cormun/servlet/solicitudot?gx-no-cache=1710944545289 HTTP/1.1" 200 41
190.171.152.114 - - [20/Mar/2024:11:27:10 -0300] "GET /cormun/servlet/solicitudot?a8f9ac1858fe3c101ff05b0f2b0d12a6c77df3e899e16485183731b07e800c9eebc7c3613e7697eea8616bcb70089f28b4fd48b52758da5eb615c4969b24cae814a40533ef32f17f4f03d8c9b84bfdd18f9bdb727c98260c5e2a9cd680ff99d0b9d5e54d2b9b1bb386c7a02b44873e66,gx-no-cache=1710944655447 HTTP/1.1" 200 110
190.171.152.114 - - [20/Mar/2024:11:27:35 -0300] "POST /cormun/servlet/solicitudot?gx-no-cache=1710944680295 HTTP/1.1" 200 83
190.171.152.114 - - [20/Mar/2024:11:27:43 -0300] "GET /cormun/servlet/solicitudot?a8f9ac1858fe3c101ff05b0f2b0d12a688e059441f1d9dc4ac18fa89abd93fc919af4dd9058323e62e8b880359fe902033ceca43ea9b05b532714157cfebc0e6fcf40d1409b4563672cc12b027c6b175d082412fcb587f9f7e679f0545efebfe252cd8aeac920f0d20d5600f41f6580e,gx-no-cache=1710944688269 HTTP/1.1" 200 29
190.171.152.114 - - [20/Mar/2024:11:27:43 -0300] "GET /cormun/static/menuarrow.gif HTTP/1.1" 404 1015
190.171.152.114 - - [20/Mar/2024:11:27:49 -0300] "GET /cormun/servlet/solicitudot?a8f9ac1858fe3c101ff05b0f2b0d12a6029583d036ea619563b7114538489b0ce68767b404028dbc10f83f8fefce729c,gx-no-cache=1710944694952 HTTP/1.1" 200 30
190.171.152.114 - - [20/Mar/2024:11:27:49 -0300] "POST /cormun/servlet/solicitudot?gx-no-cache=1710944694992 HTTP/1.1" 200 34
181.212.47.137 - - [20/Mar/2024:11:28:07 -0300] "POST /cormun/servlet/trsolicitudgral?c0edd112134fbedd09798e7c16647c9b,,gx-no-cache=1710944698373 HTTP/1.1" 200 5258
181.212.47.137 - - [20/Mar/2024:11:28:08 -0300] "POST /cormun/servlet/trsolicitudgral?c0edd112134fbedd09798e7c16647c9b,,gx-no-cache=1710944698987 HTTP/1.1" 200 5258
190.171.152.114 - - [20/Mar/2024:11:28:23 -0300] "POST /cormun/servlet/solicitudot?5805ad17580e22d550093f8d827d46ac,INS,0,0,false,,gx-no-cache=1710944727486 HTTP/1.1" 200 93
190.171.152.114 - - [20/Mar/2024:11:28:23 -0300] "GET /cormun/servlet/hpexe_return? HTTP/1.1" 200 1009
190.171.152.114 - - [20/Mar/2024:11:28:23 -0300] "GET /cormun/servlet/hhome HTTP/1.1" 200 4332
181.212.47.137 - - [20/Mar/2024:11:28:26 -0300] "POST /cormun/servlet/trsolicitudgral?c0edd112134fbedd09798e7c16647c9b,,gx-no-cache=1710944716820 HTTP/1.1" 200 5258
181.212.47.137 - - [20/Mar/2024:11:28:27 -0300] "POST /cormun/servlet/trsolicitudgral?c0edd112134fbedd09798e7c16647c9b,,gx-no-cache=1710944717474 HTTP/1.1" 200 5258
181.212.47.137 - - [20/Mar/2024:11:28:27 -0300] "POST /cormun/servlet/trsolicitudgral?c0edd112134fbedd09798e7c16647c9b,,gx-no-cache=1710944717826 HTTP/1.1" 200 5258
181.212.47.137 - - [20/Mar/2024:11:28:27 -0300] "POST /cormun/servlet/trsolicitudgral?c0edd112134fbedd09798e7c16647c9b,,gx-no-cache=1710944718010 HTTP/1.1" 200 5258
190.171.152.114 - - [20/Mar/2024:11:28:30 -0300] "GET /cormun/servlet/trsolicitudot? HTTP/1.1" 200 8998
190.171.152.114 - - [20/Mar/2024:11:28:40 -0300] "POST /cormun/servlet/trsolicitudot?5805ad17580e22d550093f8d827d46ac,,gx-no-cache=1710944745431 HTTP/1.1" 200 107
190.171.152.114 - - [20/Mar/2024:11:28:40 -0300] "GET /cormun/servlet/trsolicitudadjuntos?2024,20996, HTTP/1.1" 200 6439
190.171.152.114 - - [20/Mar/2024:11:28:42 -0300] "GET /cormun/servlet/solicitudotadjuntos?INS,2024,20996,,1, HTTP/1.1" 200 6376
190.171.152.114 - - [20/Mar/2024:11:28:42 -0300] "GET /cormun/static/about:blank HTTP/1.1" 404 1011
190.171.152.114 - - [20/Mar/2024:11:28:43 -0300] "GET /cormun/servlet/solicitudotadjuntos?a8f9ac1858fe3c101ff05b0f2b0d12a6ce98c1398a943c1f2f027a015e60329ec24cb284771a47695b49f934e2e1935a,gx-no-cache=1710944748353 HTTP/1.1" 200 30
190.171.152.114 - - [20/Mar/2024:11:28:43 -0300] "POST /cormun/servlet/solicitudotadjuntos?5805ad17580e22d550093f8d827d46ac,INS,2024,20996,,1,,gx-no-cache=1710944748367 HTTP/1.1" 200 4149
190.171.152.114 - - [20/Mar/2024:11:28:45 -0300] "POST /cormun/servlet/solicitudotadjuntos?gx-no-cache=1710944750424 HTTP/1.1" 200 26
181.212.47.137 - - [20/Mar/2024:11:28:57 -0300] "POST /cormun/servlet/trsolicitudgral?c0edd112134fbedd09798e7c16647c9b,,gx-no-cache=1710944748058 HTTP/1.1" 200 7855
190.171.152.114 - - [20/Mar/2024:11:29:22 -0300] "GET /cormun/servlet/solicitudotadjuntos?a8f9ac1858fe3c101ff05b0f2b0d12a6c31ec628f9f74e600942be57012f9271,gx-no-cache=1710944787493 HTTP/1.1" 200 30
190.171.152.114 - - [20/Mar/2024:11:29:22 -0300] "GET /cormun/servlet/solicitudotadjuntos?a8f9ac1858fe3c101ff05b0f2b0d12a6c31ec628f9f74e600942be57012f9271,gx-no-cache=1710944787507 HTTP/1.1" 200 30
190.171.152.114 - - [20/Mar/2024:11:29:22 -0300] "POST /cormun/servlet/solicitudotadjuntos?5805ad17580e22d550093f8d827d46ac,INS,2024,20996,,1, HTTP/1.1" 200 116
190.171.152.114 - - [20/Mar/2024:11:29:22 -0300] "GET /cormun/servlet/hpexe_return? HTTP/1.1" 200 1026
190.171.152.114 - - [20/Mar/2024:11:29:22 -0300] "GET /cormun/servlet/trsolicitudadjuntos?2024,20996, HTTP/1.1" 200 9394
190.171.152.114 - - [20/Mar/2024:11:29:25 -0300] "GET /cormun/servlet/solicitudotadjuntos?INS,2024,20996,,1, HTTP/1.1" 200 6375
190.171.152.114 - - [20/Mar/2024:11:29:25 -0300] "GET /cormun/static/about:blank HTTP/1.1" 404 1011
190.171.152.114 - - [20/Mar/2024:11:29:26 -0300] "GET /cormun/servlet/solicitudotadjuntos?a8f9ac1858fe3c101ff05b0f2b0d12a6ce98c1398a943c1f2f027a015e60329ec24cb284771a47695b49f934e2e1935a,gx-no-cache=1710944791316 HTTP/1.1" 200 30
190.171.152.114 - - [20/Mar/2024:11:29:26 -0300] "POST /cormun/servlet/solicitudotadjuntos?5805ad17580e22d550093f8d827d46ac,INS,2024,20996,,1,,gx-no-cache=1710944791403 HTTP/1.1" 200 4149
190.171.152.114 - - [20/Mar/2024:11:29:29 -0300] "POST /cormun/servlet/solicitudotadjuntos?gx-no-cache=1710944794133 HTTP/1.1" 200 26
190.171.152.114 - - [20/Mar/2024:11:29:36 -0300] "GET /cormun/servlet/solicitudotadjuntos?a8f9ac1858fe3c101ff05b0f2b0d12a6c31ec628f9f74e600942be57012f9271,gx-no-cache=1710944801140 HTTP/1.1" 200 30
190.171.152.114 - - [20/Mar/2024:11:29:36 -0300] "GET /cormun/servlet/solicitudotadjuntos?a8f9ac1858fe3c101ff05b0f2b0d12a6c31ec628f9f74e600942be57012f9271,gx-no-cache=1710944801150 HTTP/1.1" 200 30
190.171.152.114 - - [20/Mar/2024:11:29:36 -0300] "POST /cormun/servlet/solicitudotadjuntos?5805ad17580e22d550093f8d827d46ac,INS,2024,20996,,1, HTTP/1.1" 200 116
190.171.152.114 - - [20/Mar/2024:11:29:36 -0300] "GET /cormun/servlet/hpexe_return? HTTP/1.1" 200 1026
190.171.152.114 - - [20/Mar/2024:11:29:36 -0300] "GET /cormun/servlet/trsolicitudadjuntos?2024,20996, HTTP/1.1" 200 9634
190.171.152.114 - - [20/Mar/2024:11:29:40 -0300] "GET /cormun/servlet/solicitudotadjuntos?INS,2024,20996,,1, HTTP/1.1" 200 6375
190.171.152.114 - - [20/Mar/2024:11:29:40 -0300] "GET /cormun/static/about:blank HTTP/1.1" 404 1011
190.171.152.114 - - [20/Mar/2024:11:29:40 -0300] "GET /cormun/servlet/solicitudotadjuntos?a8f9ac1858fe3c101ff05b0f2b0d12a6ce98c1398a943c1f2f027a015e60329ec24cb284771a47695b49f934e2e1935a,gx-no-cache=1710944805967 HTTP/1.1" 200 30
190.171.152.114 - - [20/Mar/2024:11:29:40 -0300] "POST /cormun/servlet/solicitudotadjuntos?5805ad17580e22d550093f8d827d46ac,INS,2024,20996,,1,,gx-no-cache=1710944805988 HTTP/1.1" 200 4149
190.171.152.114 - - [20/Mar/2024:11:29:44 -0300] "POST /cormun/servlet/solicitudotadjuntos?gx-no-cache=1710944809356 HTTP/1.1" 200 26
181.212.47.137 - - [20/Mar/2024:11:29:50 -0300] "POST /cormun/servlet/trsolicitudgral?c0edd112134fbedd09798e7c16647c9b,,gx-no-cache=1710944801162 HTTP/1.1" 200 7157
190.171.152.114 - - [20/Mar/2024:11:30:16 -0300] "GET /cormun/servlet/solicitudotadjuntos?a8f9ac1858fe3c101ff05b0f2b0d12a6c31ec628f9f74e600942be57012f9271,gx-no-cache=1710944841332 HTTP/1.1" 200 30
190.171.152.114 - - [20/Mar/2024:11:30:16 -0300] "GET /cormun/servlet/solicitudotadjuntos?a8f9ac1858fe3c101ff05b0f2b0d12a6c31ec628f9f74e600942be57012f9271,gx-no-cache=1710944841489 HTTP/1.1" 200 30
190.171.152.114 - - [20/Mar/2024:11:30:16 -0300] "POST /cormun/servlet/solicitudotadjuntos?5805ad17580e22d550093f8d827d46ac,INS,2024,20996,,1, HTTP/1.1" 200 116
190.171.152.114 - - [20/Mar/2024:11:30:16 -0300] "GET /cormun/servlet/hpexe_return? HTTP/1.1" 200 1026
190.171.152.114 - - [20/Mar/2024:11:30:17 -0300] "GET /cormun/servlet/trsolicitudadjuntos?2024,20996, HTTP/1.1" 200 9902
181.212.47.137 - - [20/Mar/2024:11:30:37 -0300] "POST /cormun/servlet/trsolicitudgral?c0edd112134fbedd09798e7c16647c9b,,gx-no-cache=1710944848224 HTTP/1.1" 200 6640
181.212.47.137 - - [20/Mar/2024:11:30:49 -0300] "POST /cormun/servlet/trsolicitudgral?c0edd112134fbedd09798e7c16647c9b,,gx-no-cache=1710944859841 HTTP/1.1" 200 7809
181.212.47.137 - - [20/Mar/2024:11:31:04 -0300] "GET /cormun/servlet/vesolicitudgral?2024,20967,, HTTP/1.1" 200 8451
181.212.47.137 - - [20/Mar/2024:11:31:04 -0300] "GET /cormun/pexe_scrolldiv.js HTTP/1.1" 404 1009
181.212.47.137 - - [20/Mar/2024:11:31:07 -0300] "POST /cormun/servlet/vesolicitudgral?c0edd112134fbedd09798e7c16647c9b,2024,20967,,,gx-no-cache=1710944877928 HTTP/1.1" 200 12365
181.212.47.137 - - [20/Mar/2024:11:31:07 -0300] "GET /cormun/static/Shared/jqueryui/images/ui-icons_82798d_256x240.png HTTP/1.1" 404 1089
181.212.47.137 - - [20/Mar/2024:11:31:07 -0300] "GET /cormun/static/Shared/jqueryui/images/ui-bg_highlight-soft_100_c6c2c8_1x100.png HTTP/1.1" 404 1117
181.212.47.137 - - [20/Mar/2024:11:31:07 -0300] "GET /cormun/static/Shared/jqueryui/images/ui-bg_flat_55_fafafa_40x100.png HTTP/1.1" 404 1097
181.212.47.137 - - [20/Mar/2024:11:31:07 -0300] "GET /cormun/static/Shared/jqueryui/images/ui-icons_8d78a5_256x240.png HTTP/1.1" 404 1089
181.212.47.137 - - [20/Mar/2024:11:31:07 -0300] "POST /cormun/servlet/vesolicitudgral?c0edd112134fbedd09798e7c16647c9b,2024,20967,,,gx-no-cache=1710944878100 HTTP/1.1" 200 12297
181.212.47.137 - - [20/Mar/2024:11:31:09 -0300] "GET /cormun/servlet/trsolicitudgral? HTTP/1.1" 200 10852
181.212.47.137 - - [20/Mar/2024:11:31:14 -0300] "GET /cormun/servlet/vesolicitudgral?2024,20967,, HTTP/1.1" 200 8459
181.212.47.137 - - [20/Mar/2024:11:31:14 -0300] "GET /cormun/pexe_scrolldiv.js HTTP/1.1" 404 1009
181.212.47.137 - - [20/Mar/2024:11:31:16 -0300] "POST /cormun/servlet/vesolicitudgral?c0edd112134fbedd09798e7c16647c9b,2024,20967,,,gx-no-cache=1710944887200 HTTP/1.1" 200 12346
181.212.47.137 - - [20/Mar/2024:11:31:16 -0300] "GET /cormun/static/Shared/jqueryui/images/ui-icons_82798d_256x240.png HTTP/1.1" 404 1089
181.212.47.137 - - [20/Mar/2024:11:31:16 -0300] "GET /cormun/static/Shared/jqueryui/images/ui-bg_highlight-soft_100_c6c2c8_1x100.png HTTP/1.1" 404 1117
181.212.47.137 - - [20/Mar/2024:11:31:16 -0300] "GET /cormun/static/Shared/jqueryui/images/ui-bg_flat_55_fafafa_40x100.png HTTP/1.1" 404 1097
181.212.47.137 - - [20/Mar/2024:11:31:16 -0300] "GET /cormun/static/Shared/jqueryui/images/ui-icons_8d78a5_256x240.png HTTP/1.1" 404 1089
181.212.47.137 - - [20/Mar/2024:11:31:19 -0300] "GET /cormun/servlet/trsolicitudgral? HTTP/1.1" 200 10852
181.212.47.137 - - [20/Mar/2024:11:31:21 -0300] "GET /cormun/servlet/vesolicitudgral?2024,20970,, HTTP/1.1" 200 8415
181.212.47.137 - - [20/Mar/2024:11:31:22 -0300] "GET /cormun/pexe_scrolldiv.js HTTP/1.1" 404 1009
181.212.47.137 - - [20/Mar/2024:11:31:24 -0300] "POST /cormun/servlet/vesolicitudgral?c0edd112134fbedd09798e7c16647c9b,2024,20970,,,gx-no-cache=1710944894338 HTTP/1.1" 200 12328
181.212.47.137 - - [20/Mar/2024:11:31:24 -0300] "POST /cormun/servlet/vesolicitudgral?c0edd112134fbedd09798e7c16647c9b,2024,20970,,,gx-no-cache=1710944894564 HTTP/1.1" 200 12260
181.212.47.137 - - [20/Mar/2024:11:31:27 -0300] "GET /cormun/servlet/trsolicitudgral? HTTP/1.1" 200 10852
190.171.152.114 - - [20/Mar/2024:11:31:58 -0300] "GET /cormun/servlet/solicitudotadjuntos?INS,2024,20996,,1, HTTP/1.1" 200 6376
190.171.152.114 - - [20/Mar/2024:11:31:58 -0300] "GET /cormun/static/about:blank HTTP/1.1" 404 1011
190.171.152.114 - - [20/Mar/2024:11:31:59 -0300] "GET /cormun/servlet/solicitudotadjuntos?a8f9ac1858fe3c101ff05b0f2b0d12a6ce98c1398a943c1f2f027a015e60329ec24cb284771a47695b49f934e2e1935a,gx-no-cache=1710944944395 HTTP/1.1" 200 30
190.171.152.114 - - [20/Mar/2024:11:31:59 -0300] "POST /cormun/servlet/solicitudotadjuntos?5805ad17580e22d550093f8d827d46ac,INS,2024,20996,,1,,gx-no-cache=1710944944446 HTTP/1.1" 200 4150
190.171.152.114 - - [20/Mar/2024:11:32:02 -0300] "POST /cormun/servlet/solicitudotadjuntos?gx-no-cache=1710944947268 HTTP/1.1" 200 26
181.212.47.137 - - [20/Mar/2024:11:32:05 -0300] "POST /cormun/servlet/trsolicitudgral?c0edd112134fbedd09798e7c16647c9b,,gx-no-cache=1710944935825 HTTP/1.1" 200 7908
190.171.152.114 - - [20/Mar/2024:11:32:10 -0300] "GET /cormun/servlet/solicitudotadjuntos?a8f9ac1858fe3c101ff05b0f2b0d12a6c31ec628f9f74e600942be57012f9271,gx-no-cache=1710944955860 HTTP/1.1" 200 30
190.171.152.114 - - [20/Mar/2024:11:32:10 -0300] "GET /cormun/servlet/solicitudotadjuntos?a8f9ac1858fe3c101ff05b0f2b0d12a6c31ec628f9f74e600942be57012f9271,gx-no-cache=1710944955870 HTTP/1.1" 200 30
190.171.152.114 - - [20/Mar/2024:11:32:10 -0300] "POST /cormun/servlet/solicitudotadjuntos?5805ad17580e22d550093f8d827d46ac,INS,2024,20996,,1, HTTP/1.1" 200 116
190.171.152.114 - - [20/Mar/2024:11:32:10 -0300] "GET /cormun/servlet/hpexe_return? HTTP/1.1" 200 1026
190.171.152.114 - - [20/Mar/2024:11:32:11 -0300] "GET /cormun/servlet/trsolicitudadjuntos?2024,20996, HTTP/1.1" 200 10132
181.212.47.137 - - [20/Mar/2024:11:32:31 -0300] "POST /cormun/servlet/trsolicitudgral?c0edd112134fbedd09798e7c16647c9b,,gx-no-cache=1710944961807 HTTP/1.1" 200 7618
190.171.152.114 - - [20/Mar/2024:11:32:31 -0300] "GET /cormun/servlet/solicitudotadjuntos?INS,2024,20996,,1, HTTP/1.1" 200 6376
190.171.152.114 - - [20/Mar/2024:11:32:31 -0300] "GET /cormun/static/about:blank HTTP/1.1" 404 1011
190.171.152.114 - - [20/Mar/2024:11:32:32 -0300] "GET /cormun/servlet/solicitudotadjuntos?a8f9ac1858fe3c101ff05b0f2b0d12a6ce98c1398a943c1f2f027a015e60329ec24cb284771a47695b49f934e2e1935a,gx-no-cache=1710944977391 HTTP/1.1" 200 30
190.171.152.114 - - [20/Mar/2024:11:32:32 -0300] "POST /cormun/servlet/solicitudotadjuntos?5805ad17580e22d550093f8d827d46ac,INS,2024,20996,,1,,gx-no-cache=1710944977464 HTTP/1.1" 200 4150
190.171.152.114 - - [20/Mar/2024:11:32:35 -0300] "POST /cormun/servlet/solicitudotadjuntos?gx-no-cache=1710944980412 HTTP/1.1" 200 26
190.171.152.114 - - [20/Mar/2024:11:32:42 -0300] "GET /cormun/servlet/solicitudotadjuntos?a8f9ac1858fe3c101ff05b0f2b0d12a6c31ec628f9f74e600942be57012f9271,gx-no-cache=1710944987316 HTTP/1.1" 200 30
190.171.152.114 - - [20/Mar/2024:11:32:42 -0300] "GET /cormun/servlet/solicitudotadjuntos?a8f9ac1858fe3c101ff05b0f2b0d12a6c31ec628f9f74e600942be57012f9271,gx-no-cache=1710944987326 HTTP/1.1" 200 30
190.171.152.114 - - [20/Mar/2024:11:32:42 -0300] "POST /cormun/servlet/solicitudotadjuntos?5805ad17580e22d550093f8d827d46ac,INS,2024,20996,,1, HTTP/1.1" 200 116
190.171.152.114 - - [20/Mar/2024:11:32:42 -0300] "GET /cormun/servlet/hpexe_return? HTTP/1.1" 200 1026
190.171.152.114 - - [20/Mar/2024:11:32:42 -0300] "GET /cormun/servlet/trsolicitudadjuntos?2024,20996, HTTP/1.1" 200 10450
181.212.47.137 - - [20/Mar/2024:11:32:44 -0300] "GET /cormun/servlet/vesolicitudgral?2024,20977,, HTTP/1.1" 200 8386
181.212.47.137 - - [20/Mar/2024:11:32:44 -0300] "GET /cormun/pexe_scrolldiv.js HTTP/1.1" 404 1009
190.171.152.114 - - [20/Mar/2024:11:32:45 -0300] "GET /cormun/servlet/solicitudotadjuntos?INS,2024,20996,,1, HTTP/1.1" 200 6376
190.171.152.114 - - [20/Mar/2024:11:32:45 -0300] "GET /cormun/static/about:blank HTTP/1.1" 404 1011
190.171.152.114 - - [20/Mar/2024:11:32:45 -0300] "GET /cormun/servlet/solicitudotadjuntos?a8f9ac1858fe3c101ff05b0f2b0d12a6ce98c1398a943c1f2f027a015e60329ec24cb284771a47695b49f934e2e1935a,gx-no-cache=1710944990931 HTTP/1.1" 200 30
190.171.152.114 - - [20/Mar/2024:11:32:45 -0300] "POST /cormun/servlet/solicitudotadjuntos?5805ad17580e22d550093f8d827d46ac,INS,2024,20996,,1,,gx-no-cache=1710944990951 HTTP/1.1" 200 4150
190.171.152.114 - - [20/Mar/2024:11:32:48 -0300] "POST /cormun/servlet/solicitudotadjuntos?gx-no-cache=1710944993324 HTTP/1.1" 200 26
190.171.152.114 - - [20/Mar/2024:11:32:54 -0300] "GET /cormun/servlet/solicitudotadjuntos?a8f9ac1858fe3c101ff05b0f2b0d12a6c31ec628f9f74e600942be57012f9271,gx-no-cache=1710944999324 HTTP/1.1" 200 30
190.171.152.114 - - [20/Mar/2024:11:32:54 -0300] "GET /cormun/servlet/solicitudotadjuntos?a8f9ac1858fe3c101ff05b0f2b0d12a6c31ec628f9f74e600942be57012f9271,gx-no-cache=1710944999380 HTTP/1.1" 200 30
190.171.152.114 - - [20/Mar/2024:11:32:54 -0300] "POST /cormun/servlet/solicitudotadjuntos?5805ad17580e22d550093f8d827d46ac,INS,2024,20996,,1, HTTP/1.1" 200 116
190.171.152.114 - - [20/Mar/2024:11:32:54 -0300] "GET /cormun/servlet/hpexe_return? HTTP/1.1" 200 1026
190.171.152.114 - - [20/Mar/2024:11:32:54 -0300] "GET /cormun/servlet/trsolicitudadjuntos?2024,20996, HTTP/1.1" 200 10604
181.212.47.137 - - [20/Mar/2024:11:32:56 -0300] "POST /cormun/servlet/vesolicitudgral?c0edd112134fbedd09798e7c16647c9b,2024,20977,,,gx-no-cache=1710944987002 HTTP/1.1" 200 12310
181.212.47.137 - - [20/Mar/2024:11:32:56 -0300] "POST /cormun/servlet/vesolicitudgral?c0edd112134fbedd09798e7c16647c9b,2024,20977,,,gx-no-cache=1710944987144 HTTP/1.1" 200 12243
181.212.47.137 - - [20/Mar/2024:11:32:58 -0300] "GET /cormun/servlet/trsolicitudgral? HTTP/1.1" 200 10665
190.171.152.114 - - [20/Mar/2024:11:33:08 -0300] "GET /cormun/servlet/solicitudotadjuntos?INS,2024,20996,,1, HTTP/1.1" 200 6376
190.171.152.114 - - [20/Mar/2024:11:33:09 -0300] "GET /cormun/static/about:blank HTTP/1.1" 404 1011
181.212.47.137 - - [20/Mar/2024:11:33:09 -0300] "POST /cormun/servlet/trsolicitudgral?c0edd112134fbedd09798e7c16647c9b,,gx-no-cache=1710945000021 HTTP/1.1" 200 5270
190.171.152.114 - - [20/Mar/2024:11:33:09 -0300] "GET /cormun/servlet/solicitudotadjuntos?a8f9ac1858fe3c101ff05b0f2b0d12a6ce98c1398a943c1f2f027a015e60329ec24cb284771a47695b49f934e2e1935a,gx-no-cache=1710945014709 HTTP/1.1" 200 30
190.171.152.114 - - [20/Mar/2024:11:33:09 -0300] "POST /cormun/servlet/solicitudotadjuntos?5805ad17580e22d550093f8d827d46ac,INS,2024,20996,,1,,gx-no-cache=1710945014731 HTTP/1.1" 200 4150
190.171.152.114 - - [20/Mar/2024:11:33:16 -0300] "POST /cormun/servlet/solicitudotadjuntos?5805ad17580e22d550093f8d827d46ac,INS,2024,20996,,1,,gx-no-cache=1710945021519 HTTP/1.1" 200 93
190.171.152.114 - - [20/Mar/2024:11:33:16 -0300] "GET /cormun/servlet/hpexe_return? HTTP/1.1" 200 1026
190.171.152.114 - - [20/Mar/2024:11:33:16 -0300] "GET /cormun/servlet/trsolicitudadjuntos?2024,20996, HTTP/1.1" 200 10605
195.140.227.163 - - [20/Mar/2024:11:33:17 -0300] "GET /tomcat.jsp HTTP/1.1" 404 981
195.140.227.163 - - [20/Mar/2024:11:33:18 -0300] "GET /dr/tomcat.jsp HTTP/1.1" 404 987
195.140.227.163 - tomcat [20/Mar/2024:11:33:18 -0300] "GET /manager/html HTTP/1.1" 403 3196
181.212.47.137 - - [20/Mar/2024:11:33:21 -0300] "POST /cormun/servlet/trsolicitudgral?c0edd112134fbedd09798e7c16647c9b,,gx-no-cache=1710945012423 HTTP/1.1" 200 6629
190.171.152.114 - - [20/Mar/2024:11:33:27 -0300] "GET /cormun/servlet/trsolicitudot? HTTP/1.1" 200 9003
190.171.152.114 - - [20/Mar/2024:11:33:41 -0300] "POST /cormun/servlet/trsolicitudot?5805ad17580e22d550093f8d827d46ac,,gx-no-cache=1710945046855 HTTP/1.1" 200 4906
190.171.152.114 - - [20/Mar/2024:11:33:41 -0300] "GET /cormun/static/Shared/jqueryui/images/ui-bg_highlight-soft_100_c6c2c8_1x100.png HTTP/1.1" 404 1117
190.171.152.114 - - [20/Mar/2024:11:33:41 -0300] "GET /cormun/static/Shared/jqueryui/images/ui-icons_82798d_256x240.png HTTP/1.1" 404 1089
190.171.152.114 - - [20/Mar/2024:11:33:41 -0300] "GET /cormun/static/Shared/jqueryui/images/ui-bg_flat_55_fafafa_40x100.png HTTP/1.1" 404 1097
190.171.152.114 - - [20/Mar/2024:11:33:41 -0300] "GET /cormun/static/Shared/jqueryui/images/ui-icons_8d78a5_256x240.png HTTP/1.1" 404 1089
190.171.152.114 - - [20/Mar/2024:11:33:42 -0300] "POST /cormun/servlet/trsolicitudot?5805ad17580e22d550093f8d827d46ac,,gx-no-cache=1710945047038 HTTP/1.1" 200 4627
190.171.152.114 - - [20/Mar/2024:11:33:45 -0300] "GET /cormun/servlet/trautorizarsolicitud? HTTP/1.1" 200 8893
190.171.152.114 - - [20/Mar/2024:11:33:48 -0300] "POST /cormun/servlet/trautorizarsolicitud?5805ad17580e22d550093f8d827d46ac,,gx-no-cache=1710945053166 HTTP/1.1" 200 4822
190.171.152.114 - - [20/Mar/2024:11:33:48 -0300] "POST /cormun/servlet/trautorizarsolicitud?5805ad17580e22d550093f8d827d46ac,,gx-no-cache=1710945053291 HTTP/1.1" 200 4543
181.212.47.137 - - [20/Mar/2024:11:34:17 -0300] "GET /cormun/servlet/vesolicitudgral?2024,20958,, HTTP/1.1" 200 8405
181.212.47.137 - - [20/Mar/2024:11:34:17 -0300] "GET /cormun/pexe_scrolldiv.js HTTP/1.1" 404 1009
181.212.47.137 - - [20/Mar/2024:11:34:18 -0300] "POST /cormun/servlet/vesolicitudgral?c0edd112134fbedd09798e7c16647c9b,2024,20958,,,gx-no-cache=1710945069049 HTTP/1.1" 200 12339
181.212.47.137 - - [20/Mar/2024:11:34:18 -0300] "POST /cormun/servlet/vesolicitudgral?c0edd112134fbedd09798e7c16647c9b,2024,20958,,,gx-no-cache=1710945069340 HTTP/1.1" 200 12272
181.212.47.137 - - [20/Mar/2024:11:34:22 -0300] "GET /cormun/servlet/trsolicitudgral? HTTP/1.1" 200 9691
181.212.47.137 - - [20/Mar/2024:11:34:35 -0300] "POST /cormun/servlet/trsolicitudgral?c0edd112134fbedd09798e7c16647c9b,,gx-no-cache=1710945085647 HTTP/1.1" 200 7079
181.212.47.137 - - [20/Mar/2024:11:34:49 -0300] "POST /cormun/servlet/trsolicitudgral?c0edd112134fbedd09798e7c16647c9b,,gx-no-cache=1710945099487 HTTP/1.1" 200 5271
190.171.152.114 - - [20/Mar/2024:11:34:52 -0300] "GET /cormun/servlet/trsolicitudot? HTTP/1.1" 200 7544
190.171.152.114 - - [20/Mar/2024:11:34:55 -0300] "GET /cormun/servlet/solicitudot?INS,0,0,false, HTTP/1.1" 200 16297
181.212.47.137 - - [20/Mar/2024:11:35:00 -0300] "POST /cormun/servlet/trsolicitudgral?c0edd112134fbedd09798e7c16647c9b,,gx-no-cache=1710945110846 HTTP/1.1" 200 6672
181.212.47.137 - - [20/Mar/2024:11:35:14 -0300] "POST /cormun/servlet/trsolicitudgral?c0edd112134fbedd09798e7c16647c9b,,gx-no-cache=1710945124829 HTTP/1.1" 200 6665
190.171.152.114 - - [20/Mar/2024:11:35:15 -0300] "POST /cormun/servlet/solicitudot?gx-no-cache=1710945140758 HTTP/1.1" 200 4149
190.171.152.114 - - [20/Mar/2024:11:35:16 -0300] "POST /cormun/servlet/solicitudot?5805ad17580e22d550093f8d827d46ac,INS,0,0,false,,gx-no-cache=1710945141130 HTTP/1.1" 200 13006
190.171.152.114 - - [20/Mar/2024:11:35:23 -0300] "GET /cormun/servlet/solicitudot?a8f9ac1858fe3c101ff05b0f2b0d12a68a48d7327a52a9f85c01fc4420c23f68c2f5f5b3f769e341697ada24a327be63,gx-no-cache=1710945148332 HTTP/1.1" 200 30
190.171.152.114 - - [20/Mar/2024:11:35:23 -0300] "GET /cormun/servlet/solicitudot?a8f9ac1858fe3c101ff05b0f2b0d12a62a277b6710c83d034ae122737a902ba3fb9c1d66cce401ba4242c41cc1f1d67cdc456723f9e0c75086a516e25ce23f79,gx-no-cache=1710945148461 HTTP/1.1" 200 30
190.171.152.114 - - [20/Mar/2024:11:35:23 -0300] "GET /cormun/servlet/solicitudot?a8f9ac1858fe3c101ff05b0f2b0d12a6518d55a61c116a014772b2021646b867,gx-no-cache=1710945148568 HTTP/1.1" 200 45
190.171.152.114 - - [20/Mar/2024:11:35:23 -0300] "POST /cormun/servlet/solicitudot?gx-no-cache=1710945148690 HTTP/1.1" 200 255
190.171.152.114 - - [20/Mar/2024:11:35:23 -0300] "GET /cormun/servlet/solicitudot?a8f9ac1858fe3c101ff05b0f2b0d12a6b50d911d0f5198af8c88cc6b98a8d96ce2ded14e312b58da7dde7a8ef2cc0d4c2c547ade3fe3847871e6222154064267cbbe6fb343dfd9fab152e0afc01d385273ff521fa33bfa6650a4fed3f0efe5300be449ea1ac2da9bc058c8661a60452907a501c9afe9a1c879b29a83060153618133c51d6f1484dc91d4f8173c7111d7338fa0f1b4eea1ecf7429d1cd918d71b9740d4ecf135620ec0773a8c49702251eed5e966b1c723007e3eab5cc186a30208e1d752ece6f33f72a7b417e0e2493866a36661040d74651da0b53968d6ca5acdfaffd43422449a6d1985d1ea22753ab329ca42c90dcc706d0a0b8b2510ecaf5db72587233abe9687ab76d17f51e4f1233fc66405312d593acb1f011ffb6d5a321e266ab88d47fc3f1740896cb6a4b4452b50fa16084ffbe895c6f6dc0bd484f87532f730a0a116fdbdeb82c25f5e242173138df1acd8eacaa8d171957c8ddf6f0af3c20fc2a08077b9f0a7a7355c7ca919f49a8ae093c0292b6dc12c9a6bf7,gx-no-cache=1710945148799 HTTP/1.1" 200 30
190.171.152.114 - - [20/Mar/2024:11:35:28 -0300] "POST /cormun/servlet/solicitudot?gx-no-cache=1710945153796 HTTP/1.1" 200 30
190.171.152.114 - - [20/Mar/2024:11:35:31 -0300] "POST /cormun/servlet/solicitudot?gx-no-cache=1710945156393 HTTP/1.1" 200 1474
190.171.152.114 - - [20/Mar/2024:11:35:31 -0300] "POST /cormun/servlet/solicitudot?gx-no-cache=1710945156493 HTTP/1.1" 200 38
190.171.152.114 - - [20/Mar/2024:11:35:31 -0300] "GET /cormun/servlet/solicitudot?a8f9ac1858fe3c101ff05b0f2b0d12a6c77df3e899e16485183731b07e800c9eebc7c3613e7697eea8616bcb70089f28b4fd48b52758da5eb615c4969b24cae814a40533ef32f17f4f03d8c9b84bfdd18f9bdb727c98260c5e2a9cd680ff99d0b9d5e54d2b9b1bb386c7a02b44873e66,gx-no-cache=1710945156585 HTTP/1.1" 200 110
181.212.47.137 - - [20/Mar/2024:11:35:31 -0300] "GET /cormun/servlet/vesolicitudgral?2024,20897,, HTTP/1.1" 200 8429
181.212.47.137 - - [20/Mar/2024:11:35:31 -0300] "GET /cormun/pexe_scrolldiv.js HTTP/1.1" 404 1009
181.212.47.137 - - [20/Mar/2024:11:35:33 -0300] "POST /cormun/servlet/vesolicitudgral?c0edd112134fbedd09798e7c16647c9b,2024,20897,,,gx-no-cache=1710945143424 HTTP/1.1" 200 12313
181.212.47.137 - - [20/Mar/2024:11:35:33 -0300] "POST /cormun/servlet/vesolicitudgral?c0edd112134fbedd09798e7c16647c9b,2024,20897,,,gx-no-cache=1710945143650 HTTP/1.1" 200 12245
181.212.47.137 - - [20/Mar/2024:11:35:36 -0300] "GET /cormun/servlet/trsolicitudgral? HTTP/1.1" 200 9727
190.171.152.114 - - [20/Mar/2024:11:35:36 -0300] "POST /cormun/servlet/solicitudot?gx-no-cache=1710945161925 HTTP/1.1" 200 97
181.212.47.137 - - [20/Mar/2024:11:35:53 -0300] "POST /cormun/servlet/trsolicitudgral?c0edd112134fbedd09798e7c16647c9b,,gx-no-cache=1710945163942 HTTP/1.1" 200 6648
181.212.47.137 - - [20/Mar/2024:11:36:08 -0300] "GET /cormun/servlet/vesolicitudgral?2024,20950,, HTTP/1.1" 200 8432
181.212.47.137 - - [20/Mar/2024:11:36:08 -0300] "GET /cormun/pexe_scrolldiv.js HTTP/1.1" 404 1009
181.212.47.137 - - [20/Mar/2024:11:36:09 -0300] "POST /cormun/servlet/vesolicitudgral?c0edd112134fbedd09798e7c16647c9b,2024,20950,,,gx-no-cache=1710945180231 HTTP/1.1" 200 12338
181.212.47.137 - - [20/Mar/2024:11:36:10 -0300] "POST /cormun/servlet/vesolicitudgral?c0edd112134fbedd09798e7c16647c9b,2024,20950,,,gx-no-cache=1710945180428 HTTP/1.1" 200 12271
181.212.47.137 - - [20/Mar/2024:11:36:15 -0300] "GET /cormun/servlet/trsolicitudgral? HTTP/1.1" 200 9718
181.212.47.137 - - [20/Mar/2024:11:36:20 -0300] "POST /cormun/servlet/trsolicitudgral?c0edd112134fbedd09798e7c16647c9b,,gx-no-cache=1710945191102 HTTP/1.1" 200 5269
190.171.152.114 - - [20/Mar/2024:11:36:23 -0300] "GET /cormun/servlet/solicitudot?a8f9ac1858fe3c101ff05b0f2b0d12a688e059441f1d9dc4ac18fa89abd93fc919af4dd9058323e62e8b880359fe9020e6eb48abf1d196be50b4e30560833f2c0d57b28b068731c570d17a8c6fb78f799f3ef92b434278169dff0ac8fcfe0dbf39c743ef7517acf4ef16dfacadcdae90f2960b04b02ba24d0c719c0db3c337509a9736274c2c03b103b225437c2d6486ab6e2c434ec24daab08afbb536f2317f,gx-no-cache=1710945208757 HTTP/1.1" 200 29
190.171.152.114 - - [20/Mar/2024:11:36:23 -0300] "GET /cormun/static/menuarrow.gif HTTP/1.1" 404 1015
190.171.152.114 - - [20/Mar/2024:11:36:27 -0300] "GET /cormun/servlet/solicitudot?a8f9ac1858fe3c101ff05b0f2b0d12a6029583d036ea619563b7114538489b0cffca67ccd8fcd87fb7f84b7f595ff870,gx-no-cache=1710945212323 HTTP/1.1" 200 30
190.171.152.114 - - [20/Mar/2024:11:36:34 -0300] "POST /cormun/servlet/solicitudot?gx-no-cache=1710945219531 HTTP/1.1" 200 30
190.171.152.114 - - [20/Mar/2024:11:36:44 -0300] "POST /cormun/servlet/solicitudot?5805ad17580e22d550093f8d827d46ac,INS,0,0,false,,gx-no-cache=1710945228918 HTTP/1.1" 200 93
190.171.152.114 - - [20/Mar/2024:11:36:44 -0300] "GET /cormun/servlet/hpexe_return? HTTP/1.1" 200 1009
190.171.152.114 - - [20/Mar/2024:11:36:44 -0300] "GET /cormun/servlet/trsolicitudot HTTP/1.1" 200 8955
190.171.152.114 - - [20/Mar/2024:11:36:49 -0300] "POST /cormun/servlet/trsolicitudot?5805ad17580e22d550093f8d827d46ac,gx-no-cache=1710945234575 HTTP/1.1" 200 107
190.171.152.114 - - [20/Mar/2024:11:36:49 -0300] "GET /cormun/servlet/trsolicitudadjuntos?2024,20997, HTTP/1.1" 200 6437
190.171.152.114 - - [20/Mar/2024:11:36:51 -0300] "GET /cormun/servlet/solicitudotadjuntos?INS,2024,20997,,1, HTTP/1.1" 200 6374
190.171.152.114 - - [20/Mar/2024:11:36:52 -0300] "GET /cormun/static/about:blank HTTP/1.1" 404 1011
190.171.152.114 - - [20/Mar/2024:11:36:52 -0300] "GET /cormun/servlet/solicitudotadjuntos?a8f9ac1858fe3c101ff05b0f2b0d12a63e84b47580f6b58db5b11cf1fc53bed36b90a39f0e564b6caa37ad4b0ee47e1e,gx-no-cache=1710945237596 HTTP/1.1" 200 30
190.171.152.114 - - [20/Mar/2024:11:36:52 -0300] "POST /cormun/servlet/solicitudotadjuntos?5805ad17580e22d550093f8d827d46ac,INS,2024,20997,,1,,gx-no-cache=1710945237677 HTTP/1.1" 200 4184
190.171.152.114 - - [20/Mar/2024:11:36:54 -0300] "POST /cormun/servlet/solicitudotadjuntos?gx-no-cache=1710945239849 HTTP/1.1" 200 26
190.171.152.114 - - [20/Mar/2024:11:37:23 -0300] "GET /cormun/servlet/solicitudotadjuntos?a8f9ac1858fe3c101ff05b0f2b0d12a6c31ec628f9f74e600942be57012f9271,gx-no-cache=1710945268356 HTTP/1.1" 200 30
190.171.152.114 - - [20/Mar/2024:11:37:23 -0300] "GET /cormun/servlet/solicitudotadjuntos?a8f9ac1858fe3c101ff05b0f2b0d12a6c31ec628f9f74e600942be57012f9271,gx-no-cache=1710945268370 HTTP/1.1" 200 30
190.171.152.114 - - [20/Mar/2024:11:37:23 -0300] "POST /cormun/servlet/solicitudotadjuntos?5805ad17580e22d550093f8d827d46ac,INS,2024,20997,,1, HTTP/1.1" 200 116
190.171.152.114 - - [20/Mar/2024:11:37:23 -0300] "GET /cormun/servlet/hpexe_return? HTTP/1.1" 200 1026
190.171.152.114 - - [20/Mar/2024:11:37:23 -0300] "GET /cormun/servlet/trsolicitudadjuntos?2024,20997, HTTP/1.1" 200 9410
190.171.152.114 - - [20/Mar/2024:11:37:27 -0300] "GET /cormun/servlet/solicitudotadjuntos?INS,2024,20997,,1, HTTP/1.1" 200 6375
190.171.152.114 - - [20/Mar/2024:11:37:27 -0300] "GET /cormun/static/about:blank HTTP/1.1" 404 1011
190.171.152.114 - - [20/Mar/2024:11:37:27 -0300] "GET /cormun/servlet/solicitudotadjuntos?a8f9ac1858fe3c101ff05b0f2b0d12a63e84b47580f6b58db5b11cf1fc53bed36b90a39f0e564b6caa37ad4b0ee47e1e,gx-no-cache=1710945272814 HTTP/1.1" 200 30
190.171.152.114 - - [20/Mar/2024:11:37:27 -0300] "POST /cormun/servlet/solicitudotadjuntos?5805ad17580e22d550093f8d827d46ac,INS,2024,20997,,1,,gx-no-cache=1710945272834 HTTP/1.1" 200 4182
181.212.47.137 - - [20/Mar/2024:11:37:28 -0300] "POST /cormun/servlet/trsolicitudgral?c0edd112134fbedd09798e7c16647c9b,,gx-no-cache=1710945258709 HTTP/1.1" 200 6672
190.171.152.114 - - [20/Mar/2024:11:37:29 -0300] "POST /cormun/servlet/solicitudotadjuntos?gx-no-cache=1710945274700 HTTP/1.1" 200 26
190.171.152.114 - - [20/Mar/2024:11:37:35 -0300] "GET /cormun/servlet/solicitudotadjuntos?a8f9ac1858fe3c101ff05b0f2b0d12a6c31ec628f9f74e600942be57012f9271,gx-no-cache=1710945280308 HTTP/1.1" 200 30
190.171.152.114 - - [20/Mar/2024:11:37:35 -0300] "GET /cormun/servlet/solicitudotadjuntos?a8f9ac1858fe3c101ff05b0f2b0d12a6c31ec628f9f74e600942be57012f9271,gx-no-cache=1710945280318 HTTP/1.1" 200 30
190.171.152.114 - - [20/Mar/2024:11:37:35 -0300] "POST /cormun/servlet/solicitudotadjuntos?5805ad17580e22d550093f8d827d46ac,INS,2024,20997,,1, HTTP/1.1" 200 116
190.171.152.114 - - [20/Mar/2024:11:37:35 -0300] "GET /cormun/servlet/hpexe_return? HTTP/1.1" 200 1026
190.171.152.114 - - [20/Mar/2024:11:37:35 -0300] "GET /cormun/servlet/trsolicitudadjuntos?2024,20997, HTTP/1.1" 200 9645
190.171.152.114 - - [20/Mar/2024:11:37:37 -0300] "GET /cormun/servlet/solicitudotadjuntos?INS,2024,20997,,1, HTTP/1.1" 200 6375
190.171.152.114 - - [20/Mar/2024:11:37:37 -0300] "GET /cormun/static/about:blank HTTP/1.1" 404 1011
190.171.152.114 - - [20/Mar/2024:11:37:38 -0300] "GET /cormun/servlet/solicitudotadjuntos?a8f9ac1858fe3c101ff05b0f2b0d12a63e84b47580f6b58db5b11cf1fc53bed36b90a39f0e564b6caa37ad4b0ee47e1e,gx-no-cache=1710945283496 HTTP/1.1" 200 30
190.171.152.114 - - [20/Mar/2024:11:37:38 -0300] "POST /cormun/servlet/solicitudotadjuntos?5805ad17580e22d550093f8d827d46ac,INS,2024,20997,,1,,gx-no-cache=1710945283517 HTTP/1.1" 200 4182
190.171.152.114 - - [20/Mar/2024:11:37:40 -0300] "POST /cormun/servlet/solicitudotadjuntos?gx-no-cache=1710945285876 HTTP/1.1" 200 26
181.212.47.137 - - [20/Mar/2024:11:37:41 -0300] "POST /cormun/servlet/trsolicitudgral?c0edd112134fbedd09798e7c16647c9b,,gx-no-cache=1710945271469 HTTP/1.1" 200 7741
190.171.152.114 - - [20/Mar/2024:11:38:01 -0300] "GET /cormun/servlet/solicitudotadjuntos?a8f9ac1858fe3c101ff05b0f2b0d12a6c31ec628f9f74e600942be57012f9271,gx-no-cache=1710945306948 HTTP/1.1" 200 30
190.171.152.114 - - [20/Mar/2024:11:38:01 -0300] "GET /cormun/servlet/solicitudotadjuntos?a8f9ac1858fe3c101ff05b0f2b0d12a6c31ec628f9f74e600942be57012f9271,gx-no-cache=1710945306963 HTTP/1.1" 200 30
190.171.152.114 - - [20/Mar/2024:11:38:02 -0300] "POST /cormun/servlet/solicitudotadjuntos?5805ad17580e22d550093f8d827d46ac,INS,2024,20997,,1, HTTP/1.1" 200 116
190.171.152.114 - - [20/Mar/2024:11:38:02 -0300] "GET /cormun/servlet/hpexe_return? HTTP/1.1" 200 1026
181.212.47.137 - - [20/Mar/2024:11:38:02 -0300] "POST /cormun/servlet/trsolicitudgral?c0edd112134fbedd09798e7c16647c9b,,gx-no-cache=1710945292429 HTTP/1.1" 200 7156
190.171.152.114 - - [20/Mar/2024:11:38:02 -0300] "GET /cormun/servlet/trsolicitudadjuntos?2024,20997, HTTP/1.1" 200 9897
190.171.152.114 - - [20/Mar/2024:11:38:05 -0300] "GET /cormun/servlet/solicitudotadjuntos?INS,2024,20997,,1, HTTP/1.1" 200 6375
181.212.47.137 - - [20/Mar/2024:11:38:05 -0300] "GET /cormun/servlet/vesolicitudgral?2024,20840,, HTTP/1.1" 200 8441
181.212.47.137 - - [20/Mar/2024:11:38:05 -0300] "GET /cormun/pexe_scrolldiv.js HTTP/1.1" 404 1009
190.171.152.114 - - [20/Mar/2024:11:38:05 -0300] "GET /cormun/static/about:blank HTTP/1.1" 404 1011
190.171.152.114 - - [20/Mar/2024:11:38:06 -0300] "GET /cormun/servlet/solicitudotadjuntos?a8f9ac1858fe3c101ff05b0f2b0d12a63e84b47580f6b58db5b11cf1fc53bed36b90a39f0e564b6caa37ad4b0ee47e1e,gx-no-cache=1710945311376 HTTP/1.1" 200 30
190.171.152.114 - - [20/Mar/2024:11:38:06 -0300] "POST /cormun/servlet/solicitudotadjuntos?5805ad17580e22d550093f8d827d46ac,INS,2024,20997,,1,,gx-no-cache=1710945311396 HTTP/1.1" 200 4182
190.171.152.114 - - [20/Mar/2024:11:38:09 -0300] "POST /cormun/servlet/solicitudotadjuntos?gx-no-cache=1710945314253 HTTP/1.1" 200 26
190.171.152.114 - - [20/Mar/2024:11:38:15 -0300] "GET /cormun/servlet/solicitudotadjuntos?a8f9ac1858fe3c101ff05b0f2b0d12a6c31ec628f9f74e600942be57012f9271,gx-no-cache=1710945320676 HTTP/1.1" 200 30
190.171.152.114 - - [20/Mar/2024:11:38:15 -0300] "GET /cormun/servlet/solicitudotadjuntos?a8f9ac1858fe3c101ff05b0f2b0d12a6c31ec628f9f74e600942be57012f9271,gx-no-cache=1710945320686 HTTP/1.1" 200 30
190.171.152.114 - - [20/Mar/2024:11:38:15 -0300] "POST /cormun/servlet/solicitudotadjuntos?5805ad17580e22d550093f8d827d46ac,INS,2024,20997,,1, HTTP/1.1" 200 116
190.171.152.114 - - [20/Mar/2024:11:38:15 -0300] "GET /cormun/servlet/hpexe_return? HTTP/1.1" 200 1026
190.171.152.114 - - [20/Mar/2024:11:38:15 -0300] "GET /cormun/servlet/trsolicitudadjuntos?2024,20997, HTTP/1.1" 200 10123
190.171.152.114 - - [20/Mar/2024:11:38:20 -0300] "GET /cormun/servlet/solicitudotadjuntos?INS,2024,20997,,1, HTTP/1.1" 200 6375
190.171.152.114 - - [20/Mar/2024:11:38:20 -0300] "GET /cormun/static/about:blank HTTP/1.1" 404 1011
190.171.152.114 - - [20/Mar/2024:11:38:20 -0300] "GET /cormun/servlet/solicitudotadjuntos?a8f9ac1858fe3c101ff05b0f2b0d12a63e84b47580f6b58db5b11cf1fc53bed36b90a39f0e564b6caa37ad4b0ee47e1e,gx-no-cache=1710945325847 HTTP/1.1" 200 30
190.171.152.114 - - [20/Mar/2024:11:38:20 -0300] "POST /cormun/servlet/solicitudotadjuntos?5805ad17580e22d550093f8d827d46ac,INS,2024,20997,,1,,gx-no-cache=1710945325868 HTTP/1.1" 200 4183
190.171.152.114 - - [20/Mar/2024:11:38:22 -0300] "POST /cormun/servlet/solicitudotadjuntos?gx-no-cache=1710945328044 HTTP/1.1" 200 26
190.171.152.114 - - [20/Mar/2024:11:38:27 -0300] "GET /cormun/servlet/solicitudotadjuntos?a8f9ac1858fe3c101ff05b0f2b0d12a6c31ec628f9f74e600942be57012f9271,gx-no-cache=1710945333043 HTTP/1.1" 200 30
190.171.152.114 - - [20/Mar/2024:11:38:27 -0300] "GET /cormun/servlet/solicitudotadjuntos?a8f9ac1858fe3c101ff05b0f2b0d12a6c31ec628f9f74e600942be57012f9271,gx-no-cache=1710945333053 HTTP/1.1" 200 30
190.171.152.114 - - [20/Mar/2024:11:38:28 -0300] "POST /cormun/servlet/solicitudotadjuntos?5805ad17580e22d550093f8d827d46ac,INS,2024,20997,,1, HTTP/1.1" 200 116
190.171.152.114 - - [20/Mar/2024:11:38:28 -0300] "GET /cormun/servlet/hpexe_return? HTTP/1.1" 200 1026
190.171.152.114 - - [20/Mar/2024:11:38:28 -0300] "GET /cormun/servlet/trsolicitudadjuntos?2024,20997, HTTP/1.1" 200 10408
181.212.47.137 - - [20/Mar/2024:11:38:29 -0300] "POST /cormun/servlet/vesolicitudgral?c0edd112134fbedd09798e7c16647c9b,2024,20840,,,gx-no-cache=1710945319504 HTTP/1.1" 200 12330
190.171.152.114 - - [20/Mar/2024:11:38:31 -0300] "GET /cormun/servlet/solicitudotadjuntos?INS,2024,20997,,1, HTTP/1.1" 200 6375
190.171.152.114 - - [20/Mar/2024:11:38:31 -0300] "GET /cormun/static/about:blank HTTP/1.1" 404 1011
190.171.152.114 - - [20/Mar/2024:11:38:31 -0300] "GET /cormun/servlet/solicitudotadjuntos?a8f9ac1858fe3c101ff05b0f2b0d12a63e84b47580f6b58db5b11cf1fc53bed36b90a39f0e564b6caa37ad4b0ee47e1e,gx-no-cache=1710945337023 HTTP/1.1" 200 30
190.171.152.114 - - [20/Mar/2024:11:38:32 -0300] "POST /cormun/servlet/solicitudotadjuntos?5805ad17580e22d550093f8d827d46ac,INS,2024,20997,,1,,gx-no-cache=1710945337044 HTTP/1.1" 200 4183
181.212.47.137 - - [20/Mar/2024:11:38:32 -0300] "GET /cormun/servlet/trsolicitudgral? HTTP/1.1" 200 10217
190.171.152.114 - - [20/Mar/2024:11:38:34 -0300] "POST /cormun/servlet/solicitudotadjuntos?gx-no-cache=1710945339812 HTTP/1.1" 200 26
190.171.152.114 - - [20/Mar/2024:11:38:42 -0300] "GET /cormun/servlet/solicitudotadjuntos?a8f9ac1858fe3c101ff05b0f2b0d12a6c31ec628f9f74e600942be57012f9271,gx-no-cache=1710945347267 HTTP/1.1" 200 30
190.171.152.114 - - [20/Mar/2024:11:38:42 -0300] "GET /cormun/servlet/solicitudotadjuntos?a8f9ac1858fe3c101ff05b0f2b0d12a6c31ec628f9f74e600942be57012f9271,gx-no-cache=1710945347276 HTTP/1.1" 200 30
190.171.152.114 - - [20/Mar/2024:11:38:42 -0300] "POST /cormun/servlet/solicitudotadjuntos?5805ad17580e22d550093f8d827d46ac,INS,2024,20997,,1, HTTP/1.1" 200 116
190.171.152.114 - - [20/Mar/2024:11:38:42 -0300] "GET /cormun/servlet/hpexe_return? HTTP/1.1" 200 1026
190.171.152.114 - - [20/Mar/2024:11:38:42 -0300] "GET /cormun/servlet/trsolicitudadjuntos?2024,20997, HTTP/1.1" 200 10561
190.171.152.114 - - [20/Mar/2024:11:38:52 -0300] "GET /cormun/servlet/trsolicitudot? HTTP/1.1" 200 8958
181.212.47.137 - - [20/Mar/2024:11:39:01 -0300] "POST /cormun/servlet/trsolicitudgral?c0edd112134fbedd09798e7c16647c9b,,gx-no-cache=1710945352109 HTTP/1.1" 200 7575
181.212.47.137 - - [20/Mar/2024:11:39:04 -0300] "GET /cormun/servlet/vesolicitudgral?2024,20963,, HTTP/1.1" 200 8449
181.212.47.137 - - [20/Mar/2024:11:39:04 -0300] "GET /cormun/pexe_scrolldiv.js HTTP/1.1" 404 1009
181.212.47.137 - - [20/Mar/2024:11:39:27 -0300] "POST /cormun/servlet/vesolicitudgral?c0edd112134fbedd09798e7c16647c9b,2024,20963,,,gx-no-cache=1710945378079 HTTP/1.1" 200 12335
181.212.47.137 - - [20/Mar/2024:11:39:27 -0300] "POST /cormun/servlet/vesolicitudgral?c0edd112134fbedd09798e7c16647c9b,2024,20963,,,gx-no-cache=1710945378216 HTTP/1.1" 200 12267
181.212.47.137 - - [20/Mar/2024:11:39:30 -0300] "GET /cormun/servlet/trsolicitudgral? HTTP/1.1" 200 10628
181.212.47.137 - - [20/Mar/2024:11:39:47 -0300] "POST /cormun/servlet/trsolicitudgral?c0edd112134fbedd09798e7c16647c9b,,gx-no-cache=1710945397989 HTTP/1.1" 200 7156
