181.212.47.137 - - [20/Mar/2024:10:37:04 -0300] "POST /cormun/servlet/trsolicitudgral?c0edd112134fbedd09798e7c16647c9b,,gx-no-cache=1710941635169 HTTP/1.1" 200 5269
181.212.47.137 - - [20/Mar/2024:10:37:05 -0300] "POST /cormun/servlet/trsolicitudgral?c0edd112134fbedd09798e7c16647c9b,,gx-no-cache=1710941635744 HTTP/1.1" 200 5269
181.212.47.137 - - [20/Mar/2024:10:37:05 -0300] "POST /cormun/servlet/trsolicitudgral?c0edd112134fbedd09798e7c16647c9b,,gx-no-cache=1710941635960 HTTP/1.1" 200 5270
181.212.47.137 - - [20/Mar/2024:10:37:05 -0300] "POST /cormun/servlet/trsolicitudgral?c0edd112134fbedd09798e7c16647c9b,,gx-no-cache=1710941636103 HTTP/1.1" 200 5270
181.212.47.137 - - [20/Mar/2024:10:37:05 -0300] "POST /cormun/servlet/trsolicitudgral?c0edd112134fbedd09798e7c16647c9b,,gx-no-cache=1710941636271 HTTP/1.1" 200 5270
181.212.47.137 - - [20/Mar/2024:10:37:27 -0300] "POST /cormun/servlet/trsolicitudgral?c0edd112134fbedd09798e7c16647c9b,,gx-no-cache=1710941658281 HTTP/1.1" 200 7115
181.212.47.137 - - [20/Mar/2024:10:37:46 -0300] "POST /cormun/servlet/trsolicitudgral?c0edd112134fbedd09798e7c16647c9b,,gx-no-cache=1710941677353 HTTP/1.1" 200 5272
190.171.141.106 - - [20/Mar/2024:10:38:02 -0300] "GET /cormun/servlet/hlogin HTTP/1.1" 200 1723
190.171.141.106 - - [20/Mar/2024:10:38:07 -0300] "POST /cormun/servlet/hlogin?457b8a966f3a7e598ee5c442ec6f2f0b,gx-no-cache=1710941711039 HTTP/1.1" 200 90
190.171.141.106 - - [20/Mar/2024:10:38:08 -0300] "GET /cormun/servlet/hpexe_link HTTP/1.1" 200 954
190.171.141.106 - - [20/Mar/2024:10:38:08 -0300] "GET /cormun/servlet/hhome HTTP/1.1" 200 4272
181.212.47.137 - - [20/Mar/2024:10:38:16 -0300] "POST /cormun/servlet/trsolicitudgral?c0edd112134fbedd09798e7c16647c9b,,gx-no-cache=1710941706495 HTTP/1.1" 200 6639
181.212.47.137 - - [20/Mar/2024:10:38:19 -0300] "GET /cormun/servlet/vesolicitudgral?2024,20800,, HTTP/1.1" 200 8362
181.212.47.137 - - [20/Mar/2024:10:38:19 -0300] "GET /cormun/pexe_scrolldiv.js HTTP/1.1" 404 1009
181.212.47.137 - - [20/Mar/2024:10:39:11 -0300] "POST /cormun/servlet/vesolicitudgral?c0edd112134fbedd09798e7c16647c9b,2024,20800,,,gx-no-cache=1710941761642 HTTP/1.1" 200 12311
181.212.47.137 - - [20/Mar/2024:10:39:11 -0300] "GET /cormun/static/Shared/jqueryui/images/ui-bg_highlight-soft_100_c6c2c8_1x100.png HTTP/1.1" 404 1117
181.212.47.137 - - [20/Mar/2024:10:39:11 -0300] "GET /cormun/static/Shared/jqueryui/images/ui-icons_8d78a5_256x240.png HTTP/1.1" 404 1089
181.212.47.137 - - [20/Mar/2024:10:39:11 -0300] "GET /cormun/static/Shared/jqueryui/images/ui-bg_flat_55_fafafa_40x100.png HTTP/1.1" 404 1097
181.212.47.137 - - [20/Mar/2024:10:39:11 -0300] "GET /cormun/static/Shared/jqueryui/images/ui-icons_82798d_256x240.png HTTP/1.1" 404 1089
181.212.47.137 - - [20/Mar/2024:10:39:11 -0300] "POST /cormun/servlet/vesolicitudgral?c0edd112134fbedd09798e7c16647c9b,2024,20800,,,gx-no-cache=1710941761925 HTTP/1.1" 200 12243
181.212.47.137 - - [20/Mar/2024:10:39:13 -0300] "GET /cormun/servlet/trsolicitudgral? HTTP/1.1" 200 9697
181.212.47.137 - - [20/Mar/2024:10:40:00 -0300] "POST /cormun/servlet/trsolicitudgral?c0edd112134fbedd09798e7c16647c9b,,gx-no-cache=1710941811464 HTTP/1.1" 200 9222
181.212.47.137 - - [20/Mar/2024:10:40:08 -0300] "GET /cormun/servlet/vesolicitudgral?2024,20768,, HTTP/1.1" 200 8426
181.212.47.137 - - [20/Mar/2024:10:40:08 -0300] "GET /cormun/pexe_scrolldiv.js HTTP/1.1" 404 1009
181.212.47.137 - - [20/Mar/2024:10:40:35 -0300] "POST /cormun/servlet/vesolicitudgral?c0edd112134fbedd09798e7c16647c9b,2024,20768,,,gx-no-cache=1710941845569 HTTP/1.1" 200 12327
181.212.47.137 - - [20/Mar/2024:10:40:35 -0300] "GET /cormun/static/Shared/jqueryui/images/ui-bg_highlight-soft_100_c6c2c8_1x100.png HTTP/1.1" 404 1117
181.212.47.137 - - [20/Mar/2024:10:40:35 -0300] "GET /cormun/static/Shared/jqueryui/images/ui-bg_flat_55_fafafa_40x100.png HTTP/1.1" 404 1097
181.212.47.137 - - [20/Mar/2024:10:40:35 -0300] "GET /cormun/static/Shared/jqueryui/images/ui-icons_8d78a5_256x240.png HTTP/1.1" 404 1089
181.212.47.137 - - [20/Mar/2024:10:40:35 -0300] "GET /cormun/static/Shared/jqueryui/images/ui-icons_82798d_256x240.png HTTP/1.1" 404 1089
181.212.47.137 - - [20/Mar/2024:10:40:35 -0300] "POST /cormun/servlet/vesolicitudgral?c0edd112134fbedd09798e7c16647c9b,2024,20768,,,gx-no-cache=1710941845738 HTTP/1.1" 200 12260
181.212.47.137 - - [20/Mar/2024:10:40:38 -0300] "GET /cormun/servlet/trsolicitudgral? HTTP/1.1" 200 12273
190.171.143.82 - - [20/Mar/2024:10:41:24 -0300] "GET /cormun/servlet/trfichaempleado? HTTP/1.1" 200 12397
190.171.143.82 - - [20/Mar/2024:10:42:24 -0300] "GET /cormun/servlet/trfichaempleado? HTTP/1.1" 200 12397
181.212.47.137 - - [20/Mar/2024:10:42:30 -0300] "POST /cormun/servlet/trsolicitudgral?c0edd112134fbedd09798e7c16647c9b,,gx-no-cache=1710941960565 HTTP/1.1" 200 7171
190.171.152.114 - - [20/Mar/2024:10:42:30 -0300] "GET /cormun/servlet/hlogin HTTP/1.1" 200 1717
190.171.152.114 - - [20/Mar/2024:10:42:30 -0300] "GET /cormun/servlet/hlogin HTTP/1.1" 200 1726
190.171.152.114 - - [20/Mar/2024:10:42:45 -0300] "POST /cormun/servlet/hlogin?e13f4b6d5aedd4d02647d3cea4d76d8e,gx-no-cache=1710941990257 HTTP/1.1" 200 90
190.171.152.114 - - [20/Mar/2024:10:42:45 -0300] "GET /cormun/servlet/hpexe_link HTTP/1.1" 200 946
190.171.152.114 - - [20/Mar/2024:10:42:45 -0300] "GET /cormun/servlet/hhome HTTP/1.1" 200 4323
181.212.47.137 - - [20/Mar/2024:10:42:50 -0300] "POST /cormun/servlet/trsolicitudgral?c0edd112134fbedd09798e7c16647c9b,,gx-no-cache=1710941980982 HTTP/1.1" 200 5268
190.171.143.82 - - [20/Mar/2024:10:42:55 -0300] "GET /cormun/servlet/trfichaempleado? HTTP/1.1" 200 12395
190.171.149.90 - - [20/Mar/2024:10:44:04 -0300] "POST /cormun/servlet/trsolicitudot?58d209616b74bd255a082fbf7b65611d,gx-no-cache=1710942070460 HTTP/1.1" 440 972
190.171.149.90 - - [20/Mar/2024:10:44:20 -0300] "GET /cormun/servlet/trsolicitudot HTTP/1.1" 200 6324
190.171.149.90 - - [20/Mar/2024:10:44:20 -0300] "GET /cormun/servlet/hlogin HTTP/1.1" 200 1738
190.171.149.90 - - [20/Mar/2024:10:44:35 -0300] "POST /cormun/servlet/hlogin?a2396b1e04e319318377b79ad168d341,gx-no-cache=1710942101440 HTTP/1.1" 200 448
190.171.149.90 - - [20/Mar/2024:10:44:40 -0300] "POST /cormun/servlet/hlogin?a2396b1e04e319318377b79ad168d341,gx-no-cache=1710942105880 HTTP/1.1" 200 90
190.171.149.90 - - [20/Mar/2024:10:44:40 -0300] "GET /cormun/servlet/hpexe_link HTTP/1.1" 200 956
190.171.149.90 - - [20/Mar/2024:10:44:40 -0300] "GET /cormun/servlet/trsolicitudot HTTP/1.1" 200 8341
181.212.47.137 - - [20/Mar/2024:10:44:44 -0300] "POST /cormun/servlet/trsolicitudgral?c0edd112134fbedd09798e7c16647c9b,,gx-no-cache=1710942094725 HTTP/1.1" 200 7383
191.126.17.116 - - [20/Mar/2024:10:45:31 -0300] "GET /cormun/servlet/hlogin HTTP/1.1" 200 1717
191.126.17.116 - - [20/Mar/2024:10:45:34 -0300] "POST /cormun/servlet/hlogin?f0eb74cd40727a9c4dfb4cc777a882f1,gx-no-cache=1710942156036 HTTP/1.1" 200 90
191.126.17.116 - - [20/Mar/2024:10:45:34 -0300] "GET /cormun/servlet/hpexe_link HTTP/1.1" 200 948
191.126.17.116 - - [20/Mar/2024:10:45:34 -0300] "GET /cormun/servlet/hhome HTTP/1.1" 200 3905
191.126.17.116 - - [20/Mar/2024:10:45:37 -0300] "GET /cormun/servlet/trsolicitudot? HTTP/1.1" 200 15258
191.126.17.116 - - [20/Mar/2024:10:45:51 -0300] "GET /cormun/static/menuarrow.gif HTTP/1.1" 404 1015
181.212.47.137 - - [20/Mar/2024:10:46:33 -0300] "GET /cormun/servlet/vesolicitudgral?2024,20952,, HTTP/1.1" 200 8430
181.212.47.137 - - [20/Mar/2024:10:46:33 -0300] "GET /cormun/pexe_scrolldiv.js HTTP/1.1" 404 1009
191.126.17.116 - - [20/Mar/2024:10:46:34 -0300] "GET /cormun/servlet/solicitudot?INS,0,0,false, HTTP/1.1" 200 15892
181.212.47.137 - - [20/Mar/2024:10:47:27 -0300] "POST /cormun/servlet/vesolicitudgral?c0edd112134fbedd09798e7c16647c9b,2024,20952,,,gx-no-cache=1710942258400 HTTP/1.1" 200 12339
181.212.47.137 - - [20/Mar/2024:10:47:28 -0300] "GET /cormun/static/Shared/jqueryui/images/ui-bg_highlight-soft_100_c6c2c8_1x100.png HTTP/1.1" 404 1117
181.212.47.137 - - [20/Mar/2024:10:47:28 -0300] "GET /cormun/static/Shared/jqueryui/images/ui-icons_8d78a5_256x240.png HTTP/1.1" 404 1089
181.212.47.137 - - [20/Mar/2024:10:47:28 -0300] "GET /cormun/static/Shared/jqueryui/images/ui-bg_flat_55_fafafa_40x100.png HTTP/1.1" 404 1097
181.212.47.137 - - [20/Mar/2024:10:47:28 -0300] "GET /cormun/static/Shared/jqueryui/images/ui-icons_82798d_256x240.png HTTP/1.1" 404 1089
181.212.47.137 - - [20/Mar/2024:10:47:28 -0300] "POST /cormun/servlet/vesolicitudgral?c0edd112134fbedd09798e7c16647c9b,2024,20952,,,gx-no-cache=1710942258559 HTTP/1.1" 200 12272
190.171.152.114 - - [20/Mar/2024:10:47:54 -0300] "GET /cormun/servlet/trlicencias? HTTP/1.1" 200 10278
190.171.152.114 - - [20/Mar/2024:10:48:09 -0300] "GET /cormun/servlet/trsolicitudot? HTTP/1.1" 200 7533
190.171.152.114 - - [20/Mar/2024:10:48:11 -0300] "GET /cormun/servlet/solicitudot?INS,0,0,false, HTTP/1.1" 200 16291
181.212.47.137 - - [20/Mar/2024:10:48:25 -0300] "GET /cormun/servlet/trsolicitudgral? HTTP/1.1" 200 10436
181.212.47.137 - - [20/Mar/2024:10:48:58 -0300] "POST /cormun/servlet/trsolicitudgral?c0edd112134fbedd09798e7c16647c9b,,gx-no-cache=1710942349184 HTTP/1.1" 200 6653
181.212.47.137 - - [20/Mar/2024:10:49:14 -0300] "POST /cormun/servlet/trsolicitudgral?c0edd112134fbedd09798e7c16647c9b,,gx-no-cache=1710942364691 HTTP/1.1" 200 8225
181.212.47.137 - - [20/Mar/2024:10:49:18 -0300] "GET /cormun/servlet/vesolicitudgral?2024,20852,, HTTP/1.1" 200 8412
181.212.47.137 - - [20/Mar/2024:10:49:18 -0300] "GET /cormun/pexe_scrolldiv.js HTTP/1.1" 404 1009
191.126.17.116 - - [20/Mar/2024:10:49:37 -0300] "POST /cormun/servlet/solicitudot?gx-no-cache=1710942398897 HTTP/1.1" 200 4031
191.126.17.116 - - [20/Mar/2024:10:49:37 -0300] "POST /cormun/servlet/solicitudot?f0eb74cd40727a9c4dfb4cc777a882f1,INS,0,0,false,,gx-no-cache=1710942399194 HTTP/1.1" 200 12592
181.212.47.137 - - [20/Mar/2024:10:49:39 -0300] "POST /cormun/servlet/vesolicitudgral?c0edd112134fbedd09798e7c16647c9b,2024,20852,,,gx-no-cache=1710942389732 HTTP/1.1" 200 12293
181.212.47.137 - - [20/Mar/2024:10:49:39 -0300] "GET /cormun/static/Shared/jqueryui/images/ui-bg_highlight-soft_100_c6c2c8_1x100.png HTTP/1.1" 404 1117
181.212.47.137 - - [20/Mar/2024:10:49:39 -0300] "GET /cormun/static/Shared/jqueryui/images/ui-bg_flat_55_fafafa_40x100.png HTTP/1.1" 404 1097
181.212.47.137 - - [20/Mar/2024:10:49:39 -0300] "GET /cormun/static/Shared/jqueryui/images/ui-icons_8d78a5_256x240.png HTTP/1.1" 404 1089
181.212.47.137 - - [20/Mar/2024:10:49:39 -0300] "GET /cormun/static/Shared/jqueryui/images/ui-icons_82798d_256x240.png HTTP/1.1" 404 1089
181.212.47.137 - - [20/Mar/2024:10:49:39 -0300] "POST /cormun/servlet/vesolicitudgral?c0edd112134fbedd09798e7c16647c9b,2024,20852,,,gx-no-cache=1710942389874 HTTP/1.1" 200 12226
191.126.17.116 - - [20/Mar/2024:10:49:39 -0300] "GET /cormun/servlet/solicitudot?b3701794e77acdcae98d4025e43222f487bb0a119286b1acdda7d0fd9595cc79099cfc410e307fb736d36ecca328a968,gx-no-cache=1710942401587 HTTP/1.1" 200 30
181.212.47.137 - - [20/Mar/2024:10:49:41 -0300] "GET /cormun/servlet/trsolicitudgral? HTTP/1.1" 200 11258
181.212.47.137 - - [20/Mar/2024:10:50:05 -0300] "POST /cormun/servlet/trsolicitudgral?c0edd112134fbedd09798e7c16647c9b,,gx-no-cache=1710942415957 HTTP/1.1" 200 7129
181.212.47.137 - - [20/Mar/2024:10:50:09 -0300] "GET /cormun/servlet/vesolicitudgral?2024,20908,, HTTP/1.1" 200 8397
181.212.47.137 - - [20/Mar/2024:10:50:09 -0300] "GET /cormun/pexe_scrolldiv.js HTTP/1.1" 404 1009
181.212.47.137 - - [20/Mar/2024:10:50:29 -0300] "POST /cormun/servlet/vesolicitudgral?c0edd112134fbedd09798e7c16647c9b,2024,20908,,,gx-no-cache=1710942439558 HTTP/1.1" 200 12381
181.212.47.137 - - [20/Mar/2024:10:50:29 -0300] "GET /cormun/static/Shared/jqueryui/images/ui-bg_highlight-soft_100_c6c2c8_1x100.png HTTP/1.1" 404 1117
181.212.47.137 - - [20/Mar/2024:10:50:29 -0300] "GET /cormun/static/Shared/jqueryui/images/ui-icons_82798d_256x240.png HTTP/1.1" 404 1089
181.212.47.137 - - [20/Mar/2024:10:50:29 -0300] "GET /cormun/static/Shared/jqueryui/images/ui-bg_flat_55_fafafa_40x100.png HTTP/1.1" 404 1097
181.212.47.137 - - [20/Mar/2024:10:50:29 -0300] "GET /cormun/static/Shared/jqueryui/images/ui-icons_8d78a5_256x240.png HTTP/1.1" 404 1089
181.212.47.137 - - [20/Mar/2024:10:51:09 -0300] "GET /cormun/servlet/trsolicitudgral? HTTP/1.1" 200 10194
181.212.47.137 - - [20/Mar/2024:10:51:14 -0300] "POST /cormun/servlet/trsolicitudgral?c0edd112134fbedd09798e7c16647c9b,,gx-no-cache=1710942485356 HTTP/1.1" 200 5272
181.212.47.137 - - [20/Mar/2024:10:51:15 -0300] "POST /cormun/servlet/trsolicitudgral?c0edd112134fbedd09798e7c16647c9b,,gx-no-cache=1710942486098 HTTP/1.1" 200 5272
181.212.47.137 - - [20/Mar/2024:10:51:32 -0300] "POST /cormun/servlet/trsolicitudgral?c0edd112134fbedd09798e7c16647c9b,,gx-no-cache=1710942502874 HTTP/1.1" 200 6648
181.212.47.137 - - [20/Mar/2024:10:51:36 -0300] "GET /cormun/servlet/vesolicitudgral?2024,20880,, HTTP/1.1" 200 8426
181.212.47.137 - - [20/Mar/2024:10:51:36 -0300] "GET /cormun/pexe_scrolldiv.js HTTP/1.1" 404 1009
181.212.47.137 - - [20/Mar/2024:10:51:57 -0300] "POST /cormun/servlet/vesolicitudgral?c0edd112134fbedd09798e7c16647c9b,2024,20880,,,gx-no-cache=1710942528134 HTTP/1.1" 200 12332
181.212.47.137 - - [20/Mar/2024:10:51:57 -0300] "GET /cormun/static/Shared/jqueryui/images/ui-bg_highlight-soft_100_c6c2c8_1x100.png HTTP/1.1" 404 1117
181.212.47.137 - - [20/Mar/2024:10:51:57 -0300] "GET /cormun/static/Shared/jqueryui/images/ui-bg_flat_55_fafafa_40x100.png HTTP/1.1" 404 1097
181.212.47.137 - - [20/Mar/2024:10:51:57 -0300] "GET /cormun/static/Shared/jqueryui/images/ui-icons_8d78a5_256x240.png HTTP/1.1" 404 1089
181.212.47.137 - - [20/Mar/2024:10:51:57 -0300] "GET /cormun/static/Shared/jqueryui/images/ui-icons_82798d_256x240.png HTTP/1.1" 404 1089
181.212.47.137 - - [20/Mar/2024:10:51:57 -0300] "POST /cormun/servlet/vesolicitudgral?c0edd112134fbedd09798e7c16647c9b,2024,20880,,,gx-no-cache=1710942528321 HTTP/1.1" 200 12265
181.212.47.137 - - [20/Mar/2024:10:52:29 -0300] "GET /cormun/servlet/trsolicitudgral? HTTP/1.1" 200 9714
181.212.47.137 - - [20/Mar/2024:10:52:35 -0300] "POST /cormun/servlet/trsolicitudgral?c0edd112134fbedd09798e7c16647c9b,,gx-no-cache=1710942565954 HTTP/1.1" 200 6622
181.212.47.137 - - [20/Mar/2024:10:52:37 -0300] "GET /cormun/servlet/vesolicitudgral?2024,20888,, HTTP/1.1" 200 8411
181.212.47.137 - - [20/Mar/2024:10:52:37 -0300] "GET /cormun/pexe_scrolldiv.js HTTP/1.1" 404 1009
181.212.47.137 - - [20/Mar/2024:10:53:05 -0300] "POST /cormun/servlet/vesolicitudgral?c0edd112134fbedd09798e7c16647c9b,2024,20888,,,gx-no-cache=1710942595924 HTTP/1.1" 200 12330
181.212.47.137 - - [20/Mar/2024:10:53:05 -0300] "GET /cormun/static/Shared/jqueryui/images/ui-bg_highlight-soft_100_c6c2c8_1x100.png HTTP/1.1" 404 1117
181.212.47.137 - - [20/Mar/2024:10:53:05 -0300] "GET /cormun/static/Shared/jqueryui/images/ui-bg_flat_55_fafafa_40x100.png HTTP/1.1" 404 1097
181.212.47.137 - - [20/Mar/2024:10:53:05 -0300] "GET /cormun/static/Shared/jqueryui/images/ui-icons_8d78a5_256x240.png HTTP/1.1" 404 1089
181.212.47.137 - - [20/Mar/2024:10:53:05 -0300] "GET /cormun/static/Shared/jqueryui/images/ui-icons_82798d_256x240.png HTTP/1.1" 404 1089
181.212.47.137 - - [20/Mar/2024:10:53:05 -0300] "POST /cormun/servlet/vesolicitudgral?c0edd112134fbedd09798e7c16647c9b,2024,20888,,,gx-no-cache=1710942596081 HTTP/1.1" 200 12262
181.212.47.137 - - [20/Mar/2024:10:53:08 -0300] "GET /cormun/servlet/trsolicitudgral? HTTP/1.1" 200 9689
181.212.47.137 - - [20/Mar/2024:10:53:37 -0300] "POST /cormun/servlet/trsolicitudgral?c0edd112134fbedd09798e7c16647c9b,,gx-no-cache=1710942627458 HTTP/1.1" 200 7817
181.212.47.137 - - [20/Mar/2024:10:53:40 -0300] "GET /cormun/servlet/vesolicitudgral?2024,20851,, HTTP/1.1" 200 8415
181.212.47.137 - - [20/Mar/2024:10:53:40 -0300] "GET /cormun/pexe_scrolldiv.js HTTP/1.1" 404 1009
181.212.47.137 - - [20/Mar/2024:10:54:05 -0300] "POST /cormun/servlet/vesolicitudgral?c0edd112134fbedd09798e7c16647c9b,2024,20851,,,gx-no-cache=1710942655507 HTTP/1.1" 200 12306
181.212.47.137 - - [20/Mar/2024:10:54:05 -0300] "GET /cormun/static/Shared/jqueryui/images/ui-bg_highlight-soft_100_c6c2c8_1x100.png HTTP/1.1" 404 1117
181.212.47.137 - - [20/Mar/2024:10:54:05 -0300] "GET /cormun/static/Shared/jqueryui/images/ui-icons_8d78a5_256x240.png HTTP/1.1" 404 1089
181.212.47.137 - - [20/Mar/2024:10:54:05 -0300] "GET /cormun/static/Shared/jqueryui/images/ui-bg_flat_55_fafafa_40x100.png HTTP/1.1" 404 1097
181.212.47.137 - - [20/Mar/2024:10:54:05 -0300] "GET /cormun/static/Shared/jqueryui/images/ui-icons_82798d_256x240.png HTTP/1.1" 404 1089
181.212.47.137 - - [20/Mar/2024:10:54:36 -0300] "GET /cormun/servlet/trsolicitudgral? HTTP/1.1" 200 10849
181.212.47.137 - - [20/Mar/2024:10:54:49 -0300] "POST /cormun/servlet/trsolicitudgral?c0edd112134fbedd09798e7c16647c9b,,gx-no-cache=1710942700225 HTTP/1.1" 200 6662
181.212.47.137 - - [20/Mar/2024:10:54:52 -0300] "GET /cormun/servlet/vesolicitudgral?2024,20954,, HTTP/1.1" 200 8409
181.212.47.137 - - [20/Mar/2024:10:54:52 -0300] "GET /cormun/pexe_scrolldiv.js HTTP/1.1" 404 1009
181.212.40.185 - - [20/Mar/2024:10:56:21 -0300] "POST /cormun/servlet/hlogin?9bf680fc62cc4df5ade131f865849691,gx-no-cache=1710942805356 HTTP/1.1" 440 972
181.212.47.136 - - [20/Mar/2024:10:56:21 -0300] "GET /cormun/servlet/hlogin HTTP/1.1" 200 1737
181.212.47.136 - - [20/Mar/2024:10:56:21 -0300] "GET /cormun/static/hlogin.js?2022112219184458 HTTP/1.1" 200 2156
181.212.47.136 - - [20/Mar/2024:10:56:21 -0300] "GET /cormun/static/Resources/CormunLogin.png HTTP/1.1" 200 19132
181.212.47.136 - - [20/Mar/2024:10:56:21 -0300] "GET /cormun/static/Resources/PXToolsLoginTop.png HTTP/1.1" 200 1337
181.212.47.136 - - [20/Mar/2024:10:56:21 -0300] "GET /cormun/static/Resources/PXToolsLoginBackground.png HTTP/1.1" 200 1164
181.212.47.136 - - [20/Mar/2024:10:56:21 -0300] "GET /cormun/static/Resources/PXToolsButtonRight.png HTTP/1.1" 200 1294
181.212.47.136 - - [20/Mar/2024:10:56:21 -0300] "GET /cormun/static/Resources/PXToolsButtonLeft.png HTTP/1.1" 200 1310
181.212.47.136 - - [20/Mar/2024:10:56:21 -0300] "GET /cormun/static/Resources/PXToolsButtonBackground.png HTTP/1.1" 200 1176
181.212.47.136 - - [20/Mar/2024:10:56:21 -0300] "GET /cormun/static/Resources/PXToolsLoginBottom.png HTTP/1.1" 200 1389
181.212.47.136 - - [20/Mar/2024:10:56:21 -0300] "GET /cormun/static/Resources/indicator.gif HTTP/1.1" 200 1553
181.212.47.136 - - [20/Mar/2024:10:56:21 -0300] "GET /favicon.ico HTTP/1.1" 200 21630
181.212.40.185 - - [20/Mar/2024:10:56:23 -0300] "GET /cormun/servlet/hlogin HTTP/1.1" 200 1726
181.212.40.185 - - [20/Mar/2024:10:56:32 -0300] "POST /cormun/servlet/hlogin?206fb371d149280838f37c84eb08afb1,gx-no-cache=1710942816331 HTTP/1.1" 200 90
181.212.40.185 - - [20/Mar/2024:10:56:32 -0300] "GET /cormun/servlet/hpexe_link HTTP/1.1" 200 947
181.212.40.185 - - [20/Mar/2024:10:56:33 -0300] "GET /cormun/servlet/hhome HTTP/1.1" 200 4212
181.212.40.185 - - [20/Mar/2024:10:56:45 -0300] "GET /cormun/servlet/trsolicitudot? HTTP/1.1" 200 10088
181.212.40.185 - - [20/Mar/2024:10:56:50 -0300] "GET /cormun/servlet/trautorizarsolicitud? HTTP/1.1" 200 9221
190.171.143.82 - - [20/Mar/2024:10:56:53 -0300] "GET /cormun/servlet/trfichaempleado? HTTP/1.1" 200 12412
181.212.40.185 - - [20/Mar/2024:10:56:55 -0300] "POST /cormun/servlet/trautorizarsolicitud?206fb371d149280838f37c84eb08afb1,,gx-no-cache=1710942839989 HTTP/1.1" 200 6040
181.212.40.185 - - [20/Mar/2024:10:56:55 -0300] "GET /cormun/static/Shared/jqueryui/images/ui-icons_82798d_256x240.png HTTP/1.1" 404 1089
181.212.40.185 - - [20/Mar/2024:10:56:55 -0300] "GET /cormun/static/Shared/jqueryui/images/ui-bg_highlight-soft_100_c6c2c8_1x100.png HTTP/1.1" 404 1117
181.212.40.185 - - [20/Mar/2024:10:56:55 -0300] "GET /cormun/static/Shared/jqueryui/images/ui-bg_flat_55_fafafa_40x100.png HTTP/1.1" 404 1097
181.212.40.185 - - [20/Mar/2024:10:56:55 -0300] "GET /cormun/static/Shared/jqueryui/images/ui-icons_8d78a5_256x240.png HTTP/1.1" 404 1089
181.212.40.185 - - [20/Mar/2024:10:56:56 -0300] "POST /cormun/servlet/trautorizarsolicitud?206fb371d149280838f37c84eb08afb1,,gx-no-cache=1710942840126 HTTP/1.1" 200 5984
181.212.40.185 - - [20/Mar/2024:10:57:03 -0300] "GET /cormun/servlet/trlicencias? HTTP/1.1" 200 14210
181.212.47.137 - - [20/Mar/2024:10:57:52 -0300] "POST /cormun/servlet/vesolicitudgral?c0edd112134fbedd09798e7c16647c9b,2024,20954,,,gx-no-cache=1710942882712 HTTP/1.1" 200 12326
181.212.47.137 - - [20/Mar/2024:10:57:52 -0300] "GET /cormun/static/Shared/jqueryui/images/ui-bg_highlight-soft_100_c6c2c8_1x100.png HTTP/1.1" 404 1117
181.212.47.137 - - [20/Mar/2024:10:57:52 -0300] "GET /cormun/static/Shared/jqueryui/images/ui-icons_8d78a5_256x240.png HTTP/1.1" 404 1089
181.212.47.137 - - [20/Mar/2024:10:57:52 -0300] "GET /cormun/static/Shared/jqueryui/images/ui-icons_82798d_256x240.png HTTP/1.1" 404 1089
181.212.47.137 - - [20/Mar/2024:10:57:52 -0300] "GET /cormun/static/Shared/jqueryui/images/ui-bg_flat_55_fafafa_40x100.png HTTP/1.1" 404 1097
181.212.47.137 - - [20/Mar/2024:10:57:52 -0300] "POST /cormun/servlet/vesolicitudgral?c0edd112134fbedd09798e7c16647c9b,2024,20954,,,gx-no-cache=1710942882879 HTTP/1.1" 200 12260
181.212.47.137 - - [20/Mar/2024:10:57:55 -0300] "GET /cormun/servlet/trsolicitudgral? HTTP/1.1" 200 9727
191.126.17.116 - - [20/Mar/2024:10:58:45 -0300] "GET /cormun/servlet/solicitudot?b3701794e77acdcae98d4025e43222f4b6337813b3e033b68a8df4acc6d96ea5,gx-no-cache=1710942947026 HTTP/1.1" 200 94
191.126.17.116 - - [20/Mar/2024:10:58:45 -0300] "GET /cormun/static/Shared/jqueryui/images/ui-bg_highlight-soft_100_c6c2c8_1x100.png HTTP/1.1" 404 1117
191.126.17.116 - - [20/Mar/2024:10:58:45 -0300] "GET /cormun/static/Shared/jqueryui/images/ui-icons_82798d_256x240.png HTTP/1.1" 404 1089
191.126.17.116 - - [20/Mar/2024:10:58:45 -0300] "GET /cormun/static/Shared/jqueryui/images/ui-icons_ebccce_256x240.png HTTP/1.1" 404 1089
191.126.17.116 - - [20/Mar/2024:10:58:45 -0300] "GET /cormun/static/Shared/jqueryui/images/ui-bg_flat_55_994d53_40x100.png HTTP/1.1" 404 1097
191.126.17.116 - - [20/Mar/2024:10:58:47 -0300] "GET /cormun/servlet/solicitudot?b3701794e77acdcae98d4025e43222f45491e981569317d4349f299c2f68c45c,gx-no-cache=1710942949475 HTTP/1.1" 200 53
181.212.47.137 - - [20/Mar/2024:10:59:24 -0300] "POST /cormun/servlet/trsolicitudgral?c0edd112134fbedd09798e7c16647c9b,,gx-no-cache=1710942975326 HTTP/1.1" 200 6674
181.212.47.137 - - [20/Mar/2024:10:59:27 -0300] "GET /cormun/servlet/vesolicitudgral?2024,20955,, HTTP/1.1" 200 8419
181.212.47.137 - - [20/Mar/2024:10:59:27 -0300] "GET /cormun/pexe_scrolldiv.js HTTP/1.1" 404 1009
181.212.47.137 - - [20/Mar/2024:10:59:29 -0300] "POST /cormun/servlet/vesolicitudgral?c0edd112134fbedd09798e7c16647c9b,2024,20955,,,gx-no-cache=1710942980159 HTTP/1.1" 200 12328
181.212.47.137 - - [20/Mar/2024:10:59:29 -0300] "GET /cormun/static/Shared/jqueryui/images/ui-icons_82798d_256x240.png HTTP/1.1" 404 1089
181.212.47.137 - - [20/Mar/2024:10:59:29 -0300] "GET /cormun/static/Shared/jqueryui/images/ui-bg_highlight-soft_100_c6c2c8_1x100.png HTTP/1.1" 404 1117
181.212.47.137 - - [20/Mar/2024:10:59:29 -0300] "GET /cormun/static/Shared/jqueryui/images/ui-icons_8d78a5_256x240.png HTTP/1.1" 404 1089
181.212.47.137 - - [20/Mar/2024:10:59:29 -0300] "GET /cormun/static/Shared/jqueryui/images/ui-bg_flat_55_fafafa_40x100.png HTTP/1.1" 404 1097
181.212.47.137 - - [20/Mar/2024:10:59:29 -0300] "POST /cormun/servlet/vesolicitudgral?c0edd112134fbedd09798e7c16647c9b,2024,20955,,,gx-no-cache=1710942980298 HTTP/1.1" 200 12262
191.126.17.116 - - [20/Mar/2024:10:59:35 -0300] "GET /cormun/servlet/solicitudot?b3701794e77acdcae98d4025e43222f42e2fab86616fa96540f89fa7570b1a27ef7478c1f326349516cf489834bb13808f9aebc08214dbbffc6a225756b4be82,gx-no-cache=1710942997519 HTTP/1.1" 200 103
191.126.17.116 - - [20/Mar/2024:10:59:48 -0300] "POST /cormun/servlet/solicitudot?gx-no-cache=1710943010579 HTTP/1.1" 200 255
191.126.17.116 - - [20/Mar/2024:10:59:50 -0300] "GET /cormun/servlet/solicitudot?b3701794e77acdcae98d4025e43222f470c99c6707633c2b10faaa8e8fb8e4ec807d06a0a2135e52085dbc0575e5bd303b440f574394736b22beaf5653e426a756f90c0d58f333e387bf7d3136444ad52b7942a5b910da80bed96977e4cee4850d937c0cd209712872bdbe868ca33ff5972700113544fa53043f81f4b53988cb1e01d4408d9f690ee8eef60537b0431e69e993395986575eddb4fe0a3231ec05c6fe246ab6fb1e199606a9566d3d83b2a56e44bccebeff12841615050d54bbbf123ab92ba9bc2c817ee50e921571bb26922a420c35c1e997dddeff4d459708b1279a73017c2f985071a16f7b18ac5de05e0293cdf6156ac877e5b5b626e3e00b64fe3e031ff6863b2f5f66298118fa65e4ceca92fa1b4a3c9124ddbb1ce408c46c6b9ef9fdb02715deeb16bb4971890e4477271e52933972d03c22de0809f902869d260d7f93146d29f2368e1e8a9f2bcaef690b75a35e6913dada0d35dec0d0fd2b643a131da2e74b260a9c6024273f90e270335aa67195f0a9e414395c7171,gx-no-cache=1710943012285 HTTP/1.1" 200 30
191.126.17.116 - - [20/Mar/2024:10:59:53 -0300] "POST /cormun/servlet/solicitudot?gx-no-cache=1710943015179 HTTP/1.1" 200 30
191.126.17.116 - - [20/Mar/2024:10:59:54 -0300] "POST /cormun/servlet/solicitudot?gx-no-cache=1710943015987 HTTP/1.1" 200 1474
191.126.17.116 - - [20/Mar/2024:10:59:54 -0300] "POST /cormun/servlet/solicitudot?gx-no-cache=1710943016068 HTTP/1.1" 200 38
181.212.47.137 - - [20/Mar/2024:10:59:59 -0300] "GET /cormun/servlet/trsolicitudgral? HTTP/1.1" 200 9736
181.212.47.137 - - [20/Mar/2024:11:00:07 -0300] "POST /cormun/servlet/trsolicitudgral?c0edd112134fbedd09798e7c16647c9b,,gx-no-cache=1710943017517 HTTP/1.1" 200 5267
181.212.47.137 - - [20/Mar/2024:11:00:07 -0300] "POST /cormun/servlet/trsolicitudgral?c0edd112134fbedd09798e7c16647c9b,,gx-no-cache=1710943018066 HTTP/1.1" 200 5267
181.212.47.137 - - [20/Mar/2024:11:00:12 -0300] "POST /cormun/servlet/trsolicitudgral?c0edd112134fbedd09798e7c16647c9b,,gx-no-cache=1710943023099 HTTP/1.1" 200 5269
181.212.47.137 - - [20/Mar/2024:11:00:13 -0300] "POST /cormun/servlet/trsolicitudgral?c0edd112134fbedd09798e7c16647c9b,,gx-no-cache=1710943023601 HTTP/1.1" 200 5268
181.212.47.137 - - [20/Mar/2024:11:00:19 -0300] "POST /cormun/servlet/trsolicitudgral?c0edd112134fbedd09798e7c16647c9b,,gx-no-cache=1710943029523 HTTP/1.1" 200 6644
191.126.17.116 - - [20/Mar/2024:11:00:26 -0300] "GET /cormun/servlet/solicitudot?b3701794e77acdcae98d4025e43222f425652a26811bd403803b4c428398f7f34b1dd598540ad0e4a2d7aac24ec4fa2f1cc42921ef8d0d6ccfaf3a0b5f9d5c61f6b0bf8c2c9feb2be75e7bee546bafde170a70ede89c326122ce872257b0bf246a30b438fd3e65712c813ca519292402,gx-no-cache=1710943048496 HTTP/1.1" 200 110
191.126.17.116 - - [20/Mar/2024:11:00:30 -0300] "POST /cormun/servlet/solicitudot?gx-no-cache=1710943052234 HTTP/1.1" 200 97
191.126.17.116 - - [20/Mar/2024:11:00:34 -0300] "GET /cormun/servlet/solicitudot?b3701794e77acdcae98d4025e43222f4c38726c4d801dd9f609f018e45a74eb5f2354336272970fcd9fc748288e363e79820492e097a6287bd23db883dd83884e93302ee9ce68925b51259f048606bd70cf4a04b1b9d76cc33dfef272efd4d66e1911474a0b6b3f54b812e048333c3f3,gx-no-cache=1710943056419 HTTP/1.1" 200 29
191.126.17.116 - - [20/Mar/2024:11:00:34 -0300] "GET /cormun/static/menuarrow.gif HTTP/1.1" 404 1015
191.126.17.116 - - [20/Mar/2024:11:00:37 -0300] "GET /cormun/servlet/solicitudot?b3701794e77acdcae98d4025e43222f401ed09d068560a3aa0099fb65d22448d654dbc7d3a32dfcb99d35eb88bcb3755,gx-no-cache=1710943059122 HTTP/1.1" 200 30
181.212.47.137 - - [20/Mar/2024:11:00:46 -0300] "POST /cormun/servlet/trsolicitudgral?c0edd112134fbedd09798e7c16647c9b,,gx-no-cache=1710943056819 HTTP/1.1" 200 5268
181.212.47.137 - - [20/Mar/2024:11:00:47 -0300] "POST /cormun/servlet/trsolicitudgral?c0edd112134fbedd09798e7c16647c9b,,gx-no-cache=1710943057594 HTTP/1.1" 200 5266
191.126.17.116 - - [20/Mar/2024:11:00:50 -0300] "GET /cormun/servlet/solicitudot?b3701794e77acdcae98d4025e43222f42e2fab86616fa96540f89fa7570b1a27ef7478c1f326349516cf489834bb1380099cfc410e307fb736d36ecca328a968,gx-no-cache=1710943072330 HTTP/1.1" 200 103
191.126.17.116 - - [20/Mar/2024:11:00:50 -0300] "GET /cormun/servlet/solicitudot?b3701794e77acdcae98d4025e43222f470c99c6707633c2b10faaa8e8fb8e4ec807d06a0a2135e52085dbc0575e5bd303b440f574394736b22beaf5653e426a756f90c0d58f333e387bf7d3136444ad52b7942a5b910da80bed96977e4cee4850d937c0cd209712872bdbe868ca33ff5972700113544fa53043f81f4b53988cb1e01d4408d9f690ee8eef60537b0431e69e993395986575eddb4fe0a3231ec05c6fe246ab6fb1e199606a9566d3d83b2a56e44bccebeff12841615050d54bbbf123ab92ba9bc2c817ee50e921571bb26922a420c35c1e997dddeff4d459708b1279a73017c2f985071a16f7b18ac5de05e0293cdf6156ac877e5b5b626e3e00b64fe3e031ff6863b2f5f66298118fa65e4ceca92fa1b4a3c9124ddbb1ce408c46c6b9ef9fdb02715deeb16bb4971890e4477271e52933972d03c22de0809f902869d260d7f93146d29f2368e1e8a9f2bcaef690b75a35e6913dada0d35dec0d0fd2b643a131da2e74b260a9c6024273f3c6d47f3210ab8dab4a26bfcd7aca754,gx-no-cache=1710943072413 HTTP/1.1" 200 30
191.126.17.116 - - [20/Mar/2024:11:00:50 -0300] "POST /cormun/servlet/solicitudot?gx-no-cache=1710943072463 HTTP/1.1" 200 30
191.126.17.116 - - [20/Mar/2024:11:00:50 -0300] "POST /cormun/servlet/solicitudot?gx-no-cache=1710943072524 HTTP/1.1" 200 1474
191.126.17.116 - - [20/Mar/2024:11:00:50 -0300] "POST /cormun/servlet/solicitudot?gx-no-cache=1710943072599 HTTP/1.1" 200 41
191.126.17.116 - - [20/Mar/2024:11:00:50 -0300] "GET /cormun/servlet/solicitudot?b3701794e77acdcae98d4025e43222f425652a26811bd403803b4c428398f7f34b1dd598540ad0e4a2d7aac24ec4fa2f1cc42921ef8d0d6ccfaf3a0b5f9d5c61f6b0bf8c2c9feb2be75e7bee546bafde170a70ede89c326122ce872257b0bf246a30b438fd3e65712c813ca519292402,gx-no-cache=1710943072647 HTTP/1.1" 200 110
191.126.17.116 - - [20/Mar/2024:11:00:51 -0300] "POST /cormun/servlet/solicitudot?gx-no-cache=1710943072713 HTTP/1.1" 200 97
191.126.17.116 - - [20/Mar/2024:11:00:51 -0300] "POST /cormun/servlet/solicitudot?gx-no-cache=1710943072783 HTTP/1.1" 200 30
191.126.17.116 - - [20/Mar/2024:11:00:51 -0300] "POST /cormun/servlet/solicitudot?f0eb74cd40727a9c4dfb4cc777a882f1,INS,0,0,false,,gx-no-cache=1710943072846 HTTP/1.1" 200 12968
181.212.47.137 - - [20/Mar/2024:11:01:02 -0300] "POST /cormun/servlet/trsolicitudgral?c0edd112134fbedd09798e7c16647c9b,,gx-no-cache=1710943072715 HTTP/1.1" 200 5266
181.212.47.137 - - [20/Mar/2024:11:01:02 -0300] "POST /cormun/servlet/trsolicitudgral?c0edd112134fbedd09798e7c16647c9b,,gx-no-cache=1710943073257 HTTP/1.1" 200 5266
191.126.17.116 - - [20/Mar/2024:11:01:02 -0300] "GET /cormun/servlet/solicitudot?b3701794e77acdcae98d4025e43222f42e2fab86616fa96540f89fa7570b1a27714a1b7776622f6216f6e5dd9253411e9eb943b7bb946fbdf15dfdb751439e49,gx-no-cache=1710943084578 HTTP/1.1" 200 30
191.126.17.116 - - [20/Mar/2024:11:01:02 -0300] "GET /cormun/servlet/solicitudot?b3701794e77acdcae98d4025e43222f470c99c6707633c2b10faaa8e8fb8e4ec807d06a0a2135e52085dbc0575e5bd303b440f574394736b22beaf5653e426a756f90c0d58f333e387bf7d3136444ad52b7942a5b910da80bed96977e4cee4850d937c0cd209712872bdbe868ca33ff5972700113544fa53043f81f4b53988cb1e01d4408d9f690ee8eef60537b0431e69e993395986575eddb4fe0a3231ec05c6fe246ab6fb1e199606a9566d3d83b2a56e44bccebeff12841615050d54bbbf123ab92ba9bc2c817ee50e921571bb26922a420c35c1e997dddeff4d459708b1279a73017c2f985071a16f7b18ac5de05e0293cdf6156ac877e5b5b626e3e00b64fe3e031ff6863b2f5f66298118fa65e4ceca92fa1b4a3c9124ddbb1ce408c46c6b9ef9fdb02715deeb16bb4971890e4477271e52933972d03c22de0809f902869d260d7f93146d29f2368e1e8a9f2bcaef690b75a35e6913dada0d35dec0d0fd2b643a131da2e74b260a9c6024273f3c6d47f3210ab8dab4a26bfcd7aca754,gx-no-cache=1710943084681 HTTP/1.1" 200 30
191.126.17.116 - - [20/Mar/2024:11:01:03 -0300] "POST /cormun/servlet/solicitudot?gx-no-cache=1710943084739 HTTP/1.1" 200 30
191.126.17.116 - - [20/Mar/2024:11:01:03 -0300] "POST /cormun/servlet/solicitudot?gx-no-cache=1710943084816 HTTP/1.1" 200 1474
191.126.17.116 - - [20/Mar/2024:11:01:03 -0300] "POST /cormun/servlet/solicitudot?gx-no-cache=1710943084891 HTTP/1.1" 200 41
191.126.17.116 - - [20/Mar/2024:11:01:03 -0300] "GET /cormun/servlet/solicitudot?b3701794e77acdcae98d4025e43222f425652a26811bd403803b4c428398f7f34b1dd598540ad0e4a2d7aac24ec4fa2f1cc42921ef8d0d6ccfaf3a0b5f9d5c61f6b0bf8c2c9feb2be75e7bee546bafde170a70ede89c326122ce872257b0bf246a30b438fd3e65712c813ca519292402,gx-no-cache=1710943084944 HTTP/1.1" 200 110
191.126.17.116 - - [20/Mar/2024:11:01:03 -0300] "POST /cormun/servlet/solicitudot?gx-no-cache=1710943085008 HTTP/1.1" 200 97
191.126.17.116 - - [20/Mar/2024:11:01:03 -0300] "GET /cormun/servlet/solicitudot?b3701794e77acdcae98d4025e43222f401ed09d068560a3aa0099fb65d22448d654dbc7d3a32dfcb99d35eb88bcb3755,gx-no-cache=1710943085079 HTTP/1.1" 200 30
191.126.17.116 - - [20/Mar/2024:11:01:03 -0300] "POST /cormun/servlet/solicitudot?gx-no-cache=1710943085133 HTTP/1.1" 200 30
191.126.17.116 - - [20/Mar/2024:11:01:03 -0300] "POST /cormun/servlet/solicitudot?f0eb74cd40727a9c4dfb4cc777a882f1,INS,0,0,false,,gx-no-cache=1710943085190 HTTP/1.1" 200 93
191.126.17.116 - - [20/Mar/2024:11:01:03 -0300] "GET /cormun/servlet/hpexe_return? HTTP/1.1" 200 1006
191.126.17.116 - - [20/Mar/2024:11:01:04 -0300] "GET /cormun/servlet/trsolicitudot HTTP/1.1" 200 15648
191.126.17.116 - - [20/Mar/2024:11:01:07 -0300] "POST /cormun/servlet/trsolicitudot?f0eb74cd40727a9c4dfb4cc777a882f1,gx-no-cache=1710943089158 HTTP/1.1" 200 107
191.126.17.116 - - [20/Mar/2024:11:01:07 -0300] "GET /cormun/servlet/trsolicitudadjuntos?2024,20995, HTTP/1.1" 200 6021
191.126.17.116 - - [20/Mar/2024:11:01:09 -0300] "GET /cormun/servlet/solicitudotadjuntos?INS,2024,20995,,1, HTTP/1.1" 200 5957
191.126.17.116 - - [20/Mar/2024:11:01:09 -0300] "GET /cormun/static/about:blank HTTP/1.1" 404 1011
191.126.17.116 - - [20/Mar/2024:11:01:10 -0300] "GET /cormun/servlet/solicitudotadjuntos?b3701794e77acdcae98d4025e43222f420402f0324dc27222aa500ecb38fabc812541bd61f53e96a8dac02777ec69835,gx-no-cache=1710943092043 HTTP/1.1" 200 30
191.126.17.116 - - [20/Mar/2024:11:01:10 -0300] "POST /cormun/servlet/solicitudotadjuntos?f0eb74cd40727a9c4dfb4cc777a882f1,INS,2024,20995,,1,,gx-no-cache=1710943092093 HTTP/1.1" 200 3899
191.126.17.116 - - [20/Mar/2024:11:01:12 -0300] "POST /cormun/servlet/solicitudotadjuntos?gx-no-cache=1710943093928 HTTP/1.1" 200 26
181.212.47.137 - - [20/Mar/2024:11:01:14 -0300] "POST /cormun/servlet/trsolicitudgral?c0edd112134fbedd09798e7c16647c9b,,gx-no-cache=1710943084707 HTTP/1.1" 200 6651
181.212.47.137 - - [20/Mar/2024:11:01:41 -0300] "GET /cormun/servlet/vesolicitudgral?2024,20875,, HTTP/1.1" 200 8478
181.212.47.137 - - [20/Mar/2024:11:01:41 -0300] "GET /cormun/pexe_scrolldiv.js HTTP/1.1" 404 1009
181.212.47.137 - - [20/Mar/2024:11:01:46 -0300] "POST /cormun/servlet/vesolicitudgral?c0edd112134fbedd09798e7c16647c9b,2024,20875,,,gx-no-cache=1710943117164 HTTP/1.1" 200 12351
181.212.47.137 - - [20/Mar/2024:11:01:46 -0300] "GET /cormun/static/Shared/jqueryui/images/ui-icons_82798d_256x240.png HTTP/1.1" 404 1089
181.212.47.137 - - [20/Mar/2024:11:01:46 -0300] "GET /cormun/static/Shared/jqueryui/images/ui-bg_highlight-soft_100_c6c2c8_1x100.png HTTP/1.1" 404 1117
181.212.47.137 - - [20/Mar/2024:11:01:46 -0300] "GET /cormun/static/Shared/jqueryui/images/ui-bg_flat_55_fafafa_40x100.png HTTP/1.1" 404 1097
181.212.47.137 - - [20/Mar/2024:11:01:46 -0300] "GET /cormun/static/Shared/jqueryui/images/ui-icons_8d78a5_256x240.png HTTP/1.1" 404 1089
181.212.47.137 - - [20/Mar/2024:11:02:07 -0300] "GET /cormun/servlet/trsolicitudgral? HTTP/1.1" 200 9711
181.212.47.137 - - [20/Mar/2024:11:02:11 -0300] "POST /cormun/servlet/trsolicitudgral?c0edd112134fbedd09798e7c16647c9b,,gx-no-cache=1710943142388 HTTP/1.1" 200 5269
191.126.17.116 - - [20/Mar/2024:11:03:14 -0300] "GET /cormun/servlet/trsolicitudot? HTTP/1.1" 200 15643
191.126.17.116 - - [20/Mar/2024:11:03:17 -0300] "POST /cormun/servlet/trsolicitudot?f0eb74cd40727a9c4dfb4cc777a882f1,,gx-no-cache=1710943219223 HTTP/1.1" 200 107
191.126.17.116 - - [20/Mar/2024:11:03:17 -0300] "GET /cormun/servlet/trsolicitudadjuntos?2024,20995, HTTP/1.1" 200 6021
191.126.17.116 - - [20/Mar/2024:11:03:19 -0300] "GET /cormun/servlet/solicitudotadjuntos?INS,2024,20995,,1, HTTP/1.1" 200 5960
191.126.17.116 - - [20/Mar/2024:11:03:19 -0300] "GET /cormun/static/about:blank HTTP/1.1" 404 1011
191.126.17.116 - - [20/Mar/2024:11:03:20 -0300] "GET /cormun/servlet/solicitudotadjuntos?b3701794e77acdcae98d4025e43222f420402f0324dc27222aa500ecb38fabc812541bd61f53e96a8dac02777ec69835,gx-no-cache=1710943221918 HTTP/1.1" 200 30
191.126.17.116 - - [20/Mar/2024:11:03:20 -0300] "POST /cormun/servlet/solicitudotadjuntos?f0eb74cd40727a9c4dfb4cc777a882f1,INS,2024,20995,,1,,gx-no-cache=1710943222006 HTTP/1.1" 200 3897
181.212.47.137 - - [20/Mar/2024:11:03:21 -0300] "POST /cormun/servlet/trsolicitudgral?c0edd112134fbedd09798e7c16647c9b,,gx-no-cache=1710943211819 HTTP/1.1" 200 6681
191.126.17.116 - - [20/Mar/2024:11:03:23 -0300] "POST /cormun/servlet/solicitudotadjuntos?gx-no-cache=1710943224807 HTTP/1.1" 200 26
181.212.47.137 - - [20/Mar/2024:11:03:23 -0300] "GET /cormun/servlet/vesolicitudgral?2024,20965,, HTTP/1.1" 200 8404
181.212.47.137 - - [20/Mar/2024:11:03:23 -0300] "GET /cormun/pexe_scrolldiv.js HTTP/1.1" 404 1009
191.126.17.116 - - [20/Mar/2024:11:03:28 -0300] "GET /cormun/servlet/solicitudotadjuntos?b3701794e77acdcae98d4025e43222f4701c51c31fa45490df58ccf7d7d049be,gx-no-cache=1710943230066 HTTP/1.1" 200 30
191.126.17.116 - - [20/Mar/2024:11:03:28 -0300] "GET /cormun/servlet/solicitudotadjuntos?b3701794e77acdcae98d4025e43222f4701c51c31fa45490df58ccf7d7d049be,gx-no-cache=1710943230128 HTTP/1.1" 200 30
191.126.17.116 - - [20/Mar/2024:11:03:28 -0300] "POST /cormun/servlet/solicitudotadjuntos?f0eb74cd40727a9c4dfb4cc777a882f1,INS,2024,20995,,1, HTTP/1.1" 200 116
191.126.17.116 - - [20/Mar/2024:11:03:28 -0300] "GET /cormun/servlet/hpexe_return? HTTP/1.1" 200 1024
191.126.17.116 - - [20/Mar/2024:11:03:28 -0300] "GET /cormun/servlet/trsolicitudadjuntos?2024,20995, HTTP/1.1" 200 8980
191.126.17.116 - - [20/Mar/2024:11:03:31 -0300] "GET /cormun/servlet/solicitudotadjuntos?INS,2024,20995,,1, HTTP/1.1" 200 5960
191.126.17.116 - - [20/Mar/2024:11:03:31 -0300] "GET /cormun/static/about:blank HTTP/1.1" 404 1011
191.126.17.116 - - [20/Mar/2024:11:03:31 -0300] "GET /cormun/servlet/solicitudotadjuntos?b3701794e77acdcae98d4025e43222f420402f0324dc27222aa500ecb38fabc812541bd61f53e96a8dac02777ec69835,gx-no-cache=1710943233366 HTTP/1.1" 200 30
191.126.17.116 - - [20/Mar/2024:11:03:31 -0300] "POST /cormun/servlet/solicitudotadjuntos?f0eb74cd40727a9c4dfb4cc777a882f1,INS,2024,20995,,1,,gx-no-cache=1710943233422 HTTP/1.1" 200 3897
191.126.17.116 - - [20/Mar/2024:11:03:33 -0300] "POST /cormun/servlet/solicitudotadjuntos?gx-no-cache=1710943235267 HTTP/1.1" 200 26
181.212.47.137 - - [20/Mar/2024:11:03:45 -0300] "POST /cormun/servlet/vesolicitudgral?c0edd112134fbedd09798e7c16647c9b,2024,20965,,,gx-no-cache=1710943236235 HTTP/1.1" 200 12334
181.212.47.137 - - [20/Mar/2024:11:03:45 -0300] "GET /cormun/static/Shared/jqueryui/images/ui-bg_highlight-soft_100_c6c2c8_1x100.png HTTP/1.1" 404 1117
181.212.47.137 - - [20/Mar/2024:11:03:45 -0300] "GET /cormun/static/Shared/jqueryui/images/ui-icons_82798d_256x240.png HTTP/1.1" 404 1089
181.212.47.137 - - [20/Mar/2024:11:03:45 -0300] "GET /cormun/static/Shared/jqueryui/images/ui-bg_flat_55_fafafa_40x100.png HTTP/1.1" 404 1097
181.212.47.137 - - [20/Mar/2024:11:03:45 -0300] "GET /cormun/static/Shared/jqueryui/images/ui-icons_8d78a5_256x240.png HTTP/1.1" 404 1089
181.212.47.137 - - [20/Mar/2024:11:03:45 -0300] "POST /cormun/servlet/vesolicitudgral?c0edd112134fbedd09798e7c16647c9b,2024,20965,,,gx-no-cache=1710943236436 HTTP/1.1" 200 12266
191.126.17.116 - - [20/Mar/2024:11:03:46 -0300] "GET /cormun/servlet/solicitudotadjuntos?b3701794e77acdcae98d4025e43222f4701c51c31fa45490df58ccf7d7d049be,gx-no-cache=1710943248371 HTTP/1.1" 200 30
191.126.17.116 - - [20/Mar/2024:11:03:46 -0300] "GET /cormun/servlet/solicitudotadjuntos?b3701794e77acdcae98d4025e43222f4701c51c31fa45490df58ccf7d7d049be,gx-no-cache=1710943248408 HTTP/1.1" 200 30
191.126.17.116 - - [20/Mar/2024:11:03:47 -0300] "POST /cormun/servlet/solicitudotadjuntos?f0eb74cd40727a9c4dfb4cc777a882f1,INS,2024,20995,,1, HTTP/1.1" 200 116
191.126.17.116 - - [20/Mar/2024:11:03:47 -0300] "GET /cormun/servlet/hpexe_return? HTTP/1.1" 200 1024
191.126.17.116 - - [20/Mar/2024:11:03:47 -0300] "GET /cormun/servlet/trsolicitudadjuntos?2024,20995, HTTP/1.1" 200 9226
181.212.47.137 - - [20/Mar/2024:11:03:49 -0300] "GET /cormun/servlet/trsolicitudgral? HTTP/1.1" 200 9738
191.126.17.116 - - [20/Mar/2024:11:03:50 -0300] "GET /cormun/servlet/solicitudotadjuntos?INS,2024,20995,,1, HTTP/1.1" 200 5960
191.126.17.116 - - [20/Mar/2024:11:03:50 -0300] "GET /cormun/static/about:blank HTTP/1.1" 404 1011
191.126.17.116 - - [20/Mar/2024:11:03:50 -0300] "GET /cormun/servlet/solicitudotadjuntos?b3701794e77acdcae98d4025e43222f420402f0324dc27222aa500ecb38fabc812541bd61f53e96a8dac02777ec69835,gx-no-cache=1710943252645 HTTP/1.1" 200 30
191.126.17.116 - - [20/Mar/2024:11:03:51 -0300] "POST /cormun/servlet/solicitudotadjuntos?f0eb74cd40727a9c4dfb4cc777a882f1,INS,2024,20995,,1,,gx-no-cache=1710943252714 HTTP/1.1" 200 3897
191.126.17.116 - - [20/Mar/2024:11:03:53 -0300] "POST /cormun/servlet/solicitudotadjuntos?gx-no-cache=1710943255635 HTTP/1.1" 200 26
191.126.17.116 - - [20/Mar/2024:11:03:58 -0300] "GET /cormun/servlet/solicitudotadjuntos?b3701794e77acdcae98d4025e43222f4701c51c31fa45490df58ccf7d7d049be,gx-no-cache=1710943260187 HTTP/1.1" 200 30
191.126.17.116 - - [20/Mar/2024:11:03:58 -0300] "GET /cormun/servlet/solicitudotadjuntos?b3701794e77acdcae98d4025e43222f4701c51c31fa45490df58ccf7d7d049be,gx-no-cache=1710943260224 HTTP/1.1" 200 30
191.126.17.116 - - [20/Mar/2024:11:03:58 -0300] "POST /cormun/servlet/solicitudotadjuntos?f0eb74cd40727a9c4dfb4cc777a882f1,INS,2024,20995,,1, HTTP/1.1" 200 116
191.126.17.116 - - [20/Mar/2024:11:03:59 -0300] "GET /cormun/servlet/hpexe_return? HTTP/1.1" 200 1024
191.126.17.116 - - [20/Mar/2024:11:03:59 -0300] "GET /cormun/servlet/trsolicitudadjuntos?2024,20995, HTTP/1.1" 200 9421
191.126.17.116 - - [20/Mar/2024:11:04:53 -0300] "GET /cormun/servlet/hlogin HTTP/1.1" 200 1717
191.126.17.116 - - [20/Mar/2024:11:05:06 -0300] "GET /cormun/servlet/solicitudotadjuntos?INS,2024,20995,,1, HTTP/1.1" 500 10
191.126.17.116 - - [20/Mar/2024:11:05:06 -0300] "GET /cormun/servlet/trsolicitudot? HTTP/1.1" 500 10
191.126.17.116 - - [20/Mar/2024:11:05:06 -0300] "GET /cormun/servlet/trsolicitudot? HTTP/1.1" 500 10
191.126.17.116 - - [20/Mar/2024:11:05:06 -0300] "POST /cormun/servlet/hlogin?f0eb74cd40727a9c4dfb4cc777a882f1,gx-no-cache=1710943319011 HTTP/1.1" 500 10
191.126.17.116 - - [20/Mar/2024:11:05:06 -0300] "GET /cormun/servlet/solicitudotadjuntos?INS,2024,20995,,1, HTTP/1.1" 200 6067
191.126.17.116 - - [20/Mar/2024:11:05:06 -0300] "GET /cormun/servlet/solicitudotadjuntos?INS,2024,20995,,1, HTTP/1.1" 200 6078
191.126.17.116 - - [20/Mar/2024:11:05:06 -0300] "GET /cormun/servlet/solicitudotadjuntos?INS,2024,20995,,1, HTTP/1.1" 200 6078
191.126.17.116 - - [20/Mar/2024:11:05:06 -0300] "GET /cormun/servlet/solicitudotadjuntos?INS,2024,20995,,1, HTTP/1.1" 200 6075
191.126.17.116 - - [20/Mar/2024:11:05:06 -0300] "GET /cormun/servlet/solicitudotadjuntos?INS,2024,20995,,1, HTTP/1.1" 200 6067
191.126.17.116 - - [20/Mar/2024:11:05:06 -0300] "GET /cormun/servlet/solicitudotadjuntos?INS,2024,20995,,1, HTTP/1.1" 200 6073
191.126.17.116 - - [20/Mar/2024:11:05:06 -0300] "GET /cormun/servlet/solicitudotadjuntos?INS,2024,20995,,1, HTTP/1.1" 200 6078
191.126.17.116 - - [20/Mar/2024:11:05:06 -0300] "GET /cormun/servlet/solicitudotadjuntos?INS,2024,20995,,1, HTTP/1.1" 200 6078
191.126.17.116 - - [20/Mar/2024:11:05:06 -0300] "GET /cormun/servlet/solicitudotadjuntos?INS,2024,20995,,1, HTTP/1.1" 200 6078
191.126.17.116 - - [20/Mar/2024:11:05:06 -0300] "GET /cormun/servlet/solicitudotadjuntos?INS,2024,20995,,1, HTTP/1.1" 200 6078
191.126.17.116 - - [20/Mar/2024:11:05:06 -0300] "GET /cormun/servlet/solicitudotadjuntos?INS,2024,20995,,2, HTTP/1.1" 200 6077
191.126.17.116 - - [20/Mar/2024:11:05:06 -0300] "GET /cormun/servlet/solicitudotadjuntos?INS,2024,20995,,1, HTTP/1.1" 200 6078
191.126.17.116 - - [20/Mar/2024:11:05:06 -0300] "GET /cormun/servlet/solicitudotadjuntos?INS,2024,20995,,1, HTTP/1.1" 200 6078
191.126.17.116 - - [20/Mar/2024:11:05:06 -0300] "GET /cormun/servlet/trsolicitudot? HTTP/1.1" 200 7158
191.126.17.116 - - [20/Mar/2024:11:05:06 -0300] "GET /cormun/servlet/solicitudotadjuntos?INS,2024,20995,,1, HTTP/1.1" 200 6078
181.212.47.137 - - [20/Mar/2024:11:05:22 -0300] "POST /cormun/servlet/trsolicitudgral?c0edd112134fbedd09798e7c16647c9b,,gx-no-cache=1710943332563 HTTP/1.1" 200 5269
191.126.17.116 - - [20/Mar/2024:11:08:06 -0300] "GET /cormun/servlet/hlogin HTTP/1.1" 200 1717
181.212.47.137 - - [20/Mar/2024:11:10:00 -0300] "POST /cormun/servlet/trsolicitudgral?c0edd112134fbedd09798e7c16647c9b,,gx-no-cache=1710943391153 HTTP/1.1" 500 10
191.126.17.116 - - [20/Mar/2024:11:10:02 -0300] "POST /cormun/servlet/hlogin?f0eb74cd40727a9c4dfb4cc777a882f1,gx-no-cache=1710943510770 HTTP/1.1" 500 10
190.171.149.90 - - [20/Mar/2024:11:10:07 -0300] "POST /cormun/servlet/trsolicitudot?a2396b1e04e319318377b79ad168d341,gx-no-cache=1710943632710 HTTP/1.1" 500 10
191.126.17.116 - - [20/Mar/2024:11:11:19 -0300] "GET /cormun/servlet/hlogin HTTP/1.1" 200 1717
191.126.17.116 - - [20/Mar/2024:11:11:24 -0300] "POST /cormun/servlet/hlogin?f0eb74cd40727a9c4dfb4cc777a882f1,gx-no-cache=1710943705994 HTTP/1.1" 500 10
176.149.183.71 - - [20/Mar/2024:11:11:34 -0300] "POST /goform/set_LimitClient_cfg HTTP/1.1" 400 -
181.212.47.136 - - [20/Mar/2024:11:11:47 -0300] "GET /cormun/servlet/hlogin HTTP/1.1" 200 1717
181.212.47.136 - - [20/Mar/2024:11:11:47 -0300] "GET /cormun/static/gxtimezone.js?85251 HTTP/1.1" 200 5781
181.212.47.136 - - [20/Mar/2024:11:11:47 -0300] "GET /cormun/static/messages.spa.js?85251 HTTP/1.1" 200 30736
181.212.47.136 - - [20/Mar/2024:11:11:47 -0300] "GET /cormun/static/gxgral.js?85251 HTTP/1.1" 200 384558
181.212.47.136 - - [20/Mar/2024:11:11:47 -0300] "GET /cormun/static/Resources/indicator.gif HTTP/1.1" 200 1553
181.212.47.136 - - [20/Mar/2024:11:11:47 -0300] "GET /favicon.ico HTTP/1.1" 200 21630
181.212.47.136 - - [20/Mar/2024:11:11:51 -0300] "POST /cormun/servlet/hlogin?17b5e9acbbe76927e7203d55d6dba980,gx-no-cache=1710943722020 HTTP/1.1" 500 10
181.212.47.136 - - [20/Mar/2024:11:11:56 -0300] "GET /cormun/servlet/hlogin HTTP/1.1" 200 1717
181.212.47.136 - - [20/Mar/2024:11:12:02 -0300] "POST /cormun/servlet/hlogin?17b5e9acbbe76927e7203d55d6dba980,gx-no-cache=1710943733138 HTTP/1.1" 500 10
181.212.47.136 - - [20/Mar/2024:11:12:09 -0300] "GET /cormun/servlet/hlogin HTTP/1.1" 200 1717
181.212.47.136 - - [20/Mar/2024:11:12:14 -0300] "POST /cormun/servlet/hlogin?17b5e9acbbe76927e7203d55d6dba980,gx-no-cache=1710943745218 HTTP/1.1" 500 10
181.212.47.136 - - [20/Mar/2024:11:12:22 -0300] "GET /cormun/servlet/hlogin HTTP/1.1" 200 1717
191.126.17.116 - - [20/Mar/2024:11:12:26 -0300] "GET /cormun/servlet/hlogin HTTP/1.1" 200 1717
181.212.47.136 - - [20/Mar/2024:11:12:27 -0300] "POST /cormun/servlet/hlogin?17b5e9acbbe76927e7203d55d6dba980,gx-no-cache=1710943757922 HTTP/1.1" 500 10
191.126.17.116 - - [20/Mar/2024:11:12:29 -0300] "POST /cormun/servlet/hlogin?f0eb74cd40727a9c4dfb4cc777a882f1,gx-no-cache=1710943771177 HTTP/1.1" 500 10
181.212.47.136 - - [20/Mar/2024:11:13:03 -0300] "GET /cormun/servlet/hlogin HTTP/1.1" 200 1725
181.212.47.136 - - [20/Mar/2024:11:13:15 -0300] "POST /cormun/servlet/hlogin?ef376a935137319f56a12536cd0ef6c0,gx-no-cache=1710943818821 HTTP/1.1" 500 10
181.212.47.136 - - [20/Mar/2024:11:13:21 -0300] "GET /cormun/servlet/hlogin HTTP/1.1" 200 1725
181.212.47.136 - - [20/Mar/2024:11:13:31 -0300] "POST /cormun/servlet/hlogin?ef376a935137319f56a12536cd0ef6c0,gx-no-cache=1710943834570 HTTP/1.1" 500 10
181.212.47.136 - - [20/Mar/2024:11:13:36 -0300] "GET /cormun/servlet/hlogin HTTP/1.1" 200 1725
181.212.47.137 - - [20/Mar/2024:11:14:35 -0300] "GET /cormun/servlet/hlogin HTTP/1.1" 200 1726
181.212.47.137 - - [20/Mar/2024:11:14:44 -0300] "POST /cormun/servlet/hlogin?c0edd112134fbedd09798e7c16647c9b,gx-no-cache=1710943895091 HTTP/1.1" 500 10
181.212.47.137 - - [20/Mar/2024:11:15:50 -0300] "GET /cormun/servlet/hlogin HTTP/1.1" 200 1726
181.212.47.137 - - [20/Mar/2024:11:16:02 -0300] "POST /cormun/servlet/hlogin?c0edd112134fbedd09798e7c16647c9b,gx-no-cache=1710943973480 HTTP/1.1" 500 10
191.126.17.116 - - [20/Mar/2024:11:16:52 -0300] "GET /cormun/servlet/hlogin HTTP/1.1" 200 1717
191.126.17.116 - - [20/Mar/2024:11:16:52 -0300] "GET /cormun/servlet/hlogin HTTP/1.1" 200 1727
191.126.17.116 - - [20/Mar/2024:11:16:54 -0300] "POST /cormun/servlet/hlogin?f0eb74cd40727a9c4dfb4cc777a882f1,gx-no-cache=1710944036649 HTTP/1.1" 500 10
191.126.17.116 - - [20/Mar/2024:11:17:17 -0300] "GET /cormun/servlet/hlogin HTTP/1.1" 200 1717
190.171.141.114 - - [20/Mar/2024:11:17:18 -0300] "GET /cormun/servlet/hhome HTTP/1.1" 500 10
191.126.17.116 - - [20/Mar/2024:11:17:21 -0300] "POST /cormun/servlet/hlogin?f0eb74cd40727a9c4dfb4cc777a882f1,gx-no-cache=1710944063458 HTTP/1.1" 200 90
191.126.17.116 - - [20/Mar/2024:11:17:21 -0300] "GET /cormun/servlet/hpexe_link HTTP/1.1" 200 974
191.126.17.116 - - [20/Mar/2024:11:17:22 -0300] "GET /cormun/servlet/solicitudotadjuntos?INS,2024,20995,,1, HTTP/1.1" 200 5964
191.126.17.116 - - [20/Mar/2024:11:17:22 -0300] "GET /cormun/static/about:blank HTTP/1.1" 404 1011
191.126.17.116 - - [20/Mar/2024:11:17:23 -0300] "GET /cormun/servlet/solicitudotadjuntos?b3701794e77acdcae98d4025e43222f420402f0324dc27222aa500ecb38fabc812541bd61f53e96a8dac02777ec69835,gx-no-cache=1710944064799 HTTP/1.1" 200 30
191.126.17.116 - - [20/Mar/2024:11:17:23 -0300] "POST /cormun/servlet/solicitudotadjuntos?f0eb74cd40727a9c4dfb4cc777a882f1,INS,2024,20995,,1,,gx-no-cache=1710944064925 HTTP/1.1" 200 3899
190.171.141.114 - - [20/Mar/2024:11:17:23 -0300] "GET /cormun/servlet/hhome HTTP/1.1" 200 3325
190.171.141.114 - - [20/Mar/2024:11:17:23 -0300] "GET /cormun/servlet/hlogin HTTP/1.1" 200 1734
191.126.17.116 - - [20/Mar/2024:11:17:25 -0300] "GET /cormun/servlet/trsolicitudot? HTTP/1.1" 200 15656
