190.171.149.82 - - [19/Mar/2024:09:41:42 -0300] "GET /cormun/servlet/solicitudot?80196ca995250053dd06fb24004edbbfdecbb5122d6a11a01bf41e35f7dc038158a292925ede41a3178ff15a5fd6c549,gx-no-cache=1710851927461 HTTP/1.1" 200 30
190.171.149.82 - - [19/Mar/2024:09:41:42 -0300] "GET /cormun/servlet/solicitudot?80196ca995250053dd06fb24004edbbf23d102fb12e60bd8b800cede501a97662170b42d1f7ba121a5c95b5b19ddd2c758a292925ede41a3178ff15a5fd6c549,gx-no-cache=1710851927556 HTTP/1.1" 200 30
190.171.149.82 - - [19/Mar/2024:09:41:43 -0300] "GET /cormun/servlet/solicitudot?80196ca995250053dd06fb24004edbbf3aa6c6d545cb616261784106a7178cbb,gx-no-cache=1710851927656 HTTP/1.1" 200 53
190.171.149.82 - - [19/Mar/2024:09:41:43 -0300] "POST /cormun/servlet/solicitudot?gx-no-cache=1710851927759 HTTP/1.1" 200 297
190.171.149.82 - - [19/Mar/2024:09:41:43 -0300] "GET /cormun/servlet/solicitudot?80196ca995250053dd06fb24004edbbf0e9738938938830426d32c0fd4e8b66f595faa358e94708a5bbe5822fbb23f904e8a1f0eb845207532d9ef39cde31aedae56f609de0bebf1f9a4d174a1a5b8963ef4b472b94db4563076407664513922ab61e51de74602f8feac076b22f474159a99a4a9857ee6f1327e4b8aeab97f24d7097a03ddbb3dc72c73599ea3258727debc9f74d0836abc5a54f00cdcf3c71a0b9a0c380f540b697d6fa26cada3e94ada64e0e7757816e75484cf0492bcd39a91ad460826c7ce8dedb183a8eec07e09817b34f23774ed835174068215263826444b24200073f3bba43bab4dfef4156ce6d27303f8a6168a1659fdef0aeebb83ec0c87f1363d52acae7b118fd005259a6ade35f1d1e9fe829459bcb4cf985928322728e5eb8472fd12e9ff04b0cb2f98ff9736e83da081e04edce078eef490689877a698ab28d2633bf718aeb4ab87d0f9b087ec8d2b2c8f5e6525517d6de07fb9f3e53803aac4b67bca511c196f4bad57e4e77f6e606d641cbb8209d0a96130e4c66d3933066a43fee1eac5882a0c08,gx-no-cache=1710851927861 HTTP/1.1" 200 30
190.171.149.82 - - [19/Mar/2024:09:42:19 -0300] "POST /cormun/servlet/solicitudot?gx-no-cache=1710851964376 HTTP/1.1" 200 30
190.171.149.82 - - [19/Mar/2024:09:42:21 -0300] "GET /cormun/servlet/prcontratosol?18375973,,,,,MD,,gxPopupLevel%3D0%3B HTTP/1.1" 200 8597
190.171.141.114 - - [19/Mar/2024:09:42:22 -0300] "GET /cormun/servlet/trsolicitudot? HTTP/1.1" 200 8657
190.171.141.114 - - [19/Mar/2024:09:42:24 -0300] "POST /cormun/servlet/trsolicitudot?787342c3aca12d4c9668a874b01288f4,,gx-no-cache=1710851969647 HTTP/1.1" 200 107
190.171.141.114 - - [19/Mar/2024:09:42:25 -0300] "GET /cormun/servlet/trsolicitudadjuntos?2024,20962, HTTP/1.1" 200 9044
190.171.141.114 - - [19/Mar/2024:09:42:28 -0300] "GET /cormun/servlet/solicitudotadjuntos?INS,2024,20962,,1, HTTP/1.1" 200 6060
190.171.141.114 - - [19/Mar/2024:09:42:28 -0300] "GET /cormun/static/about:blank HTTP/1.1" 404 1011
190.171.141.114 - - [19/Mar/2024:09:42:29 -0300] "GET /cormun/servlet/solicitudotadjuntos?9cdf69649eda564cbb02d24b10553b13a3f8492614c1f8207595d6d6e02995efede3035ab5ed0ba115a7a226a5f89f6e,gx-no-cache=1710851973810 HTTP/1.1" 200 30
190.171.141.114 - - [19/Mar/2024:09:42:29 -0300] "POST /cormun/servlet/solicitudotadjuntos?787342c3aca12d4c9668a874b01288f4,INS,2024,20962,,1,,gx-no-cache=1710851973908 HTTP/1.1" 200 3898
190.171.141.114 - - [19/Mar/2024:09:42:33 -0300] "POST /cormun/servlet/solicitudotadjuntos?gx-no-cache=1710851977781 HTTP/1.1" 200 26
191.126.161.135 - - [19/Mar/2024:09:42:36 -0300] "GET /cormun/servlet/hlogin HTTP/1.1" 200 1714
190.171.149.82 - - [19/Mar/2024:09:42:38 -0300] "POST /cormun/servlet/solicitudot?gx-no-cache=1710851982767 HTTP/1.1" 200 1474
190.171.149.82 - - [19/Mar/2024:09:42:38 -0300] "POST /cormun/servlet/solicitudot?gx-no-cache=1710851982865 HTTP/1.1" 200 38
190.171.149.82 - - [19/Mar/2024:09:42:38 -0300] "GET /cormun/servlet/solicitudot?80196ca995250053dd06fb24004edbbf08ce27281cad83570ecdb9b7c51b504a07c7751901e9612c35d930d91f8e7c9f5e1171be3ffed6bebcdf316a3eb74e3749125493f8c2cae2aab5bf44f61edf99da90dec06918af01a4262061a9875be9bf35af297f3251a41d5015de581491df,gx-no-cache=1710851982931 HTTP/1.1" 200 110
190.171.149.82 - - [19/Mar/2024:09:42:38 -0300] "POST /cormun/servlet/solicitudot?gx-no-cache=1710851982997 HTTP/1.1" 200 79
190.171.149.82 - - [19/Mar/2024:09:42:38 -0300] "GET /cormun/servlet/solicitudot?80196ca995250053dd06fb24004edbbf37014dd92581048c8a1eb83867652f56b89e73feaabc6d7601db3111508498827db857879e68ecf5ddbd92a0b995d3247c030f0521acc96e19f834d9f618f63ee803ff22c76e44542cc0da7c34db227962be214312197afc670ee61d8c85df61,gx-no-cache=1710851983117 HTTP/1.1" 200 29
190.171.149.82 - - [19/Mar/2024:09:42:38 -0300] "GET /cormun/servlet/solicitudot?80196ca995250053dd06fb24004edbbf88869c08038d8650e4facbe35a250913953e95c4678e320aec6f04bb4d933f25,gx-no-cache=1710851983174 HTTP/1.1" 200 30
191.126.161.135 - - [19/Mar/2024:09:42:40 -0300] "POST /cormun/servlet/hlogin?73620ce7059342d1f959a5e1cd864378,gx-no-cache=1710851984428 HTTP/1.1" 200 90
190.171.141.114 - - [19/Mar/2024:09:42:40 -0300] "GET /cormun/servlet/solicitudotadjuntos?9cdf69649eda564cbb02d24b10553b1376c9f32e480409c80290635bb46d8b54,gx-no-cache=1710851984963 HTTP/1.1" 200 30
191.126.161.135 - - [19/Mar/2024:09:42:40 -0300] "GET /cormun/servlet/hpexe_link HTTP/1.1" 200 996
190.171.141.114 - - [19/Mar/2024:09:42:40 -0300] "GET /cormun/servlet/solicitudotadjuntos?9cdf69649eda564cbb02d24b10553b1376c9f32e480409c80290635bb46d8b54,gx-no-cache=1710851985048 HTTP/1.1" 200 30
191.126.161.135 - - [19/Mar/2024:09:42:40 -0300] "GET /cormun/servlet/solicitudotadjuntos?73620ce7059342d1f959a5e1cd864378,INS,2024,20911,,1, HTTP/1.1" 200 5844
191.126.161.135 - - [19/Mar/2024:09:42:40 -0300] "GET /cormun/static/about:blank HTTP/1.1" 404 1011
191.126.161.135 - - [19/Mar/2024:09:42:40 -0300] "GET /cormun/static/Shared/jqueryui/images/ui-bg_highlight-soft_100_c6c2c8_1x100.png HTTP/1.1" 404 1117
191.126.161.135 - - [19/Mar/2024:09:42:40 -0300] "GET /cormun/static/Shared/jqueryui/images/ui-icons_82798d_256x240.png HTTP/1.1" 404 1089
191.126.161.135 - - [19/Mar/2024:09:42:40 -0300] "GET /cormun/static/Shared/jqueryui/images/ui-bg_flat_55_fafafa_40x100.png HTTP/1.1" 404 1097
191.126.161.135 - - [19/Mar/2024:09:42:40 -0300] "GET /cormun/static/Shared/jqueryui/images/ui-icons_8d78a5_256x240.png HTTP/1.1" 404 1089
190.171.141.114 - - [19/Mar/2024:09:42:42 -0300] "POST /cormun/servlet/solicitudotadjuntos?787342c3aca12d4c9668a874b01288f4,INS,2024,20962,,1, HTTP/1.1" 200 116
190.171.141.114 - - [19/Mar/2024:09:42:42 -0300] "GET /cormun/servlet/hpexe_return? HTTP/1.1" 200 1025
190.171.141.114 - - [19/Mar/2024:09:42:42 -0300] "GET /cormun/servlet/trsolicitudadjuntos?2024,20962, HTTP/1.1" 200 9285
191.126.161.135 - - [19/Mar/2024:09:42:44 -0300] "GET /cormun/servlet/trsolicitudot? HTTP/1.1" 200 12988
191.126.161.135 - - [19/Mar/2024:09:42:47 -0300] "POST /cormun/servlet/trsolicitudot?73620ce7059342d1f959a5e1cd864378,,gx-no-cache=1710851991719 HTTP/1.1" 200 106
191.126.161.135 - - [19/Mar/2024:09:42:47 -0300] "GET /cormun/servlet/trsolicitudadjuntos?2024,20911, HTTP/1.1" 200 6018
190.171.141.114 - - [19/Mar/2024:09:42:48 -0300] "GET /cormun/servlet/solicitudotadjuntos?INS,2024,20962,,1, HTTP/1.1" 200 6060
190.171.141.114 - - [19/Mar/2024:09:42:48 -0300] "GET /cormun/static/about:blank HTTP/1.1" 404 1011
190.171.141.114 - - [19/Mar/2024:09:42:48 -0300] "GET /cormun/servlet/solicitudotadjuntos?9cdf69649eda564cbb02d24b10553b13a3f8492614c1f8207595d6d6e02995efede3035ab5ed0ba115a7a226a5f89f6e,gx-no-cache=1710851993625 HTTP/1.1" 200 30
191.126.161.135 - - [19/Mar/2024:09:42:49 -0300] "GET /cormun/servlet/solicitudotadjuntos?INS,2024,20911,,1, HTTP/1.1" 200 5955
191.126.161.135 - - [19/Mar/2024:09:42:49 -0300] "GET /cormun/static/about:blank HTTP/1.1" 404 1011
190.171.141.114 - - [19/Mar/2024:09:42:49 -0300] "POST /cormun/servlet/solicitudotadjuntos?787342c3aca12d4c9668a874b01288f4,INS,2024,20962,,1,,gx-no-cache=1710851993735 HTTP/1.1" 200 3898
191.126.161.135 - - [19/Mar/2024:09:42:50 -0300] "GET /cormun/servlet/solicitudotadjuntos?8c6293d3e62a6fa84efcd6d47ac51c1e6aaa3daf7d6276fa42cb8abf9b4768297d6c13d4d79c92249a3f892338c87557,gx-no-cache=1710851994537 HTTP/1.1" 200 30
191.126.161.135 - - [19/Mar/2024:09:42:50 -0300] "POST /cormun/servlet/solicitudotadjuntos?73620ce7059342d1f959a5e1cd864378,INS,2024,20911,,1,,gx-no-cache=1710851994656 HTTP/1.1" 200 3865
191.126.161.135 - - [19/Mar/2024:09:42:52 -0300] "POST /cormun/servlet/solicitudotadjuntos?gx-no-cache=1710851996826 HTTP/1.1" 200 26
190.171.141.114 - - [19/Mar/2024:09:42:54 -0300] "POST /cormun/servlet/solicitudotadjuntos?gx-no-cache=1710851998715 HTTP/1.1" 200 26
190.171.149.82 - - [19/Mar/2024:09:42:54 -0300] "POST /cormun/servlet/solicitudot?gx-no-cache=1710851999072 HTTP/1.1" 200 110
191.126.161.135 - - [19/Mar/2024:09:42:57 -0300] "GET /cormun/servlet/solicitudotadjuntos?8c6293d3e62a6fa84efcd6d47ac51c1eed04ed0ffad6548022689c182fef8234,gx-no-cache=1710852001452 HTTP/1.1" 200 30
191.126.161.135 - - [19/Mar/2024:09:42:57 -0300] "GET /cormun/servlet/solicitudotadjuntos?8c6293d3e62a6fa84efcd6d47ac51c1eed04ed0ffad6548022689c182fef8234,gx-no-cache=1710852001558 HTTP/1.1" 200 30
191.126.161.135 - - [19/Mar/2024:09:42:59 -0300] "POST /cormun/servlet/solicitudotadjuntos?73620ce7059342d1f959a5e1cd864378,INS,2024,20911,,1, HTTP/1.1" 200 116
191.126.161.135 - - [19/Mar/2024:09:42:59 -0300] "GET /cormun/servlet/hpexe_return? HTTP/1.1" 200 1018
191.126.161.135 - - [19/Mar/2024:09:43:00 -0300] "GET /cormun/servlet/trsolicitudadjuntos?2024,20911, HTTP/1.1" 200 8913
190.171.141.114 - - [19/Mar/2024:09:43:02 -0300] "GET /cormun/servlet/solicitudotadjuntos?9cdf69649eda564cbb02d24b10553b1376c9f32e480409c80290635bb46d8b54,gx-no-cache=1710852007276 HTTP/1.1" 200 30
190.171.141.114 - - [19/Mar/2024:09:43:02 -0300] "GET /cormun/servlet/solicitudotadjuntos?9cdf69649eda564cbb02d24b10553b1376c9f32e480409c80290635bb46d8b54,gx-no-cache=1710852007346 HTTP/1.1" 200 30
190.171.141.114 - - [19/Mar/2024:09:43:02 -0300] "POST /cormun/servlet/solicitudotadjuntos?787342c3aca12d4c9668a874b01288f4,INS,2024,20962,,1, HTTP/1.1" 200 116
190.171.141.114 - - [19/Mar/2024:09:43:02 -0300] "GET /cormun/servlet/hpexe_return? HTTP/1.1" 200 1025
190.171.141.114 - - [19/Mar/2024:09:43:03 -0300] "GET /cormun/servlet/trsolicitudadjuntos?2024,20962, HTTP/1.1" 200 9522
191.126.161.135 - - [19/Mar/2024:09:43:03 -0300] "GET /cormun/servlet/solicitudotadjuntos?INS,2024,20911,,1, HTTP/1.1" 200 5955
191.126.161.135 - - [19/Mar/2024:09:43:03 -0300] "GET /cormun/static/about:blank HTTP/1.1" 404 1011
191.126.161.135 - - [19/Mar/2024:09:43:04 -0300] "GET /cormun/servlet/solicitudotadjuntos?8c6293d3e62a6fa84efcd6d47ac51c1e6aaa3daf7d6276fa42cb8abf9b4768297d6c13d4d79c92249a3f892338c87557,gx-no-cache=1710852008453 HTTP/1.1" 200 30
191.126.161.135 - - [19/Mar/2024:09:43:04 -0300] "POST /cormun/servlet/solicitudotadjuntos?73620ce7059342d1f959a5e1cd864378,INS,2024,20911,,1,,gx-no-cache=1710852008565 HTTP/1.1" 200 3865
190.171.149.82 - - [19/Mar/2024:09:43:05 -0300] "POST /cormun/servlet/solicitudot?gx-no-cache=1710852010520 HTTP/1.1" 200 137
190.171.149.82 - - [19/Mar/2024:09:43:05 -0300] "GET /cormun/static/Shared/jqueryui/images/ui-bg_highlight-soft_100_c6c2c8_1x100.png HTTP/1.1" 404 1117
190.171.149.82 - - [19/Mar/2024:09:43:06 -0300] "GET /cormun/static/Shared/jqueryui/images/ui-icons_82798d_256x240.png HTTP/1.1" 404 1089
190.171.149.82 - - [19/Mar/2024:09:43:06 -0300] "GET /cormun/static/Shared/jqueryui/images/ui-bg_flat_55_994d53_40x100.png HTTP/1.1" 404 1097
190.171.149.82 - - [19/Mar/2024:09:43:06 -0300] "GET /cormun/static/Shared/jqueryui/images/ui-icons_ebccce_256x240.png HTTP/1.1" 404 1089
191.126.161.135 - - [19/Mar/2024:09:43:06 -0300] "POST /cormun/servlet/solicitudotadjuntos?gx-no-cache=1710852010476 HTTP/1.1" 200 26
190.171.149.82 - - [19/Mar/2024:09:43:10 -0300] "GET /cormun/static/menuarrow.gif HTTP/1.1" 404 1015
191.126.161.135 - - [19/Mar/2024:09:43:19 -0300] "GET /cormun/servlet/solicitudotadjuntos?8c6293d3e62a6fa84efcd6d47ac51c1eed04ed0ffad6548022689c182fef8234,gx-no-cache=1710852023796 HTTP/1.1" 200 30
191.126.161.135 - - [19/Mar/2024:09:43:19 -0300] "GET /cormun/servlet/solicitudotadjuntos?8c6293d3e62a6fa84efcd6d47ac51c1eed04ed0ffad6548022689c182fef8234,gx-no-cache=1710852023944 HTTP/1.1" 200 30
191.126.161.135 - - [19/Mar/2024:09:43:22 -0300] "POST /cormun/servlet/solicitudotadjuntos?73620ce7059342d1f959a5e1cd864378,INS,2024,20911,,1, HTTP/1.1" 200 116
191.126.161.135 - - [19/Mar/2024:09:43:22 -0300] "GET /cormun/servlet/hpexe_return? HTTP/1.1" 200 1018
191.126.161.135 - - [19/Mar/2024:09:43:23 -0300] "GET /cormun/servlet/trsolicitudadjuntos?2024,20911, HTTP/1.1" 200 9188
190.171.149.82 - - [19/Mar/2024:09:43:42 -0300] "POST /cormun/servlet/solicitudot?gx-no-cache=1710852047036 HTTP/1.1" 200 125
191.126.161.135 - - [19/Mar/2024:09:43:45 -0300] "GET /cormun/servlet/solicitudotadjuntos?INS,2024,20911,,1, HTTP/1.1" 200 5956
191.126.161.135 - - [19/Mar/2024:09:43:46 -0300] "GET /cormun/static/about:blank HTTP/1.1" 404 1011
191.126.161.135 - - [19/Mar/2024:09:43:46 -0300] "GET /cormun/servlet/solicitudotadjuntos?8c6293d3e62a6fa84efcd6d47ac51c1e6aaa3daf7d6276fa42cb8abf9b4768297d6c13d4d79c92249a3f892338c87557,gx-no-cache=1710852051148 HTTP/1.1" 200 30
191.126.161.135 - - [19/Mar/2024:09:43:46 -0300] "POST /cormun/servlet/solicitudotadjuntos?73620ce7059342d1f959a5e1cd864378,INS,2024,20911,,1,,gx-no-cache=1710852051273 HTTP/1.1" 200 3865
190.95.15.15 - - [19/Mar/2024:09:43:46 -0300] "GET /cormun/servlet/solicitudot?89b828b881c98d0ab399fd1e47d1df3241aa9a8b72f7840a3f005fa66ca22b7d8060709aa74223fb3a15524e67a7da85736636b56138e5d5a9e5c3884ea6dc27ed49187c94a9287ea4ba313d3b0cce8ff934be407f7bd1df35d062ee55e51590268f5316e2afbb8d3714474567bed02f,gx-no-cache=1710852052104 HTTP/1.1" 200 110
191.126.161.135 - - [19/Mar/2024:09:43:50 -0300] "POST /cormun/servlet/solicitudotadjuntos?gx-no-cache=1710852055052 HTTP/1.1" 200 26
192.168.10.96 - - [19/Mar/2024:09:43:52 -0300] "GET /cormun/servlet/hlogin HTTP/1.1" 200 1734
192.168.10.96 - - [19/Mar/2024:09:43:57 -0300] "POST /cormun/servlet/hlogin?3b329625355872881221d334ad7f9428,gx-no-cache=1710852050606 HTTP/1.1" 200 90
192.168.10.96 - - [19/Mar/2024:09:43:58 -0300] "GET /cormun/servlet/hpexe_link HTTP/1.1" 200 950
192.168.10.96 - - [19/Mar/2024:09:43:58 -0300] "GET /cormun/servlet/hhome HTTP/1.1" 200 3821
192.168.10.96 - - [19/Mar/2024:09:44:01 -0300] "GET /cormun/servlet/trsolicitudgral? HTTP/1.1" 200 27789
192.168.10.96 - - [19/Mar/2024:09:44:01 -0300] "GET /cormun/static/gxui/gxui-all.css?110300 HTTP/1.1" 200 2179
192.168.10.96 - - [19/Mar/2024:09:44:01 -0300] "GET /cormun/static/calendar-system.css?75620 HTTP/1.1" 200 5572
192.168.10.96 - - [19/Mar/2024:09:44:01 -0300] "GET /cormun/static/gxcfg.js?20191021621534 HTTP/1.1" 200 953
192.168.10.96 - - [19/Mar/2024:09:44:01 -0300] "GET /cormun/static/calendar-setup.js?85251 HTTP/1.1" 200 2588
192.168.10.96 - - [19/Mar/2024:09:44:01 -0300] "GET /cormun/static/calendar-es.js?85251 HTTP/1.1" 200 1901
192.168.10.96 - - [19/Mar/2024:09:44:01 -0300] "GET /cormun/static/calendar.js?85251 HTTP/1.1" 200 26246
192.168.10.96 - - [19/Mar/2024:09:44:01 -0300] "GET /cormun/static/Resources/PXTools/calendar.png HTTP/1.1" 200 1306
192.168.10.96 - - [19/Mar/2024:09:44:01 -0300] "GET /cormun/static/gxdec.js?85251 HTTP/1.1" 200 19579
192.168.10.96 - - [19/Mar/2024:09:44:01 -0300] "GET /cormun/static/Resources/Spanish/PXTools.css?2294816 HTTP/1.1" 200 100853
192.168.10.96 - - [19/Mar/2024:09:44:01 -0300] "GET /cormun/static/trsolicitudgral.js?20191021621224 HTTP/1.1" 200 55166
192.168.10.96 - - [19/Mar/2024:09:44:01 -0300] "GET /cormun/static/Shared/ext/resources/css/ext-all.css?205870 HTTP/1.1" 200 416045
192.168.10.96 - - [19/Mar/2024:09:44:01 -0300] "GET /cormun/static/Resources/PXToolsDataSearch.png HTTP/1.1" 200 435
192.168.10.96 - - [19/Mar/2024:09:44:01 -0300] "GET /cormun/static/Resources/PXToolsGridFirstDisabled.gif HTTP/1.1" 200 100
192.168.10.96 - - [19/Mar/2024:09:44:01 -0300] "GET /cormun/static/Resources/PXToolsGridPreviousDisabled.gif HTTP/1.1" 200 90
192.168.10.96 - - [19/Mar/2024:09:44:01 -0300] "GET /cormun/static/Resources/PXToolsGridNextDisabled.gif HTTP/1.1" 200 90
192.168.10.96 - - [19/Mar/2024:09:44:01 -0300] "GET /cormun/static/Resources/PXToolsGridLastDisabled.gif HTTP/1.1" 200 98
192.168.10.96 - - [19/Mar/2024:09:44:01 -0300] "GET /cormun/static/Resources/PXToolsGridPage.gif HTTP/1.1" 200 725
192.168.10.96 - - [19/Mar/2024:09:44:01 -0300] "GET /cormun/static/Resources/PXToolsActionExcel.png HTTP/1.1" 200 727
192.168.10.96 - - [19/Mar/2024:09:44:01 -0300] "GET /cormun/static/Resources/PXToolsAddAllStandardAction.png HTTP/1.1" 200 628
192.168.10.96 - - [19/Mar/2024:09:44:01 -0300] "GET /cormun/static/Resources/PXToolsRemoveAllStandardAction.png HTTP/1.1" 200 495
192.168.10.96 - - [19/Mar/2024:09:44:01 -0300] "GET /cormun//static/Resources/PXToolsGridUpdate.png HTTP/1.1" 200 470
192.168.10.96 - - [19/Mar/2024:09:44:01 -0300] "GET /cormun//static/Resources/PXToolsGridDelete.png HTTP/1.1" 200 538
192.168.10.96 - - [19/Mar/2024:09:44:01 -0300] "GET /cormun/static/Resources/asc.gif HTTP/1.1" 200 67
192.168.10.96 - - [19/Mar/2024:09:44:01 -0300] "GET /cormun/static/Resources/desc.gif HTTP/1.1" 200 65
192.168.10.96 - - [19/Mar/2024:09:44:01 -0300] "GET /cormun/static/Shared/ext/resources/themes/images/default/tools/tool-sprites.gif HTTP/1.1" 200 5434
192.168.10.96 - - [19/Mar/2024:09:44:01 -0300] "GET /cormun/static/Shared/ext/resources/themes/images/default/panel/bg-headersPanel.png HTTP/1.1" 200 255
190.171.149.82 - - [19/Mar/2024:09:44:15 -0300] "POST /cormun/servlet/solicitudot?gx-no-cache=1710852080035 HTTP/1.1" 200 125
192.168.10.96 - - [19/Mar/2024:09:44:19 -0300] "POST /cormun/servlet/trsolicitudgral?3b329625355872881221d334ad7f9428,,gx-no-cache=1710852072305 HTTP/1.1" 200 6639
192.168.10.96 - - [19/Mar/2024:09:44:29 -0300] "POST /cormun/servlet/trsolicitudgral?3b329625355872881221d334ad7f9428,,gx-no-cache=1710852082343 HTTP/1.1" 200 6641
190.95.15.15 - - [19/Mar/2024:09:44:30 -0300] "POST /cormun/servlet/solicitudot?gx-no-cache=1710852095465 HTTP/1.1" 200 97
190.95.15.15 - - [19/Mar/2024:09:44:41 -0300] "GET /cormun/servlet/solicitudot?89b828b881c98d0ab399fd1e47d1df32a6918b6e77b385cc37b14a519bc531007f1a4b961f346617302d4f19e3c7de07c52489211f9691d2598b8d58bbcb23e469082b545d132f858a5d5efc639c96e020abd79c6b251fd696814960b5995be5dae7a942d062704b1f64675f8996f754,gx-no-cache=1710852106685 HTTP/1.1" 200 29
190.95.15.15 - - [19/Mar/2024:09:44:41 -0300] "GET /cormun/static/menuarrow.gif HTTP/1.1" 404 1015
192.168.10.96 - - [19/Mar/2024:09:44:43 -0300] "POST /cormun/servlet/trsolicitudgral?3b329625355872881221d334ad7f9428,,gx-no-cache=1710852096622 HTTP/1.1" 200 7055
192.168.10.96 - - [19/Mar/2024:09:44:45 -0300] "POST /cormun/servlet/trsolicitudgral?3b329625355872881221d334ad7f9428,,gx-no-cache=1710852097813 HTTP/1.1" 200 7055
192.168.10.96 - - [19/Mar/2024:09:44:45 -0300] "POST /cormun/servlet/trsolicitudgral?3b329625355872881221d334ad7f9428,,gx-no-cache=1710852097995 HTTP/1.1" 200 7056
192.168.10.96 - - [19/Mar/2024:09:44:45 -0300] "POST /cormun/servlet/trsolicitudgral?3b329625355872881221d334ad7f9428,,gx-no-cache=1710852098163 HTTP/1.1" 200 7055
190.95.15.15 - - [19/Mar/2024:09:44:45 -0300] "GET /cormun/servlet/solicitudot?89b828b881c98d0ab399fd1e47d1df324c56764fffffa87b2bd0d57defc0ed590007cc206fbea8143fc074c42d20a830,gx-no-cache=1710852110928 HTTP/1.1" 200 30
181.212.40.185 - - [19/Mar/2024:09:44:45 -0300] "GET /cormun/servlet/trautorizarsolicitud? HTTP/1.1" 200 7334
181.212.40.185 - - [19/Mar/2024:09:44:48 -0300] "GET /cormun/servlet/trautorizarsolicitud? HTTP/1.1" 200 7334
181.212.40.185 - - [19/Mar/2024:09:44:53 -0300] "GET /cormun/servlet/trlicencias? HTTP/1.1" 200 13510
190.95.15.15 - - [19/Mar/2024:09:44:54 -0300] "POST /cormun/servlet/solicitudot?gx-no-cache=1710852119982 HTTP/1.1" 200 30
190.171.149.82 - - [19/Mar/2024:09:45:05 -0300] "GET /cormun/servlet/trfichaempleado? HTTP/1.1" 200 8710
190.95.15.15 - - [19/Mar/2024:09:45:25 -0300] "POST /cormun/servlet/solicitudot?6fa84bd2e72cc168f383ff2f9027b4a1,INS,0,0,false,,gx-no-cache=1710852149960 HTTP/1.1" 200 93
190.95.15.15 - - [19/Mar/2024:09:45:25 -0300] "GET /cormun/servlet/hpexe_return? HTTP/1.1" 200 1013
190.95.15.15 - - [19/Mar/2024:09:45:25 -0300] "GET /cormun/servlet/trsolicitudot HTTP/1.1" 200 8624
190.95.15.15 - - [19/Mar/2024:09:45:37 -0300] "POST /cormun/servlet/trsolicitudot?6fa84bd2e72cc168f383ff2f9027b4a1,gx-no-cache=1710852162706 HTTP/1.1" 200 111
191.126.161.135 - - [19/Mar/2024:09:45:37 -0300] "GET /cormun/servlet/solicitudotadjuntos?8c6293d3e62a6fa84efcd6d47ac51c1eed04ed0ffad6548022689c182fef8234,gx-no-cache=1710852161995 HTTP/1.1" 200 30
190.95.15.15 - - [19/Mar/2024:09:45:37 -0300] "GET /cormun/servlet/solicitudot?UPD,2024,20967,false, HTTP/1.1" 200 16609
191.126.161.135 - - [19/Mar/2024:09:45:37 -0300] "GET /cormun/servlet/solicitudotadjuntos?8c6293d3e62a6fa84efcd6d47ac51c1eed04ed0ffad6548022689c182fef8234,gx-no-cache=1710852162193 HTTP/1.1" 200 30
191.126.161.135 - - [19/Mar/2024:09:45:38 -0300] "POST /cormun/servlet/solicitudotadjuntos?73620ce7059342d1f959a5e1cd864378,INS,2024,20911,,1, HTTP/1.1" 200 116
191.126.161.135 - - [19/Mar/2024:09:45:38 -0300] "GET /cormun/servlet/hpexe_return? HTTP/1.1" 200 1018
191.126.161.135 - - [19/Mar/2024:09:45:38 -0300] "GET /cormun/servlet/trsolicitudadjuntos?2024,20911, HTTP/1.1" 200 9405
190.95.15.15 - - [19/Mar/2024:09:45:38 -0300] "POST /cormun/servlet/solicitudot?gx-no-cache=1710852163672 HTTP/1.1" 200 4100
190.95.15.15 - - [19/Mar/2024:09:45:38 -0300] "POST /cormun/servlet/solicitudot?6fa84bd2e72cc168f383ff2f9027b4a1,UPD,2024,20967,false,,gx-no-cache=1710852163989 HTTP/1.1" 200 12796
190.95.15.15 - - [19/Mar/2024:09:45:38 -0300] "GET /cormun/servlet/solicitudot?89b828b881c98d0ab399fd1e47d1df32ef8664f88151e41ea4c00d313c154d6e2415f4be8a789317ae95d60c4969ee4b,gx-no-cache=1710852164162 HTTP/1.1" 200 30
190.95.15.15 - - [19/Mar/2024:09:45:39 -0300] "GET /cormun/servlet/solicitudot?89b828b881c98d0ab399fd1e47d1df32ce7c0afab9d72a4422a65eadc801262ea58cbc09d7c65ff3303fdb552fa76b852620d36c766aff8da24dc616c447822f,gx-no-cache=1710852164268 HTTP/1.1" 200 30
190.95.15.15 - - [19/Mar/2024:09:45:39 -0300] "GET /cormun/servlet/solicitudot?89b828b881c98d0ab399fd1e47d1df32cefd120bcc38c6b291377991aa9f0fac3b17645d5ba81d1f9c86626fded7cd2bc178b6dd62ad59702dd5a74edcf83157,gx-no-cache=1710852164358 HTTP/1.1" 200 51
190.95.15.15 - - [19/Mar/2024:09:45:39 -0300] "POST /cormun/servlet/solicitudot?gx-no-cache=1710852164451 HTTP/1.1" 200 254
190.95.15.15 - - [19/Mar/2024:09:45:39 -0300] "GET /cormun/servlet/solicitudot?89b828b881c98d0ab399fd1e47d1df328c1e7e969aa6bdb051f33c62801f5bc3e193dc4d55325e48e0b3c0864b1b1e3827a077b3029fce792bb368d633fa203bf5b8c412939631223caad1fa7bf27ce5c13a01586d01eec9632a5978ae58207d1d1ddb498104e23f78356524af323619edec08883558390eab56069935fe53f8bc3b6e0b8214e9d44c4b5f9b247ebfa3f4986a4cf55bd8a3a02ac3e83be2ba0e4d0569bdf56604de154ccf9be2a37dbef27ffc64a6f2d0a9e93070910ac0ee658120d9c121146ec3f68aa0428dfba2e079e0321c13638d9ca282e46bef7ec610deb64382e8fa9cf648ce737a788dfa78f65e22155442d32f6b556c9e0c0f238861cea5af2e54c8b9a13ea204ec73ddcfc882a4df4ec10bf74a17a9c5e2399eb746f2862d1ff5bd14331d67aec4f5a77a34654c0597e94c2632432d9f0dce0cae44d32519b4c383f3b4d942783dabb88b5861af83712980236d2e76b3a56a7ea628bbf6797f3240f8640ddbe3ee4f3c168e28d32db5d6274e10ab8e40be161da6,gx-no-cache=1710852164546 HTTP/1.1" 200 30
190.95.15.15 - - [19/Mar/2024:09:45:39 -0300] "POST /cormun/servlet/solicitudot?gx-no-cache=1710852164644 HTTP/1.1" 200 30
190.95.15.15 - - [19/Mar/2024:09:45:39 -0300] "POST /cormun/servlet/solicitudot?gx-no-cache=1710852164735 HTTP/1.1" 200 1476
190.95.15.15 - - [19/Mar/2024:09:45:39 -0300] "POST /cormun/servlet/solicitudot?gx-no-cache=1710852164853 HTTP/1.1" 200 41
191.126.161.135 - - [19/Mar/2024:09:45:41 -0300] "GET /cormun/servlet/solicitudotadjuntos?INS,2024,20911,,1, HTTP/1.1" 200 5955
190.95.15.15 - - [19/Mar/2024:09:45:41 -0300] "GET /cormun/servlet/solicitudot?89b828b881c98d0ab399fd1e47d1df3241aa9a8b72f7840a3f005fa66ca22b7d8060709aa74223fb3a15524e67a7da85736636b56138e5d5a9e5c3884ea6dc27ed49187c94a9287ea4ba313d3b0cce8ff934be407f7bd1df35d062ee55e51590268f5316e2afbb8d3714474567bed02f,gx-no-cache=1710852166500 HTTP/1.1" 200 110
191.126.161.135 - - [19/Mar/2024:09:45:41 -0300] "GET /cormun/static/about:blank HTTP/1.1" 404 1011
190.95.15.15 - - [19/Mar/2024:09:45:41 -0300] "POST /cormun/servlet/solicitudot?gx-no-cache=1710852166607 HTTP/1.1" 200 97
191.126.161.135 - - [19/Mar/2024:09:45:41 -0300] "GET /cormun/servlet/solicitudotadjuntos?8c6293d3e62a6fa84efcd6d47ac51c1e6aaa3daf7d6276fa42cb8abf9b4768297d6c13d4d79c92249a3f892338c87557,gx-no-cache=1710852166245 HTTP/1.1" 200 30
191.126.161.135 - - [19/Mar/2024:09:45:42 -0300] "POST /cormun/servlet/solicitudotadjuntos?73620ce7059342d1f959a5e1cd864378,INS,2024,20911,,1,,gx-no-cache=1710852166366 HTTP/1.1" 200 3865
190.95.15.15 - - [19/Mar/2024:09:45:42 -0300] "GET /cormun/servlet/solicitudot?89b828b881c98d0ab399fd1e47d1df32757a2b7a9a1920d9244ca30edb191a6d7c027ad3b21509e33df6a0f9cca8a9fbf6da98d6b20c260c6706429e32f3c01bab55b67ef323dc3cd3a7a6cdbeed4c054e51040be3e022cbc603d432d2073edc45720e8ea2e2d72dcaf992ecc5dc0dbd2f4a89fbec339bba836624fa381180ec6ce7bba08ecaaa2bef044e81dcff815e85d95964380cf37db999a4c456d0f4719b972c747aa77eed69a73065c5bfcc3778b2d154f5e573bb828616aec5a8a83b01043e58dea35545f1942a7244d95955,gx-no-cache=1710852167971 HTTP/1.1" 200 30
191.126.161.135 - - [19/Mar/2024:09:45:45 -0300] "POST /cormun/servlet/solicitudotadjuntos?gx-no-cache=1710852169948 HTTP/1.1" 200 26
191.126.161.135 - - [19/Mar/2024:09:45:50 -0300] "GET /cormun/servlet/solicitudotadjuntos?8c6293d3e62a6fa84efcd6d47ac51c1eed04ed0ffad6548022689c182fef8234,gx-no-cache=1710852175323 HTTP/1.1" 200 30
191.126.161.135 - - [19/Mar/2024:09:45:51 -0300] "GET /cormun/servlet/solicitudotadjuntos?8c6293d3e62a6fa84efcd6d47ac51c1eed04ed0ffad6548022689c182fef8234,gx-no-cache=1710852175442 HTTP/1.1" 200 30
191.126.161.135 - - [19/Mar/2024:09:45:51 -0300] "POST /cormun/servlet/solicitudotadjuntos?73620ce7059342d1f959a5e1cd864378,INS,2024,20911,,1, HTTP/1.1" 200 116
191.126.161.135 - - [19/Mar/2024:09:45:51 -0300] "GET /cormun/servlet/hpexe_return? HTTP/1.1" 200 1018
191.126.161.135 - - [19/Mar/2024:09:45:51 -0300] "GET /cormun/servlet/trsolicitudadjuntos?2024,20911, HTTP/1.1" 200 9677
190.95.15.15 - - [19/Mar/2024:09:45:53 -0300] "GET /cormun/servlet/solicitudot?89b828b881c98d0ab399fd1e47d1df324c56764fffffa87b2bd0d57defc0ed590007cc206fbea8143fc074c42d20a830,gx-no-cache=1710852178864 HTTP/1.1" 200 30
190.95.15.15 - - [19/Mar/2024:09:45:53 -0300] "POST /cormun/servlet/solicitudot?gx-no-cache=1710852178928 HTTP/1.1" 200 30
190.95.15.15 - - [19/Mar/2024:09:45:53 -0300] "POST /cormun/servlet/solicitudot?6fa84bd2e72cc168f383ff2f9027b4a1,UPD,2024,20967,false,,gx-no-cache=1710852178997 HTTP/1.1" 200 93
190.95.15.15 - - [19/Mar/2024:09:45:54 -0300] "GET /cormun/servlet/hpexe_return? HTTP/1.1" 200 1018
190.95.15.15 - - [19/Mar/2024:09:45:54 -0300] "GET /cormun/servlet/trsolicitudot HTTP/1.1" 200 8624
191.126.161.135 - - [19/Mar/2024:09:45:54 -0300] "GET /cormun/servlet/solicitudotadjuntos?INS,2024,20911,,1, HTTP/1.1" 200 5955
191.126.161.135 - - [19/Mar/2024:09:45:54 -0300] "GET /cormun/static/about:blank HTTP/1.1" 404 1011
191.126.161.135 - - [19/Mar/2024:09:45:55 -0300] "GET /cormun/servlet/solicitudotadjuntos?8c6293d3e62a6fa84efcd6d47ac51c1e6aaa3daf7d6276fa42cb8abf9b4768297d6c13d4d79c92249a3f892338c87557,gx-no-cache=1710852179435 HTTP/1.1" 200 30
191.126.161.135 - - [19/Mar/2024:09:45:55 -0300] "POST /cormun/servlet/solicitudotadjuntos?73620ce7059342d1f959a5e1cd864378,INS,2024,20911,,1,,gx-no-cache=1710852179585 HTTP/1.1" 200 3865
191.126.161.135 - - [19/Mar/2024:09:45:57 -0300] "POST /cormun/servlet/solicitudotadjuntos?gx-no-cache=1710852182171 HTTP/1.1" 200 26
191.126.161.135 - - [19/Mar/2024:09:46:04 -0300] "GET /cormun/servlet/solicitudotadjuntos?8c6293d3e62a6fa84efcd6d47ac51c1eed04ed0ffad6548022689c182fef8234,gx-no-cache=1710852188883 HTTP/1.1" 200 30
191.126.161.135 - - [19/Mar/2024:09:46:04 -0300] "GET /cormun/servlet/solicitudotadjuntos?8c6293d3e62a6fa84efcd6d47ac51c1eed04ed0ffad6548022689c182fef8234,gx-no-cache=1710852188989 HTTP/1.1" 200 30
191.126.161.135 - - [19/Mar/2024:09:46:04 -0300] "POST /cormun/servlet/solicitudotadjuntos?73620ce7059342d1f959a5e1cd864378,INS,2024,20911,,1, HTTP/1.1" 200 116
191.126.161.135 - - [19/Mar/2024:09:46:04 -0300] "GET /cormun/servlet/hpexe_return? HTTP/1.1" 200 1018
191.126.161.135 - - [19/Mar/2024:09:46:05 -0300] "GET /cormun/servlet/trsolicitudadjuntos?2024,20911, HTTP/1.1" 200 9978
191.126.161.135 - - [19/Mar/2024:09:46:07 -0300] "GET /cormun/servlet/solicitudotadjuntos?INS,2024,20911,,1, HTTP/1.1" 200 5955
191.126.161.135 - - [19/Mar/2024:09:46:07 -0300] "GET /cormun/static/about:blank HTTP/1.1" 404 1011
190.95.15.15 - - [19/Mar/2024:09:46:08 -0300] "GET /cormun/servlet/solicitudot?INS,0,0,false, HTTP/1.1" 200 15962
191.126.161.135 - - [19/Mar/2024:09:46:08 -0300] "GET /cormun/servlet/solicitudotadjuntos?8c6293d3e62a6fa84efcd6d47ac51c1e6aaa3daf7d6276fa42cb8abf9b4768297d6c13d4d79c92249a3f892338c87557,gx-no-cache=1710852192917 HTTP/1.1" 200 30
191.126.161.135 - - [19/Mar/2024:09:46:08 -0300] "POST /cormun/servlet/solicitudotadjuntos?73620ce7059342d1f959a5e1cd864378,INS,2024,20911,,1,,gx-no-cache=1710852193036 HTTP/1.1" 200 3865
181.212.43.89 - - [19/Mar/2024:09:46:09 -0300] "POST /cormun/servlet/hlogin?de8d20abf0bdeaf22ea7c728d5d533e0,gx-no-cache=1710852193835 HTTP/1.1" 200 90
181.212.43.89 - - [19/Mar/2024:09:46:09 -0300] "GET /cormun/servlet/hpexe_link HTTP/1.1" 200 959
181.212.43.89 - - [19/Mar/2024:09:46:09 -0300] "GET /cormun/servlet/trsolicitudot HTTP/1.1" 200 8530
191.126.161.135 - - [19/Mar/2024:09:46:11 -0300] "POST /cormun/servlet/solicitudotadjuntos?gx-no-cache=1710852195723 HTTP/1.1" 200 26
191.126.161.135 - - [19/Mar/2024:09:46:18 -0300] "GET /cormun/servlet/solicitudotadjuntos?8c6293d3e62a6fa84efcd6d47ac51c1eed04ed0ffad6548022689c182fef8234,gx-no-cache=1710852203219 HTTP/1.1" 200 30
191.126.161.135 - - [19/Mar/2024:09:46:19 -0300] "GET /cormun/servlet/solicitudotadjuntos?8c6293d3e62a6fa84efcd6d47ac51c1eed04ed0ffad6548022689c182fef8234,gx-no-cache=1710852203420 HTTP/1.1" 200 30
191.126.161.135 - - [19/Mar/2024:09:46:19 -0300] "POST /cormun/servlet/solicitudotadjuntos?73620ce7059342d1f959a5e1cd864378,INS,2024,20911,,1, HTTP/1.1" 200 116
191.126.161.135 - - [19/Mar/2024:09:46:19 -0300] "GET /cormun/servlet/hpexe_return? HTTP/1.1" 200 1018
191.126.161.135 - - [19/Mar/2024:09:46:20 -0300] "GET /cormun/servlet/trsolicitudadjuntos?2024,20911, HTTP/1.1" 200 10192
190.95.15.15 - - [19/Mar/2024:09:46:20 -0300] "POST /cormun/servlet/solicitudot?gx-no-cache=1710852205161 HTTP/1.1" 200 4022
190.95.15.15 - - [19/Mar/2024:09:46:20 -0300] "POST /cormun/servlet/solicitudot?6fa84bd2e72cc168f383ff2f9027b4a1,INS,0,0,false,,gx-no-cache=1710852205397 HTTP/1.1" 200 12595
190.95.15.15 - - [19/Mar/2024:09:46:27 -0300] "POST /cormun/servlet/solicitudot?6fa84bd2e72cc168f383ff2f9027b4a1,INS,0,0,false,,gx-no-cache=1710852212205 HTTP/1.1" 200 93
190.95.15.15 - - [19/Mar/2024:09:46:27 -0300] "GET /cormun/servlet/hpexe_return? HTTP/1.1" 200 1013
181.212.43.89 - - [19/Mar/2024:09:46:27 -0300] "POST /cormun/servlet/trsolicitudot?de8d20abf0bdeaf22ea7c728d5d533e0,gx-no-cache=1710852211656 HTTP/1.1" 200 4103
190.95.15.15 - - [19/Mar/2024:09:46:27 -0300] "GET /cormun/servlet/trsolicitudot HTTP/1.1" 200 8624
181.212.43.89 - - [19/Mar/2024:09:46:31 -0300] "POST /cormun/servlet/trsolicitudot?de8d20abf0bdeaf22ea7c728d5d533e0,gx-no-cache=1710852216278 HTTP/1.1" 200 4104
181.212.43.89 - - [19/Mar/2024:09:46:38 -0300] "POST /cormun/servlet/trsolicitudot?de8d20abf0bdeaf22ea7c728d5d533e0,gx-no-cache=1710852222528 HTTP/1.1" 200 4105
181.212.43.89 - - [19/Mar/2024:09:46:47 -0300] "POST /cormun/servlet/trsolicitudot?de8d20abf0bdeaf22ea7c728d5d533e0,gx-no-cache=1710852232295 HTTP/1.1" 200 5591
190.171.143.82 - - [19/Mar/2024:09:47:30 -0300] "GET /cormun/servlet/hhome HTTP/1.1" 200 3318
190.171.143.82 - - [19/Mar/2024:09:47:33 -0300] "GET /cormun/servlet/hlogin HTTP/1.1" 200 1729
181.212.43.89 - - [19/Mar/2024:09:47:34 -0300] "POST /cormun/servlet/trsolicitudot?de8d20abf0bdeaf22ea7c728d5d533e0,gx-no-cache=1710852278292 HTTP/1.1" 200 107
181.212.43.89 - - [19/Mar/2024:09:47:34 -0300] "GET /cormun/servlet/trsolicitudadjuntos?2024,20963, HTTP/1.1" 200 6129
181.212.43.89 - - [19/Mar/2024:09:47:37 -0300] "GET /cormun/servlet/solicitudotadjuntos?INS,2024,20963,,1, HTTP/1.1" 200 6073
181.212.43.89 - - [19/Mar/2024:09:47:37 -0300] "GET /cormun/static/about:blank HTTP/1.1" 404 1011
181.212.43.89 - - [19/Mar/2024:09:47:38 -0300] "GET /cormun/servlet/solicitudotadjuntos?781ad073894506cb197468eb446342c414834837174578e17381499d6d7970581ef0fb6ac351b8c5babda1d676a4feef,gx-no-cache=1710852282850 HTTP/1.1" 200 30
181.212.43.89 - - [19/Mar/2024:09:47:38 -0300] "POST /cormun/servlet/solicitudotadjuntos?de8d20abf0bdeaf22ea7c728d5d533e0,INS,2024,20963,,1,,gx-no-cache=1710852282901 HTTP/1.1" 200 3920
181.212.43.89 - - [19/Mar/2024:09:47:42 -0300] "POST /cormun/servlet/solicitudotadjuntos?gx-no-cache=1710852286838 HTTP/1.1" 200 26
181.212.43.89 - - [19/Mar/2024:09:47:57 -0300] "GET /cormun/servlet/solicitudotadjuntos?781ad073894506cb197468eb446342c4c8b13c986e0b281c83fb66e95cf95a7d,gx-no-cache=1710852301948 HTTP/1.1" 200 30
181.212.43.89 - - [19/Mar/2024:09:47:57 -0300] "GET /cormun/servlet/solicitudotadjuntos?781ad073894506cb197468eb446342c4c8b13c986e0b281c83fb66e95cf95a7d,gx-no-cache=1710852302025 HTTP/1.1" 200 30
190.171.143.82 - - [19/Mar/2024:09:47:57 -0300] "POST /cormun/servlet/hlogin?43e7c225c059f3fe5a1c226295455ad4,gx-no-cache=1710852302252 HTTP/1.1" 200 90
190.171.143.82 - - [19/Mar/2024:09:47:57 -0300] "GET /cormun/servlet/hpexe_link HTTP/1.1" 200 949
190.171.143.82 - - [19/Mar/2024:09:47:58 -0300] "GET /cormun/servlet/hhome HTTP/1.1" 200 4096
181.212.43.89 - - [19/Mar/2024:09:47:58 -0300] "POST /cormun/servlet/solicitudotadjuntos?de8d20abf0bdeaf22ea7c728d5d533e0,INS,2024,20963,,1, HTTP/1.1" 200 116
181.212.43.89 - - [19/Mar/2024:09:47:58 -0300] "GET /cormun/servlet/hpexe_return? HTTP/1.1" 200 1028
181.212.43.89 - - [19/Mar/2024:09:47:58 -0300] "GET /cormun/servlet/trsolicitudadjuntos?2024,20963, HTTP/1.1" 200 9098
181.212.43.89 - - [19/Mar/2024:09:48:01 -0300] "GET /cormun/servlet/solicitudotadjuntos?INS,2024,20963,,1, HTTP/1.1" 200 6073
181.212.43.89 - - [19/Mar/2024:09:48:01 -0300] "GET /cormun/static/about:blank HTTP/1.1" 404 1011
181.212.43.89 - - [19/Mar/2024:09:48:01 -0300] "GET /cormun/servlet/solicitudotadjuntos?781ad073894506cb197468eb446342c414834837174578e17381499d6d7970581ef0fb6ac351b8c5babda1d676a4feef,gx-no-cache=1710852306498 HTTP/1.1" 200 30
181.212.43.89 - - [19/Mar/2024:09:48:02 -0300] "POST /cormun/servlet/solicitudotadjuntos?de8d20abf0bdeaf22ea7c728d5d533e0,INS,2024,20963,,1,,gx-no-cache=1710852306583 HTTP/1.1" 200 3920
190.171.143.82 - - [19/Mar/2024:09:48:03 -0300] "GET /cormun/servlet/trsolicitudot? HTTP/1.1" 200 7312
181.212.43.89 - - [19/Mar/2024:09:48:03 -0300] "POST /cormun/servlet/solicitudotadjuntos?gx-no-cache=1710852308179 HTTP/1.1" 200 26
190.171.143.82 - - [19/Mar/2024:09:48:05 -0300] "POST /cormun/servlet/acontrolpreferencessavestate?None,MREYES,true HTTP/1.1" 200 35
181.212.43.89 - - [19/Mar/2024:09:48:08 -0300] "GET /cormun/servlet/solicitudotadjuntos?781ad073894506cb197468eb446342c4c8b13c986e0b281c83fb66e95cf95a7d,gx-no-cache=1710852312645 HTTP/1.1" 200 30
181.212.43.89 - - [19/Mar/2024:09:48:08 -0300] "GET /cormun/servlet/solicitudotadjuntos?781ad073894506cb197468eb446342c4c8b13c986e0b281c83fb66e95cf95a7d,gx-no-cache=1710852312703 HTTP/1.1" 200 30
181.212.43.89 - - [19/Mar/2024:09:48:08 -0300] "POST /cormun/servlet/solicitudotadjuntos?de8d20abf0bdeaf22ea7c728d5d533e0,INS,2024,20963,,1, HTTP/1.1" 200 116
181.212.43.89 - - [19/Mar/2024:09:48:08 -0300] "GET /cormun/servlet/hpexe_return? HTTP/1.1" 200 1028
181.212.43.89 - - [19/Mar/2024:09:48:09 -0300] "GET /cormun/servlet/trsolicitudadjuntos?2024,20963, HTTP/1.1" 200 9348
181.212.43.89 - - [19/Mar/2024:09:48:11 -0300] "GET /cormun/servlet/solicitudotadjuntos?INS,2024,20963,,1, HTTP/1.1" 200 6073
181.212.43.89 - - [19/Mar/2024:09:48:12 -0300] "GET /cormun/static/about:blank HTTP/1.1" 404 1011
181.212.43.89 - - [19/Mar/2024:09:48:12 -0300] "GET /cormun/servlet/solicitudotadjuntos?781ad073894506cb197468eb446342c414834837174578e17381499d6d7970581ef0fb6ac351b8c5babda1d676a4feef,gx-no-cache=1710852317114 HTTP/1.1" 200 30
181.212.43.89 - - [19/Mar/2024:09:48:12 -0300] "POST /cormun/servlet/solicitudotadjuntos?de8d20abf0bdeaf22ea7c728d5d533e0,INS,2024,20963,,1,,gx-no-cache=1710852317146 HTTP/1.1" 200 3921
190.171.143.82 - - [19/Mar/2024:09:48:13 -0300] "POST /cormun/servlet/trsolicitudot?43e7c225c059f3fe5a1c226295455ad4,,gx-no-cache=1710852317731 HTTP/1.1" 200 7606
181.212.43.89 - - [19/Mar/2024:09:48:14 -0300] "POST /cormun/servlet/solicitudotadjuntos?gx-no-cache=1710852319372 HTTP/1.1" 200 26
181.212.43.89 - - [19/Mar/2024:09:48:22 -0300] "GET /cormun/servlet/solicitudotadjuntos?781ad073894506cb197468eb446342c4c8b13c986e0b281c83fb66e95cf95a7d,gx-no-cache=1710852326757 HTTP/1.1" 200 30
181.212.43.89 - - [19/Mar/2024:09:48:22 -0300] "GET /cormun/servlet/solicitudotadjuntos?781ad073894506cb197468eb446342c4c8b13c986e0b281c83fb66e95cf95a7d,gx-no-cache=1710852326811 HTTP/1.1" 200 30
181.212.43.89 - - [19/Mar/2024:09:48:23 -0300] "POST /cormun/servlet/solicitudotadjuntos?de8d20abf0bdeaf22ea7c728d5d533e0,INS,2024,20963,,1, HTTP/1.1" 200 116
181.212.43.89 - - [19/Mar/2024:09:48:23 -0300] "GET /cormun/servlet/hpexe_return? HTTP/1.1" 200 1028
181.212.43.89 - - [19/Mar/2024:09:48:24 -0300] "GET /cormun/servlet/trsolicitudadjuntos?2024,20963, HTTP/1.1" 200 9583
181.212.43.89 - - [19/Mar/2024:09:48:26 -0300] "GET /cormun/servlet/solicitudotadjuntos?INS,2024,20963,,1, HTTP/1.1" 200 6073
181.212.43.89 - - [19/Mar/2024:09:48:26 -0300] "GET /cormun/static/about:blank HTTP/1.1" 404 1011
181.212.43.89 - - [19/Mar/2024:09:48:27 -0300] "GET /cormun/servlet/solicitudotadjuntos?781ad073894506cb197468eb446342c414834837174578e17381499d6d7970581ef0fb6ac351b8c5babda1d676a4feef,gx-no-cache=1710852331644 HTTP/1.1" 200 30
181.212.43.89 - - [19/Mar/2024:09:48:27 -0300] "POST /cormun/servlet/solicitudotadjuntos?de8d20abf0bdeaf22ea7c728d5d533e0,INS,2024,20963,,1,,gx-no-cache=1710852331727 HTTP/1.1" 200 3921
181.212.43.89 - - [19/Mar/2024:09:48:29 -0300] "POST /cormun/servlet/solicitudotadjuntos?gx-no-cache=1710852333902 HTTP/1.1" 200 26
181.212.43.89 - - [19/Mar/2024:09:48:34 -0300] "GET /cormun/servlet/solicitudotadjuntos?781ad073894506cb197468eb446342c4c8b13c986e0b281c83fb66e95cf95a7d,gx-no-cache=1710852339222 HTTP/1.1" 200 30
181.212.43.89 - - [19/Mar/2024:09:48:34 -0300] "GET /cormun/servlet/solicitudotadjuntos?781ad073894506cb197468eb446342c4c8b13c986e0b281c83fb66e95cf95a7d,gx-no-cache=1710852339278 HTTP/1.1" 200 30
181.212.43.89 - - [19/Mar/2024:09:48:34 -0300] "POST /cormun/servlet/solicitudotadjuntos?de8d20abf0bdeaf22ea7c728d5d533e0,INS,2024,20963,,1, HTTP/1.1" 200 116
181.212.43.89 - - [19/Mar/2024:09:48:34 -0300] "GET /cormun/servlet/hpexe_return? HTTP/1.1" 200 1028
181.212.43.89 - - [19/Mar/2024:09:48:35 -0300] "GET /cormun/servlet/trsolicitudadjuntos?2024,20963, HTTP/1.1" 200 9841
181.212.43.89 - - [19/Mar/2024:09:48:37 -0300] "GET /cormun/servlet/solicitudotadjuntos?INS,2024,20963,,1, HTTP/1.1" 200 6073
181.212.43.89 - - [19/Mar/2024:09:48:37 -0300] "GET /cormun/static/about:blank HTTP/1.1" 404 1011
181.212.43.89 - - [19/Mar/2024:09:48:38 -0300] "GET /cormun/servlet/solicitudotadjuntos?781ad073894506cb197468eb446342c414834837174578e17381499d6d7970581ef0fb6ac351b8c5babda1d676a4feef,gx-no-cache=1710852342603 HTTP/1.1" 200 30
181.212.43.89 - - [19/Mar/2024:09:48:38 -0300] "POST /cormun/servlet/solicitudotadjuntos?de8d20abf0bdeaf22ea7c728d5d533e0,INS,2024,20963,,1,,gx-no-cache=1710852342674 HTTP/1.1" 200 3921
181.212.43.89 - - [19/Mar/2024:09:48:40 -0300] "POST /cormun/servlet/solicitudotadjuntos?gx-no-cache=1710852344734 HTTP/1.1" 200 26
181.212.43.89 - - [19/Mar/2024:09:48:45 -0300] "GET /cormun/servlet/solicitudotadjuntos?781ad073894506cb197468eb446342c4c8b13c986e0b281c83fb66e95cf95a7d,gx-no-cache=1710852350347 HTTP/1.1" 200 30
181.212.43.89 - - [19/Mar/2024:09:48:45 -0300] "GET /cormun/servlet/solicitudotadjuntos?781ad073894506cb197468eb446342c4c8b13c986e0b281c83fb66e95cf95a7d,gx-no-cache=1710852350444 HTTP/1.1" 200 30
181.212.43.89 - - [19/Mar/2024:09:48:46 -0300] "POST /cormun/servlet/solicitudotadjuntos?de8d20abf0bdeaf22ea7c728d5d533e0,INS,2024,20963,,1, HTTP/1.1" 200 116
181.212.43.89 - - [19/Mar/2024:09:48:46 -0300] "GET /cormun/servlet/hpexe_return? HTTP/1.1" 200 1028
181.212.43.89 - - [19/Mar/2024:09:48:46 -0300] "GET /cormun/servlet/trsolicitudadjuntos?2024,20963, HTTP/1.1" 200 10107
181.212.43.89 - - [19/Mar/2024:09:48:48 -0300] "GET /cormun/servlet/solicitudotadjuntos?INS,2024,20963,,1, HTTP/1.1" 200 6073
181.212.43.89 - - [19/Mar/2024:09:48:48 -0300] "GET /cormun/static/about:blank HTTP/1.1" 404 1011
181.212.43.89 - - [19/Mar/2024:09:48:49 -0300] "GET /cormun/servlet/solicitudotadjuntos?781ad073894506cb197468eb446342c414834837174578e17381499d6d7970581ef0fb6ac351b8c5babda1d676a4feef,gx-no-cache=1710852353942 HTTP/1.1" 200 30
181.212.43.89 - - [19/Mar/2024:09:48:49 -0300] "POST /cormun/servlet/solicitudotadjuntos?de8d20abf0bdeaf22ea7c728d5d533e0,INS,2024,20963,,1,,gx-no-cache=1710852353993 HTTP/1.1" 200 3921
181.212.43.89 - - [19/Mar/2024:09:48:51 -0300] "POST /cormun/servlet/solicitudotadjuntos?gx-no-cache=1710852356200 HTTP/1.1" 200 26
181.212.43.89 - - [19/Mar/2024:09:48:56 -0300] "GET /cormun/servlet/solicitudotadjuntos?781ad073894506cb197468eb446342c4c8b13c986e0b281c83fb66e95cf95a7d,gx-no-cache=1710852361432 HTTP/1.1" 200 30
181.212.43.89 - - [19/Mar/2024:09:48:56 -0300] "GET /cormun/servlet/solicitudotadjuntos?781ad073894506cb197468eb446342c4c8b13c986e0b281c83fb66e95cf95a7d,gx-no-cache=1710852361493 HTTP/1.1" 200 30
181.212.43.89 - - [19/Mar/2024:09:48:58 -0300] "POST /cormun/servlet/solicitudotadjuntos?de8d20abf0bdeaf22ea7c728d5d533e0,INS,2024,20963,,1, HTTP/1.1" 200 116
181.212.43.89 - - [19/Mar/2024:09:48:58 -0300] "GET /cormun/servlet/hpexe_return? HTTP/1.1" 200 1028
181.212.43.89 - - [19/Mar/2024:09:48:58 -0300] "GET /cormun/servlet/trsolicitudadjuntos?2024,20963, HTTP/1.1" 200 10263
181.212.43.89 - - [19/Mar/2024:09:49:03 -0300] "POST /cormun/servlet/trsolicitudadjuntos?de8d20abf0bdeaf22ea7c728d5d533e0,2024,20963,,gx-no-cache=1710852367706 HTTP/1.1" 200 90
181.212.43.89 - - [19/Mar/2024:09:49:03 -0300] "GET /cormun/servlet/hpexe_link HTTP/1.1" 200 991
181.212.43.89 - - [19/Mar/2024:09:49:03 -0300] "GET /cormun/servlet/trsolicitudot?gx-no-cache=1710852232295 HTTP/1.1" 200 8530
181.212.47.137 - - [19/Mar/2024:09:49:09 -0300] "GET /cormun/servlet/vesolicitudgral?2024,20836,, HTTP/1.1" 200 8442
181.212.47.137 - - [19/Mar/2024:09:49:09 -0300] "GET /cormun/pexe_scrolldiv.js HTTP/1.1" 404 1009
66.94.118.241 - - [19/Mar/2024:09:49:29 -0300] "CONNECT 49.13.151.148:445 HTTP/1.1" 400 -
181.212.43.89 - - [19/Mar/2024:09:49:56 -0300] "POST /cormun/servlet/trsolicitudot?de8d20abf0bdeaf22ea7c728d5d533e0,gx-no-cache=1710852232295,gx-no-cache=1710852420944 HTTP/1.1" 200 4323
181.212.43.89 - - [19/Mar/2024:09:49:56 -0300] "GET /cormun/static/Shared/jqueryui/images/ui-bg_highlight-soft_100_c6c2c8_1x100.png HTTP/1.1" 404 1117
181.212.43.89 - - [19/Mar/2024:09:49:56 -0300] "GET /cormun/static/Shared/jqueryui/images/ui-icons_82798d_256x240.png HTTP/1.1" 404 1089
181.212.43.89 - - [19/Mar/2024:09:49:56 -0300] "GET /cormun/static/Shared/jqueryui/images/ui-icons_8d78a5_256x240.png HTTP/1.1" 404 1089
181.212.43.89 - - [19/Mar/2024:09:49:56 -0300] "GET /cormun/static/Shared/jqueryui/images/ui-bg_flat_55_fafafa_40x100.png HTTP/1.1" 404 1097
181.212.43.89 - - [19/Mar/2024:09:49:56 -0300] "POST /cormun/servlet/trsolicitudot?de8d20abf0bdeaf22ea7c728d5d533e0,gx-no-cache=1710852232295,gx-no-cache=1710852421103 HTTP/1.1" 200 4083
190.171.149.82 - - [19/Mar/2024:09:51:14 -0300] "POST /cormun/servlet/solicitudot?gx-no-cache=1710852499527 HTTP/1.1" 200 30
190.171.149.82 - - [19/Mar/2024:09:51:22 -0300] "POST /cormun/servlet/solicitudot?gx-no-cache=1710852507398 HTTP/1.1" 200 30
190.171.149.82 - - [19/Mar/2024:09:51:26 -0300] "POST /cormun/servlet/solicitudot?gx-no-cache=1710852510754 HTTP/1.1" 200 1474
190.171.149.82 - - [19/Mar/2024:09:51:26 -0300] "POST /cormun/servlet/solicitudot?gx-no-cache=1710852510858 HTTP/1.1" 200 41
190.171.149.82 - - [19/Mar/2024:09:51:26 -0300] "GET /cormun/servlet/solicitudot?80196ca995250053dd06fb24004edbbf08ce27281cad83570ecdb9b7c51b504a07c7751901e9612c35d930d91f8e7c9f5e1171be3ffed6bebcdf316a3eb74e3749125493f8c2cae2aab5bf44f61edf99da90dec06918af01a4262061a9875be9bf35af297f3251a41d5015de581491df,gx-no-cache=1710852510956 HTTP/1.1" 200 110
190.171.149.82 - - [19/Mar/2024:09:51:26 -0300] "POST /cormun/servlet/solicitudot?gx-no-cache=1710852511051 HTTP/1.1" 200 91
191.126.161.135 - - [19/Mar/2024:09:51:30 -0300] "GET /cormun/servlet/trsolicitudot? HTTP/1.1" 200 12954
181.212.47.137 - - [19/Mar/2024:09:51:47 -0300] "GET /cormun/servlet/vesolicitudgral?2024,20836,,SolicitudOTAdjuntos HTTP/1.1" 200 11182
181.212.47.137 - - [19/Mar/2024:09:51:47 -0300] "GET /cormun/pexe_scrolldiv.js HTTP/1.1" 404 1009
181.212.47.137 - - [19/Mar/2024:09:51:48 -0300] "POST /cormun/servlet/acontrolpreferencessavestate?None,RRHH+DANIELA,true HTTP/1.1" 200 35
190.171.149.82 - - [19/Mar/2024:09:51:55 -0300] "POST /cormun/servlet/solicitudot?gx-no-cache=1710852540058 HTTP/1.1" 200 125
190.171.149.82 - - [19/Mar/2024:09:52:00 -0300] "POST /cormun/servlet/solicitudot?gx-no-cache=1710852545586 HTTP/1.1" 200 33
190.171.149.82 - - [19/Mar/2024:09:52:17 -0300] "POST /cormun/servlet/solicitudot?gx-no-cache=1710852561984 HTTP/1.1" 200 72
190.171.149.82 - - [19/Mar/2024:09:52:21 -0300] "POST /cormun/servlet/solicitudot?gx-no-cache=1710852566113 HTTP/1.1" 200 110
190.171.149.82 - - [19/Mar/2024:09:52:24 -0300] "GET /cormun/servlet/solicitudot?80196ca995250053dd06fb24004edbbf88869c08038d8650e4facbe35a250913953e95c4678e320aec6f04bb4d933f25,gx-no-cache=1710852569099 HTTP/1.1" 200 30
190.171.149.82 - - [19/Mar/2024:09:52:24 -0300] "POST /cormun/servlet/solicitudot?gx-no-cache=1710852569202 HTTP/1.1" 200 33
181.212.47.137 - - [19/Mar/2024:09:52:25 -0300] "GET /cormun/PublicTempStorage/fotocopia_carnet_%281%296380213.pdf HTTP/1.1" 200 248250
190.171.149.82 - - [19/Mar/2024:09:52:27 -0300] "POST /cormun/servlet/solicitudot?31b1c55f43510944a76ed0fed8c0abca,INS,0,0,false,,gx-no-cache=1710852571809 HTTP/1.1" 200 93
190.171.149.82 - - [19/Mar/2024:09:52:27 -0300] "GET /cormun/servlet/hpexe_return? HTTP/1.1" 200 1005
190.171.149.82 - - [19/Mar/2024:09:52:27 -0300] "GET /cormun/servlet/trsolicitudot HTTP/1.1" 200 8572
190.171.149.82 - - [19/Mar/2024:09:52:33 -0300] "POST /cormun/servlet/trsolicitudot?31b1c55f43510944a76ed0fed8c0abca,gx-no-cache=1710852577632 HTTP/1.1" 200 4580
190.171.149.82 - - [19/Mar/2024:09:52:33 -0300] "GET /cormun/static/Shared/jqueryui/images/ui-bg_highlight-soft_100_c6c2c8_1x100.png HTTP/1.1" 404 1117
190.171.149.82 - - [19/Mar/2024:09:52:33 -0300] "GET /cormun/static/Shared/jqueryui/images/ui-icons_82798d_256x240.png HTTP/1.1" 404 1089
190.171.149.82 - - [19/Mar/2024:09:52:33 -0300] "GET /cormun/static/Shared/jqueryui/images/ui-bg_flat_55_fafafa_40x100.png HTTP/1.1" 404 1097
190.171.149.82 - - [19/Mar/2024:09:52:33 -0300] "GET /cormun/static/Shared/jqueryui/images/ui-icons_8d78a5_256x240.png HTTP/1.1" 404 1089
190.171.149.82 - - [19/Mar/2024:09:52:33 -0300] "POST /cormun/servlet/trsolicitudot?31b1c55f43510944a76ed0fed8c0abca,gx-no-cache=1710852577836 HTTP/1.1" 200 4320
181.212.47.137 - - [19/Mar/2024:09:52:39 -0300] "GET /cormun/servlet/vesolicitudgral?2024,20836,,SolicitudOTAdjuntos HTTP/1.1" 200 11188
181.212.47.137 - - [19/Mar/2024:09:52:40 -0300] "POST /cormun/servlet/acontrolpreferencessavestate?None,RRHH+DANIELA,true HTTP/1.1" 200 35
190.171.149.82 - - [19/Mar/2024:09:52:41 -0300] "GET /cormun/static/Shared/jqueryui/images/ui-bg_highlight-soft_100_eae6ea_1x100.png HTTP/1.1" 404 1117
181.212.47.137 - - [19/Mar/2024:09:52:42 -0300] "GET /cormun/PublicTempStorage/afp2572986.pdf HTTP/1.1" 200 25643
190.171.149.82 - - [19/Mar/2024:09:52:49 -0300] "GET /cormun/servlet/hlogin HTTP/1.1" 200 1719
191.126.161.135 - - [19/Mar/2024:09:52:49 -0300] "GET /cormun/static/menuarrow.gif HTTP/1.1" 404 1015
190.171.149.82 - - [19/Mar/2024:09:52:51 -0300] "POST /cormun/servlet/hlogin?31b1c55f43510944a76ed0fed8c0abca,gx-no-cache=1710852596557 HTTP/1.1" 200 90
190.171.149.82 - - [19/Mar/2024:09:52:51 -0300] "GET /cormun/servlet/hpexe_link HTTP/1.1" 200 947
190.171.149.82 - - [19/Mar/2024:09:52:52 -0300] "GET /cormun/servlet/hhome HTTP/1.1" 200 4268
190.171.149.82 - - [19/Mar/2024:09:52:58 -0300] "GET /cormun/servlet/trautorizarsolicitud? HTTP/1.1" 200 9202
190.171.149.82 - - [19/Mar/2024:09:53:02 -0300] "POST /cormun/servlet/trautorizarsolicitud?31b1c55f43510944a76ed0fed8c0abca,,gx-no-cache=1710852607239 HTTP/1.1" 200 5995
190.171.149.82 - - [19/Mar/2024:09:53:02 -0300] "GET /cormun/static/Shared/jqueryui/images/ui-bg_highlight-soft_100_c6c2c8_1x100.png HTTP/1.1" 404 1117
190.171.149.82 - - [19/Mar/2024:09:53:02 -0300] "GET /cormun/static/Shared/jqueryui/images/ui-icons_82798d_256x240.png HTTP/1.1" 404 1089
190.171.149.82 - - [19/Mar/2024:09:53:02 -0300] "GET /cormun/static/Shared/jqueryui/images/ui-icons_8d78a5_256x240.png HTTP/1.1" 404 1089
190.171.149.82 - - [19/Mar/2024:09:53:02 -0300] "GET /cormun/static/Shared/jqueryui/images/ui-bg_flat_55_fafafa_40x100.png HTTP/1.1" 404 1097
190.171.149.82 - - [19/Mar/2024:09:53:02 -0300] "POST /cormun/servlet/trautorizarsolicitud?31b1c55f43510944a76ed0fed8c0abca,,gx-no-cache=1710852607440 HTTP/1.1" 200 5940
190.171.149.82 - - [19/Mar/2024:09:53:04 -0300] "POST /cormun/servlet/trautorizarsolicitud?31b1c55f43510944a76ed0fed8c0abca,,gx-no-cache=1710852608663 HTTP/1.1" 200 4787
