181.212.43.89 - - [19/Mar/2024:08:32:56 -0300] "GET /cormun/servlet/solicitudot?168491e7738839b8762e133afde85866d530a8c2eb4c2f2e108f7d7b31ad9753,gx-no-cache=1710847801035 HTTP/1.1" 200 60
190.171.152.234 - - [19/Mar/2024:08:32:58 -0300] "GET /cormun/servlet/solicitudot?a32d6ffb0ce87e452c6506377e782188d4de3ba820780b9552048f867c3fa4d95d57a52303d23e55c3083660f3b0e12f526901db0e108919856e52e256d74665,gx-no-cache=1710848035595 HTTP/1.1" 200 30
190.171.152.234 - - [19/Mar/2024:08:32:59 -0300] "GET /cormun/servlet/solicitudot?a32d6ffb0ce87e452c6506377e782188450d4065d7046f8f20e55089a91bdf56,gx-no-cache=1710848036776 HTTP/1.1" 200 53
181.212.43.89 - - [19/Mar/2024:08:33:06 -0300] "GET /cormun/servlet/solicitudot?168491e7738839b8762e133afde8586617424dc19013b08af4fcb16c4645bbd81403ac1802488d4783ff487313fbee0f3ba3d1a8f97ce3b0328becdceec6876246028b1cc6d123c3129c5bc681ced7462fa330cc865c3200c8867fab003d216080afc82cc0c2120bdb0bf80037c2219edb5c121acf52c4c8182b31c3017c3db42df90583103e32f0997852d8b8130350b99114ac8d4a7c57472664c3ee352aafd99eabcb8204ea9282f8d8e128b2b9831ac65ab3dd21991029728581e66ff894b28f674d98362718738f7c09cadf1a254e46357d2261c094ae2c3dbcafcbcfe75808236caa74d77c6f8b24a1415f0401061f425207e74d94edf8e6268ecb351c503b9e005ad7616e696bb0a6ac2554efea1fc93ea4eaa7ca4ce8e1e37f060c01bd8fb076c4c9c9b891581d24ceadc61218d0fa2d00602a444e4f4f592d25d6a9bca4167320b1fb804cadde015d10942a0c33fd8d3f20fa276999d27e2509407c04356a1ef5d00be16e4ff7144326f7208ba91c68e2d05c29034e9e6fc375971d354a1e7edb262eca695503ad09b282dd1bf11fa3dc70ef4ace82dd777f86a8507ab77dbb899bc1bd8bc1442902065557,gx-no-cache=1710847811078 HTTP/1.1" 200 255
181.212.43.89 - - [19/Mar/2024:08:33:08 -0300] "GET /cormun/servlet/solicitudot?168491e7738839b8762e133afde85866adf5c34f1e024736dd3a026a8e1cccd084f937092163616790594a9277052bf8fa5c557af015d282f1fbf5ea3db652001ac5db7386d6e3eb1972344601fc2df5d9baae94243ceaa0ff461ddbfc5298e5c2e81adf18e23de05dfc1d45ffc650d39502fb8332ba6e4c293a246b49a4b3bb46bce167b64084e9ae0a5746566bc15a94a884315239337457972f2dca337c5074eb963a5c3444270e426072dcba693bf51d9860f20fe215d23f754bffff1023f508add0e6c49274fd35c80323b9a59336a352ca74273a04f1b7b8293eefa0232943aed05a210bc066aeff6db68a893b0fc24a1835e2ade3599bb62e46c7c39ca85cdc9a7331da49f7a11268b2d1aeb9a7998c6b5ab9ab2d6ee339ccb5ffb9b9ae145fb062fa6ef908c6c146a8625fc70fc2c7577fa0938ecbda7f975c4fd36d340c1bcf25b7a39572a118b303e45b243288cfc0265450b273ee1e5d6ff0374b2d5d010d9dd3a2bb09fb69d0c33b9f47d45cef3d6a2e811863bb303ef11f8d65,gx-no-cache=1710847813049 HTTP/1.1" 200 30
190.171.152.234 - - [19/Mar/2024:08:33:10 -0300] "POST /cormun/servlet/solicitudot?9c76014fad7df659cbda7093a77f9498,INS,0,0,false,,gx-no-cache=1710848047449 HTTP/1.1" 200 13159
181.212.43.89 - - [19/Mar/2024:08:33:10 -0300] "POST /cormun/servlet/solicitudot?gx-no-cache=1710847815467 HTTP/1.1" 200 30
190.171.152.234 - - [19/Mar/2024:08:33:10 -0300] "GET /cormun/static/Shared/jqueryui/images/ui-icons_8d78a5_256x240.png HTTP/1.1" 404 1089
190.171.152.234 - - [19/Mar/2024:08:33:10 -0300] "GET /cormun/static/Shared/jqueryui/images/ui-bg_flat_55_fafafa_40x100.png HTTP/1.1" 404 1097
181.212.43.89 - - [19/Mar/2024:08:33:11 -0300] "POST /cormun/servlet/solicitudot?gx-no-cache=1710847816527 HTTP/1.1" 200 1474
181.212.43.89 - - [19/Mar/2024:08:33:11 -0300] "POST /cormun/servlet/solicitudot?gx-no-cache=1710847816616 HTTP/1.1" 200 38
190.171.152.234 - - [19/Mar/2024:08:33:14 -0300] "GET /cormun/servlet/solicitudot?a32d6ffb0ce87e452c6506377e78218849f425dc63a5a21f7c9d20d2f99f8b2182229eadd704f568024a52bd5dd84475b09e065b7d123ce4860af041a3d36760,gx-no-cache=1710848051672 HTTP/1.1" 200 53
190.171.152.234 - - [19/Mar/2024:08:33:21 -0300] "POST /cormun/servlet/solicitudot?gx-no-cache=1710848058417 HTTP/1.1" 200 256
190.171.152.234 - - [19/Mar/2024:08:33:22 -0300] "GET /cormun/servlet/solicitudot?a32d6ffb0ce87e452c6506377e78218876f9f00954578ce6f8b3ceb93133dfe1c04a9af4a501b04b2296beea1bcd49ee8084b5a06667d6c6b064428ff62bc52f7c8998c1b1949beecd85fe9729f77ce5d63001312bf1cdc7a84ddd0584c07dd2d0a45e98d8b431ddf5df1f97404d8741fa2cb32a2400af8081cfe4a2d2afd1173f981b3987535e503d21772f25fc9596f569144e6ee114f4288dcbddf6bfeab9c8431c1ab15e87453b9248fed4049c88d1cdaf6ba11f5478bcebdf629cc6e9d6a695f60d9876fe9091225b633289ddaa018413641ac5cbf347439f068977545c222ea58e962c615c4cc8c515f6dcc31c9f29445e76ee0ecf96b8069fa8e17e1c2097b705bb52a0d2f403c118117794a5fd2983ace2906d317f775215570b3aa4ddb8220742a6407dca89ac0e5db8fd876697e061bd7944b51478b6b5842da5b96ad3893664ae224199a83760ea5bb8e9d900227d0da796989478ff218e31fdba562948787642c0e678c1ad4fac0390997964ce89915e692518bc549317f67985,gx-no-cache=1710848059920 HTTP/1.1" 200 30
190.171.152.234 - - [19/Mar/2024:08:33:25 -0300] "POST /cormun/servlet/solicitudot?gx-no-cache=1710848062176 HTTP/1.1" 200 30
190.171.152.234 - - [19/Mar/2024:08:33:26 -0300] "POST /cormun/servlet/solicitudot?gx-no-cache=1710848063386 HTTP/1.1" 200 1472
190.171.152.234 - - [19/Mar/2024:08:33:26 -0300] "POST /cormun/servlet/solicitudot?gx-no-cache=1710848063433 HTTP/1.1" 200 38
181.212.43.89 - - [19/Mar/2024:08:33:28 -0300] "GET /cormun/servlet/solicitudot?168491e7738839b8762e133afde858667f5ecf3bd83232bbd75e0e35e0f78c90f730f1618cf4332e1f83a4524c497d09995efe9d3247f08fcdac08b242f3f85b1bc31072483fe5b0a6be3fe917e3393e0196f280d011723e3fd8dec213fe9bf5f4ebdaeb5e5e589bac485d48af3280b2,gx-no-cache=1710847833119 HTTP/1.1" 200 110
181.212.43.89 - - [19/Mar/2024:08:33:36 -0300] "POST /cormun/servlet/solicitudot?gx-no-cache=1710847841403 HTTP/1.1" 200 72
181.212.43.89 - - [19/Mar/2024:08:33:40 -0300] "GET /cormun/servlet/solicitudot?168491e7738839b8762e133afde858663b353704bc7ddfa96fa97157e30bc37a061f425207e74d94edf8e6268ecb351c91ed7b5479ced45286bc25652e5e70c3ccdcf4a9f1c87b33675a728a8c57fdec,gx-no-cache=1710847845440 HTTP/1.1" 200 29
181.212.43.89 - - [19/Mar/2024:08:33:44 -0300] "GET /cormun/servlet/solicitudot?168491e7738839b8762e133afde85866810e4259101413ea9d8a37bcd6064aacdfb70e4bbd90bb02345bd41a40a37df7,gx-no-cache=1710847848643 HTTP/1.1" 200 30
181.212.43.89 - - [19/Mar/2024:08:33:48 -0300] "POST /cormun/servlet/solicitudot?gx-no-cache=1710847853203 HTTP/1.1" 200 30
190.171.152.234 - - [19/Mar/2024:08:33:49 -0300] "GET /cormun/servlet/solicitudot?a32d6ffb0ce87e452c6506377e7821887e15267c3daf006dcaa875728747237929689a63ca2e3e4bf40c31d376a68a37efa69a654f888297d36a4055c8c3a4e1654f6958ecf6d654ef131a49c7fc3eadba900eb66a262c16fcf4348c4a07d1c86387679d81c6baeed1ec47a62e4553e4,gx-no-cache=1710848086312 HTTP/1.1" 200 110
181.212.43.89 - - [19/Mar/2024:08:33:50 -0300] "POST /cormun/servlet/solicitudot?67ffbce4f6c97bfd2f71b66492a1cfd9,INS,0,0,false,,gx-no-cache=1710847855408 HTTP/1.1" 200 93
181.212.43.89 - - [19/Mar/2024:08:33:50 -0300] "GET /cormun/servlet/hpexe_return? HTTP/1.1" 200 1008
181.212.43.89 - - [19/Mar/2024:08:33:51 -0300] "GET /cormun/servlet/trsolicitudot? HTTP/1.1" 200 7238
190.171.152.234 - - [19/Mar/2024:08:33:52 -0300] "POST /cormun/servlet/solicitudot?gx-no-cache=1710848089666 HTTP/1.1" 200 83
181.212.43.89 - - [19/Mar/2024:08:33:57 -0300] "GET /cormun/servlet/trsolicitudot? HTTP/1.1" 200 7235
190.171.152.234 - - [19/Mar/2024:08:33:59 -0300] "GET /cormun/servlet/solicitudot?a32d6ffb0ce87e452c6506377e7821883393ae4edd2404824745aeca93840b72ceda9a2c0a31dcc89f539b7fa7d199050916e13f1d5d4e4646b343c3fc7f46282c63f92851915fed65038da3f04aae160fa733a8f2249861e874c6751499d0624d159d6458280cd5a3a60900ad0c9714,gx-no-cache=1710848096831 HTTP/1.1" 200 29
190.171.152.234 - - [19/Mar/2024:08:34:00 -0300] "GET /cormun/static/menuarrow.gif HTTP/1.1" 404 1015
181.212.43.89 - - [19/Mar/2024:08:34:03 -0300] "GET /cormun/servlet/solicitudot?INS,0,0,false, HTTP/1.1" 200 16002
190.171.152.234 - - [19/Mar/2024:08:34:03 -0300] "GET /cormun/servlet/solicitudot?a32d6ffb0ce87e452c6506377e782188d8850d4f40c49451de016f52bf5da05ad35afb46591be7e758ba97b9f0349022,gx-no-cache=1710848100462 HTTP/1.1" 200 30
181.212.43.89 - - [19/Mar/2024:08:34:15 -0300] "POST /cormun/servlet/solicitudot?67ffbce4f6c97bfd2f71b66492a1cfd9,INS,0,0,false,,gx-no-cache=1710847880011 HTTP/1.1" 200 90
181.212.43.89 - - [19/Mar/2024:08:34:15 -0300] "GET /cormun/servlet/hpexe_link HTTP/1.1" 200 962
190.171.152.234 - - [19/Mar/2024:08:34:15 -0300] "POST /cormun/servlet/solicitudot?gx-no-cache=1710848112495 HTTP/1.1" 200 30
181.212.43.89 - - [19/Mar/2024:08:34:15 -0300] "GET /cormun/servlet/trsolicitudot HTTP/1.1" 200 7236
190.171.152.234 - - [19/Mar/2024:08:34:16 -0300] "POST /cormun/servlet/solicitudot?9c76014fad7df659cbda7093a77f9498,INS,0,0,false,,gx-no-cache=1710848112907 HTTP/1.1" 200 93
190.171.152.234 - - [19/Mar/2024:08:34:16 -0300] "GET /cormun/servlet/hpexe_return? HTTP/1.1" 200 1009
190.171.152.234 - - [19/Mar/2024:08:34:16 -0300] "GET /cormun/servlet/trsolicitudot HTTP/1.1" 200 9380
181.212.43.89 - - [19/Mar/2024:08:34:26 -0300] "POST /cormun/servlet/trsolicitudot?67ffbce4f6c97bfd2f71b66492a1cfd9,gx-no-cache=1710847891483 HTTP/1.1" 200 5802
181.212.47.137 - - [19/Mar/2024:08:34:30 -0300] "GET /cormun/servlet/vesolicitudgral?2024,20722,,SolicitudOTAdjuntos HTTP/1.1" 200 7084
181.212.47.137 - - [19/Mar/2024:08:34:31 -0300] "GET /cormun/pexe_scrolldiv.js HTTP/1.1" 404 1009
181.212.47.137 - - [19/Mar/2024:08:34:32 -0300] "POST /cormun/servlet/acontrolpreferencessavestate?None,RRHH+DANIELA,true HTTP/1.1" 200 35
181.212.47.137 - - [19/Mar/2024:08:34:32 -0300] "GET /cormun/servlet/vesolicitudgral?2024,20722,,General HTTP/1.1" 200 8394
181.212.47.137 - - [19/Mar/2024:08:34:32 -0300] "GET /cormun/pexe_scrolldiv.js HTTP/1.1" 404 1009
181.212.47.137 - - [19/Mar/2024:08:39:51 -0300] "GET /cormun/servlet/trsolicitudgral? HTTP/1.1" 200 27568
181.212.47.137 - - [19/Mar/2024:08:40:54 -0300] "GET /cormun/servlet/vesolicitudgral?2024,20740,, HTTP/1.1" 200 8424
181.212.47.137 - - [19/Mar/2024:08:40:55 -0300] "GET /cormun/pexe_scrolldiv.js HTTP/1.1" 404 1009
181.212.47.137 - - [19/Mar/2024:08:42:05 -0300] "GET /cormun/servlet/vesolicitudgral?2024,20740,,SolicitudOTAdjuntos HTTP/1.1" 200 11082
181.212.47.137 - - [19/Mar/2024:08:42:06 -0300] "GET /cormun/pexe_scrolldiv.js HTTP/1.1" 404 1009
181.212.47.137 - - [19/Mar/2024:08:42:07 -0300] "POST /cormun/servlet/acontrolpreferencessavestate?None,RRHH+DANIELA,true HTTP/1.1" 200 35
181.212.47.137 - - [19/Mar/2024:08:42:08 -0300] "GET /cormun/PublicTempStorage/carnet_karen1_%281%295677367.pdf HTTP/1.1" 200 254521
181.212.47.137 - - [19/Mar/2024:08:42:50 -0300] "GET /cormun/servlet/vesolicitudgral?2024,20740,,SolicitudOTAdjuntos HTTP/1.1" 200 11081
181.212.47.137 - - [19/Mar/2024:08:42:51 -0300] "POST /cormun/servlet/acontrolpreferencessavestate?None,RRHH+DANIELA,true HTTP/1.1" 200 35
181.212.47.137 - - [19/Mar/2024:08:43:05 -0300] "GET /cormun/PublicTempStorage/titulo_karen_estrada_12243201.pdf HTTP/1.1" 200 824179
181.212.47.137 - - [19/Mar/2024:08:43:09 -0300] "GET /cormun/servlet/vesolicitudgral?2024,20740,,SolicitudOTAdjuntos HTTP/1.1" 200 11081
181.212.47.137 - - [19/Mar/2024:08:43:10 -0300] "POST /cormun/servlet/acontrolpreferencessavestate?None,RRHH+DANIELA,true HTTP/1.1" 200 35
181.212.47.137 - - [19/Mar/2024:08:43:18 -0300] "GET /cormun/servlet/vesolicitudgral?2024,20740,,General HTTP/1.1" 200 8427
181.212.47.137 - - [19/Mar/2024:08:43:18 -0300] "GET /cormun/pexe_scrolldiv.js HTTP/1.1" 404 1009
181.212.47.137 - - [19/Mar/2024:08:43:20 -0300] "GET /cormun/servlet/vesolicitudgral?2024,20740,,SolicitudOTAdjuntos HTTP/1.1" 200 11085
181.212.47.137 - - [19/Mar/2024:08:43:20 -0300] "GET /cormun/pexe_scrolldiv.js HTTP/1.1" 404 1009
181.212.47.137 - - [19/Mar/2024:08:43:21 -0300] "POST /cormun/servlet/acontrolpreferencessavestate?None,RRHH+DANIELA,true HTTP/1.1" 200 35
181.212.47.137 - - [19/Mar/2024:08:43:23 -0300] "GET /cormun/PublicTempStorage/certificado_afiliacion_afp_karen_estrada3723862.pdf HTTP/1.1" 200 390175
181.212.47.137 - - [19/Mar/2024:08:43:39 -0300] "GET /cormun/servlet/vesolicitudgral?2024,20740,,SolicitudOTAdjuntos HTTP/1.1" 200 11087
181.212.47.137 - - [19/Mar/2024:08:43:40 -0300] "POST /cormun/servlet/acontrolpreferencessavestate?None,RRHH+DANIELA,true HTTP/1.1" 200 35
181.212.47.137 - - [19/Mar/2024:08:43:42 -0300] "GET /cormun/PublicTempStorage/certificado_afiliacion_isapre_karen_estrada6361548.pdf HTTP/1.1" 200 253335
181.212.47.137 - - [19/Mar/2024:08:45:03 -0300] "GET /cormun/servlet/vesolicitudgral?2024,20740,,SolicitudOTAdjuntos HTTP/1.1" 200 11082
181.212.47.137 - - [19/Mar/2024:08:45:04 -0300] "POST /cormun/servlet/acontrolpreferencessavestate?None,RRHH+DANIELA,true HTTP/1.1" 200 35
181.212.47.137 - - [19/Mar/2024:08:45:05 -0300] "GET /cormun/servlet/vesolicitudgral?2024,20740,,General HTTP/1.1" 200 8427
181.212.47.137 - - [19/Mar/2024:08:45:05 -0300] "GET /cormun/pexe_scrolldiv.js HTTP/1.1" 404 1009
66.94.118.241 - - [19/Mar/2024:08:45:51 -0300] "CONNECT 49.13.151.148:445 HTTP/1.1" 400 -
191.126.188.0 - - [19/Mar/2024:08:47:34 -0300] "GET /cormun/servlet/hlogin HTTP/1.1" 200 1714
191.126.188.0 - - [19/Mar/2024:08:47:40 -0300] "POST /cormun/servlet/hlogin?73620ce7059342d1f959a5e1cd864378,gx-no-cache=1710848684481 HTTP/1.1" 200 90
191.126.188.0 - - [19/Mar/2024:08:47:40 -0300] "GET /cormun/servlet/hpexe_link HTTP/1.1" 200 950
191.126.188.0 - - [19/Mar/2024:08:47:40 -0300] "GET /cormun/servlet/trsolicitudot HTTP/1.1" 200 12949
181.212.47.137 - - [19/Mar/2024:08:48:17 -0300] "GET /cormun/servlet/trsolicitudgral? HTTP/1.1" 200 27554
200.54.107.2 - - [19/Mar/2024:08:48:45 -0300] "GET /cormun/servlet/solicitudotadjuntos?INS,2024,20908,,1, HTTP/1.1" 200 6406
200.54.107.2 - - [19/Mar/2024:08:48:45 -0300] "GET /cormun/static/about:blank HTTP/1.1" 404 1011
200.54.107.2 - - [19/Mar/2024:08:48:46 -0300] "GET /cormun/servlet/solicitudotadjuntos?c194e6940b754e5ba0f5c2a61f70bda620fa08b1149ce6b3d5565bd87bb01041cbef27c838faef1b6a354c79eaef442f,gx-no-cache=1710848750985 HTTP/1.1" 200 30
200.54.107.2 - - [19/Mar/2024:08:48:46 -0300] "POST /cormun/servlet/solicitudotadjuntos?af045b6fca7cd2450fb12d67429ae5d3,INS,2024,20908,,1,,gx-no-cache=1710848751011 HTTP/1.1" 200 4187
200.54.107.2 - - [19/Mar/2024:08:48:52 -0300] "POST /cormun/servlet/solicitudotadjuntos?gx-no-cache=1710848756902 HTTP/1.1" 200 26
200.54.107.2 - - [19/Mar/2024:08:49:02 -0300] "GET /cormun/servlet/solicitudotadjuntos?c194e6940b754e5ba0f5c2a61f70bda676f6e82f53072b0207cd7074242db950,gx-no-cache=1710848766851 HTTP/1.1" 200 30
200.54.107.2 - - [19/Mar/2024:08:49:02 -0300] "GET /cormun/servlet/solicitudotadjuntos?c194e6940b754e5ba0f5c2a61f70bda676f6e82f53072b0207cd7074242db950,gx-no-cache=1710848766994 HTTP/1.1" 200 30
190.171.141.90 - - [19/Mar/2024:08:49:02 -0300] "POST /cormun/servlet/trsolicitudot?036b00db2a99d3727f438f7e51ea8d46,gx-no-cache=1710848767253 HTTP/1.1" 440 972
200.54.107.2 - - [19/Mar/2024:08:49:02 -0300] "POST /cormun/servlet/solicitudotadjuntos?af045b6fca7cd2450fb12d67429ae5d3,INS,2024,20908,,1, HTTP/1.1" 200 116
200.54.107.2 - - [19/Mar/2024:08:49:02 -0300] "GET /cormun/servlet/hpexe_return? HTTP/1.1" 200 1022
200.54.107.2 - - [19/Mar/2024:08:49:02 -0300] "GET /cormun/servlet/trsolicitudadjuntos?2024,20908, HTTP/1.1" 200 9652
200.54.107.2 - - [19/Mar/2024:08:49:05 -0300] "GET /cormun/servlet/solicitudotadjuntos?INS,2024,20908,,1, HTTP/1.1" 200 6406
200.54.107.2 - - [19/Mar/2024:08:49:06 -0300] "GET /cormun/static/about:blank HTTP/1.1" 404 1011
200.54.107.2 - - [19/Mar/2024:08:49:06 -0300] "GET /cormun/servlet/solicitudotadjuntos?c194e6940b754e5ba0f5c2a61f70bda620fa08b1149ce6b3d5565bd87bb01041cbef27c838faef1b6a354c79eaef442f,gx-no-cache=1710848771271 HTTP/1.1" 200 30
200.54.107.2 - - [19/Mar/2024:08:49:06 -0300] "POST /cormun/servlet/solicitudotadjuntos?af045b6fca7cd2450fb12d67429ae5d3,INS,2024,20908,,1,,gx-no-cache=1710848771371 HTTP/1.1" 200 4187
200.54.107.2 - - [19/Mar/2024:08:49:11 -0300] "POST /cormun/servlet/solicitudotadjuntos?gx-no-cache=1710848776365 HTTP/1.1" 200 26
200.54.107.2 - - [19/Mar/2024:08:49:18 -0300] "GET /cormun/servlet/solicitudotadjuntos?c194e6940b754e5ba0f5c2a61f70bda676f6e82f53072b0207cd7074242db950,gx-no-cache=1710848783316 HTTP/1.1" 200 30
200.54.107.2 - - [19/Mar/2024:08:49:18 -0300] "GET /cormun/servlet/solicitudotadjuntos?c194e6940b754e5ba0f5c2a61f70bda676f6e82f53072b0207cd7074242db950,gx-no-cache=1710848783490 HTTP/1.1" 200 30
200.54.107.2 - - [19/Mar/2024:08:49:20 -0300] "POST /cormun/servlet/solicitudotadjuntos?af045b6fca7cd2450fb12d67429ae5d3,INS,2024,20908,,1, HTTP/1.1" 200 116
200.54.107.2 - - [19/Mar/2024:08:49:20 -0300] "GET /cormun/servlet/hpexe_return? HTTP/1.1" 200 1022
181.212.47.137 - - [19/Mar/2024:08:49:20 -0300] "GET /cormun/servlet/vesolicitudgral?2024,20810,, HTTP/1.1" 200 8433
181.212.47.137 - - [19/Mar/2024:08:49:20 -0300] "GET /cormun/pexe_scrolldiv.js HTTP/1.1" 404 1009
200.54.107.2 - - [19/Mar/2024:08:49:21 -0300] "GET /cormun/servlet/trsolicitudadjuntos?2024,20908, HTTP/1.1" 200 9921
200.54.107.2 - - [19/Mar/2024:08:49:23 -0300] "GET /cormun/servlet/solicitudotadjuntos?INS,2024,20908,,1, HTTP/1.1" 200 6406
200.54.107.2 - - [19/Mar/2024:08:49:24 -0300] "GET /cormun/static/about:blank HTTP/1.1" 404 1011
200.54.107.2 - - [19/Mar/2024:08:49:24 -0300] "GET /cormun/servlet/solicitudotadjuntos?c194e6940b754e5ba0f5c2a61f70bda620fa08b1149ce6b3d5565bd87bb01041cbef27c838faef1b6a354c79eaef442f,gx-no-cache=1710848789207 HTTP/1.1" 200 30
200.54.107.2 - - [19/Mar/2024:08:49:24 -0300] "POST /cormun/servlet/solicitudotadjuntos?af045b6fca7cd2450fb12d67429ae5d3,INS,2024,20908,,1,,gx-no-cache=1710848789287 HTTP/1.1" 200 4187
190.171.141.90 - - [19/Mar/2024:08:49:40 -0300] "GET /cormun/servlet/hlogin HTTP/1.1" 200 1723
190.171.141.90 - - [19/Mar/2024:08:49:46 -0300] "POST /cormun/servlet/hlogin?b92d0c30d7dbfd457f590f98c6b1bf77,gx-no-cache=1710848811186 HTTP/1.1" 200 90
190.171.141.90 - - [19/Mar/2024:08:49:46 -0300] "GET /cormun/servlet/hpexe_link HTTP/1.1" 200 953
190.171.141.90 - - [19/Mar/2024:08:49:46 -0300] "GET /cormun/servlet/hhome HTTP/1.1" 200 3969
181.212.40.185 - - [19/Mar/2024:08:50:22 -0300] "GET /cormun/servlet/trsolicitudot? HTTP/1.1" 200 6328
181.212.40.185 - - [19/Mar/2024:08:50:22 -0300] "GET /cormun/servlet/hlogin HTTP/1.1" 200 1743
207.248.200.94 - - [19/Mar/2024:08:50:25 -0300] "GET /cormun/servlet/hlogin HTTP/1.1" 200 1721
207.248.200.94 - - [19/Mar/2024:08:50:30 -0300] "POST /cormun/servlet/hlogin?c8379e0bfd4a40d5009a60b68a0440b1,gx-no-cache=1710848854549 HTTP/1.1" 200 90
207.248.200.94 - - [19/Mar/2024:08:50:30 -0300] "GET /cormun/servlet/hpexe_link HTTP/1.1" 200 952
207.248.200.94 - - [19/Mar/2024:08:50:30 -0300] "GET /cormun/servlet/hhome HTTP/1.1" 200 3931
207.248.200.94 - - [19/Mar/2024:08:50:34 -0300] "GET /cormun/servlet/trlicencias? HTTP/1.1" 200 8830
181.212.40.185 - - [19/Mar/2024:08:50:35 -0300] "POST /cormun/servlet/hlogin?c7212e0f3949f6ddd06f9d558341ab6f,gx-no-cache=1710848859911 HTTP/1.1" 200 90
181.212.40.185 - - [19/Mar/2024:08:50:35 -0300] "GET /cormun/servlet/hpexe_link HTTP/1.1" 200 959
181.212.40.185 - - [19/Mar/2024:08:50:35 -0300] "GET /cormun/servlet/trsolicitudot HTTP/1.1" 200 10418
207.248.200.94 - - [19/Mar/2024:08:50:42 -0300] "GET /cormun/servlet/hhome HTTP/1.1" 200 3931
181.212.40.185 - - [19/Mar/2024:08:50:45 -0300] "GET /cormun/servlet/solicitudot?INS,0,0,false, HTTP/1.1" 200 16185
181.212.47.137 - - [19/Mar/2024:08:51:09 -0300] "GET /cormun/servlet/vesolicitudgral?2024,20810,,SolicitudOTAdjuntos HTTP/1.1" 200 11130
181.212.47.137 - - [19/Mar/2024:08:51:09 -0300] "GET /cormun/pexe_scrolldiv.js HTTP/1.1" 404 1009
181.212.47.137 - - [19/Mar/2024:08:51:11 -0300] "POST /cormun/servlet/acontrolpreferencessavestate?None,RRHH+DANIELA,true HTTP/1.1" 200 35
181.212.47.137 - - [19/Mar/2024:08:51:14 -0300] "GET /cormun/PublicTempStorage/certificado_afp389005.pdf HTTP/1.1" 200 61496
181.212.47.137 - - [19/Mar/2024:08:51:17 -0300] "GET /cormun/servlet/vesolicitudgral?2024,20810,,SolicitudOTAdjuntos HTTP/1.1" 200 11132
181.212.47.137 - - [19/Mar/2024:08:51:18 -0300] "POST /cormun/servlet/acontrolpreferencessavestate?None,RRHH+DANIELA,true HTTP/1.1" 200 35
181.212.47.137 - - [19/Mar/2024:08:51:19 -0300] "GET /cormun/PublicTempStorage/certificado_de_fonasa__%281%299052763.pdf HTTP/1.1" 200 71820
181.212.47.137 - - [19/Mar/2024:08:51:21 -0300] "GET /cormun/servlet/vesolicitudgral?2024,20810,,SolicitudOTAdjuntos HTTP/1.1" 200 11128
181.212.47.137 - - [19/Mar/2024:08:51:22 -0300] "POST /cormun/servlet/acontrolpreferencessavestate?None,RRHH+DANIELA,true HTTP/1.1" 200 35
181.212.47.137 - - [19/Mar/2024:08:51:23 -0300] "GET /cormun/servlet/vesolicitudgral?2024,20810,,General HTTP/1.1" 200 8434
181.212.47.137 - - [19/Mar/2024:08:51:23 -0300] "GET /cormun/pexe_scrolldiv.js HTTP/1.1" 404 1009
181.212.40.185 - - [19/Mar/2024:08:51:33 -0300] "POST /cormun/servlet/solicitudot?gx-no-cache=1710848918017 HTTP/1.1" 200 4022
181.212.40.185 - - [19/Mar/2024:08:51:33 -0300] "POST /cormun/servlet/solicitudot?c7212e0f3949f6ddd06f9d558341ab6f,INS,0,0,false,,gx-no-cache=1710848918306 HTTP/1.1" 200 12873
181.212.40.185 - - [19/Mar/2024:08:51:35 -0300] "GET /cormun/servlet/solicitudot?dfae048d350cc3930084ca25a96a7cbfa0500a7322c132a90e2086a52e4779d78f434c269cee661bb741caa72f5cfb03,gx-no-cache=1710848920226 HTTP/1.1" 200 30
200.54.107.2 - - [19/Mar/2024:08:52:39 -0300] "POST /cormun/servlet/solicitudotadjuntos?gx-no-cache=1710848984335 HTTP/1.1" 200 26
200.54.107.2 - - [19/Mar/2024:08:52:46 -0300] "GET /cormun/servlet/solicitudotadjuntos?c194e6940b754e5ba0f5c2a61f70bda676f6e82f53072b0207cd7074242db950,gx-no-cache=1710848991500 HTTP/1.1" 200 30
200.54.107.2 - - [19/Mar/2024:08:52:47 -0300] "GET /cormun/servlet/solicitudotadjuntos?c194e6940b754e5ba0f5c2a61f70bda676f6e82f53072b0207cd7074242db950,gx-no-cache=1710848991628 HTTP/1.1" 200 30
200.54.107.2 - - [19/Mar/2024:08:52:47 -0300] "POST /cormun/servlet/solicitudotadjuntos?af045b6fca7cd2450fb12d67429ae5d3,INS,2024,20908,,1, HTTP/1.1" 200 116
200.54.107.2 - - [19/Mar/2024:08:52:47 -0300] "GET /cormun/servlet/hpexe_return? HTTP/1.1" 200 1022
200.54.107.2 - - [19/Mar/2024:08:52:47 -0300] "GET /cormun/servlet/trsolicitudadjuntos?2024,20908, HTTP/1.1" 200 10148
200.54.107.2 - - [19/Mar/2024:08:52:58 -0300] "GET /cormun/servlet/solicitudotadjuntos?INS,2024,20908,,1, HTTP/1.1" 200 6405
200.54.107.2 - - [19/Mar/2024:08:52:58 -0300] "GET /cormun/static/about:blank HTTP/1.1" 404 1011
200.54.107.2 - - [19/Mar/2024:08:52:59 -0300] "GET /cormun/servlet/solicitudotadjuntos?c194e6940b754e5ba0f5c2a61f70bda620fa08b1149ce6b3d5565bd87bb01041cbef27c838faef1b6a354c79eaef442f,gx-no-cache=1710849004053 HTTP/1.1" 200 30
200.54.107.2 - - [19/Mar/2024:08:52:59 -0300] "POST /cormun/servlet/solicitudotadjuntos?af045b6fca7cd2450fb12d67429ae5d3,INS,2024,20908,,1,,gx-no-cache=1710849004159 HTTP/1.1" 200 4186
200.54.107.2 - - [19/Mar/2024:08:53:02 -0300] "POST /cormun/servlet/solicitudotadjuntos?gx-no-cache=1710849007381 HTTP/1.1" 200 26
181.212.40.185 - - [19/Mar/2024:08:53:07 -0300] "GET /cormun/servlet/solicitudot?dfae048d350cc3930084ca25a96a7cbfaedab2afd687c014a3303ef1352cd57e49b173cb36ee0672de6797b4a3bebe760092a7c51c4f79001079605964112ccd,gx-no-cache=1710849012492 HTTP/1.1" 200 30
181.212.40.185 - - [19/Mar/2024:08:53:09 -0300] "GET /cormun/servlet/solicitudot?dfae048d350cc3930084ca25a96a7cbfe20f48e38e17ab58d785076da511617e,gx-no-cache=1710849013961 HTTP/1.1" 200 53
181.212.47.137 - - [19/Mar/2024:08:53:22 -0300] "GET /cormun/servlet/trsolicitudgral? HTTP/1.1" 200 27469
181.212.40.185 - - [19/Mar/2024:08:53:23 -0300] "POST /cormun/servlet/solicitudot?gx-no-cache=1710849028262 HTTP/1.1" 200 240
200.54.107.2 - - [19/Mar/2024:08:53:26 -0300] "GET /cormun/servlet/solicitudotadjuntos?c194e6940b754e5ba0f5c2a61f70bda676f6e82f53072b0207cd7074242db950,gx-no-cache=1710849030604 HTTP/1.1" 200 30
200.54.107.2 - - [19/Mar/2024:08:53:26 -0300] "GET /cormun/servlet/solicitudotadjuntos?c194e6940b754e5ba0f5c2a61f70bda676f6e82f53072b0207cd7074242db950,gx-no-cache=1710849030714 HTTP/1.1" 200 30
200.54.107.2 - - [19/Mar/2024:08:53:26 -0300] "POST /cormun/servlet/solicitudotadjuntos?af045b6fca7cd2450fb12d67429ae5d3,INS,2024,20908,,1, HTTP/1.1" 200 116
200.54.107.2 - - [19/Mar/2024:08:53:26 -0300] "GET /cormun/servlet/hpexe_return? HTTP/1.1" 200 1022
200.54.107.2 - - [19/Mar/2024:08:53:27 -0300] "GET /cormun/servlet/trsolicitudadjuntos?2024,20908, HTTP/1.1" 200 10436
181.212.47.137 - - [19/Mar/2024:08:53:40 -0300] "GET /cormun/servlet/vesolicitudgral?2024,20776,, HTTP/1.1" 200 8412
181.212.47.137 - - [19/Mar/2024:08:53:41 -0300] "GET /cormun/pexe_scrolldiv.js HTTP/1.1" 404 1009
200.54.107.2 - - [19/Mar/2024:08:53:44 -0300] "GET /cormun/servlet/trsolicitudot? HTTP/1.1" 200 8991
181.212.40.185 - - [19/Mar/2024:08:54:23 -0300] "GET /cormun/servlet/solicitudot?dfae048d350cc3930084ca25a96a7cbf076ece3b824611f3ccbc78656789ef3a1b30fc3505a982923d2c68239cad14f2e8d1120ac834406e0e95e877a524b87a150020cf6844596c5b949647c34c036ceb8660f5f7e4a5e7269b63a78d882c4dac38cafd3d0f7c221f6ef3868fd08f5d9f21270200f8bdef184bc5e1c6032e926101435f895d592741c0c1a602789c8d21553ba141f036cb0b9b27ad6de1a35f5480fad6c055613b17293e4d82ba21d95c89bdb9751b35f3fc4c0e4587017a5d7529adc6be6b59fa55ed93c1d3bbd4735c95ef99a0465b4923f51608c131736322681d1bd739a39829fe14db266b78c9852df15a517e9bbe6f6a382f1167f8e0e1f8ab4332e936cbb6be84f922e92e152a2c1c6811b84c9489549c7d3ecdce7e89586d01cc5654e3cfd0e7098825ddfe1e5b218a2b34962bb87387adddccc28e5d789f9525935f8286622c4a2c92ff7048cbd82eb47b4833e9ef8df5c850c79efd1a76fb34e98b29f7f8679847e57235c6ed14915e9c311eebdbc1a7c7e195d5,gx-no-cache=1710849088295 HTTP/1.1" 200 30
181.212.40.185 - - [19/Mar/2024:08:54:26 -0300] "POST /cormun/servlet/solicitudot?gx-no-cache=1710849090766 HTTP/1.1" 200 30
190.171.149.82 - - [19/Mar/2024:08:54:26 -0300] "GET /cormun/servlet/hlogin HTTP/1.1" 200 1718
190.171.149.82 - - [19/Mar/2024:08:54:26 -0300] "GET /cormun/servlet/hlogin HTTP/1.1" 200 1728
190.171.149.82 - - [19/Mar/2024:08:54:29 -0300] "POST /cormun/servlet/hlogin?3309e2299acead4a0ba2616272fa0da4,gx-no-cache=1710849093821 HTTP/1.1" 200 90
190.171.149.82 - - [19/Mar/2024:08:54:29 -0300] "GET /cormun/servlet/hpexe_link HTTP/1.1" 200 948
190.171.149.82 - - [19/Mar/2024:08:54:29 -0300] "GET /cormun/servlet/hhome HTTP/1.1" 200 4269
190.171.149.82 - - [19/Mar/2024:08:54:36 -0300] "GET /cormun/servlet/trautorizarsolicitud? HTTP/1.1" 200 7386
181.212.40.185 - - [19/Mar/2024:08:54:36 -0300] "POST /cormun/servlet/solicitudot?gx-no-cache=1710849101146 HTTP/1.1" 200 1474
181.212.40.185 - - [19/Mar/2024:08:54:38 -0300] "GET /cormun/servlet/prlicenciaspermisos?18042487,L,,MD,,gxPopupLevel%3D0%3B HTTP/1.1" 200 7345
181.212.40.185 - - [19/Mar/2024:08:54:38 -0300] "GET /cormun/static/gxcfg.js?2020121559567 HTTP/1.1" 200 953
181.212.40.185 - - [19/Mar/2024:08:54:38 -0300] "GET /cormun/static/prlicenciaspermisos.js?2020121559821 HTTP/1.1" 200 13379
190.171.149.82 - - [19/Mar/2024:08:54:40 -0300] "GET /cormun/servlet/trsolicitudot? HTTP/1.1" 200 9642
190.171.141.138 - - [19/Mar/2024:08:54:42 -0300] "GET /cormun/servlet/hlogin HTTP/1.1" 200 1714
190.171.141.138 - - [19/Mar/2024:08:54:42 -0300] "GET /cormun/servlet/hlogin HTTP/1.1" 200 1724
190.171.141.138 - - [19/Mar/2024:08:54:44 -0300] "POST /cormun/servlet/hlogin?b9e31e55b3b2486a75c0f62757f5b930,gx-no-cache=1710849109502 HTTP/1.1" 200 90
190.171.141.138 - - [19/Mar/2024:08:54:44 -0300] "GET /cormun/servlet/hpexe_link HTTP/1.1" 200 942
190.171.141.138 - - [19/Mar/2024:08:54:44 -0300] "GET /cormun/servlet/hhome HTTP/1.1" 200 4475
190.171.141.138 - - [19/Mar/2024:08:54:48 -0300] "GET /cormun/servlet/trlicencias? HTTP/1.1" 200 10238
190.171.149.82 - - [19/Mar/2024:08:54:52 -0300] "GET /cormun/servlet/trautorizarsolicitud? HTTP/1.1" 200 7386
190.171.149.82 - - [19/Mar/2024:08:54:55 -0300] "POST /cormun/servlet/trautorizarsolicitud?3309e2299acead4a0ba2616272fa0da4,,gx-no-cache=1710849120241 HTTP/1.1" 200 4546
190.171.149.82 - - [19/Mar/2024:08:54:56 -0300] "POST /cormun/servlet/trautorizarsolicitud?3309e2299acead4a0ba2616272fa0da4,,gx-no-cache=1710849120977 HTTP/1.1" 200 4547
190.171.149.82 - - [19/Mar/2024:08:54:56 -0300] "POST /cormun/servlet/trautorizarsolicitud?3309e2299acead4a0ba2616272fa0da4,,gx-no-cache=1710849121153 HTTP/1.1" 200 4547
190.171.149.82 - - [19/Mar/2024:08:54:56 -0300] "POST /cormun/servlet/trautorizarsolicitud?3309e2299acead4a0ba2616272fa0da4,,gx-no-cache=1710849121312 HTTP/1.1" 200 4547
190.171.149.82 - - [19/Mar/2024:08:54:56 -0300] "POST /cormun/servlet/trautorizarsolicitud?3309e2299acead4a0ba2616272fa0da4,,gx-no-cache=1710849121488 HTTP/1.1" 200 4547
190.171.149.82 - - [19/Mar/2024:08:54:56 -0300] "POST /cormun/servlet/trautorizarsolicitud?3309e2299acead4a0ba2616272fa0da4,,gx-no-cache=1710849121648 HTTP/1.1" 200 4548
190.171.149.82 - - [19/Mar/2024:08:54:57 -0300] "POST /cormun/servlet/trautorizarsolicitud?3309e2299acead4a0ba2616272fa0da4,,gx-no-cache=1710849121808 HTTP/1.1" 200 4547
190.171.149.82 - - [19/Mar/2024:08:54:57 -0300] "POST /cormun/servlet/trautorizarsolicitud?3309e2299acead4a0ba2616272fa0da4,,gx-no-cache=1710849121976 HTTP/1.1" 200 4547
190.171.149.82 - - [19/Mar/2024:08:54:59 -0300] "GET /cormun/servlet/trsolicitudot? HTTP/1.1" 200 9642
181.212.40.185 - - [19/Mar/2024:08:55:00 -0300] "POST /cormun/servlet/solicitudot?gx-no-cache=1710849124629 HTTP/1.1" 200 41
190.171.149.82 - - [19/Mar/2024:08:55:12 -0300] "POST /cormun/servlet/trsolicitudot?3309e2299acead4a0ba2616272fa0da4,,gx-no-cache=1710849136762 HTTP/1.1" 200 6476
190.171.149.82 - - [19/Mar/2024:08:55:12 -0300] "GET /cormun/static/Shared/jqueryui/images/ui-bg_highlight-soft_100_c6c2c8_1x100.png HTTP/1.1" 404 1117
190.171.149.82 - - [19/Mar/2024:08:55:12 -0300] "GET /cormun/static/Shared/jqueryui/images/ui-icons_82798d_256x240.png HTTP/1.1" 404 1089
190.171.149.82 - - [19/Mar/2024:08:55:12 -0300] "GET /cormun/static/Shared/jqueryui/images/ui-bg_flat_55_fafafa_40x100.png HTTP/1.1" 404 1097
190.171.149.82 - - [19/Mar/2024:08:55:12 -0300] "GET /cormun/static/Shared/jqueryui/images/ui-icons_8d78a5_256x240.png HTTP/1.1" 404 1089
190.171.149.82 - - [19/Mar/2024:08:55:12 -0300] "POST /cormun/servlet/trsolicitudot?3309e2299acead4a0ba2616272fa0da4,,gx-no-cache=1710849136998 HTTP/1.1" 200 6418
181.212.40.185 - - [19/Mar/2024:08:55:12 -0300] "GET /cormun/servlet/solicitudot?dfae048d350cc3930084ca25a96a7cbf7c077ba4803b454642ebd9fc011706dd643cac1bfb04229cc183062da2d14a2ab8c24e1bb043ccd8263dcfb60393ecf8c0d60896c4c0cfc1405f40a00d5500baea78180582cdb11bf9c401c330c958a2a1c3eac46e133dd2ff6dd1e334562ba6,gx-no-cache=1710849137602 HTTP/1.1" 200 110
181.212.40.185 - - [19/Mar/2024:08:55:12 -0300] "POST /cormun/servlet/solicitudot?gx-no-cache=1710849137636 HTTP/1.1" 200 97
190.171.149.82 - - [19/Mar/2024:08:55:13 -0300] "POST /cormun/servlet/trsolicitudot?3309e2299acead4a0ba2616272fa0da4,,gx-no-cache=1710849137897 HTTP/1.1" 200 6065
190.171.149.82 - - [19/Mar/2024:08:55:13 -0300] "POST /cormun/servlet/trsolicitudot?3309e2299acead4a0ba2616272fa0da4,,gx-no-cache=1710849138101 HTTP/1.1" 200 6009
190.171.149.82 - - [19/Mar/2024:08:55:14 -0300] "POST /cormun/servlet/trsolicitudot?3309e2299acead4a0ba2616272fa0da4,,gx-no-cache=1710849138985 HTTP/1.1" 200 4842
190.171.149.82 - - [19/Mar/2024:08:55:14 -0300] "POST /cormun/servlet/trsolicitudot?3309e2299acead4a0ba2616272fa0da4,,gx-no-cache=1710849139136 HTTP/1.1" 200 4604
181.212.40.185 - - [19/Mar/2024:08:55:17 -0300] "GET /cormun/servlet/solicitudot?dfae048d350cc3930084ca25a96a7cbf6685eb3488eb51eb0050d68e24f4902243a3bdef6ecce17d864f18b9f92d48bd3cf282f71a21e984240eeeee74a290a1bdb401da8b6b80468309a6dab3fd75bc0f79adcad6b64ab3a2b5d6dbbeeb598fa9796317b669f69776551620b23a2203,gx-no-cache=1710849142362 HTTP/1.1" 200 29
181.212.40.185 - - [19/Mar/2024:08:55:17 -0300] "GET /cormun/servlet/solicitudot?dfae048d350cc3930084ca25a96a7cbf55bc26927baba4f64777ff846724fa86,gx-no-cache=1710849142439 HTTP/1.1" 200 30
181.212.40.185 - - [19/Mar/2024:08:55:17 -0300] "POST /cormun/servlet/solicitudot?gx-no-cache=1710849142507 HTTP/1.1" 200 30
190.171.149.82 - - [19/Mar/2024:08:55:18 -0300] "GET /cormun/servlet/trautorizarsolicitud? HTTP/1.1" 200 9532
181.212.40.185 - - [19/Mar/2024:08:55:19 -0300] "GET /cormun/static/menuarrow.gif HTTP/1.1" 404 1015
190.171.149.82 - - [19/Mar/2024:08:55:24 -0300] "POST /cormun/servlet/trautorizarsolicitud?3309e2299acead4a0ba2616272fa0da4,,gx-no-cache=1710849149138 HTTP/1.1" 200 6389
190.171.149.82 - - [19/Mar/2024:08:55:24 -0300] "POST /cormun/servlet/trautorizarsolicitud?3309e2299acead4a0ba2616272fa0da4,,gx-no-cache=1710849149341 HTTP/1.1" 200 6335
190.171.149.82 - - [19/Mar/2024:08:55:25 -0300] "POST /cormun/servlet/trautorizarsolicitud?3309e2299acead4a0ba2616272fa0da4,,gx-no-cache=1710849150049 HTTP/1.1" 200 5983
190.171.149.82 - - [19/Mar/2024:08:55:25 -0300] "POST /cormun/servlet/trautorizarsolicitud?3309e2299acead4a0ba2616272fa0da4,,gx-no-cache=1710849150230 HTTP/1.1" 200 5928
181.212.40.185 - - [19/Mar/2024:08:55:25 -0300] "GET /cormun/servlet/solicitudot?dfae048d350cc3930084ca25a96a7cbf1f1170528985a782a9f38bd5834e1b5fbb8073d4f51f6abe10b66313b5bd13e8,gx-no-cache=1710849150298 HTTP/1.1" 200 30
181.212.40.185 - - [19/Mar/2024:08:55:25 -0300] "POST /cormun/servlet/solicitudot?gx-no-cache=1710849150407 HTTP/1.1" 200 34
190.171.149.82 - - [19/Mar/2024:08:55:26 -0300] "POST /cormun/servlet/trautorizarsolicitud?3309e2299acead4a0ba2616272fa0da4,,gx-no-cache=1710849150840 HTTP/1.1" 200 4764
190.171.149.82 - - [19/Mar/2024:08:55:26 -0300] "POST /cormun/servlet/trautorizarsolicitud?3309e2299acead4a0ba2616272fa0da4,,gx-no-cache=1710849150986 HTTP/1.1" 200 4529
190.171.149.82 - - [19/Mar/2024:08:55:34 -0300] "GET /cormun/servlet/hlogin HTTP/1.1" 200 1718
190.171.149.82 - - [19/Mar/2024:08:55:36 -0300] "POST /cormun/servlet/hlogin?3309e2299acead4a0ba2616272fa0da4,gx-no-cache=1710849161496 HTTP/1.1" 200 90
190.171.149.82 - - [19/Mar/2024:08:55:36 -0300] "GET /cormun/servlet/hpexe_link HTTP/1.1" 200 948
190.171.149.82 - - [19/Mar/2024:08:55:37 -0300] "GET /cormun/servlet/hhome HTTP/1.1" 200 3927
181.212.40.185 - - [19/Mar/2024:08:55:39 -0300] "POST /cormun/servlet/solicitudot?c7212e0f3949f6ddd06f9d558341ab6f,INS,0,0,false,,gx-no-cache=1710849164217 HTTP/1.1" 200 93
190.171.149.82 - - [19/Mar/2024:08:55:39 -0300] "GET /cormun/servlet/trsolicitudot? HTTP/1.1" 200 7142
181.212.40.185 - - [19/Mar/2024:08:55:40 -0300] "GET /cormun/servlet/hpexe_return? HTTP/1.1" 200 1012
181.212.40.185 - - [19/Mar/2024:08:55:40 -0300] "GET /cormun/servlet/trsolicitudot HTTP/1.1" 200 10895
190.171.152.138 - - [19/Mar/2024:08:55:49 -0300] "GET /cormun/servlet/hlogin HTTP/1.1" 200 1720
190.171.152.138 - - [19/Mar/2024:08:56:04 -0300] "POST /cormun/servlet/hlogin?7ed45edd8887762793993e84f4e7ccbc,gx-no-cache=1710849188812 HTTP/1.1" 200 90
190.171.152.138 - - [19/Mar/2024:08:56:04 -0300] "GET /cormun/servlet/hpexe_link HTTP/1.1" 200 951
190.171.152.138 - - [19/Mar/2024:08:56:04 -0300] "GET /cormun/servlet/hhome HTTP/1.1" 200 3863
181.212.40.185 - - [19/Mar/2024:08:56:05 -0300] "POST /cormun/servlet/trsolicitudot?c7212e0f3949f6ddd06f9d558341ab6f,gx-no-cache=1710849190146 HTTP/1.1" 200 107
181.212.40.185 - - [19/Mar/2024:08:56:05 -0300] "GET /cormun/servlet/trsolicitudadjuntos?2024,20965, HTTP/1.1" 200 6324
190.171.149.82 - - [19/Mar/2024:08:56:06 -0300] "GET /cormun/servlet/trlicencias? HTTP/1.1" 200 8820
181.212.40.185 - - [19/Mar/2024:08:56:07 -0300] "GET /cormun/servlet/solicitudotadjuntos?INS,2024,20965,,1, HTTP/1.1" 200 6268
181.212.40.185 - - [19/Mar/2024:08:56:08 -0300] "GET /cormun/static/about:blank HTTP/1.1" 404 1011
181.212.40.185 - - [19/Mar/2024:08:56:08 -0300] "GET /cormun/servlet/solicitudotadjuntos?dfae048d350cc3930084ca25a96a7cbfa347c87aa3ad72aa25e00933d5f0d399b59a28fe9066c53703d765d73df0e9e3,gx-no-cache=1710849193212 HTTP/1.1" 200 30
181.212.40.185 - - [19/Mar/2024:08:56:08 -0300] "POST /cormun/servlet/solicitudotadjuntos?c7212e0f3949f6ddd06f9d558341ab6f,INS,2024,20965,,1,,gx-no-cache=1710849193265 HTTP/1.1" 200 4195
190.171.152.138 - - [19/Mar/2024:08:56:09 -0300] "GET /cormun/servlet/trlicencias? HTTP/1.1" 200 8544
181.212.40.185 - - [19/Mar/2024:08:56:11 -0300] "POST /cormun/servlet/solicitudotadjuntos?gx-no-cache=1710849196441 HTTP/1.1" 200 26
190.171.152.114 - - [19/Mar/2024:08:56:18 -0300] "GET /cormun/servlet/trsolicitudot? HTTP/1.1" 200 6323
190.171.152.114 - - [19/Mar/2024:08:56:18 -0300] "GET /cormun/servlet/hlogin HTTP/1.1" 200 1738
190.171.152.138 - - [19/Mar/2024:08:56:24 -0300] "GET /cormun/servlet/trpermisosgoce? HTTP/1.1" 200 8589
181.212.40.185 - - [19/Mar/2024:08:56:25 -0300] "GET /cormun/servlet/solicitudotadjuntos?dfae048d350cc3930084ca25a96a7cbfbb0aadbebdef22b0342356197464c11e,gx-no-cache=1710849210590 HTTP/1.1" 200 30
181.212.40.185 - - [19/Mar/2024:08:56:26 -0300] "GET /cormun/servlet/solicitudotadjuntos?dfae048d350cc3930084ca25a96a7cbfbb0aadbebdef22b0342356197464c11e,gx-no-cache=1710849210685 HTTP/1.1" 200 30
181.212.40.185 - - [19/Mar/2024:08:56:26 -0300] "POST /cormun/servlet/solicitudotadjuntos?c7212e0f3949f6ddd06f9d558341ab6f,INS,2024,20965,,1, HTTP/1.1" 200 116
181.212.40.185 - - [19/Mar/2024:08:56:26 -0300] "GET /cormun/servlet/hpexe_return? HTTP/1.1" 200 1029
181.212.40.185 - - [19/Mar/2024:08:56:26 -0300] "GET /cormun/servlet/trsolicitudadjuntos?2024,20965, HTTP/1.1" 200 9281
181.212.40.185 - - [19/Mar/2024:08:56:28 -0300] "GET /cormun/servlet/solicitudotadjuntos?INS,2024,20965,,1, HTTP/1.1" 200 6268
181.212.40.185 - - [19/Mar/2024:08:56:28 -0300] "GET /cormun/static/about:blank HTTP/1.1" 404 1011
181.212.40.185 - - [19/Mar/2024:08:56:29 -0300] "GET /cormun/servlet/solicitudotadjuntos?dfae048d350cc3930084ca25a96a7cbfa347c87aa3ad72aa25e00933d5f0d399b59a28fe9066c53703d765d73df0e9e3,gx-no-cache=1710849213729 HTTP/1.1" 200 30
181.212.40.185 - - [19/Mar/2024:08:56:29 -0300] "POST /cormun/servlet/solicitudotadjuntos?c7212e0f3949f6ddd06f9d558341ab6f,INS,2024,20965,,1,,gx-no-cache=1710849213824 HTTP/1.1" 200 4195
181.212.40.185 - - [19/Mar/2024:08:56:30 -0300] "POST /cormun/servlet/solicitudotadjuntos?gx-no-cache=1710849215630 HTTP/1.1" 200 26
190.171.149.82 - - [19/Mar/2024:08:56:32 -0300] "GET /cormun/servlet/trhorasextras? HTTP/1.1" 200 7314
190.171.149.82 - - [19/Mar/2024:08:56:32 -0300] "GET /cormun/static/gxcfg.js?20201216205573 HTTP/1.1" 200 953
190.171.149.82 - - [19/Mar/2024:08:56:32 -0300] "GET /cormun/static/Resources/PXToolsAddAllStandardAction.png HTTP/1.1" 200 628
190.171.149.82 - - [19/Mar/2024:08:56:32 -0300] "GET /cormun/static/trhorasextras.js?20201216212234 HTTP/1.1" 200 35129
190.171.149.82 - - [19/Mar/2024:08:56:32 -0300] "GET /cormun/static/Resources/PXToolsRemoveAllStandardAction.png HTTP/1.1" 200 495
190.171.149.82 - - [19/Mar/2024:08:56:42 -0300] "POST /cormun/servlet/trhorasextras?3309e2299acead4a0ba2616272fa0da4,,gx-no-cache=1710849227373 HTTP/1.1" 200 4299
190.171.149.82 - - [19/Mar/2024:08:56:42 -0300] "GET /cormun/static/Shared/jqueryui/images/ui-icons_82798d_256x240.png HTTP/1.1" 404 1089
190.171.149.82 - - [19/Mar/2024:08:56:42 -0300] "GET /cormun/static/Shared/jqueryui/images/ui-bg_highlight-soft_100_c6c2c8_1x100.png HTTP/1.1" 404 1117
190.171.149.82 - - [19/Mar/2024:08:56:42 -0300] "GET /cormun/static/Shared/jqueryui/images/ui-bg_flat_55_fafafa_40x100.png HTTP/1.1" 404 1097
190.171.149.82 - - [19/Mar/2024:08:56:42 -0300] "GET /cormun/static/Shared/jqueryui/images/ui-icons_8d78a5_256x240.png HTTP/1.1" 404 1089
190.171.152.114 - - [19/Mar/2024:08:56:43 -0300] "POST /cormun/servlet/hlogin?a0f1e38d3643dbcea12f120a232bc1b8,gx-no-cache=1710849229845 HTTP/1.1" 200 90
190.171.152.114 - - [19/Mar/2024:08:56:43 -0300] "GET /cormun/servlet/hpexe_link HTTP/1.1" 200 956
190.171.152.114 - - [19/Mar/2024:08:56:43 -0300] "GET /cormun/servlet/trsolicitudot HTTP/1.1" 200 7364
190.171.152.114 - - [19/Mar/2024:08:56:47 -0300] "GET /cormun/servlet/trsolicitudot? HTTP/1.1" 200 7362
181.212.40.185 - - [19/Mar/2024:08:56:49 -0300] "GET /cormun/servlet/solicitudotadjuntos?dfae048d350cc3930084ca25a96a7cbfbb0aadbebdef22b0342356197464c11e,gx-no-cache=1710849233766 HTTP/1.1" 200 30
181.212.40.185 - - [19/Mar/2024:08:56:49 -0300] "GET /cormun/servlet/solicitudotadjuntos?dfae048d350cc3930084ca25a96a7cbfbb0aadbebdef22b0342356197464c11e,gx-no-cache=1710849233861 HTTP/1.1" 200 30
181.212.40.185 - - [19/Mar/2024:08:56:49 -0300] "POST /cormun/servlet/solicitudotadjuntos?c7212e0f3949f6ddd06f9d558341ab6f,INS,2024,20965,,1, HTTP/1.1" 200 116
181.212.40.185 - - [19/Mar/2024:08:56:49 -0300] "GET /cormun/servlet/hpexe_return? HTTP/1.1" 200 1029
181.212.40.185 - - [19/Mar/2024:08:56:49 -0300] "GET /cormun/servlet/trsolicitudadjuntos?2024,20965, HTTP/1.1" 200 9522
190.171.152.114 - - [19/Mar/2024:08:56:49 -0300] "GET /cormun/servlet/trautorizarsolicitud? HTTP/1.1" 200 7443
190.171.149.82 - - [19/Mar/2024:08:56:50 -0300] "GET /cormun/servlet/trsolicitudot? HTTP/1.1" 200 7142
181.212.47.137 - - [19/Mar/2024:08:56:50 -0300] "GET /cormun/servlet/vesolicitudgral?2024,20776,,SolicitudOTAdjuntos HTTP/1.1" 200 7083
181.212.47.137 - - [19/Mar/2024:08:56:50 -0300] "GET /cormun/pexe_scrolldiv.js HTTP/1.1" 404 1009
181.212.40.185 - - [19/Mar/2024:08:56:51 -0300] "GET /cormun/servlet/solicitudotadjuntos?INS,2024,20965,,1, HTTP/1.1" 200 6268
181.212.40.185 - - [19/Mar/2024:08:56:51 -0300] "GET /cormun/static/about:blank HTTP/1.1" 404 1011
181.212.47.137 - - [19/Mar/2024:08:56:51 -0300] "POST /cormun/servlet/acontrolpreferencessavestate?None,RRHH+DANIELA,true HTTP/1.1" 200 35
181.212.40.185 - - [19/Mar/2024:08:56:52 -0300] "GET /cormun/servlet/solicitudotadjuntos?dfae048d350cc3930084ca25a96a7cbfa347c87aa3ad72aa25e00933d5f0d399b59a28fe9066c53703d765d73df0e9e3,gx-no-cache=1710849236795 HTTP/1.1" 200 30
181.212.40.185 - - [19/Mar/2024:08:56:52 -0300] "POST /cormun/servlet/solicitudotadjuntos?c7212e0f3949f6ddd06f9d558341ab6f,INS,2024,20965,,1,,gx-no-cache=1710849236867 HTTP/1.1" 200 4195
181.212.47.137 - - [19/Mar/2024:08:56:52 -0300] "GET /cormun/servlet/vesolicitudgral?2024,20776,,General HTTP/1.1" 200 8415
181.212.47.137 - - [19/Mar/2024:08:56:52 -0300] "GET /cormun/pexe_scrolldiv.js HTTP/1.1" 404 1009
181.212.40.185 - - [19/Mar/2024:08:56:53 -0300] "POST /cormun/servlet/solicitudotadjuntos?gx-no-cache=1710849238566 HTTP/1.1" 200 26
190.171.152.138 - - [19/Mar/2024:08:56:59 -0300] "GET /cormun/servlet/hlogin HTTP/1.1" 200 1741
181.212.40.185 - - [19/Mar/2024:08:57:00 -0300] "GET /cormun/servlet/solicitudotadjuntos?dfae048d350cc3930084ca25a96a7cbfbb0aadbebdef22b0342356197464c11e,gx-no-cache=1710849245054 HTTP/1.1" 200 30
181.212.40.185 - - [19/Mar/2024:08:57:00 -0300] "GET /cormun/servlet/solicitudotadjuntos?dfae048d350cc3930084ca25a96a7cbfbb0aadbebdef22b0342356197464c11e,gx-no-cache=1710849245145 HTTP/1.1" 200 30
181.212.40.185 - - [19/Mar/2024:08:57:00 -0300] "POST /cormun/servlet/solicitudotadjuntos?c7212e0f3949f6ddd06f9d558341ab6f,INS,2024,20965,,1, HTTP/1.1" 200 116
181.212.40.185 - - [19/Mar/2024:08:57:00 -0300] "GET /cormun/servlet/hpexe_return? HTTP/1.1" 200 1029
181.212.40.185 - - [19/Mar/2024:08:57:00 -0300] "GET /cormun/servlet/trsolicitudadjuntos?2024,20965, HTTP/1.1" 200 9749
181.212.40.185 - - [19/Mar/2024:08:57:02 -0300] "GET /cormun/servlet/solicitudotadjuntos?INS,2024,20965,,1, HTTP/1.1" 200 6268
181.212.40.185 - - [19/Mar/2024:08:57:02 -0300] "GET /cormun/static/about:blank HTTP/1.1" 404 1011
181.212.40.185 - - [19/Mar/2024:08:57:03 -0300] "GET /cormun/servlet/solicitudotadjuntos?dfae048d350cc3930084ca25a96a7cbfa347c87aa3ad72aa25e00933d5f0d399b59a28fe9066c53703d765d73df0e9e3,gx-no-cache=1710849248112 HTTP/1.1" 200 30
181.212.40.185 - - [19/Mar/2024:08:57:03 -0300] "POST /cormun/servlet/solicitudotadjuntos?c7212e0f3949f6ddd06f9d558341ab6f,INS,2024,20965,,1,,gx-no-cache=1710849248206 HTTP/1.1" 200 4195
181.212.40.185 - - [19/Mar/2024:08:57:05 -0300] "POST /cormun/servlet/solicitudotadjuntos?gx-no-cache=1710849250110 HTTP/1.1" 200 26
181.212.40.185 - - [19/Mar/2024:08:57:10 -0300] "GET /cormun/servlet/solicitudotadjuntos?dfae048d350cc3930084ca25a96a7cbfbb0aadbebdef22b0342356197464c11e,gx-no-cache=1710849255350 HTTP/1.1" 200 30
181.212.40.185 - - [19/Mar/2024:08:57:10 -0300] "GET /cormun/servlet/solicitudotadjuntos?dfae048d350cc3930084ca25a96a7cbfbb0aadbebdef22b0342356197464c11e,gx-no-cache=1710849255427 HTTP/1.1" 200 30
181.212.40.185 - - [19/Mar/2024:08:57:10 -0300] "POST /cormun/servlet/solicitudotadjuntos?c7212e0f3949f6ddd06f9d558341ab6f,INS,2024,20965,,1, HTTP/1.1" 200 116
181.212.40.185 - - [19/Mar/2024:08:57:10 -0300] "GET /cormun/servlet/hpexe_return? HTTP/1.1" 200 1029
181.212.40.185 - - [19/Mar/2024:08:57:11 -0300] "GET /cormun/servlet/trsolicitudadjuntos?2024,20965, HTTP/1.1" 200 10020
181.212.40.185 - - [19/Mar/2024:08:57:14 -0300] "GET /cormun/servlet/solicitudotadjuntos?INS,2024,20965,,1, HTTP/1.1" 200 6267
181.212.40.185 - - [19/Mar/2024:08:57:14 -0300] "GET /cormun/static/about:blank HTTP/1.1" 404 1011
181.212.40.185 - - [19/Mar/2024:08:57:15 -0300] "GET /cormun/servlet/solicitudotadjuntos?dfae048d350cc3930084ca25a96a7cbfa347c87aa3ad72aa25e00933d5f0d399b59a28fe9066c53703d765d73df0e9e3,gx-no-cache=1710849260162 HTTP/1.1" 200 30
181.212.40.185 - - [19/Mar/2024:08:57:15 -0300] "POST /cormun/servlet/solicitudotadjuntos?c7212e0f3949f6ddd06f9d558341ab6f,INS,2024,20965,,1,,gx-no-cache=1710849260267 HTTP/1.1" 200 4193
190.171.149.82 - - [19/Mar/2024:08:57:16 -0300] "GET /cormun/servlet/trvisualizadoreventos? HTTP/1.1" 200 6671
181.212.40.185 - - [19/Mar/2024:08:57:17 -0300] "POST /cormun/servlet/solicitudotadjuntos?gx-no-cache=1710849262382 HTTP/1.1" 200 26
181.212.40.185 - - [19/Mar/2024:08:57:24 -0300] "GET /cormun/servlet/solicitudotadjuntos?dfae048d350cc3930084ca25a96a7cbfbb0aadbebdef22b0342356197464c11e,gx-no-cache=1710849268934 HTTP/1.1" 200 30
181.212.40.185 - - [19/Mar/2024:08:57:24 -0300] "GET /cormun/servlet/solicitudotadjuntos?dfae048d350cc3930084ca25a96a7cbfbb0aadbebdef22b0342356197464c11e,gx-no-cache=1710849269012 HTTP/1.1" 200 30
181.212.40.185 - - [19/Mar/2024:08:57:24 -0300] "POST /cormun/servlet/solicitudotadjuntos?c7212e0f3949f6ddd06f9d558341ab6f,INS,2024,20965,,1, HTTP/1.1" 200 116
181.212.40.185 - - [19/Mar/2024:08:57:24 -0300] "GET /cormun/servlet/hpexe_return? HTTP/1.1" 200 1029
181.212.40.185 - - [19/Mar/2024:08:57:24 -0300] "GET /cormun/servlet/trsolicitudadjuntos?2024,20965, HTTP/1.1" 200 10335
190.171.149.82 - - [19/Mar/2024:08:57:48 -0300] "GET /cormun/servlet/trcontratoobservacion? HTTP/1.1" 200 7428
190.171.141.90 - - [19/Mar/2024:08:57:55 -0300] "GET /cormun/servlet/trsolicitudot? HTTP/1.1" 200 8647
190.171.149.82 - - [19/Mar/2024:08:58:04 -0300] "POST /cormun/servlet/trcontratoobservacion?3309e2299acead4a0ba2616272fa0da4,,gx-no-cache=1710849309195 HTTP/1.1" 200 90
190.171.149.82 - - [19/Mar/2024:08:58:04 -0300] "GET /cormun/servlet/hpexe_link HTTP/1.1" 200 964
190.171.141.90 - - [19/Mar/2024:08:58:09 -0300] "POST /cormun/servlet/trsolicitudot?b92d0c30d7dbfd457f590f98c6b1bf77,,gx-no-cache=1710849304206 HTTP/1.1" 200 107
181.212.40.185 - - [19/Mar/2024:08:58:09 -0300] "GET /cormun/servlet/solicitudotadjuntos?INS,2024,20965,,1, HTTP/1.1" 200 6267
190.171.141.90 - - [19/Mar/2024:08:58:09 -0300] "GET /cormun/servlet/trsolicitudadjuntos?2024,20850, HTTP/1.1" 200 10220
181.212.40.185 - - [19/Mar/2024:08:58:09 -0300] "GET /cormun/static/about:blank HTTP/1.1" 404 1011
181.212.40.185 - - [19/Mar/2024:08:58:10 -0300] "GET /cormun/servlet/solicitudotadjuntos?dfae048d350cc3930084ca25a96a7cbfa347c87aa3ad72aa25e00933d5f0d399b59a28fe9066c53703d765d73df0e9e3,gx-no-cache=1710849314711 HTTP/1.1" 200 30
181.212.40.185 - - [19/Mar/2024:08:58:10 -0300] "POST /cormun/servlet/solicitudotadjuntos?c7212e0f3949f6ddd06f9d558341ab6f,INS,2024,20965,,1,,gx-no-cache=1710849314827 HTTP/1.1" 200 4194
190.171.141.90 - - [19/Mar/2024:08:58:12 -0300] "GET /cormun/servlet/solicitudotadjuntos?INS,2024,20850,,1, HTTP/1.1" 200 6026
190.171.149.82 - - [19/Mar/2024:08:58:12 -0300] "GET /cormun/servlet/trcontratoobservacion? HTTP/1.1" 200 7428
181.212.40.185 - - [19/Mar/2024:08:58:13 -0300] "POST /cormun/servlet/solicitudotadjuntos?gx-no-cache=1710849317823 HTTP/1.1" 200 26
190.171.149.82 - - [19/Mar/2024:08:58:14 -0300] "GET /cormun/servlet/trvisualizadoreventos? HTTP/1.1" 200 6671
190.171.149.82 - - [19/Mar/2024:08:58:17 -0300] "GET /cormun/servlet/trsolicitudot? HTTP/1.1" 200 7142
181.212.40.185 - - [19/Mar/2024:08:58:19 -0300] "GET /cormun/servlet/solicitudotadjuntos?dfae048d350cc3930084ca25a96a7cbfbb0aadbebdef22b0342356197464c11e,gx-no-cache=1710849323814 HTTP/1.1" 200 30
190.171.141.90 - - [19/Mar/2024:08:58:19 -0300] "POST /cormun/servlet/trsolicitudadjuntos?b92d0c30d7dbfd457f590f98c6b1bf77,2024,20850,,gx-no-cache=1710849323147 HTTP/1.1" 200 90
181.212.40.185 - - [19/Mar/2024:08:58:19 -0300] "GET /cormun/servlet/solicitudotadjuntos?dfae048d350cc3930084ca25a96a7cbfbb0aadbebdef22b0342356197464c11e,gx-no-cache=1710849323916 HTTP/1.1" 200 30
190.171.141.90 - - [19/Mar/2024:08:58:19 -0300] "GET /cormun/servlet/hpexe_link HTTP/1.1" 200 971
190.171.141.90 - - [19/Mar/2024:08:58:19 -0300] "GET /cormun/servlet/trsolicitudot HTTP/1.1" 200 8646
181.212.40.185 - - [19/Mar/2024:08:58:20 -0300] "POST /cormun/servlet/solicitudotadjuntos?c7212e0f3949f6ddd06f9d558341ab6f,INS,2024,20965,,1, HTTP/1.1" 500 10
190.171.141.90 - - [19/Mar/2024:08:58:26 -0300] "POST /cormun/servlet/trsolicitudot?b92d0c30d7dbfd457f590f98c6b1bf77,gx-no-cache=1710849330780 HTTP/1.1" 200 107
190.171.141.90 - - [19/Mar/2024:08:58:26 -0300] "GET /cormun/servlet/trsolicitudadjuntos?2024,20850, HTTP/1.1" 200 10223
190.171.141.90 - - [19/Mar/2024:08:58:33 -0300] "GET /cormun/servlet/solicitudotadjuntos?INS,2024,20850,,1, HTTP/1.1" 200 6026
190.171.141.90 - - [19/Mar/2024:08:58:36 -0300] "GET /cormun/servlet/solicitudotadjuntos?INS,2024,20850,,2, HTTP/1.1" 200 6024
190.171.141.90 - - [19/Mar/2024:08:58:39 -0300] "GET /cormun/servlet/trsolicitudot? HTTP/1.1" 200 8651
181.212.40.185 - - [19/Mar/2024:08:58:44 -0300] "GET /cormun/servlet/hlogin HTTP/1.1" 200 1725
190.171.149.82 - - [19/Mar/2024:08:58:48 -0300] "GET /cormun/servlet/solicitudot?INS,0,0,false, HTTP/1.1" 200 15911
181.212.40.185 - - [19/Mar/2024:08:58:55 -0300] "POST /cormun/servlet/hlogin?c7212e0f3949f6ddd06f9d558341ab6f,gx-no-cache=1710849360575 HTTP/1.1" 200 90
