190.171.152.242 - - [18/Mar/2024:08:38:21 -0300] "POST /cormun/servlet/solicitudot?gx-no-cache=1710761727734 HTTP/1.1" 200 34
190.171.149.90 - - [18/Mar/2024:08:38:32 -0300] "GET /cormun/servlet/solicitudotadjuntos?INS,2024,20910,,2, HTTP/1.1" 200 5880
190.171.149.90 - - [18/Mar/2024:08:38:32 -0300] "GET /cormun/static/about:blank HTTP/1.1" 404 1011
190.171.149.90 - - [18/Mar/2024:08:38:33 -0300] "GET /cormun/servlet/solicitudotadjuntos?1a2a1566b8152e446a7c2855e012d459e32931de9ef532e885285e6f50641aad606d5fae68a021089432baada7cd6d43,gx-no-cache=1710761741151 HTTP/1.1" 200 30
190.171.149.90 - - [18/Mar/2024:08:38:33 -0300] "POST /cormun/servlet/solicitudotadjuntos?f5f72825b2c10d7e4a061cb1db28ca7e,INS,2024,20910,,2,,gx-no-cache=1710761741233 HTTP/1.1" 200 4087
190.171.152.242 - - [18/Mar/2024:08:38:35 -0300] "POST /cormun/servlet/solicitudot?ed271853a12401167dac1969bed925f4,INS,0,0,false,,gx-no-cache=1710761741442 HTTP/1.1" 500 10
190.171.149.90 - - [18/Mar/2024:08:38:40 -0300] "POST /cormun/servlet/solicitudotadjuntos?f5f72825b2c10d7e4a061cb1db28ca7e,INS,2024,20910,,2,,gx-no-cache=1710761748133 HTTP/1.1" 200 93
190.171.149.90 - - [18/Mar/2024:08:38:40 -0300] "GET /cormun/servlet/hpexe_return? HTTP/1.1" 200 1028
190.171.149.90 - - [18/Mar/2024:08:38:40 -0300] "GET /cormun/servlet/trsolicitudadjuntos?2024,20910, HTTP/1.1" 200 9939
190.171.149.90 - - [18/Mar/2024:08:38:43 -0300] "GET /cormun/servlet/solicitudotadjuntos?INS,2024,20910,,1, HTTP/1.1" 200 5880
190.171.149.90 - - [18/Mar/2024:08:38:43 -0300] "GET /cormun/static/about:blank HTTP/1.1" 404 1011
190.171.149.90 - - [18/Mar/2024:08:38:44 -0300] "GET /cormun/servlet/solicitudotadjuntos?1a2a1566b8152e446a7c2855e012d459e32931de9ef532e885285e6f50641aad606d5fae68a021089432baada7cd6d43,gx-no-cache=1710761751909 HTTP/1.1" 200 30
190.171.149.90 - - [18/Mar/2024:08:38:44 -0300] "POST /cormun/servlet/solicitudotadjuntos?f5f72825b2c10d7e4a061cb1db28ca7e,INS,2024,20910,,1,,gx-no-cache=1710761751935 HTTP/1.1" 200 3879
190.171.149.90 - - [18/Mar/2024:08:38:46 -0300] "POST /cormun/servlet/solicitudotadjuntos?gx-no-cache=1710761753633 HTTP/1.1" 200 26
190.171.149.90 - - [18/Mar/2024:08:38:58 -0300] "GET /cormun/servlet/solicitudotadjuntos?1a2a1566b8152e446a7c2855e012d459e0849a2205f24f958e23cab1f016e510,gx-no-cache=1710761765983 HTTP/1.1" 200 30
190.171.149.90 - - [18/Mar/2024:08:38:58 -0300] "GET /cormun/servlet/solicitudotadjuntos?1a2a1566b8152e446a7c2855e012d459e0849a2205f24f958e23cab1f016e510,gx-no-cache=1710761766001 HTTP/1.1" 200 30
190.171.149.90 - - [18/Mar/2024:08:38:58 -0300] "POST /cormun/servlet/solicitudotadjuntos?f5f72825b2c10d7e4a061cb1db28ca7e,INS,2024,20910,,1, HTTP/1.1" 500 10
190.171.152.242 - - [18/Mar/2024:08:39:17 -0300] "GET /cormun/servlet/trsolicitudot? HTTP/1.1" 200 7214
190.171.149.90 - - [18/Mar/2024:08:39:34 -0300] "GET /cormun/servlet/solicitudotadjuntos?INS,2024,20910,,1, HTTP/1.1" 200 5864
190.171.149.90 - - [18/Mar/2024:08:39:35 -0300] "GET /cormun/static/about:blank HTTP/1.1" 404 1011
190.171.149.90 - - [18/Mar/2024:08:39:35 -0300] "GET /cormun/servlet/solicitudotadjuntos?1a2a1566b8152e446a7c2855e012d459e32931de9ef532e885285e6f50641aad606d5fae68a021089432baada7cd6d43,gx-no-cache=1710761803188 HTTP/1.1" 200 30
190.171.149.90 - - [18/Mar/2024:08:39:35 -0300] "POST /cormun/servlet/solicitudotadjuntos?f5f72825b2c10d7e4a061cb1db28ca7e,INS,2024,20910,,1,,gx-no-cache=1710761803213 HTTP/1.1" 200 3853
190.171.149.90 - - [18/Mar/2024:08:39:37 -0300] "GET /cormun/servlet/trsolicitudot? HTTP/1.1" 200 10098
181.43.231.96 - - [18/Mar/2024:08:39:42 -0300] "GET /cormun/servlet/hlogin HTTP/1.1" 200 1720
181.43.231.96 - - [18/Mar/2024:08:39:44 -0300] "POST /cormun/servlet/hlogin?af1927ee08130e8f808abd06b259cf95,gx-no-cache=1710761810154 HTTP/1.1" 200 90
181.43.231.96 - - [18/Mar/2024:08:39:44 -0300] "GET /cormun/servlet/hpexe_link HTTP/1.1" 200 977
181.43.231.96 - - [18/Mar/2024:08:39:45 -0300] "GET /cormun/servlet/solicitudotadjuntos?INS,2024,20911,,1, HTTP/1.1" 200 5957
190.171.149.90 - - [18/Mar/2024:08:39:45 -0300] "POST /cormun/servlet/trsolicitudot?f5f72825b2c10d7e4a061cb1db28ca7e,,gx-no-cache=1710761812633 HTTP/1.1" 200 7037
190.171.149.90 - - [18/Mar/2024:08:39:45 -0300] "GET /cormun/static/Shared/jqueryui/images/ui-bg_highlight-soft_100_c6c2c8_1x100.png HTTP/1.1" 404 1117
190.171.149.90 - - [18/Mar/2024:08:39:45 -0300] "GET /cormun/static/Shared/jqueryui/images/ui-icons_82798d_256x240.png HTTP/1.1" 404 1089
181.43.231.96 - - [18/Mar/2024:08:39:45 -0300] "GET /cormun/static/about:blank HTTP/1.1" 404 1011
190.171.149.90 - - [18/Mar/2024:08:39:45 -0300] "GET /cormun/static/Shared/jqueryui/images/ui-icons_8d78a5_256x240.png HTTP/1.1" 404 1089
190.171.149.90 - - [18/Mar/2024:08:39:45 -0300] "GET /cormun/static/Shared/jqueryui/images/ui-bg_flat_55_fafafa_40x100.png HTTP/1.1" 404 1097
190.171.149.90 - - [18/Mar/2024:08:39:45 -0300] "POST /cormun/servlet/trsolicitudot?f5f72825b2c10d7e4a061cb1db28ca7e,,gx-no-cache=1710761812940 HTTP/1.1" 200 6980
181.43.231.96 - - [18/Mar/2024:08:39:45 -0300] "GET /cormun/servlet/solicitudotadjuntos?395ec6fbf4082ced96a57f0a00883346da20c449fd26a56d5529398cb978575c0aec2c657d451c8f27b590c69f7d1028,gx-no-cache=1710761811122 HTTP/1.1" 200 30
181.43.231.96 - - [18/Mar/2024:08:39:45 -0300] "POST /cormun/servlet/solicitudotadjuntos?af1927ee08130e8f808abd06b259cf95,INS,2024,20911,,1,,gx-no-cache=1710761811181 HTTP/1.1" 200 3860
181.43.231.96 - - [18/Mar/2024:08:39:49 -0300] "POST /cormun/servlet/solicitudotadjuntos?gx-no-cache=1710761815088 HTTP/1.1" 200 26
190.171.152.242 - - [18/Mar/2024:08:39:52 -0300] "GET /cormun/servlet/solicitudot?INS,0,0,false, HTTP/1.1" 200 15973
190.171.149.90 - - [18/Mar/2024:08:39:53 -0300] "POST /cormun/servlet/trsolicitudot?f5f72825b2c10d7e4a061cb1db28ca7e,,gx-no-cache=1710761820951 HTTP/1.1" 200 6657
190.171.149.90 - - [18/Mar/2024:08:39:53 -0300] "POST /cormun/servlet/trsolicitudot?f5f72825b2c10d7e4a061cb1db28ca7e,,gx-no-cache=1710761821151 HTTP/1.1" 200 6600
181.43.231.96 - - [18/Mar/2024:08:39:54 -0300] "GET /cormun/servlet/solicitudotadjuntos?395ec6fbf4082ced96a57f0a0088334627b4406b94ee4e7959b5518a8b1b6245,gx-no-cache=1710761819986 HTTP/1.1" 200 30
181.43.231.96 - - [18/Mar/2024:08:39:54 -0300] "GET /cormun/servlet/solicitudotadjuntos?395ec6fbf4082ced96a57f0a0088334627b4406b94ee4e7959b5518a8b1b6245,gx-no-cache=1710761820261 HTTP/1.1" 200 30
181.43.231.96 - - [18/Mar/2024:08:39:56 -0300] "POST /cormun/servlet/solicitudotadjuntos?af1927ee08130e8f808abd06b259cf95,INS,2024,20911,,1, HTTP/1.1" 500 10
190.171.149.90 - - [18/Mar/2024:08:40:01 -0300] "POST /cormun/servlet/trsolicitudot?f5f72825b2c10d7e4a061cb1db28ca7e,,gx-no-cache=1710761828794 HTTP/1.1" 200 6288
181.43.231.96 - - [18/Mar/2024:08:40:01 -0300] "GET /cormun/servlet/hlogin HTTP/1.1" 200 1720
190.171.149.90 - - [18/Mar/2024:08:40:01 -0300] "POST /cormun/servlet/trsolicitudot?f5f72825b2c10d7e4a061cb1db28ca7e,,gx-no-cache=1710761828974 HTTP/1.1" 200 6231
181.43.231.96 - - [18/Mar/2024:08:40:03 -0300] "GET /cormun/servlet/hlogin HTTP/1.1" 200 1720
181.43.231.96 - - [18/Mar/2024:08:40:06 -0300] "POST /cormun/servlet/hlogin?af1927ee08130e8f808abd06b259cf95,gx-no-cache=1710761831803 HTTP/1.1" 200 90
181.43.231.96 - - [18/Mar/2024:08:40:06 -0300] "GET /cormun/servlet/hpexe_link HTTP/1.1" 200 977
181.43.231.96 - - [18/Mar/2024:08:40:06 -0300] "GET /cormun/servlet/solicitudotadjuntos?INS,2024,20911,,1, HTTP/1.1" 200 5956
181.43.231.96 - - [18/Mar/2024:08:40:06 -0300] "GET /cormun/static/about:blank HTTP/1.1" 404 1011
181.43.231.96 - - [18/Mar/2024:08:40:07 -0300] "GET /cormun/servlet/solicitudotadjuntos?395ec6fbf4082ced96a57f0a00883346da20c449fd26a56d5529398cb978575c0aec2c657d451c8f27b590c69f7d1028,gx-no-cache=1710761832754 HTTP/1.1" 200 30
181.43.231.96 - - [18/Mar/2024:08:40:07 -0300] "POST /cormun/servlet/solicitudotadjuntos?af1927ee08130e8f808abd06b259cf95,INS,2024,20911,,1,,gx-no-cache=1710761832798 HTTP/1.1" 200 3860
181.43.231.96 - - [18/Mar/2024:08:40:11 -0300] "GET /cormun/servlet/trsolicitudot? HTTP/1.1" 200 12965
181.43.231.96 - - [18/Mar/2024:08:40:14 -0300] "POST /cormun/servlet/trsolicitudot?af1927ee08130e8f808abd06b259cf95,,gx-no-cache=1710761840093 HTTP/1.1" 200 106
181.43.231.96 - - [18/Mar/2024:08:40:15 -0300] "GET /cormun/servlet/trsolicitudadjuntos?2024,20911, HTTP/1.1" 200 6023
190.171.149.90 - - [18/Mar/2024:08:40:16 -0300] "POST /cormun/servlet/trsolicitudot?f5f72825b2c10d7e4a061cb1db28ca7e,,gx-no-cache=1710761844363 HTTP/1.1" 200 107
181.43.231.96 - - [18/Mar/2024:08:40:16 -0300] "GET /cormun/servlet/solicitudotadjuntos?INS,2024,20911,,1, HTTP/1.1" 200 5961
190.171.149.90 - - [18/Mar/2024:08:40:17 -0300] "GET /cormun/servlet/trsolicitudadjuntos?2024,20864, HTTP/1.1" 200 5937
181.43.231.96 - - [18/Mar/2024:08:40:17 -0300] "GET /cormun/static/about:blank HTTP/1.1" 404 1011
181.43.231.96 - - [18/Mar/2024:08:40:17 -0300] "GET /cormun/servlet/solicitudotadjuntos?395ec6fbf4082ced96a57f0a00883346da20c449fd26a56d5529398cb978575c0aec2c657d451c8f27b590c69f7d1028,gx-no-cache=1710761842895 HTTP/1.1" 200 30
181.43.231.96 - - [18/Mar/2024:08:40:18 -0300] "POST /cormun/servlet/solicitudotadjuntos?af1927ee08130e8f808abd06b259cf95,INS,2024,20911,,1,,gx-no-cache=1710761842952 HTTP/1.1" 200 3871
190.171.149.90 - - [18/Mar/2024:08:40:19 -0300] "GET /cormun/servlet/solicitudotadjuntos?INS,2024,20864,,1, HTTP/1.1" 200 5879
190.171.149.90 - - [18/Mar/2024:08:40:20 -0300] "GET /cormun/static/about:blank HTTP/1.1" 404 1011
190.171.152.242 - - [18/Mar/2024:08:40:20 -0300] "POST /cormun/servlet/solicitudot?gx-no-cache=1710761846621 HTTP/1.1" 200 4022
190.171.152.242 - - [18/Mar/2024:08:40:20 -0300] "POST /cormun/servlet/solicitudot?ed271853a12401167dac1969bed925f4,INS,0,0,false,,gx-no-cache=1710761846755 HTTP/1.1" 200 12594
190.171.149.90 - - [18/Mar/2024:08:40:20 -0300] "GET /cormun/servlet/solicitudotadjuntos?1a2a1566b8152e446a7c2855e012d459d45577fbd71777a0a73001b22de608540902b8cbe3f7b0065e5b9ff1218e0ea9,gx-no-cache=1710761848244 HTTP/1.1" 200 30
190.171.149.90 - - [18/Mar/2024:08:40:20 -0300] "POST /cormun/servlet/solicitudotadjuntos?f5f72825b2c10d7e4a061cb1db28ca7e,INS,2024,20864,,1,,gx-no-cache=1710761848269 HTTP/1.1" 200 3908
181.43.231.96 - - [18/Mar/2024:08:40:20 -0300] "POST /cormun/servlet/solicitudotadjuntos?gx-no-cache=1710761846265 HTTP/1.1" 200 26
190.171.152.242 - - [18/Mar/2024:08:40:22 -0300] "GET /cormun/servlet/solicitudot?a134c2f3cee6ece28fd7791290b70dc16ad8ec12747705618de96604f8a73fa203f23e6ccd8ae89a2d8544d560c50c5b,gx-no-cache=1710761849138 HTTP/1.1" 200 30
181.43.231.96 - - [18/Mar/2024:08:40:26 -0300] "GET /cormun/servlet/solicitudotadjuntos?395ec6fbf4082ced96a57f0a0088334627b4406b94ee4e7959b5518a8b1b6245,gx-no-cache=1710761852026 HTTP/1.1" 200 30
181.43.231.96 - - [18/Mar/2024:08:40:26 -0300] "GET /cormun/servlet/solicitudotadjuntos?395ec6fbf4082ced96a57f0a0088334627b4406b94ee4e7959b5518a8b1b6245,gx-no-cache=1710761852063 HTTP/1.1" 200 30
181.43.231.96 - - [18/Mar/2024:08:40:28 -0300] "POST /cormun/servlet/solicitudotadjuntos?af1927ee08130e8f808abd06b259cf95,INS,2024,20911,,1, HTTP/1.1" 500 10
190.171.149.90 - - [18/Mar/2024:08:41:10 -0300] "POST /cormun/servlet/solicitudotadjuntos?f5f72825b2c10d7e4a061cb1db28ca7e,INS,2024,20864,,1,,gx-no-cache=1710761898224 HTTP/1.1" 200 93
190.171.149.90 - - [18/Mar/2024:08:41:10 -0300] "GET /cormun/servlet/hpexe_return? HTTP/1.1" 200 1029
190.171.149.90 - - [18/Mar/2024:08:41:10 -0300] "GET /cormun/servlet/trsolicitudadjuntos?2024,20864, HTTP/1.1" 200 5941
190.171.149.90 - - [18/Mar/2024:08:41:15 -0300] "GET /cormun/servlet/trlicencias? HTTP/1.1" 200 8743
190.171.152.242 - - [18/Mar/2024:08:41:58 -0300] "GET /cormun/servlet/prbanco?,MD,,gxPopupLevel%3D0%3B HTTP/1.1" 200 6599
190.171.152.242 - - [18/Mar/2024:08:42:00 -0300] "GET /cormun/servlet/solicitudot?a134c2f3cee6ece28fd7791290b70dc16ad0a004dd2b26677f832a451a044040d798675f64b145001e7fdbad9f655b24e3cb9b6de3be242582437ca2e8212683,gx-no-cache=1710761947172 HTTP/1.1" 200 30
190.171.152.242 - - [18/Mar/2024:08:42:02 -0300] "GET /cormun/servlet/solicitudot?a134c2f3cee6ece28fd7791290b70dc1312b17d920fb873513edfa41c136226a,gx-no-cache=1710761948728 HTTP/1.1" 200 53
190.171.152.242 - - [18/Mar/2024:08:42:13 -0300] "POST /cormun/servlet/solicitudot?gx-no-cache=1710761960083 HTTP/1.1" 200 297
190.171.152.242 - - [18/Mar/2024:08:42:13 -0300] "GET /cormun/servlet/solicitudot?a134c2f3cee6ece28fd7791290b70dc172a576d0da39f384003f1a5b3f4932659f2508b7c5ac31d706a3c087122dcb3b8b03859aae322b4b6ef1e3b338cf3d304d9ad766caaf3249140e88512cef7abff4cbc2b44a67fc1b4847aff9e9c14777a08949e6a5113fecd123caeb419d8e2b6ac84dd1c19f9ef1349c6fb452caf1f6e366ced96291ed1268e8b0a3b0d0d6e9469f120f17b1072b9ffe4f6cba7f5934374da849f652404f96d005ad225e2ef6a2d4490acb9e2654fc2ec2d5176f9c3c4f4e3b0f79a0303e2e39ee8652fbdd444b2dbac787a5c1ca8cb25aa19881dd86e9cea510514539f51b401667e573b654d1e0c23f85e2b5fb2dbba92c0ba6ea99bd20ce4205c28b72a885f7c908f3afcb2fa10362ca663a9388006ae9e58046d656dce489e5e94590d32eec252c989ff7b2b1133923f585f908194336b93b55bf148e8d2fb0e201132e64329f1a618d512699b280d07a1cd7d6913e8f529f440e6b71f8d8b61aedff2acb69c1d4ab5dc0ed0a96147dc5a99e9c0aa9b945dbb583516a2eccb0402bd2707f0ecbe35f8077,gx-no-cache=1710761960121 HTTP/1.1" 200 30
190.171.152.242 - - [18/Mar/2024:08:42:16 -0300] "POST /cormun/servlet/solicitudot?gx-no-cache=1710761963537 HTTP/1.1" 200 240
190.171.152.242 - - [18/Mar/2024:08:42:19 -0300] "GET /cormun/servlet/solicitudot?a134c2f3cee6ece28fd7791290b70dc172a576d0da39f384003f1a5b3f49326555acdf0d7fc4c2b9b8451ddc4b3bf9c28b03859aae322b4b6ef1e3b338cf3d304d9ad766caaf3249140e88512cef7abff4cbc2b44a67fc1b4847aff9e9c14777a08949e6a5113fecd123caeb419d8e2b6ac84dd1c19f9ef1349c6fb452caf1f6e366ced96291ed1268e8b0a3b0d0d6e9469f120f17b1072b9ffe4f6cba7f5934374da849f652404f96d005ad225e2ef6a2d4490acb9e2654fc2ec2d5176f9c3c4f4e3b0f79a0303e2e39ee8652fbdd444b2dbac787a5c1ca8cb25aa19881dd86e9cea510514539f51b401667e573b654d1e0c23f85e2b5fb2dbba92c0ba6ea99bd20ce4205c28b72a885f7c908f3afcb2fa10362ca663a9388006ae9e58046d656dce489e5e94590d32eec252c989ff7b2b1133923f585f908194336b93b55bfa3419c4486313a1f3af727965777fa8b693a91a6798abc23b4ca4b0daf827d695269d4e1afe3cb1e4b35f22bfe59403a45ac672b931880c32f848d74c00bf8a4,gx-no-cache=1710761966168 HTTP/1.1" 200 30
190.171.152.242 - - [18/Mar/2024:08:42:24 -0300] "POST /cormun/servlet/solicitudot?gx-no-cache=1710761971177 HTTP/1.1" 200 30
190.171.152.242 - - [18/Mar/2024:08:42:26 -0300] "GET /cormun/servlet/prfichaempleado?,MD,,gxPopupLevel%3D0%3B HTTP/1.1" 200 9291
190.171.152.242 - - [18/Mar/2024:08:42:32 -0300] "POST /cormun/servlet/prfichaempleado?ed271853a12401167dac1969bed925f4,,MD,,gxPopupLevel%3D0%3B,gx-no-cache=1710761979451 HTTP/1.1" 200 3413
190.171.152.242 - - [18/Mar/2024:08:42:39 -0300] "GET /cormun/servlet/prlicenciaspermisos?13586079,L,,MD,,gxPopupLevel%3D0%3B HTTP/1.1" 200 5857
181.43.231.96 - - [18/Mar/2024:08:42:40 -0300] "GET /cormun/servlet/hlogin HTTP/1.1" 200 1720
190.171.152.242 - - [18/Mar/2024:08:42:41 -0300] "POST /cormun/servlet/solicitudot?gx-no-cache=1710761988164 HTTP/1.1" 200 1475
181.43.231.96 - - [18/Mar/2024:08:42:44 -0300] "POST /cormun/servlet/hlogin?af1927ee08130e8f808abd06b259cf95,gx-no-cache=1710761989098 HTTP/1.1" 200 90
181.43.231.96 - - [18/Mar/2024:08:42:44 -0300] "GET /cormun/servlet/hpexe_link HTTP/1.1" 200 977
181.43.231.96 - - [18/Mar/2024:08:42:44 -0300] "GET /cormun/servlet/solicitudotadjuntos?INS,2024,20911,,1, HTTP/1.1" 200 5956
181.43.231.96 - - [18/Mar/2024:08:42:44 -0300] "GET /cormun/static/about:blank HTTP/1.1" 404 1011
190.171.152.242 - - [18/Mar/2024:08:42:44 -0300] "POST /cormun/servlet/solicitudot?gx-no-cache=1710761990989 HTTP/1.1" 200 41
190.171.152.242 - - [18/Mar/2024:08:42:44 -0300] "GET /cormun/servlet/solicitudot?a134c2f3cee6ece28fd7791290b70dc1398e9c4c9ee0e5ff408f087f284d50b3dbaacaa5193ca3a15df86b1983a10f30a8a7023422691bea71226ccc843327408c06b90240232be3d40b315a91aa8bcdd253c6c7c08038f5d9a53c60c281b1a3b7e50acecb71c43a093aa5ba1b43730d,gx-no-cache=1710761991017 HTTP/1.1" 200 110
190.171.152.242 - - [18/Mar/2024:08:42:44 -0300] "POST /cormun/servlet/solicitudot?gx-no-cache=1710761991049 HTTP/1.1" 200 79
181.43.231.96 - - [18/Mar/2024:08:42:45 -0300] "GET /cormun/servlet/solicitudotadjuntos?395ec6fbf4082ced96a57f0a00883346da20c449fd26a56d5529398cb978575c0aec2c657d451c8f27b590c69f7d1028,gx-no-cache=1710761990338 HTTP/1.1" 200 30
181.43.231.96 - - [18/Mar/2024:08:42:45 -0300] "POST /cormun/servlet/solicitudotadjuntos?af1927ee08130e8f808abd06b259cf95,INS,2024,20911,,1,,gx-no-cache=1710761990408 HTTP/1.1" 200 3860
181.43.231.96 - - [18/Mar/2024:08:42:47 -0300] "GET /cormun/servlet/trsolicitudot? HTTP/1.1" 200 12965
190.171.152.242 - - [18/Mar/2024:08:42:58 -0300] "GET /cormun/servlet/solicitudot?a134c2f3cee6ece28fd7791290b70dc1398e9c4c9ee0e5ff408f087f284d50b3dbaacaa5193ca3a15df86b1983a10f30a8a7023422691bea71226ccc843327408c06b90240232be3d40b315a91aa8bcdd253c6c7c08038f5d9a53c60c281b1a3b7e50acecb71c43a093aa5ba1b43730d,gx-no-cache=1710762005285 HTTP/1.1" 200 110
190.171.152.242 - - [18/Mar/2024:08:43:03 -0300] "GET /cormun/servlet/solicitudot?a134c2f3cee6ece28fd7791290b70dc1714c3d6d91d666f8846d7139914d76e5edea7d07fe933f576474ebc3ef77054d5d0997ff74634c1979d53b63804be3aacd2e2af44b6292f58c302268d8cb8d2dc36ef688d1c7b301d508801c649d32a6a7f860f00532f7e0687193a2d32ff72a,gx-no-cache=1710762009568 HTTP/1.1" 200 29
190.171.152.242 - - [18/Mar/2024:08:43:03 -0300] "GET /cormun/static/menuarrow.gif HTTP/1.1" 404 1015
190.171.152.242 - - [18/Mar/2024:08:43:06 -0300] "GET /cormun/servlet/solicitudot?a134c2f3cee6ece28fd7791290b70dc1592fea909ed84aa073372ad202afb2d569aa263edf9a893aca470ceb216e8edc,gx-no-cache=1710762012632 HTTP/1.1" 200 30
190.171.152.242 - - [18/Mar/2024:08:43:06 -0300] "POST /cormun/servlet/solicitudot?gx-no-cache=1710762012661 HTTP/1.1" 200 34
190.171.152.242 - - [18/Mar/2024:08:43:14 -0300] "POST /cormun/servlet/solicitudot?ed271853a12401167dac1969bed925f4,INS,0,0,false,,gx-no-cache=1710762021346 HTTP/1.1" 500 10
181.212.43.89 - - [18/Mar/2024:08:45:36 -0300] "GET /cormun/servlet/hlogin HTTP/1.1" 200 1726
181.212.43.89 - - [18/Mar/2024:08:45:36 -0300] "GET /cormun/servlet/hlogin HTTP/1.1" 200 1737
181.212.43.89 - - [18/Mar/2024:08:45:43 -0300] "POST /cormun/servlet/hlogin?74f824294e60a41e1a96bbd8d7a56227,gx-no-cache=1710762169156 HTTP/1.1" 200 90
181.212.43.89 - - [18/Mar/2024:08:45:43 -0300] "GET /cormun/servlet/hpexe_link HTTP/1.1" 200 954
181.212.43.89 - - [18/Mar/2024:08:45:43 -0300] "GET /cormun/servlet/hhome HTTP/1.1" 200 4022
181.212.43.89 - - [18/Mar/2024:08:45:47 -0300] "GET /cormun/servlet/trlicencias? HTTP/1.1" 200 9458
181.212.43.89 - - [18/Mar/2024:08:46:06 -0300] "GET /cormun/servlet/trsolicitudot? HTTP/1.1" 200 7230
181.212.43.89 - - [18/Mar/2024:08:46:09 -0300] "GET /cormun/servlet/solicitudot?INS,0,0,false, HTTP/1.1" 200 16001
181.43.231.96 - - [18/Mar/2024:08:46:59 -0300] "GET /cormun/static/menuarrow.gif HTTP/1.1" 404 1015
181.43.231.96 - - [18/Mar/2024:08:47:41 -0300] "GET /cormun/servlet/solicitudot?INS,0,0,false, HTTP/1.1" 200 15894
181.43.231.96 - - [18/Mar/2024:08:47:58 -0300] "POST /cormun/servlet/solicitudot?gx-no-cache=1710762303916 HTTP/1.1" 200 4147
181.43.231.96 - - [18/Mar/2024:08:47:59 -0300] "POST /cormun/servlet/solicitudot?af1927ee08130e8f808abd06b259cf95,INS,0,0,false,,gx-no-cache=1710762304295 HTTP/1.1" 200 12719
181.43.231.96 - - [18/Mar/2024:08:48:02 -0300] "GET /cormun/servlet/solicitudot?395ec6fbf4082ced96a57f0a008833461d2ebcf0ffe94aafd7d402ed9738fdae6583c5fad60d11d193840cc32eb054b5,gx-no-cache=1710762307822 HTTP/1.1" 200 30
181.212.47.137 - - [18/Mar/2024:08:48:08 -0300] "POST /cormun/servlet/trsolicitudgral?e49518311be179385363479016c53ce4,,gx-no-cache=1710762303072 HTTP/1.1" 200 5247
181.212.47.137 - - [18/Mar/2024:08:48:09 -0300] "POST /cormun/servlet/trsolicitudgral?e49518311be179385363479016c53ce4,,gx-no-cache=1710762304089 HTTP/1.1" 200 5248
181.212.47.137 - - [18/Mar/2024:08:48:10 -0300] "GET /cormun/servlet/hlogin HTTP/1.1" 200 1714
181.212.47.137 - - [18/Mar/2024:08:48:10 -0300] "GET /cormun/static/gxtimezone.js?85251 HTTP/1.1" 200 5781
181.212.47.137 - - [18/Mar/2024:08:48:10 -0300] "GET /cormun/static/messages.spa.js?85251 HTTP/1.1" 200 30736
181.212.47.137 - - [18/Mar/2024:08:48:10 -0300] "GET /cormun/static/gxgral.js?85251 HTTP/1.1" 200 384558
181.212.47.137 - - [18/Mar/2024:08:48:10 -0300] "GET /cormun/servlet/hlogin HTTP/1.1" 200 1725
181.212.47.137 - - [18/Mar/2024:08:48:13 -0300] "POST /cormun/servlet/trsolicitudgral?e49518311be179385363479016c53ce4,,gx-no-cache=1710762308641 HTTP/1.1" 200 5248
181.212.47.137 - - [18/Mar/2024:08:48:14 -0300] "POST /cormun/servlet/trsolicitudgral?e49518311be179385363479016c53ce4,,gx-no-cache=1710762309129 HTTP/1.1" 200 5248
181.43.231.96 - - [18/Mar/2024:08:48:15 -0300] "GET /cormun/servlet/solicitudot?395ec6fbf4082ced96a57f0a008833461cc671b338017b39492004afc3608af84f27c69f89918078b4ca1414d873d9ecc9586c46bf5938ee4c3b3cbb307c2460,gx-no-cache=1710762320539 HTTP/1.1" 200 30
181.212.47.137 - - [18/Mar/2024:08:48:15 -0300] "POST /cormun/servlet/hlogin?bd11023123bd12b85c6924b5e3fbc311,gx-no-cache=1710762310475 HTTP/1.1" 200 90
181.212.47.137 - - [18/Mar/2024:08:48:15 -0300] "GET /cormun/servlet/hpexe_link HTTP/1.1" 200 946
181.212.47.137 - - [18/Mar/2024:08:48:16 -0300] "GET /cormun/servlet/hhome HTTP/1.1" 200 3815
181.212.47.137 - - [18/Mar/2024:08:48:16 -0300] "GET /cormun/static/PXToolsJavascripts/pexe_cookies.js HTTP/1.1" 200 792
181.212.47.137 - - [18/Mar/2024:08:48:16 -0300] "GET /cormun/static/PXToolsJavascripts/pexe_autoreload.js HTTP/1.1" 200 1762
181.212.47.137 - - [18/Mar/2024:08:48:16 -0300] "GET /cormun/static/gxcfg.js?20201215495537 HTTP/1.1" 200 953
181.212.47.137 - - [18/Mar/2024:08:48:16 -0300] "GET /cormun/static/Resources/CormunMP2.png HTTP/1.1" 200 6878
181.212.47.137 - - [18/Mar/2024:08:48:16 -0300] "GET /cormun/static/PXToolsJavascripts/pexe_grid.js HTTP/1.1" 200 7559
181.212.47.137 - - [18/Mar/2024:08:48:16 -0300] "GET /cormun/static/PXToolsJavascripts/pexe_griddivfix.js HTTP/1.1" 200 6946
181.212.47.137 - - [18/Mar/2024:08:48:16 -0300] "GET /cormun/static/PXToolsJavascripts/pexe_link.js HTTP/1.1" 200 5671
181.212.47.137 - - [18/Mar/2024:08:48:16 -0300] "GET /cormun/static/PXToolsJavascripts/pexe_windows.js HTTP/1.1" 200 15249
181.212.47.137 - - [18/Mar/2024:08:48:16 -0300] "GET /cormun/static/PXToolsJavascripts/pexe_menudivfix.js HTTP/1.1" 200 333
181.212.47.137 - - [18/Mar/2024:08:48:16 -0300] "GET /cormun/static/PXToolsJavascripts/pexe_menus.js HTTP/1.1" 200 1286
181.212.47.137 - - [18/Mar/2024:08:48:16 -0300] "GET /cormun/static/PXToolsJavascripts/pexe_layers.js HTTP/1.1" 200 4114
181.212.47.137 - - [18/Mar/2024:08:48:16 -0300] "GET /cormun/static/PXToolsJavascripts/pexe_oav.js HTTP/1.1" 200 645
181.212.47.137 - - [18/Mar/2024:08:48:16 -0300] "GET /cormun/static/PXToolsJavascripts/pexe_oavdivfix.js HTTP/1.1" 200 639
181.212.47.137 - - [18/Mar/2024:08:48:16 -0300] "GET /cormun/static/PXToolsJavascripts/pexe_picture.js HTTP/1.1" 200 689
181.212.47.137 - - [18/Mar/2024:08:48:16 -0300] "GET /cormun/static/PXToolsJavascripts/pexe_popup.js HTTP/1.1" 200 15149
181.212.47.137 - - [18/Mar/2024:08:48:16 -0300] "GET /cormun/static/PXToolsJavascripts/pexe_scrolldiv.js HTTP/1.1" 200 4138
181.212.47.137 - - [18/Mar/2024:08:48:16 -0300] "GET /cormun/static/PXToolsJavascripts/pexe_tabdivfix.js HTTP/1.1" 200 898
181.212.47.137 - - [18/Mar/2024:08:48:16 -0300] "GET /cormun/static/PXToolsJavascripts/pexe_tabs.js HTTP/1.1" 200 3748
181.212.47.137 - - [18/Mar/2024:08:48:16 -0300] "GET /cormun/static/PXToolsJavascripts/pexe_upload.js HTTP/1.1" 200 1423
181.212.47.137 - - [18/Mar/2024:08:48:16 -0300] "GET /cormun/static/PXToolsJavascripts/PXToolsJavascriptsRender.js HTTP/1.1" 200 367
181.212.47.137 - - [18/Mar/2024:08:48:16 -0300] "GET /cormun/static/Resources/ImgHome.png HTTP/1.1" 200 1364
181.212.47.137 - - [18/Mar/2024:08:48:16 -0300] "GET /cormun/static/Resources/ImgLogin.png HTTP/1.1" 200 1432
181.212.47.137 - - [18/Mar/2024:08:48:16 -0300] "GET /cormun/static/RunJS/RunJS.js HTTP/1.1" 200 288
181.212.47.137 - - [18/Mar/2024:08:48:16 -0300] "GET /cormun/static/Resources/Llave.png HTTP/1.1" 200 1395
181.212.47.137 - - [18/Mar/2024:08:48:16 -0300] "GET /cormun/static/Shared/ext/locale/ext-lang-en.js HTTP/1.1" 200 10940
181.212.47.137 - - [18/Mar/2024:08:48:16 -0300] "GET /cormun/static/hhome.js?20201215495544 HTTP/1.1" 200 777
181.212.47.137 - - [18/Mar/2024:08:48:16 -0300] "GET /cormun/static/hwchdr01.js?2022112219251119 HTTP/1.1" 200 996
181.212.47.137 - - [18/Mar/2024:08:48:16 -0300] "GET /cormun/static/Resources/PXToolsDataTitle.png HTTP/1.1" 200 1173
181.212.47.137 - - [18/Mar/2024:08:48:16 -0300] "GET /cormun/static/hpexe_recentlink.js?20201214471090 HTTP/1.1" 200 2144
181.212.47.137 - - [18/Mar/2024:08:48:16 -0300] "GET /cormun/static/hpexe_scripts.js?20201214471411 HTTP/1.1" 200 1544
181.212.47.137 - - [18/Mar/2024:08:48:16 -0300] "GET /cormun/static/hpexe_messagecontroller.js?202211298371222 HTTP/1.1" 200 870
181.212.47.137 - - [18/Mar/2024:08:48:16 -0300] "GET /cormun/static/hpexe_messagepopupcomponent.js?2020121447232 HTTP/1.1" 200 605
181.212.47.137 - - [18/Mar/2024:08:48:16 -0300] "GET /cormun/static/hpexe_messagegenexuscomponent.js?20221129836373 HTTP/1.1" 200 587
181.212.47.137 - - [18/Mar/2024:08:48:16 -0300] "GET /cormun/static/cmcontrolpreferences.js?20199141926336 HTTP/1.1" 200 1375
181.212.47.137 - - [18/Mar/2024:08:48:16 -0300] "GET /cormun/static/gxui/gxui-all.js HTTP/1.1" 200 107772
181.212.47.137 - - [18/Mar/2024:08:48:16 -0300] "GET /cormun/static/SmoothNavMenu/resources/ddsmoothmenu.js HTTP/1.1" 200 12712
181.212.47.137 - - [18/Mar/2024:08:48:16 -0300] "GET /cormun/static/SmoothNavMenu/resources/SmoothNavMenuRender.js HTTP/1.1" 200 5951
181.212.47.137 - - [18/Mar/2024:08:48:16 -0300] "GET /cormun/static/Shared/jquery/jquery-1.4.2.min.js HTTP/1.1" 200 72174
181.212.47.137 - - [18/Mar/2024:08:48:16 -0300] "GET /cormun/static/scaMessage/js/jquery.pnotify.min.js HTTP/1.1" 200 13038
181.212.47.137 - - [18/Mar/2024:08:48:16 -0300] "GET /cormun/static/scaMessage/scaMessageRender.js HTTP/1.1" 200 11977
181.212.47.137 - - [18/Mar/2024:08:48:16 -0300] "GET /cormun/static/hmpwkw03.js?20221129844354 HTTP/1.1" 200 3971
181.212.47.137 - - [18/Mar/2024:08:48:16 -0300] "GET /cormun/static/Shared/jquery/jquery-1.10.2.min.js HTTP/1.1" 200 273199
181.212.47.137 - - [18/Mar/2024:08:48:16 -0300] "GET /cormun/static/Shared/jqueryui/jquery-ui.min.js HTTP/1.1" 200 240427
181.43.231.96 - - [18/Mar/2024:08:48:16 -0300] "GET /cormun/servlet/prbanco?,MD,,gxPopupLevel%3D0%3B HTTP/1.1" 200 6511
181.212.47.137 - - [18/Mar/2024:08:48:16 -0300] "GET /cormun/static/Shared/ext/ext-all.js HTTP/1.1" 200 1289687
181.212.47.137 - - [18/Mar/2024:08:48:16 -0300] "GET /cormun/static/SmoothNavMenu/resources/images/down.gif HTTP/1.1" 200 854
181.212.47.137 - - [18/Mar/2024:08:48:19 -0300] "POST /cormun/servlet/trsolicitudgral?e49518311be179385363479016c53ce4,,gx-no-cache=1710762314266 HTTP/1.1" 200 5246
181.212.47.137 - - [18/Mar/2024:08:48:20 -0300] "POST /cormun/servlet/trsolicitudgral?e49518311be179385363479016c53ce4,,gx-no-cache=1710762314929 HTTP/1.1" 200 5247
181.212.47.137 - - [18/Mar/2024:08:48:20 -0300] "POST /cormun/servlet/trsolicitudgral?e49518311be179385363479016c53ce4,,gx-no-cache=1710762315161 HTTP/1.1" 200 5247
181.212.47.137 - - [18/Mar/2024:08:48:20 -0300] "POST /cormun/servlet/trsolicitudgral?e49518311be179385363479016c53ce4,,gx-no-cache=1710762315417 HTTP/1.1" 200 5247
181.212.47.137 - - [18/Mar/2024:08:48:21 -0300] "POST /cormun/servlet/trsolicitudgral?e49518311be179385363479016c53ce4,,gx-no-cache=1710762315905 HTTP/1.1" 200 5247
181.212.47.137 - - [18/Mar/2024:08:48:21 -0300] "POST /cormun/servlet/trsolicitudgral?e49518311be179385363479016c53ce4,,gx-no-cache=1710762316585 HTTP/1.1" 200 5248
181.212.47.137 - - [18/Mar/2024:08:48:28 -0300] "GET /cormun/servlet/trsolicitudgral? HTTP/1.1" 200 27926
181.212.47.137 - - [18/Mar/2024:08:48:28 -0300] "GET /cormun/static/calendar-es.js?85251 HTTP/1.1" 200 1901
181.212.47.137 - - [18/Mar/2024:08:48:28 -0300] "GET /cormun/static/gxcfg.js?20191021621534 HTTP/1.1" 200 953
181.212.47.137 - - [18/Mar/2024:08:48:28 -0300] "GET /cormun/static/calendar.js?85251 HTTP/1.1" 200 26246
181.212.47.137 - - [18/Mar/2024:08:48:28 -0300] "GET /cormun/static/calendar-setup.js?85251 HTTP/1.1" 200 2588
181.212.47.137 - - [18/Mar/2024:08:48:28 -0300] "GET /cormun/static/calendar-system.css?75620 HTTP/1.1" 200 5572
181.212.47.137 - - [18/Mar/2024:08:48:28 -0300] "GET /cormun/static/Resources/PXTools/calendar.png HTTP/1.1" 200 1306
181.212.47.137 - - [18/Mar/2024:08:48:28 -0300] "GET /cormun/static/gxdec.js?85251 HTTP/1.1" 200 19579
181.212.47.137 - - [18/Mar/2024:08:48:28 -0300] "GET /cormun/static/Resources/Spanish/PXTools.css?2294816 HTTP/1.1" 200 100853
181.212.47.137 - - [18/Mar/2024:08:48:28 -0300] "GET /cormun/static/trsolicitudgral.js?20191021621224 HTTP/1.1" 200 55166
181.212.47.137 - - [18/Mar/2024:08:48:28 -0300] "GET /cormun/static/Resources/PXToolsDataSearch.png HTTP/1.1" 200 435
181.212.47.137 - - [18/Mar/2024:08:48:28 -0300] "GET /cormun/static/Resources/PXToolsActionExcel.png HTTP/1.1" 200 727
181.212.47.137 - - [18/Mar/2024:08:48:28 -0300] "GET /cormun/static/Resources/PXToolsRemoveAllStandardAction.png HTTP/1.1" 200 495
181.212.47.137 - - [18/Mar/2024:08:48:28 -0300] "GET /cormun/static/Resources/PXToolsAddAllStandardAction.png HTTP/1.1" 200 628
181.212.47.137 - - [18/Mar/2024:08:48:28 -0300] "GET /cormun//static/Resources/PXToolsGridUpdate.png HTTP/1.1" 200 470
181.212.47.137 - - [18/Mar/2024:08:48:28 -0300] "GET /cormun//static/Resources/PXToolsGridDelete.png HTTP/1.1" 200 538
181.212.47.137 - - [18/Mar/2024:08:48:32 -0300] "POST /cormun/servlet/trsolicitudgral?e49518311be179385363479016c53ce4,,gx-no-cache=1710762327649 HTTP/1.1" 200 5246
181.212.47.137 - - [18/Mar/2024:08:48:33 -0300] "POST /cormun/servlet/trsolicitudgral?e49518311be179385363479016c53ce4,,gx-no-cache=1710762328185 HTTP/1.1" 200 5247
181.212.47.137 - - [18/Mar/2024:08:48:38 -0300] "POST /cormun/servlet/trsolicitudgral?bd11023123bd12b85c6924b5e3fbc311,,gx-no-cache=1710762333734 HTTP/1.1" 200 5243
181.212.47.137 - - [18/Mar/2024:08:48:43 -0300] "POST /cormun/servlet/trsolicitudgral?bd11023123bd12b85c6924b5e3fbc311,,gx-no-cache=1710762338675 HTTP/1.1" 200 5243
181.212.47.137 - - [18/Mar/2024:08:48:44 -0300] "POST /cormun/servlet/trsolicitudgral?bd11023123bd12b85c6924b5e3fbc311,,gx-no-cache=1710762339297 HTTP/1.1" 200 5242
181.212.47.137 - - [18/Mar/2024:08:48:47 -0300] "POST /cormun/servlet/trsolicitudgral?bd11023123bd12b85c6924b5e3fbc311,,gx-no-cache=1710762342418 HTTP/1.1" 200 5243
181.212.47.137 - - [18/Mar/2024:08:48:48 -0300] "POST /cormun/servlet/trsolicitudgral?bd11023123bd12b85c6924b5e3fbc311,,gx-no-cache=1710762343672 HTTP/1.1" 200 5243
181.212.47.137 - - [18/Mar/2024:08:48:48 -0300] "POST /cormun/servlet/trsolicitudgral?bd11023123bd12b85c6924b5e3fbc311,,gx-no-cache=1710762343863 HTTP/1.1" 200 5243
181.212.47.137 - - [18/Mar/2024:08:48:49 -0300] "POST /cormun/servlet/trsolicitudgral?bd11023123bd12b85c6924b5e3fbc311,,gx-no-cache=1710762344050 HTTP/1.1" 200 5242
181.212.47.137 - - [18/Mar/2024:08:48:49 -0300] "POST /cormun/servlet/trsolicitudgral?bd11023123bd12b85c6924b5e3fbc311,,gx-no-cache=1710762344245 HTTP/1.1" 200 5244
181.212.47.137 - - [18/Mar/2024:08:48:49 -0300] "POST /cormun/servlet/trsolicitudgral?bd11023123bd12b85c6924b5e3fbc311,,gx-no-cache=1710762344513 HTTP/1.1" 200 5244
181.212.47.137 - - [18/Mar/2024:08:48:54 -0300] "POST /cormun/servlet/trsolicitudgral?bd11023123bd12b85c6924b5e3fbc311,,gx-no-cache=1710762349865 HTTP/1.1" 200 5243
190.171.153.34 - - [18/Mar/2024:08:50:02 -0300] "GET /cormun/servlet/trsolicitudot? HTTP/1.1" 200 7447
190.171.153.34 - - [18/Mar/2024:08:50:15 -0300] "POST /cormun/servlet/trsolicitudot?fe0871b23137d23e2059a438cb17ca5a,,gx-no-cache=1710762441431 HTTP/1.1" 200 4633
190.171.153.34 - - [18/Mar/2024:08:50:21 -0300] "POST /cormun/servlet/trsolicitudot?fe0871b23137d23e2059a438cb17ca5a,,gx-no-cache=1710762447380 HTTP/1.1" 200 7715
190.171.153.34 - - [18/Mar/2024:08:50:31 -0300] "POST /cormun/servlet/trsolicitudot?fe0871b23137d23e2059a438cb17ca5a,,gx-no-cache=1710762457738 HTTP/1.1" 200 7716
181.212.47.137 - - [18/Mar/2024:08:50:58 -0300] "POST /cormun/servlet/trsolicitudgral?e49518311be179385363479016c53ce4,,gx-no-cache=1710762473559 HTTP/1.1" 200 5248
181.212.47.137 - - [18/Mar/2024:08:50:59 -0300] "POST /cormun/servlet/trsolicitudgral?e49518311be179385363479016c53ce4,,gx-no-cache=1710762474534 HTTP/1.1" 200 5247
181.212.47.137 - - [18/Mar/2024:08:51:00 -0300] "POST /cormun/servlet/trsolicitudgral?e49518311be179385363479016c53ce4,,gx-no-cache=1710762474926 HTTP/1.1" 200 5248
181.212.47.137 - - [18/Mar/2024:08:51:00 -0300] "POST /cormun/servlet/trsolicitudgral?e49518311be179385363479016c53ce4,,gx-no-cache=1710762475374 HTTP/1.1" 200 5247
181.212.47.137 - - [18/Mar/2024:08:51:00 -0300] "POST /cormun/servlet/trsolicitudgral?e49518311be179385363479016c53ce4,,gx-no-cache=1710762475678 HTTP/1.1" 200 5247
181.212.47.137 - - [18/Mar/2024:08:51:01 -0300] "POST /cormun/servlet/trsolicitudgral?e49518311be179385363479016c53ce4,,gx-no-cache=1710762476062 HTTP/1.1" 200 5248
181.212.47.137 - - [18/Mar/2024:08:51:02 -0300] "POST /cormun/servlet/trsolicitudgral?e49518311be179385363479016c53ce4,,gx-no-cache=1710762477510 HTTP/1.1" 200 5247
181.212.47.137 - - [18/Mar/2024:08:51:02 -0300] "POST /cormun/servlet/trsolicitudgral?e49518311be179385363479016c53ce4,,gx-no-cache=1710762477862 HTTP/1.1" 200 5248
181.212.47.137 - - [18/Mar/2024:08:51:04 -0300] "POST /cormun/servlet/trsolicitudgral?e49518311be179385363479016c53ce4,,gx-no-cache=1710762478942 HTTP/1.1" 200 5248
181.212.47.137 - - [18/Mar/2024:08:51:04 -0300] "POST /cormun/servlet/trsolicitudgral?e49518311be179385363479016c53ce4,,gx-no-cache=1710762479302 HTTP/1.1" 200 5248
181.212.47.137 - - [18/Mar/2024:08:51:09 -0300] "GET /cormun/servlet/trsolicitudgral? HTTP/1.1" 200 8310
181.212.47.137 - - [18/Mar/2024:08:51:21 -0300] "POST /cormun/servlet/trsolicitudgral?e49518311be179385363479016c53ce4,,gx-no-cache=1710762495392 HTTP/1.1" 200 25401
181.212.47.137 - - [18/Mar/2024:08:51:29 -0300] "GET /cormun/servlet/hlogin HTTP/1.1" 200 1717
181.212.47.137 - - [18/Mar/2024:08:51:36 -0300] "POST /cormun/servlet/hlogin?e49518311be179385363479016c53ce4,gx-no-cache=1710762511607 HTTP/1.1" 200 90
181.212.47.137 - - [18/Mar/2024:08:51:36 -0300] "GET /cormun/servlet/hpexe_link HTTP/1.1" 200 954
181.212.47.137 - - [18/Mar/2024:08:51:37 -0300] "GET /cormun/servlet/trsolicitudgral? HTTP/1.1" 200 27925
190.171.152.114 - - [18/Mar/2024:08:51:53 -0300] "GET /cormun/servlet/hlogin HTTP/1.1" 200 1719
190.171.152.114 - - [18/Mar/2024:08:52:09 -0300] "POST /cormun/servlet/hlogin?c8739849ed6275e8e27b255cfc87896f,gx-no-cache=1710762556392 HTTP/1.1" 200 90
190.171.152.114 - - [18/Mar/2024:08:52:09 -0300] "GET /cormun/servlet/hpexe_link HTTP/1.1" 200 951
190.171.152.114 - - [18/Mar/2024:08:52:09 -0300] "GET /cormun/servlet/hhome HTTP/1.1" 200 4327
190.171.152.114 - - [18/Mar/2024:08:52:20 -0300] "GET /cormun/servlet/trsolicitudot? HTTP/1.1" 200 10157
190.171.152.114 - - [18/Mar/2024:08:52:24 -0300] "GET /cormun/servlet/solicitudot?INS,0,0,false, HTTP/1.1" 200 16296
190.171.152.114 - - [18/Mar/2024:08:52:36 -0300] "POST /cormun/servlet/solicitudot?gx-no-cache=1710762582677 HTTP/1.1" 200 4149
190.171.152.114 - - [18/Mar/2024:08:52:36 -0300] "POST /cormun/servlet/solicitudot?c8739849ed6275e8e27b255cfc87896f,INS,0,0,false,,gx-no-cache=1710762582778 HTTP/1.1" 200 13009
190.171.152.114 - - [18/Mar/2024:08:52:40 -0300] "GET /cormun/servlet/solicitudot?dee355b6b5b8e172eee29811db0235057f5493cdd53c88544f9f8d4cb32022d7c64de34a6d7dc5ff82f53c59dd54532a,gx-no-cache=1710762587579 HTTP/1.1" 200 30
190.171.152.114 - - [18/Mar/2024:08:52:40 -0300] "GET /cormun/servlet/solicitudot?dee355b6b5b8e172eee29811db023505ab840f32f00bebcadfb9ecf20880276c83d5af6115e38c4ef131bd960930db8e7d1e880ee53468cc2dd3e7654d36c046,gx-no-cache=1710762587596 HTTP/1.1" 200 30
190.171.152.114 - - [18/Mar/2024:08:52:40 -0300] "GET /cormun/servlet/solicitudot?dee355b6b5b8e172eee29811db0235051891cc4a85cc41ad56f01b51d4ed3bb2,gx-no-cache=1710762587610 HTTP/1.1" 200 53
190.171.152.114 - - [18/Mar/2024:08:52:40 -0300] "POST /cormun/servlet/solicitudot?gx-no-cache=1710762587625 HTTP/1.1" 200 255
190.171.152.114 - - [18/Mar/2024:08:52:40 -0300] "GET /cormun/servlet/solicitudot?dee355b6b5b8e172eee29811db02350577d7513e1d7a56de8d6c1429b2e98cdc38f644ce83e1f1069a2fd42f4ca94965b8687c1393b1bb86782458cdbdc2642c96dd49b658203b1cae3541d0d4dc236c5e9438d07163e0cbfc123e2fabfc2b47e190e7e696852ce799213e43b7da246fd2397e99c4af3e562c621a8e24bcc06a38f6c49e3455ed017671dd00623c25d8af7304536b6acd831b160097e934e394e53b666bb15105eacca0d6491158dff6e7b850bd4bc48560b8bcf94322bd8c0e49411edc43a2349bfa6716f4448473fed536c51044ba4f55cb47e4d78789df1f9c3cd652294811cff6141978a919327be0304193d1eafbadae63aacbb83c424cb49c75795528d6fb652f78ce674aadc04a40ef725218d6ee54b5a875464aff870cfeb21744168e093bbdc757b1a8279473410ed07966831df4d8974eebb817032942ca8f3ff50bff27f5e7d4a2a74063b4eb91daacf62c30dd2fa1a0da9455ccfa7aa743f42b90fb7eeace631821147ffba13d4b1a2c236ffea6be138f69ec41,gx-no-cache=1710762587651 HTTP/1.1" 200 30
190.171.152.114 - - [18/Mar/2024:08:52:43 -0300] "POST /cormun/servlet/solicitudot?gx-no-cache=1710762589816 HTTP/1.1" 200 30
190.171.152.114 - - [18/Mar/2024:08:53:03 -0300] "POST /cormun/servlet/solicitudot?gx-no-cache=1710762609770 HTTP/1.1" 200 1474
190.171.152.114 - - [18/Mar/2024:08:53:03 -0300] "POST /cormun/servlet/solicitudot?gx-no-cache=1710762609795 HTTP/1.1" 200 38
190.171.152.114 - - [18/Mar/2024:08:53:03 -0300] "GET /cormun/servlet/solicitudot?dee355b6b5b8e172eee29811db02350569fdb2e8eb675dec8664b3183157421aeee5e4118fd4d7f0158cffd9b8cce12e74b14dc26c5e1dc3e08bdaf5e07c85a5ced778e12bc2b0bd668fab1a20450c4cbb4d51d6bcc13538311447c6cf472b79732c2519bfc72c676f13fff0b47081e5,gx-no-cache=1710762609811 HTTP/1.1" 200 110
181.43.231.96 - - [18/Mar/2024:08:53:03 -0300] "GET /cormun/servlet/solicitudot?395ec6fbf4082ced96a57f0a0088334695bdecc93fb40ce1f261c0b3e97b98da,gx-no-cache=1710762608430 HTTP/1.1" 200 70
181.43.231.96 - - [18/Mar/2024:08:53:03 -0300] "POST /cormun/servlet/solicitudot?gx-no-cache=1710762608625 HTTP/1.1" 200 297
181.43.231.96 - - [18/Mar/2024:08:53:03 -0300] "GET /cormun/servlet/solicitudot?395ec6fbf4082ced96a57f0a0088334614a3259c95a68c52c349d9925346593882cbc8ca2e7c6f94b1f906b9903dddbd49c90dd15009542854b2b86e1090abdbf78e9c77bf5761fab292fcfc9c40d3e62c61b5a646598219e6adde9793edd706a5a5dd7c6807ee8fab16006c5aebd6b9525441c64c3b0e5490387547ee30a334f653f2b10c073e5a21e51d80c8d2450b219b12548fa93298fbbdc3733d043ac0fe6792896b4d4f4a85dd512809be9dc15b6d85f6a7296c743f08b836f5b0f9df67809cb5b476fec4084b7ecdaed678943ab4432553d4ea86d23cadd7047fc7c2e1c1507ce7c5b4a636bfc6bf1821d1d1a681ff9837a9bba944d84a7d9f61d31d4efe7292092e5bdf488a10d615c2f7f476361bd3993a432388fb05c953852b312ce6da70b3caa3be288207c8c10d80a548a38c069985f756284e1880f8306633ce4cd64fbd2c53c4fa020acb1e464596bcd8fbfdb20915c9e46b6e6b2b64a53e86db859dca0748047e56539ee5eed174930b2a8da3e5d0b7080b6092b86d0bb46a2018e93fbfba3334b3c174fcb9108c,gx-no-cache=1710762608745 HTTP/1.1" 200 30
181.43.231.96 - - [18/Mar/2024:08:53:03 -0300] "POST /cormun/servlet/solicitudot?gx-no-cache=1710762608829 HTTP/1.1" 200 30
181.43.231.96 - - [18/Mar/2024:08:53:03 -0300] "POST /cormun/servlet/solicitudot?gx-no-cache=1710762608904 HTTP/1.1" 200 1474
181.43.231.96 - - [18/Mar/2024:08:53:03 -0300] "POST /cormun/servlet/solicitudot?gx-no-cache=1710762609044 HTTP/1.1" 200 38
181.43.231.96 - - [18/Mar/2024:08:53:03 -0300] "GET /cormun/servlet/solicitudot?395ec6fbf4082ced96a57f0a008833467b865a51bceaea4609d0a515d48bec323029784ae5910ef54cefaae7242012afda6622f5a430beccaf0e4b332f010bc8c6ee12eb51a25a9616d20db0930352f594d1a2a06de6e1fdb28ebd6345dccfff9feaf0d08eb227dd00a010a5d924ef8a,gx-no-cache=1710762609123 HTTP/1.1" 200 110
181.43.231.96 - - [18/Mar/2024:08:53:07 -0300] "POST /cormun/servlet/solicitudot?gx-no-cache=1710762612570 HTTP/1.1" 200 110
186.11.90.155 - - [18/Mar/2024:08:53:08 -0300] " ü#µ¥Üm¸®§4BÌZSoèÛ¼t¦pêz3Z µw«³ ö`<Ò7z^WÃÄ|i;MV$ÁúÏK>5±¬ ÚÚÀ+À/À,À0̨̩ÀÀ / 5 - Di h2 ÿ 3 + )ZZ Q÷ >Vã!¸²«¦ÒÛà¬\"SVT¨Ý#6 servicioos.cormun.cl + zz h2http/1.1þ" 400 -
186.11.90.155 - - [18/Mar/2024:08:53:08 -0300] "-" 400 -
186.11.90.155 - - [18/Mar/2024:08:53:08 -0300] "GET /cormun/servlet/hlogin HTTP/1.1" 200 1722
186.11.90.155 - - [18/Mar/2024:08:53:08 -0300] "GET /cormun/static/gxtimezone.js?85251 HTTP/1.1" 200 5781
186.11.90.155 - - [18/Mar/2024:08:53:09 -0300] "GET /cormun/static/gxcfg.js?2022112219184450 HTTP/1.1" 200 953
186.11.90.155 - - [18/Mar/2024:08:53:09 -0300] "GET /cormun/static/Resources/CormunLogin.png HTTP/1.1" 200 19132
186.11.90.155 - - [18/Mar/2024:08:53:09 -0300] "GET /cormun/static/messages.spa.js?85251 HTTP/1.1" 200 30736
186.11.90.155 - - [18/Mar/2024:08:53:09 -0300] "GET /cormun/static/Resources/Spanish/PXTools.css?1759030 HTTP/1.1" 200 100853
186.11.90.155 - - [18/Mar/2024:08:53:09 -0300] "GET /cormun/static/hlogin.js?2022112219184458 HTTP/1.1" 200 2156
186.11.90.155 - - [18/Mar/2024:08:53:09 -0300] "GET /cormun/static/gxgral.js?85251 HTTP/1.1" 200 384558
186.11.90.155 - - [18/Mar/2024:08:53:09 -0300] "GET /cormun/static/Resources/PXToolsLoginBackground.png HTTP/1.1" 200 1164
186.11.90.155 - - [18/Mar/2024:08:53:09 -0300] "GET /cormun/static/Resources/PXToolsButtonRight.png HTTP/1.1" 200 1294
186.11.90.155 - - [18/Mar/2024:08:53:09 -0300] "GET /cormun/static/Resources/PXToolsButtonLeft.png HTTP/1.1" 200 1310
186.11.90.155 - - [18/Mar/2024:08:53:09 -0300] "GET /cormun/static/Resources/PXToolsLoginTop.png HTTP/1.1" 200 1337
186.11.90.155 - - [18/Mar/2024:08:53:09 -0300] "GET /cormun/static/Resources/PXToolsButtonBackground.png HTTP/1.1" 200 1176
186.11.90.155 - - [18/Mar/2024:08:53:09 -0300] "GET /cormun/static/Resources/PXToolsLoginBottom.png HTTP/1.1" 200 1389
186.11.90.155 - - [18/Mar/2024:08:53:09 -0300] "GET /cormun/static/Resources/indicator.gif HTTP/1.1" 200 1553
186.11.90.155 - - [18/Mar/2024:08:53:09 -0300] "GET /cormun/servlet/hlogin HTTP/1.1" 200 1733
186.11.90.155 - - [18/Mar/2024:08:53:09 -0300] "GET /favicon.ico HTTP/1.1" 200 21630
181.43.231.96 - - [18/Mar/2024:08:53:12 -0300] "GET /cormun/servlet/solicitudot?395ec6fbf4082ced96a57f0a008833462a8b6c30f68afbe318c1b5d25f877cbe0d394a27402cc698aa50b00533139aa4b27978124887b63d5f49950cf9c932255deffc8c302bc27f11dafdd77c5f8fa0459eabe4054d58d792a78a24b4211c20ab2056b91bf0e4289e9ba3f228bd0422,gx-no-cache=1710762617700 HTTP/1.1" 200 29
181.43.231.96 - - [18/Mar/2024:08:53:12 -0300] "GET /cormun/static/menuarrow.gif HTTP/1.1" 404 1015
181.43.231.96 - - [18/Mar/2024:08:53:15 -0300] "GET /cormun/servlet/solicitudot?395ec6fbf4082ced96a57f0a008833462be31466b19902858ce9d1d903677c69687b38a480d3059e29b1e8984273fceb,gx-no-cache=1710762621058 HTTP/1.1" 200 30
190.171.152.114 - - [18/Mar/2024:08:53:18 -0300] "POST /cormun/servlet/solicitudot?gx-no-cache=1710762624770 HTTP/1.1" 200 97
190.171.152.114 - - [18/Mar/2024:08:53:22 -0300] "GET /cormun/servlet/solicitudot?dee355b6b5b8e172eee29811db023505f72c4b8b157a506a427f9610e715f06a2f46ab19b36c85bff5c8b5b085a4359a0424492a2f11988c1aae9761d559b700f11b974c97135e8d57d49e1903c020737ebd405261ebeaf256f330c974db35a845504cb600d6600e587bf31754f48e06fa86d33b1159b13352e29ab1f725f43ffb365172308e5798034ba4c9ae449fde593d361c61ce65aa396bef1330c40f3e,gx-no-cache=1710762629545 HTTP/1.1" 200 29
190.171.152.114 - - [18/Mar/2024:08:53:22 -0300] "GET /cormun/static/menuarrow.gif HTTP/1.1" 404 1015
181.43.231.96 - - [18/Mar/2024:08:53:24 -0300] "POST /cormun/servlet/solicitudot?gx-no-cache=1710762629379 HTTP/1.1" 200 30
181.43.231.96 - - [18/Mar/2024:08:53:24 -0300] "POST /cormun/servlet/solicitudot?af1927ee08130e8f808abd06b259cf95,INS,0,0,false,,gx-no-cache=1710762629425 HTTP/1.1" 500 10
190.171.152.114 - - [18/Mar/2024:08:53:25 -0300] "GET /cormun/servlet/solicitudot?dee355b6b5b8e172eee29811db0235050ebe0c915e162df49ae9b5bdef28ec1e87b19f7060609105140caae20a660630,gx-no-cache=1710762632296 HTTP/1.1" 200 30
190.171.152.114 - - [18/Mar/2024:08:53:34 -0300] "POST /cormun/servlet/solicitudot?gx-no-cache=1710762641017 HTTP/1.1" 200 33
190.171.152.114 - - [18/Mar/2024:08:53:47 -0300] "POST /cormun/servlet/solicitudot?c8739849ed6275e8e27b255cfc87896f,INS,0,0,false,,gx-no-cache=1710762654178 HTTP/1.1" 500 10
190.171.141.106 - - [18/Mar/2024:08:54:53 -0300] "GET /cormun/servlet/trlicencias? HTTP/1.1" 200 6058
190.171.141.106 - - [18/Mar/2024:08:54:54 -0300] "GET /cormun/servlet/hlogin HTTP/1.1" 200 1743
190.171.141.106 - - [18/Mar/2024:08:54:54 -0300] "GET /cormun/servlet/trlicencias? HTTP/1.1" 200 6051
181.212.47.137 - - [18/Mar/2024:08:54:55 -0300] "POST /cormun/servlet/trsolicitudgral?e49518311be179385363479016c53ce4,,gx-no-cache=1710762710195 HTTP/1.1" 200 5248
181.212.47.137 - - [18/Mar/2024:08:54:59 -0300] "POST /cormun/servlet/trsolicitudgral?e49518311be179385363479016c53ce4,,gx-no-cache=1710762713915 HTTP/1.1" 200 25401
190.171.141.106 - - [18/Mar/2024:08:55:11 -0300] "POST /cormun/servlet/hlogin?08c83d53d697af301df92e8673e0f349,gx-no-cache=1710762742163 HTTP/1.1" 200 456
190.171.141.106 - - [18/Mar/2024:08:55:24 -0300] "POST /cormun/servlet/hlogin?08c83d53d697af301df92e8673e0f349,gx-no-cache=1710762754898 HTTP/1.1" 200 456
181.212.47.137 - - [18/Mar/2024:08:55:34 -0300] "GET /cormun/servlet/vesolicitudgral?2024,20879,, HTTP/1.1" 200 8393
181.212.47.137 - - [18/Mar/2024:08:55:34 -0300] "GET /cormun/pexe_scrolldiv.js HTTP/1.1" 404 1009
181.212.47.137 - - [18/Mar/2024:08:55:35 -0300] "POST /cormun/servlet/vesolicitudgral?e49518311be179385363479016c53ce4,2024,20879,,,gx-no-cache=1710762750692 HTTP/1.1" 200 12316
181.212.47.137 - - [18/Mar/2024:08:55:35 -0300] "GET /cormun/static/Shared/jqueryui/images/ui-icons_82798d_256x240.png HTTP/1.1" 404 1089
181.212.47.137 - - [18/Mar/2024:08:55:35 -0300] "GET /cormun/static/Shared/jqueryui/images/ui-bg_highlight-soft_100_c6c2c8_1x100.png HTTP/1.1" 404 1117
181.212.47.137 - - [18/Mar/2024:08:55:35 -0300] "GET /cormun/static/Shared/jqueryui/images/ui-bg_flat_55_fafafa_40x100.png HTTP/1.1" 404 1097
181.212.47.137 - - [18/Mar/2024:08:55:35 -0300] "GET /cormun/static/Shared/jqueryui/images/ui-icons_8d78a5_256x240.png HTTP/1.1" 404 1089
181.212.47.137 - - [18/Mar/2024:08:55:36 -0300] "POST /cormun/servlet/vesolicitudgral?e49518311be179385363479016c53ce4,2024,20879,,,gx-no-cache=1710762750848 HTTP/1.1" 200 12248
181.212.47.137 - - [18/Mar/2024:08:55:40 -0300] "GET /cormun/servlet/trsolicitudgral? HTTP/1.1" 200 27887
190.171.141.106 - - [18/Mar/2024:08:55:41 -0300] "POST /cormun/servlet/hlogin?08c83d53d697af301df92e8673e0f349,gx-no-cache=1710762771983 HTTP/1.1" 200 456
181.203.27.99 - - [18/Mar/2024:08:55:48 -0300] "GET /cormun/servlet/hlogin HTTP/1.1" 200 1720
181.203.27.99 - - [18/Mar/2024:08:55:52 -0300] "POST /cormun/servlet/hlogin?af1927ee08130e8f808abd06b259cf95,gx-no-cache=1710762777787 HTTP/1.1" 200 90
181.203.27.99 - - [18/Mar/2024:08:55:52 -0300] "GET /cormun/servlet/hpexe_link HTTP/1.1" 200 958
181.203.27.99 - - [18/Mar/2024:08:55:52 -0300] "GET /cormun/servlet/prbanco?,MD, HTTP/1.1" 200 6504
181.203.27.99 - - [18/Mar/2024:08:55:56 -0300] "GET /cormun/servlet/hlogin HTTP/1.1" 200 1720
181.203.27.99 - - [18/Mar/2024:08:55:59 -0300] "POST /cormun/servlet/hlogin?af1927ee08130e8f808abd06b259cf95,gx-no-cache=1710762785203 HTTP/1.1" 200 90
181.203.27.99 - - [18/Mar/2024:08:56:00 -0300] "GET /cormun/servlet/hpexe_link HTTP/1.1" 200 958
181.203.27.99 - - [18/Mar/2024:08:56:00 -0300] "GET /cormun/servlet/prbanco?,MD, HTTP/1.1" 200 6504
181.203.27.99 - - [18/Mar/2024:08:56:39 -0300] "GET /cormun/servlet/hlogin HTTP/1.1" 200 1720
181.203.27.99 - - [18/Mar/2024:08:56:42 -0300] "POST /cormun/servlet/hlogin?af1927ee08130e8f808abd06b259cf95,gx-no-cache=1710762828019 HTTP/1.1" 200 90
181.203.27.99 - - [18/Mar/2024:08:56:42 -0300] "GET /cormun/servlet/hpexe_link HTTP/1.1" 200 958
181.203.27.99 - - [18/Mar/2024:08:56:42 -0300] "GET /cormun/servlet/prbanco?,MD, HTTP/1.1" 200 6504
181.203.27.99 - - [18/Mar/2024:08:56:45 -0300] "POST /cormun/servlet/prbanco?af1927ee08130e8f808abd06b259cf95,,MD,,gx-no-cache=1710762830972 HTTP/1.1" 200 3864
181.203.27.99 - - [18/Mar/2024:08:56:47 -0300] "GET /cormun/servlet/prbanco?,MD, HTTP/1.1" 200 6504
181.203.27.99 - - [18/Mar/2024:08:56:48 -0300] "GET /favicon.ico HTTP/1.1" 200 21630
181.203.27.99 - - [18/Mar/2024:08:56:49 -0300] "GET /cormun/servlet/prbanco?,MD, HTTP/1.1" 200 6504
181.203.27.99 - - [18/Mar/2024:08:56:50 -0300] "GET /cormun/servlet/hlogin HTTP/1.1" 200 1720
181.203.27.99 - - [18/Mar/2024:08:56:52 -0300] "GET /cormun/servlet/hlogin HTTP/1.1" 200 1720
181.203.27.99 - - [18/Mar/2024:08:56:55 -0300] "POST /cormun/servlet/hlogin?af1927ee08130e8f808abd06b259cf95,gx-no-cache=1710762840715 HTTP/1.1" 200 90
181.203.27.99 - - [18/Mar/2024:08:56:55 -0300] "GET /cormun/servlet/hpexe_link HTTP/1.1" 200 958
181.203.27.99 - - [18/Mar/2024:08:56:55 -0300] "GET /cormun/servlet/prbanco?,MD, HTTP/1.1" 200 6504
181.203.27.99 - - [18/Mar/2024:08:58:21 -0300] "GET /cormun/servlet/hlogin HTTP/1.1" 200 1719
181.203.27.99 - - [18/Mar/2024:08:58:26 -0300] "POST /cormun/servlet/hlogin?af1927ee08130e8f808abd06b259cf95,gx-no-cache=1710762931787 HTTP/1.1" 200 90
181.203.27.99 - - [18/Mar/2024:08:58:26 -0300] "GET /cormun/servlet/hpexe_link HTTP/1.1" 200 958
181.203.27.99 - - [18/Mar/2024:08:58:26 -0300] "GET /cormun/servlet/prbanco?,MD, HTTP/1.1" 200 6504
181.203.27.99 - - [18/Mar/2024:08:58:29 -0300] "GET /cormun/servlet/hlogin HTTP/1.1" 200 1719
181.203.27.99 - - [18/Mar/2024:08:58:33 -0300] "POST /cormun/servlet/hlogin?af1927ee08130e8f808abd06b259cf95,gx-no-cache=1710762938482 HTTP/1.1" 200 90
181.203.27.99 - - [18/Mar/2024:08:58:33 -0300] "GET /cormun/servlet/hpexe_link HTTP/1.1" 200 958
181.203.27.99 - - [18/Mar/2024:08:58:33 -0300] "GET /cormun/servlet/prbanco?,MD, HTTP/1.1" 200 6504
