46.174.191.32 - - [18/Mar/2024:00:08:21 -0300] "GET / HTTP/1.0" 200 11197
205.210.31.230 - - [18/Mar/2024:01:43:07 -0300] " î êJ Lùâræ¬è»×ÂÝ` ¨þí=Çfý Æ.ÃMzºÀô êälç53Fjê tHãÍiæ &À+À/À,À0̨̩À ÀÀ" 400 -
205.210.31.230 - - [18/Mar/2024:01:43:07 -0300] "-" 400 -
192.241.196.109 - - [18/Mar/2024:02:54:51 -0300] "GET /hudson HTTP/1.1" 404 973
167.94.145.60 - - [18/Mar/2024:02:58:33 -0300] "GET / HTTP/1.1" 200 11217
167.94.145.60 - - [18/Mar/2024:02:58:37 -0300] "GET / HTTP/1.1" 200 11217
167.94.145.60 - - [18/Mar/2024:02:58:38 -0300] "PRI * HTTP/2.0" 505 -
167.94.145.60 - - [18/Mar/2024:02:58:38 -0300] "GET /favicon.ico HTTP/1.1" 200 21630
208.87.242.59 - - [18/Mar/2024:05:27:46 -0300] " ü0£Ùຠ/'aJ®ÛY6.Ô* ³ÏY»Ál ~*á$÷76bmWxXrÂ@"5q}¥V! $À,À0À+À/̨̩À$À(À#À' k g ÿ " 400 -
208.87.242.59 - - [18/Mar/2024:05:28:32 -0300] " ü¶TÕñzú(èÒå·ë UHLÓ0- 0F h×ÂÏ " 400 -
208.87.242.59 - - [18/Mar/2024:05:29:08 -0300] "-" 400 -
208.87.242.59 - - [18/Mar/2024:05:29:28 -0300] "-" 400 -
208.87.242.59 - - [18/Mar/2024:05:29:33 -0300] "-" 400 -
208.87.242.59 - - [18/Mar/2024:05:29:50 -0300] "-" 400 -
208.87.242.59 - - [18/Mar/2024:05:29:58 -0300] "-" 400 -
208.87.242.59 - - [18/Mar/2024:05:30:13 -0300] " üqÕÈÕ#Ð|vôätÎCBáßgùcG๻+ü© ÿ¢=ò( " 400 -
208.87.242.59 - - [18/Mar/2024:05:30:22 -0300] " üoU7¿î"PìÐÊ>XþyðCÓýàÈu ÷°(eÇ Ã0wé7©¶½?T2? " 400 -
208.87.242.59 - - [18/Mar/2024:05:30:30 -0300] " ü!ÏÏP¶á{câ¾S>©#²¹Cwq-¶ò pÐ þÙ^,è ^ [L:½ " 400 -
208.87.242.59 - - [18/Mar/2024:05:30:37 -0300] "-" 400 -
208.87.242.59 - - [18/Mar/2024:05:30:43 -0300] "-" 400 -
208.87.242.59 - - [18/Mar/2024:05:31:14 -0300] " ü¶qRëdê&è7¦Lµ¼x"%]D¿"ív±C Ð%ûÐo×ò^0L " 400 -
208.87.242.59 - - [18/Mar/2024:05:31:22 -0300] " üdc¹ÖÑ÷ ÄE${ï¤i]RË6X <c àÑY3~j·rBÿÔñÏ " 400 -
208.87.242.59 - - [18/Mar/2024:05:31:26 -0300] "-" 400 -
45.79.181.251 - - [18/Mar/2024:06:54:27 -0300] "GET / HTTP/1.1" 200 11217
190.95.15.15 - - [18/Mar/2024:06:58:48 -0300] "GET /cormun/servlet/hlogin HTTP/1.1" 200 1727
190.95.15.15 - - [18/Mar/2024:06:58:48 -0300] "GET /cormun/servlet/hlogin HTTP/1.1" 200 1737
190.95.15.15 - - [18/Mar/2024:06:58:48 -0300] "GET /favicon.ico HTTP/1.1" 200 21630
190.95.15.15 - - [18/Mar/2024:06:58:57 -0300] "POST /cormun/servlet/hlogin?a4d24f3d43255e18087e7f0397edcfd1,gx-no-cache=1710755763167 HTTP/1.1" 200 90
190.95.15.15 - - [18/Mar/2024:06:58:57 -0300] "GET /cormun/servlet/hpexe_link HTTP/1.1" 200 956
190.95.15.15 - - [18/Mar/2024:06:58:58 -0300] "GET /cormun/servlet/hhome HTTP/1.1" 200 3980
190.95.15.15 - - [18/Mar/2024:06:59:01 -0300] "GET /cormun/servlet/trlicencias? HTTP/1.1" 200 8939
190.171.141.90 - - [18/Mar/2024:07:07:16 -0300] "GET /cormun/servlet/hlogin HTTP/1.1" 200 1722
190.171.141.90 - - [18/Mar/2024:07:07:16 -0300] "GET /cormun/servlet/hlogin HTTP/1.1" 200 1733
190.171.141.90 - - [18/Mar/2024:07:07:16 -0300] "GET /favicon.ico HTTP/1.1" 200 21630
190.171.141.90 - - [18/Mar/2024:07:07:26 -0300] "POST /cormun/servlet/hlogin?017fd540cc9c299f4b49ac498ca4d11b,gx-no-cache=1710756275187 HTTP/1.1" 200 90
190.171.141.90 - - [18/Mar/2024:07:07:26 -0300] "GET /cormun/servlet/hpexe_link HTTP/1.1" 200 953
190.171.141.90 - - [18/Mar/2024:07:07:26 -0300] "GET /cormun/servlet/hhome HTTP/1.1" 200 3970
190.171.141.90 - - [18/Mar/2024:07:07:37 -0300] "GET /cormun/servlet/trlicencias? HTTP/1.1" 200 11820
190.171.141.90 - - [18/Mar/2024:07:24:38 -0300] "GET /cormun/servlet/licenciaspermisos?DSP,19747505,L,20240313000000, HTTP/1.1" 200 7052
181.212.40.185 - - [18/Mar/2024:07:26:32 -0300] "GET /cormun/servlet/hlogin HTTP/1.1" 200 1741
181.212.40.185 - - [18/Mar/2024:07:26:32 -0300] "GET /cormun/servlet/hlogin HTTP/1.1" 200 1735
69.164.217.245 - - [18/Mar/2024:07:29:06 -0300] " &!à þÊ Cookie: mstshash= " 400 -
69.164.217.245 - - [18/Mar/2024:07:30:00 -0300] "OPTIONS / RTSP/1.0" 505 -
45.79.181.251 - - [18/Mar/2024:07:36:06 -0300] "GET / HTTP/1.1" 200 11217
190.171.152.114 - - [18/Mar/2024:07:36:51 -0300] "GET /cormun/servlet/hlogin HTTP/1.1" 200 1721
190.171.152.114 - - [18/Mar/2024:07:36:51 -0300] "GET /cormun/servlet/hlogin HTTP/1.1" 200 1731
190.171.152.114 - - [18/Mar/2024:07:37:13 -0300] "POST /cormun/servlet/hlogin?c5ea8fd8d6645cc286c5c432a2e01716,gx-no-cache=1710758060060 HTTP/1.1" 200 90
190.171.152.114 - - [18/Mar/2024:07:37:13 -0300] "GET /cormun/servlet/hpexe_link HTTP/1.1" 200 953
190.171.152.114 - - [18/Mar/2024:07:37:13 -0300] "GET /cormun/servlet/hhome HTTP/1.1" 200 4329
190.171.152.114 - - [18/Mar/2024:07:37:17 -0300] "GET /cormun/servlet/trlicencias? HTTP/1.1" 200 10044
181.212.40.185 - - [18/Mar/2024:07:40:39 -0300] "POST /cormun/servlet/hlogin?3bb816a49dd0b88425582ee4a6186b51,gx-no-cache=1710758270383 HTTP/1.1" 200 90
181.212.40.185 - - [18/Mar/2024:07:40:40 -0300] "GET /cormun/servlet/hpexe_link HTTP/1.1" 200 954
181.212.40.185 - - [18/Mar/2024:07:40:40 -0300] "GET /cormun/servlet/hhome HTTP/1.1" 200 4218
181.212.40.185 - - [18/Mar/2024:07:40:43 -0300] "GET /cormun/servlet/trlicencias? HTTP/1.1" 200 12779
190.171.152.114 - - [18/Mar/2024:07:42:40 -0300] "GET /cormun/servlet/trsolicitudot? HTTP/1.1" 200 9715
190.171.152.114 - - [18/Mar/2024:07:42:57 -0300] "GET /cormun/servlet/solicitudot?INS,0,0,false, HTTP/1.1" 200 16298
190.171.152.114 - - [18/Mar/2024:07:43:51 -0300] "GET /cormun/servlet/hlogin HTTP/1.1" 200 1721
190.171.152.114 - - [18/Mar/2024:07:43:55 -0300] "POST /cormun/servlet/solicitudot?gx-no-cache=1710758439236 HTTP/1.1" 200 4149
190.171.152.114 - - [18/Mar/2024:07:44:06 -0300] "POST /cormun/servlet/hlogin?c5ea8fd8d6645cc286c5c432a2e01716,gx-no-cache=1710758472303 HTTP/1.1" 200 90
190.171.152.114 - - [18/Mar/2024:07:44:06 -0300] "GET /cormun/servlet/hpexe_link HTTP/1.1" 200 966
190.171.152.114 - - [18/Mar/2024:07:44:06 -0300] "GET /cormun/servlet/solicitudot?INS,0,0,false, HTTP/1.1" 200 16299
190.171.152.114 - - [18/Mar/2024:07:44:19 -0300] "POST /cormun/servlet/solicitudot?gx-no-cache=1710758485458 HTTP/1.1" 200 4149
190.171.152.114 - - [18/Mar/2024:07:44:19 -0300] "POST /cormun/servlet/solicitudot?c5ea8fd8d6645cc286c5c432a2e01716,INS,0,0,false,,gx-no-cache=1710758485568 HTTP/1.1" 200 13012
185.224.128.38 - - [18/Mar/2024:07:44:29 -0300] "GET / HTTP/1.1" 200 11217
190.171.152.114 - - [18/Mar/2024:07:44:30 -0300] "GET /cormun/servlet/solicitudot?c3d903e5ed12bb1c7329c28e3ba71108ce303adaf25649458e4ad148ddee9991f33a8b4ac200dfc35a8b160f8e549518,gx-no-cache=1710758496680 HTTP/1.1" 200 30
190.171.152.114 - - [18/Mar/2024:07:44:30 -0300] "GET /cormun/servlet/solicitudot?c3d903e5ed12bb1c7329c28e3ba711083f0a8ea23af82f330d159c35e5b9f5c6a897d50d83bdbe3ed59179eb17b66ba57e83c1e45c586fde376fd56471c73530,gx-no-cache=1710758496698 HTTP/1.1" 200 30
190.171.152.114 - - [18/Mar/2024:07:44:30 -0300] "GET /cormun/servlet/solicitudot?c3d903e5ed12bb1c7329c28e3ba71108f76dda5f11771fe676689ba10790387d,gx-no-cache=1710758496712 HTTP/1.1" 200 53
190.171.152.114 - - [18/Mar/2024:07:45:51 -0300] "POST /cormun/servlet/solicitudot?gx-no-cache=1710758577849 HTTP/1.1" 200 255
190.171.152.114 - - [18/Mar/2024:07:45:51 -0300] "GET /cormun/servlet/solicitudot?c3d903e5ed12bb1c7329c28e3ba711081c3c121ce470383966b454f9851e3518310e6226d35c78251b3177795e04da723abe8f079a2c527600892beaeb3a83780619bd0d13f60e461c750e01b8760f68d4e3e64abe15bc12ea12df2281513af26407e569f3f2c4f902810d381738b88fd6a39b41594b1f40df3a17f61519d5765eee5492e988477f6c93ad9046c77382c6e385c1b31c2bd8074ae07e66761300f1dbbd014323e0fa3bd55d11e42d2673cc9f0255a7dcfc6f035f0bc3a8e322bc2ff04434c0d7cf558aea495421252598a6aff862432a9e10b2617014a009007672268bf69c0633c7b463616bf90c4a3259f04c54b6d76f4636b58c866784bfc087398dffc4bb3ae1827875225adca0253920164555f7d412a4491af56d5f48bf325db3ef6b6770fb68ad77d55bc85d467fd54afc9015365a78e115eb1a0a20bb17c00f9929ff30e3190b8e5ccbed2f252939f0575ce45d34793e16410e7fdc046bf12fc622a97750441bdd8cc0184ad562f2de4b20b616b5c279836704de0b74,gx-no-cache=1710758577875 HTTP/1.1" 200 30
190.171.152.114 - - [18/Mar/2024:07:45:53 -0300] "POST /cormun/servlet/solicitudot?gx-no-cache=1710758579870 HTTP/1.1" 200 30
190.171.152.114 - - [18/Mar/2024:07:46:00 -0300] "POST /cormun/servlet/solicitudot?gx-no-cache=1710758587186 HTTP/1.1" 200 1474
190.171.152.114 - - [18/Mar/2024:07:46:00 -0300] "POST /cormun/servlet/solicitudot?gx-no-cache=1710758587212 HTTP/1.1" 200 38
190.171.152.114 - - [18/Mar/2024:07:46:00 -0300] "GET /cormun/servlet/solicitudot?c3d903e5ed12bb1c7329c28e3ba711081fa83bbfe9679778c902b6cdf99cd6d05901396b8594de2bcbeabb9d9c7bc14ae9481de5f5157bc92ec4aaa26187beb09edd1e2770a8cfbe3b18d665feb932b7f7d2b679d4ab67aa7d05cb183d700528ec8f5dc4131b4916745e8421133b5374,gx-no-cache=1710758587228 HTTP/1.1" 200 110
121.146.92.251 - - [18/Mar/2024:07:47:01 -0300] "GET /boaform/admin/formLogin?username=ec8&psd=ec8 HTTP/1.0" 404 1007
190.171.152.114 - - [18/Mar/2024:07:47:03 -0300] "POST /cormun/servlet/solicitudot?gx-no-cache=1710758649855 HTTP/1.1" 200 97
200.73.124.136 - - [18/Mar/2024:07:47:09 -0300] "GET /cormun/servlet/hlogin HTTP/1.1" 200 1726
200.73.124.136 - - [18/Mar/2024:07:47:09 -0300] "GET /cormun/static/gxcfg.js?2022112219184450 HTTP/1.1" 200 953
200.73.124.136 - - [18/Mar/2024:07:47:09 -0300] "GET /cormun/static/gxtimezone.js?85251 HTTP/1.1" 200 5781
200.73.124.136 - - [18/Mar/2024:07:47:09 -0300] "GET /cormun/static/Resources/Spanish/PXTools.css?1759030 HTTP/1.1" 200 100853
200.73.124.136 - - [18/Mar/2024:07:47:09 -0300] "GET /cormun/static/gxgral.js?85251 HTTP/1.1" 200 384558
200.73.124.136 - - [18/Mar/2024:07:47:10 -0300] "GET /cormun/static/messages.spa.js?85251 HTTP/1.1" 200 30736
200.73.124.136 - - [18/Mar/2024:07:47:10 -0300] "GET /cormun/static/hlogin.js?2022112219184458 HTTP/1.1" 200 2156
200.73.124.136 - - [18/Mar/2024:07:47:10 -0300] "GET /cormun/static/Resources/CormunLogin.png HTTP/1.1" 200 19132
190.171.152.114 - - [18/Mar/2024:07:47:10 -0300] "GET /cormun/servlet/solicitudot?c3d903e5ed12bb1c7329c28e3ba71108f0684e8c52c575e8c71d4300e5ee59b56163a968ba3598159582b91a11ab7f9220388ea0f5c485ec3341c24e18c22f15399a3ca8812875bbd38b37ab57d2593bb11a8d49e04b3757e6759a3f0ab09bcaa62ea80ad9537bc4751b81cd3a8ff0eddbf071abdd3e2da6feb4ea2f288224b7506f0eef84e112cb6d7d5462634b3f3376a45a2871a62a5d30838c138dc0e0dd,gx-no-cache=1710758657239 HTTP/1.1" 200 29
190.171.152.114 - - [18/Mar/2024:07:47:11 -0300] "GET /cormun/static/menuarrow.gif HTTP/1.1" 404 1015
200.73.124.136 - - [18/Mar/2024:07:47:11 -0300] "GET /cormun/static/Resources/PXToolsButtonBackground.png HTTP/1.1" 200 1176
200.73.124.136 - - [18/Mar/2024:07:47:11 -0300] "GET /cormun/static/Resources/PXToolsLoginBackground.png HTTP/1.1" 200 1164
200.73.124.136 - - [18/Mar/2024:07:47:11 -0300] "GET /cormun/static/Resources/PXToolsButtonRight.png HTTP/1.1" 200 1294
200.73.124.136 - - [18/Mar/2024:07:47:11 -0300] "GET /cormun/static/Resources/PXToolsButtonLeft.png HTTP/1.1" 200 1310
200.73.124.136 - - [18/Mar/2024:07:47:11 -0300] "GET /cormun/static/Resources/PXToolsLoginTop.png HTTP/1.1" 200 1337
200.73.124.136 - - [18/Mar/2024:07:47:11 -0300] "GET /cormun/static/Resources/PXToolsLoginBottom.png HTTP/1.1" 200 1389
200.73.124.136 - - [18/Mar/2024:07:47:11 -0300] "GET /cormun/servlet/hlogin HTTP/1.1" 200 1736
200.73.124.136 - - [18/Mar/2024:07:47:11 -0300] "GET /cormun/static/Resources/indicator.gif HTTP/1.1" 200 1553
200.73.124.136 - - [18/Mar/2024:07:47:12 -0300] "GET /cormun/static/Resources/indicator.gif HTTP/1.1" 200 1553
190.171.149.90 - - [18/Mar/2024:07:47:17 -0300] "GET /cormun/servlet/hlogin HTTP/1.1" 200 1725
190.171.149.90 - - [18/Mar/2024:07:47:17 -0300] "GET /cormun/servlet/hlogin HTTP/1.1" 200 1736
190.171.149.90 - - [18/Mar/2024:07:47:32 -0300] "POST /cormun/servlet/hlogin?f5f72825b2c10d7e4a061cb1db28ca7e,gx-no-cache=1710758679880 HTTP/1.1" 200 90
190.171.149.90 - - [18/Mar/2024:07:47:32 -0300] "GET /cormun/servlet/hpexe_link HTTP/1.1" 200 954
190.171.149.90 - - [18/Mar/2024:07:47:32 -0300] "GET /cormun/servlet/hhome HTTP/1.1" 200 3827
190.171.152.114 - - [18/Mar/2024:07:47:33 -0300] "GET /cormun/servlet/solicitudot?c3d903e5ed12bb1c7329c28e3ba711086b376d4d2f922a4bdcb1e022fa5feb9532e13041df0d236a73b3304c4347492c,gx-no-cache=1710758679886 HTTP/1.1" 200 30
190.171.149.90 - - [18/Mar/2024:07:47:35 -0300] "GET /cormun/servlet/trsolicitudot? HTTP/1.1" 200 9725
190.171.152.114 - - [18/Mar/2024:07:47:40 -0300] "POST /cormun/servlet/solicitudot?gx-no-cache=1710758687127 HTTP/1.1" 200 30
190.171.149.90 - - [18/Mar/2024:07:47:48 -0300] "GET /cormun/servlet/solicitudot?INS,0,0,false, HTTP/1.1" 200 15811
190.171.152.114 - - [18/Mar/2024:07:47:55 -0300] "POST /cormun/servlet/solicitudot?c5ea8fd8d6645cc286c5c432a2e01716,INS,0,0,false,,gx-no-cache=1710758701064 HTTP/1.1" 200 93
190.171.152.114 - - [18/Mar/2024:07:47:55 -0300] "GET /cormun/servlet/hpexe_return? HTTP/1.1" 200 1011
190.171.152.114 - - [18/Mar/2024:07:47:55 -0300] "GET /cormun/servlet/trsolicitudot HTTP/1.1" 200 10159
190.171.152.242 - - [18/Mar/2024:07:48:06 -0300] "GET /cormun/servlet/hlogin HTTP/1.1" 200 1721
190.171.152.242 - - [18/Mar/2024:07:48:06 -0300] "GET /cormun/servlet/hlogin HTTP/1.1" 200 1732
190.171.149.90 - - [18/Mar/2024:07:48:07 -0300] "POST /cormun/servlet/solicitudot?gx-no-cache=1710758715195 HTTP/1.1" 200 4031
190.171.149.90 - - [18/Mar/2024:07:48:07 -0300] "POST /cormun/servlet/solicitudot?f5f72825b2c10d7e4a061cb1db28ca7e,INS,0,0,false,,gx-no-cache=1710758715335 HTTP/1.1" 200 12601
190.171.152.242 - - [18/Mar/2024:07:48:10 -0300] "POST /cormun/servlet/hlogin?ed271853a12401167dac1969bed925f4,gx-no-cache=1710758717005 HTTP/1.1" 200 90
190.171.152.242 - - [18/Mar/2024:07:48:10 -0300] "GET /cormun/servlet/hpexe_link HTTP/1.1" 200 953
190.171.152.242 - - [18/Mar/2024:07:48:10 -0300] "GET /cormun/servlet/hhome HTTP/1.1" 200 3999
190.171.149.90 - - [18/Mar/2024:07:48:10 -0300] "GET /cormun/servlet/solicitudot?1a2a1566b8152e446a7c2855e012d459eeaedd7dc98c05807bdfb84fd0e48088260f80609de2313d95f152e5b604a2bd,gx-no-cache=1710758718255 HTTP/1.1" 200 30
190.171.152.242 - - [18/Mar/2024:07:48:13 -0300] "GET /cormun/servlet/trlicencias? HTTP/1.1" 200 8401
190.171.152.242 - - [18/Mar/2024:07:51:47 -0300] "GET /cormun/servlet/trsolicitudot? HTTP/1.1" 200 7214
190.171.149.90 - - [18/Mar/2024:07:52:05 -0300] "GET /cormun/servlet/prbanco?,MD,,gxPopupLevel%3D0%3B HTTP/1.1" 200 6404
190.171.149.90 - - [18/Mar/2024:07:52:10 -0300] "GET /cormun/servlet/solicitudot?1a2a1566b8152e446a7c2855e012d45965bd3cf8a70bf4772c07164dc23189ffeea27e5647194709a43460303b537df8f8fe23adf9668b619dd3cc47293eb5c0,gx-no-cache=1710758957801 HTTP/1.1" 200 30
190.171.149.90 - - [18/Mar/2024:07:52:11 -0300] "GET /cormun/servlet/solicitudot?1a2a1566b8152e446a7c2855e012d4590079a7f270920f2c1dc5f4ad8c733c31,gx-no-cache=1710758958867 HTTP/1.1" 200 53
190.171.149.90 - - [18/Mar/2024:07:52:24 -0300] "POST /cormun/servlet/solicitudot?gx-no-cache=1710758972201 HTTP/1.1" 200 297
190.171.149.90 - - [18/Mar/2024:07:52:24 -0300] "GET /cormun/servlet/solicitudot?1a2a1566b8152e446a7c2855e012d4599b093d75de2b2a6ee715091485f4371fc77343cff3c6907252cf4d186a64724a3efe70d604e5f1fa9526f9b1433f70725e2a14b4dc5776fb87ecc47b3f8c4fe26ade2a59142fb8e81a7dbff3ff70afc01684291ee3560c25f1ea542dc93ee2e49c69d51656eaf29e1e14659d7bf4d0324008b361f9dcd4b57ece5415800ce9bba5277aa883c476605808ee53c61e1274e2ea92bf142b59788170e7c860083a0eda386349936d3fc3aab8048126c0c5bcf703ccef897344424fa707fa9e451958772b4f86de85c019c6fc5cdd31631306faaec9e1f23735b3d9dbb66acd79ef1153918d9446153cc8b4d2fa43c52f7ea5082a48151fc14be222d0eaf7437873bf3e3d305856f7da7498c32f6f430f96bc969d03298ea62866dc61b3502582881d06d83de5baa2f5e06c1658dbb0a6cbc1dfd555249d42c050aa4b8f7a6bf6d349a22f4ee2bd3c74f06b8ca47a142068ef54c1989da87e18f1fa5115d621599986ef448553196dd14f92e1f3819dad24eb7ecaca837dfe21185a71dd89c08cd6e8,gx-no-cache=1710758972229 HTTP/1.1" 200 30
190.171.149.90 - - [18/Mar/2024:07:52:26 -0300] "POST /cormun/servlet/solicitudot?gx-no-cache=1710758973689 HTTP/1.1" 200 30
190.171.149.90 - - [18/Mar/2024:07:52:26 -0300] "POST /cormun/servlet/solicitudot?gx-no-cache=1710758974486 HTTP/1.1" 200 1474
190.171.149.90 - - [18/Mar/2024:07:52:26 -0300] "POST /cormun/servlet/solicitudot?gx-no-cache=1710758974531 HTTP/1.1" 200 38
190.171.149.90 - - [18/Mar/2024:07:52:36 -0300] "GET /cormun/servlet/solicitudot?1a2a1566b8152e446a7c2855e012d4594a46eef6be692a43d290804fdc39adb44cd53fdf527ae39a2eb986c1e3e8fa3a834a68384f4a0474dc22802e32cfe357561f06f3898bf1c7c8aaf7ce90a5dcd064f31b1e5dd188f6bd8e8e7e95711e1d12c737e9506f5fbdc400f5049e30c507,gx-no-cache=1710758984573 HTTP/1.1" 200 110
190.171.149.90 - - [18/Mar/2024:07:52:55 -0300] "POST /cormun/servlet/solicitudot?gx-no-cache=1710759003514 HTTP/1.1" 200 83
190.171.149.90 - - [18/Mar/2024:07:53:01 -0300] "GET /cormun/servlet/solicitudot?1a2a1566b8152e446a7c2855e012d459cf55bcca1c183427ab46b3155d2d9cd8e9bbd14e631dc92f44a5ff003eae3c8d485834f0f2c14275e09ee0a2a114f2e5272a496b2f9965a697609d49f33aff32ff697f2e12813e553e6284705e762178254e3f7fe4b2d0a199f58515dbc11861,gx-no-cache=1710759009133 HTTP/1.1" 200 29
190.171.149.90 - - [18/Mar/2024:07:53:01 -0300] "GET /cormun/static/menuarrow.gif HTTP/1.1" 404 1015
190.171.149.90 - - [18/Mar/2024:07:53:18 -0300] "GET /cormun/servlet/solicitudot?1a2a1566b8152e446a7c2855e012d4597c7d9c2972cfdac51653f1c2d18fea493ee6b5ae181de005965f145eeb074077,gx-no-cache=1710759026254 HTTP/1.1" 200 30
190.171.149.90 - - [18/Mar/2024:07:53:26 -0300] "GET /cormun/servlet/solicitudot?1a2a1566b8152e446a7c2855e012d459058694e65c730e44967fd226f1080e9b9d5d0fb221249a672855dbb91a93e3d1,gx-no-cache=1710759034165 HTTP/1.1" 200 30
190.171.149.90 - - [18/Mar/2024:07:54:12 -0300] "POST /cormun/servlet/solicitudot?gx-no-cache=1710759080044 HTTP/1.1" 200 30
190.171.149.90 - - [18/Mar/2024:07:54:32 -0300] "POST /cormun/servlet/solicitudot?f5f72825b2c10d7e4a061cb1db28ca7e,INS,0,0,false,,gx-no-cache=1710759100113 HTTP/1.1" 200 93
190.171.149.90 - - [18/Mar/2024:07:54:33 -0300] "GET /cormun/servlet/hpexe_return? HTTP/1.1" 200 1012
190.171.149.90 - - [18/Mar/2024:07:54:33 -0300] "GET /cormun/servlet/trsolicitudot HTTP/1.1" 200 10088
190.171.141.90 - - [18/Mar/2024:07:55:00 -0300] "GET /cormun/servlet/trlicencias? HTTP/1.1" 200 6072
190.171.141.90 - - [18/Mar/2024:07:55:00 -0300] "GET /cormun/servlet/hlogin HTTP/1.1" 200 1740
190.171.141.90 - - [18/Mar/2024:07:55:08 -0300] "POST /cormun/servlet/hlogin?c74dea252cc78afed2b7e0577d6ac72e,gx-no-cache=1710759136813 HTTP/1.1" 200 90
190.171.141.90 - - [18/Mar/2024:07:55:08 -0300] "GET /cormun/servlet/hpexe_link HTTP/1.1" 200 956
190.171.141.90 - - [18/Mar/2024:07:55:08 -0300] "GET /cormun/servlet/trlicencias HTTP/1.1" 200 11678
190.171.149.90 - - [18/Mar/2024:07:59:30 -0300] "POST /cormun/servlet/trsolicitudot?f5f72825b2c10d7e4a061cb1db28ca7e,gx-no-cache=1710759398520 HTTP/1.1" 200 106
190.171.149.90 - - [18/Mar/2024:07:59:31 -0300] "GET /cormun/servlet/trsolicitudadjuntos?2024,20910, HTTP/1.1" 200 5937
190.171.149.90 - - [18/Mar/2024:07:59:33 -0300] "GET /cormun/servlet/solicitudotadjuntos?INS,2024,20910,,1, HTTP/1.1" 200 5881
190.171.149.90 - - [18/Mar/2024:07:59:33 -0300] "GET /cormun/static/about:blank HTTP/1.1" 404 1011
190.171.149.90 - - [18/Mar/2024:07:59:33 -0300] "GET /cormun/servlet/solicitudotadjuntos?1a2a1566b8152e446a7c2855e012d459e32931de9ef532e885285e6f50641aad606d5fae68a021089432baada7cd6d43,gx-no-cache=1710759401584 HTTP/1.1" 200 30
190.171.149.90 - - [18/Mar/2024:07:59:34 -0300] "POST /cormun/servlet/solicitudotadjuntos?f5f72825b2c10d7e4a061cb1db28ca7e,INS,2024,20910,,1,,gx-no-cache=1710759401615 HTTP/1.1" 200 3878
190.171.149.90 - - [18/Mar/2024:07:59:36 -0300] "POST /cormun/servlet/solicitudotadjuntos?gx-no-cache=1710759403932 HTTP/1.1" 200 26
190.171.149.90 - - [18/Mar/2024:07:59:44 -0300] "GET /cormun/servlet/solicitudotadjuntos?1a2a1566b8152e446a7c2855e012d459e0849a2205f24f958e23cab1f016e510,gx-no-cache=1710759411896 HTTP/1.1" 200 30
190.171.149.90 - - [18/Mar/2024:07:59:44 -0300] "GET /cormun/servlet/solicitudotadjuntos?1a2a1566b8152e446a7c2855e012d459e0849a2205f24f958e23cab1f016e510,gx-no-cache=1710759411924 HTTP/1.1" 200 30
190.171.149.90 - - [18/Mar/2024:07:59:48 -0300] "POST /cormun/servlet/solicitudotadjuntos?f5f72825b2c10d7e4a061cb1db28ca7e,INS,2024,20910,,1, HTTP/1.1" 500 10
190.171.149.90 - - [18/Mar/2024:08:00:03 -0300] "GET /cormun/servlet/solicitudotadjuntos?INS,2024,20910,,1, HTTP/1.1" 200 5864
190.171.149.90 - - [18/Mar/2024:08:00:03 -0300] "GET /cormun/static/about:blank HTTP/1.1" 404 1011
190.171.149.90 - - [18/Mar/2024:08:00:03 -0300] "GET /favicon.ico HTTP/1.1" 200 21630
190.171.149.90 - - [18/Mar/2024:08:00:04 -0300] "GET /cormun/servlet/solicitudotadjuntos?1a2a1566b8152e446a7c2855e012d459e32931de9ef532e885285e6f50641aad606d5fae68a021089432baada7cd6d43,gx-no-cache=1710759431645 HTTP/1.1" 200 30
190.171.149.90 - - [18/Mar/2024:08:00:04 -0300] "POST /cormun/servlet/solicitudotadjuntos?f5f72825b2c10d7e4a061cb1db28ca7e,INS,2024,20910,,1,,gx-no-cache=1710759431680 HTTP/1.1" 200 3852
190.171.149.90 - - [18/Mar/2024:08:00:06 -0300] "POST /cormun/servlet/solicitudotadjuntos?gx-no-cache=1710759434163 HTTP/1.1" 200 26
190.171.149.90 - - [18/Mar/2024:08:00:12 -0300] "GET /cormun/servlet/solicitudotadjuntos?1a2a1566b8152e446a7c2855e012d459e0849a2205f24f958e23cab1f016e510,gx-no-cache=1710759439718 HTTP/1.1" 200 30
190.171.149.90 - - [18/Mar/2024:08:00:12 -0300] "GET /cormun/servlet/solicitudotadjuntos?1a2a1566b8152e446a7c2855e012d459e0849a2205f24f958e23cab1f016e510,gx-no-cache=1710759439740 HTTP/1.1" 200 30
190.171.149.90 - - [18/Mar/2024:08:00:14 -0300] "POST /cormun/servlet/solicitudotadjuntos?f5f72825b2c10d7e4a061cb1db28ca7e,INS,2024,20910,,1, HTTP/1.1" 500 10
190.171.149.90 - - [18/Mar/2024:08:01:41 -0300] "GET /cormun/servlet/solicitudotadjuntos?INS,2024,20910,,1, HTTP/1.1" 200 5863
190.171.149.90 - - [18/Mar/2024:08:01:42 -0300] "GET /cormun/static/about:blank HTTP/1.1" 404 1011
190.171.149.90 - - [18/Mar/2024:08:01:42 -0300] "GET /cormun/servlet/solicitudotadjuntos?1a2a1566b8152e446a7c2855e012d459e32931de9ef532e885285e6f50641aad606d5fae68a021089432baada7cd6d43,gx-no-cache=1710759530286 HTTP/1.1" 200 30
190.171.149.90 - - [18/Mar/2024:08:01:42 -0300] "POST /cormun/servlet/solicitudotadjuntos?f5f72825b2c10d7e4a061cb1db28ca7e,INS,2024,20910,,1,,gx-no-cache=1710759530300 HTTP/1.1" 200 3853
190.171.152.242 - - [18/Mar/2024:08:04:35 -0300] "GET /cormun/servlet/trsolicitudot? HTTP/1.1" 200 7214
190.171.152.242 - - [18/Mar/2024:08:04:38 -0300] "GET /cormun/servlet/solicitudot?INS,0,0,false, HTTP/1.1" 200 15973
190.171.152.242 - - [18/Mar/2024:08:05:00 -0300] "POST /cormun/servlet/solicitudot?gx-no-cache=1710759727044 HTTP/1.1" 200 4097
190.171.152.242 - - [18/Mar/2024:08:05:00 -0300] "GET /cormun/static/Shared/jqueryui/images/ui-bg_highlight-soft_100_c6c2c8_1x100.png HTTP/1.1" 404 1117
190.171.152.242 - - [18/Mar/2024:08:05:00 -0300] "GET /cormun/static/Shared/jqueryui/images/ui-icons_82798d_256x240.png HTTP/1.1" 404 1089
190.171.152.242 - - [18/Mar/2024:08:05:00 -0300] "GET /cormun/static/Shared/jqueryui/images/ui-bg_flat_55_994d53_40x100.png HTTP/1.1" 404 1097
190.171.152.242 - - [18/Mar/2024:08:05:00 -0300] "GET /cormun/static/Shared/jqueryui/images/ui-icons_ebccce_256x240.png HTTP/1.1" 404 1089
190.171.152.242 - - [18/Mar/2024:08:05:03 -0300] "GET /cormun/servlet/solicitudot?a134c2f3cee6ece28fd7791290b70dc16ad8ec12747705618de96604f8a73fa203f23e6ccd8ae89a2d8544d560c50c5b,gx-no-cache=1710759729784 HTTP/1.1" 200 30
190.171.149.90 - - [18/Mar/2024:08:05:24 -0300] "POST /cormun/servlet/solicitudotadjuntos?gx-no-cache=1710759752102 HTTP/1.1" 200 26
190.171.149.90 - - [18/Mar/2024:08:05:38 -0300] "GET /cormun/servlet/solicitudotadjuntos?1a2a1566b8152e446a7c2855e012d459e0849a2205f24f958e23cab1f016e510,gx-no-cache=1710759765988 HTTP/1.1" 200 30
190.171.149.90 - - [18/Mar/2024:08:05:38 -0300] "GET /cormun/servlet/solicitudotadjuntos?1a2a1566b8152e446a7c2855e012d459e0849a2205f24f958e23cab1f016e510,gx-no-cache=1710759766009 HTTP/1.1" 200 30
190.171.149.90 - - [18/Mar/2024:08:05:42 -0300] "POST /cormun/servlet/solicitudotadjuntos?f5f72825b2c10d7e4a061cb1db28ca7e,INS,2024,20910,,1, HTTP/1.1" 500 10
190.171.149.90 - - [18/Mar/2024:08:05:45 -0300] "GET /cormun/servlet/solicitudotadjuntos?INS,2024,20910,,1, HTTP/1.1" 200 5863
190.171.149.90 - - [18/Mar/2024:08:05:45 -0300] "GET /cormun/static/about:blank HTTP/1.1" 404 1011
190.171.149.90 - - [18/Mar/2024:08:05:46 -0300] "GET /cormun/servlet/solicitudotadjuntos?1a2a1566b8152e446a7c2855e012d459e32931de9ef532e885285e6f50641aad606d5fae68a021089432baada7cd6d43,gx-no-cache=1710759773754 HTTP/1.1" 200 30
190.171.149.90 - - [18/Mar/2024:08:05:46 -0300] "POST /cormun/servlet/solicitudotadjuntos?f5f72825b2c10d7e4a061cb1db28ca7e,INS,2024,20910,,1,,gx-no-cache=1710759773779 HTTP/1.1" 200 3853
190.171.149.90 - - [18/Mar/2024:08:06:00 -0300] "POST /cormun/servlet/solicitudotadjuntos?gx-no-cache=1710759788260 HTTP/1.1" 200 26
190.171.152.242 - - [18/Mar/2024:08:07:33 -0300] "GET /cormun/servlet/prbanco?,MD,,gxPopupLevel%3D0%3B HTTP/1.1" 200 6599
190.171.152.242 - - [18/Mar/2024:08:07:40 -0300] "GET /cormun/servlet/solicitudot?a134c2f3cee6ece28fd7791290b70dc16ad0a004dd2b26677f832a451a044040d798675f64b145001e7fdbad9f655b24e3cb9b6de3be242582437ca2e8212683,gx-no-cache=1710759886834 HTTP/1.1" 200 30
190.171.152.242 - - [18/Mar/2024:08:07:41 -0300] "GET /cormun/servlet/solicitudot?a134c2f3cee6ece28fd7791290b70dc1312b17d920fb873513edfa41c136226a,gx-no-cache=1710759888397 HTTP/1.1" 200 53
190.171.152.242 - - [18/Mar/2024:08:08:52 -0300] "GET /cormun/servlet/solicitudot?a134c2f3cee6ece28fd7791290b70dc14a726e3e3314e36574280e489c18c91c0249ef4d885a4f89012fe62607d764e0977865f96fe7188bdee819788e1246996fa58d0fc95bc1f523f9874af1682d6b1dfe8960f0824616e9a0a856448f2eaf04813d1f4d35a413e2c9b19e52402cb84a6f5c772c399e53ee8bf5d22f86ab4f38d36d9842af45ad2cd96abe708c2b761068e29b16d613471ad2b141ecf562276ef5eeee6b67f2b3a24217d803b567f03410cf158c5e3bd503ddf66c18d5464cce102c842199133642bc11df6e009c1e2ecab45f4e30ecaa9d8c3e0acd673e1d172c212808f4a4d13af37d240a96bb23edea7d07fe933f576474ebc3ef77054d0a1890146ff8ba7529c05e99a132b4353bc5ae82f1f09657bf674801f180542e6d80f5b1df46e3208ef549b77934182dba0433a0a83eae87799d58cbda286fd16f55c4b3f39fac35c407d26523709b94,gx-no-cache=1710759958845 HTTP/1.1" 200 240
190.171.152.242 - - [18/Mar/2024:08:09:00 -0300] "GET /cormun/servlet/solicitudot?a134c2f3cee6ece28fd7791290b70dc172a576d0da39f384003f1a5b3f49326555acdf0d7fc4c2b9b8451ddc4b3bf9c28b03859aae322b4b6ef1e3b338cf3d304d9ad766caaf3249140e88512cef7abff4cbc2b44a67fc1b4847aff9e9c14777a08949e6a5113fecd123caeb419d8e2b6ac84dd1c19f9ef1349c6fb452caf1f6e366ced96291ed1268e8b0a3b0d0d6e9469f120f17b1072b9ffe4f6cba7f5934374da849f652404f96d005ad225e2ef6a2d4490acb9e2654fc2ec2d5176f9c3c4f4e3b0f79a0303e2e39ee8652fbdd444b2dbac787a5c1ca8cb25aa19881dd86e9cea510514539f51b401667e573b654d1e0c23f85e2b5fb2dbba92c0ba6ea99bd20ce4205c28b72a885f7c908f3afcb2fa10362ca663a9388006ae9e58046d656dce489e5e94590d32eec252c989ff7b2b1133923f585f908194336b93b55bfa3419c4486313a1f3af727965777fa8b693a91a6798abc23b4ca4b0daf827d695269d4e1afe3cb1e4b35f22bfe59403a9310777c8c77d60ced692b6ba833aa03,gx-no-cache=1710759966903 HTTP/1.1" 200 30
190.171.152.242 - - [18/Mar/2024:08:09:03 -0300] "POST /cormun/servlet/solicitudot?gx-no-cache=1710759969693 HTTP/1.1" 200 30
190.171.152.242 - - [18/Mar/2024:08:09:06 -0300] "GET /cormun/servlet/prfichaempleado?,MD,,gxPopupLevel%3D0%3B HTTP/1.1" 200 9291
190.171.152.242 - - [18/Mar/2024:08:09:20 -0300] "POST /cormun/servlet/prfichaempleado?ed271853a12401167dac1969bed925f4,,MD,,gxPopupLevel%3D0%3B,gx-no-cache=1710759986956 HTTP/1.1" 200 3413
190.171.152.242 - - [18/Mar/2024:08:09:25 -0300] "GET /cormun/servlet/prlicenciaspermisos?13586079,L,,MD,,gxPopupLevel%3D0%3B HTTP/1.1" 200 5857
190.171.152.242 - - [18/Mar/2024:08:09:31 -0300] "POST /cormun/servlet/solicitudot?gx-no-cache=1710759997998 HTTP/1.1" 200 1475
190.171.152.242 - - [18/Mar/2024:08:09:52 -0300] "POST /cormun/servlet/solicitudot?gx-no-cache=1710760018783 HTTP/1.1" 200 41
190.171.149.90 - - [18/Mar/2024:08:09:54 -0300] "GET /cormun/servlet/solicitudotadjuntos?1a2a1566b8152e446a7c2855e012d459e0849a2205f24f958e23cab1f016e510,gx-no-cache=1710760022501 HTTP/1.1" 200 30
190.171.149.90 - - [18/Mar/2024:08:09:54 -0300] "GET /cormun/servlet/solicitudotadjuntos?1a2a1566b8152e446a7c2855e012d459e0849a2205f24f958e23cab1f016e510,gx-no-cache=1710760022549 HTTP/1.1" 200 30
190.171.149.90 - - [18/Mar/2024:08:09:55 -0300] "POST /cormun/servlet/solicitudotadjuntos?f5f72825b2c10d7e4a061cb1db28ca7e,INS,2024,20910,,1, HTTP/1.1" 200 116
190.171.149.90 - - [18/Mar/2024:08:09:55 -0300] "GET /cormun/servlet/hpexe_return? HTTP/1.1" 200 1028
190.171.149.90 - - [18/Mar/2024:08:09:55 -0300] "GET /cormun/servlet/trsolicitudadjuntos?2024,20910, HTTP/1.1" 200 8847
190.171.149.90 - - [18/Mar/2024:08:09:57 -0300] "GET /cormun/servlet/solicitudotadjuntos?INS,2024,20910,,1, HTTP/1.1" 200 5881
190.171.149.90 - - [18/Mar/2024:08:09:57 -0300] "GET /cormun/static/about:blank HTTP/1.1" 404 1011
190.171.149.90 - - [18/Mar/2024:08:09:58 -0300] "GET /cormun/servlet/solicitudotadjuntos?1a2a1566b8152e446a7c2855e012d459e32931de9ef532e885285e6f50641aad606d5fae68a021089432baada7cd6d43,gx-no-cache=1710760026058 HTTP/1.1" 200 30
190.171.149.90 - - [18/Mar/2024:08:09:58 -0300] "POST /cormun/servlet/solicitudotadjuntos?f5f72825b2c10d7e4a061cb1db28ca7e,INS,2024,20910,,1,,gx-no-cache=1710760026101 HTTP/1.1" 200 3879
190.171.149.90 - - [18/Mar/2024:08:10:00 -0300] "POST /cormun/servlet/solicitudotadjuntos?gx-no-cache=1710760027946 HTTP/1.1" 200 26
190.171.149.90 - - [18/Mar/2024:08:10:05 -0300] "GET /cormun/servlet/solicitudotadjuntos?1a2a1566b8152e446a7c2855e012d459e0849a2205f24f958e23cab1f016e510,gx-no-cache=1710760033099 HTTP/1.1" 200 30
190.171.149.90 - - [18/Mar/2024:08:10:05 -0300] "GET /cormun/servlet/solicitudotadjuntos?1a2a1566b8152e446a7c2855e012d459e0849a2205f24f958e23cab1f016e510,gx-no-cache=1710760033141 HTTP/1.1" 200 30
190.171.149.90 - - [18/Mar/2024:08:10:23 -0300] "POST /cormun/servlet/solicitudotadjuntos?f5f72825b2c10d7e4a061cb1db28ca7e,INS,2024,20910,,1, HTTP/1.1" 500 10
190.171.152.242 - - [18/Mar/2024:08:10:40 -0300] "GET /cormun/servlet/solicitudot?a134c2f3cee6ece28fd7791290b70dc1398e9c4c9ee0e5ff408f087f284d50b3dbaacaa5193ca3a15df86b1983a10f30a8a7023422691bea71226ccc843327408c06b90240232be3d40b315a91aa8bcdd253c6c7c08038f5d9a53c60c281b1a3b7e50acecb71c43a093aa5ba1b43730d,gx-no-cache=1710760066744 HTTP/1.1" 200 110
190.171.152.242 - - [18/Mar/2024:08:10:40 -0300] "POST /cormun/servlet/solicitudot?gx-no-cache=1710760066785 HTTP/1.1" 200 79
190.171.152.242 - - [18/Mar/2024:08:10:46 -0300] "GET /cormun/servlet/solicitudot?a134c2f3cee6ece28fd7791290b70dc1714c3d6d91d666f8846d7139914d76e5edea7d07fe933f576474ebc3ef77054d0a1890146ff8ba7529c05e99a132b4354ccf4342467a1429a0d52aceee1e5955,gx-no-cache=1710760072594 HTTP/1.1" 200 29
190.171.152.242 - - [18/Mar/2024:08:10:46 -0300] "GET /cormun/static/menuarrow.gif HTTP/1.1" 404 1015
190.171.152.242 - - [18/Mar/2024:08:10:52 -0300] "GET /cormun/servlet/solicitudot?a134c2f3cee6ece28fd7791290b70dc1592fea909ed84aa073372ad202afb2d569aa263edf9a893aca470ceb216e8edc,gx-no-cache=1710760078547 HTTP/1.1" 200 30
190.171.152.242 - - [18/Mar/2024:08:10:52 -0300] "POST /cormun/servlet/solicitudot?gx-no-cache=1710760078618 HTTP/1.1" 200 34
181.212.47.137 - - [18/Mar/2024:08:11:15 -0300] "GET /cormun/servlet/hlogin HTTP/1.1" 200 1717
181.212.47.137 - - [18/Mar/2024:08:11:15 -0300] "GET /cormun/servlet/hlogin HTTP/1.1" 200 1727
181.212.47.137 - - [18/Mar/2024:08:11:23 -0300] "POST /cormun/servlet/hlogin?e49518311be179385363479016c53ce4,gx-no-cache=1710760098718 HTTP/1.1" 200 90
181.212.47.137 - - [18/Mar/2024:08:11:23 -0300] "GET /cormun/servlet/hpexe_link HTTP/1.1" 200 947
181.212.47.137 - - [18/Mar/2024:08:11:23 -0300] "GET /cormun/servlet/hhome HTTP/1.1" 200 3814
181.212.47.137 - - [18/Mar/2024:08:11:28 -0300] "GET /cormun/servlet/trsolicitudgral? HTTP/1.1" 200 27925
181.203.27.99 - - [18/Mar/2024:08:11:51 -0300] "GET /cormun/servlet/hlogin HTTP/1.1" 200 1726
181.203.27.99 - - [18/Mar/2024:08:11:52 -0300] "GET /cormun/static/gxcfg.js?2022112219184450 HTTP/1.1" 304 -
181.203.27.99 - - [18/Mar/2024:08:11:52 -0300] "GET /cormun/static/Resources/Spanish/PXTools.css?1759030 HTTP/1.1" 304 -
181.203.27.99 - - [18/Mar/2024:08:11:52 -0300] "GET /cormun/static/Resources/CormunLogin.png HTTP/1.1" 304 -
181.203.27.99 - - [18/Mar/2024:08:11:53 -0300] "GET /cormun/static/messages.spa.js?85251 HTTP/1.1" 304 -
181.203.27.99 - - [18/Mar/2024:08:11:53 -0300] "GET /cormun/static/hlogin.js?2022112219184458 HTTP/1.1" 304 -
181.203.27.99 - - [18/Mar/2024:08:11:53 -0300] "GET /cormun/static/Resources/PXToolsLoginTop.png HTTP/1.1" 304 -
181.203.27.99 - - [18/Mar/2024:08:11:53 -0300] "GET /cormun/static/Resources/PXToolsButtonRight.png HTTP/1.1" 304 -
181.203.27.99 - - [18/Mar/2024:08:11:53 -0300] "GET /cormun/static/Resources/PXToolsButtonLeft.png HTTP/1.1" 304 -
181.203.27.99 - - [18/Mar/2024:08:11:53 -0300] "GET /cormun/static/Resources/PXToolsLoginBackground.png HTTP/1.1" 304 -
181.203.27.99 - - [18/Mar/2024:08:11:53 -0300] "GET /cormun/static/Resources/PXToolsButtonBackground.png HTTP/1.1" 304 -
181.203.27.99 - - [18/Mar/2024:08:11:53 -0300] "GET /cormun/static/Resources/PXToolsLoginBottom.png HTTP/1.1" 304 -
181.203.27.99 - - [18/Mar/2024:08:11:53 -0300] "GET /cormun/static/Resources/indicator.gif HTTP/1.1" 304 -
181.203.27.99 - - [18/Mar/2024:08:11:53 -0300] "GET /cormun/servlet/hlogin HTTP/1.1" 200 1735
190.171.152.242 - - [18/Mar/2024:08:11:54 -0300] "POST /cormun/servlet/solicitudot?ed271853a12401167dac1969bed925f4,INS,0,0,false,,gx-no-cache=1710760141356 HTTP/1.1" 200 12969
190.171.152.242 - - [18/Mar/2024:08:12:04 -0300] "POST /cormun/servlet/solicitudot?gx-no-cache=1710760150994 HTTP/1.1" 200 295
190.171.152.242 - - [18/Mar/2024:08:12:06 -0300] "GET /cormun/servlet/solicitudot?a134c2f3cee6ece28fd7791290b70dc172a576d0da39f384003f1a5b3f4932659f2508b7c5ac31d706a3c087122dcb3b8b03859aae322b4b6ef1e3b338cf3d304d9ad766caaf3249140e88512cef7abff4cbc2b44a67fc1b4847aff9e9c14777a08949e6a5113fecd123caeb419d8e2b6ac84dd1c19f9ef1349c6fb452caf1f6e366ced96291ed1268e8b0a3b0d0d6e9469f120f17b1072b9ffe4f6cba7f5934374da849f652404f96d005ad225e2ef6a2d4490acb9e2654fc2ec2d5176f9c3c4f4e3b0f79a0303e2e39ee8652fbdd444b2dbac787a5c1ca8cb25aa19881dd86e9cea510514539f51b401667e573b654d1e0c23f85e2b5fb2dbba92c0ba6ea99bd20ce4205c28b72a885f7c908f3afcb2fa10362ca663a9388006ae9e58046d656dce489e5e94590d32eec252c989ff7b2b1133923f585f908194336b93b55bf148e8d2fb0e201132e64329f1a618d512699b280d07a1cd7d6913e8f529f440e6b71f8d8b61aedff2acb69c1d4ab5dc0d5a7b1a71d738a76ad24b85c66903e61516a2eccb0402bd2707f0ecbe35f8077,gx-no-cache=1710760153146 HTTP/1.1" 200 30
190.171.152.242 - - [18/Mar/2024:08:12:06 -0300] "POST /cormun/servlet/solicitudot?gx-no-cache=1710760153163 HTTP/1.1" 200 30
190.171.152.242 - - [18/Mar/2024:08:12:06 -0300] "POST /cormun/servlet/solicitudot?gx-no-cache=1710760153185 HTTP/1.1" 200 1475
190.171.152.242 - - [18/Mar/2024:08:12:06 -0300] "POST /cormun/servlet/solicitudot?gx-no-cache=1710760153268 HTTP/1.1" 200 41
190.171.152.242 - - [18/Mar/2024:08:12:06 -0300] "GET /cormun/servlet/solicitudot?a134c2f3cee6ece28fd7791290b70dc1398e9c4c9ee0e5ff408f087f284d50b3dbaacaa5193ca3a15df86b1983a10f30a8a7023422691bea71226ccc843327408c06b90240232be3d40b315a91aa8bcdd253c6c7c08038f5d9a53c60c281b1a3b7e50acecb71c43a093aa5ba1b43730d,gx-no-cache=1710760153290 HTTP/1.1" 200 110
190.171.152.242 - - [18/Mar/2024:08:12:06 -0300] "POST /cormun/servlet/solicitudot?gx-no-cache=1710760153314 HTTP/1.1" 200 79
190.171.152.242 - - [18/Mar/2024:08:12:06 -0300] "GET /cormun/servlet/solicitudot?a134c2f3cee6ece28fd7791290b70dc1592fea909ed84aa073372ad202afb2d569aa263edf9a893aca470ceb216e8edc,gx-no-cache=1710760153339 HTTP/1.1" 200 30
190.171.152.242 - - [18/Mar/2024:08:12:06 -0300] "POST /cormun/servlet/solicitudot?gx-no-cache=1710760153358 HTTP/1.1" 200 34
190.171.152.242 - - [18/Mar/2024:08:12:06 -0300] "POST /cormun/servlet/solicitudot?ed271853a12401167dac1969bed925f4,INS,0,0,false,,gx-no-cache=1710760153382 HTTP/1.1" 200 13073
181.203.27.99 - - [18/Mar/2024:08:12:09 -0300] "W SJ×大!æù×ÎIËäâ!»ýðôRihþ9í½ºe¼v ÄÛ¸¦\ñàRæ!TÀÚih(Z>HkÂv½Wqñ jjÀ+À/À,À0̨̩ÀÀ / 5 ê " 505 -
190.171.152.242 - - [18/Mar/2024:08:12:57 -0300] "POST /cormun/servlet/solicitudot?gx-no-cache=1710760204507 HTTP/1.1" 200 238
190.171.152.242 - - [18/Mar/2024:08:13:02 -0300] "GET /cormun/servlet/solicitudot?a134c2f3cee6ece28fd7791290b70dc172a576d0da39f384003f1a5b3f49326555acdf0d7fc4c2b9b8451ddc4b3bf9c28b03859aae322b4b6ef1e3b338cf3d304d9ad766caaf3249140e88512cef7abff4cbc2b44a67fc1b4847aff9e9c14777a08949e6a5113fecd123caeb419d8e2b6ac84dd1c19f9ef1349c6fb452caf1f6e366ced96291ed1268e8b0a3b0d0d6e9469f120f17b1072b9ffe4f6cba7f5934374da849f652404f96d005ad225e2ef6a2d4490acb9e2654fc2ec2d5176f9c3c4f4e3b0f79a0303e2e39ee8652fbdd444b2dbac787a5c1ca8cb25aa19881dd86e9cea510514539f51b401667e573b654d1e0c23f85e2b5fb2dbba92c0ba6ea99bd20ce4205c28b72a885f7c908f3afcb2fa10362ca663a9388006ae9e58046d656dce489e5e94590d32eec252c989ff7b2b1133923f585f908194336b93b55bfa3419c4486313a1f3af727965777fa8b693a91a6798abc23b4ca4b0daf827d695269d4e1afe3cb1e4b35f22bfe59403a45ac672b931880c32f848d74c00bf8a4,gx-no-cache=1710760209271 HTTP/1.1" 200 30
181.203.27.99 - - [18/Mar/2024:08:13:04 -0300] "GET /cormun/servlet/hlogin HTTP/1.1" 200 1720
181.203.27.99 - - [18/Mar/2024:08:13:05 -0300] "GET /cormun/servlet/hlogin HTTP/1.1" 200 1730
190.171.152.242 - - [18/Mar/2024:08:13:12 -0300] "POST /cormun/servlet/solicitudot?gx-no-cache=1710760218754 HTTP/1.1" 200 30
190.171.152.242 - - [18/Mar/2024:08:13:12 -0300] "POST /cormun/servlet/solicitudot?gx-no-cache=1710760218782 HTTP/1.1" 200 1475
190.171.152.242 - - [18/Mar/2024:08:13:12 -0300] "POST /cormun/servlet/solicitudot?gx-no-cache=1710760218868 HTTP/1.1" 200 41
190.171.152.242 - - [18/Mar/2024:08:13:12 -0300] "GET /cormun/servlet/solicitudot?a134c2f3cee6ece28fd7791290b70dc1398e9c4c9ee0e5ff408f087f284d50b3dbaacaa5193ca3a15df86b1983a10f30a8a7023422691bea71226ccc843327408c06b90240232be3d40b315a91aa8bcdd253c6c7c08038f5d9a53c60c281b1a3b7e50acecb71c43a093aa5ba1b43730d,gx-no-cache=1710760218904 HTTP/1.1" 200 110
190.171.152.242 - - [18/Mar/2024:08:13:12 -0300] "POST /cormun/servlet/solicitudot?gx-no-cache=1710760218945 HTTP/1.1" 200 79
190.171.152.242 - - [18/Mar/2024:08:13:12 -0300] "GET /cormun/servlet/solicitudot?a134c2f3cee6ece28fd7791290b70dc1592fea909ed84aa073372ad202afb2d569aa263edf9a893aca470ceb216e8edc,gx-no-cache=1710760218973 HTTP/1.1" 200 30
190.171.152.242 - - [18/Mar/2024:08:13:12 -0300] "POST /cormun/servlet/solicitudot?gx-no-cache=1710760219002 HTTP/1.1" 200 34
190.171.152.242 - - [18/Mar/2024:08:13:12 -0300] "POST /cormun/servlet/solicitudot?ed271853a12401167dac1969bed925f4,INS,0,0,false,,gx-no-cache=1710760219036 HTTP/1.1" 200 13095
181.203.27.99 - - [18/Mar/2024:08:13:13 -0300] "POST /cormun/servlet/hlogin?af1927ee08130e8f808abd06b259cf95,gx-no-cache=1710760218337 HTTP/1.1" 200 90
181.203.27.99 - - [18/Mar/2024:08:13:13 -0300] "GET /cormun/servlet/hpexe_link HTTP/1.1" 200 951
181.203.27.99 - - [18/Mar/2024:08:13:13 -0300] "GET /cormun/servlet/hhome HTTP/1.1" 200 3906
181.203.27.99 - - [18/Mar/2024:08:13:16 -0300] "GET /cormun/servlet/trsolicitudot? HTTP/1.1" 200 12539
181.203.27.99 - - [18/Mar/2024:08:13:22 -0300] "POST /cormun/servlet/trsolicitudot?af1927ee08130e8f808abd06b259cf95,,gx-no-cache=1710760227453 HTTP/1.1" 200 106
181.203.27.99 - - [18/Mar/2024:08:13:24 -0300] "GET /cormun/servlet/trsolicitudadjuntos?2024,20904, HTTP/1.1" 200 10206
181.203.27.99 - - [18/Mar/2024:08:13:43 -0300] "GET /cormun/servlet/trsolicitudot? HTTP/1.1" 200 12542
181.203.27.99 - - [18/Mar/2024:08:13:52 -0300] "GET /cormun/static/menuarrow.gif HTTP/1.1" 404 1015
190.171.152.242 - - [18/Mar/2024:08:14:06 -0300] "POST /cormun/servlet/solicitudot?gx-no-cache=1710760273403 HTTP/1.1" 200 295
190.171.152.242 - - [18/Mar/2024:08:14:07 -0300] "GET /cormun/servlet/solicitudot?a134c2f3cee6ece28fd7791290b70dc172a576d0da39f384003f1a5b3f4932659f2508b7c5ac31d706a3c087122dcb3b8b03859aae322b4b6ef1e3b338cf3d304d9ad766caaf3249140e88512cef7abff4cbc2b44a67fc1b4847aff9e9c14777a08949e6a5113fecd123caeb419d8e2b6ac84dd1c19f9ef1349c6fb452caf1f6e366ced96291ed1268e8b0a3b0d0d6e9469f120f17b1072b9ffe4f6cba7f5934374da849f652404f96d005ad225e2ef6a2d4490acb9e2654fc2ec2d5176f9c3c4f4e3b0f79a0303e2e39ee8652fbdd444b2dbac787a5c1ca8cb25aa19881dd86e9cea510514539f51b401667e573b654d1e0c23f85e2b5fb2dbba92c0ba6ea99bd20ce4205c28b72a885f7c908f3afcb2fa10362ca663a9388006ae9e58046d656dce489e5e94590d32eec252c989ff7b2b1133923f585f908194336b93b55bf148e8d2fb0e201132e64329f1a618d512699b280d07a1cd7d6913e8f529f440e6b71f8d8b61aedff2acb69c1d4ab5dc0d5a7b1a71d738a76ad24b85c66903e61516a2eccb0402bd2707f0ecbe35f8077,gx-no-cache=1710760274153 HTTP/1.1" 200 30
190.171.152.242 - - [18/Mar/2024:08:14:23 -0300] "POST /cormun/servlet/solicitudot?gx-no-cache=1710760290266 HTTP/1.1" 200 238
190.171.149.90 - - [18/Mar/2024:08:14:41 -0300] "GET /cormun/servlet/solicitudotadjuntos?INS,2024,20910,,1, HTTP/1.1" 200 5863
190.171.149.90 - - [18/Mar/2024:08:14:41 -0300] "GET /cormun/static/about:blank HTTP/1.1" 404 1011
190.171.149.90 - - [18/Mar/2024:08:14:42 -0300] "GET /cormun/servlet/solicitudotadjuntos?1a2a1566b8152e446a7c2855e012d459e32931de9ef532e885285e6f50641aad606d5fae68a021089432baada7cd6d43,gx-no-cache=1710760310149 HTTP/1.1" 200 30
190.171.149.90 - - [18/Mar/2024:08:14:42 -0300] "POST /cormun/servlet/solicitudotadjuntos?f5f72825b2c10d7e4a061cb1db28ca7e,INS,2024,20910,,1,,gx-no-cache=1710760310177 HTTP/1.1" 200 3852
190.171.149.90 - - [18/Mar/2024:08:14:44 -0300] "POST /cormun/servlet/solicitudotadjuntos?gx-no-cache=1710760312351 HTTP/1.1" 200 26
190.171.149.90 - - [18/Mar/2024:08:14:57 -0300] "GET /cormun/servlet/solicitudotadjuntos?1a2a1566b8152e446a7c2855e012d459e0849a2205f24f958e23cab1f016e510,gx-no-cache=1710760325094 HTTP/1.1" 200 30
190.171.149.90 - - [18/Mar/2024:08:14:57 -0300] "GET /cormun/servlet/solicitudotadjuntos?1a2a1566b8152e446a7c2855e012d459e0849a2205f24f958e23cab1f016e510,gx-no-cache=1710760325116 HTTP/1.1" 200 30
190.171.149.90 - - [18/Mar/2024:08:14:57 -0300] "POST /cormun/servlet/solicitudotadjuntos?f5f72825b2c10d7e4a061cb1db28ca7e,INS,2024,20910,,1, HTTP/1.1" 200 116
190.171.149.90 - - [18/Mar/2024:08:14:57 -0300] "GET /cormun/servlet/hpexe_return? HTTP/1.1" 200 1028
190.171.149.90 - - [18/Mar/2024:08:14:57 -0300] "GET /cormun/servlet/trsolicitudadjuntos?2024,20910, HTTP/1.1" 200 9113
190.171.149.90 - - [18/Mar/2024:08:15:00 -0300] "GET /cormun/servlet/solicitudotadjuntos?INS,2024,20910,,1, HTTP/1.1" 200 5881
190.171.149.90 - - [18/Mar/2024:08:15:00 -0300] "GET /cormun/static/about:blank HTTP/1.1" 404 1011
190.171.149.90 - - [18/Mar/2024:08:15:00 -0300] "GET /cormun/servlet/solicitudotadjuntos?1a2a1566b8152e446a7c2855e012d459e32931de9ef532e885285e6f50641aad606d5fae68a021089432baada7cd6d43,gx-no-cache=1710760328554 HTTP/1.1" 200 30
190.171.149.90 - - [18/Mar/2024:08:15:00 -0300] "POST /cormun/servlet/solicitudotadjuntos?f5f72825b2c10d7e4a061cb1db28ca7e,INS,2024,20910,,1,,gx-no-cache=1710760328584 HTTP/1.1" 200 3878
190.171.149.90 - - [18/Mar/2024:08:15:04 -0300] "POST /cormun/servlet/solicitudotadjuntos?gx-no-cache=1710760332044 HTTP/1.1" 200 26
190.171.149.90 - - [18/Mar/2024:08:15:10 -0300] "GET /cormun/servlet/solicitudotadjuntos?1a2a1566b8152e446a7c2855e012d459e0849a2205f24f958e23cab1f016e510,gx-no-cache=1710760337866 HTTP/1.1" 200 30
190.171.149.90 - - [18/Mar/2024:08:15:10 -0300] "GET /cormun/servlet/solicitudotadjuntos?1a2a1566b8152e446a7c2855e012d459e0849a2205f24f958e23cab1f016e510,gx-no-cache=1710760337886 HTTP/1.1" 200 30
190.171.149.90 - - [18/Mar/2024:08:15:10 -0300] "POST /cormun/servlet/solicitudotadjuntos?f5f72825b2c10d7e4a061cb1db28ca7e,INS,2024,20910,,1, HTTP/1.1" 200 116
190.171.149.90 - - [18/Mar/2024:08:15:12 -0300] "GET /cormun/servlet/hpexe_return? HTTP/1.1" 200 1028
190.171.149.90 - - [18/Mar/2024:08:15:14 -0300] "GET /cormun/servlet/trsolicitudadjuntos?2024,20910, HTTP/1.1" 200 9290
181.212.47.137 - - [18/Mar/2024:08:15:17 -0300] "POST /cormun/servlet/trsolicitudgral?e49518311be179385363479016c53ce4,,gx-no-cache=1710760332444 HTTP/1.1" 200 7479
190.171.149.90 - - [18/Mar/2024:08:15:18 -0300] "GET /cormun/servlet/solicitudotadjuntos?INS,2024,20910,,1, HTTP/1.1" 200 5881
190.171.149.90 - - [18/Mar/2024:08:15:20 -0300] "GET /cormun/static/about:blank HTTP/1.1" 404 1011
190.171.149.90 - - [18/Mar/2024:08:15:21 -0300] "GET /cormun/servlet/solicitudotadjuntos?1a2a1566b8152e446a7c2855e012d459e32931de9ef532e885285e6f50641aad606d5fae68a021089432baada7cd6d43,gx-no-cache=1710760348899 HTTP/1.1" 200 30
190.171.149.90 - - [18/Mar/2024:08:15:21 -0300] "POST /cormun/servlet/solicitudotadjuntos?f5f72825b2c10d7e4a061cb1db28ca7e,INS,2024,20910,,1,,gx-no-cache=1710760348954 HTTP/1.1" 200 3879
181.212.47.137 - - [18/Mar/2024:08:15:22 -0300] "GET /cormun/static/menuarrow.gif HTTP/1.1" 404 1015
190.171.149.90 - - [18/Mar/2024:08:15:23 -0300] "POST /cormun/servlet/solicitudotadjuntos?gx-no-cache=1710760351061 HTTP/1.1" 200 26
181.212.47.137 - - [18/Mar/2024:08:15:24 -0300] "POST /cormun/servlet/trsolicitudgral?e49518311be179385363479016c53ce4,,gx-no-cache=1710760339134 HTTP/1.1" 200 7480
181.212.47.137 - - [18/Mar/2024:08:15:30 -0300] "POST /cormun/servlet/trsolicitudgral?e49518311be179385363479016c53ce4,,gx-no-cache=1710760345550 HTTP/1.1" 200 5245
190.171.149.90 - - [18/Mar/2024:08:15:30 -0300] "GET /cormun/servlet/solicitudotadjuntos?1a2a1566b8152e446a7c2855e012d459e0849a2205f24f958e23cab1f016e510,gx-no-cache=1710760358502 HTTP/1.1" 200 30
190.171.149.90 - - [18/Mar/2024:08:15:30 -0300] "GET /cormun/servlet/solicitudotadjuntos?1a2a1566b8152e446a7c2855e012d459e0849a2205f24f958e23cab1f016e510,gx-no-cache=1710760358522 HTTP/1.1" 200 30
190.171.149.90 - - [18/Mar/2024:08:15:31 -0300] "POST /cormun/servlet/solicitudotadjuntos?f5f72825b2c10d7e4a061cb1db28ca7e,INS,2024,20910,,1, HTTP/1.1" 200 116
190.171.149.90 - - [18/Mar/2024:08:15:31 -0300] "GET /cormun/servlet/hpexe_return? HTTP/1.1" 200 1028
190.171.149.90 - - [18/Mar/2024:08:15:31 -0300] "GET /cormun/servlet/trsolicitudadjuntos?2024,20910, HTTP/1.1" 200 9606
181.212.47.137 - - [18/Mar/2024:08:15:32 -0300] "POST /cormun/servlet/trsolicitudgral?e49518311be179385363479016c53ce4,,gx-no-cache=1710760347908 HTTP/1.1" 200 5246
190.171.149.90 - - [18/Mar/2024:08:15:33 -0300] "GET /cormun/servlet/solicitudotadjuntos?INS,2024,20910,,1, HTTP/1.1" 200 5881
190.171.149.90 - - [18/Mar/2024:08:15:33 -0300] "GET /cormun/static/about:blank HTTP/1.1" 404 1011
181.212.47.137 - - [18/Mar/2024:08:15:33 -0300] "POST /cormun/servlet/trsolicitudgral?e49518311be179385363479016c53ce4,,gx-no-cache=1710760348628 HTTP/1.1" 200 5246
190.171.149.90 - - [18/Mar/2024:08:15:33 -0300] "GET /cormun/servlet/solicitudotadjuntos?1a2a1566b8152e446a7c2855e012d459e32931de9ef532e885285e6f50641aad606d5fae68a021089432baada7cd6d43,gx-no-cache=1710760361555 HTTP/1.1" 200 30
190.171.149.90 - - [18/Mar/2024:08:15:33 -0300] "POST /cormun/servlet/solicitudotadjuntos?f5f72825b2c10d7e4a061cb1db28ca7e,INS,2024,20910,,1,,gx-no-cache=1710760361580 HTTP/1.1" 200 3879
190.171.149.90 - - [18/Mar/2024:08:15:36 -0300] "POST /cormun/servlet/solicitudotadjuntos?gx-no-cache=1710760363681 HTTP/1.1" 200 26
181.212.47.137 - - [18/Mar/2024:08:15:42 -0300] "GET /cormun/servlet/trautorizarot? HTTP/1.1" 200 17040
181.212.47.137 - - [18/Mar/2024:08:15:42 -0300] "GET /cormun/static/gxui/gxui-all.css?120300 HTTP/1.1" 200 2179
181.212.47.137 - - [18/Mar/2024:08:15:42 -0300] "GET /cormun/static/gxcfg.js?202012169508 HTTP/1.1" 200 953
181.212.47.137 - - [18/Mar/2024:08:15:42 -0300] "GET /cormun/static/trautorizarot.js?2020121695965 HTTP/1.1" 200 53844
181.212.47.137 - - [18/Mar/2024:08:15:42 -0300] "GET /cormun/static/Shared/ext/resources/css/ext-all.css?215870 HTTP/1.1" 200 416045
181.212.47.137 - - [18/Mar/2024:08:15:42 -0300] "GET /cormun//static/Resources/PXToolsDataSearchRemember.gif HTTP/1.1" 200 1153
190.171.149.90 - - [18/Mar/2024:08:15:44 -0300] "GET /cormun/servlet/solicitudotadjuntos?1a2a1566b8152e446a7c2855e012d459e0849a2205f24f958e23cab1f016e510,gx-no-cache=1710760371995 HTTP/1.1" 200 30
190.171.149.90 - - [18/Mar/2024:08:15:44 -0300] "GET /cormun/servlet/solicitudotadjuntos?1a2a1566b8152e446a7c2855e012d459e0849a2205f24f958e23cab1f016e510,gx-no-cache=1710760372027 HTTP/1.1" 200 30
190.171.149.90 - - [18/Mar/2024:08:15:44 -0300] "POST /cormun/servlet/solicitudotadjuntos?f5f72825b2c10d7e4a061cb1db28ca7e,INS,2024,20910,,1, HTTP/1.1" 200 116
190.171.149.90 - - [18/Mar/2024:08:15:44 -0300] "GET /cormun/servlet/hpexe_return? HTTP/1.1" 200 1028
190.171.149.90 - - [18/Mar/2024:08:15:45 -0300] "GET /cormun/servlet/trsolicitudadjuntos?2024,20910, HTTP/1.1" 200 9939
181.212.42.153 - - [18/Mar/2024:08:16:42 -0300] "GET /cormun/servlet/trlicencias? HTTP/1.1" 200 6052
181.212.42.153 - - [18/Mar/2024:08:16:42 -0300] "GET /cormun/servlet/hlogin HTTP/1.1" 200 1742
181.212.42.153 - - [18/Mar/2024:08:16:42 -0300] "GET /cormun/servlet/trlicencias? HTTP/1.1" 200 6052
190.171.153.26 - - [18/Mar/2024:08:16:44 -0300] "GET /cormun/servlet/hlogin HTTP/1.1" 200 1716
190.171.153.26 - - [18/Mar/2024:08:16:44 -0300] "GET /cormun/servlet/hlogin HTTP/1.1" 200 1727
190.171.152.114 - - [18/Mar/2024:08:16:48 -0300] "POST /cormun/servlet/trsolicitudot?c5ea8fd8d6645cc286c5c432a2e01716,gx-no-cache=1710760434871 HTTP/1.1" 200 106
190.171.152.114 - - [18/Mar/2024:08:16:48 -0300] "GET /cormun/servlet/trsolicitudadjuntos?2024,20909, HTTP/1.1" 200 6434
181.212.42.153 - - [18/Mar/2024:08:16:48 -0300] "POST /cormun/servlet/hlogin?5141ff18edb2967f7baff1d32fdb859f,gx-no-cache=1710760435635 HTTP/1.1" 200 90
181.212.42.153 - - [18/Mar/2024:08:16:48 -0300] "GET /cormun/servlet/hpexe_link HTTP/1.1" 200 959
181.212.42.153 - - [18/Mar/2024:08:16:48 -0300] "GET /cormun/servlet/trlicencias HTTP/1.1" 200 11970
190.171.152.114 - - [18/Mar/2024:08:16:50 -0300] "GET /cormun/servlet/solicitudotadjuntos?INS,2024,20909,,1, HTTP/1.1" 200 6375
190.171.152.114 - - [18/Mar/2024:08:16:50 -0300] "GET /cormun/static/about:blank HTTP/1.1" 404 1011
