190.95.15.15 - - [18/Mar/2024:14:41:50 -0300] "POST /cormun/servlet/solicitudot?gx-no-cache=1710783536186 HTTP/1.1" 200 240
190.95.15.15 - - [18/Mar/2024:14:41:50 -0300] "GET /cormun/servlet/solicitudot?93627ebd39e5eacd9ab81f139c359c7a13429c3ab830cd3085263b55775f6748770d05394f7b9d827e87e449bbc6d12853e42cc8ce48edab8f06011b4b339a9b00e1a65f9d8656fd15c8b412dd11158671fb68bdefd9265218981d0759f9aa672bebe29a734a5613010db91db88e822bee24643a20151f690cd1d10fb3d93fb7e242d2bb4e298d4ac4c6d027b66ab0746192fc5876c857859c59fb38daee83169a3a45405bd3d7af34f654cd90e6a4455077493b6307eda266ce35082e5a2d5cbabb389b9ce2d5d7e2d5ffd68c3cf8a8085a701543c451a5491a24009a9a5c81520dfc99e5bd9b44e76046dd59c8c754b7dea17e61e7526ed74d5ffa0da758d7d8596b7f56b5957f7b03818fbccf46e10dda7b67119920925a389a3f1eb58359ef0755214ba74c7bbcbce6af330ebb48ef95d7d4386a9ba5257c0abd9c9bc09203ca9d1485610d382069315aa69fe128aefca281343323810c574ae30b6522ac46f472a9a9a5b49c815f3ba38ac2f1c3af46103dc3cdbf7f602febe9e67be8cb,gx-no-cache=1710783536205 HTTP/1.1" 200 30
190.95.15.15 - - [18/Mar/2024:14:41:50 -0300] "POST /cormun/servlet/solicitudot?gx-no-cache=1710783536220 HTTP/1.1" 200 30
190.95.15.15 - - [18/Mar/2024:14:41:50 -0300] "POST /cormun/servlet/solicitudot?gx-no-cache=1710783536239 HTTP/1.1" 200 1474
190.95.15.15 - - [18/Mar/2024:14:41:50 -0300] "POST /cormun/servlet/solicitudot?gx-no-cache=1710783536311 HTTP/1.1" 200 41
190.95.15.15 - - [18/Mar/2024:14:41:52 -0300] "GET /cormun/servlet/solicitudot?93627ebd39e5eacd9ab81f139c359c7aa8f1583b878479eb828b4f3a48e03c1136ec56e4afe6ae049c74d503bf1028e4f06b929893fda4d13f08a507383f268bffe2bc45dceb926ae24e7e35c54e2c63a8e96f607b6e8bfb500225805f21ac3f77eddc64615f89a7bcd3d3c7f2c41949,gx-no-cache=1710783537946 HTTP/1.1" 200 110
190.95.15.15 - - [18/Mar/2024:14:41:52 -0300] "POST /cormun/servlet/solicitudot?gx-no-cache=1710783537966 HTTP/1.1" 200 67
190.95.15.15 - - [18/Mar/2024:14:41:53 -0300] "GET /cormun/servlet/solicitudot?93627ebd39e5eacd9ab81f139c359c7a162b059440fa1ebee959131613b2cb22137778d03c48c34983fe7230424858ed882e5856d11b6b36480760dd9917d1cc1c4eef14bfe47fad0f45b15282a2a3dce2d37a74b37b56828ac140c1fcc94b306d8dea5af90f647db3e5af0eccc3e865d8c012dd9f4a01372d53052d0f23be773876e55a762669a3551f8806c04abbd90a8b656f75d7a61940e485f52cf343e8f4b0d4455a152fa975bc5955dc7581d8b1947308129369caf64d5c867b787edbd80b93a077ffe47090c81b3b31d4fa39,gx-no-cache=1710783538841 HTTP/1.1" 200 30
190.171.144.234 - - [18/Mar/2024:14:41:57 -0300] "POST /cormun/servlet/solicitudot?gx-no-cache=1710783543809 HTTP/1.1" 200 1475
190.171.144.234 - - [18/Mar/2024:14:42:21 -0300] "GET /cormun/servlet/prfichaempleado?,MD,,gxPopupLevel%3D0%3B HTTP/1.1" 200 9290
190.171.144.234 - - [18/Mar/2024:14:42:21 -0300] "GET /cormun/static/gxcfg.js?20201215571085 HTTP/1.1" 200 953
190.171.144.234 - - [18/Mar/2024:14:42:21 -0300] "GET /cormun/static/prfichaempleado.js?20201215572193 HTTP/1.1" 200 16005
190.171.144.234 - - [18/Mar/2024:14:42:50 -0300] "POST /cormun/servlet/prfichaempleado?7d833a5d49303fd62aa36cee9780da20,,MD,,gxPopupLevel%3D0%3B,gx-no-cache=1710783596769 HTTP/1.1" 200 3411
190.171.144.234 - - [18/Mar/2024:14:42:59 -0300] "POST /cormun/servlet/solicitudot?gx-no-cache=1710783605333 HTTP/1.1" 200 1475
190.171.144.234 - - [18/Mar/2024:14:43:07 -0300] "POST /cormun/servlet/solicitudot?gx-no-cache=1710783612876 HTTP/1.1" 200 122
190.171.144.234 - - [18/Mar/2024:14:43:07 -0300] "GET /cormun/servlet/solicitudot?432d8a01ca312885aa7bc9a0f3f5890a89c3e0b9bdff717e4cad0c7b7c68271acefa6402537879e9c96b136c3e009a584d6b40baf1945e75c5e6b13f77487b2dddd34b4ffea9b8381d6826884973e1afb427c5ad9e735418f01a7cf4a61679d4159c8c7919bacb796cb9aae72ed25cdc,gx-no-cache=1710783612908 HTTP/1.1" 200 110
190.171.144.234 - - [18/Mar/2024:14:43:07 -0300] "POST /cormun/servlet/solicitudot?gx-no-cache=1710783612925 HTTP/1.1" 200 79
190.171.144.234 - - [18/Mar/2024:14:43:07 -0300] "POST /cormun/servlet/solicitudot?gx-no-cache=1710783612943 HTTP/1.1" 200 146
190.95.15.15 - - [18/Mar/2024:14:43:58 -0300] "POST /cormun/servlet/solicitudot?gx-no-cache=1710783664180 HTTP/1.1" 200 105
190.95.15.15 - - [18/Mar/2024:14:44:05 -0300] "GET /cormun/servlet/solicitudot?93627ebd39e5eacd9ab81f139c359c7a6e3d74e2c46e84f211eb7fb41d0dee32fae78bc8f62318953ab5f3894ca698e0,gx-no-cache=1710783671280 HTTP/1.1" 200 30
190.95.15.15 - - [18/Mar/2024:14:44:05 -0300] "POST /cormun/servlet/solicitudot?gx-no-cache=1710783671301 HTTP/1.1" 200 34
190.95.15.15 - - [18/Mar/2024:14:44:05 -0300] "POST /cormun/servlet/solicitudot?c27300c465bc978cbed9115986d1edb9,UPD,2024,20943,false,,gx-no-cache=1710783671322 HTTP/1.1" 200 93
190.95.15.15 - - [18/Mar/2024:14:44:05 -0300] "GET /cormun/servlet/hpexe_return? HTTP/1.1" 200 1016
190.95.15.15 - - [18/Mar/2024:14:44:05 -0300] "GET /cormun/servlet/trsolicitudot HTTP/1.1" 200 8664
190.171.144.234 - - [18/Mar/2024:14:44:41 -0300] "POST /cormun/servlet/solicitudot?gx-no-cache=1710783707020 HTTP/1.1" 200 122
190.171.144.234 - - [18/Mar/2024:14:44:41 -0300] "GET /cormun/servlet/solicitudot?432d8a01ca312885aa7bc9a0f3f5890a89c3e0b9bdff717e4cad0c7b7c68271acefa6402537879e9c96b136c3e009a584d6b40baf1945e75c5e6b13f77487b2dddd34b4ffea9b8381d6826884973e1afb427c5ad9e735418f01a7cf4a61679d4159c8c7919bacb796cb9aae72ed25cdc,gx-no-cache=1710783707052 HTTP/1.1" 200 110
190.171.144.234 - - [18/Mar/2024:14:44:41 -0300] "POST /cormun/servlet/solicitudot?gx-no-cache=1710783707071 HTTP/1.1" 200 146
190.95.15.15 - - [18/Mar/2024:14:45:17 -0300] "GET /cormun/servlet/solicitudot?INS,0,0,false, HTTP/1.1" 200 15958
190.95.15.15 - - [18/Mar/2024:14:45:24 -0300] "POST /cormun/servlet/solicitudot?gx-no-cache=1710783749902 HTTP/1.1" 200 4031
190.95.15.15 - - [18/Mar/2024:14:45:24 -0300] "POST /cormun/servlet/solicitudot?c27300c465bc978cbed9115986d1edb9,INS,0,0,false,,gx-no-cache=1710783749988 HTTP/1.1" 200 12596
190.171.144.234 - - [18/Mar/2024:14:45:24 -0300] "POST /cormun/servlet/solicitudot?gx-no-cache=1710783750654 HTTP/1.1" 200 121
190.171.144.234 - - [18/Mar/2024:14:45:24 -0300] "GET /cormun/servlet/solicitudot?432d8a01ca312885aa7bc9a0f3f5890a89c3e0b9bdff717e4cad0c7b7c68271acefa6402537879e9c96b136c3e009a584d6b40baf1945e75c5e6b13f77487b2dddd34b4ffea9b8381d6826884973e1afb427c5ad9e735418f01a7cf4a61679d4159c8c7919bacb796cb9aae72ed25cdc,gx-no-cache=1710783750680 HTTP/1.1" 200 110
190.171.144.234 - - [18/Mar/2024:14:45:24 -0300] "POST /cormun/servlet/solicitudot?gx-no-cache=1710783750700 HTTP/1.1" 200 146
190.95.15.15 - - [18/Mar/2024:14:45:33 -0300] "GET /cormun/servlet/solicitudot?93627ebd39e5eacd9ab81f139c359c7a27d96ac1bdb34233e7945ec389b6b7c53d769649de7d71eb251dd1b20896ba1c,gx-no-cache=1710783759330 HTTP/1.1" 200 30
190.171.144.234 - - [18/Mar/2024:14:46:41 -0300] "POST /cormun/servlet/solicitudot?gx-no-cache=1710783826939 HTTP/1.1" 200 30
190.171.144.234 - - [18/Mar/2024:14:46:57 -0300] "POST /cormun/servlet/solicitudot?gx-no-cache=1710783843479 HTTP/1.1" 200 30
190.171.144.234 - - [18/Mar/2024:14:47:02 -0300] "POST /cormun/servlet/solicitudot?gx-no-cache=1710783848847 HTTP/1.1" 200 30
190.171.144.234 - - [18/Mar/2024:14:47:07 -0300] "POST /cormun/servlet/solicitudot?gx-no-cache=1710783853534 HTTP/1.1" 200 1475
190.171.144.234 - - [18/Mar/2024:14:47:07 -0300] "POST /cormun/servlet/solicitudot?gx-no-cache=1710783853620 HTTP/1.1" 200 41
190.171.144.234 - - [18/Mar/2024:14:47:07 -0300] "GET /cormun/servlet/solicitudot?432d8a01ca312885aa7bc9a0f3f5890a89c3e0b9bdff717e4cad0c7b7c68271acefa6402537879e9c96b136c3e009a584d6b40baf1945e75c5e6b13f77487b2dddd34b4ffea9b8381d6826884973e1afb427c5ad9e735418f01a7cf4a61679d4159c8c7919bacb796cb9aae72ed25cdc,gx-no-cache=1710783853645 HTTP/1.1" 200 110
190.171.144.234 - - [18/Mar/2024:14:47:07 -0300] "POST /cormun/servlet/solicitudot?gx-no-cache=1710783853664 HTTP/1.1" 200 79
190.171.144.234 - - [18/Mar/2024:14:47:16 -0300] "POST /cormun/servlet/solicitudot?gx-no-cache=1710783862381 HTTP/1.1" 200 30
190.171.144.234 - - [18/Mar/2024:14:47:16 -0300] "POST /cormun/servlet/solicitudot?gx-no-cache=1710783862411 HTTP/1.1" 200 1475
190.171.144.234 - - [18/Mar/2024:14:47:16 -0300] "POST /cormun/servlet/solicitudot?gx-no-cache=1710783862484 HTTP/1.1" 200 41
190.171.144.234 - - [18/Mar/2024:14:47:16 -0300] "GET /cormun/servlet/solicitudot?432d8a01ca312885aa7bc9a0f3f5890a89c3e0b9bdff717e4cad0c7b7c68271acefa6402537879e9c96b136c3e009a584d6b40baf1945e75c5e6b13f77487b2dddd34b4ffea9b8381d6826884973e1afb427c5ad9e735418f01a7cf4a61679d4159c8c7919bacb796cb9aae72ed25cdc,gx-no-cache=1710783862503 HTTP/1.1" 200 110
190.171.144.234 - - [18/Mar/2024:14:47:16 -0300] "POST /cormun/servlet/solicitudot?gx-no-cache=1710783862520 HTTP/1.1" 200 79
190.171.144.234 - - [18/Mar/2024:14:47:16 -0300] "POST /cormun/servlet/solicitudot?gx-no-cache=1710783862543 HTTP/1.1" 200 123
190.95.15.15 - - [18/Mar/2024:14:47:19 -0300] "GET /cormun/servlet/solicitudot?93627ebd39e5eacd9ab81f139c359c7abb588f16c08852fb474ff30371e852986efbc23a73f9ac8e058c455886044b07850a6719f2a0505592110f5e7c2d09b5,gx-no-cache=1710783865551 HTTP/1.1" 200 30
190.95.15.15 - - [18/Mar/2024:14:47:19 -0300] "GET /cormun/servlet/solicitudot?93627ebd39e5eacd9ab81f139c359c7a8963012e4c73fffe434072f5c60d51f0,gx-no-cache=1710783865591 HTTP/1.1" 200 29
190.95.15.15 - - [18/Mar/2024:14:47:22 -0300] "POST /cormun/servlet/solicitudot?gx-no-cache=1710783868625 HTTP/1.1" 200 240
190.95.15.15 - - [18/Mar/2024:14:47:24 -0300] "GET /cormun/servlet/solicitudot?93627ebd39e5eacd9ab81f139c359c7a13429c3ab830cd3085263b55775f6748770d05394f7b9d827e87e449bbc6d12853e42cc8ce48edab8f06011b4b339a9b00e1a65f9d8656fd15c8b412dd11158671fb68bdefd9265218981d0759f9aa672bebe29a734a5613010db91db88e822bee24643a20151f690cd1d10fb3d93fb7e242d2bb4e298d4ac4c6d027b66ab0746192fc5876c857859c59fb38daee83169a3a45405bd3d7af34f654cd90e6a4455077493b6307eda266ce35082e5a2d5cbabb389b9ce2d5d7e2d5ffd68c3cf8a8085a701543c451a5491a24009a9a5c81520dfc99e5bd9b44e76046dd59c8c754b7dea17e61e7526ed74d5ffa0da758d7d8596b7f56b5957f7b03818fbccf46e10dda7b67119920925a389a3f1eb58359ef0755214ba74c7bbcbce6af330ebb48ef95d7d4386a9ba5257c0abd9c9bc09203ca9d1485610d382069315aa69fe128aefca281343323810c574ae30b6522ac46f472a9a9a5b49c815f3ba38ac2f1c34bc699bea89ffa4c45bab5ea33a20d7c,gx-no-cache=1710783870534 HTTP/1.1" 200 30
190.95.15.15 - - [18/Mar/2024:14:47:27 -0300] "POST /cormun/servlet/solicitudot?gx-no-cache=1710783873381 HTTP/1.1" 200 30
190.95.15.15 - - [18/Mar/2024:14:47:32 -0300] "GET /cormun/servlet/prsolicitudot?19019569,,,,,MD,,gxPopupLevel%3D0%3B HTTP/1.1" 200 6065
190.95.15.15 - - [18/Mar/2024:14:47:35 -0300] "POST /cormun/servlet/solicitudot?gx-no-cache=1710783880943 HTTP/1.1" 200 1556
190.95.15.15 - - [18/Mar/2024:14:47:35 -0300] "GET /cormun/static/Shared/jqueryui/images/ui-bg_highlight-soft_100_c6c2c8_1x100.png HTTP/1.1" 404 1117
190.95.15.15 - - [18/Mar/2024:14:47:35 -0300] "GET /cormun/static/Shared/jqueryui/images/ui-icons_82798d_256x240.png HTTP/1.1" 404 1089
190.95.15.15 - - [18/Mar/2024:14:47:35 -0300] "GET /cormun/static/Shared/jqueryui/images/ui-icons_ebccce_256x240.png HTTP/1.1" 404 1089
190.95.15.15 - - [18/Mar/2024:14:47:35 -0300] "GET /cormun/static/Shared/jqueryui/images/ui-bg_flat_55_994d53_40x100.png HTTP/1.1" 404 1097
190.95.15.15 - - [18/Mar/2024:14:47:35 -0300] "POST /cormun/servlet/solicitudot?gx-no-cache=1710783880978 HTTP/1.1" 200 117
190.95.15.15 - - [18/Mar/2024:14:47:35 -0300] "GET /cormun/servlet/solicitudot?93627ebd39e5eacd9ab81f139c359c7aa8f1583b878479eb828b4f3a48e03c1136ec56e4afe6ae049c74d503bf1028e4f06b929893fda4d13f08a507383f268bffe2bc45dceb926ae24e7e35c54e2c63a8e96f607b6e8bfb500225805f21ac3f77eddc64615f89a7bcd3d3c7f2c41949,gx-no-cache=1710783880996 HTTP/1.1" 200 110
190.95.15.15 - - [18/Mar/2024:14:47:35 -0300] "POST /cormun/servlet/solicitudot?gx-no-cache=1710783881017 HTTP/1.1" 200 64
190.95.15.15 - - [18/Mar/2024:14:47:35 -0300] "GET /cormun/servlet/solicitudot?93627ebd39e5eacd9ab81f139c359c7a4366781fc070d5269aeb3660b284eadeeebaca4d23b388111eb8df572f5af73104969f897152ad8840f4276a7bfc851f93848e96d56501ae1f12cf68311dd267443bded7b4e30327bd535424de4e043877d7c31cefc5cd7d6b097e31ceff802c,gx-no-cache=1710783881040 HTTP/1.1" 200 29
190.95.15.15 - - [18/Mar/2024:14:47:35 -0300] "GET /cormun/servlet/solicitudot?93627ebd39e5eacd9ab81f139c359c7a6e3d74e2c46e84f211eb7fb41d0dee32a57e8a19fbf0e6938e472049774109f2,gx-no-cache=1710783881058 HTTP/1.1" 200 30
190.95.15.15 - - [18/Mar/2024:14:47:46 -0300] "GET /cormun/servlet/prlicenciaspermisos?7122307,L,,MD,,gxPopupLevel%3D0%3B HTTP/1.1" 200 5900
190.95.15.15 - - [18/Mar/2024:14:47:50 -0300] "POST /cormun/servlet/solicitudot?gx-no-cache=1710783895820 HTTP/1.1" 200 1474
190.95.15.15 - - [18/Mar/2024:14:47:53 -0300] "POST /cormun/servlet/solicitudot?gx-no-cache=1710783898869 HTTP/1.1" 200 41
190.171.144.234 - - [18/Mar/2024:14:47:57 -0300] "POST /cormun/servlet/solicitudot?gx-no-cache=1710783902854 HTTP/1.1" 200 123
190.171.144.234 - - [18/Mar/2024:14:47:57 -0300] "POST /cormun/servlet/solicitudot?7d833a5d49303fd62aa36cee9780da20,INS,0,0,false,,gx-no-cache=1710783902916 HTTP/1.1" 200 13132
190.95.15.15 - - [18/Mar/2024:14:48:01 -0300] "GET /cormun/servlet/solicitudot?93627ebd39e5eacd9ab81f139c359c7aa8f1583b878479eb828b4f3a48e03c1136ec56e4afe6ae049c74d503bf1028e4f06b929893fda4d13f08a507383f268bffe2bc45dceb926ae24e7e35c54e2c63a8e96f607b6e8bfb500225805f21ac3f77eddc64615f89a7bcd3d3c7f2c41949,gx-no-cache=1710783907703 HTTP/1.1" 200 110
190.95.15.15 - - [18/Mar/2024:14:48:04 -0300] "POST /cormun/servlet/solicitudot?gx-no-cache=1710783910106 HTTP/1.1" 200 97
190.171.144.234 - - [18/Mar/2024:14:48:10 -0300] "POST /cormun/servlet/solicitudot?gx-no-cache=1710783916503 HTTP/1.1" 200 30
190.95.15.15 - - [18/Mar/2024:14:48:17 -0300] "POST /cormun/servlet/solicitudot?gx-no-cache=1710783923216 HTTP/1.1" 200 32
190.171.144.234 - - [18/Mar/2024:14:48:17 -0300] "POST /cormun/servlet/solicitudot?gx-no-cache=1710783923239 HTTP/1.1" 200 1475
190.171.144.234 - - [18/Mar/2024:14:48:17 -0300] "POST /cormun/servlet/solicitudot?gx-no-cache=1710783923358 HTTP/1.1" 200 41
190.171.144.234 - - [18/Mar/2024:14:48:17 -0300] "GET /cormun/servlet/solicitudot?432d8a01ca312885aa7bc9a0f3f5890a89c3e0b9bdff717e4cad0c7b7c68271acefa6402537879e9c96b136c3e009a584d6b40baf1945e75c5e6b13f77487b2dddd34b4ffea9b8381d6826884973e1afb427c5ad9e735418f01a7cf4a61679d4159c8c7919bacb796cb9aae72ed25cdc,gx-no-cache=1710783923375 HTTP/1.1" 200 110
190.171.144.234 - - [18/Mar/2024:14:48:17 -0300] "POST /cormun/servlet/solicitudot?gx-no-cache=1710783923398 HTTP/1.1" 200 79
190.171.144.234 - - [18/Mar/2024:14:48:17 -0300] "POST /cormun/servlet/solicitudot?gx-no-cache=1710783923420 HTTP/1.1" 200 32
190.171.144.234 - - [18/Mar/2024:14:48:18 -0300] "POST /cormun/servlet/solicitudot?7d833a5d49303fd62aa36cee9780da20,INS,0,0,false,,gx-no-cache=1710783923442 HTTP/1.1" 200 93
190.171.144.234 - - [18/Mar/2024:14:48:19 -0300] "GET /cormun/servlet/hpexe_return? HTTP/1.1" 200 1007
190.171.144.234 - - [18/Mar/2024:14:48:19 -0300] "GET /cormun/servlet/trsolicitudot HTTP/1.1" 200 8681
46.172.34.120 - - [18/Mar/2024:14:48:23 -0300] "GET / HTTP/1.1" 200 11217
190.95.15.15 - - [18/Mar/2024:14:48:34 -0300] "POST /cormun/servlet/solicitudot?c27300c465bc978cbed9115986d1edb9,INS,0,0,false,,gx-no-cache=1710783939479 HTTP/1.1" 200 93
190.95.15.15 - - [18/Mar/2024:14:48:34 -0300] "GET /cormun/servlet/hpexe_return? HTTP/1.1" 200 1012
190.95.15.15 - - [18/Mar/2024:14:48:34 -0300] "GET /cormun/servlet/trsolicitudot HTTP/1.1" 200 9026
190.171.144.234 - - [18/Mar/2024:14:48:43 -0300] "GET /cormun/servlet/solicitudot?INS,0,0,false, HTTP/1.1" 200 15971
190.95.15.15 - - [18/Mar/2024:14:48:43 -0300] "POST /cormun/servlet/trsolicitudot?c27300c465bc978cbed9115986d1edb9,gx-no-cache=1710783949507 HTTP/1.1" 200 110
190.95.15.15 - - [18/Mar/2024:14:48:43 -0300] "GET /cormun/servlet/solicitudot?UPD,2024,20945,false, HTTP/1.1" 200 16488
190.95.15.15 - - [18/Mar/2024:14:48:44 -0300] "POST /cormun/servlet/solicitudot?gx-no-cache=1710783950308 HTTP/1.1" 200 4105
190.95.15.15 - - [18/Mar/2024:14:48:44 -0300] "POST /cormun/servlet/solicitudot?c27300c465bc978cbed9115986d1edb9,UPD,2024,20945,false,,gx-no-cache=1710783950412 HTTP/1.1" 200 12711
190.95.15.15 - - [18/Mar/2024:14:48:44 -0300] "GET /cormun/servlet/solicitudot?93627ebd39e5eacd9ab81f139c359c7a27d96ac1bdb34233e7945ec389b6b7c57a92b2a341f83ad1b7b4098e30e6c68e,gx-no-cache=1710783950516 HTTP/1.1" 200 30
190.95.15.15 - - [18/Mar/2024:14:48:44 -0300] "GET /cormun/servlet/solicitudot?93627ebd39e5eacd9ab81f139c359c7abb588f16c08852fb474ff30371e852986efbc23a73f9ac8e058c455886044b0782e74646704f16f2d805ab5b0c1a4e75,gx-no-cache=1710783950536 HTTP/1.1" 200 30
190.95.15.15 - - [18/Mar/2024:14:48:44 -0300] "GET /cormun/servlet/solicitudot?93627ebd39e5eacd9ab81f139c359c7a8963012e4c73fffe434072f5c60d51f0,gx-no-cache=1710783950555 HTTP/1.1" 200 29
190.95.15.15 - - [18/Mar/2024:14:48:44 -0300] "POST /cormun/servlet/solicitudot?gx-no-cache=1710783950577 HTTP/1.1" 200 239
190.95.15.15 - - [18/Mar/2024:14:48:44 -0300] "GET /cormun/servlet/solicitudot?93627ebd39e5eacd9ab81f139c359c7a13429c3ab830cd3085263b55775f6748770d05394f7b9d827e87e449bbc6d12853e42cc8ce48edab8f06011b4b339a9b00e1a65f9d8656fd15c8b412dd11158671fb68bdefd9265218981d0759f9aa672bebe29a734a5613010db91db88e822bee24643a20151f690cd1d10fb3d93fb7e242d2bb4e298d4ac4c6d027b66ab0746192fc5876c857859c59fb38daee83169a3a45405bd3d7af34f654cd90e6a4455077493b6307eda266ce35082e5a2d5cbabb389b9ce2d5d7e2d5ffd68c3cf8a8085a701543c451a5491a24009a9a5c81520dfc99e5bd9b44e76046dd59c8c754b7dea17e61e7526ed74d5ffa0da758d7d8596b7f56b5957f7b03818fbccf46e10dda7b67119920925a389a3f1eb58359ef0755214ba74c7bbcbce6af330ebb48ef95d7d4386a9ba5257c0abd9c9bc09203ca9d1485610d382069315aa69fe128aefca281343323810c574ae30b6522ac46f472a9a9a5b49c815f3ba38ac2f1c3af46103dc3cdbf7f602febe9e67be8cb,gx-no-cache=1710783950623 HTTP/1.1" 200 30
190.95.15.15 - - [18/Mar/2024:14:48:44 -0300] "POST /cormun/servlet/solicitudot?gx-no-cache=1710783950688 HTTP/1.1" 200 30
190.95.15.15 - - [18/Mar/2024:14:48:44 -0300] "POST /cormun/servlet/solicitudot?gx-no-cache=1710783950730 HTTP/1.1" 200 1474
190.95.15.15 - - [18/Mar/2024:14:48:45 -0300] "POST /cormun/servlet/solicitudot?gx-no-cache=1710783950823 HTTP/1.1" 200 41
190.95.15.15 - - [18/Mar/2024:14:48:46 -0300] "GET /cormun/servlet/solicitudot?93627ebd39e5eacd9ab81f139c359c7aa8f1583b878479eb828b4f3a48e03c1136ec56e4afe6ae049c74d503bf1028e4f06b929893fda4d13f08a507383f268bffe2bc45dceb926ae24e7e35c54e2c63a8e96f607b6e8bfb500225805f21ac3f77eddc64615f89a7bcd3d3c7f2c41949,gx-no-cache=1710783952087 HTTP/1.1" 200 110
190.95.15.15 - - [18/Mar/2024:14:48:46 -0300] "POST /cormun/servlet/solicitudot?gx-no-cache=1710783952106 HTTP/1.1" 200 67
190.95.15.15 - - [18/Mar/2024:14:48:47 -0300] "GET /cormun/servlet/solicitudot?93627ebd39e5eacd9ab81f139c359c7a162b059440fa1ebee959131613b2cb22137778d03c48c34983fe7230424858ed882e5856d11b6b36480760dd9917d1cc1c4eef14bfe47fad0f45b15282a2a3dce2d37a74b37b56828ac140c1fcc94b306d8dea5af90f647db3e5af0eccc3e865d8c012dd9f4a01372d53052d0f23be773876e55a762669a3551f8806c04abbd90a8b656f75d7a61940e485f52cf343e8f4b0d4455a152fa975bc5955dc7581d8b1947308129369caf64d5c867b787edbd80b93a077ffe47090c81b3b31d4fa39,gx-no-cache=1710783952966 HTTP/1.1" 200 30
190.95.15.15 - - [18/Mar/2024:14:48:48 -0300] "GET /cormun/servlet/solicitudot?93627ebd39e5eacd9ab81f139c359c7a6e3d74e2c46e84f211eb7fb41d0dee32fae78bc8f62318953ab5f3894ca698e0,gx-no-cache=1710783954153 HTTP/1.1" 200 30
190.95.15.15 - - [18/Mar/2024:14:48:48 -0300] "POST /cormun/servlet/solicitudot?gx-no-cache=1710783954173 HTTP/1.1" 200 32
190.95.15.15 - - [18/Mar/2024:14:48:48 -0300] "POST /cormun/servlet/solicitudot?c27300c465bc978cbed9115986d1edb9,UPD,2024,20945,false,,gx-no-cache=1710783954224 HTTP/1.1" 200 93
190.95.15.15 - - [18/Mar/2024:14:48:48 -0300] "GET /cormun/servlet/hpexe_return? HTTP/1.1" 200 1016
190.95.15.15 - - [18/Mar/2024:14:48:48 -0300] "GET /cormun/servlet/trsolicitudot HTTP/1.1" 200 9009
190.171.144.234 - - [18/Mar/2024:14:48:55 -0300] "POST /cormun/servlet/solicitudot?gx-no-cache=1710783961451 HTTP/1.1" 200 4031
190.171.144.234 - - [18/Mar/2024:14:48:55 -0300] "POST /cormun/servlet/solicitudot?7d833a5d49303fd62aa36cee9780da20,INS,0,0,false,,gx-no-cache=1710783961585 HTTP/1.1" 200 12595
190.171.144.234 - - [18/Mar/2024:14:48:55 -0300] "GET /cormun/servlet/solicitudot?432d8a01ca312885aa7bc9a0f3f5890a7af1a50c35945d4182cdc46f05936f618d12387e9b22fa7906577562bf6949fc,gx-no-cache=1710783961686 HTTP/1.1" 200 111
190.171.144.234 - - [18/Mar/2024:14:48:55 -0300] "GET /cormun/static/Shared/jqueryui/images/ui-bg_highlight-soft_100_c6c2c8_1x100.png HTTP/1.1" 404 1117
190.171.144.234 - - [18/Mar/2024:14:48:55 -0300] "GET /cormun/static/Shared/jqueryui/images/ui-bg_flat_55_994d53_40x100.png HTTP/1.1" 404 1097
190.171.144.234 - - [18/Mar/2024:14:48:55 -0300] "GET /cormun/static/Shared/jqueryui/images/ui-icons_82798d_256x240.png HTTP/1.1" 404 1089
190.171.144.234 - - [18/Mar/2024:14:48:55 -0300] "GET /cormun/static/Shared/jqueryui/images/ui-icons_ebccce_256x240.png HTTP/1.1" 404 1089
190.171.141.106 - - [18/Mar/2024:14:48:58 -0300] "GET /cormun/servlet/hhome HTTP/1.1" 200 3322
190.171.141.106 - - [18/Mar/2024:14:48:58 -0300] "GET /cormun/servlet/hlogin HTTP/1.1" 200 1737
190.95.15.15 - - [18/Mar/2024:14:49:00 -0300] "POST /cormun/servlet/trsolicitudot?c27300c465bc978cbed9115986d1edb9,gx-no-cache=1710783965960 HTTP/1.1" 200 110
190.95.15.15 - - [18/Mar/2024:14:49:00 -0300] "GET /cormun/servlet/solicitudot?UPD,2024,20945,false, HTTP/1.1" 200 16485
190.95.15.15 - - [18/Mar/2024:14:49:00 -0300] "POST /cormun/servlet/solicitudot?gx-no-cache=1710783966725 HTTP/1.1" 200 4105
190.95.15.15 - - [18/Mar/2024:14:49:01 -0300] "POST /cormun/servlet/solicitudot?c27300c465bc978cbed9115986d1edb9,UPD,2024,20945,false,,gx-no-cache=1710783966823 HTTP/1.1" 200 12702
190.95.15.15 - - [18/Mar/2024:14:49:01 -0300] "GET /cormun/servlet/solicitudot?93627ebd39e5eacd9ab81f139c359c7a27d96ac1bdb34233e7945ec389b6b7c57a92b2a341f83ad1b7b4098e30e6c68e,gx-no-cache=1710783966916 HTTP/1.1" 200 30
190.95.15.15 - - [18/Mar/2024:14:49:01 -0300] "GET /cormun/servlet/solicitudot?93627ebd39e5eacd9ab81f139c359c7abb588f16c08852fb474ff30371e852986efbc23a73f9ac8e058c455886044b0782e74646704f16f2d805ab5b0c1a4e75,gx-no-cache=1710783966935 HTTP/1.1" 200 30
190.95.15.15 - - [18/Mar/2024:14:49:01 -0300] "GET /cormun/servlet/solicitudot?93627ebd39e5eacd9ab81f139c359c7a8963012e4c73fffe434072f5c60d51f0,gx-no-cache=1710783966949 HTTP/1.1" 200 29
190.95.15.15 - - [18/Mar/2024:14:49:01 -0300] "POST /cormun/servlet/solicitudot?gx-no-cache=1710783966965 HTTP/1.1" 200 239
190.95.15.15 - - [18/Mar/2024:14:49:01 -0300] "GET /cormun/servlet/solicitudot?93627ebd39e5eacd9ab81f139c359c7a13429c3ab830cd3085263b55775f6748770d05394f7b9d827e87e449bbc6d12853e42cc8ce48edab8f06011b4b339a9b00e1a65f9d8656fd15c8b412dd11158671fb68bdefd9265218981d0759f9aa672bebe29a734a5613010db91db88e822bee24643a20151f690cd1d10fb3d93fb7e242d2bb4e298d4ac4c6d027b66ab0746192fc5876c857859c59fb38daee83169a3a45405bd3d7af34f654cd90e6a4455077493b6307eda266ce35082e5a2d5cbabb389b9ce2d5d7e2d5ffd68c3cf8a8085a701543c451a5491a24009a9a5c81520dfc99e5bd9b44e76046dd59c8c754b7dea17e61e7526ed74d5ffa0da758d7d8596b7f56b5957f7b03818fbccf46e10dda7b67119920925a389a3f1eb58359ef0755214ba74c7bbcbce6af330ebb48ef95d7d4386a9ba5257c0abd9c9bc09203ca9d1485610d382069315aa69fe128aefca281343323810c574ae30b6522ac46f472a9a9a5b49c815f3ba38ac2f1c3af46103dc3cdbf7f602febe9e67be8cb,gx-no-cache=1710783966983 HTTP/1.1" 200 30
190.95.15.15 - - [18/Mar/2024:14:49:01 -0300] "POST /cormun/servlet/solicitudot?gx-no-cache=1710783967000 HTTP/1.1" 200 30
190.95.15.15 - - [18/Mar/2024:14:49:01 -0300] "POST /cormun/servlet/solicitudot?gx-no-cache=1710783967017 HTTP/1.1" 200 1474
190.95.15.15 - - [18/Mar/2024:14:49:01 -0300] "POST /cormun/servlet/solicitudot?gx-no-cache=1710783967089 HTTP/1.1" 200 41
190.171.141.106 - - [18/Mar/2024:14:49:01 -0300] "POST /cormun/servlet/hlogin?e1bcc110966ad1bdcc6f24a61aeab8ac,gx-no-cache=1710783967023 HTTP/1.1" 200 90
190.171.141.106 - - [18/Mar/2024:14:49:01 -0300] "GET /cormun/servlet/hpexe_link HTTP/1.1" 200 953
190.171.141.106 - - [18/Mar/2024:14:49:01 -0300] "GET /cormun/servlet/hhome HTTP/1.1" 200 4269
190.95.15.15 - - [18/Mar/2024:14:49:02 -0300] "GET /cormun/servlet/solicitudot?93627ebd39e5eacd9ab81f139c359c7aa8f1583b878479eb828b4f3a48e03c1136ec56e4afe6ae049c74d503bf1028e4f06b929893fda4d13f08a507383f268bffe2bc45dceb926ae24e7e35c54e2c63a8e96f607b6e8bfb500225805f21ac3f77eddc64615f89a7bcd3d3c7f2c41949,gx-no-cache=1710783968658 HTTP/1.1" 200 110
190.171.141.106 - - [18/Mar/2024:14:49:03 -0300] "GET /cormun/servlet/trsolicitudot? HTTP/1.1" 200 7487
190.171.144.234 - - [18/Mar/2024:14:49:11 -0300] "GET /cormun/servlet/solicitudot?432d8a01ca312885aa7bc9a0f3f5890acceef6b26c85b4281d6d9341d41bf39f891365e8e1c35885067ba72217095bad,gx-no-cache=1710783977669 HTTP/1.1" 200 30
190.171.141.106 - - [18/Mar/2024:14:49:12 -0300] "POST /cormun/servlet/trsolicitudot?e1bcc110966ad1bdcc6f24a61aeab8ac,,gx-no-cache=1710783977103 HTTP/1.1" 200 15931
152.230.42.226 - - [18/Mar/2024:14:49:13 -0300] "GET /cormun/servlet/trcontratounov2? HTTP/1.1" 200 5912
152.230.42.226 - - [18/Mar/2024:14:49:14 -0300] "GET /cormun/servlet/hlogin HTTP/1.1" 200 1744
152.230.42.226 - - [18/Mar/2024:14:49:17 -0300] "POST /cormun/servlet/hlogin?6c518672255239c829eb547741f58b8f,gx-no-cache=1710783982925 HTTP/1.1" 200 90
190.95.15.15 - - [18/Mar/2024:14:49:18 -0300] "POST /cormun/servlet/solicitudot?gx-no-cache=1710783984045 HTTP/1.1" 200 67
152.230.42.226 - - [18/Mar/2024:14:49:18 -0300] "GET /cormun/servlet/hpexe_link HTTP/1.1" 200 958
152.230.42.226 - - [18/Mar/2024:14:49:19 -0300] "GET /cormun/servlet/trcontratounov2 HTTP/1.1" 200 14795
190.95.15.15 - - [18/Mar/2024:14:49:33 -0300] "POST /cormun/servlet/solicitudot?gx-no-cache=1710783998942 HTTP/1.1" 200 105
190.171.141.106 - - [18/Mar/2024:14:49:34 -0300] "GET /cormun/servlet/trsolicitudot? HTTP/1.1" 200 18580
190.95.15.15 - - [18/Mar/2024:14:49:36 -0300] "GET /cormun/servlet/solicitudot?93627ebd39e5eacd9ab81f139c359c7a5dccaad5766774bf9c59adfb5c72f8d0137778d03c48c34983fe7230424858ed882e5856d11b6b36480760dd9917d1cc1c4eef14bfe47fad0f45b15282a2a3dce2d37a74b37b56828ac140c1fcc94b306d8dea5af90f647db3e5af0eccc3e865d8c012dd9f4a01372d53052d0f23be773876e55a762669a3551f8806c04abbd90a8b656f75d7a61940e485f52cf343e8f4b0d4455a152fa975bc5955dc7581d8b1947308129369caf64d5c867b787edbd80b93a077ffe47090c81b3b31d4fa39,gx-no-cache=1710784002223 HTTP/1.1" 200 29
190.95.15.15 - - [18/Mar/2024:14:49:36 -0300] "GET /cormun/servlet/solicitudot?93627ebd39e5eacd9ab81f139c359c7a6e3d74e2c46e84f211eb7fb41d0dee32fae78bc8f62318953ab5f3894ca698e0,gx-no-cache=1710784002240 HTTP/1.1" 200 30
190.95.15.15 - - [18/Mar/2024:14:49:36 -0300] "POST /cormun/servlet/solicitudot?gx-no-cache=1710784002256 HTTP/1.1" 200 32
190.95.15.15 - - [18/Mar/2024:14:49:36 -0300] "POST /cormun/servlet/solicitudot?c27300c465bc978cbed9115986d1edb9,UPD,2024,20945,false,,gx-no-cache=1710784002291 HTTP/1.1" 200 93
190.95.15.15 - - [18/Mar/2024:14:49:36 -0300] "GET /cormun/servlet/hpexe_return? HTTP/1.1" 200 1016
190.95.15.15 - - [18/Mar/2024:14:49:36 -0300] "GET /cormun/servlet/trsolicitudot HTTP/1.1" 200 8990
190.171.141.106 - - [18/Mar/2024:14:49:44 -0300] "GET /cormun/servlet/trvisualizadoreventos? HTTP/1.1" 200 7046
190.171.141.106 - - [18/Mar/2024:14:49:44 -0300] "GET /cormun/static/gxcfg.js?202211298474834 HTTP/1.1" 200 953
190.171.141.106 - - [18/Mar/2024:14:49:44 -0300] "GET /cormun/static/Resources/PXToolsActionPrint.png HTTP/1.1" 200 404
190.171.141.106 - - [18/Mar/2024:14:49:44 -0300] "GET /cormun/static/trvisualizadoreventos.js?202211298474971 HTTP/1.1" 200 19318
190.171.141.106 - - [18/Mar/2024:14:49:53 -0300] "GET /cormun/servlet/trsolicitudot? HTTP/1.1" 200 18581
190.171.141.106 - - [18/Mar/2024:14:49:56 -0300] "POST /cormun/servlet/trsolicitudot?e1bcc110966ad1bdcc6f24a61aeab8ac,,gx-no-cache=1710784021408 HTTP/1.1" 200 15940
190.171.141.106 - - [18/Mar/2024:14:50:14 -0300] "POST /cormun/servlet/trsolicitudot?e1bcc110966ad1bdcc6f24a61aeab8ac,,gx-no-cache=1710784039419 HTTP/1.1" 200 9832
190.171.141.106 - - [18/Mar/2024:14:50:28 -0300] "POST /cormun/servlet/trsolicitudot?e1bcc110966ad1bdcc6f24a61aeab8ac,,gx-no-cache=1710784053680 HTTP/1.1" 200 15940
190.95.15.15 - - [18/Mar/2024:14:50:33 -0300] "GET /cormun/servlet/solicitudot?INS,0,0,false, HTTP/1.1" 200 15958
190.95.15.15 - - [18/Mar/2024:14:50:43 -0300] "POST /cormun/servlet/solicitudot?gx-no-cache=1710784069470 HTTP/1.1" 200 4031
190.95.15.15 - - [18/Mar/2024:14:50:43 -0300] "POST /cormun/servlet/solicitudot?c27300c465bc978cbed9115986d1edb9,INS,0,0,false,,gx-no-cache=1710784069580 HTTP/1.1" 200 12596
190.171.141.106 - - [18/Mar/2024:14:51:25 -0300] "POST /cormun/servlet/hlogin?701b5f10e34abf23ead903a14c53252e,gx-no-cache=1710784110464 HTTP/1.1" 440 972
190.171.141.106 - - [18/Mar/2024:14:51:26 -0300] "GET /cormun/servlet/hlogin HTTP/1.1" 200 1735
190.171.141.106 - - [18/Mar/2024:14:51:28 -0300] "POST /cormun/servlet/hlogin?e1bcc110966ad1bdcc6f24a61aeab8ac,gx-no-cache=1710784113974 HTTP/1.1" 200 90
190.171.141.106 - - [18/Mar/2024:14:51:28 -0300] "GET /cormun/servlet/hpexe_link HTTP/1.1" 200 959
190.171.141.106 - - [18/Mar/2024:14:51:29 -0300] "GET /cormun/servlet/trsolicitudot? HTTP/1.1" 200 18581
190.171.141.106 - - [18/Mar/2024:14:51:51 -0300] "GET /cormun/servlet/trautorizarsolicitud? HTTP/1.1" 200 12883
190.171.141.106 - - [18/Mar/2024:14:51:51 -0300] "GET /cormun/static/gxcfg.js?202211298474254 HTTP/1.1" 200 953
190.171.141.106 - - [18/Mar/2024:14:51:51 -0300] "GET /cormun/static/trautorizarsolicitud.js?202211298474588 HTTP/1.1" 200 53909
190.171.141.106 - - [18/Mar/2024:14:51:56 -0300] "POST /cormun/servlet/trautorizarsolicitud?e1bcc110966ad1bdcc6f24a61aeab8ac,,gx-no-cache=1710784141970 HTTP/1.1" 200 15860
190.171.141.106 - - [18/Mar/2024:14:51:59 -0300] "POST /cormun/servlet/trautorizarsolicitud?e1bcc110966ad1bdcc6f24a61aeab8ac,,gx-no-cache=1710784144352 HTTP/1.1" 200 15860
190.171.141.106 - - [18/Mar/2024:14:52:00 -0300] "POST /cormun/servlet/trautorizarsolicitud?e1bcc110966ad1bdcc6f24a61aeab8ac,,gx-no-cache=1710784145368 HTTP/1.1" 200 15860
190.171.144.234 - - [18/Mar/2024:14:52:10 -0300] "POST /cormun/servlet/solicitudot?gx-no-cache=1710784156811 HTTP/1.1" 200 4092
190.171.141.106 - - [18/Mar/2024:14:52:11 -0300] "GET /cormun/servlet/trvisualizadoreventos? HTTP/1.1" 200 7037
190.171.141.106 - - [18/Mar/2024:14:52:18 -0300] "GET /cormun/servlet/trsolicitudot? HTTP/1.1" 200 18581
190.95.15.15 - - [18/Mar/2024:14:52:36 -0300] "GET /cormun/servlet/solicitudot?93627ebd39e5eacd9ab81f139c359c7a27d96ac1bdb34233e7945ec389b6b7c53d769649de7d71eb251dd1b20896ba1c,gx-no-cache=1710784182727 HTTP/1.1" 200 30
190.171.141.106 - - [18/Mar/2024:14:52:40 -0300] "GET /cormun/servlet/trautorizarsolicitud? HTTP/1.1" 200 18441
190.171.141.106 - - [18/Mar/2024:14:52:54 -0300] "GET /cormun/static/menuarrow.gif HTTP/1.1" 404 1015
190.171.141.106 - - [18/Mar/2024:14:52:59 -0300] "POST /cormun/servlet/trautorizarsolicitud?e1bcc110966ad1bdcc6f24a61aeab8ac,,gx-no-cache=1710784204386 HTTP/1.1" 200 15862
190.171.152.114 - - [18/Mar/2024:14:55:59 -0300] "GET /cormun/servlet/hlogin HTTP/1.1" 200 1718
190.171.152.114 - - [18/Mar/2024:14:55:59 -0300] "GET /favicon.ico HTTP/1.1" 200 21630
190.171.152.114 - - [18/Mar/2024:14:56:12 -0300] "POST /cormun/servlet/hlogin?75cbd4ad11fab93141192b57021d43f6,gx-no-cache=1710784398410 HTTP/1.1" 200 90
190.171.152.114 - - [18/Mar/2024:14:56:12 -0300] "GET /cormun/servlet/hpexe_link HTTP/1.1" 200 950
190.171.152.114 - - [18/Mar/2024:14:56:12 -0300] "GET /cormun/servlet/hhome HTTP/1.1" 200 4326
190.171.152.114 - - [18/Mar/2024:14:56:16 -0300] "GET /cormun/servlet/trsolicitudot? HTTP/1.1" 200 10155
190.171.152.114 - - [18/Mar/2024:14:56:22 -0300] "POST /cormun/servlet/trsolicitudot?75cbd4ad11fab93141192b57021d43f6,,gx-no-cache=1710784408156 HTTP/1.1" 200 6910
190.171.152.114 - - [18/Mar/2024:14:56:22 -0300] "GET /cormun/static/Shared/jqueryui/images/ui-bg_highlight-soft_100_c6c2c8_1x100.png HTTP/1.1" 404 1117
190.171.152.114 - - [18/Mar/2024:14:56:22 -0300] "GET /cormun/static/Shared/jqueryui/images/ui-icons_82798d_256x240.png HTTP/1.1" 404 1089
190.171.152.114 - - [18/Mar/2024:14:56:22 -0300] "GET /cormun/static/Shared/jqueryui/images/ui-bg_flat_55_fafafa_40x100.png HTTP/1.1" 404 1097
190.171.152.114 - - [18/Mar/2024:14:56:22 -0300] "GET /cormun/static/Shared/jqueryui/images/ui-icons_8d78a5_256x240.png HTTP/1.1" 404 1089
190.171.152.114 - - [18/Mar/2024:14:56:22 -0300] "POST /cormun/servlet/trsolicitudot?75cbd4ad11fab93141192b57021d43f6,,gx-no-cache=1710784408325 HTTP/1.1" 200 6855
190.171.152.114 - - [18/Mar/2024:14:56:23 -0300] "POST /cormun/servlet/trsolicitudot?75cbd4ad11fab93141192b57021d43f6,,gx-no-cache=1710784409610 HTTP/1.1" 200 6568
190.171.152.114 - - [18/Mar/2024:14:56:23 -0300] "POST /cormun/servlet/trsolicitudot?75cbd4ad11fab93141192b57021d43f6,,gx-no-cache=1710784409736 HTTP/1.1" 200 6513
190.171.152.114 - - [18/Mar/2024:14:56:25 -0300] "POST /cormun/servlet/trsolicitudot?75cbd4ad11fab93141192b57021d43f6,,gx-no-cache=1710784411450 HTTP/1.1" 200 6064
190.171.152.114 - - [18/Mar/2024:14:56:25 -0300] "POST /cormun/servlet/trsolicitudot?75cbd4ad11fab93141192b57021d43f6,,gx-no-cache=1710784411575 HTTP/1.1" 200 6008
190.95.15.15 - - [18/Mar/2024:14:56:26 -0300] "GET /cormun/servlet/solicitudot?93627ebd39e5eacd9ab81f139c359c7abb588f16c08852fb474ff30371e852986efbc23a73f9ac8e058c455886044b07850a6719f2a0505592110f5e7c2d09b5,gx-no-cache=1710784412412 HTTP/1.1" 200 30
190.95.15.15 - - [18/Mar/2024:14:56:26 -0300] "GET /cormun/servlet/solicitudot?93627ebd39e5eacd9ab81f139c359c7a8963012e4c73fffe434072f5c60d51f0,gx-no-cache=1710784412438 HTTP/1.1" 200 29
190.95.15.15 - - [18/Mar/2024:14:56:28 -0300] "POST /cormun/servlet/solicitudot?gx-no-cache=1710784414762 HTTP/1.1" 200 240
190.171.152.114 - - [18/Mar/2024:14:56:29 -0300] "POST /cormun/servlet/trsolicitudot?75cbd4ad11fab93141192b57021d43f6,,gx-no-cache=1710784415650 HTTP/1.1" 200 106
190.171.152.114 - - [18/Mar/2024:14:56:29 -0300] "GET /cormun/servlet/trsolicitudadjuntos?2024,20909, HTTP/1.1" 200 9894
190.95.15.15 - - [18/Mar/2024:14:56:30 -0300] "GET /cormun/servlet/solicitudot?93627ebd39e5eacd9ab81f139c359c7a13429c3ab830cd3085263b55775f6748770d05394f7b9d827e87e449bbc6d12853e42cc8ce48edab8f06011b4b339a9b00e1a65f9d8656fd15c8b412dd11158671fb68bdefd9265218981d0759f9aa672bebe29a734a5613010db91db88e822bee24643a20151f690cd1d10fb3d93fb7e242d2bb4e298d4ac4c6d027b66ab0746192fc5876c857859c59fb38daee83169a3a45405bd3d7af34f654cd90e6a4455077493b6307eda266ce35082e5a2d5cbabb389b9ce2d5d7e2d5ffd68c3cf8a8085a701543c451a5491a24009a9a5c81520dfc99e5bd9b44e76046dd59c8c754b7dea17e61e7526ed74d5ffa0da758d7d8596b7f56b5957f7b03818fbccf46e10dda7b67119920925a389a3f1eb58359ef0755214ba74c7bbcbce6af330ebb48ef95d7d4386a9ba5257c0abd9c9bc09203ca9d1485610d382069315aa69fe128aefca281343323810c574ae30b6522ac46f472a9a9a5b49c815f3ba38ac2f1c34bc699bea89ffa4c45bab5ea33a20d7c,gx-no-cache=1710784416470 HTTP/1.1" 200 30
190.95.15.15 - - [18/Mar/2024:14:56:34 -0300] "POST /cormun/servlet/solicitudot?gx-no-cache=1710784419967 HTTP/1.1" 200 30
190.171.152.114 - - [18/Mar/2024:14:56:34 -0300] "GET /cormun/servlet/solicitudotadjuntos?INS,2024,20909,,1, HTTP/1.1" 200 6371
190.171.152.114 - - [18/Mar/2024:14:56:34 -0300] "GET /cormun/static/about:blank HTTP/1.1" 404 1011
190.171.152.114 - - [18/Mar/2024:14:56:35 -0300] "GET /cormun/servlet/solicitudotadjuntos?b49f3d7a032c4898123446061a79ba1e81ec8738b13d3d95a5b67038a202fc4fa37ac37ad04ff2b76dcd3948d530e783,gx-no-cache=1710784421187 HTTP/1.1" 200 30
190.171.152.114 - - [18/Mar/2024:14:56:35 -0300] "POST /cormun/servlet/solicitudotadjuntos?75cbd4ad11fab93141192b57021d43f6,INS,2024,20909,,1,,gx-no-cache=1710784421198 HTTP/1.1" 200 4178
190.95.15.15 - - [18/Mar/2024:14:56:35 -0300] "GET /cormun/servlet/prsolicitudot?19019569,,,,,MD,,gxPopupLevel%3D0%3B HTTP/1.1" 200 6097
190.171.152.114 - - [18/Mar/2024:14:56:38 -0300] "POST /cormun/servlet/solicitudotadjuntos?gx-no-cache=1710784424297 HTTP/1.1" 200 26
190.95.15.15 - - [18/Mar/2024:14:56:38 -0300] "POST /cormun/servlet/solicitudot?gx-no-cache=1710784424555 HTTP/1.1" 200 1556
190.95.15.15 - - [18/Mar/2024:14:56:38 -0300] "GET /cormun/static/Shared/jqueryui/images/ui-bg_highlight-soft_100_c6c2c8_1x100.png HTTP/1.1" 404 1117
190.95.15.15 - - [18/Mar/2024:14:56:38 -0300] "GET /cormun/static/Shared/jqueryui/images/ui-icons_82798d_256x240.png HTTP/1.1" 404 1089
190.95.15.15 - - [18/Mar/2024:14:56:38 -0300] "GET /cormun/static/Shared/jqueryui/images/ui-icons_ebccce_256x240.png HTTP/1.1" 404 1089
190.95.15.15 - - [18/Mar/2024:14:56:38 -0300] "GET /cormun/static/Shared/jqueryui/images/ui-bg_flat_55_994d53_40x100.png HTTP/1.1" 404 1097
190.95.15.15 - - [18/Mar/2024:14:56:38 -0300] "POST /cormun/servlet/solicitudot?gx-no-cache=1710784424587 HTTP/1.1" 200 117
190.95.15.15 - - [18/Mar/2024:14:56:38 -0300] "GET /cormun/servlet/solicitudot?93627ebd39e5eacd9ab81f139c359c7aa8f1583b878479eb828b4f3a48e03c1136ec56e4afe6ae049c74d503bf1028e4f06b929893fda4d13f08a507383f268bffe2bc45dceb926ae24e7e35c54e2c63a8e96f607b6e8bfb500225805f21ac3f77eddc64615f89a7bcd3d3c7f2c41949,gx-no-cache=1710784424607 HTTP/1.1" 200 110
190.95.15.15 - - [18/Mar/2024:14:56:38 -0300] "POST /cormun/servlet/solicitudot?gx-no-cache=1710784424627 HTTP/1.1" 200 64
190.95.15.15 - - [18/Mar/2024:14:56:38 -0300] "GET /cormun/servlet/solicitudot?93627ebd39e5eacd9ab81f139c359c7a4366781fc070d5269aeb3660b284eadeeebaca4d23b388111eb8df572f5af73104969f897152ad8840f4276a7bfc851f93848e96d56501ae1f12cf68311dd267443bded7b4e30327bd535424de4e043877d7c31cefc5cd7d6b097e31ceff802c,gx-no-cache=1710784424649 HTTP/1.1" 200 29
190.95.15.15 - - [18/Mar/2024:14:56:38 -0300] "GET /cormun/servlet/solicitudot?93627ebd39e5eacd9ab81f139c359c7a6e3d74e2c46e84f211eb7fb41d0dee32a57e8a19fbf0e6938e472049774109f2,gx-no-cache=1710784424666 HTTP/1.1" 200 30
190.95.15.15 - - [18/Mar/2024:14:56:46 -0300] "GET /cormun/servlet/prlicenciaspermisos?7122307,L,,MD,,gxPopupLevel%3D0%3B HTTP/1.1" 200 5900
190.95.15.15 - - [18/Mar/2024:14:56:48 -0300] "POST /cormun/servlet/solicitudot?gx-no-cache=1710784434674 HTTP/1.1" 200 1474
190.171.152.114 - - [18/Mar/2024:14:57:06 -0300] "GET /cormun/servlet/solicitudotadjuntos?b49f3d7a032c4898123446061a79ba1e14f8ea1ab5385e500d551a44c257f1c6,gx-no-cache=1710784452833 HTTP/1.1" 200 30
190.171.152.114 - - [18/Mar/2024:14:57:06 -0300] "GET /cormun/servlet/solicitudotadjuntos?b49f3d7a032c4898123446061a79ba1e14f8ea1ab5385e500d551a44c257f1c6,gx-no-cache=1710784452865 HTTP/1.1" 200 30
190.171.152.114 - - [18/Mar/2024:14:57:06 -0300] "POST /cormun/servlet/solicitudotadjuntos?75cbd4ad11fab93141192b57021d43f6,INS,2024,20909,,1, HTTP/1.1" 200 116
190.171.152.114 - - [18/Mar/2024:14:57:06 -0300] "GET /cormun/servlet/hpexe_return? HTTP/1.1" 200 1025
190.171.152.114 - - [18/Mar/2024:14:57:07 -0300] "GET /cormun/servlet/trsolicitudadjuntos?2024,20909, HTTP/1.1" 200 10126
190.171.152.114 - - [18/Mar/2024:14:57:11 -0300] "GET /cormun/servlet/solicitudotadjuntos?INS,2024,20909,,1, HTTP/1.1" 200 6371
190.171.152.114 - - [18/Mar/2024:14:57:11 -0300] "GET /cormun/static/about:blank HTTP/1.1" 404 1011
190.171.152.114 - - [18/Mar/2024:14:57:11 -0300] "GET /cormun/servlet/solicitudotadjuntos?b49f3d7a032c4898123446061a79ba1e81ec8738b13d3d95a5b67038a202fc4fa37ac37ad04ff2b76dcd3948d530e783,gx-no-cache=1710784457858 HTTP/1.1" 200 30
190.171.152.114 - - [18/Mar/2024:14:57:11 -0300] "POST /cormun/servlet/solicitudotadjuntos?75cbd4ad11fab93141192b57021d43f6,INS,2024,20909,,1,,gx-no-cache=1710784457935 HTTP/1.1" 200 4178
190.95.15.15 - - [18/Mar/2024:14:57:14 -0300] "POST /cormun/servlet/solicitudot?gx-no-cache=1710784459825 HTTP/1.1" 200 41
190.171.152.114 - - [18/Mar/2024:14:57:14 -0300] "POST /cormun/servlet/solicitudotadjuntos?gx-no-cache=1710784460793 HTTP/1.1" 200 26
190.171.152.114 - - [18/Mar/2024:14:57:20 -0300] "GET /cormun/servlet/solicitudotadjuntos?b49f3d7a032c4898123446061a79ba1e14f8ea1ab5385e500d551a44c257f1c6,gx-no-cache=1710784466305 HTTP/1.1" 200 30
190.171.152.114 - - [18/Mar/2024:14:57:20 -0300] "GET /cormun/servlet/solicitudotadjuntos?b49f3d7a032c4898123446061a79ba1e14f8ea1ab5385e500d551a44c257f1c6,gx-no-cache=1710784466313 HTTP/1.1" 200 30
190.171.152.114 - - [18/Mar/2024:14:57:20 -0300] "POST /cormun/servlet/solicitudotadjuntos?75cbd4ad11fab93141192b57021d43f6,INS,2024,20909,,1, HTTP/1.1" 200 116
190.171.152.114 - - [18/Mar/2024:14:57:20 -0300] "GET /cormun/servlet/hpexe_return? HTTP/1.1" 200 1025
190.171.152.114 - - [18/Mar/2024:14:57:20 -0300] "GET /cormun/servlet/trsolicitudadjuntos?2024,20909, HTTP/1.1" 200 10406
190.171.152.114 - - [18/Mar/2024:14:57:23 -0300] "GET /cormun/servlet/solicitudotadjuntos?INS,2024,20909,,1, HTTP/1.1" 200 6371
190.171.152.114 - - [18/Mar/2024:14:57:23 -0300] "GET /cormun/static/about:blank HTTP/1.1" 404 1011
190.171.152.114 - - [18/Mar/2024:14:57:23 -0300] "GET /cormun/servlet/solicitudotadjuntos?b49f3d7a032c4898123446061a79ba1e81ec8738b13d3d95a5b67038a202fc4fa37ac37ad04ff2b76dcd3948d530e783,gx-no-cache=1710784469890 HTTP/1.1" 200 30
190.171.152.114 - - [18/Mar/2024:14:57:23 -0300] "POST /cormun/servlet/solicitudotadjuntos?75cbd4ad11fab93141192b57021d43f6,INS,2024,20909,,1,,gx-no-cache=1710784469900 HTTP/1.1" 200 4178
190.95.15.15 - - [18/Mar/2024:14:57:24 -0300] "GET /cormun/servlet/solicitudot?93627ebd39e5eacd9ab81f139c359c7aa8f1583b878479eb828b4f3a48e03c1136ec56e4afe6ae049c74d503bf1028e4f06b929893fda4d13f08a507383f268bffe2bc45dceb926ae24e7e35c54e2c63a8e96f607b6e8bfb500225805f21ac3f77eddc64615f89a7bcd3d3c7f2c41949,gx-no-cache=1710784469907 HTTP/1.1" 200 110
190.171.152.114 - - [18/Mar/2024:14:57:28 -0300] "POST /cormun/servlet/solicitudotadjuntos?gx-no-cache=1710784474881 HTTP/1.1" 200 26
190.95.15.15 - - [18/Mar/2024:14:57:31 -0300] "POST /cormun/servlet/solicitudot?gx-no-cache=1710784477096 HTTP/1.1" 200 72
190.171.152.114 - - [18/Mar/2024:14:57:33 -0300] "GET /cormun/servlet/solicitudotadjuntos?b49f3d7a032c4898123446061a79ba1e14f8ea1ab5385e500d551a44c257f1c6,gx-no-cache=1710784480081 HTTP/1.1" 200 30
190.171.152.114 - - [18/Mar/2024:14:57:33 -0300] "GET /cormun/servlet/solicitudotadjuntos?b49f3d7a032c4898123446061a79ba1e14f8ea1ab5385e500d551a44c257f1c6,gx-no-cache=1710784480097 HTTP/1.1" 200 30
190.171.152.114 - - [18/Mar/2024:14:57:34 -0300] "POST /cormun/servlet/solicitudotadjuntos?75cbd4ad11fab93141192b57021d43f6,INS,2024,20909,,1, HTTP/1.1" 200 116
190.171.152.114 - - [18/Mar/2024:14:57:34 -0300] "GET /cormun/servlet/hpexe_return? HTTP/1.1" 200 1025
190.171.152.114 - - [18/Mar/2024:14:57:34 -0300] "GET /cormun/servlet/trsolicitudadjuntos?2024,20909, HTTP/1.1" 200 10560
190.171.152.114 - - [18/Mar/2024:14:57:37 -0300] "GET /cormun/servlet/trsolicitudot? HTTP/1.1" 200 8947
190.171.152.114 - - [18/Mar/2024:14:57:42 -0300] "POST /cormun/servlet/trsolicitudot?75cbd4ad11fab93141192b57021d43f6,,gx-no-cache=1710784488716 HTTP/1.1" 200 4857
190.171.152.114 - - [18/Mar/2024:14:57:42 -0300] "GET /cormun/static/Shared/jqueryui/images/ui-icons_82798d_256x240.png HTTP/1.1" 404 1089
190.171.152.114 - - [18/Mar/2024:14:57:42 -0300] "GET /cormun/static/Shared/jqueryui/images/ui-bg_highlight-soft_100_c6c2c8_1x100.png HTTP/1.1" 404 1117
190.171.152.114 - - [18/Mar/2024:14:57:42 -0300] "GET /cormun/static/Shared/jqueryui/images/ui-bg_flat_55_fafafa_40x100.png HTTP/1.1" 404 1097
190.171.152.114 - - [18/Mar/2024:14:57:42 -0300] "GET /cormun/static/Shared/jqueryui/images/ui-icons_8d78a5_256x240.png HTTP/1.1" 404 1089
190.171.152.114 - - [18/Mar/2024:14:57:42 -0300] "POST /cormun/servlet/trsolicitudot?75cbd4ad11fab93141192b57021d43f6,,gx-no-cache=1710784488829 HTTP/1.1" 200 4624
190.171.152.114 - - [18/Mar/2024:14:57:44 -0300] "GET /cormun/servlet/solicitudot?INS,0,0,false, HTTP/1.1" 200 16290
190.95.15.15 - - [18/Mar/2024:14:57:57 -0300] "POST /cormun/servlet/solicitudot?gx-no-cache=1710784503301 HTTP/1.1" 200 32
190.95.15.15 - - [18/Mar/2024:14:57:57 -0300] "POST /cormun/servlet/solicitudot?c27300c465bc978cbed9115986d1edb9,INS,0,0,false,,gx-no-cache=1710784503367 HTTP/1.1" 200 93
190.95.15.15 - - [18/Mar/2024:14:57:57 -0300] "GET /cormun/servlet/hpexe_return? HTTP/1.1" 200 1012
190.95.15.15 - - [18/Mar/2024:14:57:58 -0300] "GET /cormun/servlet/trsolicitudot HTTP/1.1" 200 9301
190.171.152.114 - - [18/Mar/2024:14:58:03 -0300] "POST /cormun/servlet/solicitudot?gx-no-cache=1710784509037 HTTP/1.1" 200 4149
190.171.152.114 - - [18/Mar/2024:14:58:03 -0300] "POST /cormun/servlet/solicitudot?75cbd4ad11fab93141192b57021d43f6,INS,0,0,false,,gx-no-cache=1710784509133 HTTP/1.1" 200 13004
190.171.152.114 - - [18/Mar/2024:14:58:07 -0300] "GET /cormun/servlet/solicitudot?b49f3d7a032c4898123446061a79ba1e2ee7f7a2072949d9812e677a69bb764774396ebe3034aa7add257d0415cf266a,gx-no-cache=1710784513899 HTTP/1.1" 200 30
190.171.152.114 - - [18/Mar/2024:14:58:07 -0300] "GET /cormun/servlet/solicitudot?b49f3d7a032c4898123446061a79ba1e2fb980a2e1a84919fe86ee9feef21874bffad5dbaaadf1769de96b9bce47e083cd7bc209e4ef95dd573d685257d56216,gx-no-cache=1710784513916 HTTP/1.1" 200 30
190.171.152.114 - - [18/Mar/2024:14:58:07 -0300] "GET /cormun/servlet/solicitudot?b49f3d7a032c4898123446061a79ba1e8177dde8a05831b053a15d59d1568c44,gx-no-cache=1710784513931 HTTP/1.1" 200 53
190.171.152.114 - - [18/Mar/2024:14:58:07 -0300] "POST /cormun/servlet/solicitudot?gx-no-cache=1710784513946 HTTP/1.1" 200 255
190.171.152.114 - - [18/Mar/2024:14:58:07 -0300] "GET /cormun/servlet/solicitudot?b49f3d7a032c4898123446061a79ba1ed8171d42c5c21c1d045988d1440a8bfa26ad58d2f198ca408c573b85263c2834ab286f3c850e6ba6cc9308e7adb2c1e01fa7b2eb09b06203acc94d95baf1e241b002ea04df34853cfc367521221d674d531cbf09a40d4930dee036ec484e250ecca113367b618f46e74e1ba9ee5fa9c1579996485d397462e5bb8dc6b324e49d6f6b352f1021394204d941ab16878804815af68230500cf0c40852c188e8c03159df83a7163088e2e63876579088b965e0cbb7acc24094a463573175874b53500aed6804bda700ea5e4adc2fe165bac918c42d4926ac823e2bee173c181c655d3addc5437c9d900e36b07242b4ad05e6bc39924ccf84f924c67668fcd8c32f538d5484a155d6668643a8b8a4bb4db22364cc7ca1a88dc48b5035791a39131bfd8b6ce83a12ecff23650bc07ef84f3475bae9b61d01e04e0d90cd48da4f26380756dfc6a72fd17a751a6f9f4f8431e628933c32e8890449d33c312388e299a47a80edc4f2ce2e1587265f4f1f1074a86d,gx-no-cache=1710784513964 HTTP/1.1" 200 30
190.171.152.114 - - [18/Mar/2024:14:58:09 -0300] "POST /cormun/servlet/solicitudot?gx-no-cache=1710784516002 HTTP/1.1" 200 30
190.95.15.15 - - [18/Mar/2024:14:58:10 -0300] "POST /cormun/servlet/trsolicitudot?c27300c465bc978cbed9115986d1edb9,gx-no-cache=1710784515874 HTTP/1.1" 200 110
190.95.15.15 - - [18/Mar/2024:14:58:10 -0300] "GET /cormun/servlet/solicitudot?UPD,2024,20946,false, HTTP/1.1" 200 16491
190.95.15.15 - - [18/Mar/2024:14:58:10 -0300] "POST /cormun/servlet/solicitudot?gx-no-cache=1710784516677 HTTP/1.1" 200 4104
190.95.15.15 - - [18/Mar/2024:14:58:11 -0300] "POST /cormun/servlet/solicitudot?c27300c465bc978cbed9115986d1edb9,UPD,2024,20946,false,,gx-no-cache=1710784516773 HTTP/1.1" 200 12706
190.95.15.15 - - [18/Mar/2024:14:58:11 -0300] "GET /cormun/servlet/solicitudot?93627ebd39e5eacd9ab81f139c359c7a27d96ac1bdb34233e7945ec389b6b7c57a92b2a341f83ad1b7b4098e30e6c68e,gx-no-cache=1710784516858 HTTP/1.1" 200 30
190.95.15.15 - - [18/Mar/2024:14:58:11 -0300] "GET /cormun/servlet/solicitudot?93627ebd39e5eacd9ab81f139c359c7abb588f16c08852fb474ff30371e852986efbc23a73f9ac8e058c455886044b0782e74646704f16f2d805ab5b0c1a4e75,gx-no-cache=1710784516878 HTTP/1.1" 200 30
190.95.15.15 - - [18/Mar/2024:14:58:11 -0300] "GET /cormun/servlet/solicitudot?93627ebd39e5eacd9ab81f139c359c7a8963012e4c73fffe434072f5c60d51f0,gx-no-cache=1710784516894 HTTP/1.1" 200 29
190.95.15.15 - - [18/Mar/2024:14:58:11 -0300] "POST /cormun/servlet/solicitudot?gx-no-cache=1710784516910 HTTP/1.1" 200 239
190.95.15.15 - - [18/Mar/2024:14:58:11 -0300] "GET /cormun/servlet/solicitudot?93627ebd39e5eacd9ab81f139c359c7a13429c3ab830cd3085263b55775f6748770d05394f7b9d827e87e449bbc6d12853e42cc8ce48edab8f06011b4b339a9b00e1a65f9d8656fd15c8b412dd11158671fb68bdefd9265218981d0759f9aa672bebe29a734a5613010db91db88e822bee24643a20151f690cd1d10fb3d93fb7e242d2bb4e298d4ac4c6d027b66ab0746192fc5876c857859c59fb38daee83169a3a45405bd3d7af34f654cd90e6a4455077493b6307eda266ce35082e5a2d5cbabb389b9ce2d5d7e2d5ffd68c3cf8a8085a701543c451a5491a24009a9a5c81520dfc99e5bd9b44e76046dd59c8c754b7dea17e61e7526ed74d5ffa0da758d7d8596b7f56b5957f7b03818fbccf46e10dda7b67119920925a389a3f1eb58359ef0755214ba74c7bbcbce6af330ebb48ef95d7d4386a9ba5257c0abd9c9bc09203ca9d1485610d382069315aa69fe128aefca281343323810c574ae30b6522ac46f472a9a9a5b49c815f3ba38ac2f1c3af46103dc3cdbf7f602febe9e67be8cb,gx-no-cache=1710784516928 HTTP/1.1" 200 30
190.95.15.15 - - [18/Mar/2024:14:58:11 -0300] "POST /cormun/servlet/solicitudot?gx-no-cache=1710784516942 HTTP/1.1" 200 30
190.95.15.15 - - [18/Mar/2024:14:58:11 -0300] "POST /cormun/servlet/solicitudot?gx-no-cache=1710784516959 HTTP/1.1" 200 1474
190.95.15.15 - - [18/Mar/2024:14:58:11 -0300] "POST /cormun/servlet/solicitudot?gx-no-cache=1710784517051 HTTP/1.1" 200 41
190.171.152.114 - - [18/Mar/2024:14:58:11 -0300] "GET /cormun/servlet/prsolicitudot?15484604,,,,,MD,,gxPopupLevel%3D0%3B HTTP/1.1" 200 6301
190.95.15.15 - - [18/Mar/2024:14:58:12 -0300] "GET /cormun/servlet/solicitudot?93627ebd39e5eacd9ab81f139c359c7aa8f1583b878479eb828b4f3a48e03c1136ec56e4afe6ae049c74d503bf1028e4f06b929893fda4d13f08a507383f268bffe2bc45dceb926ae24e7e35c54e2c63a8e96f607b6e8bfb500225805f21ac3f77eddc64615f89a7bcd3d3c7f2c41949,gx-no-cache=1710784518182 HTTP/1.1" 200 110
190.95.15.15 - - [18/Mar/2024:14:58:12 -0300] "POST /cormun/servlet/solicitudot?gx-no-cache=1710784518198 HTTP/1.1" 200 67
