190.171.152.114 - - [18/Mar/2024:08:16:51 -0300] "GET /cormun/servlet/solicitudotadjuntos?c3d903e5ed12bb1c7329c28e3ba7110876ba2bc447e99cad5a67fad166e8f50bd377db22fbb18ab9517673ca3d6df937,gx-no-cache=1710760437849 HTTP/1.1" 200 30
190.171.152.114 - - [18/Mar/2024:08:16:51 -0300] "POST /cormun/servlet/solicitudotadjuntos?c5ea8fd8d6645cc286c5c432a2e01716,INS,2024,20909,,1,,gx-no-cache=1710760437860 HTTP/1.1" 200 4183
190.171.152.114 - - [18/Mar/2024:08:16:53 -0300] "POST /cormun/servlet/solicitudotadjuntos?gx-no-cache=1710760439959 HTTP/1.1" 200 26
190.171.152.114 - - [18/Mar/2024:08:17:03 -0300] "GET /cormun/servlet/solicitudotadjuntos?c3d903e5ed12bb1c7329c28e3ba7110887cb41bdacca54055798205cac05edc9,gx-no-cache=1710760450311 HTTP/1.1" 200 30
190.171.152.114 - - [18/Mar/2024:08:17:03 -0300] "GET /cormun/servlet/solicitudotadjuntos?c3d903e5ed12bb1c7329c28e3ba7110887cb41bdacca54055798205cac05edc9,gx-no-cache=1710760450324 HTTP/1.1" 200 30
190.171.152.114 - - [18/Mar/2024:08:17:03 -0300] "POST /cormun/servlet/solicitudotadjuntos?c5ea8fd8d6645cc286c5c432a2e01716,INS,2024,20909,,1, HTTP/1.1" 200 116
190.171.152.114 - - [18/Mar/2024:08:17:03 -0300] "GET /cormun/servlet/hpexe_return? HTTP/1.1" 200 1028
190.171.152.114 - - [18/Mar/2024:08:17:03 -0300] "GET /cormun/servlet/trsolicitudadjuntos?2024,20909, HTTP/1.1" 200 9402
190.171.152.114 - - [18/Mar/2024:08:17:07 -0300] "GET /cormun/servlet/solicitudotadjuntos?INS,2024,20909,,1, HTTP/1.1" 200 6376
190.171.152.114 - - [18/Mar/2024:08:17:07 -0300] "GET /cormun/static/about:blank HTTP/1.1" 404 1011
190.171.152.114 - - [18/Mar/2024:08:17:07 -0300] "GET /cormun/servlet/solicitudotadjuntos?c3d903e5ed12bb1c7329c28e3ba7110876ba2bc447e99cad5a67fad166e8f50bd377db22fbb18ab9517673ca3d6df937,gx-no-cache=1710760454301 HTTP/1.1" 200 30
190.171.152.114 - - [18/Mar/2024:08:17:07 -0300] "POST /cormun/servlet/solicitudotadjuntos?c5ea8fd8d6645cc286c5c432a2e01716,INS,2024,20909,,1,,gx-no-cache=1710760454312 HTTP/1.1" 200 4183
190.171.152.114 - - [18/Mar/2024:08:17:10 -0300] "POST /cormun/servlet/solicitudotadjuntos?gx-no-cache=1710760457159 HTTP/1.1" 200 26
190.171.152.114 - - [18/Mar/2024:08:17:17 -0300] "GET /cormun/servlet/solicitudotadjuntos?c3d903e5ed12bb1c7329c28e3ba7110887cb41bdacca54055798205cac05edc9,gx-no-cache=1710760463606 HTTP/1.1" 200 30
190.171.152.114 - - [18/Mar/2024:08:17:17 -0300] "GET /cormun/servlet/solicitudotadjuntos?c3d903e5ed12bb1c7329c28e3ba7110887cb41bdacca54055798205cac05edc9,gx-no-cache=1710760463615 HTTP/1.1" 200 30
190.171.152.114 - - [18/Mar/2024:08:17:17 -0300] "POST /cormun/servlet/solicitudotadjuntos?c5ea8fd8d6645cc286c5c432a2e01716,INS,2024,20909,,1, HTTP/1.1" 200 116
190.171.152.114 - - [18/Mar/2024:08:17:17 -0300] "GET /cormun/servlet/hpexe_return? HTTP/1.1" 200 1028
190.171.152.114 - - [18/Mar/2024:08:17:17 -0300] "GET /cormun/servlet/trsolicitudadjuntos?2024,20909, HTTP/1.1" 200 9645
190.171.152.114 - - [18/Mar/2024:08:17:21 -0300] "GET /cormun/servlet/solicitudotadjuntos?INS,2024,20909,,1, HTTP/1.1" 200 6376
190.171.152.114 - - [18/Mar/2024:08:17:22 -0300] "GET /cormun/static/about:blank HTTP/1.1" 404 1011
190.171.152.114 - - [18/Mar/2024:08:17:22 -0300] "GET /cormun/servlet/solicitudotadjuntos?c3d903e5ed12bb1c7329c28e3ba7110876ba2bc447e99cad5a67fad166e8f50bd377db22fbb18ab9517673ca3d6df937,gx-no-cache=1710760469137 HTTP/1.1" 200 30
190.171.152.114 - - [18/Mar/2024:08:17:22 -0300] "POST /cormun/servlet/solicitudotadjuntos?c5ea8fd8d6645cc286c5c432a2e01716,INS,2024,20909,,1,,gx-no-cache=1710760469164 HTTP/1.1" 200 4183
190.171.152.114 - - [18/Mar/2024:08:17:25 -0300] "POST /cormun/servlet/solicitudotadjuntos?gx-no-cache=1710760471695 HTTP/1.1" 200 26
190.171.152.114 - - [18/Mar/2024:08:17:32 -0300] "GET /cormun/servlet/solicitudotadjuntos?c3d903e5ed12bb1c7329c28e3ba7110887cb41bdacca54055798205cac05edc9,gx-no-cache=1710760478927 HTTP/1.1" 200 30
190.171.152.114 - - [18/Mar/2024:08:17:32 -0300] "GET /cormun/servlet/solicitudotadjuntos?c3d903e5ed12bb1c7329c28e3ba7110887cb41bdacca54055798205cac05edc9,gx-no-cache=1710760478935 HTTP/1.1" 200 30
190.171.152.114 - - [18/Mar/2024:08:17:32 -0300] "POST /cormun/servlet/solicitudotadjuntos?c5ea8fd8d6645cc286c5c432a2e01716,INS,2024,20909,,1, HTTP/1.1" 200 116
190.171.152.114 - - [18/Mar/2024:08:17:32 -0300] "GET /cormun/servlet/hpexe_return? HTTP/1.1" 200 1028
190.171.152.114 - - [18/Mar/2024:08:17:32 -0300] "GET /cormun/servlet/trsolicitudadjuntos?2024,20909, HTTP/1.1" 200 9902
190.171.152.114 - - [18/Mar/2024:08:17:35 -0300] "GET /cormun/servlet/solicitudotadjuntos?INS,2024,20909,,1, HTTP/1.1" 200 6376
190.171.152.114 - - [18/Mar/2024:08:17:35 -0300] "GET /cormun/static/about:blank HTTP/1.1" 404 1011
190.171.152.114 - - [18/Mar/2024:08:17:36 -0300] "GET /cormun/servlet/solicitudotadjuntos?c3d903e5ed12bb1c7329c28e3ba7110876ba2bc447e99cad5a67fad166e8f50bd377db22fbb18ab9517673ca3d6df937,gx-no-cache=1710760482621 HTTP/1.1" 200 30
190.171.152.114 - - [18/Mar/2024:08:17:36 -0300] "POST /cormun/servlet/solicitudotadjuntos?c5ea8fd8d6645cc286c5c432a2e01716,INS,2024,20909,,1,,gx-no-cache=1710760482632 HTTP/1.1" 200 4183
190.171.152.114 - - [18/Mar/2024:08:17:39 -0300] "POST /cormun/servlet/solicitudotadjuntos?gx-no-cache=1710760485759 HTTP/1.1" 200 26
190.171.149.90 - - [18/Mar/2024:08:17:40 -0300] "GET /cormun/servlet/solicitudotadjuntos?INS,2024,20910,,1, HTTP/1.1" 200 5881
190.171.149.90 - - [18/Mar/2024:08:17:40 -0300] "GET /cormun/static/about:blank HTTP/1.1" 404 1011
190.171.149.90 - - [18/Mar/2024:08:17:40 -0300] "GET /cormun/servlet/solicitudotadjuntos?1a2a1566b8152e446a7c2855e012d459e32931de9ef532e885285e6f50641aad606d5fae68a021089432baada7cd6d43,gx-no-cache=1710760488482 HTTP/1.1" 200 30
190.171.149.90 - - [18/Mar/2024:08:17:40 -0300] "POST /cormun/servlet/solicitudotadjuntos?f5f72825b2c10d7e4a061cb1db28ca7e,INS,2024,20910,,1,,gx-no-cache=1710760488563 HTTP/1.1" 200 3878
190.171.153.26 - - [18/Mar/2024:08:17:42 -0300] "POST /cormun/servlet/hlogin?cbdfcfc17fe7188410d11cb01e5c8528,gx-no-cache=1710764100622 HTTP/1.1" 200 90
190.171.149.90 - - [18/Mar/2024:08:17:43 -0300] "POST /cormun/servlet/solicitudotadjuntos?gx-no-cache=1710760490749 HTTP/1.1" 200 26
190.171.153.26 - - [18/Mar/2024:08:17:43 -0300] "GET /cormun/servlet/hpexe_link HTTP/1.1" 200 948
190.171.153.26 - - [18/Mar/2024:08:17:44 -0300] "GET /cormun/servlet/hhome HTTP/1.1" 200 4292
181.212.47.137 - - [18/Mar/2024:08:17:45 -0300] "GET /cormun/servlet/trsolicitudgral? HTTP/1.1" 200 8312
190.171.152.114 - - [18/Mar/2024:08:17:47 -0300] "GET /cormun/servlet/solicitudotadjuntos?c3d903e5ed12bb1c7329c28e3ba7110887cb41bdacca54055798205cac05edc9,gx-no-cache=1710760493799 HTTP/1.1" 200 30
190.171.152.114 - - [18/Mar/2024:08:17:47 -0300] "GET /cormun/servlet/solicitudotadjuntos?c3d903e5ed12bb1c7329c28e3ba7110887cb41bdacca54055798205cac05edc9,gx-no-cache=1710760493807 HTTP/1.1" 200 30
190.171.152.114 - - [18/Mar/2024:08:17:47 -0300] "POST /cormun/servlet/solicitudotadjuntos?c5ea8fd8d6645cc286c5c432a2e01716,INS,2024,20909,,1, HTTP/1.1" 500 10
190.171.149.90 - - [18/Mar/2024:08:17:50 -0300] "GET /cormun/servlet/solicitudotadjuntos?1a2a1566b8152e446a7c2855e012d459e0849a2205f24f958e23cab1f016e510,gx-no-cache=1710760498002 HTTP/1.1" 200 30
190.171.149.90 - - [18/Mar/2024:08:17:50 -0300] "GET /cormun/servlet/solicitudotadjuntos?1a2a1566b8152e446a7c2855e012d459e0849a2205f24f958e23cab1f016e510,gx-no-cache=1710760498049 HTTP/1.1" 200 30
190.171.149.90 - - [18/Mar/2024:08:17:53 -0300] "POST /cormun/servlet/solicitudotadjuntos?f5f72825b2c10d7e4a061cb1db28ca7e,INS,2024,20910,,1, HTTP/1.1" 500 10
181.212.47.137 - - [18/Mar/2024:08:17:55 -0300] "POST /cormun/servlet/trsolicitudgral?e49518311be179385363479016c53ce4,,gx-no-cache=1710760489348 HTTP/1.1" 200 25406
181.212.47.137 - - [18/Mar/2024:08:18:09 -0300] "POST /cormun/servlet/trsolicitudgral?e49518311be179385363479016c53ce4,,gx-no-cache=1710760504357 HTTP/1.1" 200 5243
181.212.47.137 - - [18/Mar/2024:08:18:10 -0300] "POST /cormun/servlet/trsolicitudgral?e49518311be179385363479016c53ce4,,gx-no-cache=1710760505497 HTTP/1.1" 200 5243
190.171.152.114 - - [18/Mar/2024:08:18:14 -0300] "GET /cormun/servlet/hlogin HTTP/1.1" 200 1721
181.212.47.137 - - [18/Mar/2024:08:18:17 -0300] "POST /cormun/servlet/trsolicitudgral?e49518311be179385363479016c53ce4,,gx-no-cache=1710760511424 HTTP/1.1" 200 25405
181.212.47.137 - - [18/Mar/2024:08:18:28 -0300] "GET /cormun/servlet/hlogin HTTP/1.1" 200 1717
190.171.152.114 - - [18/Mar/2024:08:18:30 -0300] "POST /cormun/servlet/hlogin?c5ea8fd8d6645cc286c5c432a2e01716,gx-no-cache=1710760537367 HTTP/1.1" 200 90
190.171.152.114 - - [18/Mar/2024:08:18:30 -0300] "GET /cormun/servlet/hpexe_link HTTP/1.1" 200 978
190.171.152.114 - - [18/Mar/2024:08:18:30 -0300] "GET /cormun/servlet/solicitudotadjuntos?INS,2024,20909,,1, HTTP/1.1" 200 6370
190.171.152.114 - - [18/Mar/2024:08:18:31 -0300] "GET /cormun/static/about:blank HTTP/1.1" 404 1011
190.171.152.114 - - [18/Mar/2024:08:18:31 -0300] "GET /cormun/servlet/solicitudotadjuntos?c3d903e5ed12bb1c7329c28e3ba7110876ba2bc447e99cad5a67fad166e8f50bd377db22fbb18ab9517673ca3d6df937,gx-no-cache=1710760538147 HTTP/1.1" 200 30
190.171.152.114 - - [18/Mar/2024:08:18:31 -0300] "POST /cormun/servlet/solicitudotadjuntos?c5ea8fd8d6645cc286c5c432a2e01716,INS,2024,20909,,1,,gx-no-cache=1710760538159 HTTP/1.1" 200 4173
190.171.152.114 - - [18/Mar/2024:08:18:35 -0300] "POST /cormun/servlet/solicitudotadjuntos?gx-no-cache=1710760541847 HTTP/1.1" 200 26
181.212.47.137 - - [18/Mar/2024:08:18:35 -0300] "POST /cormun/servlet/hlogin?e49518311be179385363479016c53ce4,gx-no-cache=1710760530389 HTTP/1.1" 200 90
181.212.47.137 - - [18/Mar/2024:08:18:35 -0300] "GET /cormun/servlet/hpexe_link HTTP/1.1" 200 954
181.212.47.137 - - [18/Mar/2024:08:18:36 -0300] "GET /cormun/servlet/trsolicitudgral? HTTP/1.1" 200 27925
190.171.152.114 - - [18/Mar/2024:08:18:48 -0300] "GET /cormun/servlet/solicitudotadjuntos?c3d903e5ed12bb1c7329c28e3ba7110887cb41bdacca54055798205cac05edc9,gx-no-cache=1710760555046 HTTP/1.1" 200 30
190.171.152.114 - - [18/Mar/2024:08:18:48 -0300] "GET /cormun/servlet/solicitudotadjuntos?c3d903e5ed12bb1c7329c28e3ba7110887cb41bdacca54055798205cac05edc9,gx-no-cache=1710760555055 HTTP/1.1" 200 30
190.171.152.114 - - [18/Mar/2024:08:18:48 -0300] "POST /cormun/servlet/solicitudotadjuntos?c5ea8fd8d6645cc286c5c432a2e01716,INS,2024,20909,,1, HTTP/1.1" 200 6683
190.171.152.114 - - [18/Mar/2024:08:18:48 -0300] "GET /cormun/static/Shared/jqueryui/images/ui-bg_highlight-soft_100_c6c2c8_1x100.png HTTP/1.1" 404 1117
190.171.152.114 - - [18/Mar/2024:08:18:48 -0300] "GET /cormun/static/Shared/jqueryui/images/ui-icons_82798d_256x240.png HTTP/1.1" 404 1089
190.171.152.114 - - [18/Mar/2024:08:18:48 -0300] "GET /cormun/static/Shared/jqueryui/images/ui-icons_ebccce_256x240.png HTTP/1.1" 404 1089
190.171.152.114 - - [18/Mar/2024:08:18:48 -0300] "GET /cormun/static/Shared/jqueryui/images/ui-bg_flat_55_994d53_40x100.png HTTP/1.1" 404 1097
190.171.152.114 - - [18/Mar/2024:08:18:48 -0300] "GET /cormun/PrivateTempStorage/upload_00009525.pdf HTTP/1.1" 200 129452
190.171.152.114 - - [18/Mar/2024:08:18:50 -0300] "GET /cormun/servlet/solicitudotadjuntos?c3d903e5ed12bb1c7329c28e3ba71108055de65a08bc2d76b9621f3f8ef950500abed3071939f15dca898b33f3130ad0,gx-no-cache=1710760557014 HTTP/1.1" 200 30
190.171.152.114 - - [18/Mar/2024:08:18:50 -0300] "POST /cormun/servlet/solicitudotadjuntos?c5ea8fd8d6645cc286c5c432a2e01716,INS,2024,20909,,1, HTTP/1.1" 200 6683
190.171.152.114 - - [18/Mar/2024:08:18:50 -0300] "GET /cormun/PrivateTempStorage/upload_00009537.pdf HTTP/1.1" 200 129452
190.171.152.114 - - [18/Mar/2024:08:18:56 -0300] "POST /cormun/servlet/solicitudotadjuntos?c5ea8fd8d6645cc286c5c432a2e01716,INS,2024,20909,,1, HTTP/1.1" 200 116
190.171.152.114 - - [18/Mar/2024:08:18:56 -0300] "GET /cormun/servlet/hpexe_return? HTTP/1.1" 200 1028
190.171.152.114 - - [18/Mar/2024:08:18:56 -0300] "GET /cormun/servlet/trsolicitudadjuntos?2024,20909, HTTP/1.1" 200 9903
190.171.152.114 - - [18/Mar/2024:08:19:04 -0300] "GET /cormun/servlet/solicitudotadjuntos?INS,2024,20909,,1, HTTP/1.1" 200 6376
190.171.152.114 - - [18/Mar/2024:08:19:04 -0300] "GET /cormun/static/about:blank HTTP/1.1" 404 1011
190.171.152.114 - - [18/Mar/2024:08:19:05 -0300] "GET /cormun/servlet/solicitudotadjuntos?c3d903e5ed12bb1c7329c28e3ba7110876ba2bc447e99cad5a67fad166e8f50bd377db22fbb18ab9517673ca3d6df937,gx-no-cache=1710760571803 HTTP/1.1" 200 30
190.171.152.114 - - [18/Mar/2024:08:19:05 -0300] "POST /cormun/servlet/solicitudotadjuntos?c5ea8fd8d6645cc286c5c432a2e01716,INS,2024,20909,,1,,gx-no-cache=1710760571821 HTTP/1.1" 200 4184
190.171.152.114 - - [18/Mar/2024:08:19:07 -0300] "POST /cormun/servlet/solicitudotadjuntos?gx-no-cache=1710760574350 HTTP/1.1" 200 26
190.171.152.114 - - [18/Mar/2024:08:19:13 -0300] "GET /cormun/servlet/solicitudotadjuntos?c3d903e5ed12bb1c7329c28e3ba7110887cb41bdacca54055798205cac05edc9,gx-no-cache=1710760579622 HTTP/1.1" 200 30
190.171.152.114 - - [18/Mar/2024:08:19:13 -0300] "GET /cormun/servlet/solicitudotadjuntos?c3d903e5ed12bb1c7329c28e3ba7110887cb41bdacca54055798205cac05edc9,gx-no-cache=1710760579631 HTTP/1.1" 200 30
190.171.152.114 - - [18/Mar/2024:08:19:13 -0300] "POST /cormun/servlet/solicitudotadjuntos?c5ea8fd8d6645cc286c5c432a2e01716,INS,2024,20909,,1, HTTP/1.1" 500 10
190.171.149.90 - - [18/Mar/2024:08:19:19 -0300] "GET /cormun/servlet/solicitudotadjuntos?INS,2024,20910,,1, HTTP/1.1" 200 5863
190.171.149.90 - - [18/Mar/2024:08:19:19 -0300] "GET /cormun/static/about:blank HTTP/1.1" 404 1011
190.171.149.90 - - [18/Mar/2024:08:19:19 -0300] "GET /cormun/servlet/solicitudotadjuntos?1a2a1566b8152e446a7c2855e012d459e32931de9ef532e885285e6f50641aad606d5fae68a021089432baada7cd6d43,gx-no-cache=1710760587499 HTTP/1.1" 200 30
190.171.149.90 - - [18/Mar/2024:08:19:19 -0300] "POST /cormun/servlet/solicitudotadjuntos?f5f72825b2c10d7e4a061cb1db28ca7e,INS,2024,20910,,1,,gx-no-cache=1710760587525 HTTP/1.1" 200 3853
181.203.27.99 - - [18/Mar/2024:08:19:29 -0300] "GET /cormun/servlet/solicitudot?INS,0,0,false, HTTP/1.1" 200 15896
190.171.153.26 - - [18/Mar/2024:08:19:45 -0300] "GET /cormun/servlet/trlicencias? HTTP/1.1" 200 9453
190.171.153.26 - - [18/Mar/2024:08:19:45 -0300] "GET /cormun/static/gxcfg.js?202211298463625 HTTP/1.1" 200 953
190.171.153.26 - - [18/Mar/2024:08:19:45 -0300] "GET /cormun/static/trlicencias.js?202211298463889 HTTP/1.1" 200 41883
190.171.153.26 - - [18/Mar/2024:08:19:46 -0300] "GET /cormun/static/Resources/PXToolsAddAllAction.png HTTP/1.1" 200 495
190.171.153.26 - - [18/Mar/2024:08:19:46 -0300] "GET /cormun//static/Resources/PXToolsActionDisabled.gif HTTP/1.1" 200 53
190.171.153.26 - - [18/Mar/2024:08:19:46 -0300] "GET /cormun//static/Resources/PXToolsGridDisplay.png HTTP/1.1" 200 525
190.171.153.26 - - [18/Mar/2024:08:19:46 -0300] "GET /cormun//static/Resources/PXToolsHeaderHelp.png HTTP/1.1" 200 1333
190.171.153.26 - - [18/Mar/2024:08:19:46 -0300] "GET /cormun//static/Resources/PXToolsHeaderFavorites.png HTTP/1.1" 200 1414
190.171.153.26 - - [18/Mar/2024:08:19:46 -0300] "GET /cormun//static/Resources/PXToolsActionPrint.png HTTP/1.1" 200 404
190.171.149.90 - - [18/Mar/2024:08:20:00 -0300] "POST /cormun/servlet/solicitudotadjuntos?gx-no-cache=1710760627730 HTTP/1.1" 200 26
181.203.27.99 - - [18/Mar/2024:08:20:04 -0300] "POST /cormun/servlet/solicitudot?gx-no-cache=1710760629876 HTTP/1.1" 200 4031
181.203.27.99 - - [18/Mar/2024:08:20:04 -0300] "POST /cormun/servlet/solicitudot?af1927ee08130e8f808abd06b259cf95,INS,0,0,false,,gx-no-cache=1710760630164 HTTP/1.1" 200 12595
190.171.149.90 - - [18/Mar/2024:08:20:05 -0300] "GET /cormun/servlet/solicitudotadjuntos?1a2a1566b8152e446a7c2855e012d459e0849a2205f24f958e23cab1f016e510,gx-no-cache=1710760633150 HTTP/1.1" 200 30
190.171.149.90 - - [18/Mar/2024:08:20:05 -0300] "GET /cormun/servlet/solicitudotadjuntos?1a2a1566b8152e446a7c2855e012d459e0849a2205f24f958e23cab1f016e510,gx-no-cache=1710760633214 HTTP/1.1" 200 30
190.171.149.90 - - [18/Mar/2024:08:20:08 -0300] "POST /cormun/servlet/solicitudotadjuntos?f5f72825b2c10d7e4a061cb1db28ca7e,INS,2024,20910,,1, HTTP/1.1" 500 10
181.203.27.99 - - [18/Mar/2024:08:20:09 -0300] "GET /cormun/servlet/solicitudot?395ec6fbf4082ced96a57f0a00883346aeb8c9b48be677376e3d805543ece8b16583c5fad60d11d193840cc32eb054b5,gx-no-cache=1710760634501 HTTP/1.1" 200 30
190.171.149.90 - - [18/Mar/2024:08:20:15 -0300] "GET /cormun/servlet/solicitudotadjuntos?INS,2024,20910,,1, HTTP/1.1" 200 5863
190.171.149.90 - - [18/Mar/2024:08:20:18 -0300] "GET /cormun/static/about:blank HTTP/1.1" 404 1011
190.171.149.90 - - [18/Mar/2024:08:20:18 -0300] "GET /cormun/servlet/solicitudotadjuntos?1a2a1566b8152e446a7c2855e012d459e32931de9ef532e885285e6f50641aad606d5fae68a021089432baada7cd6d43,gx-no-cache=1710760646233 HTTP/1.1" 200 30
190.171.149.90 - - [18/Mar/2024:08:20:18 -0300] "POST /cormun/servlet/solicitudotadjuntos?f5f72825b2c10d7e4a061cb1db28ca7e,INS,2024,20910,,1,,gx-no-cache=1710760646257 HTTP/1.1" 200 3853
190.171.152.114 - - [18/Mar/2024:08:20:20 -0300] "GET /cormun/servlet/hlogin HTTP/1.1" 200 1721
190.171.152.114 - - [18/Mar/2024:08:20:35 -0300] "POST /cormun/servlet/hlogin?c5ea8fd8d6645cc286c5c432a2e01716,gx-no-cache=1710760661567 HTTP/1.1" 200 90
190.171.152.114 - - [18/Mar/2024:08:20:35 -0300] "GET /cormun/servlet/hpexe_link HTTP/1.1" 200 978
190.171.152.114 - - [18/Mar/2024:08:20:35 -0300] "GET /cormun/servlet/solicitudotadjuntos?INS,2024,20909,,1, HTTP/1.1" 200 6370
190.171.152.114 - - [18/Mar/2024:08:20:35 -0300] "GET /cormun/static/about:blank HTTP/1.1" 404 1011
190.171.152.114 - - [18/Mar/2024:08:20:35 -0300] "GET /cormun/servlet/solicitudotadjuntos?c3d903e5ed12bb1c7329c28e3ba7110876ba2bc447e99cad5a67fad166e8f50bd377db22fbb18ab9517673ca3d6df937,gx-no-cache=1710760662482 HTTP/1.1" 200 30
190.171.152.114 - - [18/Mar/2024:08:20:35 -0300] "POST /cormun/servlet/solicitudotadjuntos?c5ea8fd8d6645cc286c5c432a2e01716,INS,2024,20909,,1,,gx-no-cache=1710760662494 HTTP/1.1" 200 4173
190.171.152.114 - - [18/Mar/2024:08:20:39 -0300] "POST /cormun/servlet/solicitudotadjuntos?gx-no-cache=1710760665791 HTTP/1.1" 200 26
190.171.152.114 - - [18/Mar/2024:08:20:46 -0300] "GET /cormun/servlet/solicitudotadjuntos?c3d903e5ed12bb1c7329c28e3ba7110887cb41bdacca54055798205cac05edc9,gx-no-cache=1710760673062 HTTP/1.1" 200 30
190.171.152.114 - - [18/Mar/2024:08:20:46 -0300] "GET /cormun/servlet/solicitudotadjuntos?c3d903e5ed12bb1c7329c28e3ba7110887cb41bdacca54055798205cac05edc9,gx-no-cache=1710760673071 HTTP/1.1" 200 30
190.171.152.114 - - [18/Mar/2024:08:20:46 -0300] "POST /cormun/servlet/solicitudotadjuntos?c5ea8fd8d6645cc286c5c432a2e01716,INS,2024,20909,,1, HTTP/1.1" 500 10
190.171.149.90 - - [18/Mar/2024:08:22:51 -0300] "POST /cormun/servlet/solicitudotadjuntos?gx-no-cache=1710760798685 HTTP/1.1" 200 26
190.171.149.90 - - [18/Mar/2024:08:22:57 -0300] "GET /cormun/servlet/solicitudotadjuntos?1a2a1566b8152e446a7c2855e012d459e0849a2205f24f958e23cab1f016e510,gx-no-cache=1710760805555 HTTP/1.1" 200 30
190.171.149.90 - - [18/Mar/2024:08:22:57 -0300] "GET /cormun/servlet/solicitudotadjuntos?1a2a1566b8152e446a7c2855e012d459e0849a2205f24f958e23cab1f016e510,gx-no-cache=1710760805575 HTTP/1.1" 200 30
190.171.149.90 - - [18/Mar/2024:08:23:00 -0300] "POST /cormun/servlet/solicitudotadjuntos?f5f72825b2c10d7e4a061cb1db28ca7e,INS,2024,20910,,1, HTTP/1.1" 500 10
190.171.149.90 - - [18/Mar/2024:08:23:47 -0300] "GET /cormun/servlet/trsolicitudadjuntos?2024,20910, HTTP/1.1" 200 9937
190.171.149.90 - - [18/Mar/2024:08:23:53 -0300] "GET /cormun/servlet/solicitudotadjuntos?INS,2024,20910,,1, HTTP/1.1" 200 5880
190.171.149.90 - - [18/Mar/2024:08:23:53 -0300] "GET /cormun/static/about:blank HTTP/1.1" 404 1011
190.171.149.90 - - [18/Mar/2024:08:23:54 -0300] "GET /cormun/servlet/solicitudotadjuntos?1a2a1566b8152e446a7c2855e012d459e32931de9ef532e885285e6f50641aad606d5fae68a021089432baada7cd6d43,gx-no-cache=1710760861847 HTTP/1.1" 200 30
190.171.149.90 - - [18/Mar/2024:08:23:54 -0300] "POST /cormun/servlet/solicitudotadjuntos?f5f72825b2c10d7e4a061cb1db28ca7e,INS,2024,20910,,1,,gx-no-cache=1710760861904 HTTP/1.1" 200 3878
190.171.149.90 - - [18/Mar/2024:08:23:58 -0300] "POST /cormun/servlet/solicitudotadjuntos?gx-no-cache=1710760866028 HTTP/1.1" 200 26
190.171.152.242 - - [18/Mar/2024:08:24:02 -0300] "POST /cormun/servlet/solicitudot?ed271853a12401167dac1969bed925f4,INS,0,0,false,,gx-no-cache=1710760868845 HTTP/1.1" 200 13161
190.171.149.90 - - [18/Mar/2024:08:24:04 -0300] "GET /cormun/servlet/solicitudotadjuntos?1a2a1566b8152e446a7c2855e012d459e0849a2205f24f958e23cab1f016e510,gx-no-cache=1710760872472 HTTP/1.1" 200 30
190.171.149.90 - - [18/Mar/2024:08:24:05 -0300] "GET /cormun/servlet/solicitudotadjuntos?1a2a1566b8152e446a7c2855e012d459e0849a2205f24f958e23cab1f016e510,gx-no-cache=1710760872566 HTTP/1.1" 200 30
190.171.149.90 - - [18/Mar/2024:08:24:10 -0300] "POST /cormun/servlet/solicitudotadjuntos?f5f72825b2c10d7e4a061cb1db28ca7e,INS,2024,20910,,1, HTTP/1.1" 500 10
190.171.149.90 - - [18/Mar/2024:08:24:28 -0300] "GET /cormun/servlet/solicitudotadjuntos?INS,2024,20910,,1, HTTP/1.1" 200 5863
190.171.149.90 - - [18/Mar/2024:08:24:28 -0300] "GET /cormun/static/about:blank HTTP/1.1" 404 1011
190.171.149.90 - - [18/Mar/2024:08:24:29 -0300] "GET /cormun/servlet/solicitudotadjuntos?1a2a1566b8152e446a7c2855e012d459e32931de9ef532e885285e6f50641aad606d5fae68a021089432baada7cd6d43,gx-no-cache=1710760896742 HTTP/1.1" 200 30
190.171.149.90 - - [18/Mar/2024:08:24:29 -0300] "POST /cormun/servlet/solicitudotadjuntos?f5f72825b2c10d7e4a061cb1db28ca7e,INS,2024,20910,,1,,gx-no-cache=1710760896852 HTTP/1.1" 200 3852
181.203.27.99 - - [18/Mar/2024:08:26:05 -0300] "GET /cormun/servlet/solicitudot?395ec6fbf4082ced96a57f0a00883346be8fec2bcb2e532059dd5ed760906bd1c89870315f00c46582a3f8ff46c4c8fe1e78c0f34afca025e717ba57ab754cab,gx-no-cache=1710760990352 HTTP/1.1" 200 30
181.203.27.99 - - [18/Mar/2024:08:26:06 -0300] "GET /cormun/servlet/solicitudot?395ec6fbf4082ced96a57f0a00883346c047b1d8aa6ddd67efd47bb5c52bc394,gx-no-cache=1710760991916 HTTP/1.1" 200 53
181.203.27.99 - - [18/Mar/2024:08:26:21 -0300] "POST /cormun/servlet/solicitudot?gx-no-cache=1710761006335 HTTP/1.1" 200 297
181.203.27.99 - - [18/Mar/2024:08:26:21 -0300] "GET /cormun/servlet/solicitudot?395ec6fbf4082ced96a57f0a0088334614a3259c95a68c52c349d9925346593882cbc8ca2e7c6f94b1f906b9903dddbd49c90dd15009542854b2b86e1090abdbf78e9c77bf5761fab292fcfc9c40d3e62c61b5a646598219e6adde9793edd706a5a5dd7c6807ee8fab16006c5aebd6b9525441c64c3b0e5490387547ee30a334f653f2b10c073e5a21e51d80c8d2450b219b12548fa93298fbbdc3733d043ac0fe6792896b4d4f4a85dd512809be9dc15b6d85f6a7296c743f08b836f5b0f9df67809cb5b476fec4084b7ecdaed678943ab4432553d4ea86d23cadd7047fc7c2e1c1507ce7c5b4a636bfc6bf1821d1d1a681ff9837a9bba944d84a7d9f61d31d4efe7292092e5bdf488a10d615c2f7f476361bd3993a432388fb05c953852b312ce6da70b3caa3be288207c8c10d80a548a38c069985f756284e1880f8306633ce4cd64fbd2c53c4fa020acb1e464596bcd8fbfdb20915c9e46b6e6b2b64a53e86db859dca0748047e56539ee5eed174930b2a8da3e5d0b7080b6092b86d0bb46a2018e93fbfba3334b3c174fcb9108c,gx-no-cache=1710761006517 HTTP/1.1" 200 30
181.203.27.99 - - [18/Mar/2024:08:26:21 -0300] "POST /cormun/servlet/solicitudot?gx-no-cache=1710761006717 HTTP/1.1" 200 30
181.203.27.99 - - [18/Mar/2024:08:26:21 -0300] "POST /cormun/servlet/solicitudot?gx-no-cache=1710761006865 HTTP/1.1" 200 1474
181.203.27.99 - - [18/Mar/2024:08:26:21 -0300] "POST /cormun/servlet/solicitudot?gx-no-cache=1710761007045 HTTP/1.1" 200 38
181.212.40.185 - - [18/Mar/2024:08:26:47 -0300] "GET /cormun/servlet/trpermisosgoce? HTTP/1.1" 200 6029
181.212.40.185 - - [18/Mar/2024:08:26:47 -0300] "GET /cormun/servlet/hlogin HTTP/1.1" 200 1737
181.212.40.185 - - [18/Mar/2024:08:27:00 -0300] "POST /cormun/servlet/hlogin?8d5e65b3464d20576128747b55c2cbb2,gx-no-cache=1710761047057 HTTP/1.1" 200 90
181.212.40.185 - - [18/Mar/2024:08:27:00 -0300] "GET /cormun/servlet/hpexe_link HTTP/1.1" 200 954
181.212.40.185 - - [18/Mar/2024:08:27:01 -0300] "GET /cormun/servlet/trpermisosgoce HTTP/1.1" 200 10039
190.171.149.82 - - [18/Mar/2024:08:27:47 -0300] "GET /cormun/servlet/hlogin HTTP/1.1" 200 1718
190.171.149.82 - - [18/Mar/2024:08:27:47 -0300] "GET /cormun/servlet/hlogin HTTP/1.1" 200 1729
190.171.149.82 - - [18/Mar/2024:08:27:50 -0300] "POST /cormun/servlet/hlogin?a05051a80335c2d0a8f02b05128aff07,gx-no-cache=1710761096466 HTTP/1.1" 200 90
190.171.149.82 - - [18/Mar/2024:08:27:50 -0300] "GET /cormun/servlet/hpexe_link HTTP/1.1" 200 950
190.171.149.82 - - [18/Mar/2024:08:27:50 -0300] "GET /cormun/servlet/hhome HTTP/1.1" 200 3930
190.171.149.82 - - [18/Mar/2024:08:27:52 -0300] "GET /cormun/servlet/trlicencias? HTTP/1.1" 200 8603
190.171.149.90 - - [18/Mar/2024:08:28:10 -0300] "POST /cormun/servlet/solicitudotadjuntos?gx-no-cache=1710761118089 HTTP/1.1" 200 26
190.171.149.90 - - [18/Mar/2024:08:28:18 -0300] "GET /cormun/servlet/solicitudotadjuntos?1a2a1566b8152e446a7c2855e012d459e0849a2205f24f958e23cab1f016e510,gx-no-cache=1710761125738 HTTP/1.1" 200 30
190.171.149.90 - - [18/Mar/2024:08:28:18 -0300] "GET /cormun/servlet/solicitudotadjuntos?1a2a1566b8152e446a7c2855e012d459e0849a2205f24f958e23cab1f016e510,gx-no-cache=1710761125759 HTTP/1.1" 200 30
190.171.149.90 - - [18/Mar/2024:08:28:20 -0300] "POST /cormun/servlet/solicitudotadjuntos?f5f72825b2c10d7e4a061cb1db28ca7e,INS,2024,20910,,1, HTTP/1.1" 500 10
181.203.27.99 - - [18/Mar/2024:08:28:51 -0300] "GET /cormun/servlet/solicitudot?395ec6fbf4082ced96a57f0a008833467b865a51bceaea4609d0a515d48bec323029784ae5910ef54cefaae7242012afda6622f5a430beccaf0e4b332f010bc8c6ee12eb51a25a9616d20db0930352f594d1a2a06de6e1fdb28ebd6345dccfff9feaf0d08eb227dd00a010a5d924ef8a,gx-no-cache=1710761156611 HTTP/1.1" 200 110
181.203.27.99 - - [18/Mar/2024:08:28:51 -0300] "POST /cormun/servlet/solicitudot?gx-no-cache=1710761156746 HTTP/1.1" 200 83
181.212.40.185 - - [18/Mar/2024:08:28:53 -0300] "GET /cormun/servlet/trsolicitudot? HTTP/1.1" 200 8861
181.212.40.185 - - [18/Mar/2024:08:28:57 -0300] "GET /cormun/servlet/trautorizarsolicitud? HTTP/1.1" 200 7330
181.212.40.185 - - [18/Mar/2024:08:29:00 -0300] "GET /cormun/servlet/trsolicitudot? HTTP/1.1" 200 8861
181.212.40.185 - - [18/Mar/2024:08:29:03 -0300] "GET /cormun/servlet/trlicencias? HTTP/1.1" 200 12784
181.203.27.99 - - [18/Mar/2024:08:29:04 -0300] "GET /cormun/servlet/solicitudot?395ec6fbf4082ced96a57f0a008833462a8b6c30f68afbe318c1b5d25f877cbe0d394a27402cc698aa50b00533139aa4b27978124887b63d5f49950cf9c932255deffc8c302bc27f11dafdd77c5f8fa0459eabe4054d58d792a78a24b4211c20ab2056b91bf0e4289e9ba3f228bd0422,gx-no-cache=1710761170114 HTTP/1.1" 200 29
181.203.27.99 - - [18/Mar/2024:08:29:08 -0300] "GET /cormun/servlet/solicitudot?395ec6fbf4082ced96a57f0a008833462be31466b19902858ce9d1d903677c69687b38a480d3059e29b1e8984273fceb,gx-no-cache=1710761173425 HTTP/1.1" 200 30
181.203.27.99 - - [18/Mar/2024:08:29:17 -0300] "POST /cormun/servlet/solicitudot?gx-no-cache=1710761182626 HTTP/1.1" 200 30
181.203.27.99 - - [18/Mar/2024:08:29:17 -0300] "POST /cormun/servlet/solicitudot?af1927ee08130e8f808abd06b259cf95,INS,0,0,false,,gx-no-cache=1710761182687 HTTP/1.1" 200 93
181.203.27.99 - - [18/Mar/2024:08:29:18 -0300] "GET /cormun/servlet/hpexe_return? HTTP/1.1" 200 1009
181.203.27.99 - - [18/Mar/2024:08:29:18 -0300] "GET /cormun/servlet/trsolicitudot HTTP/1.1" 200 12974
181.203.27.99 - - [18/Mar/2024:08:29:26 -0300] "POST /cormun/servlet/trsolicitudot?af1927ee08130e8f808abd06b259cf95,gx-no-cache=1710761191669 HTTP/1.1" 200 106
181.203.27.99 - - [18/Mar/2024:08:29:26 -0300] "GET /cormun/servlet/trsolicitudadjuntos?2024,20911, HTTP/1.1" 200 6023
181.203.27.99 - - [18/Mar/2024:08:29:31 -0300] "GET /cormun/servlet/solicitudotadjuntos?INS,2024,20911,,1, HTTP/1.1" 200 5962
181.203.27.99 - - [18/Mar/2024:08:29:32 -0300] "GET /cormun/static/about:blank HTTP/1.1" 404 1011
181.203.27.99 - - [18/Mar/2024:08:29:32 -0300] "GET /cormun/servlet/solicitudotadjuntos?395ec6fbf4082ced96a57f0a00883346da20c449fd26a56d5529398cb978575c0aec2c657d451c8f27b590c69f7d1028,gx-no-cache=1710761197957 HTTP/1.1" 200 30
181.203.27.99 - - [18/Mar/2024:08:29:32 -0300] "POST /cormun/servlet/solicitudotadjuntos?af1927ee08130e8f808abd06b259cf95,INS,2024,20911,,1,,gx-no-cache=1710761198096 HTTP/1.1" 200 3871
181.203.27.99 - - [18/Mar/2024:08:29:34 -0300] "POST /cormun/servlet/solicitudotadjuntos?gx-no-cache=1710761200135 HTTP/1.1" 200 26
190.171.149.90 - - [18/Mar/2024:08:29:35 -0300] "GET /cormun/servlet/trsolicitudadjuntos?2024,20910, HTTP/1.1" 200 9938
190.171.149.90 - - [18/Mar/2024:08:30:18 -0300] "GET /cormun/servlet/trsolicitudot? HTTP/1.1" 200 10091
181.203.27.99 - - [18/Mar/2024:08:30:33 -0300] "GET /cormun/servlet/solicitudotadjuntos?395ec6fbf4082ced96a57f0a0088334627b4406b94ee4e7959b5518a8b1b6245,gx-no-cache=1710761258450 HTTP/1.1" 200 30
181.203.27.99 - - [18/Mar/2024:08:30:33 -0300] "GET /cormun/servlet/solicitudotadjuntos?395ec6fbf4082ced96a57f0a0088334627b4406b94ee4e7959b5518a8b1b6245,gx-no-cache=1710761258684 HTTP/1.1" 200 30
181.203.27.99 - - [18/Mar/2024:08:30:34 -0300] "POST /cormun/servlet/solicitudotadjuntos?af1927ee08130e8f808abd06b259cf95,INS,2024,20911,,1, HTTP/1.1" 500 10
181.203.27.99 - - [18/Mar/2024:08:30:54 -0300] "GET /cormun/servlet/trsolicitudadjuntos?2024,20911, HTTP/1.1" 200 6023
181.203.27.99 - - [18/Mar/2024:08:30:58 -0300] "GET /cormun/servlet/solicitudotadjuntos?INS,2024,20911,,1, HTTP/1.1" 200 5961
181.203.27.99 - - [18/Mar/2024:08:30:58 -0300] "GET /cormun/static/about:blank HTTP/1.1" 404 1011
181.203.27.99 - - [18/Mar/2024:08:30:58 -0300] "GET /cormun/servlet/solicitudotadjuntos?395ec6fbf4082ced96a57f0a00883346da20c449fd26a56d5529398cb978575c0aec2c657d451c8f27b590c69f7d1028,gx-no-cache=1710761284247 HTTP/1.1" 200 30
181.203.27.99 - - [18/Mar/2024:08:30:59 -0300] "POST /cormun/servlet/solicitudotadjuntos?af1927ee08130e8f808abd06b259cf95,INS,2024,20911,,1,,gx-no-cache=1710761284322 HTTP/1.1" 200 3871
190.171.141.138 - - [18/Mar/2024:08:30:59 -0300] "GET /cormun/servlet/hlogin HTTP/1.1" 200 1724
190.171.141.138 - - [18/Mar/2024:08:30:59 -0300] "GET /cormun/servlet/hlogin HTTP/1.1" 200 1734
181.203.27.99 - - [18/Mar/2024:08:31:01 -0300] "POST /cormun/servlet/solicitudotadjuntos?gx-no-cache=1710761286455 HTTP/1.1" 200 26
190.171.149.90 - - [18/Mar/2024:08:31:01 -0300] "POST /cormun/servlet/trsolicitudot?f5f72825b2c10d7e4a061cb1db28ca7e,,gx-no-cache=1710761289045 HTTP/1.1" 200 107
190.171.149.90 - - [18/Mar/2024:08:31:01 -0300] "GET /cormun/servlet/trsolicitudadjuntos?2024,20864, HTTP/1.1" 200 5937
190.171.149.90 - - [18/Mar/2024:08:31:04 -0300] "GET /cormun/servlet/solicitudotadjuntos?INS,2024,20864,,1, HTTP/1.1" 200 5879
190.171.149.90 - - [18/Mar/2024:08:31:04 -0300] "GET /cormun/static/about:blank HTTP/1.1" 404 1011
190.171.149.90 - - [18/Mar/2024:08:31:05 -0300] "GET /cormun/servlet/solicitudotadjuntos?1a2a1566b8152e446a7c2855e012d459d45577fbd71777a0a73001b22de608540902b8cbe3f7b0065e5b9ff1218e0ea9,gx-no-cache=1710761292891 HTTP/1.1" 200 30
190.171.149.90 - - [18/Mar/2024:08:31:05 -0300] "POST /cormun/servlet/solicitudotadjuntos?f5f72825b2c10d7e4a061cb1db28ca7e,INS,2024,20864,,1,,gx-no-cache=1710761292918 HTTP/1.1" 200 3908
190.171.149.90 - - [18/Mar/2024:08:31:07 -0300] "POST /cormun/servlet/solicitudotadjuntos?gx-no-cache=1710761294875 HTTP/1.1" 200 26
181.203.27.99 - - [18/Mar/2024:08:31:07 -0300] "GET /cormun/servlet/solicitudotadjuntos?395ec6fbf4082ced96a57f0a0088334627b4406b94ee4e7959b5518a8b1b6245,gx-no-cache=1710761293098 HTTP/1.1" 200 30
181.203.27.99 - - [18/Mar/2024:08:31:07 -0300] "GET /cormun/servlet/solicitudotadjuntos?395ec6fbf4082ced96a57f0a0088334627b4406b94ee4e7959b5518a8b1b6245,gx-no-cache=1710761293161 HTTP/1.1" 200 30
181.203.27.99 - - [18/Mar/2024:08:31:09 -0300] "POST /cormun/servlet/solicitudotadjuntos?af1927ee08130e8f808abd06b259cf95,INS,2024,20911,,1, HTTP/1.1" 500 10
190.171.149.90 - - [18/Mar/2024:08:31:38 -0300] "GET /cormun/servlet/solicitudotadjuntos?1a2a1566b8152e446a7c2855e012d459e0849a2205f24f958e23cab1f016e510,gx-no-cache=1710761325983 HTTP/1.1" 200 30
190.171.149.90 - - [18/Mar/2024:08:31:38 -0300] "GET /cormun/servlet/solicitudotadjuntos?1a2a1566b8152e446a7c2855e012d459e0849a2205f24f958e23cab1f016e510,gx-no-cache=1710761326019 HTTP/1.1" 200 30
190.171.149.90 - - [18/Mar/2024:08:31:38 -0300] "POST /cormun/servlet/solicitudotadjuntos?f5f72825b2c10d7e4a061cb1db28ca7e,INS,2024,20864,,1, HTTP/1.1" 500 10
190.171.153.34 - - [18/Mar/2024:08:31:39 -0300] "GET /cormun/servlet/hlogin HTTP/1.1" 200 1720
190.171.153.34 - - [18/Mar/2024:08:31:39 -0300] "GET /cormun/servlet/hlogin HTTP/1.1" 200 1731
190.171.149.90 - - [18/Mar/2024:08:31:42 -0300] "GET /cormun/servlet/solicitudotadjuntos?INS,2024,20864,,1, HTTP/1.1" 200 5862
190.171.149.90 - - [18/Mar/2024:08:31:42 -0300] "GET /cormun/static/about:blank HTTP/1.1" 404 1011
190.171.149.90 - - [18/Mar/2024:08:31:43 -0300] "GET /cormun/servlet/solicitudotadjuntos?1a2a1566b8152e446a7c2855e012d459d45577fbd71777a0a73001b22de608540902b8cbe3f7b0065e5b9ff1218e0ea9,gx-no-cache=1710761330713 HTTP/1.1" 200 30
190.171.149.90 - - [18/Mar/2024:08:31:43 -0300] "POST /cormun/servlet/solicitudotadjuntos?f5f72825b2c10d7e4a061cb1db28ca7e,INS,2024,20864,,1,,gx-no-cache=1710761330734 HTTP/1.1" 200 3881
190.171.153.34 - - [18/Mar/2024:08:31:46 -0300] "POST /cormun/servlet/hlogin?fe0871b23137d23e2059a438cb17ca5a,gx-no-cache=1710761333013 HTTP/1.1" 200 90
190.171.153.34 - - [18/Mar/2024:08:31:46 -0300] "GET /cormun/servlet/hpexe_link HTTP/1.1" 200 951
190.171.153.34 - - [18/Mar/2024:08:31:47 -0300] "GET /cormun/servlet/hhome HTTP/1.1" 200 4229
190.171.149.90 - - [18/Mar/2024:08:31:47 -0300] "GET /cormun/servlet/trsolicitudot? HTTP/1.1" 200 10098
190.171.153.34 - - [18/Mar/2024:08:31:50 -0300] "GET /cormun/servlet/trlicencias? HTTP/1.1" 200 9410
190.171.153.34 - - [18/Mar/2024:08:31:50 -0300] "GET /cormun/static/gxcfg.js?202211298463625 HTTP/1.1" 200 953
190.171.153.34 - - [18/Mar/2024:08:31:50 -0300] "GET /cormun/static/trlicencias.js?202211298463889 HTTP/1.1" 200 41883
190.171.153.34 - - [18/Mar/2024:08:31:50 -0300] "GET /cormun//static/Resources/PXToolsActionDisabled.gif HTTP/1.1" 200 53
190.171.153.34 - - [18/Mar/2024:08:31:50 -0300] "GET /cormun//static/Resources/PXToolsGridDisplay.png HTTP/1.1" 200 525
190.171.153.34 - - [18/Mar/2024:08:31:50 -0300] "GET /cormun//static/Resources/PXToolsHeaderFavorites.png HTTP/1.1" 200 1414
190.171.153.34 - - [18/Mar/2024:08:31:50 -0300] "GET /cormun//static/Resources/PXToolsHeaderHelp.png HTTP/1.1" 200 1333
190.171.153.34 - - [18/Mar/2024:08:31:50 -0300] "GET /cormun//static/Resources/PXToolsActionPrint.png HTTP/1.1" 200 404
181.43.231.96 - - [18/Mar/2024:08:33:01 -0300] "POST /cormun/servlet/trsolicitudot?4b0f4296741f78181397cacdb183cfc4,,gx-no-cache=1710761407024 HTTP/1.1" 440 972
190.95.15.15 - - [18/Mar/2024:08:33:27 -0300] "GET /cormun/servlet/hlogin HTTP/1.1" 200 1722
190.95.15.15 - - [18/Mar/2024:08:33:27 -0300] "GET /cormun/servlet/hlogin HTTP/1.1" 200 1732
190.171.152.242 - - [18/Mar/2024:08:33:36 -0300] "GET /cormun/servlet/solicitudot?a134c2f3cee6ece28fd7791290b70dc172a576d0da39f384003f1a5b3f49326555acdf0d7fc4c2b9b8451ddc4b3bf9c28b03859aae322b4b6ef1e3b338cf3d304d9ad766caaf3249140e88512cef7abff4cbc2b44a67fc1b4847aff9e9c14777a08949e6a5113fecd123caeb419d8e2b6ac84dd1c19f9ef1349c6fb452caf1f6e366ced96291ed1268e8b0a3b0d0d6e9469f120f17b1072b9ffe4f6cba7f5934374da849f652404f96d005ad225e2ef6a2d4490acb9e2654fc2ec2d5176f9c3c4f4e3b0f79a0303e2e39ee8652fbdd444b2dbac787a5c1ca8cb25aa19881dd86e9cea510514539f51b401667e573b654d1e0c23f85e2b5fb2dbba92c0ba6ea99bd20ce4205c28b72a885f7c908f3afcb2fa10362ca663a9388006ae9e58046d656dce489e5e94590d32eec252c989ff7b2b1133923f585f908194336b93b55bfa3419c4486313a1f3af727965777fa8b693a91a6798abc23b4ca4b0daf827d695269d4e1afe3cb1e4b35f22bfe59403a45ac672b931880c32f848d74c00bf8a4,gx-no-cache=1710761443442 HTTP/1.1" 200 30
190.171.152.242 - - [18/Mar/2024:08:33:36 -0300] "POST /cormun/servlet/solicitudot?gx-no-cache=1710761443466 HTTP/1.1" 200 30
190.171.152.242 - - [18/Mar/2024:08:33:36 -0300] "POST /cormun/servlet/solicitudot?gx-no-cache=1710761443487 HTTP/1.1" 200 1475
190.171.152.242 - - [18/Mar/2024:08:33:37 -0300] "POST /cormun/servlet/solicitudot?gx-no-cache=1710761443569 HTTP/1.1" 200 41
190.171.152.242 - - [18/Mar/2024:08:33:37 -0300] "GET /cormun/servlet/solicitudot?a134c2f3cee6ece28fd7791290b70dc1398e9c4c9ee0e5ff408f087f284d50b3dbaacaa5193ca3a15df86b1983a10f30a8a7023422691bea71226ccc843327408c06b90240232be3d40b315a91aa8bcdd253c6c7c08038f5d9a53c60c281b1a3b7e50acecb71c43a093aa5ba1b43730d,gx-no-cache=1710761443596 HTTP/1.1" 200 110
190.171.152.242 - - [18/Mar/2024:08:33:37 -0300] "POST /cormun/servlet/solicitudot?gx-no-cache=1710761443622 HTTP/1.1" 200 79
190.171.152.242 - - [18/Mar/2024:08:33:37 -0300] "GET /cormun/servlet/solicitudot?a134c2f3cee6ece28fd7791290b70dc1592fea909ed84aa073372ad202afb2d569aa263edf9a893aca470ceb216e8edc,gx-no-cache=1710761443648 HTTP/1.1" 200 30
190.171.152.242 - - [18/Mar/2024:08:33:37 -0300] "POST /cormun/servlet/solicitudot?gx-no-cache=1710761443669 HTTP/1.1" 200 34
190.171.152.242 - - [18/Mar/2024:08:33:37 -0300] "POST /cormun/servlet/solicitudot?ed271853a12401167dac1969bed925f4,INS,0,0,false,,gx-no-cache=1710761443694 HTTP/1.1" 500 10
190.95.15.15 - - [18/Mar/2024:08:33:41 -0300] "POST /cormun/servlet/hlogin?d68428d76022909824f7c76a4522f165,gx-no-cache=1710761447327 HTTP/1.1" 200 90
190.95.15.15 - - [18/Mar/2024:08:33:41 -0300] "GET /cormun/servlet/hpexe_link HTTP/1.1" 200 954
190.95.15.15 - - [18/Mar/2024:08:33:41 -0300] "GET /cormun/servlet/hhome HTTP/1.1" 200 3978
190.95.15.15 - - [18/Mar/2024:08:33:43 -0300] "GET /cormun/servlet/trlicencias? HTTP/1.1" 200 8938
190.171.152.242 - - [18/Mar/2024:08:33:44 -0300] "GET /cormun/servlet/hlogin HTTP/1.1" 200 1721
190.171.152.242 - - [18/Mar/2024:08:34:01 -0300] "POST /cormun/servlet/hlogin?ed271853a12401167dac1969bed925f4,gx-no-cache=1710761467786 HTTP/1.1" 200 90
190.171.152.242 - - [18/Mar/2024:08:34:01 -0300] "GET /cormun/servlet/hpexe_link HTTP/1.1" 200 967
190.171.152.242 - - [18/Mar/2024:08:34:01 -0300] "GET /cormun/servlet/solicitudot?INS,0,0,false, HTTP/1.1" 200 15974
181.43.231.96 - - [18/Mar/2024:08:34:06 -0300] "POST /cormun/servlet/trsolicitudot?4b0f4296741f78181397cacdb183cfc4,,gx-no-cache=1710761472052 HTTP/1.1" 440 972
181.43.231.96 - - [18/Mar/2024:08:34:08 -0300] "GET /cormun/servlet/trsolicitudot? HTTP/1.1" 200 12970
190.171.152.242 - - [18/Mar/2024:08:34:12 -0300] "POST /cormun/servlet/solicitudot?gx-no-cache=1710761479040 HTTP/1.1" 200 4022
190.171.152.242 - - [18/Mar/2024:08:34:12 -0300] "POST /cormun/servlet/solicitudot?ed271853a12401167dac1969bed925f4,INS,0,0,false,,gx-no-cache=1710761479195 HTTP/1.1" 200 12595
181.43.231.96 - - [18/Mar/2024:08:34:14 -0300] "POST /cormun/servlet/trsolicitudot?af1927ee08130e8f808abd06b259cf95,,gx-no-cache=1710761479917 HTTP/1.1" 200 110
181.43.231.96 - - [18/Mar/2024:08:34:14 -0300] "GET /cormun/servlet/solicitudot?UPD,2024,20904,false, HTTP/1.1" 200 16569
190.171.152.242 - - [18/Mar/2024:08:34:14 -0300] "GET /cormun/servlet/solicitudot?a134c2f3cee6ece28fd7791290b70dc16ad8ec12747705618de96604f8a73fa203f23e6ccd8ae89a2d8544d560c50c5b,gx-no-cache=1710761481459 HTTP/1.1" 200 30
181.43.231.96 - - [18/Mar/2024:08:34:15 -0300] "POST /cormun/servlet/solicitudot?gx-no-cache=1710761480938 HTTP/1.1" 200 4111
181.43.231.96 - - [18/Mar/2024:08:34:15 -0300] "POST /cormun/servlet/solicitudot?af1927ee08130e8f808abd06b259cf95,UPD,2024,20904,false,,gx-no-cache=1710761481164 HTTP/1.1" 200 12758
181.43.231.96 - - [18/Mar/2024:08:34:16 -0300] "GET /cormun/servlet/solicitudot?395ec6fbf4082ced96a57f0a0088334669f2a7985c826182a0a820e667221120e74339236f04d89b2aa96d2622c1c630,gx-no-cache=1710761481355 HTTP/1.1" 200 30
181.43.231.96 - - [18/Mar/2024:08:34:16 -0300] "GET /cormun/servlet/solicitudot?395ec6fbf4082ced96a57f0a008833464baec261413c1296b2ccbafaf8110e79c13eac005344041e7182e0059556b870,gx-no-cache=1710761481454 HTTP/1.1" 200 30
181.43.231.96 - - [18/Mar/2024:08:34:16 -0300] "GET /cormun/servlet/solicitudot?395ec6fbf4082ced96a57f0a0088334691d8c218fab6840917ad04f52afd9ec08e1b7a24709f33e676113e4d5c3164e9,gx-no-cache=1710761481508 HTTP/1.1" 200 45
181.43.231.96 - - [18/Mar/2024:08:34:16 -0300] "POST /cormun/servlet/solicitudot?gx-no-cache=1710761481558 HTTP/1.1" 200 297
181.43.231.96 - - [18/Mar/2024:08:34:16 -0300] "GET /cormun/servlet/solicitudot?395ec6fbf4082ced96a57f0a0088334614a3259c95a68c52c349d9925346593882cbc8ca2e7c6f94b1f906b9903dddbd49c90dd15009542854b2b86e1090abdbf78e9c77bf5761fab292fcfc9c40d3e62c61b5a646598219e6adde9793edd706a5a5dd7c6807ee8fab16006c5aebd6b9525441c64c3b0e5490387547ee30a334f653f2b10c073e5a21e51d80c8d2450b219b12548fa93298fbbdc3733d043ac0fe6792896b4d4f4a85dd512809be9dc15b6d85f6a7296c743f08b836f5b0f9df67809cb5b476fec4084b7ecdaed678943ab4432553d4ea86d23cadd7047fc7c2e1c1507ce7c5b4a636bfc6bf1821d1d1a681ff9837a9bba944d84a7d9f61d31d4efe7292092e5bdf488a10d615c2f7f476361bd3993a432388fb05c953852b312ce6da70b3caa3be288207c8c10d80a548a38c069985f756284e1880f8306633ce4cd64fbd2c53c4fa020acb1e464596bcd8fbfdb20915c9e46b6e6b2b64a53e86db859dca0748047e56539ee5eed1740b3616fbc9b1b2b78e032171bf9acec66a2018e93fbfba3334b3c174fcb9108c,gx-no-cache=1710761481612 HTTP/1.1" 200 30
181.43.231.96 - - [18/Mar/2024:08:34:16 -0300] "POST /cormun/servlet/solicitudot?gx-no-cache=1710761481692 HTTP/1.1" 200 30
181.43.231.96 - - [18/Mar/2024:08:34:16 -0300] "POST /cormun/servlet/solicitudot?gx-no-cache=1710761481749 HTTP/1.1" 200 1474
181.43.231.96 - - [18/Mar/2024:08:34:16 -0300] "POST /cormun/servlet/solicitudot?gx-no-cache=1710761482222 HTTP/1.1" 200 41
181.43.231.96 - - [18/Mar/2024:08:34:27 -0300] "GET /cormun/servlet/solicitudot?395ec6fbf4082ced96a57f0a008833467b865a51bceaea4609d0a515d48bec323029784ae5910ef54cefaae7242012afda6622f5a430beccaf0e4b332f010bc8c6ee12eb51a25a9616d20db0930352f594d1a2a06de6e1fdb28ebd6345dccfff9feaf0d08eb227dd00a010a5d924ef8a,gx-no-cache=1710761493034 HTTP/1.1" 200 110
181.43.231.96 - - [18/Mar/2024:08:34:27 -0300] "POST /cormun/servlet/solicitudot?gx-no-cache=1710761493082 HTTP/1.1" 200 83
181.43.231.96 - - [18/Mar/2024:08:34:27 -0300] "GET /cormun/servlet/solicitudot?395ec6fbf4082ced96a57f0a0088334602ebc5ddd7ae9a9791e74f2d09d874fbd6e8e8560820f5dee498423e03f4e14c25adf78a595f194ff2fd2f5d085814c9c8e7556ae85e534432dd7986ee3c0abba369f15b861c3c7fc19465ae01b80351b9096011de45b1ac4a0001200c6c1c9a,gx-no-cache=1710761493137 HTTP/1.1" 200 29
181.43.231.96 - - [18/Mar/2024:08:34:27 -0300] "GET /cormun/servlet/solicitudot?395ec6fbf4082ced96a57f0a008833462be31466b19902858ce9d1d903677c69687b38a480d3059e29b1e8984273fceb,gx-no-cache=1710761493259 HTTP/1.1" 200 30
181.43.231.96 - - [18/Mar/2024:08:34:28 -0300] "POST /cormun/servlet/solicitudot?gx-no-cache=1710761493307 HTTP/1.1" 200 30
181.43.231.96 - - [18/Mar/2024:08:34:28 -0300] "POST /cormun/servlet/solicitudot?af1927ee08130e8f808abd06b259cf95,UPD,2024,20904,false,,gx-no-cache=1710761493373 HTTP/1.1" 200 93
181.43.231.96 - - [18/Mar/2024:08:34:28 -0300] "GET /cormun/servlet/hpexe_return? HTTP/1.1" 200 1013
181.43.231.96 - - [18/Mar/2024:08:34:28 -0300] "GET /cormun/servlet/trsolicitudot HTTP/1.1" 200 12956
181.43.231.96 - - [18/Mar/2024:08:34:32 -0300] "POST /cormun/servlet/trsolicitudot?af1927ee08130e8f808abd06b259cf95,gx-no-cache=1710761498077 HTTP/1.1" 200 106
181.43.231.96 - - [18/Mar/2024:08:34:32 -0300] "GET /cormun/servlet/trsolicitudadjuntos?2024,20911, HTTP/1.1" 200 6023
181.43.231.96 - - [18/Mar/2024:08:34:35 -0300] "GET /cormun/servlet/solicitudotadjuntos?INS,2024,20911,,1, HTTP/1.1" 200 5960
181.43.231.96 - - [18/Mar/2024:08:34:35 -0300] "GET /cormun/static/about:blank HTTP/1.1" 404 1011
181.43.231.96 - - [18/Mar/2024:08:34:35 -0300] "GET /cormun/servlet/solicitudotadjuntos?395ec6fbf4082ced96a57f0a00883346da20c449fd26a56d5529398cb978575c0aec2c657d451c8f27b590c69f7d1028,gx-no-cache=1710761501156 HTTP/1.1" 200 30
181.43.231.96 - - [18/Mar/2024:08:34:35 -0300] "POST /cormun/servlet/solicitudotadjuntos?af1927ee08130e8f808abd06b259cf95,INS,2024,20911,,1,,gx-no-cache=1710761501211 HTTP/1.1" 200 3869
181.43.231.96 - - [18/Mar/2024:08:34:38 -0300] "POST /cormun/servlet/solicitudotadjuntos?gx-no-cache=1710761503600 HTTP/1.1" 200 26
181.43.231.96 - - [18/Mar/2024:08:35:32 -0300] "GET /cormun/servlet/solicitudotadjuntos?395ec6fbf4082ced96a57f0a0088334627b4406b94ee4e7959b5518a8b1b6245,gx-no-cache=1710761557954 HTTP/1.1" 200 30
181.43.231.96 - - [18/Mar/2024:08:35:32 -0300] "GET /cormun/servlet/solicitudotadjuntos?395ec6fbf4082ced96a57f0a0088334627b4406b94ee4e7959b5518a8b1b6245,gx-no-cache=1710761558066 HTTP/1.1" 200 30
181.43.231.96 - - [18/Mar/2024:08:35:34 -0300] "POST /cormun/servlet/solicitudotadjuntos?af1927ee08130e8f808abd06b259cf95,INS,2024,20911,,1, HTTP/1.1" 500 10
190.171.144.234 - - [18/Mar/2024:08:35:35 -0300] "GET /cormun/servlet/hlogin HTTP/1.1" 200 1716
190.171.144.234 - - [18/Mar/2024:08:35:35 -0300] "GET /cormun/servlet/hlogin HTTP/1.1" 200 1727
190.171.144.234 - - [18/Mar/2024:08:35:41 -0300] "POST /cormun/servlet/hlogin?70a7de601d37fa689ed4f7687aacd954,gx-no-cache=1710761567165 HTTP/1.1" 200 90
190.171.144.234 - - [18/Mar/2024:08:35:41 -0300] "GET /cormun/servlet/hpexe_link HTTP/1.1" 200 945
190.171.144.234 - - [18/Mar/2024:08:35:41 -0300] "GET /cormun/servlet/hhome HTTP/1.1" 200 3984
190.171.144.234 - - [18/Mar/2024:08:35:45 -0300] "GET /cormun/servlet/trlicencias? HTTP/1.1" 200 8920
190.171.144.234 - - [18/Mar/2024:08:36:15 -0300] "GET /cormun/servlet/trpermisosgoce? HTTP/1.1" 200 8280
190.171.152.242 - - [18/Mar/2024:08:36:54 -0300] "GET /cormun/servlet/prbanco?,MD,,gxPopupLevel%3D0%3B HTTP/1.1" 200 6599
190.171.152.242 - - [18/Mar/2024:08:36:58 -0300] "GET /cormun/servlet/solicitudot?a134c2f3cee6ece28fd7791290b70dc16ad0a004dd2b26677f832a451a044040d798675f64b145001e7fdbad9f655b24e3cb9b6de3be242582437ca2e8212683,gx-no-cache=1710761644645 HTTP/1.1" 200 30
190.171.152.242 - - [18/Mar/2024:08:36:59 -0300] "GET /cormun/servlet/solicitudot?a134c2f3cee6ece28fd7791290b70dc1312b17d920fb873513edfa41c136226a,gx-no-cache=1710761645775 HTTP/1.1" 200 53
190.171.149.90 - - [18/Mar/2024:08:37:19 -0300] "GET /cormun/servlet/hlogin HTTP/1.1" 200 1725
190.171.149.90 - - [18/Mar/2024:08:37:27 -0300] "POST /cormun/servlet/hlogin?f5f72825b2c10d7e4a061cb1db28ca7e,gx-no-cache=1710761675335 HTTP/1.1" 200 429
190.171.149.90 - - [18/Mar/2024:08:37:35 -0300] "POST /cormun/servlet/hlogin?f5f72825b2c10d7e4a061cb1db28ca7e,gx-no-cache=1710761683134 HTTP/1.1" 200 90
190.171.149.90 - - [18/Mar/2024:08:37:35 -0300] "GET /cormun/servlet/hpexe_link HTTP/1.1" 200 960
190.171.149.90 - - [18/Mar/2024:08:37:35 -0300] "GET /cormun/servlet/trsolicitudot HTTP/1.1" 200 10085
190.171.152.242 - - [18/Mar/2024:08:37:36 -0300] "POST /cormun/servlet/solicitudot?gx-no-cache=1710761682730 HTTP/1.1" 200 240
190.171.152.242 - - [18/Mar/2024:08:37:37 -0300] "GET /cormun/servlet/solicitudot?a134c2f3cee6ece28fd7791290b70dc172a576d0da39f384003f1a5b3f49326555acdf0d7fc4c2b9b8451ddc4b3bf9c28b03859aae322b4b6ef1e3b338cf3d304d9ad766caaf3249140e88512cef7abff4cbc2b44a67fc1b4847aff9e9c14777a08949e6a5113fecd123caeb419d8e2b6ac84dd1c19f9ef1349c6fb452caf1f6e366ced96291ed1268e8b0a3b0d0d6e9469f120f17b1072b9ffe4f6cba7f5934374da849f652404f96d005ad225e2ef6a2d4490acb9e2654fc2ec2d5176f9c3c4f4e3b0f79a0303e2e39ee8652fbdd444b2dbac787a5c1ca8cb25aa19881dd86e9cea510514539f51b401667e573b654d1e0c23f85e2b5fb2dbba92c0ba6ea99bd20ce4205c28b72a885f7c908f3afcb2fa10362ca663a9388006ae9e58046d656dce489e5e94590d32eec252c989ff7b2b1133923f585f908194336b93b55bfa3419c4486313a1f3af727965777fa8b693a91a6798abc23b4ca4b0daf827d695269d4e1afe3cb1e4b35f22bfe59403a9310777c8c77d60ced692b6ba833aa03,gx-no-cache=1710761684273 HTTP/1.1" 200 30
190.171.152.242 - - [18/Mar/2024:08:37:39 -0300] "POST /cormun/servlet/solicitudot?gx-no-cache=1710761686209 HTTP/1.1" 200 30
190.171.152.242 - - [18/Mar/2024:08:37:41 -0300] "GET /cormun/servlet/prfichaempleado?,MD,,gxPopupLevel%3D0%3B HTTP/1.1" 200 9291
190.171.152.242 - - [18/Mar/2024:08:37:55 -0300] "POST /cormun/servlet/prfichaempleado?ed271853a12401167dac1969bed925f4,,MD,,gxPopupLevel%3D0%3B,gx-no-cache=1710761701699 HTTP/1.1" 200 3413
190.171.152.242 - - [18/Mar/2024:08:38:00 -0300] "GET /cormun/servlet/prlicenciaspermisos?13586079,L,,MD,,gxPopupLevel%3D0%3B HTTP/1.1" 200 5857
190.171.152.242 - - [18/Mar/2024:08:38:03 -0300] "POST /cormun/servlet/solicitudot?gx-no-cache=1710761709507 HTTP/1.1" 200 1475
190.171.152.242 - - [18/Mar/2024:08:38:04 -0300] "POST /cormun/servlet/solicitudot?gx-no-cache=1710761710796 HTTP/1.1" 200 41
190.171.149.90 - - [18/Mar/2024:08:38:10 -0300] "POST /cormun/servlet/trsolicitudot?f5f72825b2c10d7e4a061cb1db28ca7e,gx-no-cache=1710761717825 HTTP/1.1" 200 106
190.171.149.90 - - [18/Mar/2024:08:38:10 -0300] "GET /cormun/servlet/trsolicitudadjuntos?2024,20910, HTTP/1.1" 200 9931
190.171.152.242 - - [18/Mar/2024:08:38:12 -0300] "GET /cormun/servlet/solicitudot?a134c2f3cee6ece28fd7791290b70dc1398e9c4c9ee0e5ff408f087f284d50b3dbaacaa5193ca3a15df86b1983a10f30a8a7023422691bea71226ccc843327408c06b90240232be3d40b315a91aa8bcdd253c6c7c08038f5d9a53c60c281b1a3b7e50acecb71c43a093aa5ba1b43730d,gx-no-cache=1710761719093 HTTP/1.1" 200 110
190.171.152.242 - - [18/Mar/2024:08:38:12 -0300] "POST /cormun/servlet/solicitudot?gx-no-cache=1710761719126 HTTP/1.1" 200 79
190.171.152.242 - - [18/Mar/2024:08:38:16 -0300] "GET /cormun/servlet/solicitudot?a134c2f3cee6ece28fd7791290b70dc1714c3d6d91d666f8846d7139914d76e5edea7d07fe933f576474ebc3ef77054d5d0997ff74634c1979d53b63804be3aacd2e2af44b6292f58c302268d8cb8d2dc36ef688d1c7b301d508801c649d32a6a7f860f00532f7e0687193a2d32ff72a,gx-no-cache=1710761723104 HTTP/1.1" 200 29
190.171.152.242 - - [18/Mar/2024:08:38:16 -0300] "GET /cormun/static/menuarrow.gif HTTP/1.1" 404 1015
190.171.152.242 - - [18/Mar/2024:08:38:21 -0300] "GET /cormun/servlet/solicitudot?a134c2f3cee6ece28fd7791290b70dc1592fea909ed84aa073372ad202afb2d569aa263edf9a893aca470ceb216e8edc,gx-no-cache=1710761727705 HTTP/1.1" 200 30
