190.171.153.26 - - [18/Mar/2024:10:59:02 -0300] "GET /cormun/servlet/solicitudot?7b02ed84a583682e926f5f6d02345702fe2b40b4d1cd9f7ca78d76e7f271cc86,gx-no-cache=1710770168235 HTTP/1.1" 200 53
181.212.47.137 - - [18/Mar/2024:10:59:13 -0300] "GET /cormun/servlet/trsolicitudgral? HTTP/1.1" 200 13267
190.171.153.26 - - [18/Mar/2024:10:59:25 -0300] "POST /cormun/servlet/solicitudot?gx-no-cache=1710770190898 HTTP/1.1" 200 30
190.171.153.26 - - [18/Mar/2024:10:59:25 -0300] "POST /cormun/servlet/solicitudot?gx-no-cache=1710770190964 HTTP/1.1" 200 1474
190.171.153.26 - - [18/Mar/2024:10:59:25 -0300] "POST /cormun/servlet/solicitudot?gx-no-cache=1710770191087 HTTP/1.1" 200 41
190.171.153.26 - - [18/Mar/2024:10:59:25 -0300] "GET /cormun/servlet/solicitudot?7b02ed84a583682e926f5f6d023457020c69db5acea836ff686821d458f8a06e150fd2181016a194d87443054d2eadf0b69cc65924f6cb495fe64c9d5b9f883745f736a4b15a11c8d6c26d2246b3bcfb5c33d7edea5ca975b48c00a361c70250e716b8fb9a61f7bd3aa9022190aa55b2,gx-no-cache=1710770191121 HTTP/1.1" 200 110
190.171.153.26 - - [18/Mar/2024:10:59:25 -0300] "POST /cormun/servlet/solicitudot?gx-no-cache=1710770191156 HTTP/1.1" 200 97
190.171.153.26 - - [18/Mar/2024:10:59:25 -0300] "GET /cormun/servlet/solicitudot?7b02ed84a583682e926f5f6d02345702d43b7fd11906361b6c97f8ec2591ad2f250b752e8a5c3c1eaa833c042eae9722af5c107a4b9fcc871887a0ff7341d66126f183154262f0c1ab34824ff99834ef631d64de612ab26c1ad9c30c23003fb3c556af00f514404500ba6cb2f64e82c3,gx-no-cache=1710770191187 HTTP/1.1" 200 29
190.171.153.26 - - [18/Mar/2024:10:59:25 -0300] "GET /cormun/static/menuarrow.gif HTTP/1.1" 404 1015
190.171.153.26 - - [18/Mar/2024:10:59:31 -0300] "GET /cormun/servlet/solicitudot?7b02ed84a583682e926f5f6d02345702a948f36e6c55970a39b0d66c5363e8089605edeecbac6f8c77974691857f4e5e022eb15d4edd1fef268b681c756d4eb44b1ac375bcbfc9e1682df9d744470b070759f6189b8ae1682e4bd0861b98d0dc5a7046bc2ab387e770c2704668cca7c75a5a99964a046a914e5b1e76eee438afbc5d8b58b060ca85653f89dd8f4c5722d134e9614472b8ea07358a0e4727674d03f279b0158c670d147e752a5fb936d660ac1863950c3be31d87998322083ba53bf7b84cae00952c52e2f43cf379e2b53b9a3debf5cd5bf282047876fcc43ce1986e15454f1a493490b5b9015dd1df0e540ab72c34a967b20c8fd5a255f3bf8e245e66f3a0ee2c59191dff767c9eabad44cde198d5220e85effc33c1601b1be0e91823beba26eae4ba27262678d1ec2e3bb9e9c25bb71ab0bc4b5fbbe44533a98ffd9337234b43adb398c3a2992dc3dae88c873a83adcd591174727a910bedae6233514eac154040acc1209bcd2ee4a97d734f06c95c2f4b406b9b9074ab7c5a,gx-no-cache=1710770197053 HTTP/1.1" 200 30
190.171.153.26 - - [18/Mar/2024:10:59:31 -0300] "POST /cormun/servlet/solicitudot?gx-no-cache=1710770197091 HTTP/1.1" 200 30
190.171.153.26 - - [18/Mar/2024:10:59:31 -0300] "POST /cormun/servlet/solicitudot?gx-no-cache=1710770197126 HTTP/1.1" 200 1474
190.171.153.26 - - [18/Mar/2024:10:59:31 -0300] "POST /cormun/servlet/solicitudot?gx-no-cache=1710770197232 HTTP/1.1" 200 41
190.171.153.26 - - [18/Mar/2024:10:59:31 -0300] "GET /cormun/servlet/solicitudot?7b02ed84a583682e926f5f6d023457020c69db5acea836ff686821d458f8a06e150fd2181016a194d87443054d2eadf0b69cc65924f6cb495fe64c9d5b9f883745f736a4b15a11c8d6c26d2246b3bcfb5c33d7edea5ca975b48c00a361c70250e716b8fb9a61f7bd3aa9022190aa55b2,gx-no-cache=1710770197276 HTTP/1.1" 200 110
190.171.153.26 - - [18/Mar/2024:10:59:31 -0300] "POST /cormun/servlet/solicitudot?gx-no-cache=1710770197315 HTTP/1.1" 200 97
181.212.47.137 - - [18/Mar/2024:10:59:33 -0300] "GET /cormun/servlet/vesolicitudgral?2024,20742,, HTTP/1.1" 200 8428
181.212.47.137 - - [18/Mar/2024:10:59:33 -0300] "GET /cormun/pexe_scrolldiv.js HTTP/1.1" 404 1009
190.171.153.26 - - [18/Mar/2024:10:59:34 -0300] "GET /cormun/servlet/solicitudot?7b02ed84a583682e926f5f6d023457022fb7c3948bddd3476ea5ebdfa2e4511ff42c340ac12c47e80de78648d535a1f1,gx-no-cache=1710770200034 HTTP/1.1" 200 30
190.171.149.82 - - [18/Mar/2024:10:59:35 -0300] "GET /cormun/servlet/solicitudot?3d7bbf31dd2ec52f6c40fe58a80b00572e55e9ed8137047582d1ea95d9bf9f6b15b4587fd2b317822cc50268e69fc9646c2ebe135ded316f7335ba71ad1b410368485f2bf8d0d59cdb53c5e4e591ff845c43ff310d4f2cc2346d53707ee9985380bdbceabccefdd1d122741f6293fe22242ae062ac169dc73cbc95ff63a23a0b8cbe39e3f3b84cac6737711ea1ca884f467233afd2eec84f7eee83e1de186ba470d1233e5f6b1ccb6796f269823fc86d1434acebdc4b0859ae3dedeb7098e7b4e0c90e117a25db24136d6e344d750f1b842ac6f94f04c5feb7d4eea97a2c39d3002282d236a664134b1bd9c657d189aa84d451d2f4db22d5514ddc1bf43b1b5e696df087910e75b923f606eb2dcf7601bb769430ea1e4ced12ee1f315cbb0f04f90b217afe37988cc4ebcc3173f88c8f38864ae216502557c624d5b4cc5667fc282772e6e1300f08f6d299148702481a04c9a6b8e418d41c9fcc7c156df3b9b9263ed40a31680ba7c4a8dee528d5545c06901819884a543947c2bd56522455a1,gx-no-cache=1710770200037 HTTP/1.1" 200 30
190.171.149.82 - - [18/Mar/2024:10:59:35 -0300] "POST /cormun/servlet/solicitudot?gx-no-cache=1710770200105 HTTP/1.1" 200 30
190.171.149.82 - - [18/Mar/2024:10:59:35 -0300] "POST /cormun/servlet/solicitudot?gx-no-cache=1710770200170 HTTP/1.1" 200 1475
190.171.149.82 - - [18/Mar/2024:10:59:36 -0300] "POST /cormun/servlet/solicitudot?gx-no-cache=1710770200496 HTTP/1.1" 200 41
190.171.149.82 - - [18/Mar/2024:10:59:36 -0300] "GET /cormun/servlet/solicitudot?3d7bbf31dd2ec52f6c40fe58a80b005798219acce6a40868a06b405ef18f75d14c10384eaf40efa15fa96bd98050228dc59515566b826e2927a6c0d488bec82c80ec4eddc51eabe75df28031a337f924eb45577c3f99006c4eb20ba4af22c870d95c773eb21ca4b3493605d439d4176b,gx-no-cache=1710770200564 HTTP/1.1" 200 110
190.171.153.26 - - [18/Mar/2024:10:59:36 -0300] "POST /cormun/servlet/solicitudot?gx-no-cache=1710770201691 HTTP/1.1" 200 34
190.171.149.82 - - [18/Mar/2024:10:59:36 -0300] "POST /cormun/servlet/solicitudot?gx-no-cache=1710770200607 HTTP/1.1" 200 109
190.171.149.82 - - [18/Mar/2024:10:59:39 -0300] "GET /cormun/servlet/solicitudot?3d7bbf31dd2ec52f6c40fe58a80b005711c00e2012434c6883f518e6a52d07ccf15f019faee38e37844ccb27add4b9ce,gx-no-cache=1710770204021 HTTP/1.1" 200 30
190.171.149.82 - - [18/Mar/2024:10:59:40 -0300] "POST /cormun/servlet/solicitudot?gx-no-cache=1710770204815 HTTP/1.1" 200 30
190.171.153.26 - - [18/Mar/2024:10:59:53 -0300] "GET /cormun/servlet/solicitudot?7b02ed84a583682e926f5f6d023457022fb7c3948bddd3476ea5ebdfa2e4511f114d3564b540b7f342bbb083ef89581c,gx-no-cache=1710770218476 HTTP/1.1" 200 30
190.171.153.26 - - [18/Mar/2024:10:59:53 -0300] "POST /cormun/servlet/solicitudot?gx-no-cache=1710770218502 HTTP/1.1" 200 34
190.171.153.26 - - [18/Mar/2024:10:59:53 -0300] "POST /cormun/servlet/solicitudot?6e98c8dea7be2b76fc545e0deade5518,INS,0,0,false,,gx-no-cache=1710770218534 HTTP/1.1" 500 10
190.171.149.82 - - [18/Mar/2024:11:00:03 -0300] "GET /cormun/servlet/hlogin HTTP/1.1" 200 1707
190.171.149.82 - - [18/Mar/2024:11:00:10 -0300] "POST /cormun/servlet/hlogin?0dee8856683ecfacb6318d6300b4b8f3,gx-no-cache=1710770235039 HTTP/1.1" 200 90
190.171.149.82 - - [18/Mar/2024:11:00:10 -0300] "GET /cormun/servlet/hpexe_link HTTP/1.1" 200 945
190.171.149.82 - - [18/Mar/2024:11:00:10 -0300] "GET /cormun/servlet/prbanco?,MD, HTTP/1.1" 200 6514
190.171.149.82 - - [18/Mar/2024:11:00:19 -0300] "POST /cormun/servlet/prbanco?0dee8856683ecfacb6318d6300b4b8f3,,MD,,gx-no-cache=1710770243816 HTTP/1.1" 200 3851
190.171.149.82 - - [18/Mar/2024:11:00:21 -0300] "GET /cormun/servlet/hlogin HTTP/1.1" 200 1707
190.171.149.82 - - [18/Mar/2024:11:00:34 -0300] "GET /cormun/servlet/trsolicitudot? HTTP/1.1" 200 6488
190.171.149.82 - - [18/Mar/2024:11:00:35 -0300] "GET /cormun/servlet/hlogin HTTP/1.1" 200 1725
190.171.149.82 - - [18/Mar/2024:11:00:37 -0300] "POST /cormun/servlet/hlogin?0dee8856683ecfacb6318d6300b4b8f3,gx-no-cache=1710770261478 HTTP/1.1" 200 434
190.171.149.82 - - [18/Mar/2024:11:00:39 -0300] "POST /cormun/servlet/hlogin?0dee8856683ecfacb6318d6300b4b8f3,gx-no-cache=1710770264053 HTTP/1.1" 200 90
190.171.149.82 - - [18/Mar/2024:11:00:39 -0300] "GET /cormun/servlet/hpexe_link HTTP/1.1" 200 945
190.171.149.82 - - [18/Mar/2024:11:00:40 -0300] "GET /cormun/servlet/trsolicitudot HTTP/1.1" 200 8940
190.171.149.82 - - [18/Mar/2024:11:00:49 -0300] "GET /cormun/servlet/vesolicitudot?2024,20888,, HTTP/1.1" 200 8287
190.171.149.82 - - [18/Mar/2024:11:00:49 -0300] "GET /cormun/static/gxcfg.js?202211298465857 HTTP/1.1" 200 953
190.171.149.82 - - [18/Mar/2024:11:00:49 -0300] "GET /cormun/pexe_scrolldiv.js HTTP/1.1" 404 1009
190.171.149.82 - - [18/Mar/2024:11:00:49 -0300] "GET /cormun/static/Resources/PXToolsTabFirstSelected.png HTTP/1.1" 200 1270
190.171.149.82 - - [18/Mar/2024:11:00:49 -0300] "GET /cormun/static/vesolicitudot.js?202211298465886 HTTP/1.1" 200 6091
190.171.149.82 - - [18/Mar/2024:11:00:49 -0300] "GET /cormun/static/hwcviewtabs.js?201991422154026 HTTP/1.1" 200 1074
190.171.149.82 - - [18/Mar/2024:11:00:49 -0300] "GET /cormun/static/hpexe_tabsview.js?2020121447381 HTTP/1.1" 200 1661
190.171.149.82 - - [18/Mar/2024:11:00:49 -0300] "GET /cormun/static/Resources/PXToolsTabLastUnselected.png HTTP/1.1" 200 1297
190.171.149.82 - - [18/Mar/2024:11:00:49 -0300] "GET /cormun/static/Resources/PXToolsTabPrevious.gif HTTP/1.1" 200 172
190.171.149.82 - - [18/Mar/2024:11:00:49 -0300] "GET /cormun/static/Resources/PXToolsTabNext.gif HTTP/1.1" 200 168
190.171.149.82 - - [18/Mar/2024:11:00:49 -0300] "GET /cormun/static/tbsolicitudot01.js?20201214462316 HTTP/1.1" 200 30566
190.171.149.82 - - [18/Mar/2024:11:00:49 -0300] "GET /cormun/static/calendar-system.css HTTP/1.1" 200 5572
190.171.149.82 - - [18/Mar/2024:11:00:49 -0300] "GET /cormun/static/Resources/PXToolsTabBackSelected.png HTTP/1.1" 200 1157
190.171.149.82 - - [18/Mar/2024:11:00:49 -0300] "GET /cormun/static/Resources/PXToolsTabBackUnselected.png HTTP/1.1" 200 1175
190.171.149.82 - - [18/Mar/2024:11:00:49 -0300] "GET /cormun/static/Resources/PXToolsTabSelectedUnselected.png HTTP/1.1" 200 1451
190.171.149.82 - - [18/Mar/2024:11:00:49 -0300] "GET /cormun/static/Resources/PXToolsTabUnselectedUnselected.png HTTP/1.1" 200 1470
181.212.47.137 - - [18/Mar/2024:11:00:50 -0300] "GET /cormun/servlet/trsolicitudgral? HTTP/1.1" 200 13268
190.171.149.82 - - [18/Mar/2024:11:00:56 -0300] "GET /cormun/servlet/trsolicitudot HTTP/1.1" 200 8940
181.212.43.89 - - [18/Mar/2024:11:00:57 -0300] "GET /cormun/servlet/trlicencias? HTTP/1.1" 200 9450
190.171.149.82 - - [18/Mar/2024:11:00:59 -0300] "GET /cormun/servlet/vesolicitudot?2024,20880,, HTTP/1.1" 200 8305
190.171.149.82 - - [18/Mar/2024:11:00:59 -0300] "GET /cormun/pexe_scrolldiv.js HTTP/1.1" 404 1009
190.171.149.82 - - [18/Mar/2024:11:02:32 -0300] "GET /cormun/servlet/trsolicitudot HTTP/1.1" 200 8938
190.171.149.82 - - [18/Mar/2024:11:02:37 -0300] "GET /cormun/servlet/solicitudot?INS,0,0,false, HTTP/1.1" 200 15901
190.171.149.82 - - [18/Mar/2024:11:02:49 -0300] "POST /cormun/servlet/solicitudot?gx-no-cache=1710770393846 HTTP/1.1" 200 4022
190.171.149.82 - - [18/Mar/2024:11:02:49 -0300] "POST /cormun/servlet/solicitudot?0dee8856683ecfacb6318d6300b4b8f3,INS,0,0,false,,gx-no-cache=1710770393981 HTTP/1.1" 200 12581
190.171.149.82 - - [18/Mar/2024:11:02:52 -0300] "GET /cormun/servlet/solicitudot?3d7bbf31dd2ec52f6c40fe58a80b0057c6f57c9ecc5a64517b6fcaad8f7b40267ef29e97f4e5c31bc8f608bd0ff76f9c,gx-no-cache=1710770397034 HTTP/1.1" 200 111
190.171.149.82 - - [18/Mar/2024:11:02:52 -0300] "GET /cormun/static/Shared/jqueryui/images/ui-bg_highlight-soft_100_c6c2c8_1x100.png HTTP/1.1" 404 1117
190.171.149.82 - - [18/Mar/2024:11:02:52 -0300] "GET /cormun/static/Shared/jqueryui/images/ui-icons_82798d_256x240.png HTTP/1.1" 404 1089
190.171.149.82 - - [18/Mar/2024:11:02:52 -0300] "GET /cormun/static/Shared/jqueryui/images/ui-bg_flat_55_994d53_40x100.png HTTP/1.1" 404 1097
190.171.149.82 - - [18/Mar/2024:11:02:52 -0300] "GET /cormun/static/Shared/jqueryui/images/ui-icons_ebccce_256x240.png HTTP/1.1" 404 1089
190.171.152.114 - - [18/Mar/2024:11:03:22 -0300] "GET /cormun/servlet/hlogin HTTP/1.1" 200 1722
190.171.149.82 - - [18/Mar/2024:11:03:40 -0300] "POST /cormun/servlet/solicitudot?gx-no-cache=1710770445205 HTTP/1.1" 200 4028
190.171.149.82 - - [18/Mar/2024:11:03:41 -0300] "POST /cormun/servlet/solicitudot?0dee8856683ecfacb6318d6300b4b8f3,INS,0,0,false,,gx-no-cache=1710770445307 HTTP/1.1" 200 12632
190.171.149.82 - - [18/Mar/2024:11:03:41 -0300] "GET /cormun/servlet/solicitudot?3d7bbf31dd2ec52f6c40fe58a80b00578aeeb8de097eebd01ab219fc38401c24cfd7f254baf3d9246164dc1c74c6954a,gx-no-cache=1710770445592 HTTP/1.1" 200 111
190.171.149.82 - - [18/Mar/2024:11:03:47 -0300] "GET /cormun/servlet/solicitudot?3d7bbf31dd2ec52f6c40fe58a80b005777bf0f3e90e67cf31aee43c4db72c72eb69ed35f2acd5245267e1f53cc6380eb,gx-no-cache=1710770451798 HTTP/1.1" 200 30
190.171.152.114 - - [18/Mar/2024:11:03:49 -0300] "POST /cormun/servlet/hlogin?777e9fc5d8456695b3d2ebc4b88b4ece,gx-no-cache=1710770455581 HTTP/1.1" 200 90
190.171.152.114 - - [18/Mar/2024:11:03:49 -0300] "GET /cormun/servlet/hpexe_link HTTP/1.1" 200 953
190.171.152.114 - - [18/Mar/2024:11:03:49 -0300] "GET /cormun/servlet/hhome HTTP/1.1" 200 4332
181.212.47.137 - - [18/Mar/2024:11:03:51 -0300] "GET /cormun/servlet/vesolicitudgral?2024,20768,, HTTP/1.1" 200 8414
181.212.47.137 - - [18/Mar/2024:11:03:51 -0300] "GET /cormun/pexe_scrolldiv.js HTTP/1.1" 404 1009
190.171.152.114 - - [18/Mar/2024:11:03:51 -0300] "GET /cormun/servlet/trsolicitudot? HTTP/1.1" 200 10163
190.171.152.114 - - [18/Mar/2024:11:03:56 -0300] "GET /cormun/servlet/solicitudot?INS,0,0,false, HTTP/1.1" 200 16298
190.171.152.114 - - [18/Mar/2024:11:04:16 -0300] "POST /cormun/servlet/solicitudot?gx-no-cache=1710770482865 HTTP/1.1" 200 4129
190.171.152.114 - - [18/Mar/2024:11:04:16 -0300] "POST /cormun/servlet/solicitudot?777e9fc5d8456695b3d2ebc4b88b4ece,INS,0,0,false,,gx-no-cache=1710770482974 HTTP/1.1" 200 12993
116.103.228.17 - - [18/Mar/2024:11:04:19 -0300] "CONNECT www.google.com:443 HTTP/1.1" 400 -
181.212.47.137 - - [18/Mar/2024:11:04:35 -0300] "GET /cormun/servlet/trsolicitudgral? HTTP/1.1" 200 13267
190.171.152.114 - - [18/Mar/2024:11:04:36 -0300] "GET /cormun/servlet/solicitudot?fb321f7c499d2d7cdcc49f8afb779f87f1a4a4a30e9e3154facdf79d2a2ddb406e4ec28e23885e8913a98c7208a65d69,gx-no-cache=1710770502591 HTTP/1.1" 200 30
190.171.152.114 - - [18/Mar/2024:11:04:36 -0300] "GET /cormun/servlet/solicitudot?fb321f7c499d2d7cdcc49f8afb779f87952b000ef792226b6dd953eb573db35fd5837435a21a5ef51f8245df1b43b0c7b280dc1e8d40487d89b549d02def43c7,gx-no-cache=1710770502608 HTTP/1.1" 200 30
190.171.152.114 - - [18/Mar/2024:11:04:36 -0300] "GET /cormun/servlet/solicitudot?fb321f7c499d2d7cdcc49f8afb779f878a96a0893a734e2c8db54207c208b0a9,gx-no-cache=1710770502621 HTTP/1.1" 200 45
190.171.152.114 - - [18/Mar/2024:11:04:36 -0300] "POST /cormun/servlet/solicitudot?gx-no-cache=1710770502635 HTTP/1.1" 200 255
190.171.152.114 - - [18/Mar/2024:11:04:36 -0300] "GET /cormun/servlet/solicitudot?fb321f7c499d2d7cdcc49f8afb779f873428db41f06b95962db0c27e49acfb94be93e1b3737d489239c21201224f2ccacca11ae0914fd99dcb3299b9f204e3fadd31c18b214b3876ac192599dc351285e67a675d0769f80ab189299e82f9868a6c9d1658da89191cd1c43ae9bef31fd8f7ba579715b1c364cb7dc8951d53c3aa552573e4407faca2c8c186fe4514a740985b1c90150b9d72d9e2f60d4b18fa3719ee4262d2a488be7f2ee83badb1fdcabd4eb48d9cdc65fd2da30c0a4afb0ea5409df4d55ec664a70ab0f78f953bb76ecc202948bfc326d25710f88c1bf7717e04b4bd11a4014a43c7e57d0460f00e3cc845e891e5f7101b06c4a90b48f6059bd5c60285c0e2724e14876dcfae4afce360cd4d171bd2c7010d717b9042697aa43d263a779c228a5a694592a33dbb1cd4a2527e56e82d71ed825b91ca0a5c56606e1a14c0d662289a88d443946acb0869a666866140240961f3d06dc7a04d79334039cfd9d530d4caed888fd815f81325778f965694eeb9046c224669394c62bc,gx-no-cache=1710770502652 HTTP/1.1" 200 30
190.171.152.114 - - [18/Mar/2024:11:04:38 -0300] "POST /cormun/servlet/solicitudot?gx-no-cache=1710770505214 HTTP/1.1" 200 30
181.212.47.137 - - [18/Mar/2024:11:04:40 -0300] "POST /cormun/servlet/trsolicitudgral?e49518311be179385363479016c53ce4,,gx-no-cache=1710770494759 HTTP/1.1" 200 5257
190.171.152.114 - - [18/Mar/2024:11:04:43 -0300] "GET /cormun/servlet/prsolicitudot?19590652,,,,,MD,,gxPopupLevel%3D0%3B HTTP/1.1" 200 6320
181.212.47.137 - - [18/Mar/2024:11:04:44 -0300] "POST /cormun/servlet/trsolicitudgral?e49518311be179385363479016c53ce4,,gx-no-cache=1710770499653 HTTP/1.1" 200 5257
181.212.47.137 - - [18/Mar/2024:11:04:48 -0300] "POST /cormun/servlet/trsolicitudgral?e49518311be179385363479016c53ce4,,gx-no-cache=1710770502797 HTTP/1.1" 200 6643
181.212.47.137 - - [18/Mar/2024:11:04:48 -0300] "POST /cormun/servlet/trsolicitudgral?e49518311be179385363479016c53ce4,,gx-no-cache=1710770503564 HTTP/1.1" 200 6643
190.171.149.82 - - [18/Mar/2024:11:05:34 -0300] "GET /cormun/servlet/prbanco?,MD,,gxPopupLevel%3D0%3B HTTP/1.1" 200 6520
190.171.149.82 - - [18/Mar/2024:11:05:39 -0300] "GET /cormun/servlet/solicitudot?3d7bbf31dd2ec52f6c40fe58a80b00573de5860f8fe88bcfe600198fb5a232f186546df6e1f292b23bd18702beee0dc5dd8a07c98a61aeb73ffde9ab642a721e,gx-no-cache=1710770564242 HTTP/1.1" 200 30
190.171.149.82 - - [18/Mar/2024:11:05:41 -0300] "GET /cormun/servlet/solicitudot?3d7bbf31dd2ec52f6c40fe58a80b00575a845b3888b6483edf17b34c5fef404e,gx-no-cache=1710770566192 HTTP/1.1" 200 53
181.212.47.137 - - [18/Mar/2024:11:05:47 -0300] "GET /cormun/servlet/vesolicitudgral?2024,20760,, HTTP/1.1" 200 8405
181.212.47.137 - - [18/Mar/2024:11:05:47 -0300] "GET /cormun/pexe_scrolldiv.js HTTP/1.1" 404 1009
190.171.152.114 - - [18/Mar/2024:11:05:48 -0300] "POST /cormun/servlet/solicitudot?gx-no-cache=1710770575045 HTTP/1.1" 200 1474
190.171.152.114 - - [18/Mar/2024:11:05:48 -0300] "POST /cormun/servlet/solicitudot?gx-no-cache=1710770575079 HTTP/1.1" 200 38
190.171.152.114 - - [18/Mar/2024:11:05:48 -0300] "GET /cormun/servlet/solicitudot?fb321f7c499d2d7cdcc49f8afb779f87d8eed20199ed5602b260eb954042a61b5233e49da2c277c14c8f508fd3cbab7b866273433d614e2fb2a43b478f471592fd6cd22e719f86f9a135d746046866436812a0b8ceab58040901d5662c3b62fd909af3d4f0216346aa234e4b93845f26,gx-no-cache=1710770575094 HTTP/1.1" 200 110
190.171.152.114 - - [18/Mar/2024:11:05:48 -0300] "POST /cormun/servlet/solicitudot?gx-no-cache=1710770575109 HTTP/1.1" 200 110
190.171.152.114 - - [18/Mar/2024:11:05:48 -0300] "GET /cormun/servlet/solicitudot?fb321f7c499d2d7cdcc49f8afb779f87a06f6252066070904dde41058ad39a346faedca0a76afa0542fa223cd55bd5c9d78e52619a90a1bc20777b2374bff148bf9df7fb3d512ce02b6e5d1b637186a8d627a5112668471e9825f749b6515d539ae74ef85e5e28c093dbe3c72ded4b544c85739a47f229707c8018df6f259a024aaf9481f0959c7d56a8e9480df730a6b4a1c291de64fb0185f4c1155520d37a,gx-no-cache=1710770575129 HTTP/1.1" 200 29
190.171.152.114 - - [18/Mar/2024:11:05:48 -0300] "GET /cormun/servlet/solicitudot?fb321f7c499d2d7cdcc49f8afb779f87648c67344f1edac43e1769469d9727cdf6e9d156e50cf8667b741ebaab8d1271,gx-no-cache=1710770575143 HTTP/1.1" 200 30
190.171.142.42 - - [18/Mar/2024:11:05:49 -0300] "POST /cormun/servlet/hlogin?713d4fca2b03558c54f7dd489110503f,gx-no-cache=1710770572489 HTTP/1.1" 440 972
190.171.142.42 - - [18/Mar/2024:11:05:51 -0300] "GET /cormun/servlet/hlogin HTTP/1.1" 200 1732
190.171.149.82 - - [18/Mar/2024:11:06:02 -0300] "POST /cormun/servlet/solicitudot?gx-no-cache=1710770586631 HTTP/1.1" 200 255
190.171.149.82 - - [18/Mar/2024:11:06:04 -0300] "GET /cormun/servlet/solicitudot?3d7bbf31dd2ec52f6c40fe58a80b00572e55e9ed8137047582d1ea95d9bf9f6b15b4587fd2b317822cc50268e69fc9646c2ebe135ded316f7335ba71ad1b410368485f2bf8d0d59cdb53c5e4e591ff845c43ff310d4f2cc2346d53707ee9985380bdbceabccefdd1d122741f6293fe22242ae062ac169dc73cbc95ff63a23a0b8cbe39e3f3b84cac6737711ea1ca884f467233afd2eec84f7eee83e1de186ba470d1233e5f6b1ccb6796f269823fc86d1434acebdc4b0859ae3dedeb7098e7b4e0c90e117a25db24136d6e344d750f1b842ac6f94f04c5feb7d4eea97a2c39d3002282d236a664134b1bd9c657d189aa84d451d2f4db22d5514ddc1bf43b1b5e696df087910e75b923f606eb2dcf7601bb769430ea1e4ced12ee1f315cbb0f04f90b217afe37988cc4ebcc3173f88c8f38864ae216502557c624d5b4cc5667fc282772e6e1300f08f6d299148702481a04c9a6b8e418d41c9fcc7c156df3b9b9263ed40a31680ba7c4a8dee528d5545c9802c139b74fb8a19da14a47c9cae2ee,gx-no-cache=1710770588400 HTTP/1.1" 200 30
190.171.152.114 - - [18/Mar/2024:11:06:06 -0300] "POST /cormun/servlet/solicitudot?gx-no-cache=1710770592591 HTTP/1.1" 200 33
190.171.149.82 - - [18/Mar/2024:11:06:07 -0300] "POST /cormun/servlet/solicitudot?gx-no-cache=1710770591766 HTTP/1.1" 200 30
190.171.149.82 - - [18/Mar/2024:11:06:08 -0300] "POST /cormun/servlet/solicitudot?gx-no-cache=1710770593001 HTTP/1.1" 200 1472
190.171.149.82 - - [18/Mar/2024:11:06:08 -0300] "POST /cormun/servlet/solicitudot?gx-no-cache=1710770593034 HTTP/1.1" 200 38
190.171.142.42 - - [18/Mar/2024:11:06:11 -0300] "GET /cormun/servlet/hlogin HTTP/1.1" 200 1722
194.165.16.72 - - [18/Mar/2024:11:06:12 -0300] " /*à Cookie: mstshash=Administr " 400 -
190.171.152.114 - - [18/Mar/2024:11:06:17 -0300] "GET /cormun/static/menuarrow.gif HTTP/1.1" 404 1015
190.171.142.42 - - [18/Mar/2024:11:06:20 -0300] "POST /cormun/servlet/hlogin?c469df81af0c859189c6b72ec65a7f16,gx-no-cache=1710770605849 HTTP/1.1" 200 90
190.171.142.42 - - [18/Mar/2024:11:06:20 -0300] "GET /cormun/servlet/hpexe_link HTTP/1.1" 200 951
190.171.142.42 - - [18/Mar/2024:11:06:20 -0300] "GET /cormun/servlet/hhome HTTP/1.1" 200 4272
190.171.142.42 - - [18/Mar/2024:11:06:23 -0300] "GET /cormun/servlet/trpermisosgoce? HTTP/1.1" 200 7197
190.171.152.114 - - [18/Mar/2024:11:06:24 -0300] "GET /cormun/servlet/solicitudot?fb321f7c499d2d7cdcc49f8afb779f87b08454b387cec9140f8f09b7a10370a942959f71418f629c0c99ce41b02a66f6,gx-no-cache=1710770610518 HTTP/1.1" 200 30
190.171.152.114 - - [18/Mar/2024:11:06:24 -0300] "POST /cormun/servlet/solicitudot?gx-no-cache=1710770610544 HTTP/1.1" 200 33
190.171.149.82 - - [18/Mar/2024:11:06:26 -0300] "GET /cormun/servlet/solicitudot?3d7bbf31dd2ec52f6c40fe58a80b005798219acce6a40868a06b405ef18f75d14c10384eaf40efa15fa96bd98050228dc59515566b826e2927a6c0d488bec82c80ec4eddc51eabe75df28031a337f924eb45577c3f99006c4eb20ba4af22c870d95c773eb21ca4b3493605d439d4176b,gx-no-cache=1710770611038 HTTP/1.1" 200 110
190.171.142.42 - - [18/Mar/2024:11:06:32 -0300] "GET /cormun/servlet/trpermisosgoce? HTTP/1.1" 200 7196
190.171.142.42 - - [18/Mar/2024:11:06:34 -0300] "GET /cormun/servlet/permisogoce?INS,0,,, HTTP/1.1" 200 7161
190.171.142.42 - - [18/Mar/2024:11:06:34 -0300] "GET /cormun/static/gxcfg.js?20201215124560 HTTP/1.1" 200 953
190.171.142.42 - - [18/Mar/2024:11:06:34 -0300] "GET /cormun/static/Resources/prompt.gif HTTP/1.1" 200 902
190.171.142.42 - - [18/Mar/2024:11:06:34 -0300] "GET /cormun/static/permisogoce.js?20201215124939 HTTP/1.1" 200 27790
181.212.47.137 - - [18/Mar/2024:11:06:41 -0300] "GET /cormun/servlet/trsolicitudgral? HTTP/1.1" 200 9715
190.171.149.82 - - [18/Mar/2024:11:06:43 -0300] "POST /cormun/servlet/solicitudot?gx-no-cache=1710770627456 HTTP/1.1" 200 97
181.212.47.137 - - [18/Mar/2024:11:06:45 -0300] "POST /cormun/servlet/trsolicitudgral?e49518311be179385363479016c53ce4,,gx-no-cache=1710770620045 HTTP/1.1" 200 8228
190.171.142.42 - - [18/Mar/2024:11:07:06 -0300] "GET /cormun/servlet/permisogoce?15deb1cb00a711ab507216a577ed800ef5d4152c8c0e3f3bc2a6ab147779e93ddf695eb2f749e1b7e6446fb9fbdbf6ae6fd9a4314fa056c28b6aa36436372d86,gx-no-cache=1710770652729 HTTP/1.1" 200 85
190.171.142.42 - - [18/Mar/2024:11:07:06 -0300] "GET /cormun/static/menuarrow.gif HTTP/1.1" 404 1015
190.171.149.82 - - [18/Mar/2024:11:07:10 -0300] "GET /cormun/servlet/solicitudot?3d7bbf31dd2ec52f6c40fe58a80b0057b2eec4c51898d94a9811e11930173d2653cfb16a9744098afccd8ede571c85fd81fdd015b36dd150fef223c0c52a83c85130863ef3cef47135509e89480c4dd9d6d4e73eb62ee6623dccf8fa354f9fac94fb44291e0608b833ba2c841b366b5f,gx-no-cache=1710770654337 HTTP/1.1" 200 29
190.171.149.82 - - [18/Mar/2024:11:07:11 -0300] "GET /cormun/static/menuarrow.gif HTTP/1.1" 404 1015
190.171.149.82 - - [18/Mar/2024:11:07:15 -0300] "GET /cormun/servlet/solicitudot?3d7bbf31dd2ec52f6c40fe58a80b005711c00e2012434c6883f518e6a52d07ccf15f019faee38e37844ccb27add4b9ce,gx-no-cache=1710770659426 HTTP/1.1" 200 30
190.171.152.114 - - [18/Mar/2024:11:07:16 -0300] "POST /cormun/servlet/solicitudot?777e9fc5d8456695b3d2ebc4b88b4ece,INS,0,0,false,,gx-no-cache=1710770662959 HTTP/1.1" 500 10
190.171.142.42 - - [18/Mar/2024:11:07:19 -0300] "GET /cormun/servlet/permisogoce?15deb1cb00a711ab507216a577ed800ef5d4152c8c0e3f3bc2a6ab147779e93d7da9e45f007d9ee2db5e019a1089473ba916f8b6ef95a0705a2ea27cd3197b55d776a919811fff5c4a3e99a29a6c7f1ff49ea6afe45aa4946dc0b741db4041f343ae38c8653f1ada73f9c7ddad660bbc,gx-no-cache=1710770665777 HTTP/1.1" 200 85
190.171.142.42 - - [18/Mar/2024:11:07:25 -0300] "GET /cormun/servlet/permisogoce?15deb1cb00a711ab507216a577ed800edfac7c2c82066280104789620397157e9125e7e5b5f300d4e94a664f0af54f7570769be022d5f62038cf85245b6a4c27,gx-no-cache=1710770671277 HTTP/1.1" 200 47
190.171.149.82 - - [18/Mar/2024:11:07:26 -0300] "POST /cormun/servlet/solicitudot?gx-no-cache=1710770670954 HTTP/1.1" 200 30
190.171.152.114 - - [18/Mar/2024:11:07:29 -0300] "GET /cormun/servlet/hlogin HTTP/1.1" 200 1722
190.171.152.114 - - [18/Mar/2024:11:07:43 -0300] "POST /cormun/servlet/hlogin?777e9fc5d8456695b3d2ebc4b88b4ece,gx-no-cache=1710770689397 HTTP/1.1" 200 90
190.171.152.114 - - [18/Mar/2024:11:07:43 -0300] "GET /cormun/servlet/hpexe_link HTTP/1.1" 200 971
190.171.152.114 - - [18/Mar/2024:11:07:43 -0300] "GET /cormun/servlet/prsolicitudot?19590652,,,,,MD, HTTP/1.1" 200 6315
190.171.142.42 - - [18/Mar/2024:11:07:44 -0300] "GET /cormun/servlet/permisogoce?15deb1cb00a711ab507216a577ed800ef5d4152c8c0e3f3bc2a6ab147779e93d7da9e45f007d9ee2db5e019a1089473ba916f8b6ef95a0705a2ea27cd3197b55d776a919811fff5c4a3e99a29a6c7f1ff49ea6afe45aa4946dc0b741db4041f343ae38c8653f1ada73f9c7ddad660bbc,gx-no-cache=1710770690246 HTTP/1.1" 200 85
190.171.142.42 - - [18/Mar/2024:11:07:45 -0300] "POST /cormun/servlet/permisogoce?c469df81af0c859189c6b72ec65a7f16,INS,0,,,,gx-no-cache=1710770690350 HTTP/1.1" 500 10
190.171.149.82 - - [18/Mar/2024:11:08:16 -0300] "POST /cormun/servlet/solicitudot?gx-no-cache=1710770720432 HTTP/1.1" 200 109
181.212.47.137 - - [18/Mar/2024:11:08:23 -0300] "GET /cormun/servlet/vesolicitudgral?2024,20833,, HTTP/1.1" 200 8395
181.212.47.137 - - [18/Mar/2024:11:08:23 -0300] "GET /cormun/pexe_scrolldiv.js HTTP/1.1" 404 1009
190.171.149.82 - - [18/Mar/2024:11:08:28 -0300] "GET /cormun/servlet/solicitudot?3d7bbf31dd2ec52f6c40fe58a80b005711c00e2012434c6883f518e6a52d07ccf15f019faee38e37844ccb27add4b9ce,gx-no-cache=1710770732359 HTTP/1.1" 200 30
190.171.149.82 - - [18/Mar/2024:11:08:28 -0300] "POST /cormun/servlet/solicitudot?gx-no-cache=1710770732377 HTTP/1.1" 200 30
190.171.149.82 - - [18/Mar/2024:11:08:28 -0300] "POST /cormun/servlet/solicitudot?0dee8856683ecfacb6318d6300b4b8f3,INS,0,0,false,,gx-no-cache=1710770732402 HTTP/1.1" 500 10
181.212.47.137 - - [18/Mar/2024:11:09:13 -0300] "POST /cormun/servlet/vesolicitudgral?e49518311be179385363479016c53ce4,2024,20833,,,gx-no-cache=1710770768521 HTTP/1.1" 200 12295
181.212.47.137 - - [18/Mar/2024:11:09:14 -0300] "POST /cormun/servlet/vesolicitudgral?e49518311be179385363479016c53ce4,2024,20833,,,gx-no-cache=1710770768695 HTTP/1.1" 200 12229
181.212.47.137 - - [18/Mar/2024:11:09:15 -0300] "GET /cormun/servlet/trsolicitudgral? HTTP/1.1" 200 10885
190.171.149.82 - - [18/Mar/2024:11:09:17 -0300] "GET /cormun/servlet/solicitudot?INS,0,0,false, HTTP/1.1" 200 15901
190.171.149.82 - - [18/Mar/2024:11:09:25 -0300] "GET /cormun/servlet/trsolicitudot? HTTP/1.1" 200 8940
190.95.15.15 - - [18/Mar/2024:11:09:35 -0300] "GET /cormun/servlet/hlogin HTTP/1.1" 200 1725
190.95.15.15 - - [18/Mar/2024:11:09:42 -0300] "POST /cormun/servlet/hlogin?a6f9035a52d88a31d4bf647029004d6d,gx-no-cache=1710770808779 HTTP/1.1" 200 90
190.95.15.15 - - [18/Mar/2024:11:09:42 -0300] "GET /cormun/servlet/hpexe_link HTTP/1.1" 200 955
190.95.15.15 - - [18/Mar/2024:11:09:42 -0300] "GET /cormun/servlet/hhome HTTP/1.1" 200 3977
190.171.149.82 - - [18/Mar/2024:11:09:54 -0300] "GET /cormun/servlet/solicitudot?INS,0,0,false, HTTP/1.1" 200 15901
190.171.149.82 - - [18/Mar/2024:11:09:59 -0300] "GET /cormun/servlet/trsolicitudot? HTTP/1.1" 200 8940
181.212.47.137 - - [18/Mar/2024:11:10:06 -0300] "GET /cormun/servlet/vesolicitudgral?2024,20813,, HTTP/1.1" 200 8396
181.212.47.137 - - [18/Mar/2024:11:10:06 -0300] "GET /cormun/pexe_scrolldiv.js HTTP/1.1" 404 1009
181.212.47.137 - - [18/Mar/2024:11:10:08 -0300] "POST /cormun/servlet/vesolicitudgral?e49518311be179385363479016c53ce4,2024,20813,,,gx-no-cache=1710770822590 HTTP/1.1" 200 12296
181.212.47.137 - - [18/Mar/2024:11:10:08 -0300] "POST /cormun/servlet/vesolicitudgral?e49518311be179385363479016c53ce4,2024,20813,,,gx-no-cache=1710770822759 HTTP/1.1" 200 12229
181.212.47.137 - - [18/Mar/2024:11:10:10 -0300] "GET /cormun/servlet/trsolicitudgral? HTTP/1.1" 200 10515
190.171.149.82 - - [18/Mar/2024:11:10:26 -0300] "GET /cormun/servlet/solicitudot?INS,0,0,false, HTTP/1.1" 200 15901
190.171.149.82 - - [18/Mar/2024:11:10:37 -0300] "POST /cormun/servlet/solicitudot?gx-no-cache=1710770862112 HTTP/1.1" 200 4022
190.171.149.82 - - [18/Mar/2024:11:10:37 -0300] "POST /cormun/servlet/solicitudot?0dee8856683ecfacb6318d6300b4b8f3,INS,0,0,false,,gx-no-cache=1710770862218 HTTP/1.1" 200 12583
190.171.149.82 - - [18/Mar/2024:11:10:40 -0300] "GET /cormun/servlet/solicitudot?3d7bbf31dd2ec52f6c40fe58a80b005777bf0f3e90e67cf31aee43c4db72c72eb69ed35f2acd5245267e1f53cc6380eb,gx-no-cache=1710770865032 HTTP/1.1" 200 30
181.212.47.137 - - [18/Mar/2024:11:10:48 -0300] "GET /cormun/servlet/vesolicitudgral?2024,20812,, HTTP/1.1" 200 8405
181.212.47.137 - - [18/Mar/2024:11:10:48 -0300] "GET /cormun/pexe_scrolldiv.js HTTP/1.1" 404 1009
181.212.47.137 - - [18/Mar/2024:11:11:30 -0300] "POST /cormun/servlet/vesolicitudgral?e49518311be179385363479016c53ce4,2024,20812,,,gx-no-cache=1710770904984 HTTP/1.1" 200 12300
181.212.47.137 - - [18/Mar/2024:11:11:30 -0300] "POST /cormun/servlet/vesolicitudgral?e49518311be179385363479016c53ce4,2024,20812,,,gx-no-cache=1710770905135 HTTP/1.1" 200 12234
181.212.47.137 - - [18/Mar/2024:11:11:32 -0300] "GET /cormun/servlet/trsolicitudgral? HTTP/1.1" 200 10102
181.42.49.39 - - [18/Mar/2024:11:12:00 -0300] "GET /cormun/servlet/hlogin HTTP/1.1" 200 1718
181.42.49.39 - - [18/Mar/2024:11:12:03 -0300] "POST /cormun/servlet/hlogin?896f482efca63cfb99d132f429fdde1a,gx-no-cache=1710770948805 HTTP/1.1" 200 90
181.42.49.39 - - [18/Mar/2024:11:12:03 -0300] "GET /cormun/servlet/hpexe_link HTTP/1.1" 200 950
181.42.49.39 - - [18/Mar/2024:11:12:03 -0300] "GET /cormun/servlet/hhome HTTP/1.1" 200 3927
181.42.49.39 - - [18/Mar/2024:11:12:06 -0300] "GET /cormun/servlet/trlicencias? HTTP/1.1" 200 8603
181.42.49.39 - - [18/Mar/2024:11:12:21 -0300] "GET /cormun/servlet/hhome HTTP/1.1" 200 3927
190.171.149.82 - - [18/Mar/2024:11:12:28 -0300] "GET /cormun/servlet/prbanco?,MD,,gxPopupLevel%3D0%3B HTTP/1.1" 200 6520
190.171.149.82 - - [18/Mar/2024:11:12:31 -0300] "GET /cormun/servlet/solicitudot?3d7bbf31dd2ec52f6c40fe58a80b00573de5860f8fe88bcfe600198fb5a232f15e648adee8ae7246fbcfe542e1f38c2bdd8a07c98a61aeb73ffde9ab642a721e,gx-no-cache=1710770975722 HTTP/1.1" 200 30
190.171.149.82 - - [18/Mar/2024:11:12:32 -0300] "GET /cormun/servlet/solicitudot?3d7bbf31dd2ec52f6c40fe58a80b00575a845b3888b6483edf17b34c5fef404e,gx-no-cache=1710770976439 HTTP/1.1" 200 53
181.212.47.137 - - [18/Mar/2024:11:12:36 -0300] "GET /cormun/servlet/vesolicitudgral?2024,20799,, HTTP/1.1" 200 8413
181.212.47.137 - - [18/Mar/2024:11:12:36 -0300] "GET /cormun/pexe_scrolldiv.js HTTP/1.1" 404 1009
190.171.149.82 - - [18/Mar/2024:11:12:43 -0300] "POST /cormun/servlet/solicitudot?gx-no-cache=1710770987504 HTTP/1.1" 200 255
190.171.149.82 - - [18/Mar/2024:11:12:44 -0300] "GET /cormun/servlet/solicitudot?3d7bbf31dd2ec52f6c40fe58a80b00572e55e9ed8137047582d1ea95d9bf9f6b15b4587fd2b317822cc50268e69fc9646c2ebe135ded316f7335ba71ad1b410368485f2bf8d0d59cdb53c5e4e591ff845c43ff310d4f2cc2346d53707ee9985380bdbceabccefdd1d122741f6293fe22242ae062ac169dc73cbc95ff63a23a0b8cbe39e3f3b84cac6737711ea1ca884f467233afd2eec84f7eee83e1de186ba470d1233e5f6b1ccb6796f269823fc86d1434acebdc4b0859ae3dedeb7098e7b4e0c90e117a25db24136d6e344d750f1b842ac6f94f04c5feb7d4eea97a2c39d3002282d236a664134b1bd9c657d189aa84d451d2f4db22d5514ddc1bf43b1b5e696df087910e75b923f606eb2dcf7601bb769430ea1e4ced12ee1f315cbb0f04f90b217afe37988cc4ebcc3173f88c8f38864ae216502557c624d5b4cc5667fc282772e6e1300f08f6d299148702481a04c9a6b8e418d41c9fcc7c156df3b9b9263ed40a31680ba7c4a8dee528d5545c9802c139b74fb8a19da14a47c9cae2ee,gx-no-cache=1710770989023 HTTP/1.1" 200 30
190.171.149.82 - - [18/Mar/2024:11:12:47 -0300] "POST /cormun/servlet/solicitudot?gx-no-cache=1710770991862 HTTP/1.1" 200 30
190.171.149.82 - - [18/Mar/2024:11:12:48 -0300] "POST /cormun/servlet/solicitudot?gx-no-cache=1710770992753 HTTP/1.1" 200 1472
190.171.149.82 - - [18/Mar/2024:11:12:48 -0300] "POST /cormun/servlet/solicitudot?gx-no-cache=1710770992798 HTTP/1.1" 200 38
190.171.149.82 - - [18/Mar/2024:11:13:02 -0300] "GET /cormun/servlet/solicitudot?3d7bbf31dd2ec52f6c40fe58a80b005798219acce6a40868a06b405ef18f75d14c10384eaf40efa15fa96bd98050228dc59515566b826e2927a6c0d488bec82c80ec4eddc51eabe75df28031a337f924eb45577c3f99006c4eb20ba4af22c870d95c773eb21ca4b3493605d439d4176b,gx-no-cache=1710771007302 HTTP/1.1" 200 110
190.171.149.82 - - [18/Mar/2024:11:13:13 -0300] "POST /cormun/servlet/solicitudot?gx-no-cache=1710771017312 HTTP/1.1" 200 110
190.171.149.82 - - [18/Mar/2024:11:13:20 -0300] "GET /cormun/servlet/solicitudot?3d7bbf31dd2ec52f6c40fe58a80b0057b2eec4c51898d94a9811e11930173d2653cfb16a9744098afccd8ede571c85fd81fdd015b36dd150fef223c0c52a83c85130863ef3cef47135509e89480c4dd9d6d4e73eb62ee6623dccf8fa354f9fac94fb44291e0608b833ba2c841b366b5f,gx-no-cache=1710771024401 HTTP/1.1" 200 29
190.171.149.82 - - [18/Mar/2024:11:13:21 -0300] "GET /cormun/static/menuarrow.gif HTTP/1.1" 404 1015
190.171.149.82 - - [18/Mar/2024:11:13:23 -0300] "GET /cormun/servlet/solicitudot?3d7bbf31dd2ec52f6c40fe58a80b005711c00e2012434c6883f518e6a52d07ccf15f019faee38e37844ccb27add4b9ce,gx-no-cache=1710771027780 HTTP/1.1" 200 30
190.171.149.82 - - [18/Mar/2024:11:13:30 -0300] "POST /cormun/servlet/solicitudot?gx-no-cache=1710771034767 HTTP/1.1" 200 30
190.171.149.82 - - [18/Mar/2024:11:14:14 -0300] "POST /cormun/servlet/solicitudot?0dee8856683ecfacb6318d6300b4b8f3,INS,0,0,false,,gx-no-cache=1710771078639 HTTP/1.1" 500 10
190.171.149.82 - - [18/Mar/2024:11:18:40 -0300] "GET /cormun/servlet/solicitudot?INS,0,0,false, HTTP/1.1" 200 15901
190.171.149.82 - - [18/Mar/2024:11:18:50 -0300] "GET /cormun/servlet/trlicencias? HTTP/1.1" 200 8604
190.171.149.82 - - [18/Mar/2024:11:18:50 -0300] "GET /cormun/static/gxcfg.js?202211298463625 HTTP/1.1" 200 953
190.171.149.82 - - [18/Mar/2024:11:18:50 -0300] "GET /cormun/static/trlicencias.js?202211298463889 HTTP/1.1" 200 41883
190.171.149.82 - - [18/Mar/2024:11:18:50 -0300] "GET /cormun//static/Resources/PXToolsActionDisabled.gif HTTP/1.1" 200 53
190.171.149.82 - - [18/Mar/2024:11:18:50 -0300] "GET /cormun//static/Resources/PXToolsGridDisplay.png HTTP/1.1" 200 525
190.171.149.82 - - [18/Mar/2024:11:18:50 -0300] "GET /cormun//static/Resources/PXToolsHeaderFavorites.png HTTP/1.1" 200 1414
190.171.149.82 - - [18/Mar/2024:11:18:50 -0300] "GET /cormun//static/Resources/PXToolsActionPrint.png HTTP/1.1" 200 404
190.171.149.82 - - [18/Mar/2024:11:18:50 -0300] "GET /cormun//static/Resources/PXToolsHeaderHelp.png HTTP/1.1" 200 1333
190.171.149.82 - - [18/Mar/2024:11:19:40 -0300] "GET /cormun/servlet/trsolicitudot? HTTP/1.1" 200 8938
190.171.149.82 - - [18/Mar/2024:11:19:45 -0300] "POST /cormun/servlet/trsolicitudot?0dee8856683ecfacb6318d6300b4b8f3,,gx-no-cache=1710771409625 HTTP/1.1" 200 6149
181.212.47.137 - - [18/Mar/2024:11:20:16 -0300] "GET /cormun/servlet/trsolicitudgral? HTTP/1.1" 200 10098
190.171.142.42 - - [18/Mar/2024:11:22:11 -0300] "GET /cormun/servlet/hlogin HTTP/1.1" 200 1722
181.212.47.137 - - [18/Mar/2024:11:23:52 -0300] "GET /cormun/servlet/vesolicitudgral?2024,20799,, HTTP/1.1" 200 8413
181.212.47.137 - - [18/Mar/2024:11:23:52 -0300] "GET /cormun/pexe_scrolldiv.js HTTP/1.1" 404 1009
181.212.47.137 - - [18/Mar/2024:11:25:22 -0300] "POST /cormun/servlet/vesolicitudgral?e49518311be179385363479016c53ce4,2024,20799,,,gx-no-cache=1710771737539 HTTP/1.1" 200 12322
181.212.47.137 - - [18/Mar/2024:11:25:23 -0300] "GET /cormun/static/Shared/jqueryui/images/ui-bg_highlight-soft_100_c6c2c8_1x100.png HTTP/1.1" 404 1117
181.212.47.137 - - [18/Mar/2024:11:25:23 -0300] "GET /cormun/static/Shared/jqueryui/images/ui-bg_flat_55_fafafa_40x100.png HTTP/1.1" 404 1097
181.212.47.137 - - [18/Mar/2024:11:25:23 -0300] "GET /cormun/static/Shared/jqueryui/images/ui-icons_82798d_256x240.png HTTP/1.1" 404 1089
181.212.47.137 - - [18/Mar/2024:11:25:23 -0300] "GET /cormun/static/Shared/jqueryui/images/ui-icons_8d78a5_256x240.png HTTP/1.1" 404 1089
181.212.47.137 - - [18/Mar/2024:11:25:23 -0300] "POST /cormun/servlet/vesolicitudgral?e49518311be179385363479016c53ce4,2024,20799,,,gx-no-cache=1710771737692 HTTP/1.1" 200 12255
181.212.47.137 - - [18/Mar/2024:11:25:25 -0300] "GET /cormun/servlet/trsolicitudgral? HTTP/1.1" 200 9701
181.212.47.137 - - [18/Mar/2024:11:25:30 -0300] "GET /cormun/servlet/vesolicitudgral?2024,20784,, HTTP/1.1" 200 8405
181.212.47.137 - - [18/Mar/2024:11:25:30 -0300] "GET /cormun/pexe_scrolldiv.js HTTP/1.1" 404 1009
181.212.47.137 - - [18/Mar/2024:11:26:16 -0300] "POST /cormun/servlet/vesolicitudgral?e49518311be179385363479016c53ce4,2024,20784,,,gx-no-cache=1710771791040 HTTP/1.1" 200 12317
181.212.47.137 - - [18/Mar/2024:11:26:16 -0300] "GET /cormun/static/Shared/jqueryui/images/ui-bg_highlight-soft_100_c6c2c8_1x100.png HTTP/1.1" 404 1117
181.212.47.137 - - [18/Mar/2024:11:26:16 -0300] "GET /cormun/static/Shared/jqueryui/images/ui-bg_flat_55_fafafa_40x100.png HTTP/1.1" 404 1097
181.212.47.137 - - [18/Mar/2024:11:26:16 -0300] "GET /cormun/static/Shared/jqueryui/images/ui-icons_8d78a5_256x240.png HTTP/1.1" 404 1089
181.212.47.137 - - [18/Mar/2024:11:26:16 -0300] "GET /cormun/static/Shared/jqueryui/images/ui-icons_82798d_256x240.png HTTP/1.1" 404 1089
181.212.47.137 - - [18/Mar/2024:11:26:16 -0300] "POST /cormun/servlet/vesolicitudgral?e49518311be179385363479016c53ce4,2024,20784,,,gx-no-cache=1710771791296 HTTP/1.1" 200 12249
181.212.47.137 - - [18/Mar/2024:11:26:17 -0300] "GET /cormun/servlet/trsolicitudgral? HTTP/1.1" 200 8323
181.212.47.137 - - [18/Mar/2024:11:26:24 -0300] "POST /cormun/servlet/trsolicitudgral?e49518311be179385363479016c53ce4,,gx-no-cache=1710771799542 HTTP/1.1" 200 5257
181.212.47.137 - - [18/Mar/2024:11:26:28 -0300] "POST /cormun/servlet/trsolicitudgral?e49518311be179385363479016c53ce4,,gx-no-cache=1710771803205 HTTP/1.1" 200 7656
190.171.149.74 - - [18/Mar/2024:11:26:38 -0300] "GET /cormun/servlet/hlogin HTTP/1.1" 200 1725
190.171.149.74 - - [18/Mar/2024:11:26:38 -0300] "GET /cormun/servlet/hlogin HTTP/1.1" 200 1736
190.171.149.74 - - [18/Mar/2024:11:26:38 -0300] "GET /favicon.ico HTTP/1.1" 200 21630
190.171.149.74 - - [18/Mar/2024:11:26:46 -0300] "POST /cormun/servlet/hlogin?0a8a5549d7585b57fd8048ae133afc45,gx-no-cache=1710771831934 HTTP/1.1" 200 90
190.171.149.74 - - [18/Mar/2024:11:26:46 -0300] "GET /cormun/servlet/hpexe_link HTTP/1.1" 200 955
190.171.149.74 - - [18/Mar/2024:11:26:46 -0300] "GET /cormun/servlet/hhome HTTP/1.1" 200 3983
190.171.149.74 - - [18/Mar/2024:11:26:48 -0300] "GET /cormun/servlet/trpermisosgoce? HTTP/1.1" 200 10181
190.171.149.74 - - [18/Mar/2024:11:26:51 -0300] "GET /cormun/servlet/permisogoce?INS,0,,, HTTP/1.1" 200 6850
190.171.149.74 - - [18/Mar/2024:11:26:57 -0300] "GET /cormun/servlet/permisogoce?901ab4b36e684f01f51bf4acf986cf8bf065c804718634056449320f359969bf329bcd4d0f5d310007a4faec21c1c04e8b2e5e7b5c2d3b34c5b13559e3dfe777,gx-no-cache=1710771843599 HTTP/1.1" 200 85
190.171.149.74 - - [18/Mar/2024:11:27:00 -0300] "GET /cormun/static/menuarrow.gif HTTP/1.1" 404 1015
181.212.47.137 - - [18/Mar/2024:11:27:09 -0300] "GET /cormun/servlet/vesolicitudgral?2024,20749,, HTTP/1.1" 200 8456
181.212.47.137 - - [18/Mar/2024:11:27:09 -0300] "GET /cormun/pexe_scrolldiv.js HTTP/1.1" 404 1009
190.171.149.74 - - [18/Mar/2024:11:27:10 -0300] "GET /cormun/servlet/permisogoce?901ab4b36e684f01f51bf4acf986cf8b76a8b39ec2f2f22cce8e0ce2850e21d54c19906d5c312a6b9c9eb2c8d080da5838449eb3327c7bf5fa8cef62ab3dabd1,gx-no-cache=1710771856522 HTTP/1.1" 200 47
190.171.149.74 - - [18/Mar/2024:11:27:12 -0300] "POST /cormun/servlet/permisogoce?0a8a5549d7585b57fd8048ae133afc45,INS,0,,,,gx-no-cache=1710771857959 HTTP/1.1" 500 10
181.212.47.137 - - [18/Mar/2024:11:27:22 -0300] "GET /cormun/servlet/trsolicitudgral? HTTP/1.1" 200 10706
190.171.149.74 - - [18/Mar/2024:11:27:26 -0300] "GET /cormun/servlet/hlogin HTTP/1.1" 200 1725
190.171.149.74 - - [18/Mar/2024:11:27:31 -0300] "POST /cormun/servlet/hlogin?0a8a5549d7585b57fd8048ae133afc45,gx-no-cache=1710771876959 HTTP/1.1" 200 90
190.171.149.74 - - [18/Mar/2024:11:27:31 -0300] "GET /cormun/servlet/hpexe_link HTTP/1.1" 200 968
190.171.149.74 - - [18/Mar/2024:11:27:31 -0300] "GET /cormun/servlet/permisogoce?INS,0,,, HTTP/1.1" 200 6851
190.171.149.74 - - [18/Mar/2024:11:27:35 -0300] "POST /cormun/servlet/permisogoce?0a8a5549d7585b57fd8048ae133afc45,INS,0,,,,gx-no-cache=1710771881055 HTTP/1.1" 200 93
190.171.149.74 - - [18/Mar/2024:11:27:35 -0300] "GET /cormun/servlet/hpexe_return? HTTP/1.1" 200 1015
190.171.149.74 - - [18/Mar/2024:11:27:35 -0300] "GET /cormun/servlet/trpermisosgoce HTTP/1.1" 200 10179
181.212.47.137 - - [18/Mar/2024:11:27:35 -0300] "POST /cormun/servlet/trsolicitudgral?e49518311be179385363479016c53ce4,,gx-no-cache=1710771870555 HTTP/1.1" 200 5260
190.171.149.74 - - [18/Mar/2024:11:27:40 -0300] "GET /cormun/servlet/permisogoce?INS,0,,, HTTP/1.1" 200 6849
181.212.47.137 - - [18/Mar/2024:11:27:42 -0300] "POST /cormun/servlet/trsolicitudgral?e49518311be179385363479016c53ce4,,gx-no-cache=1710771877154 HTTP/1.1" 200 7794
190.171.149.74 - - [18/Mar/2024:11:27:47 -0300] "GET /cormun/servlet/permisogoce?901ab4b36e684f01f51bf4acf986cf8bf065c804718634056449320f359969bf329bcd4d0f5d310007a4faec21c1c04e8b2e5e7b5c2d3b34c5b13559e3dfe777,gx-no-cache=1710771893370 HTTP/1.1" 200 85
190.171.149.74 - - [18/Mar/2024:11:27:49 -0300] "GET /cormun/static/menuarrow.gif HTTP/1.1" 404 1015
181.212.47.137 - - [18/Mar/2024:11:27:53 -0300] "POST /cormun/servlet/trsolicitudgral?e49518311be179385363479016c53ce4,,gx-no-cache=1710771887906 HTTP/1.1" 200 5258
190.171.149.74 - - [18/Mar/2024:11:27:53 -0300] "GET /cormun/servlet/permisogoce?901ab4b36e684f01f51bf4acf986cf8b76a8b39ec2f2f22cce8e0ce2850e21d54c19906d5c312a6b9c9eb2c8d080da5838449eb3327c7bf5fa8cef62ab3dabd1,gx-no-cache=1710771899681 HTTP/1.1" 200 47
190.171.149.74 - - [18/Mar/2024:11:27:55 -0300] "POST /cormun/servlet/permisogoce?0a8a5549d7585b57fd8048ae133afc45,INS,0,,,,gx-no-cache=1710771901351 HTTP/1.1" 500 10
181.212.47.137 - - [18/Mar/2024:11:28:02 -0300] "POST /cormun/servlet/trsolicitudgral?e49518311be179385363479016c53ce4,,gx-no-cache=1710771897186 HTTP/1.1" 200 10621
190.171.149.82 - - [18/Mar/2024:11:29:01 -0300] "GET /cormun/servlet/solicitudot?INS,0,0,false, HTTP/1.1" 200 15901
190.171.149.82 - - [18/Mar/2024:11:29:24 -0300] "POST /cormun/servlet/solicitudot?gx-no-cache=1710771989081 HTTP/1.1" 200 4022
190.171.149.82 - - [18/Mar/2024:11:29:24 -0300] "POST /cormun/servlet/solicitudot?0dee8856683ecfacb6318d6300b4b8f3,INS,0,0,false,,gx-no-cache=1710771990228 HTTP/1.1" 200 12582
190.171.149.82 - - [18/Mar/2024:11:29:24 -0300] "GET /cormun/servlet/solicitudot?3d7bbf31dd2ec52f6c40fe58a80b005708b5a38f92332013f0882d9bca6f11ebc23294ff7749a67477a96216009706bd,gx-no-cache=1710771990344 HTTP/1.1" 200 111
190.171.149.82 - - [18/Mar/2024:11:29:24 -0300] "GET /cormun/static/Shared/jqueryui/images/ui-bg_highlight-soft_100_c6c2c8_1x100.png HTTP/1.1" 404 1117
190.171.149.82 - - [18/Mar/2024:11:29:24 -0300] "GET /cormun/static/Shared/jqueryui/images/ui-bg_flat_55_994d53_40x100.png HTTP/1.1" 404 1097
190.171.149.82 - - [18/Mar/2024:11:29:24 -0300] "GET /cormun/static/Shared/jqueryui/images/ui-icons_ebccce_256x240.png HTTP/1.1" 404 1089
190.171.149.82 - - [18/Mar/2024:11:29:24 -0300] "GET /cormun/static/Shared/jqueryui/images/ui-icons_82798d_256x240.png HTTP/1.1" 404 1089
190.171.149.82 - - [18/Mar/2024:11:29:28 -0300] "GET /cormun/servlet/solicitudot?3d7bbf31dd2ec52f6c40fe58a80b0057b170be3b9f18333e7a4b1bc2fa05f8a0cfd7f254baf3d9246164dc1c74c6954a,gx-no-cache=1710771994349 HTTP/1.1" 200 111
181.212.47.137 - - [18/Mar/2024:11:29:43 -0300] "GET /cormun/servlet/vesolicitudgral?2024,20843,, HTTP/1.1" 200 8380
181.212.47.137 - - [18/Mar/2024:11:29:43 -0300] "GET /cormun/pexe_scrolldiv.js HTTP/1.1" 404 1009
181.212.47.137 - - [18/Mar/2024:11:30:02 -0300] "GET /cormun/servlet/trsolicitudgral? HTTP/1.1" 200 13782
190.171.149.82 - - [18/Mar/2024:11:30:02 -0300] "POST /cormun/servlet/solicitudot?gx-no-cache=1710772028673 HTTP/1.1" 200 4025
190.171.149.82 - - [18/Mar/2024:11:30:02 -0300] "POST /cormun/servlet/solicitudot?0dee8856683ecfacb6318d6300b4b8f3,INS,0,0,false,,gx-no-cache=1710772028791 HTTP/1.1" 200 12631
190.171.149.82 - - [18/Mar/2024:11:30:02 -0300] "GET /cormun/servlet/solicitudot?3d7bbf31dd2ec52f6c40fe58a80b005777bf0f3e90e67cf31aee43c4db72c72eb69ed35f2acd5245267e1f53cc6380eb,gx-no-cache=1710772028901 HTTP/1.1" 200 30
181.212.47.137 - - [18/Mar/2024:11:30:17 -0300] "GET /cormun/servlet/vesolicitudgral?2024,20798,, HTTP/1.1" 200 8417
181.212.47.137 - - [18/Mar/2024:11:30:17 -0300] "GET /cormun/pexe_scrolldiv.js HTTP/1.1" 404 1009
190.171.149.82 - - [18/Mar/2024:11:31:23 -0300] "GET /cormun/servlet/solicitudot?3d7bbf31dd2ec52f6c40fe58a80b00573de5860f8fe88bcfe600198fb5a232f15e648adee8ae7246fbcfe542e1f38c2bdd8a07c98a61aeb73ffde9ab642a721e,gx-no-cache=1710772109869 HTTP/1.1" 200 30
190.171.149.82 - - [18/Mar/2024:11:31:26 -0300] "GET /cormun/servlet/prbanco?,MD,,gxPopupLevel%3D0%3B HTTP/1.1" 200 6520
190.171.149.82 - - [18/Mar/2024:11:31:31 -0300] "GET /cormun/servlet/solicitudot?3d7bbf31dd2ec52f6c40fe58a80b00575a845b3888b6483edf17b34c5fef404e,gx-no-cache=1710772117278 HTTP/1.1" 200 53
190.171.149.82 - - [18/Mar/2024:11:31:43 -0300] "POST /cormun/servlet/solicitudot?gx-no-cache=1710772129949 HTTP/1.1" 200 255
190.171.149.82 - - [18/Mar/2024:11:31:45 -0300] "GET /cormun/servlet/solicitudot?3d7bbf31dd2ec52f6c40fe58a80b00572e55e9ed8137047582d1ea95d9bf9f6b15b4587fd2b317822cc50268e69fc9646c2ebe135ded316f7335ba71ad1b410368485f2bf8d0d59cdb53c5e4e591ff845c43ff310d4f2cc2346d53707ee9985380bdbceabccefdd1d122741f6293fe22242ae062ac169dc73cbc95ff63a23a0b8cbe39e3f3b84cac6737711ea1ca884f467233afd2eec84f7eee83e1de186ba470d1233e5f6b1ccb6796f269823fc86d1434acebdc4b0859ae3dedeb7098e7b4e0c90e117a25db24136d6e344d750f1b842ac6f94f04c5feb7d4eea97a2c39d3002282d236a664134b1bd9c657d189aa84d451d2f4db22d5514ddc1bf43b1b5e696df087910e75b923f606eb2dcf7601bb769430ea1e4ced12ee1f315cbb0f04f90b217afe37988cc4ebcc3173f88c8f38864ae216502557c624d5b4cc5667fc282772e6e1300f08f6d299148702481a04c9a6b8e418d41c9fcc7c156df3b9b9263ed40a31680ba7c4a8dee528d5545c9802c139b74fb8a19da14a47c9cae2ee,gx-no-cache=1710772131446 HTTP/1.1" 200 30
190.171.149.82 - - [18/Mar/2024:11:31:48 -0300] "POST /cormun/servlet/solicitudot?gx-no-cache=1710772134981 HTTP/1.1" 200 30
190.171.149.82 - - [18/Mar/2024:11:31:50 -0300] "POST /cormun/servlet/solicitudot?gx-no-cache=1710772136480 HTTP/1.1" 200 1472
190.171.149.82 - - [18/Mar/2024:11:31:50 -0300] "POST /cormun/servlet/solicitudot?gx-no-cache=1710772136508 HTTP/1.1" 200 38
190.171.149.82 - - [18/Mar/2024:11:32:05 -0300] "GET /cormun/servlet/solicitudot?3d7bbf31dd2ec52f6c40fe58a80b005798219acce6a40868a06b405ef18f75d14c10384eaf40efa15fa96bd98050228dc59515566b826e2927a6c0d488bec82c80ec4eddc51eabe75df28031a337f924eb45577c3f99006c4eb20ba4af22c870d95c773eb21ca4b3493605d439d4176b,gx-no-cache=1710772151701 HTTP/1.1" 200 110
181.212.47.137 - - [18/Mar/2024:11:32:06 -0300] "POST /cormun/servlet/vesolicitudgral?e49518311be179385363479016c53ce4,2024,20798,,,gx-no-cache=1710772141242 HTTP/1.1" 200 12301
181.212.47.137 - - [18/Mar/2024:11:32:06 -0300] "GET /cormun/static/Shared/jqueryui/images/ui-bg_highlight-soft_100_c6c2c8_1x100.png HTTP/1.1" 404 1117
181.212.47.137 - - [18/Mar/2024:11:32:06 -0300] "GET /cormun/static/Shared/jqueryui/images/ui-bg_flat_55_fafafa_40x100.png HTTP/1.1" 404 1097
181.212.47.137 - - [18/Mar/2024:11:32:06 -0300] "GET /cormun/static/Shared/jqueryui/images/ui-icons_82798d_256x240.png HTTP/1.1" 404 1089
181.212.47.137 - - [18/Mar/2024:11:32:06 -0300] "GET /cormun/static/Shared/jqueryui/images/ui-icons_8d78a5_256x240.png HTTP/1.1" 404 1089
181.212.47.137 - - [18/Mar/2024:11:32:06 -0300] "POST /cormun/servlet/vesolicitudgral?e49518311be179385363479016c53ce4,2024,20798,,,gx-no-cache=1710772141398 HTTP/1.1" 200 12235
190.171.149.82 - - [18/Mar/2024:11:32:08 -0300] "POST /cormun/servlet/solicitudot?gx-no-cache=1710772154759 HTTP/1.1" 200 110
181.212.47.137 - - [18/Mar/2024:11:32:09 -0300] "GET /cormun/servlet/trsolicitudgral? HTTP/1.1" 200 13353
190.171.149.82 - - [18/Mar/2024:11:32:15 -0300] "GET /cormun/servlet/solicitudot?3d7bbf31dd2ec52f6c40fe58a80b0057b2eec4c51898d94a9811e11930173d2653cfb16a9744098afccd8ede571c85fd81fdd015b36dd150fef223c0c52a83c85130863ef3cef47135509e89480c4dd9d6d4e73eb62ee6623dccf8fa354f9fac94fb44291e0608b833ba2c841b366b5f,gx-no-cache=1710772161741 HTTP/1.1" 200 29
190.171.149.82 - - [18/Mar/2024:11:32:16 -0300] "GET /cormun/static/menuarrow.gif HTTP/1.1" 404 1015
190.171.149.82 - - [18/Mar/2024:11:32:20 -0300] "GET /cormun/servlet/solicitudot?3d7bbf31dd2ec52f6c40fe58a80b005711c00e2012434c6883f518e6a52d07ccf15f019faee38e37844ccb27add4b9ce,gx-no-cache=1710772166195 HTTP/1.1" 200 30
190.171.149.82 - - [18/Mar/2024:11:32:25 -0300] "POST /cormun/servlet/solicitudot?gx-no-cache=1710772171885 HTTP/1.1" 200 30
181.212.47.137 - - [18/Mar/2024:11:32:30 -0300] "GET /cormun/servlet/vesolicitudgral?2024,20796,, HTTP/1.1" 200 8431
181.212.47.137 - - [18/Mar/2024:11:32:30 -0300] "GET /cormun/pexe_scrolldiv.js HTTP/1.1" 404 1009
181.212.47.137 - - [18/Mar/2024:11:33:38 -0300] "GET /cormun/servlet/trsolicitudgral? HTTP/1.1" 200 13350
190.171.149.82 - - [18/Mar/2024:11:33:51 -0300] "POST /cormun/servlet/solicitudot?0dee8856683ecfacb6318d6300b4b8f3,INS,0,0,false,,gx-no-cache=1710772257160 HTTP/1.1" 500 10
