190.171.153.34 - - [15/Mar/2024:11:58:34 -0300] "POST /cormun/servlet/solicitudot?gx-no-cache=1710514544924 HTTP/1.1" 200 4157
190.171.153.34 - - [15/Mar/2024:11:58:34 -0300] "POST /cormun/servlet/solicitudot?6b4ff966330f217d8411c20e001af5a5,INS,0,0,false,,gx-no-cache=1710514545026 HTTP/1.1" 200 13050
191.125.166.160 - - [15/Mar/2024:11:58:42 -0300] "POST /cormun/servlet/trsolicitudot?4b0f4296741f78181397cacdb183cfc4,gx-no-cache=1710514551321 HTTP/1.1" 200 107
191.125.166.160 - - [15/Mar/2024:11:58:42 -0300] "GET /cormun/servlet/trsolicitudadjuntos?2024,20895, HTTP/1.1" 200 6027
191.125.166.160 - - [15/Mar/2024:11:58:44 -0300] "GET /cormun/servlet/solicitudotadjuntos?INS,2024,20895,,1, HTTP/1.1" 200 5965
191.125.166.160 - - [15/Mar/2024:11:58:44 -0300] "GET /cormun/static/about:blank HTTP/1.1" 404 1011
191.125.166.160 - - [15/Mar/2024:11:58:45 -0300] "GET /cormun/servlet/solicitudotadjuntos?0cb91f95f7d1322740c18e2f33d3602743ed6865193885b9acc303f33432653da4b5c0ae6ac01d4b90c3ecc371618bec,gx-no-cache=1710514554070 HTTP/1.1" 200 30
191.125.166.160 - - [15/Mar/2024:11:58:45 -0300] "POST /cormun/servlet/solicitudotadjuntos?4b0f4296741f78181397cacdb183cfc4,INS,2024,20895,,1,,gx-no-cache=1710514554140 HTTP/1.1" 200 3874
191.125.166.160 - - [15/Mar/2024:11:58:48 -0300] "POST /cormun/servlet/solicitudotadjuntos?gx-no-cache=1710514557530 HTTP/1.1" 200 26
190.171.153.34 - - [15/Mar/2024:11:59:22 -0300] "GET /cormun/servlet/solicitudot?58ba5b7701aac66f621ca176820be4c094ddb10aa136e443cdd9a58539240209601f79cd9b601d80fa4866c1f5917c24,gx-no-cache=1710514592321 HTTP/1.1" 200 111
190.171.153.34 - - [15/Mar/2024:11:59:22 -0300] "GET /cormun/static/Shared/jqueryui/images/ui-bg_highlight-soft_100_c6c2c8_1x100.png HTTP/1.1" 404 1117
190.171.153.34 - - [15/Mar/2024:11:59:22 -0300] "GET /cormun/static/Shared/jqueryui/images/ui-bg_flat_55_994d53_40x100.png HTTP/1.1" 404 1097
190.171.153.34 - - [15/Mar/2024:11:59:22 -0300] "GET /cormun/static/Shared/jqueryui/images/ui-icons_82798d_256x240.png HTTP/1.1" 404 1089
190.171.153.34 - - [15/Mar/2024:11:59:22 -0300] "GET /cormun/static/Shared/jqueryui/images/ui-icons_ebccce_256x240.png HTTP/1.1" 404 1089
190.171.153.34 - - [15/Mar/2024:11:59:22 -0300] "GET /cormun/servlet/solicitudot?58ba5b7701aac66f621ca176820be4c0bcf071f7f681d8120b92bd1693272a829caa7b5c6bca94b0fb78fbd0ec52ff5441b9faef3ccae3dca5c1887684928c39,gx-no-cache=1710514592373 HTTP/1.1" 200 30
190.171.153.34 - - [15/Mar/2024:11:59:22 -0300] "GET /cormun/servlet/solicitudot?58ba5b7701aac66f621ca176820be4c0e3b795e3faf9e357d3fd0816126d9767,gx-no-cache=1710514592389 HTTP/1.1" 200 53
190.171.153.34 - - [15/Mar/2024:11:59:22 -0300] "POST /cormun/servlet/solicitudot?gx-no-cache=1710514592407 HTTP/1.1" 200 256
190.171.153.34 - - [15/Mar/2024:11:59:22 -0300] "GET /cormun/servlet/solicitudot?58ba5b7701aac66f621ca176820be4c0679d60fea586c5bbf166b935cc128ec0a10dc47f6e461e47c53c83419cd0918414bd7932b2373724c9f1b930b4e4b4f47084735b1bb4d1be80775a85642b44e4e333f500860e485df19a5421e95f15a8347bd34db2b480d67e28ed8a38e816d9ce9ce7b9e413770ee6afc58a9214ca23702945b701f50ce33de4b3dee63686eb5c02bcdbf8ff21c4bdb7acbb082f8d899026ee7a16e5170110de6c86b3174a1cff87f59d6d2108bd5e280721161d07c92ae3df83e847c8a5c6c62c9b9e1e3f384fdacb2f22c1fff2c106d6899d6c8c7865c54ff5c13f581d27afe7fc92c119ea55fb73ac585a5047d4c7e164bf9fb60903911dce50b930d66860136d26b1c45d1f0a594c5b6bb25ec84e1100440e6fdca08f7681fb31e1b382f9c2b6cd5e5200a7e7924adcff5acaec8cf4065dd9c535809b5bcc0cb808dc2cb02596c9fd9997a8562b0d3e6b02bdb20806fffb860c44f334b747b053128bae7d889600172d88c4c68b657746e4789ae02a848b851972,gx-no-cache=1710514592431 HTTP/1.1" 200 30
190.171.153.34 - - [15/Mar/2024:11:59:26 -0300] "POST /cormun/servlet/solicitudot?gx-no-cache=1710514596354 HTTP/1.1" 200 30
190.171.153.34 - - [15/Mar/2024:11:59:29 -0300] "GET /cormun/static/Resources/PXTools/ClosePrompt.png HTTP/1.1" 200 1036
190.171.153.34 - - [15/Mar/2024:11:59:29 -0300] "GET /cormun/static/Resources/resize.gif HTTP/1.1" 200 77
190.171.153.34 - - [15/Mar/2024:11:59:29 -0300] "GET /cormun/servlet/prcontratosol?11889720,,,,,MD,,gxPopupLevel%3D0%3B HTTP/1.1" 200 9043
190.171.153.34 - - [15/Mar/2024:11:59:29 -0300] "GET /cormun/static/gxcfg.js?202211298464198 HTTP/1.1" 200 953
190.171.153.34 - - [15/Mar/2024:11:59:29 -0300] "GET /cormun/static/Resources/PXToolsMenuSearch.png HTTP/1.1" 200 336
190.171.153.34 - - [15/Mar/2024:11:59:29 -0300] "GET /cormun/static/prcontratosol.js?202211298464288 HTTP/1.1" 200 15806
190.171.153.34 - - [15/Mar/2024:11:59:29 -0300] "GET /cormun/static/menusearch.js?20201214473581 HTTP/1.1" 200 1424
190.171.153.34 - - [15/Mar/2024:11:59:29 -0300] "GET /cormun/static/Resources/PXToolsMenuSearchCancel.png HTTP/1.1" 200 306
190.171.153.34 - - [15/Mar/2024:11:59:29 -0300] "GET /cormun/static/hmpwkw011.js?202211298443482 HTTP/1.1" 200 1968
190.171.149.90 - - [15/Mar/2024:12:00:01 -0300] "GET /cormun/servlet/hlogin HTTP/1.1" 200 1721
190.171.153.34 - - [15/Mar/2024:12:00:04 -0300] "POST /cormun/servlet/solicitudot?gx-no-cache=1710514634757 HTTP/1.1" 200 1468
190.171.153.34 - - [15/Mar/2024:12:00:04 -0300] "POST /cormun/servlet/solicitudot?gx-no-cache=1710514634794 HTTP/1.1" 200 38
190.171.153.34 - - [15/Mar/2024:12:00:04 -0300] "GET /cormun/servlet/solicitudot?58ba5b7701aac66f621ca176820be4c0a229948e8311101bfeb123350dd500d0688c5a086ea6e9e1fbf99f2182948fbc9d085f960e77ab2d824647b31a8b10859bf8450d4db0da8436e3256de567424ba628850772ceba3443d36438ae2c06061243349938a3ee331bd1e046465f375d,gx-no-cache=1710514634810 HTTP/1.1" 200 110
190.171.153.34 - - [15/Mar/2024:12:00:04 -0300] "POST /cormun/servlet/solicitudot?gx-no-cache=1710514634827 HTTP/1.1" 200 64
190.171.153.34 - - [15/Mar/2024:12:00:04 -0300] "GET /cormun/servlet/solicitudot?58ba5b7701aac66f621ca176820be4c0f8c1f15623462cb5821ffa930058b0ad592a1c9150ead9feb60968e0c91e4702ee34cf7e8286bd6bbb7288fdafeeeef7e8bfcb0333c687e0b38c9e92e69d8c6951ef0b5ec5561a936fafc560c95676b0ad8721d6c215f645542ae8708dee7728,gx-no-cache=1710514634847 HTTP/1.1" 200 29
190.171.153.34 - - [15/Mar/2024:12:00:04 -0300] "GET /cormun/servlet/solicitudot?58ba5b7701aac66f621ca176820be4c0b4d95b4a1034cf232a225e2b8140b34a835952d2b27b522a590aa8e47f481739,gx-no-cache=1710514634862 HTTP/1.1" 200 134
190.171.149.90 - - [15/Mar/2024:12:00:13 -0300] "POST /cormun/servlet/hlogin?2a6aa13df5ed1d85d1a51a691d951eb0,gx-no-cache=1710514643560 HTTP/1.1" 200 427
191.125.21.112 - - [15/Mar/2024:12:00:21 -0300] "GET /cormun/servlet/solicitudotadjuntos?0cb91f95f7d1322740c18e2f33d360271ea8a2784e3a0a84e7a69f6c6d5775d6,gx-no-cache=1710514650804 HTTP/1.1" 200 30
191.125.21.112 - - [15/Mar/2024:12:00:21 -0300] "GET /cormun/servlet/solicitudotadjuntos?0cb91f95f7d1322740c18e2f33d360271ea8a2784e3a0a84e7a69f6c6d5775d6,gx-no-cache=1710514650880 HTTP/1.1" 200 30
191.125.21.112 - - [15/Mar/2024:12:00:22 -0300] "POST /cormun/servlet/solicitudotadjuntos?4b0f4296741f78181397cacdb183cfc4,INS,2024,20895,,1, HTTP/1.1" 200 116
191.125.21.112 - - [15/Mar/2024:12:00:22 -0300] "GET /cormun/servlet/hpexe_return? HTTP/1.1" 200 1030
191.125.21.112 - - [15/Mar/2024:12:00:22 -0300] "GET /cormun/servlet/trsolicitudadjuntos?2024,20895, HTTP/1.1" 200 8932
190.171.149.90 - - [15/Mar/2024:12:00:25 -0300] "POST /cormun/servlet/hlogin?2a6aa13df5ed1d85d1a51a691d951eb0,gx-no-cache=1710514655753 HTTP/1.1" 200 90
190.171.149.90 - - [15/Mar/2024:12:00:25 -0300] "GET /cormun/servlet/hpexe_link HTTP/1.1" 200 950
191.125.21.112 - - [15/Mar/2024:12:00:25 -0300] "GET /cormun/servlet/solicitudotadjuntos?INS,2024,20895,,1, HTTP/1.1" 200 5966
190.171.149.90 - - [15/Mar/2024:12:00:25 -0300] "GET /cormun/servlet/hhome HTTP/1.1" 200 3823
191.125.21.112 - - [15/Mar/2024:12:00:25 -0300] "GET /cormun/static/about:blank HTTP/1.1" 404 1011
191.125.21.112 - - [15/Mar/2024:12:00:26 -0300] "GET /cormun/servlet/solicitudotadjuntos?0cb91f95f7d1322740c18e2f33d3602743ed6865193885b9acc303f33432653da4b5c0ae6ac01d4b90c3ecc371618bec,gx-no-cache=1710514655096 HTTP/1.1" 200 30
191.125.21.112 - - [15/Mar/2024:12:00:26 -0300] "POST /cormun/servlet/solicitudotadjuntos?4b0f4296741f78181397cacdb183cfc4,INS,2024,20895,,1,,gx-no-cache=1710514655149 HTTP/1.1" 200 3875
191.125.21.112 - - [15/Mar/2024:12:00:28 -0300] "POST /cormun/servlet/solicitudotadjuntos?gx-no-cache=1710514657077 HTTP/1.1" 200 26
190.171.149.90 - - [15/Mar/2024:12:00:34 -0300] "GET /cormun/servlet/trsolicitudot? HTTP/1.1" 200 8926
190.171.149.90 - - [15/Mar/2024:12:00:37 -0300] "GET /cormun/servlet/solicitudot?INS,0,0,false, HTTP/1.1" 200 15803
190.171.149.90 - - [15/Mar/2024:12:00:52 -0300] "POST /cormun/servlet/solicitudot?gx-no-cache=1710514683339 HTTP/1.1" 200 4097
190.171.149.90 - - [15/Mar/2024:12:00:52 -0300] "GET /cormun/static/Shared/jqueryui/images/ui-bg_highlight-soft_100_c6c2c8_1x100.png HTTP/1.1" 404 1117
190.171.149.90 - - [15/Mar/2024:12:00:52 -0300] "GET /cormun/static/Shared/jqueryui/images/ui-icons_82798d_256x240.png HTTP/1.1" 404 1089
190.171.149.90 - - [15/Mar/2024:12:00:52 -0300] "GET /cormun/static/Shared/jqueryui/images/ui-bg_flat_55_994d53_40x100.png HTTP/1.1" 404 1097
190.171.149.90 - - [15/Mar/2024:12:00:52 -0300] "GET /cormun/static/Shared/jqueryui/images/ui-icons_ebccce_256x240.png HTTP/1.1" 404 1089
190.171.149.90 - - [15/Mar/2024:12:00:59 -0300] "GET /cormun/servlet/solicitudot?61e317ba8dc78e7079367b1b21f80da118f6787380cb275dee0471b50f644b4f125fa8613341a36be848e6e5bbc234d0,gx-no-cache=1710514690045 HTTP/1.1" 200 111
190.171.149.90 - - [15/Mar/2024:12:01:03 -0300] "GET /cormun/servlet/solicitudot?61e317ba8dc78e7079367b1b21f80da1be5da16d73188baa271603479f68739fa090ef5ee377fe71a16c032852295c27,gx-no-cache=1710514693657 HTTP/1.1" 200 30
190.171.153.34 - - [15/Mar/2024:12:01:07 -0300] "GET /cormun/static/menuarrow.gif HTTP/1.1" 404 1015
190.171.153.34 - - [15/Mar/2024:12:01:11 -0300] "GET /cormun/servlet/prcontratosol?11889720,,,,,MD,,gxPopupLevel%3D0%3B HTTP/1.1" 200 9043
190.171.153.34 - - [15/Mar/2024:12:01:18 -0300] "POST /cormun/servlet/solicitudot?gx-no-cache=1710514709207 HTTP/1.1" 200 1468
190.171.153.34 - - [15/Mar/2024:12:01:18 -0300] "POST /cormun/servlet/solicitudot?gx-no-cache=1710514709236 HTTP/1.1" 200 41
190.171.153.34 - - [15/Mar/2024:12:01:19 -0300] "GET /cormun/servlet/solicitudot?58ba5b7701aac66f621ca176820be4c0a229948e8311101bfeb123350dd500d0688c5a086ea6e9e1fbf99f2182948fbc9d085f960e77ab2d824647b31a8b10859bf8450d4db0da8436e3256de567424ba628850772ceba3443d36438ae2c06061243349938a3ee331bd1e046465f375d,gx-no-cache=1710514709252 HTTP/1.1" 200 110
190.171.153.34 - - [15/Mar/2024:12:01:19 -0300] "POST /cormun/servlet/solicitudot?gx-no-cache=1710514709271 HTTP/1.1" 200 64
190.171.153.34 - - [15/Mar/2024:12:01:19 -0300] "GET /cormun/servlet/solicitudot?58ba5b7701aac66f621ca176820be4c0b4d95b4a1034cf232a225e2b8140b34a835952d2b27b522a590aa8e47f481739,gx-no-cache=1710514709292 HTTP/1.1" 200 134
190.171.153.34 - - [15/Mar/2024:12:02:02 -0300] "GET /cormun/servlet/solicitudot?58ba5b7701aac66f621ca176820be4c09238adeaa448d81eb34dbdbfda250f30835952d2b27b522a590aa8e47f481739,gx-no-cache=1710514753021 HTTP/1.1" 200 30
190.171.149.90 - - [15/Mar/2024:12:02:29 -0300] "GET /cormun/servlet/prbanco?,MD,,gxPopupLevel%3D0%3B HTTP/1.1" 200 6401
190.171.153.34 - - [15/Mar/2024:12:02:38 -0300] "POST /cormun/servlet/solicitudot?gx-no-cache=1710514788355 HTTP/1.1" 200 33
190.171.149.90 - - [15/Mar/2024:12:02:38 -0300] "GET /cormun/servlet/solicitudot?61e317ba8dc78e7079367b1b21f80da19879ad042e846089dab276ab01c5800f39196a922f9ae83f355bc23762092212717540daa6600be1f92f4458e0774a14,gx-no-cache=1710514788796 HTTP/1.1" 200 30
191.125.21.112 - - [15/Mar/2024:12:02:40 -0300] "GET /cormun/servlet/solicitudotadjuntos?0cb91f95f7d1322740c18e2f33d360271ea8a2784e3a0a84e7a69f6c6d5775d6,gx-no-cache=1710514789228 HTTP/1.1" 200 30
191.125.21.112 - - [15/Mar/2024:12:02:40 -0300] "GET /cormun/servlet/solicitudotadjuntos?0cb91f95f7d1322740c18e2f33d360271ea8a2784e3a0a84e7a69f6c6d5775d6,gx-no-cache=1710514789319 HTTP/1.1" 200 30
191.125.21.112 - - [15/Mar/2024:12:02:41 -0300] "POST /cormun/servlet/solicitudotadjuntos?4b0f4296741f78181397cacdb183cfc4,INS,2024,20895,,1, HTTP/1.1" 200 116
191.125.21.112 - - [15/Mar/2024:12:02:41 -0300] "GET /cormun/servlet/hpexe_return? HTTP/1.1" 200 1030
191.125.21.112 - - [15/Mar/2024:12:02:41 -0300] "GET /cormun/servlet/trsolicitudadjuntos?2024,20895, HTTP/1.1" 200 9176
191.125.21.112 - - [15/Mar/2024:12:02:43 -0300] "GET /cormun/servlet/solicitudotadjuntos?INS,2024,20895,,1, HTTP/1.1" 200 5966
191.125.21.112 - - [15/Mar/2024:12:02:44 -0300] "GET /cormun/static/about:blank HTTP/1.1" 404 1011
191.125.21.112 - - [15/Mar/2024:12:02:44 -0300] "GET /cormun/servlet/solicitudotadjuntos?0cb91f95f7d1322740c18e2f33d3602743ed6865193885b9acc303f33432653da4b5c0ae6ac01d4b90c3ecc371618bec,gx-no-cache=1710514793482 HTTP/1.1" 200 30
191.125.21.112 - - [15/Mar/2024:12:02:44 -0300] "POST /cormun/servlet/solicitudotadjuntos?4b0f4296741f78181397cacdb183cfc4,INS,2024,20895,,1,,gx-no-cache=1710514793554 HTTP/1.1" 200 3875
191.125.21.112 - - [15/Mar/2024:12:02:47 -0300] "POST /cormun/servlet/solicitudotadjuntos?gx-no-cache=1710514796285 HTTP/1.1" 200 26
190.171.149.90 - - [15/Mar/2024:12:02:53 -0300] "GET /cormun/servlet/solicitudot?61e317ba8dc78e7079367b1b21f80da1032a31718413245a409dcd9cce439299,gx-no-cache=1710514804089 HTTP/1.1" 200 53
191.125.21.112 - - [15/Mar/2024:12:02:56 -0300] "GET /cormun/servlet/solicitudotadjuntos?0cb91f95f7d1322740c18e2f33d360271ea8a2784e3a0a84e7a69f6c6d5775d6,gx-no-cache=1710514805111 HTTP/1.1" 200 30
191.125.21.112 - - [15/Mar/2024:12:02:56 -0300] "GET /cormun/servlet/solicitudotadjuntos?0cb91f95f7d1322740c18e2f33d360271ea8a2784e3a0a84e7a69f6c6d5775d6,gx-no-cache=1710514805164 HTTP/1.1" 200 30
191.125.21.112 - - [15/Mar/2024:12:02:56 -0300] "POST /cormun/servlet/solicitudotadjuntos?4b0f4296741f78181397cacdb183cfc4,INS,2024,20895,,1, HTTP/1.1" 200 116
191.125.21.112 - - [15/Mar/2024:12:02:56 -0300] "GET /cormun/servlet/hpexe_return? HTTP/1.1" 200 1030
191.125.21.112 - - [15/Mar/2024:12:02:56 -0300] "GET /cormun/servlet/trsolicitudadjuntos?2024,20895, HTTP/1.1" 200 9349
191.125.21.112 - - [15/Mar/2024:12:02:59 -0300] "GET /cormun/servlet/solicitudotadjuntos?INS,2024,20895,,1, HTTP/1.1" 200 5966
191.125.21.112 - - [15/Mar/2024:12:03:00 -0300] "GET /cormun/static/about:blank HTTP/1.1" 404 1011
191.125.21.112 - - [15/Mar/2024:12:03:00 -0300] "GET /cormun/servlet/solicitudotadjuntos?0cb91f95f7d1322740c18e2f33d3602743ed6865193885b9acc303f33432653da4b5c0ae6ac01d4b90c3ecc371618bec,gx-no-cache=1710514809481 HTTP/1.1" 200 30
191.125.21.112 - - [15/Mar/2024:12:03:00 -0300] "POST /cormun/servlet/solicitudotadjuntos?4b0f4296741f78181397cacdb183cfc4,INS,2024,20895,,1,,gx-no-cache=1710514809531 HTTP/1.1" 200 3872
181.162.177.109 - - [15/Mar/2024:12:03:03 -0300] "73惑Óâ7™ª§¸=FŸ8?§ªjqJø­×¸“Òu= Vo­_Öæ`UÀ,Æ}¶=H0ºŒÈvÓÏÚÞ?º@# ZZÀ+À/À,À0̨̩ÀÀœ/5Ê" 505 -
181.162.177.109 - - [15/Mar/2024:12:03:03 -0300] "-" 400 -
181.162.177.109 - - [15/Mar/2024:12:03:03 -0300] "GET /cormun/servlet/hlogin HTTP/1.1" 200 1721
181.162.177.109 - - [15/Mar/2024:12:03:04 -0300] "GET /cormun/static/Resources/Spanish/PXTools.css?1759030 HTTP/1.1" 200 100853
181.162.177.109 - - [15/Mar/2024:12:03:04 -0300] "GET /cormun/static/gxtimezone.js?85251 HTTP/1.1" 200 5781
181.162.177.109 - - [15/Mar/2024:12:03:04 -0300] "GET /cormun/static/gxcfg.js?2022112219184450 HTTP/1.1" 200 953
181.162.177.109 - - [15/Mar/2024:12:03:04 -0300] "GET /cormun/static/Resources/CormunLogin.png HTTP/1.1" 200 19132
181.162.177.109 - - [15/Mar/2024:12:03:04 -0300] "GET /cormun/static/messages.spa.js?85251 HTTP/1.1" 200 30736
181.162.177.109 - - [15/Mar/2024:12:03:04 -0300] "GET /cormun/static/hlogin.js?2022112219184458 HTTP/1.1" 200 2156
181.162.177.109 - - [15/Mar/2024:12:03:04 -0300] "GET /cormun/static/gxgral.js?85251 HTTP/1.1" 200 384558
181.162.177.109 - - [15/Mar/2024:12:03:04 -0300] "GET /cormun/static/Resources/PXToolsLoginTop.png HTTP/1.1" 200 1337
181.162.177.109 - - [15/Mar/2024:12:03:04 -0300] "GET /cormun/static/Resources/PXToolsLoginBackground.png HTTP/1.1" 200 1164
181.162.177.109 - - [15/Mar/2024:12:03:04 -0300] "GET /cormun/static/Resources/PXToolsButtonRight.png HTTP/1.1" 200 1294
181.162.177.109 - - [15/Mar/2024:12:03:04 -0300] "GET /cormun/static/Resources/PXToolsButtonBackground.png HTTP/1.1" 200 1176
181.162.177.109 - - [15/Mar/2024:12:03:04 -0300] "GET /cormun/static/Resources/PXToolsButtonLeft.png HTTP/1.1" 200 1310
181.162.177.109 - - [15/Mar/2024:12:03:04 -0300] "GET /cormun/static/Resources/PXToolsLoginBottom.png HTTP/1.1" 200 1389
181.162.177.109 - - [15/Mar/2024:12:03:04 -0300] "GET /cormun/static/Resources/indicator.gif HTTP/1.1" 200 1553
181.162.177.109 - - [15/Mar/2024:12:03:04 -0300] "GET /cormun/servlet/hlogin HTTP/1.1" 200 1732
181.162.177.109 - - [15/Mar/2024:12:03:04 -0300] "GET /favicon.ico HTTP/1.1" 200 21630
191.125.21.112 - - [15/Mar/2024:12:03:05 -0300] "POST /cormun/servlet/solicitudotadjuntos?gx-no-cache=1710514814317 HTTP/1.1" 200 26
190.171.149.90 - - [15/Mar/2024:12:03:15 -0300] "GET /cormun/servlet/solicitudot?61e317ba8dc78e7079367b1b21f80da1f3c1318bb75d9aad461f09f21b61e78d553edb41dd10d1fbc83c16e479eef89459c51a99593282cd9cc46d95bafeff9eaedb7b8c127325df17b2a8d11755d395dcd580d14a0a1f78e723c9343677912890a41c012708a838b1b0dde22406fe4d128efca773115648c13d491b6f4f98570c0666926a87e5356cdf636c53b513a43719212180e2164c78a59576afc9db0ee603f14350f3fca87c53d911206a04fcda7a6e32a3dcd36c3946a3f33df2b8865861da458ec0a70d90b673085cf6a7df76b66675fae1b7fd7061f131501e8c972a5afb9297fc9c1077ed71ddbe1fce8180eb037b44a6daa2538e19d5e8a28d4945a71412835274e5260a9f4cbb4f6b4e09ea62d340683618ee75d22bd9bc049d1d65863facbd906aced01af5ab77c5375063e0eef4a67f3c7951e016ec842530d8fb3e45e84f004e1f2de668ca13880b,gx-no-cache=1710514825537 HTTP/1.1" 200 297
190.171.149.90 - - [15/Mar/2024:12:03:15 -0300] "GET /cormun/servlet/solicitudot?61e317ba8dc78e7079367b1b21f80da199afb3526261841f7322e0a4389090cde7b1deb709a60f6a11836f13d63a4797a6d3f0fe785be4547ca50524c5f800f2a7d049d0848c8439835c61c1b2297039eb6ac2927485c709e2d6529e330d2169419cead5e9a6127f01b7d466f32e31719bdc408e6073d629b5573826b99b98f71ed2dc5dd391afb64d1ca0a0c3d4da4a48af71a51a454c2777af14b78a133c586c87faba80019cd338db19e782a9aeef18b9c6a2ea54a1906042f07b4598e4cca0dd40f77cdf310afbad718868f3862ee0844cdb3d217bb43ee62045f94114359d8b66a14dbeeb6fa385151da6f679859e1def267e1ab6ac68d42f7c7a5978bf1cd0bb84b4364a22ae629db345c0581669fc12fbbcdac1ab953a4d3b425fcf15551f32c4909b212b3a833d40c78c83e8739793f4e4530166929043a6cd57ea3f5e8f02bd663fecfbb77d9fb6742608142a32db436647294e54749eb63327dd608efe683f0c4dcfb29c10d70cd66d0b41b3fcaf4967dfb83a086947c5da5238eee326f25f04173b1097178364e875bf2d,gx-no-cache=1710514825643 HTTP/1.1" 200 30
190.171.149.90 - - [15/Mar/2024:12:03:15 -0300] "POST /cormun/servlet/solicitudot?gx-no-cache=1710514825684 HTTP/1.1" 200 30
190.171.149.90 - - [15/Mar/2024:12:03:15 -0300] "POST /cormun/servlet/solicitudot?gx-no-cache=1710514825763 HTTP/1.1" 200 1462
190.171.149.90 - - [15/Mar/2024:12:03:15 -0300] "POST /cormun/servlet/solicitudot?gx-no-cache=1710514825806 HTTP/1.1" 200 38
191.125.21.112 - - [15/Mar/2024:12:03:15 -0300] "GET /cormun/servlet/solicitudotadjuntos?0cb91f95f7d1322740c18e2f33d360271ea8a2784e3a0a84e7a69f6c6d5775d6,gx-no-cache=1710514824532 HTTP/1.1" 200 30
191.125.21.112 - - [15/Mar/2024:12:03:15 -0300] "GET /cormun/servlet/solicitudotadjuntos?0cb91f95f7d1322740c18e2f33d360271ea8a2784e3a0a84e7a69f6c6d5775d6,gx-no-cache=1710514824592 HTTP/1.1" 200 30
191.125.21.112 - - [15/Mar/2024:12:03:16 -0300] "POST /cormun/servlet/solicitudotadjuntos?4b0f4296741f78181397cacdb183cfc4,INS,2024,20895,,1, HTTP/1.1" 200 116
191.125.21.112 - - [15/Mar/2024:12:03:16 -0300] "GET /cormun/servlet/hpexe_return? HTTP/1.1" 200 1030
191.125.21.112 - - [15/Mar/2024:12:03:16 -0300] "GET /cormun/servlet/trsolicitudadjuntos?2024,20895, HTTP/1.1" 200 9627
191.125.21.112 - - [15/Mar/2024:12:03:22 -0300] "GET /cormun/servlet/solicitudotadjuntos?DLT,2024,20895,CERTIF3,0, HTTP/1.1" 200 5925
191.125.21.112 - - [15/Mar/2024:12:03:22 -0300] "GET /cormun/static/Shared/jqueryui/images/ui-bg_highlight-soft_100_c6c2c8_1x100.png HTTP/1.1" 404 1117
191.125.21.112 - - [15/Mar/2024:12:03:22 -0300] "GET /cormun/static/Shared/jqueryui/images/ui-icons_82798d_256x240.png HTTP/1.1" 404 1089
191.125.21.112 - - [15/Mar/2024:12:03:22 -0300] "GET /cormun/static/Shared/jqueryui/images/ui-bg_flat_55_fafafa_40x100.png HTTP/1.1" 404 1097
191.125.21.112 - - [15/Mar/2024:12:03:22 -0300] "GET /cormun/PublicTempStorage/fonasa8479283.pdf HTTP/1.1" 200 71815
191.125.21.112 - - [15/Mar/2024:12:03:22 -0300] "GET /cormun/static/Shared/jqueryui/images/ui-icons_8d78a5_256x240.png HTTP/1.1" 404 1089
191.125.21.112 - - [15/Mar/2024:12:03:26 -0300] "POST /cormun/servlet/solicitudotadjuntos?4b0f4296741f78181397cacdb183cfc4,DLT,2024,20895,CERTIF3,0,,gx-no-cache=1710514835270 HTTP/1.1" 200 93
191.125.21.112 - - [15/Mar/2024:12:03:26 -0300] "GET /cormun/servlet/hpexe_return? HTTP/1.1" 200 1036
191.125.21.112 - - [15/Mar/2024:12:03:26 -0300] "GET /cormun/servlet/trsolicitudadjuntos?2024,20895, HTTP/1.1" 200 9626
190.171.149.90 - - [15/Mar/2024:12:03:29 -0300] "GET /cormun/servlet/solicitudot?61e317ba8dc78e7079367b1b21f80da18dd0742b9bbad3481ea5b029de28d3d93352e0782aaef20ef6fc4921168f4253e840bd9826246c7a730400dea8e183c1172404dcf68a4784db6474bee3ae757f71bd5972ff8361ed89106356798f53c85904002af6b40522218dde3ae60d2094,gx-no-cache=1710514840063 HTTP/1.1" 200 110
191.125.21.112 - - [15/Mar/2024:12:03:29 -0300] "GET /cormun/servlet/solicitudotadjuntos?DLT,2024,20895,CERTIF3,0, HTTP/1.1" 200 5925
191.125.21.112 - - [15/Mar/2024:12:03:29 -0300] "GET /cormun/PublicTempStorage/fonasa5684672.pdf HTTP/1.1" 200 71815
191.125.21.112 - - [15/Mar/2024:12:03:32 -0300] "POST /cormun/servlet/solicitudotadjuntos?4b0f4296741f78181397cacdb183cfc4,DLT,2024,20895,CERTIF3,0,,gx-no-cache=1710514840933 HTTP/1.1" 200 93
191.125.21.112 - - [15/Mar/2024:12:03:32 -0300] "GET /cormun/servlet/hpexe_return? HTTP/1.1" 200 1036
191.125.21.112 - - [15/Mar/2024:12:03:32 -0300] "GET /cormun/servlet/trsolicitudadjuntos?2024,20895, HTTP/1.1" 200 9360
191.125.21.112 - - [15/Mar/2024:12:03:34 -0300] "GET /cormun/servlet/solicitudotadjuntos?INS,2024,20895,,1, HTTP/1.1" 200 5966
191.125.21.112 - - [15/Mar/2024:12:03:34 -0300] "GET /cormun/static/about:blank HTTP/1.1" 404 1011
191.125.21.112 - - [15/Mar/2024:12:03:35 -0300] "GET /cormun/servlet/solicitudotadjuntos?0cb91f95f7d1322740c18e2f33d3602743ed6865193885b9acc303f33432653da4b5c0ae6ac01d4b90c3ecc371618bec,gx-no-cache=1710514843992 HTTP/1.1" 200 30
191.125.21.112 - - [15/Mar/2024:12:03:35 -0300] "POST /cormun/servlet/solicitudotadjuntos?4b0f4296741f78181397cacdb183cfc4,INS,2024,20895,,1,,gx-no-cache=1710514844058 HTTP/1.1" 200 3872
191.125.21.112 - - [15/Mar/2024:12:03:37 -0300] "POST /cormun/servlet/solicitudotadjuntos?gx-no-cache=1710514846124 HTTP/1.1" 200 26
191.125.21.112 - - [15/Mar/2024:12:03:38 -0300] "GET /cormun/servlet/solicitudotadjuntos?0cb91f95f7d1322740c18e2f33d360271ea8a2784e3a0a84e7a69f6c6d5775d6,gx-no-cache=1710514847420 HTTP/1.1" 200 30
191.125.21.112 - - [15/Mar/2024:12:03:38 -0300] "GET /cormun/servlet/solicitudotadjuntos?0cb91f95f7d1322740c18e2f33d360271ea8a2784e3a0a84e7a69f6c6d5775d6,gx-no-cache=1710514847450 HTTP/1.1" 200 30
191.125.21.112 - - [15/Mar/2024:12:03:38 -0300] "POST /cormun/servlet/solicitudotadjuntos?4b0f4296741f78181397cacdb183cfc4,INS,2024,20895,,1,,gx-no-cache=1710514847486 HTTP/1.1" 200 93
191.125.21.112 - - [15/Mar/2024:12:03:38 -0300] "GET /cormun/servlet/hpexe_return? HTTP/1.1" 200 1030
191.125.21.112 - - [15/Mar/2024:12:03:38 -0300] "GET /cormun/servlet/trsolicitudadjuntos?2024,20895, HTTP/1.1" 200 9624
190.171.149.90 - - [15/Mar/2024:12:03:39 -0300] "POST /cormun/servlet/solicitudot?gx-no-cache=1710514849833 HTTP/1.1" 200 83
191.125.21.112 - - [15/Mar/2024:12:03:41 -0300] "GET /cormun/servlet/solicitudotadjuntos?INS,2024,20895,,1, HTTP/1.1" 200 5966
191.125.21.112 - - [15/Mar/2024:12:03:41 -0300] "GET /cormun/static/about:blank HTTP/1.1" 404 1011
190.171.153.34 - - [15/Mar/2024:12:03:42 -0300] "GET /cormun/servlet/solicitudot?58ba5b7701aac66f621ca176820be4c09238adeaa448d81eb34dbdbfda250f30835952d2b27b522a590aa8e47f481739,gx-no-cache=1710514852627 HTTP/1.1" 200 30
190.171.153.34 - - [15/Mar/2024:12:03:42 -0300] "POST /cormun/servlet/solicitudot?gx-no-cache=1710514852662 HTTP/1.1" 200 33
191.125.21.112 - - [15/Mar/2024:12:03:42 -0300] "GET /cormun/servlet/solicitudotadjuntos?0cb91f95f7d1322740c18e2f33d3602743ed6865193885b9acc303f33432653da4b5c0ae6ac01d4b90c3ecc371618bec,gx-no-cache=1710514851421 HTTP/1.1" 200 30
190.171.153.34 - - [15/Mar/2024:12:03:42 -0300] "POST /cormun/servlet/solicitudot?6b4ff966330f217d8411c20e001af5a5,INS,0,0,false,,gx-no-cache=1710514852714 HTTP/1.1" 200 13467
191.125.21.112 - - [15/Mar/2024:12:03:42 -0300] "POST /cormun/servlet/solicitudotadjuntos?4b0f4296741f78181397cacdb183cfc4,INS,2024,20895,,1,,gx-no-cache=1710514851479 HTTP/1.1" 200 3872
191.125.21.112 - - [15/Mar/2024:12:03:44 -0300] "POST /cormun/servlet/solicitudotadjuntos?gx-no-cache=1710514853572 HTTP/1.1" 200 26
190.171.149.90 - - [15/Mar/2024:12:03:44 -0300] "GET /cormun/servlet/solicitudot?61e317ba8dc78e7079367b1b21f80da16b95aabf679b22220d90c632af4a7c5a80eb037b44a6daa2538e19d5e8a28d4945a71412835274e5260a9f4cbb4f6b4e7f3c945eafe90dd2dadb93e8935f8dbc,gx-no-cache=1710514855296 HTTP/1.1" 200 29
190.171.149.90 - - [15/Mar/2024:12:03:44 -0300] "GET /cormun/static/menuarrow.gif HTTP/1.1" 404 1015
190.171.149.90 - - [15/Mar/2024:12:03:47 -0300] "GET /cormun/servlet/solicitudot?61e317ba8dc78e7079367b1b21f80da19d7f4e8771a4525b36b45650d36e584ed09bfcbd88c255351ea1fc663ab23eff,gx-no-cache=1710514858426 HTTP/1.1" 200 30
191.125.21.112 - - [15/Mar/2024:12:03:53 -0300] "GET /cormun/servlet/solicitudotadjuntos?0cb91f95f7d1322740c18e2f33d360271ea8a2784e3a0a84e7a69f6c6d5775d6,gx-no-cache=1710514862756 HTTP/1.1" 200 30
191.125.21.112 - - [15/Mar/2024:12:03:53 -0300] "GET /cormun/servlet/solicitudotadjuntos?0cb91f95f7d1322740c18e2f33d360271ea8a2784e3a0a84e7a69f6c6d5775d6,gx-no-cache=1710514862804 HTTP/1.1" 200 30
191.125.21.112 - - [15/Mar/2024:12:03:54 -0300] "POST /cormun/servlet/solicitudotadjuntos?4b0f4296741f78181397cacdb183cfc4,INS,2024,20895,,1, HTTP/1.1" 200 6112
191.125.21.112 - - [15/Mar/2024:12:03:54 -0300] "GET /cormun/static/Shared/jqueryui/images/ui-bg_flat_55_994d53_40x100.png HTTP/1.1" 404 1097
191.125.166.160 - - [15/Mar/2024:12:03:54 -0300] "GET /cormun/static/Shared/jqueryui/images/ui-icons_ebccce_256x240.png HTTP/1.1" 404 1089
191.125.21.112 - - [15/Mar/2024:12:03:54 -0300] "GET /cormun/PrivateTempStorage/upload_00008898.pdf HTTP/1.1" 200 76056
191.125.21.112 - - [15/Mar/2024:12:03:56 -0300] "GET /cormun/servlet/solicitudotadjuntos?0cb91f95f7d1322740c18e2f33d3602770d7fc79d46e91c11df7643c8d583a7a6f503b972b9b4ec47ff86ebb7707e160,gx-no-cache=1710514864971 HTTP/1.1" 200 30
191.125.21.112 - - [15/Mar/2024:12:03:56 -0300] "POST /cormun/servlet/solicitudotadjuntos?4b0f4296741f78181397cacdb183cfc4,INS,2024,20895,,1, HTTP/1.1" 200 6111
191.125.21.112 - - [15/Mar/2024:12:03:56 -0300] "GET /cormun/PrivateTempStorage/upload_00008910.pdf HTTP/1.1" 200 76056
191.125.21.112 - - [15/Mar/2024:12:04:01 -0300] "POST /cormun/servlet/solicitudotadjuntos?gx-no-cache=1710514870076 HTTP/1.1" 200 26
190.171.149.90 - - [15/Mar/2024:12:04:01 -0300] "POST /cormun/servlet/solicitudot?gx-no-cache=1710514871969 HTTP/1.1" 200 30
190.171.153.34 - - [15/Mar/2024:12:04:16 -0300] "POST /cormun/servlet/solicitudot?gx-no-cache=1710514887082 HTTP/1.1" 200 4176
190.171.153.34 - - [15/Mar/2024:12:04:17 -0300] "POST /cormun/servlet/solicitudot?6b4ff966330f217d8411c20e001af5a5,INS,0,0,false,,gx-no-cache=1710514887195 HTTP/1.1" 200 13267
190.171.153.34 - - [15/Mar/2024:12:04:26 -0300] "GET /cormun/servlet/solicitudot?58ba5b7701aac66f621ca176820be4c08501e42b57d38a8983799c974a1898f1601f79cd9b601d80fa4866c1f5917c24,gx-no-cache=1710514896546 HTTP/1.1" 200 30
190.171.153.34 - - [15/Mar/2024:12:04:26 -0300] "GET /cormun/servlet/solicitudot?58ba5b7701aac66f621ca176820be4c0bcf071f7f681d8120b92bd1693272a829caa7b5c6bca94b0fb78fbd0ec52ff54396c7e1cb8afb5942c60ebb44600e43d,gx-no-cache=1710514896567 HTTP/1.1" 200 30
190.171.153.34 - - [15/Mar/2024:12:04:26 -0300] "GET /cormun/servlet/solicitudot?58ba5b7701aac66f621ca176820be4c0a145fe41b2727eb72e0070510d50309ba782998630d7ffafd760e47c51f9d4591f6679d5eecea2134b9631dbca97ed1c2fabd6fe69be26912f201e88a252518224e6b8bb62ec694f5f4f67d91b0f6cd0b3490e2972402e4d465d0e52d59574a6,gx-no-cache=1710514896584 HTTP/1.1" 200 53
190.171.153.34 - - [15/Mar/2024:12:04:26 -0300] "POST /cormun/servlet/solicitudot?gx-no-cache=1710514896603 HTTP/1.1" 200 256
190.171.153.34 - - [15/Mar/2024:12:04:26 -0300] "GET /cormun/servlet/solicitudot?58ba5b7701aac66f621ca176820be4c0679d60fea586c5bbf166b935cc128ec0a10dc47f6e461e47c53c83419cd0918414bd7932b2373724c9f1b930b4e4b4f47084735b1bb4d1be80775a85642b44e4e333f500860e485df19a5421e95f15a8347bd34db2b480d67e28ed8a38e816d9ce9ce7b9e413770ee6afc58a9214ca23702945b701f50ce33de4b3dee63686eb5c02bcdbf8ff21c4bdb7acbb082f8d899026ee7a16e5170110de6c86b3174a1cff87f59d6d2108bd5e280721161d07c92ae3df83e847c8a5c6c62c9b9e1e3f384fdacb2f22c1fff2c106d6899d6c8c7865c54ff5c13f581d27afe7fc92c119ea55fb73ac585a5047d4c7e164bf9fb60903911dce50b930d66860136d26b1c45d1f0a594c5b6bb25ec84e1100440e6fdca08f7681fb31e1b382f9c2b6cd5e5200a7e7924adcff5acaec8cf4065dd9c535809b5bcc0cb808dc2cb02596c9fd9997a8562b0d3e6b02bdb20806fffb860c44f334b747b053128bae7d889600172d8884e2a1c97a6f3d209503c64c05d895e7,gx-no-cache=1710514896622 HTTP/1.1" 200 30
190.171.153.34 - - [15/Mar/2024:12:04:26 -0300] "POST /cormun/servlet/solicitudot?gx-no-cache=1710514896639 HTTP/1.1" 200 30
190.171.153.34 - - [15/Mar/2024:12:04:26 -0300] "POST /cormun/servlet/solicitudot?gx-no-cache=1710514896674 HTTP/1.1" 200 1468
190.171.153.34 - - [15/Mar/2024:12:04:26 -0300] "POST /cormun/servlet/solicitudot?gx-no-cache=1710514896703 HTTP/1.1" 200 41
190.171.153.34 - - [15/Mar/2024:12:04:26 -0300] "GET /cormun/servlet/solicitudot?58ba5b7701aac66f621ca176820be4c0a229948e8311101bfeb123350dd500d0688c5a086ea6e9e1fbf99f2182948fbc9d085f960e77ab2d824647b31a8b10859bf8450d4db0da8436e3256de567424ba628850772ceba3443d36438ae2c06061243349938a3ee331bd1e046465f375d,gx-no-cache=1710514896719 HTTP/1.1" 200 110
190.171.153.34 - - [15/Mar/2024:12:04:26 -0300] "POST /cormun/servlet/solicitudot?gx-no-cache=1710514896735 HTTP/1.1" 200 64
190.171.153.34 - - [15/Mar/2024:12:04:26 -0300] "GET /cormun/servlet/solicitudot?58ba5b7701aac66f621ca176820be4c09238adeaa448d81eb34dbdbfda250f30835952d2b27b522a590aa8e47f481739,gx-no-cache=1710514896754 HTTP/1.1" 200 30
190.171.153.34 - - [15/Mar/2024:12:04:26 -0300] "POST /cormun/servlet/solicitudot?gx-no-cache=1710514896770 HTTP/1.1" 200 33
190.171.153.34 - - [15/Mar/2024:12:04:26 -0300] "POST /cormun/servlet/solicitudot?6b4ff966330f217d8411c20e001af5a5,INS,0,0,false,,gx-no-cache=1710514896826 HTTP/1.1" 200 93
190.171.153.34 - - [15/Mar/2024:12:04:27 -0300] "GET /cormun/servlet/hpexe_return? HTTP/1.1" 200 1003
190.171.153.34 - - [15/Mar/2024:12:04:28 -0300] "GET /cormun/static/gxcfg.js?20221129846035 HTTP/1.1" 200 953
190.171.153.34 - - [15/Mar/2024:12:04:28 -0300] "GET /cormun/static/hpexe_return.js?20221129846037 HTTP/1.1" 200 1633
190.171.153.34 - - [15/Mar/2024:12:04:28 -0300] "GET /cormun/servlet/trsolicitudot HTTP/1.1" 200 8884
190.171.153.34 - - [15/Mar/2024:12:04:28 -0300] "GET /cormun//static/Resources/PXToolsGridUpdate.png HTTP/1.1" 200 470
190.171.153.34 - - [15/Mar/2024:12:04:28 -0300] "GET /cormun//static/Resources/PXToolsActionView.png HTTP/1.1" 200 398
190.171.153.34 - - [15/Mar/2024:12:04:28 -0300] "GET /cormun//static/Resources/PXTools/ActionInsert.png HTTP/1.1" 200 1482
190.171.153.34 - - [15/Mar/2024:12:04:28 -0300] "GET /cormun//static/Resources/PXToolsRemoveAllAction.png HTTP/1.1" 200 487
190.171.153.34 - - [15/Mar/2024:12:04:28 -0300] "GET /cormun//static/Resources/PXToolsGridDelete.png HTTP/1.1" 200 538
190.171.153.34 - - [15/Mar/2024:12:04:45 -0300] "POST /cormun/servlet/trsolicitudot?6b4ff966330f217d8411c20e001af5a5,gx-no-cache=1710514915324 HTTP/1.1" 200 4878
190.171.153.34 - - [15/Mar/2024:12:04:45 -0300] "GET /cormun/static/Shared/jqueryui/images/ui-icons_82798d_256x240.png HTTP/1.1" 404 1089
190.171.153.34 - - [15/Mar/2024:12:04:45 -0300] "GET /cormun/static/Shared/jqueryui/images/ui-bg_highlight-soft_100_c6c2c8_1x100.png HTTP/1.1" 404 1117
190.171.153.34 - - [15/Mar/2024:12:04:45 -0300] "GET /cormun/static/Shared/jqueryui/images/ui-icons_8d78a5_256x240.png HTTP/1.1" 404 1089
190.171.153.34 - - [15/Mar/2024:12:04:45 -0300] "GET /cormun/static/Shared/jqueryui/images/ui-bg_flat_55_fafafa_40x100.png HTTP/1.1" 404 1097
190.171.153.34 - - [15/Mar/2024:12:04:45 -0300] "POST /cormun/servlet/trsolicitudot?6b4ff966330f217d8411c20e001af5a5,gx-no-cache=1710514915441 HTTP/1.1" 200 4612
190.171.153.34 - - [15/Mar/2024:12:04:49 -0300] "GET /cormun/servlet/trsolicitudot? HTTP/1.1" 200 7447
190.171.153.34 - - [15/Mar/2024:12:04:53 -0300] "GET /cormun/servlet/solicitudot?INS,0,0,false, HTTP/1.1" 200 16202
190.171.149.90 - - [15/Mar/2024:12:05:13 -0300] "POST /cormun/servlet/solicitudot?2a6aa13df5ed1d85d1a51a691d951eb0,INS,0,0,false,,gx-no-cache=1710514943902 HTTP/1.1" 200 12984
41.186.73.134 - - [15/Mar/2024:12:06:00 -0300] "GET /manager/html HTTP/1.1" 401 2474
41.186.73.134 - - [15/Mar/2024:12:06:00 -0300] "GET /manager/html HTTP/1.1" 401 2474
190.171.153.34 - - [15/Mar/2024:12:06:45 -0300] "POST /cormun/servlet/solicitudot?gx-no-cache=1710515035861 HTTP/1.1" 200 4031
190.171.153.34 - - [15/Mar/2024:12:06:45 -0300] "POST /cormun/servlet/solicitudot?6b4ff966330f217d8411c20e001af5a5,INS,0,0,false,,gx-no-cache=1710515035972 HTTP/1.1" 200 12873
190.171.153.34 - - [15/Mar/2024:12:06:48 -0300] "GET /cormun/servlet/solicitudot?58ba5b7701aac66f621ca176820be4c0e03d2262c11fcc9a8b681340c655171e601f79cd9b601d80fa4866c1f5917c24,gx-no-cache=1710515038612 HTTP/1.1" 200 30
190.171.153.34 - - [15/Mar/2024:12:07:01 -0300] "GET /cormun/servlet/trsolicitudot? HTTP/1.1" 200 7448
190.171.141.82 - - [15/Mar/2024:12:07:02 -0300] "GET /cormun/servlet/hlogin HTTP/1.1" 200 1724
190.171.141.82 - - [15/Mar/2024:12:07:05 -0300] "POST /cormun/servlet/hlogin?78b0f9bd674b197c1bbac5660d7ab5da,gx-no-cache=1710515055266 HTTP/1.1" 200 90
190.171.141.82 - - [15/Mar/2024:12:07:05 -0300] "GET /cormun/servlet/hpexe_link HTTP/1.1" 200 954
190.171.141.82 - - [15/Mar/2024:12:07:05 -0300] "GET /cormun/servlet/hhome HTTP/1.1" 200 4321
190.171.153.34 - - [15/Mar/2024:12:07:05 -0300] "GET /cormun/servlet/solicitudot?INS,0,0,false, HTTP/1.1" 200 16200
190.171.141.82 - - [15/Mar/2024:12:07:14 -0300] "GET /cormun/servlet/trsolicitudot? HTTP/1.1" 200 7539
190.171.141.82 - - [15/Mar/2024:12:07:15 -0300] "GET /cormun/static/gxcfg.js?20221129846531 HTTP/1.1" 200 953
190.171.141.82 - - [15/Mar/2024:12:07:15 -0300] "GET /cormun/static/trsolicitudot.js?202211298465651 HTTP/1.1" 200 54040
190.171.153.34 - - [15/Mar/2024:12:07:16 -0300] "POST /cormun/servlet/solicitudot?gx-no-cache=1710515066900 HTTP/1.1" 200 4031
190.171.153.34 - - [15/Mar/2024:12:07:16 -0300] "POST /cormun/servlet/solicitudot?6b4ff966330f217d8411c20e001af5a5,INS,0,0,false,,gx-no-cache=1710515067033 HTTP/1.1" 200 12869
190.171.153.34 - - [15/Mar/2024:12:07:21 -0300] "GET /cormun/servlet/solicitudot?58ba5b7701aac66f621ca176820be4c04505a5d586c42c760d1f16274f401c2d601f79cd9b601d80fa4866c1f5917c24,gx-no-cache=1710515071764 HTTP/1.1" 200 30
190.171.141.82 - - [15/Mar/2024:12:07:24 -0300] "GET /cormun/servlet/solicitudot?INS,0,0,false, HTTP/1.1" 200 16289
190.171.141.82 - - [15/Mar/2024:12:07:24 -0300] "GET /cormun/static/gxcfg.js?20221129840861 HTTP/1.1" 200 953
190.171.141.82 - - [15/Mar/2024:12:07:24 -0300] "GET /cormun/static/Resources/prompt.gif HTTP/1.1" 200 902
190.171.141.82 - - [15/Mar/2024:12:07:24 -0300] "GET /cormun/static/solicitudot.js?20221129840983 HTTP/1.1" 200 74072
190.171.149.90 - - [15/Mar/2024:12:07:53 -0300] "POST /cormun/servlet/solicitudot?gx-no-cache=1710515103962 HTTP/1.1" 200 4098
190.171.149.90 - - [15/Mar/2024:12:07:53 -0300] "POST /cormun/servlet/solicitudot?2a6aa13df5ed1d85d1a51a691d951eb0,INS,0,0,false,,gx-no-cache=1710515104083 HTTP/1.1" 200 12793
190.171.149.90 - - [15/Mar/2024:12:07:53 -0300] "GET /cormun/servlet/solicitudot?61e317ba8dc78e7079367b1b21f80da1be5da16d73188baa271603479f68739ff3e627cd19c22d93949d532084fa8fa7,gx-no-cache=1710515104261 HTTP/1.1" 200 30
190.171.149.90 - - [15/Mar/2024:12:07:57 -0300] "GET /cormun/servlet/solicitudot?61e317ba8dc78e7079367b1b21f80da19879ad042e846089dab276ab01c5800f39196a922f9ae83f355bc23762092212c40a14dbfe5b1628928551ed7e8cf096,gx-no-cache=1710515107575 HTTP/1.1" 200 30
190.171.149.90 - - [15/Mar/2024:12:07:57 -0300] "GET /cormun/servlet/solicitudot?61e317ba8dc78e7079367b1b21f80da148483b9c5f6df075820746a15413e7c5db8ae4d118fd4794f5b6f448c8fe703afcffcc1e0d524581c649813675e54e3ac6103726a084d8feac31471e7fd65642e17488967f09532f0cb0753694c01031ce99e7b43afa0580ccb48dd22bf10888,gx-no-cache=1710515107596 HTTP/1.1" 200 53
190.171.149.90 - - [15/Mar/2024:12:07:57 -0300] "POST /cormun/servlet/solicitudot?gx-no-cache=1710515107622 HTTP/1.1" 200 297
190.171.149.90 - - [15/Mar/2024:12:07:57 -0300] "GET /cormun/servlet/solicitudot?61e317ba8dc78e7079367b1b21f80da199afb3526261841f7322e0a4389090cde7b1deb709a60f6a11836f13d63a4797a6d3f0fe785be4547ca50524c5f800f2a7d049d0848c8439835c61c1b2297039eb6ac2927485c709e2d6529e330d2169419cead5e9a6127f01b7d466f32e31719bdc408e6073d629b5573826b99b98f71ed2dc5dd391afb64d1ca0a0c3d4da4a48af71a51a454c2777af14b78a133c586c87faba80019cd338db19e782a9aeef18b9c6a2ea54a1906042f07b4598e4cca0dd40f77cdf310afbad718868f3862ee0844cdb3d217bb43ee62045f94114359d8b66a14dbeeb6fa385151da6f679859e1def267e1ab6ac68d42f7c7a5978bf1cd0bb84b4364a22ae629db345c0581669fc12fbbcdac1ab953a4d3b425fcf15551f32c4909b212b3a833d40c78c83e8739793f4e4530166929043a6cd57ea3f5e8f02bd663fecfbb77d9fb6742608142a32db436647294e54749eb63327dd608efe683f0c4dcfb29c10d70cd66d0b4129d7b4d4828f077a964d17b079d378c9e326f25f04173b1097178364e875bf2d,gx-no-cache=1710515107649 HTTP/1.1" 200 30
190.171.149.90 - - [15/Mar/2024:12:07:58 -0300] "POST /cormun/servlet/solicitudot?gx-no-cache=1710515109198 HTTP/1.1" 200 30
190.171.153.34 - - [15/Mar/2024:12:08:43 -0300] "GET /cormun/servlet/hlogin HTTP/1.1" 200 1716
190.171.153.34 - - [15/Mar/2024:12:08:52 -0300] "POST /cormun/servlet/hlogin?6b4ff966330f217d8411c20e001af5a5,gx-no-cache=1710515163113 HTTP/1.1" 200 90
190.171.153.34 - - [15/Mar/2024:12:08:52 -0300] "GET /cormun/servlet/hpexe_link HTTP/1.1" 200 960
190.171.153.34 - - [15/Mar/2024:12:08:53 -0300] "GET /cormun/servlet/solicitudot?INS,0,0,false, HTTP/1.1" 200 16203
190.171.153.34 - - [15/Mar/2024:12:08:57 -0300] "GET /cormun/servlet/trsolicitudot? HTTP/1.1" 200 7448
190.171.153.34 - - [15/Mar/2024:12:08:59 -0300] "GET /cormun/servlet/solicitudot?INS,0,0,false, HTTP/1.1" 200 16202
190.171.153.34 - - [15/Mar/2024:12:09:05 -0300] "POST /cormun/servlet/solicitudot?gx-no-cache=1710515175986 HTTP/1.1" 200 4141
190.171.153.34 - - [15/Mar/2024:12:09:05 -0300] "POST /cormun/servlet/solicitudot?6b4ff966330f217d8411c20e001af5a5,INS,0,0,false,,gx-no-cache=1710515176118 HTTP/1.1" 200 12995
190.171.153.34 - - [15/Mar/2024:12:09:17 -0300] "POST /cormun/servlet/solicitudot?6b4ff966330f217d8411c20e001af5a5,INS,0,0,false,,gx-no-cache=1710515187571 HTTP/1.1" 200 93
190.171.153.34 - - [15/Mar/2024:12:09:17 -0300] "GET /cormun/servlet/hpexe_return? HTTP/1.1" 200 1003
190.171.153.34 - - [15/Mar/2024:12:09:17 -0300] "GET /cormun/servlet/trsolicitudot HTTP/1.1" 200 7450
190.171.153.34 - - [15/Mar/2024:12:09:20 -0300] "GET /cormun/servlet/solicitudot?INS,0,0,false, HTTP/1.1" 200 16203
190.171.153.34 - - [15/Mar/2024:12:09:52 -0300] "POST /cormun/servlet/solicitudot?gx-no-cache=1710515222517 HTTP/1.1" 200 4031
190.171.153.34 - - [15/Mar/2024:12:09:52 -0300] "POST /cormun/servlet/solicitudot?6b4ff966330f217d8411c20e001af5a5,INS,0,0,false,,gx-no-cache=1710515222627 HTTP/1.1" 200 12872
190.171.153.34 - - [15/Mar/2024:12:09:58 -0300] "GET /cormun/servlet/solicitudot?58ba5b7701aac66f621ca176820be4c0e03d2262c11fcc9a8b681340c655171e601f79cd9b601d80fa4866c1f5917c24,gx-no-cache=1710515229187 HTTP/1.1" 200 30
190.171.149.90 - - [15/Mar/2024:12:10:02 -0300] "POST /cormun/servlet/solicitudot?gx-no-cache=1710515233234 HTTP/1.1" 200 1469
190.171.149.90 - - [15/Mar/2024:12:10:02 -0300] "POST /cormun/servlet/solicitudot?gx-no-cache=1710515233272 HTTP/1.1" 200 41
190.171.149.90 - - [15/Mar/2024:12:10:02 -0300] "GET /cormun/servlet/solicitudot?61e317ba8dc78e7079367b1b21f80da18dd0742b9bbad3481ea5b029de28d3d93352e0782aaef20ef6fc4921168f4253e840bd9826246c7a730400dea8e183c1172404dcf68a4784db6474bee3ae757f71bd5972ff8361ed89106356798f53c85904002af6b40522218dde3ae60d2094,gx-no-cache=1710515233292 HTTP/1.1" 200 110
190.171.149.90 - - [15/Mar/2024:12:10:02 -0300] "POST /cormun/servlet/solicitudot?gx-no-cache=1710515233311 HTTP/1.1" 200 83
190.171.149.90 - - [15/Mar/2024:12:10:02 -0300] "GET /cormun/servlet/solicitudot?61e317ba8dc78e7079367b1b21f80da19d7f4e8771a4525b36b45650d36e584ed09bfcbd88c255351ea1fc663ab23eff,gx-no-cache=1710515233334 HTTP/1.1" 200 30
190.171.149.90 - - [15/Mar/2024:12:10:02 -0300] "POST /cormun/servlet/solicitudot?gx-no-cache=1710515233352 HTTP/1.1" 200 30
190.171.149.90 - - [15/Mar/2024:12:10:03 -0300] "POST /cormun/servlet/solicitudot?2a6aa13df5ed1d85d1a51a691d951eb0,INS,0,0,false,,gx-no-cache=1710515233374 HTTP/1.1" 200 93
190.171.149.90 - - [15/Mar/2024:12:10:03 -0300] "GET /cormun/servlet/hpexe_return? HTTP/1.1" 200 1008
190.171.149.90 - - [15/Mar/2024:12:10:03 -0300] "GET /cormun/servlet/trsolicitudot HTTP/1.1" 200 9290
190.171.153.34 - - [15/Mar/2024:12:10:26 -0300] "POST /cormun/servlet/solicitudot?gx-no-cache=1710515256709 HTTP/1.1" 200 4156
190.171.153.34 - - [15/Mar/2024:12:10:26 -0300] "POST /cormun/servlet/solicitudot?6b4ff966330f217d8411c20e001af5a5,INS,0,0,false,,gx-no-cache=1710515256826 HTTP/1.1" 200 13077
190.171.153.34 - - [15/Mar/2024:12:10:48 -0300] "POST /cormun/servlet/solicitudot?gx-no-cache=1710515278665 HTTP/1.1" 200 4198
190.171.153.34 - - [15/Mar/2024:12:10:48 -0300] "POST /cormun/servlet/solicitudot?6b4ff966330f217d8411c20e001af5a5,INS,0,0,false,,gx-no-cache=1710515278781 HTTP/1.1" 200 13186
190.171.153.34 - - [15/Mar/2024:12:10:58 -0300] "POST /cormun/servlet/solicitudot?gx-no-cache=1710515288173 HTTP/1.1" 200 4198
190.171.153.34 - - [15/Mar/2024:12:10:58 -0300] "POST /cormun/servlet/solicitudot?6b4ff966330f217d8411c20e001af5a5,INS,0,0,false,,gx-no-cache=1710515288282 HTTP/1.1" 200 13243
190.171.153.34 - - [15/Mar/2024:12:11:00 -0300] "GET /cormun/servlet/solicitudot?58ba5b7701aac66f621ca176820be4c059587f75c238442f713b422265fb97b2251de82685bdab298131d24f80a2d9c2,gx-no-cache=1710515290233 HTTP/1.1" 200 30
190.171.153.34 - - [15/Mar/2024:12:11:03 -0300] "POST /cormun/servlet/solicitudot?6b4ff966330f217d8411c20e001af5a5,INS,0,0,false,,gx-no-cache=1710515294101 HTTP/1.1" 200 93
190.171.153.34 - - [15/Mar/2024:12:11:03 -0300] "GET /cormun/servlet/hpexe_return? HTTP/1.1" 200 1003
190.171.153.34 - - [15/Mar/2024:12:11:04 -0300] "GET /cormun/servlet/trsolicitudot HTTP/1.1" 200 7450
190.171.153.34 - - [15/Mar/2024:12:11:07 -0300] "GET /cormun/servlet/solicitudot?INS,0,0,false, HTTP/1.1" 200 16202
191.125.21.112 - - [15/Mar/2024:12:11:14 -0300] "GET /cormun/servlet/solicitudotadjuntos?0cb91f95f7d1322740c18e2f33d36027352ed3dea761f8194624fb323ac3e3166f503b972b9b4ec47ff86ebb7707e160,gx-no-cache=1710515303716 HTTP/1.1" 200 30
191.125.21.112 - - [15/Mar/2024:12:11:14 -0300] "GET /cormun/servlet/solicitudotadjuntos?0cb91f95f7d1322740c18e2f33d36027352ed3dea761f8194624fb323ac3e3166f503b972b9b4ec47ff86ebb7707e160,gx-no-cache=1710515303808 HTTP/1.1" 200 30
191.125.21.112 - - [15/Mar/2024:12:11:15 -0300] "POST /cormun/servlet/solicitudotadjuntos?4b0f4296741f78181397cacdb183cfc4,INS,2024,20895,,1, HTTP/1.1" 200 116
191.125.21.112 - - [15/Mar/2024:12:11:15 -0300] "GET /cormun/servlet/hpexe_return? HTTP/1.1" 200 1030
191.125.21.112 - - [15/Mar/2024:12:11:15 -0300] "GET /cormun/servlet/trsolicitudadjuntos?2024,20895, HTTP/1.1" 200 9939
191.125.21.112 - - [15/Mar/2024:12:11:34 -0300] "GET /cormun/servlet/solicitudotadjuntos?INS,2024,20895,,1, HTTP/1.1" 200 5966
191.125.21.112 - - [15/Mar/2024:12:11:34 -0300] "GET /cormun/static/about:blank HTTP/1.1" 404 1011
190.171.153.34 - - [15/Mar/2024:12:11:34 -0300] "POST /cormun/servlet/solicitudot?gx-no-cache=1710515324876 HTTP/1.1" 200 4031
190.171.153.34 - - [15/Mar/2024:12:11:34 -0300] "POST /cormun/servlet/solicitudot?6b4ff966330f217d8411c20e001af5a5,INS,0,0,false,,gx-no-cache=1710515325007 HTTP/1.1" 200 12871
191.125.21.112 - - [15/Mar/2024:12:11:34 -0300] "GET /cormun/servlet/solicitudotadjuntos?0cb91f95f7d1322740c18e2f33d3602743ed6865193885b9acc303f33432653da4b5c0ae6ac01d4b90c3ecc371618bec,gx-no-cache=1710515323877 HTTP/1.1" 200 30
191.125.21.112 - - [15/Mar/2024:12:11:35 -0300] "POST /cormun/servlet/solicitudotadjuntos?4b0f4296741f78181397cacdb183cfc4,INS,2024,20895,,1,,gx-no-cache=1710515323928 HTTP/1.1" 200 3875
191.125.21.112 - - [15/Mar/2024:12:11:38 -0300] "POST /cormun/servlet/solicitudotadjuntos?gx-no-cache=1710515326892 HTTP/1.1" 200 26
190.171.153.26 - - [15/Mar/2024:12:11:38 -0300] "GET /cormun/servlet/hlogin HTTP/1.1" 200 1721
190.171.153.34 - - [15/Mar/2024:12:11:40 -0300] "GET /cormun/servlet/solicitudot?58ba5b7701aac66f621ca176820be4c0e03d2262c11fcc9a8b681340c655171e601f79cd9b601d80fa4866c1f5917c24,gx-no-cache=1710515330780 HTTP/1.1" 200 30
191.125.21.112 - - [15/Mar/2024:12:11:44 -0300] "GET /cormun/servlet/solicitudotadjuntos?0cb91f95f7d1322740c18e2f33d360271ea8a2784e3a0a84e7a69f6c6d5775d6,gx-no-cache=1710515333492 HTTP/1.1" 200 30
191.125.21.112 - - [15/Mar/2024:12:11:44 -0300] "GET /cormun/servlet/solicitudotadjuntos?0cb91f95f7d1322740c18e2f33d360271ea8a2784e3a0a84e7a69f6c6d5775d6,gx-no-cache=1710515333548 HTTP/1.1" 200 30
191.125.21.112 - - [15/Mar/2024:12:11:44 -0300] "POST /cormun/servlet/solicitudotadjuntos?4b0f4296741f78181397cacdb183cfc4,INS,2024,20895,,1, HTTP/1.1" 200 6178
191.125.21.112 - - [15/Mar/2024:12:11:45 -0300] "GET /cormun/PrivateTempStorage/upload_00008934.pdf HTTP/1.1" 200 71815
191.125.21.112 - - [15/Mar/2024:12:11:49 -0300] "POST /cormun/servlet/solicitudotadjuntos?gx-no-cache=1710515338652 HTTP/1.1" 200 26
191.125.21.112 - - [15/Mar/2024:12:11:57 -0300] "GET /cormun/servlet/solicitudotadjuntos?0cb91f95f7d1322740c18e2f33d3602770d7fc79d46e91c11df7643c8d583a7a6f503b972b9b4ec47ff86ebb7707e160,gx-no-cache=1710515346788 HTTP/1.1" 200 30
191.125.21.112 - - [15/Mar/2024:12:11:57 -0300] "GET /cormun/servlet/solicitudotadjuntos?0cb91f95f7d1322740c18e2f33d36027352ed3dea761f8194624fb323ac3e3166f503b972b9b4ec47ff86ebb7707e160,gx-no-cache=1710515346862 HTTP/1.1" 200 30
191.125.21.112 - - [15/Mar/2024:12:11:58 -0300] "POST /cormun/servlet/solicitudotadjuntos?4b0f4296741f78181397cacdb183cfc4,INS,2024,20895,,1, HTTP/1.1" 200 6118
191.125.21.112 - - [15/Mar/2024:12:11:58 -0300] "GET /cormun/PrivateTempStorage/upload_00008946.pdf HTTP/1.1" 200 34444
190.171.153.26 - - [15/Mar/2024:12:12:01 -0300] "POST /cormun/servlet/hlogin?f29123ebf94cce560a6db1f17d85ce52,gx-no-cache=1710515356547 HTTP/1.1" 200 90
190.171.153.26 - - [15/Mar/2024:12:12:01 -0300] "GET /cormun/servlet/hpexe_link HTTP/1.1" 200 951
191.125.21.112 - - [15/Mar/2024:12:12:01 -0300] "GET /cormun/servlet/solicitudotadjuntos?0cb91f95f7d1322740c18e2f33d36027352ed3dea761f8194624fb323ac3e3166f503b972b9b4ec47ff86ebb7707e160,gx-no-cache=1710515350227 HTTP/1.1" 200 30
191.125.21.112 - - [15/Mar/2024:12:12:01 -0300] "POST /cormun/servlet/solicitudotadjuntos?4b0f4296741f78181397cacdb183cfc4,INS,2024,20895,,1, HTTP/1.1" 200 6118
191.125.21.112 - - [15/Mar/2024:12:12:01 -0300] "GET /cormun/PrivateTempStorage/upload_00008958.pdf HTTP/1.1" 200 34444
190.171.153.26 - - [15/Mar/2024:12:12:02 -0300] "GET /cormun/servlet/hhome HTTP/1.1" 200 3971
190.171.153.26 - - [15/Mar/2024:12:12:05 -0300] "GET /cormun/servlet/hhome HTTP/1.1" 200 3967
191.125.21.112 - - [15/Mar/2024:12:12:07 -0300] "POST /cormun/servlet/solicitudotadjuntos?gx-no-cache=1710515356332 HTTP/1.1" 200 26
146.19.24.28 - - [15/Mar/2024:12:12:07 -0300] "GET / HTTP/1.1" 200 11217
191.125.21.112 - - [15/Mar/2024:12:12:16 -0300] "POST /cormun/servlet/solicitudotadjuntos?4b0f4296741f78181397cacdb183cfc4,INS,2024,20895,,1,,gx-no-cache=1710515365566 HTTP/1.1" 200 93
191.125.21.112 - - [15/Mar/2024:12:12:16 -0300] "GET /cormun/servlet/hpexe_return? HTTP/1.1" 200 1030
191.125.21.112 - - [15/Mar/2024:12:12:16 -0300] "GET /cormun/servlet/trsolicitudadjuntos?2024,20895, HTTP/1.1" 200 9938
191.125.21.112 - - [15/Mar/2024:12:12:21 -0300] "GET /cormun/servlet/solicitudotadjuntos?INS,2024,20895,,1, HTTP/1.1" 200 5966
191.125.21.112 - - [15/Mar/2024:12:12:21 -0300] "GET /cormun/static/about:blank HTTP/1.1" 404 1011
191.125.21.112 - - [15/Mar/2024:12:12:22 -0300] "GET /cormun/servlet/solicitudotadjuntos?0cb91f95f7d1322740c18e2f33d3602743ed6865193885b9acc303f33432653da4b5c0ae6ac01d4b90c3ecc371618bec,gx-no-cache=1710515371327 HTTP/1.1" 200 30
191.125.21.112 - - [15/Mar/2024:12:12:22 -0300] "POST /cormun/servlet/solicitudotadjuntos?4b0f4296741f78181397cacdb183cfc4,INS,2024,20895,,1,,gx-no-cache=1710515371397 HTTP/1.1" 200 3875
191.125.21.112 - - [15/Mar/2024:12:12:25 -0300] "POST /cormun/servlet/solicitudotadjuntos?gx-no-cache=1710515374381 HTTP/1.1" 200 26
190.171.153.34 - - [15/Mar/2024:12:14:36 -0300] "GET /cormun/servlet/solicitudot?58ba5b7701aac66f621ca176820be4c072cbc7ad8fe090b06e411336326844535bd935a7acc159a6682a36be899ce2f4afd6136fee76410b0069f41410187ffb601f79cd9b601d80fa4866c1f5917c24,gx-no-cache=1710515506489 HTTP/1.1" 200 30
190.171.153.34 - - [15/Mar/2024:12:14:36 -0300] "GET /cormun/servlet/solicitudot?58ba5b7701aac66f621ca176820be4c0ef14fc7d1a4ad4f530518c75a013ae19,gx-no-cache=1710515506523 HTTP/1.1" 200 29
190.171.153.34 - - [15/Mar/2024:12:14:36 -0300] "POST /cormun/servlet/solicitudot?gx-no-cache=1710515506545 HTTP/1.1" 200 297
