190.171.143.82 - - [15/Mar/2024:10:45:15 -0300] "GET /cormun/servlet/permisogoce?0ab71cb578b73972029e75397e9ace6940721d7b39b4a062f8513c585c4a8099043821ca24455df6589a29293aba2774938578df3c56e1a6ba40cd916eb72db3,gx-no-cache=1710510147037 HTTP/1.1" 200 226
190.171.143.82 - - [15/Mar/2024:10:45:15 -0300] "GET /cormun/static/Shared/jqueryui/images/ui-bg_highlight-soft_100_c6c2c8_1x100.png HTTP/1.1" 404 1117
190.171.143.82 - - [15/Mar/2024:10:45:15 -0300] "GET /cormun/static/Shared/jqueryui/images/ui-icons_82798d_256x240.png HTTP/1.1" 404 1089
190.171.143.82 - - [15/Mar/2024:10:45:15 -0300] "GET /cormun/static/Shared/jqueryui/images/ui-bg_flat_55_994d53_40x100.png HTTP/1.1" 404 1097
190.171.143.82 - - [15/Mar/2024:10:45:15 -0300] "GET /cormun/static/Shared/jqueryui/images/ui-icons_ebccce_256x240.png HTTP/1.1" 404 1089
190.171.143.82 - - [15/Mar/2024:10:45:28 -0300] "GET /cormun/servlet/permisogoce?0ab71cb578b73972029e75397e9ace6946560ab2cc1698ebadc706a4005fef39043821ca24455df6589a29293aba2774938578df3c56e1a6ba40cd916eb72db3,gx-no-cache=1710510159930 HTTP/1.1" 200 75
190.171.143.82 - - [15/Mar/2024:10:45:36 -0300] "GET /cormun/servlet/permisogoce?0ab71cb578b73972029e75397e9ace69d7e4a649202e791cd9b1266814e1eeabe85c12790891377391e2954430871f5eaa90e70591b50f6521830a515358fce5,gx-no-cache=1710510167420 HTTP/1.1" 200 47
190.171.143.82 - - [15/Mar/2024:10:45:38 -0300] "POST /cormun/servlet/permisogoce?c93ba32ecfbcdde62abad298866b3f38,INS,0,,,,gx-no-cache=1710510169288 HTTP/1.1" 200 93
190.171.143.82 - - [15/Mar/2024:10:45:38 -0300] "GET /cormun/servlet/hpexe_return? HTTP/1.1" 200 1012
190.171.143.82 - - [15/Mar/2024:10:45:39 -0300] "GET /cormun/servlet/trpermisosgoce HTTP/1.1" 200 8727
190.171.143.82 - - [15/Mar/2024:10:45:43 -0300] "GET /cormun/servlet/permisogoce?INS,0,,, HTTP/1.1" 200 7265
190.171.152.114 - - [15/Mar/2024:10:45:50 -0300] "GET /cormun/servlet/solicitudot?INS,0,0,false, HTTP/1.1" 200 16281
190.171.143.82 - - [15/Mar/2024:10:45:55 -0300] "GET /cormun/servlet/permisogoce?0ab71cb578b73972029e75397e9ace697b81ba077103d2748359b233e3874cc6f43e381a3fea8b2fa053fcbbe168a1ba3071d6d57128e751a805f425c010cca7,gx-no-cache=1710510186606 HTTP/1.1" 200 77
190.171.143.82 - - [15/Mar/2024:10:46:01 -0300] "GET /cormun/servlet/permisogoce?0ab71cb578b73972029e75397e9ace697d75cb5cce53e9f50f75cb57f4569880683789ae55f959ca456b9d808fb34efb04aa3cfd137ec380d12ac6dcb6fbd589,gx-no-cache=1710510193055 HTTP/1.1" 200 47
190.171.143.82 - - [15/Mar/2024:10:46:04 -0300] "POST /cormun/servlet/permisogoce?c93ba32ecfbcdde62abad298866b3f38,INS,0,,,,gx-no-cache=1710510195164 HTTP/1.1" 200 93
190.171.143.82 - - [15/Mar/2024:10:46:04 -0300] "GET /cormun/servlet/hpexe_return? HTTP/1.1" 200 1012
190.171.143.82 - - [15/Mar/2024:10:46:04 -0300] "GET /cormun/servlet/trpermisosgoce HTTP/1.1" 200 8947
190.171.143.82 - - [15/Mar/2024:10:46:09 -0300] "GET /cormun/servlet/apermisogoceprn?10484191,P,20240315104206,PU HTTP/1.1" 200 1651
190.171.152.114 - - [15/Mar/2024:10:46:26 -0300] "POST /cormun/servlet/solicitudot?gx-no-cache=1710510218275 HTTP/1.1" 200 4031
190.171.152.114 - - [15/Mar/2024:10:46:26 -0300] "POST /cormun/servlet/solicitudot?7b433d588481a2f7b05f991f43f8e01c,INS,0,0,false,,gx-no-cache=1710510218389 HTTP/1.1" 200 12857
190.171.143.82 - - [15/Mar/2024:10:46:27 -0300] "GET /cormun/servlet/apermisogoceprn?9097127,P,20240315104244,PU HTTP/1.1" 200 1658
190.171.152.114 - - [15/Mar/2024:10:46:27 -0300] "GET /cormun/servlet/solicitudot?e30e60a603b873aaa582f7321cb9adcec3355fb0d0fa9db79644e5b5f91b3c739cccfe65225ab79adcc0363368375b96,gx-no-cache=1710510219472 HTTP/1.1" 200 30
190.171.152.114 - - [15/Mar/2024:10:47:36 -0300] "GET /cormun/servlet/solicitudot?e30e60a603b873aaa582f7321cb9adce1919f7ca23fb4492cc1a9663e7d30a57d5114ded5dc292bb1284f48e2f1b85c9f27e0a50fdb87efc410ba747f108df223b1ed426bbec5da8b07e50059b238391,gx-no-cache=1710510287841 HTTP/1.1" 200 30
190.171.152.114 - - [15/Mar/2024:10:47:40 -0300] "GET /cormun/servlet/prbanco?,MD,,gxPopupLevel%3D0%3B HTTP/1.1" 200 6657
190.171.152.114 - - [15/Mar/2024:10:47:49 -0300] "GET /cormun/servlet/solicitudot?e30e60a603b873aaa582f7321cb9adcec9833ac0de47d927774db0a71ae39668,gx-no-cache=1710510301568 HTTP/1.1" 200 53
190.171.152.114 - - [15/Mar/2024:10:48:10 -0300] "POST /cormun/servlet/solicitudot?gx-no-cache=1710510322593 HTTP/1.1" 200 297
190.171.152.114 - - [15/Mar/2024:10:48:10 -0300] "GET /cormun/servlet/solicitudot?e30e60a603b873aaa582f7321cb9adce1bf6991d0d7f56e7a04357954a72e63cac7e9726020fa3b57eba0f16e0589b402202838f3a1c78cd251a84287c3f50880447f25f4967b563c71dacff662617ca9ecc66a5d3def62184ad2dea6e6afce287217136f8f4b1d4aa3f3a3e4f60fd28365cf236faa9f9040dbe91477b1b7a7302bbb3e99a7f8181475e859ee709053238a383058f4bc7545e9f6537a8f7de7706683af5c4b27c497d38e9b6fda707168212cfcb114b975baebeb618aaa7254be51478cd86c06ebb93c390fe96cbe4ece8d1756a8c4e5ce76325a3359c3beb609ebd589d88ac33cc1100e84460fcc2de1b18aa34a2abaf0e4a03336bbcd390608a79d5df1b16adcf4843741f1391de6b896d95fd5414c4bc24944924b26245202ddc809bd45da920ea25708ac2a58bf1dd0e4b8939a6a099449e3f65ddd39769fe1f76650fbb062f52efd4083ac07563273cee644153d7dd8fe3cbdffaaa559055ccc251a99feb11977f1e664fa0a0f04b9752c4adede7ec5be452d52c904244b8abbbfa0b46bd6238d9a787f8390d72,gx-no-cache=1710510322617 HTTP/1.1" 200 30
190.171.152.114 - - [15/Mar/2024:10:48:18 -0300] "POST /cormun/servlet/solicitudot?gx-no-cache=1710510329671 HTTP/1.1" 200 30
190.171.152.114 - - [15/Mar/2024:10:48:23 -0300] "POST /cormun/servlet/solicitudot?gx-no-cache=1710510334945 HTTP/1.1" 200 1468
190.171.152.114 - - [15/Mar/2024:10:48:23 -0300] "POST /cormun/servlet/solicitudot?gx-no-cache=1710510334970 HTTP/1.1" 200 38
190.171.152.114 - - [15/Mar/2024:10:48:51 -0300] "GET /cormun/servlet/solicitudot?e30e60a603b873aaa582f7321cb9adce3bc41027702f758bb1b6aaaeb7353cba90fb1e0d1e0474c3c5ae53394153077209625304a46be81af7565fd57946e14c66167dd40a75dd6077c889e49d8805e393742fcfd4cbf6432c438c24e7b9403f7eca4d9b00b8b2a4426d478d37cbc530,gx-no-cache=1710510362806 HTTP/1.1" 200 110
190.171.152.114 - - [15/Mar/2024:10:48:51 -0300] "POST /cormun/servlet/solicitudot?gx-no-cache=1710510362851 HTTP/1.1" 200 72
190.171.152.114 - - [15/Mar/2024:10:48:59 -0300] "GET /cormun/servlet/solicitudot?e30e60a603b873aaa582f7321cb9adce44eff0560747dc05176750d066e3c6ebb57b526fee4e1ab10f615b60b18de3b213faa3ebb59b7f7a943c0a89ae4bf7d223227c67c25c14d8cb83c3e37a291fdffffa1814a07d75daf0f34d3481eb02ffd01ba0ce5d2d74797331be3cd997b965,gx-no-cache=1710510371558 HTTP/1.1" 200 29
190.171.152.114 - - [15/Mar/2024:10:48:59 -0300] "GET /cormun/static/menuarrow.gif HTTP/1.1" 404 1015
190.171.152.114 - - [15/Mar/2024:10:49:02 -0300] "GET /cormun/servlet/solicitudot?e30e60a603b873aaa582f7321cb9adce671bf27b4acc75d7f9b5ac1abc1253c11440c9ee254740cc58fee7fee4beaa03,gx-no-cache=1710510374309 HTTP/1.1" 200 30
190.171.152.114 - - [15/Mar/2024:10:49:10 -0300] "POST /cormun/servlet/solicitudot?gx-no-cache=1710510382279 HTTP/1.1" 200 30
190.171.152.114 - - [15/Mar/2024:10:49:38 -0300] "POST /cormun/servlet/solicitudot?7b433d588481a2f7b05f991f43f8e01c,INS,0,0,false,,gx-no-cache=1710510409783 HTTP/1.1" 200 93
190.171.152.114 - - [15/Mar/2024:10:49:38 -0300] "GET /cormun/servlet/hpexe_return? HTTP/1.1" 200 1001
190.171.152.114 - - [15/Mar/2024:10:49:38 -0300] "GET /cormun/servlet/trsolicitudot? HTTP/1.1" 200 8952
190.171.152.114 - - [15/Mar/2024:10:50:40 -0300] "POST /cormun/servlet/trsolicitudot?7b433d588481a2f7b05f991f43f8e01c,,gx-no-cache=1710510471785 HTTP/1.1" 200 107
190.171.152.114 - - [15/Mar/2024:10:50:40 -0300] "GET /cormun/servlet/trsolicitudadjuntos?2024,20889, HTTP/1.1" 200 6424
190.171.152.114 - - [15/Mar/2024:10:50:42 -0300] "GET /cormun/servlet/solicitudotadjuntos?INS,2024,20889,,1, HTTP/1.1" 200 6366
190.171.152.114 - - [15/Mar/2024:10:50:42 -0300] "GET /cormun/static/about:blank HTTP/1.1" 404 1011
190.171.152.114 - - [15/Mar/2024:10:50:43 -0300] "GET /cormun/servlet/solicitudotadjuntos?e30e60a603b873aaa582f7321cb9adce8943d5adfaba1684ef756a8e97762b76bf4ad556257742869a55bdd7bea392db,gx-no-cache=1710510474812 HTTP/1.1" 200 30
190.171.152.114 - - [15/Mar/2024:10:50:43 -0300] "POST /cormun/servlet/solicitudotadjuntos?7b433d588481a2f7b05f991f43f8e01c,INS,2024,20889,,1,,gx-no-cache=1710510474823 HTTP/1.1" 200 4142
190.171.152.114 - - [15/Mar/2024:10:50:47 -0300] "POST /cormun/servlet/solicitudotadjuntos?gx-no-cache=1710510479254 HTTP/1.1" 200 26
190.171.152.114 - - [15/Mar/2024:10:51:08 -0300] "GET /cormun/servlet/solicitudotadjuntos?e30e60a603b873aaa582f7321cb9adced207d8ca56d660f301693c97832bff9e,gx-no-cache=1710510499990 HTTP/1.1" 200 30
190.171.152.114 - - [15/Mar/2024:10:51:08 -0300] "GET /cormun/servlet/solicitudotadjuntos?e30e60a603b873aaa582f7321cb9adced207d8ca56d660f301693c97832bff9e,gx-no-cache=1710510500027 HTTP/1.1" 200 30
190.171.152.114 - - [15/Mar/2024:10:51:08 -0300] "POST /cormun/servlet/solicitudotadjuntos?7b433d588481a2f7b05f991f43f8e01c,INS,2024,20889,,1, HTTP/1.1" 200 116
190.171.152.114 - - [15/Mar/2024:10:51:08 -0300] "GET /cormun/servlet/hpexe_return? HTTP/1.1" 200 1019
190.171.152.114 - - [15/Mar/2024:10:51:08 -0300] "GET /cormun/servlet/trsolicitudadjuntos?2024,20889, HTTP/1.1" 200 9393
190.171.152.114 - - [15/Mar/2024:10:51:10 -0300] "GET /cormun/servlet/solicitudotadjuntos?INS,2024,20889,,1, HTTP/1.1" 200 6366
190.171.152.114 - - [15/Mar/2024:10:51:10 -0300] "GET /cormun/static/about:blank HTTP/1.1" 404 1011
190.171.152.114 - - [15/Mar/2024:10:51:11 -0300] "GET /cormun/servlet/solicitudotadjuntos?e30e60a603b873aaa582f7321cb9adce8943d5adfaba1684ef756a8e97762b76bf4ad556257742869a55bdd7bea392db,gx-no-cache=1710510502971 HTTP/1.1" 200 30
190.171.152.114 - - [15/Mar/2024:10:51:11 -0300] "POST /cormun/servlet/solicitudotadjuntos?7b433d588481a2f7b05f991f43f8e01c,INS,2024,20889,,1,,gx-no-cache=1710510502985 HTTP/1.1" 200 4140
190.171.152.114 - - [15/Mar/2024:10:51:13 -0300] "POST /cormun/servlet/solicitudotadjuntos?gx-no-cache=1710510505294 HTTP/1.1" 200 26
190.171.152.114 - - [15/Mar/2024:10:51:27 -0300] "GET /cormun/servlet/solicitudotadjuntos?e30e60a603b873aaa582f7321cb9adced207d8ca56d660f301693c97832bff9e,gx-no-cache=1710510519014 HTTP/1.1" 200 30
190.171.152.114 - - [15/Mar/2024:10:51:27 -0300] "GET /cormun/servlet/solicitudotadjuntos?e30e60a603b873aaa582f7321cb9adced207d8ca56d660f301693c97832bff9e,gx-no-cache=1710510519023 HTTP/1.1" 200 30
190.171.152.114 - - [15/Mar/2024:10:51:27 -0300] "POST /cormun/servlet/solicitudotadjuntos?7b433d588481a2f7b05f991f43f8e01c,INS,2024,20889,,1, HTTP/1.1" 200 116
190.171.152.114 - - [15/Mar/2024:10:51:27 -0300] "GET /cormun/servlet/hpexe_return? HTTP/1.1" 200 1019
190.171.152.114 - - [15/Mar/2024:10:51:27 -0300] "GET /cormun/servlet/trsolicitudadjuntos?2024,20889, HTTP/1.1" 200 9619
190.171.152.114 - - [15/Mar/2024:10:51:31 -0300] "GET /cormun/servlet/solicitudotadjuntos?INS,2024,20889,,1, HTTP/1.1" 200 6366
190.171.152.114 - - [15/Mar/2024:10:51:31 -0300] "GET /cormun/static/about:blank HTTP/1.1" 404 1011
190.171.152.114 - - [15/Mar/2024:10:51:32 -0300] "GET /cormun/servlet/solicitudotadjuntos?e30e60a603b873aaa582f7321cb9adce8943d5adfaba1684ef756a8e97762b76bf4ad556257742869a55bdd7bea392db,gx-no-cache=1710510523966 HTTP/1.1" 200 30
190.171.152.114 - - [15/Mar/2024:10:51:32 -0300] "POST /cormun/servlet/solicitudotadjuntos?7b433d588481a2f7b05f991f43f8e01c,INS,2024,20889,,1,,gx-no-cache=1710510523999 HTTP/1.1" 200 4140
190.171.152.114 - - [15/Mar/2024:10:51:34 -0300] "POST /cormun/servlet/solicitudotadjuntos?gx-no-cache=1710510526246 HTTP/1.1" 200 26
190.171.152.114 - - [15/Mar/2024:10:52:00 -0300] "GET /cormun/servlet/solicitudotadjuntos?e30e60a603b873aaa582f7321cb9adced207d8ca56d660f301693c97832bff9e,gx-no-cache=1710510551782 HTTP/1.1" 200 30
190.171.152.114 - - [15/Mar/2024:10:52:00 -0300] "GET /cormun/servlet/solicitudotadjuntos?e30e60a603b873aaa582f7321cb9adced207d8ca56d660f301693c97832bff9e,gx-no-cache=1710510551795 HTTP/1.1" 200 30
190.171.152.114 - - [15/Mar/2024:10:52:00 -0300] "POST /cormun/servlet/solicitudotadjuntos?7b433d588481a2f7b05f991f43f8e01c,INS,2024,20889,,1, HTTP/1.1" 200 116
190.171.152.114 - - [15/Mar/2024:10:52:00 -0300] "GET /cormun/servlet/hpexe_return? HTTP/1.1" 200 1019
190.171.152.114 - - [15/Mar/2024:10:52:00 -0300] "GET /cormun/servlet/trsolicitudadjuntos?2024,20889, HTTP/1.1" 200 9885
190.171.149.82 - - [15/Mar/2024:10:52:01 -0300] "POST /cormun/servlet/trsolicitudot?3abc30e2fee264d871191be56fc839d8,gx-no-cache=1710510551585 HTTP/1.1" 200 107
190.171.149.82 - - [15/Mar/2024:10:52:01 -0300] "GET /cormun/servlet/trsolicitudadjuntos?2024,20880, HTTP/1.1" 200 6037
190.171.152.114 - - [15/Mar/2024:10:52:07 -0300] "GET /cormun/servlet/solicitudotadjuntos?INS,2024,20889,,1, HTTP/1.1" 200 6365
190.171.152.114 - - [15/Mar/2024:10:52:07 -0300] "GET /cormun/static/about:blank HTTP/1.1" 404 1011
190.171.152.114 - - [15/Mar/2024:10:52:07 -0300] "GET /cormun/servlet/solicitudotadjuntos?e30e60a603b873aaa582f7321cb9adce8943d5adfaba1684ef756a8e97762b76bf4ad556257742869a55bdd7bea392db,gx-no-cache=1710510559390 HTTP/1.1" 200 30
190.171.152.114 - - [15/Mar/2024:10:52:07 -0300] "POST /cormun/servlet/solicitudotadjuntos?7b433d588481a2f7b05f991f43f8e01c,INS,2024,20889,,1,,gx-no-cache=1710510559401 HTTP/1.1" 200 4140
190.171.149.82 - - [15/Mar/2024:10:52:09 -0300] "GET /cormun/servlet/solicitudotadjuntos?INS,2024,20880,,1, HTTP/1.1" 200 5981
190.171.149.82 - - [15/Mar/2024:10:52:10 -0300] "GET /cormun/static/about:blank HTTP/1.1" 404 1011
190.171.152.114 - - [15/Mar/2024:10:52:10 -0300] "POST /cormun/servlet/solicitudotadjuntos?gx-no-cache=1710510561966 HTTP/1.1" 200 26
190.171.149.82 - - [15/Mar/2024:10:52:10 -0300] "GET /cormun/servlet/solicitudotadjuntos?52899496d8d53d58001ddf2d2e28d669ac53be463e38bb0ba99c61eccae50eb280c1188ae5ade4bd7082a3cc83697c21,gx-no-cache=1710510560435 HTTP/1.1" 200 30
190.171.149.82 - - [15/Mar/2024:10:52:10 -0300] "POST /cormun/servlet/solicitudotadjuntos?3abc30e2fee264d871191be56fc839d8,INS,2024,20880,,1,,gx-no-cache=1710510560460 HTTP/1.1" 200 3897
190.171.149.82 - - [15/Mar/2024:10:52:14 -0300] "POST /cormun/servlet/solicitudotadjuntos?gx-no-cache=1710510564418 HTTP/1.1" 200 26
190.171.152.114 - - [15/Mar/2024:10:52:17 -0300] "GET /cormun/servlet/solicitudotadjuntos?e30e60a603b873aaa582f7321cb9adced207d8ca56d660f301693c97832bff9e,gx-no-cache=1710510568750 HTTP/1.1" 200 30
190.171.152.114 - - [15/Mar/2024:10:52:17 -0300] "GET /cormun/servlet/solicitudotadjuntos?e30e60a603b873aaa582f7321cb9adced207d8ca56d660f301693c97832bff9e,gx-no-cache=1710510568759 HTTP/1.1" 200 30
190.171.152.114 - - [15/Mar/2024:10:52:17 -0300] "POST /cormun/servlet/solicitudotadjuntos?7b433d588481a2f7b05f991f43f8e01c,INS,2024,20889,,1, HTTP/1.1" 200 116
190.171.152.114 - - [15/Mar/2024:10:52:17 -0300] "GET /cormun/servlet/hpexe_return? HTTP/1.1" 200 1019
190.171.152.114 - - [15/Mar/2024:10:52:17 -0300] "GET /cormun/servlet/trsolicitudadjuntos?2024,20889, HTTP/1.1" 200 10102
191.125.21.112 - - [15/Mar/2024:10:52:19 -0300] "GET /cormun/servlet/hlogin HTTP/1.1" 200 1723
190.171.152.114 - - [15/Mar/2024:10:52:19 -0300] "GET /cormun/servlet/solicitudotadjuntos?INS,2024,20889,,1, HTTP/1.1" 200 6365
190.171.152.114 - - [15/Mar/2024:10:52:19 -0300] "GET /cormun/static/about:blank HTTP/1.1" 404 1011
190.171.152.114 - - [15/Mar/2024:10:52:20 -0300] "GET /cormun/servlet/solicitudotadjuntos?e30e60a603b873aaa582f7321cb9adce8943d5adfaba1684ef756a8e97762b76bf4ad556257742869a55bdd7bea392db,gx-no-cache=1710510571750 HTTP/1.1" 200 30
190.171.152.114 - - [15/Mar/2024:10:52:20 -0300] "POST /cormun/servlet/solicitudotadjuntos?7b433d588481a2f7b05f991f43f8e01c,INS,2024,20889,,1,,gx-no-cache=1710510571767 HTTP/1.1" 200 4140
191.125.21.112 - - [15/Mar/2024:10:52:22 -0300] "POST /cormun/servlet/hlogin?4b0f4296741f78181397cacdb183cfc4,gx-no-cache=1710510571523 HTTP/1.1" 200 90
191.125.21.112 - - [15/Mar/2024:10:52:22 -0300] "GET /cormun/servlet/hpexe_link HTTP/1.1" 200 953
191.125.21.112 - - [15/Mar/2024:10:52:22 -0300] "GET /cormun/servlet/hhome HTTP/1.1" 200 3911
190.171.152.114 - - [15/Mar/2024:10:52:23 -0300] "POST /cormun/servlet/solicitudotadjuntos?gx-no-cache=1710510574798 HTTP/1.1" 200 26
190.171.149.82 - - [15/Mar/2024:10:52:24 -0300] "GET /cormun/servlet/solicitudotadjuntos?52899496d8d53d58001ddf2d2e28d669938fb610516c46d0039a67f01898ee46,gx-no-cache=1710510574593 HTTP/1.1" 200 30
190.171.149.82 - - [15/Mar/2024:10:52:24 -0300] "GET /cormun/servlet/solicitudotadjuntos?52899496d8d53d58001ddf2d2e28d669938fb610516c46d0039a67f01898ee46,gx-no-cache=1710510574605 HTTP/1.1" 200 30
190.171.149.82 - - [15/Mar/2024:10:52:25 -0300] "POST /cormun/servlet/solicitudotadjuntos?3abc30e2fee264d871191be56fc839d8,INS,2024,20880,,1, HTTP/1.1" 200 116
190.171.149.82 - - [15/Mar/2024:10:52:25 -0300] "GET /cormun/servlet/hpexe_return? HTTP/1.1" 200 1025
190.171.149.82 - - [15/Mar/2024:10:52:25 -0300] "GET /cormun/servlet/trsolicitudadjuntos?2024,20880, HTTP/1.1" 200 8949
190.171.152.114 - - [15/Mar/2024:10:52:29 -0300] "GET /cormun/servlet/solicitudotadjuntos?e30e60a603b873aaa582f7321cb9adced207d8ca56d660f301693c97832bff9e,gx-no-cache=1710510581230 HTTP/1.1" 200 30
190.171.152.114 - - [15/Mar/2024:10:52:29 -0300] "GET /cormun/servlet/solicitudotadjuntos?e30e60a603b873aaa582f7321cb9adced207d8ca56d660f301693c97832bff9e,gx-no-cache=1710510581247 HTTP/1.1" 200 30
190.171.152.114 - - [15/Mar/2024:10:52:29 -0300] "POST /cormun/servlet/solicitudotadjuntos?7b433d588481a2f7b05f991f43f8e01c,INS,2024,20889,,1, HTTP/1.1" 200 116
190.171.152.114 - - [15/Mar/2024:10:52:29 -0300] "GET /cormun/servlet/hpexe_return? HTTP/1.1" 200 1019
190.171.152.114 - - [15/Mar/2024:10:52:29 -0300] "GET /cormun/servlet/trsolicitudadjuntos?2024,20889, HTTP/1.1" 200 10385
190.171.152.114 - - [15/Mar/2024:10:52:32 -0300] "GET /cormun/servlet/solicitudotadjuntos?INS,2024,20889,,1, HTTP/1.1" 200 6365
190.171.152.114 - - [15/Mar/2024:10:52:32 -0300] "GET /cormun/static/about:blank HTTP/1.1" 404 1011
190.171.152.114 - - [15/Mar/2024:10:52:33 -0300] "GET /cormun/servlet/solicitudotadjuntos?e30e60a603b873aaa582f7321cb9adce8943d5adfaba1684ef756a8e97762b76bf4ad556257742869a55bdd7bea392db,gx-no-cache=1710510584770 HTTP/1.1" 200 30
190.171.152.114 - - [15/Mar/2024:10:52:33 -0300] "POST /cormun/servlet/solicitudotadjuntos?7b433d588481a2f7b05f991f43f8e01c,INS,2024,20889,,1,,gx-no-cache=1710510584781 HTTP/1.1" 200 4140
190.171.149.82 - - [15/Mar/2024:10:52:33 -0300] "GET /cormun/servlet/solicitudotadjuntos?INS,2024,20880,,1, HTTP/1.1" 200 5981
190.171.149.82 - - [15/Mar/2024:10:52:33 -0300] "GET /cormun/static/about:blank HTTP/1.1" 404 1011
190.171.149.82 - - [15/Mar/2024:10:52:34 -0300] "GET /cormun/servlet/solicitudotadjuntos?52899496d8d53d58001ddf2d2e28d669ac53be463e38bb0ba99c61eccae50eb280c1188ae5ade4bd7082a3cc83697c21,gx-no-cache=1710510583669 HTTP/1.1" 200 30
190.171.149.82 - - [15/Mar/2024:10:52:34 -0300] "POST /cormun/servlet/solicitudotadjuntos?3abc30e2fee264d871191be56fc839d8,INS,2024,20880,,1,,gx-no-cache=1710510583693 HTTP/1.1" 200 3897
190.171.152.114 - - [15/Mar/2024:10:52:35 -0300] "POST /cormun/servlet/solicitudotadjuntos?gx-no-cache=1710510587294 HTTP/1.1" 200 26
190.171.149.82 - - [15/Mar/2024:10:52:36 -0300] "POST /cormun/servlet/solicitudotadjuntos?gx-no-cache=1710510586394 HTTP/1.1" 200 26
190.171.149.82 - - [15/Mar/2024:10:52:41 -0300] "GET /cormun/servlet/solicitudotadjuntos?52899496d8d53d58001ddf2d2e28d669938fb610516c46d0039a67f01898ee46,gx-no-cache=1710510591545 HTTP/1.1" 200 30
190.171.149.82 - - [15/Mar/2024:10:52:41 -0300] "GET /cormun/servlet/solicitudotadjuntos?52899496d8d53d58001ddf2d2e28d669938fb610516c46d0039a67f01898ee46,gx-no-cache=1710510591556 HTTP/1.1" 200 30
107.189.29.60 - - [15/Mar/2024:10:52:41 -0300] "GET /manager/html HTTP/1.1" 401 2474
107.189.29.60 - - [15/Mar/2024:10:52:41 -0300] "GET /manager/html HTTP/1.1" 401 2474
190.171.149.82 - - [15/Mar/2024:10:52:42 -0300] "POST /cormun/servlet/solicitudotadjuntos?3abc30e2fee264d871191be56fc839d8,INS,2024,20880,,1, HTTP/1.1" 200 116
190.171.152.114 - - [15/Mar/2024:10:52:42 -0300] "GET /cormun/servlet/solicitudotadjuntos?e30e60a603b873aaa582f7321cb9adced207d8ca56d660f301693c97832bff9e,gx-no-cache=1710510593694 HTTP/1.1" 200 30
190.171.149.82 - - [15/Mar/2024:10:52:42 -0300] "GET /cormun/servlet/hpexe_return? HTTP/1.1" 200 1025
190.171.152.114 - - [15/Mar/2024:10:52:42 -0300] "GET /cormun/servlet/solicitudotadjuntos?e30e60a603b873aaa582f7321cb9adced207d8ca56d660f301693c97832bff9e,gx-no-cache=1710510593703 HTTP/1.1" 200 30
190.171.149.82 - - [15/Mar/2024:10:52:42 -0300] "GET /cormun/servlet/trsolicitudadjuntos?2024,20880, HTTP/1.1" 200 9181
190.171.152.114 - - [15/Mar/2024:10:52:42 -0300] "POST /cormun/servlet/solicitudotadjuntos?7b433d588481a2f7b05f991f43f8e01c,INS,2024,20889,,1, HTTP/1.1" 200 116
190.171.152.114 - - [15/Mar/2024:10:52:42 -0300] "GET /cormun/servlet/hpexe_return? HTTP/1.1" 200 1019
190.171.152.114 - - [15/Mar/2024:10:52:42 -0300] "GET /cormun/servlet/trsolicitudadjuntos?2024,20889, HTTP/1.1" 200 10540
190.171.149.82 - - [15/Mar/2024:10:52:44 -0300] "GET /cormun/servlet/solicitudotadjuntos?INS,2024,20880,,1, HTTP/1.1" 200 5981
190.171.149.82 - - [15/Mar/2024:10:52:45 -0300] "GET /cormun/static/about:blank HTTP/1.1" 404 1011
191.125.166.160 - - [15/Mar/2024:10:52:45 -0300] "GET /cormun/servlet/trsolicitudot? HTTP/1.1" 200 9387
190.171.149.82 - - [15/Mar/2024:10:52:45 -0300] "GET /cormun/servlet/solicitudotadjuntos?52899496d8d53d58001ddf2d2e28d669ac53be463e38bb0ba99c61eccae50eb280c1188ae5ade4bd7082a3cc83697c21,gx-no-cache=1710510595300 HTTP/1.1" 200 30
190.171.149.82 - - [15/Mar/2024:10:52:45 -0300] "POST /cormun/servlet/solicitudotadjuntos?3abc30e2fee264d871191be56fc839d8,INS,2024,20880,,1,,gx-no-cache=1710510595323 HTTP/1.1" 200 3897
190.171.152.114 - - [15/Mar/2024:10:52:46 -0300] "GET /cormun/servlet/trsolicitudot? HTTP/1.1" 200 8955
191.125.166.160 - - [15/Mar/2024:10:52:47 -0300] "GET /cormun/static/menuarrow.gif HTTP/1.1" 404 1015
190.171.149.82 - - [15/Mar/2024:10:52:49 -0300] "POST /cormun/servlet/solicitudotadjuntos?gx-no-cache=1710510598747 HTTP/1.1" 200 26
190.171.149.82 - - [15/Mar/2024:10:52:53 -0300] "GET /cormun/servlet/solicitudotadjuntos?52899496d8d53d58001ddf2d2e28d669938fb610516c46d0039a67f01898ee46,gx-no-cache=1710510602961 HTTP/1.1" 200 30
190.171.149.82 - - [15/Mar/2024:10:52:53 -0300] "GET /cormun/servlet/solicitudotadjuntos?52899496d8d53d58001ddf2d2e28d669938fb610516c46d0039a67f01898ee46,gx-no-cache=1710510602972 HTTP/1.1" 200 30
190.171.149.82 - - [15/Mar/2024:10:52:53 -0300] "POST /cormun/servlet/solicitudotadjuntos?3abc30e2fee264d871191be56fc839d8,INS,2024,20880,,1, HTTP/1.1" 200 116
190.171.149.82 - - [15/Mar/2024:10:52:53 -0300] "GET /cormun/servlet/hpexe_return? HTTP/1.1" 200 1025
190.171.149.82 - - [15/Mar/2024:10:52:53 -0300] "GET /cormun/servlet/trsolicitudadjuntos?2024,20880, HTTP/1.1" 200 9355
190.171.149.82 - - [15/Mar/2024:10:52:56 -0300] "GET /cormun/servlet/solicitudotadjuntos?INS,2024,20880,,1, HTTP/1.1" 200 5981
190.171.149.82 - - [15/Mar/2024:10:52:56 -0300] "GET /cormun/static/about:blank HTTP/1.1" 404 1011
190.171.149.82 - - [15/Mar/2024:10:52:57 -0300] "GET /cormun/servlet/solicitudotadjuntos?52899496d8d53d58001ddf2d2e28d669ac53be463e38bb0ba99c61eccae50eb280c1188ae5ade4bd7082a3cc83697c21,gx-no-cache=1710510606867 HTTP/1.1" 200 30
190.171.149.82 - - [15/Mar/2024:10:52:57 -0300] "POST /cormun/servlet/solicitudotadjuntos?3abc30e2fee264d871191be56fc839d8,INS,2024,20880,,1,,gx-no-cache=1710510606890 HTTP/1.1" 200 3897
190.171.149.82 - - [15/Mar/2024:10:52:59 -0300] "POST /cormun/servlet/solicitudotadjuntos?gx-no-cache=1710510608786 HTTP/1.1" 200 26
190.171.149.82 - - [15/Mar/2024:10:53:04 -0300] "GET /cormun/servlet/solicitudotadjuntos?52899496d8d53d58001ddf2d2e28d669938fb610516c46d0039a67f01898ee46,gx-no-cache=1710510614489 HTTP/1.1" 200 30
190.171.149.82 - - [15/Mar/2024:10:53:04 -0300] "GET /cormun/servlet/solicitudotadjuntos?52899496d8d53d58001ddf2d2e28d669938fb610516c46d0039a67f01898ee46,gx-no-cache=1710510614499 HTTP/1.1" 200 30
190.171.149.82 - - [15/Mar/2024:10:53:04 -0300] "POST /cormun/servlet/solicitudotadjuntos?3abc30e2fee264d871191be56fc839d8,INS,2024,20880,,1, HTTP/1.1" 200 116
190.171.149.82 - - [15/Mar/2024:10:53:04 -0300] "GET /cormun/servlet/hpexe_return? HTTP/1.1" 200 1025
190.171.149.82 - - [15/Mar/2024:10:53:05 -0300] "GET /cormun/servlet/trsolicitudadjuntos?2024,20880, HTTP/1.1" 200 9646
190.171.149.82 - - [15/Mar/2024:10:53:07 -0300] "GET /cormun/servlet/solicitudotadjuntos?INS,2024,20880,,1, HTTP/1.1" 200 5980
190.171.149.82 - - [15/Mar/2024:10:53:07 -0300] "GET /cormun/static/about:blank HTTP/1.1" 404 1011
190.171.149.82 - - [15/Mar/2024:10:53:08 -0300] "GET /cormun/servlet/solicitudotadjuntos?52899496d8d53d58001ddf2d2e28d669ac53be463e38bb0ba99c61eccae50eb280c1188ae5ade4bd7082a3cc83697c21,gx-no-cache=1710510618130 HTTP/1.1" 200 30
190.171.149.82 - - [15/Mar/2024:10:53:08 -0300] "POST /cormun/servlet/solicitudotadjuntos?3abc30e2fee264d871191be56fc839d8,INS,2024,20880,,1,,gx-no-cache=1710510618148 HTTP/1.1" 200 3895
190.171.149.82 - - [15/Mar/2024:10:53:12 -0300] "POST /cormun/servlet/solicitudotadjuntos?gx-no-cache=1710510621850 HTTP/1.1" 200 26
190.171.149.82 - - [15/Mar/2024:10:53:16 -0300] "GET /cormun/servlet/solicitudotadjuntos?52899496d8d53d58001ddf2d2e28d669938fb610516c46d0039a67f01898ee46,gx-no-cache=1710510626073 HTTP/1.1" 200 30
190.171.149.82 - - [15/Mar/2024:10:53:16 -0300] "GET /cormun/servlet/solicitudotadjuntos?52899496d8d53d58001ddf2d2e28d669938fb610516c46d0039a67f01898ee46,gx-no-cache=1710510626084 HTTP/1.1" 200 30
190.171.149.82 - - [15/Mar/2024:10:53:16 -0300] "POST /cormun/servlet/solicitudotadjuntos?3abc30e2fee264d871191be56fc839d8,INS,2024,20880,,1, HTTP/1.1" 200 116
190.171.149.82 - - [15/Mar/2024:10:53:16 -0300] "GET /cormun/servlet/hpexe_return? HTTP/1.1" 200 1025
190.171.149.82 - - [15/Mar/2024:10:53:17 -0300] "GET /cormun/servlet/trsolicitudadjuntos?2024,20880, HTTP/1.1" 200 9939
190.171.152.114 - - [15/Mar/2024:10:53:18 -0300] "POST /cormun/servlet/trsolicitudot?7b433d588481a2f7b05f991f43f8e01c,,gx-no-cache=1710510630105 HTTP/1.1" 200 4867
190.171.152.114 - - [15/Mar/2024:10:53:18 -0300] "GET /cormun/static/Shared/jqueryui/images/ui-bg_highlight-soft_100_c6c2c8_1x100.png HTTP/1.1" 404 1117
190.171.152.114 - - [15/Mar/2024:10:53:18 -0300] "GET /cormun/static/Shared/jqueryui/images/ui-bg_flat_55_fafafa_40x100.png HTTP/1.1" 404 1097
190.171.152.114 - - [15/Mar/2024:10:53:18 -0300] "GET /cormun/static/Shared/jqueryui/images/ui-icons_8d78a5_256x240.png HTTP/1.1" 404 1089
190.171.152.114 - - [15/Mar/2024:10:53:18 -0300] "GET /cormun/static/Shared/jqueryui/images/ui-icons_82798d_256x240.png HTTP/1.1" 404 1089
190.171.152.114 - - [15/Mar/2024:10:53:18 -0300] "POST /cormun/servlet/trsolicitudot?7b433d588481a2f7b05f991f43f8e01c,,gx-no-cache=1710510630205 HTTP/1.1" 200 4609
190.171.149.82 - - [15/Mar/2024:10:53:19 -0300] "GET /cormun/servlet/solicitudotadjuntos?INS,2024,20880,,1, HTTP/1.1" 200 5980
190.171.149.82 - - [15/Mar/2024:10:53:19 -0300] "GET /cormun/static/about:blank HTTP/1.1" 404 1011
190.171.149.82 - - [15/Mar/2024:10:53:19 -0300] "GET /cormun/servlet/solicitudotadjuntos?52899496d8d53d58001ddf2d2e28d669ac53be463e38bb0ba99c61eccae50eb280c1188ae5ade4bd7082a3cc83697c21,gx-no-cache=1710510629549 HTTP/1.1" 200 30
190.171.149.82 - - [15/Mar/2024:10:53:19 -0300] "POST /cormun/servlet/solicitudotadjuntos?3abc30e2fee264d871191be56fc839d8,INS,2024,20880,,1,,gx-no-cache=1710510629571 HTTP/1.1" 200 3895
190.171.152.114 - - [15/Mar/2024:10:53:21 -0300] "GET /cormun/servlet/trautorizarsolicitud? HTTP/1.1" 200 11161
190.171.149.82 - - [15/Mar/2024:10:53:22 -0300] "POST /cormun/servlet/solicitudotadjuntos?gx-no-cache=1710510631986 HTTP/1.1" 200 26
190.171.152.114 - - [15/Mar/2024:10:53:26 -0300] "POST /cormun/servlet/trautorizarsolicitud?7b433d588481a2f7b05f991f43f8e01c,,gx-no-cache=1710510637872 HTTP/1.1" 200 7976
190.171.152.114 - - [15/Mar/2024:10:53:26 -0300] "POST /cormun/servlet/trautorizarsolicitud?7b433d588481a2f7b05f991f43f8e01c,,gx-no-cache=1710510637989 HTTP/1.1" 200 7921
190.171.152.114 - - [15/Mar/2024:10:53:27 -0300] "POST /cormun/servlet/trautorizarsolicitud?7b433d588481a2f7b05f991f43f8e01c,,gx-no-cache=1710510638575 HTTP/1.1" 200 7636
190.171.152.114 - - [15/Mar/2024:10:53:27 -0300] "POST /cormun/servlet/trautorizarsolicitud?7b433d588481a2f7b05f991f43f8e01c,,gx-no-cache=1710510638720 HTTP/1.1" 200 7582
190.171.149.82 - - [15/Mar/2024:10:53:27 -0300] "GET /cormun/servlet/solicitudotadjuntos?52899496d8d53d58001ddf2d2e28d669938fb610516c46d0039a67f01898ee46,gx-no-cache=1710510637209 HTTP/1.1" 200 30
190.171.149.82 - - [15/Mar/2024:10:53:27 -0300] "GET /cormun/servlet/solicitudotadjuntos?52899496d8d53d58001ddf2d2e28d669938fb610516c46d0039a67f01898ee46,gx-no-cache=1710510637221 HTTP/1.1" 200 30
190.171.149.82 - - [15/Mar/2024:10:53:27 -0300] "POST /cormun/servlet/solicitudotadjuntos?3abc30e2fee264d871191be56fc839d8,INS,2024,20880,,1, HTTP/1.1" 200 116
190.171.149.82 - - [15/Mar/2024:10:53:27 -0300] "GET /cormun/servlet/hpexe_return? HTTP/1.1" 200 1025
190.171.152.114 - - [15/Mar/2024:10:53:27 -0300] "POST /cormun/servlet/trautorizarsolicitud?7b433d588481a2f7b05f991f43f8e01c,,gx-no-cache=1710510639287 HTTP/1.1" 200 7269
190.171.152.114 - - [15/Mar/2024:10:53:27 -0300] "POST /cormun/servlet/trautorizarsolicitud?7b433d588481a2f7b05f991f43f8e01c,,gx-no-cache=1710510639461 HTTP/1.1" 200 7213
190.171.149.82 - - [15/Mar/2024:10:53:28 -0300] "GET /cormun/servlet/trsolicitudadjuntos?2024,20880, HTTP/1.1" 200 10093
190.171.152.114 - - [15/Mar/2024:10:53:28 -0300] "POST /cormun/servlet/trautorizarsolicitud?7b433d588481a2f7b05f991f43f8e01c,,gx-no-cache=1710510640175 HTTP/1.1" 200 6853
190.171.152.114 - - [15/Mar/2024:10:53:28 -0300] "POST /cormun/servlet/trautorizarsolicitud?7b433d588481a2f7b05f991f43f8e01c,,gx-no-cache=1710510640313 HTTP/1.1" 200 6798
190.171.152.114 - - [15/Mar/2024:10:53:29 -0300] "POST /cormun/servlet/trautorizarsolicitud?7b433d588481a2f7b05f991f43f8e01c,,gx-no-cache=1710510640910 HTTP/1.1" 200 6484
190.171.152.114 - - [15/Mar/2024:10:53:29 -0300] "POST /cormun/servlet/trautorizarsolicitud?7b433d588481a2f7b05f991f43f8e01c,,gx-no-cache=1710510641026 HTTP/1.1" 200 6428
190.171.152.114 - - [15/Mar/2024:10:53:30 -0300] "POST /cormun/servlet/trautorizarsolicitud?7b433d588481a2f7b05f991f43f8e01c,,gx-no-cache=1710510641615 HTTP/1.1" 200 6006
190.171.152.114 - - [15/Mar/2024:10:53:30 -0300] "POST /cormun/servlet/trautorizarsolicitud?7b433d588481a2f7b05f991f43f8e01c,,gx-no-cache=1710510641724 HTTP/1.1" 200 5950
190.171.152.114 - - [15/Mar/2024:10:53:30 -0300] "POST /cormun/servlet/trautorizarsolicitud?7b433d588481a2f7b05f991f43f8e01c,,gx-no-cache=1710510642326 HTTP/1.1" 200 4780
190.171.152.114 - - [15/Mar/2024:10:53:30 -0300] "POST /cormun/servlet/trautorizarsolicitud?7b433d588481a2f7b05f991f43f8e01c,,gx-no-cache=1710510642411 HTTP/1.1" 200 4530
190.171.149.82 - - [15/Mar/2024:10:53:33 -0300] "POST /cormun/servlet/trsolicitudadjuntos?3abc30e2fee264d871191be56fc839d8,2024,20880,,gx-no-cache=1710510643075 HTTP/1.1" 200 90
190.171.149.82 - - [15/Mar/2024:10:53:33 -0300] "GET /cormun/servlet/hpexe_link HTTP/1.1" 200 968
190.171.149.82 - - [15/Mar/2024:10:53:34 -0300] "GET /cormun/servlet/trsolicitudot HTTP/1.1" 200 8947
190.171.149.82 - - [15/Mar/2024:10:53:37 -0300] "POST /cormun/servlet/trsolicitudot?3abc30e2fee264d871191be56fc839d8,gx-no-cache=1710510647396 HTTP/1.1" 200 107
190.171.149.82 - - [15/Mar/2024:10:53:37 -0300] "GET /cormun/servlet/trsolicitudadjuntos?2024,20880, HTTP/1.1" 200 10089
190.171.149.82 - - [15/Mar/2024:10:53:40 -0300] "POST /cormun/servlet/trsolicitudadjuntos?3abc30e2fee264d871191be56fc839d8,2024,20880,,gx-no-cache=1710510649915 HTTP/1.1" 200 90
190.171.149.82 - - [15/Mar/2024:10:53:40 -0300] "GET /cormun/servlet/hpexe_link HTTP/1.1" 200 968
190.171.149.82 - - [15/Mar/2024:10:53:40 -0300] "GET /cormun/servlet/trsolicitudot HTTP/1.1" 200 8947
190.171.149.82 - - [15/Mar/2024:10:53:45 -0300] "POST /cormun/servlet/trsolicitudot?3abc30e2fee264d871191be56fc839d8,gx-no-cache=1710510654660 HTTP/1.1" 200 107
190.171.149.82 - - [15/Mar/2024:10:53:45 -0300] "GET /cormun/servlet/trsolicitudadjuntos?2024,20888, HTTP/1.1" 200 6038
191.125.166.160 - - [15/Mar/2024:10:53:51 -0300] "GET /cormun/servlet/solicitudot?INS,0,0,false, HTTP/1.1" 200 15893
80.82.78.39 - - [15/Mar/2024:10:53:54 -0300] "GET /signin.php HTTP/1.1" 400 -
80.82.78.39 - - [15/Mar/2024:10:53:56 -0300] "ôð€‹èá&jñIœ«Õž0¯exn2¬òH"†£"¸º S¥×²ê'<çãc,*¬b|òBÔ]o 0}Šoµk&̨̩À+À/À,À0À ÀÀ" 400 -
191.125.166.160 - - [15/Mar/2024:10:54:03 -0300] "POST /cormun/servlet/solicitudot?gx-no-cache=1710510672276 HTTP/1.1" 200 4031
191.125.166.160 - - [15/Mar/2024:10:54:03 -0300] "POST /cormun/servlet/solicitudot?4b0f4296741f78181397cacdb183cfc4,INS,0,0,false,,gx-no-cache=1710510672544 HTTP/1.1" 200 12594
191.125.166.160 - - [15/Mar/2024:10:54:07 -0300] "GET /cormun/servlet/solicitudot?0cb91f95f7d1322740c18e2f33d36027fd917fd0329feacd76bb027878e2b74b4be8bee9b379f1b2652724380db64dc5,gx-no-cache=1710510676843 HTTP/1.1" 200 30
41.186.73.134 - - [15/Mar/2024:10:54:58 -0300] "GET /manager/html HTTP/1.1" 401 2474
41.186.73.134 - - [15/Mar/2024:10:54:58 -0300] "GET /manager/html HTTP/1.1" 401 2474
191.125.166.160 - - [15/Mar/2024:10:55:22 -0300] "GET /cormun/servlet/solicitudot?0cb91f95f7d1322740c18e2f33d36027101edb586643f76a7e41c18bf2fc3f4757ce4ee53900892ff438c6e0768f094755b5075b8dbdc88973b8da0c643b1e24,gx-no-cache=1710510751429 HTTP/1.1" 200 30
191.125.166.160 - - [15/Mar/2024:10:55:23 -0300] "GET /cormun/servlet/solicitudot?0cb91f95f7d1322740c18e2f33d36027299940294b0f34b78542f72526c81157,gx-no-cache=1710510752725 HTTP/1.1" 200 53
191.125.166.160 - - [15/Mar/2024:10:55:39 -0300] "POST /cormun/servlet/solicitudot?gx-no-cache=1710510768074 HTTP/1.1" 200 297
191.125.166.160 - - [15/Mar/2024:10:55:39 -0300] "GET /cormun/servlet/solicitudot?0cb91f95f7d1322740c18e2f33d36027f73df44c4d4fd239ef3fa5423b1a9e891171da0c46abaab2e9026697b51ae31de253f5bd68ed998b4445e8d58ff6b9f5634e9da5b9864e371cb78a5e0cf3b464ba9a800ee905777b8250d229b63a06ec92bf2009b1e1975a1da66febd1073f24e9b0a494fa8a1a57e6273b9359190a02c820418e662ce98c81c90d1ef8157e181ba513d7c483e3e68ba58d011a0d94992329f55d9525ec75fdea15ea278133d3c9929f48307dc3ca8ae130286892e7d156fdeb6c2918b5ad355ea244d47891f74f53f121e91304707155e45738e947297475d6343d9f594334b8f009dda5b80333d760728603b9f22599d4b9efeb5704475c19fdf18c6448aaa75f6ba2b21f6f63b53d24977e7caf6936ca43590f8685e7c8b1ec5b7639a725d43991506a1739ec13f2a13c1911f4fa5d463f36ba2878a714e973df29304ac166fa58d9267981312971922fbc995cf29c335cf4b30680dd6264bf95a6b215e0d639e0d9712d419b3151cdd0dd00be90e925bb45528d476f503b972b9b4ec47ff86ebb7707e160,gx-no-cache=1710510768146 HTTP/1.1" 200 30
191.125.166.160 - - [15/Mar/2024:10:55:42 -0300] "POST /cormun/servlet/solicitudot?gx-no-cache=1710510771257 HTTP/1.1" 200 30
191.125.166.160 - - [15/Mar/2024:10:55:42 -0300] "POST /cormun/servlet/solicitudot?gx-no-cache=1710510771343 HTTP/1.1" 200 1468
191.125.166.160 - - [15/Mar/2024:10:55:42 -0300] "POST /cormun/servlet/solicitudot?gx-no-cache=1710510771410 HTTP/1.1" 200 38
191.125.166.160 - - [15/Mar/2024:10:56:01 -0300] "GET /cormun/servlet/solicitudot?0cb91f95f7d1322740c18e2f33d36027845e20846dcb42ce8c53ed8033a49f379474f1aec998cd08f9c7b40a5665f6d1c9073bcff227085a813e967893b1b46405fa5fa8547b5a17f65d8ccfb24193681efcfd51c6b08b07050c5e3f5caf2a239c9ba0be29e4d5f91ad10b7b4b1f6b14,gx-no-cache=1710510790201 HTTP/1.1" 200 110
191.125.166.160 - - [15/Mar/2024:10:56:01 -0300] "POST /cormun/servlet/solicitudot?gx-no-cache=1710510790291 HTTP/1.1" 200 110
191.125.166.160 - - [15/Mar/2024:10:56:12 -0300] "GET /cormun/servlet/solicitudot?0cb91f95f7d1322740c18e2f33d360279787cb1a60440e6282a6ed16bbb06210ee95e2f8d4b81e0a8647134f7c1fcb219cd64fabb1212c137228ece078c3cd6a81e21d8634a47a310dd6d893f9f3cc0698095a4266a87a48217008f1804c66959e57788de9dd0467c06dca9a586966e2,gx-no-cache=1710510800987 HTTP/1.1" 200 29
191.125.166.160 - - [15/Mar/2024:10:56:12 -0300] "GET /cormun/static/menuarrow.gif HTTP/1.1" 404 1015
191.125.166.160 - - [15/Mar/2024:10:56:15 -0300] "GET /cormun/servlet/solicitudot?0cb91f95f7d1322740c18e2f33d360276fbe80d57d3863be9b188a9000f64ecf49218b966e55d3a3b8652d01e7bb83ba,gx-no-cache=1710510804146 HTTP/1.1" 200 30
191.125.166.160 - - [15/Mar/2024:10:56:23 -0300] "POST /cormun/servlet/solicitudot?gx-no-cache=1710510812275 HTTP/1.1" 200 30
191.125.166.160 - - [15/Mar/2024:10:56:23 -0300] "POST /cormun/servlet/solicitudot?4b0f4296741f78181397cacdb183cfc4,INS,0,0,false,,gx-no-cache=1710510812337 HTTP/1.1" 200 93
191.125.166.160 - - [15/Mar/2024:10:56:24 -0300] "GET /cormun/servlet/hpexe_return? HTTP/1.1" 200 1011
191.125.166.160 - - [15/Mar/2024:10:56:24 -0300] "GET /cormun/servlet/trsolicitudot HTTP/1.1" 200 9790
191.125.166.160 - - [15/Mar/2024:10:56:31 -0300] "POST /cormun/servlet/trsolicitudot?4b0f4296741f78181397cacdb183cfc4,gx-no-cache=1710510820741 HTTP/1.1" 200 110
191.125.166.160 - - [15/Mar/2024:10:56:31 -0300] "GET /cormun/servlet/solicitudot?UPD,2024,20890,false, HTTP/1.1" 200 16546
191.125.166.160 - - [15/Mar/2024:10:56:32 -0300] "POST /cormun/servlet/solicitudot?gx-no-cache=1710510821664 HTTP/1.1" 200 4124
191.125.166.160 - - [15/Mar/2024:10:56:32 -0300] "POST /cormun/servlet/solicitudot?4b0f4296741f78181397cacdb183cfc4,UPD,2024,20890,false,,gx-no-cache=1710510821843 HTTP/1.1" 200 12777
191.125.166.160 - - [15/Mar/2024:10:56:33 -0300] "GET /cormun/servlet/solicitudot?0cb91f95f7d1322740c18e2f33d36027fd917fd0329feacd76bb027878e2b74ba4a9044cc58ead271b0f9c90ea05b213,gx-no-cache=1710510822041 HTTP/1.1" 200 30
191.125.166.160 - - [15/Mar/2024:10:56:33 -0300] "GET /cormun/servlet/solicitudot?0cb91f95f7d1322740c18e2f33d36027101edb586643f76a7e41c18bf2fc3f4757ce4ee53900892ff438c6e0768f0947f4ee528cb3bf07bbfe3abc2252751c45,gx-no-cache=1710510822137 HTTP/1.1" 200 30
191.125.166.160 - - [15/Mar/2024:10:56:33 -0300] "GET /cormun/servlet/solicitudot?0cb91f95f7d1322740c18e2f33d3602721bb7cae1bebd2c908596a998492b959519d6301bee231473e4f76072d7a36b71cd1175d84c8d7f0b58216c53a10aad9,gx-no-cache=1710510822197 HTTP/1.1" 200 53
191.125.166.160 - - [15/Mar/2024:10:56:33 -0300] "POST /cormun/servlet/solicitudot?gx-no-cache=1710510822286 HTTP/1.1" 200 297
191.125.166.160 - - [15/Mar/2024:10:56:33 -0300] "GET /cormun/servlet/solicitudot?0cb91f95f7d1322740c18e2f33d36027f73df44c4d4fd239ef3fa5423b1a9e891171da0c46abaab2e9026697b51ae31de253f5bd68ed998b4445e8d58ff6b9f5634e9da5b9864e371cb78a5e0cf3b464ba9a800ee905777b8250d229b63a06ec92bf2009b1e1975a1da66febd1073f24e9b0a494fa8a1a57e6273b9359190a02c820418e662ce98c81c90d1ef8157e181ba513d7c483e3e68ba58d011a0d94992329f55d9525ec75fdea15ea278133d3c9929f48307dc3ca8ae130286892e7d156fdeb6c2918b5ad355ea244d47891f74f53f121e91304707155e45738e947297475d6343d9f594334b8f009dda5b80333d760728603b9f22599d4b9efeb5704475c19fdf18c6448aaa75f6ba2b21f6f63b53d24977e7caf6936ca43590f8685e7c8b1ec5b7639a725d43991506a1739ec13f2a13c1911f4fa5d463f36ba2878a714e973df29304ac166fa58d9267981312971922fbc995cf29c335cf4b30680dd6264bf95a6b215e0d639e0d9712d41f7f034178c248d11ac1dfbee78780cba6f503b972b9b4ec47ff86ebb7707e160,gx-no-cache=1710510822354 HTTP/1.1" 200 30
191.125.166.160 - - [15/Mar/2024:10:56:33 -0300] "POST /cormun/servlet/solicitudot?gx-no-cache=1710510822412 HTTP/1.1" 200 30
191.125.166.160 - - [15/Mar/2024:10:56:33 -0300] "POST /cormun/servlet/solicitudot?gx-no-cache=1710510822485 HTTP/1.1" 200 1468
191.125.166.160 - - [15/Mar/2024:10:56:33 -0300] "POST /cormun/servlet/solicitudot?gx-no-cache=1710510822588 HTTP/1.1" 200 41
191.125.166.160 - - [15/Mar/2024:10:56:41 -0300] "GET /cormun/servlet/solicitudot?0cb91f95f7d1322740c18e2f33d36027845e20846dcb42ce8c53ed8033a49f379474f1aec998cd08f9c7b40a5665f6d1c9073bcff227085a813e967893b1b46405fa5fa8547b5a17f65d8ccfb24193681efcfd51c6b08b07050c5e3f5caf2a239c9ba0be29e4d5f91ad10b7b4b1f6b14,gx-no-cache=1710510830179 HTTP/1.1" 200 110
191.125.166.160 - - [15/Mar/2024:10:56:41 -0300] "POST /cormun/servlet/solicitudot?gx-no-cache=1710510830244 HTTP/1.1" 200 109
191.125.166.160 - - [15/Mar/2024:10:56:41 -0300] "GET /cormun/servlet/solicitudot?0cb91f95f7d1322740c18e2f33d360272069dcebfe2880f7f151eb5203180e346cf36d6acba51eb096624003be895341de36bd262e7bef1846516312a1159e7f9bd6c3a83261a38f55d79c04382c545d7347b4a611dcd37c39f265e087b68cfab042a76c8bf4e14369602c0c8dbe7095,gx-no-cache=1710510830331 HTTP/1.1" 200 29
191.125.166.160 - - [15/Mar/2024:10:56:41 -0300] "GET /cormun/servlet/solicitudot?0cb91f95f7d1322740c18e2f33d360276fbe80d57d3863be9b188a9000f64ecf49218b966e55d3a3b8652d01e7bb83ba,gx-no-cache=1710510830385 HTTP/1.1" 200 30
191.125.166.160 - - [15/Mar/2024:10:56:41 -0300] "POST /cormun/servlet/solicitudot?gx-no-cache=1710510830438 HTTP/1.1" 200 30
191.125.166.160 - - [15/Mar/2024:10:56:41 -0300] "POST /cormun/servlet/solicitudot?4b0f4296741f78181397cacdb183cfc4,UPD,2024,20890,false,,gx-no-cache=1710510830498 HTTP/1.1" 200 93
191.125.166.160 - - [15/Mar/2024:10:56:41 -0300] "GET /cormun/servlet/hpexe_return? HTTP/1.1" 200 1016
191.125.166.160 - - [15/Mar/2024:10:56:41 -0300] "GET /cormun/servlet/trsolicitudot HTTP/1.1" 200 9785
191.125.166.160 - - [15/Mar/2024:10:56:49 -0300] "POST /cormun/servlet/trsolicitudot?4b0f4296741f78181397cacdb183cfc4,gx-no-cache=1710510838455 HTTP/1.1" 200 107
191.125.166.160 - - [15/Mar/2024:10:56:49 -0300] "GET /cormun/servlet/trsolicitudadjuntos?2024,20890, HTTP/1.1" 200 6027
190.171.149.82 - - [15/Mar/2024:10:56:51 -0300] "GET /cormun/servlet/solicitudotadjuntos?INS,2024,20888,,1, HTTP/1.1" 200 5983
190.171.149.82 - - [15/Mar/2024:10:56:51 -0300] "GET /cormun/static/about:blank HTTP/1.1" 404 1011
191.125.166.160 - - [15/Mar/2024:10:56:51 -0300] "GET /cormun/servlet/solicitudotadjuntos?INS,2024,20890,,1, HTTP/1.1" 200 5966
191.125.166.160 - - [15/Mar/2024:10:56:51 -0300] "GET /cormun/static/about:blank HTTP/1.1" 404 1011
190.171.149.82 - - [15/Mar/2024:10:56:51 -0300] "GET /cormun/servlet/solicitudotadjuntos?52899496d8d53d58001ddf2d2e28d669d747933bd5d11496420b7ca822735bfb80c1188ae5ade4bd7082a3cc83697c21,gx-no-cache=1710510841608 HTTP/1.1" 200 30
190.171.149.82 - - [15/Mar/2024:10:56:52 -0300] "POST /cormun/servlet/solicitudotadjuntos?3abc30e2fee264d871191be56fc839d8,INS,2024,20888,,1,,gx-no-cache=1710510841634 HTTP/1.1" 200 3897
191.125.166.160 - - [15/Mar/2024:10:56:52 -0300] "GET /cormun/servlet/solicitudotadjuntos?0cb91f95f7d1322740c18e2f33d36027dd3c197343f7100c75afb9aa6ebb769ba4b5c0ae6ac01d4b90c3ecc371618bec,gx-no-cache=1710510841087 HTTP/1.1" 200 30
191.125.166.160 - - [15/Mar/2024:10:56:52 -0300] "POST /cormun/servlet/solicitudotadjuntos?4b0f4296741f78181397cacdb183cfc4,INS,2024,20890,,1,,gx-no-cache=1710510841263 HTTP/1.1" 200 3874
191.125.166.160 - - [15/Mar/2024:10:56:53 -0300] "POST /cormun/servlet/solicitudotadjuntos?gx-no-cache=1710510842802 HTTP/1.1" 200 26
190.171.149.82 - - [15/Mar/2024:10:56:54 -0300] "POST /cormun/servlet/solicitudotadjuntos?gx-no-cache=1710510844528 HTTP/1.1" 200 26
190.171.149.82 - - [15/Mar/2024:10:57:02 -0300] "GET /cormun/servlet/solicitudotadjuntos?52899496d8d53d58001ddf2d2e28d669938fb610516c46d0039a67f01898ee46,gx-no-cache=1710510851968 HTTP/1.1" 200 30
190.171.149.82 - - [15/Mar/2024:10:57:02 -0300] "GET /cormun/servlet/solicitudotadjuntos?52899496d8d53d58001ddf2d2e28d669938fb610516c46d0039a67f01898ee46,gx-no-cache=1710510851979 HTTP/1.1" 200 30
190.171.149.82 - - [15/Mar/2024:10:57:02 -0300] "POST /cormun/servlet/solicitudotadjuntos?3abc30e2fee264d871191be56fc839d8,INS,2024,20888,,1, HTTP/1.1" 200 116
190.171.149.82 - - [15/Mar/2024:10:57:02 -0300] "GET /cormun/servlet/hpexe_return? HTTP/1.1" 200 1025
190.171.149.82 - - [15/Mar/2024:10:57:02 -0300] "GET /cormun/servlet/trsolicitudadjuntos?2024,20888, HTTP/1.1" 200 8949
190.171.149.82 - - [15/Mar/2024:10:57:04 -0300] "GET /cormun/servlet/solicitudotadjuntos?INS,2024,20888,,1, HTTP/1.1" 200 5983
190.171.149.82 - - [15/Mar/2024:10:57:05 -0300] "GET /cormun/static/about:blank HTTP/1.1" 404 1011
190.171.149.82 - - [15/Mar/2024:10:57:05 -0300] "GET /cormun/servlet/solicitudotadjuntos?52899496d8d53d58001ddf2d2e28d669d747933bd5d11496420b7ca822735bfb80c1188ae5ade4bd7082a3cc83697c21,gx-no-cache=1710510855273 HTTP/1.1" 200 30
190.171.149.82 - - [15/Mar/2024:10:57:05 -0300] "POST /cormun/servlet/solicitudotadjuntos?3abc30e2fee264d871191be56fc839d8,INS,2024,20888,,1,,gx-no-cache=1710510855295 HTTP/1.1" 200 3896
191.125.166.160 - - [15/Mar/2024:10:57:12 -0300] "GET /cormun/servlet/solicitudotadjuntos?0cb91f95f7d1322740c18e2f33d360271ea8a2784e3a0a84e7a69f6c6d5775d6,gx-no-cache=1710510861331 HTTP/1.1" 200 30
191.125.166.160 - - [15/Mar/2024:10:57:12 -0300] "GET /cormun/servlet/solicitudotadjuntos?0cb91f95f7d1322740c18e2f33d360271ea8a2784e3a0a84e7a69f6c6d5775d6,gx-no-cache=1710510861367 HTTP/1.1" 200 30
191.125.166.160 - - [15/Mar/2024:10:57:12 -0300] "POST /cormun/servlet/solicitudotadjuntos?4b0f4296741f78181397cacdb183cfc4,INS,2024,20890,,1, HTTP/1.1" 200 116
191.125.166.160 - - [15/Mar/2024:10:57:12 -0300] "GET /cormun/servlet/hpexe_return? HTTP/1.1" 200 1029
191.125.166.160 - - [15/Mar/2024:10:57:12 -0300] "GET /cormun/servlet/trsolicitudadjuntos?2024,20890, HTTP/1.1" 200 8970
190.171.149.82 - - [15/Mar/2024:10:57:13 -0300] "POST /cormun/servlet/solicitudotadjuntos?gx-no-cache=1710510863337 HTTP/1.1" 200 26
191.125.166.160 - - [15/Mar/2024:10:57:15 -0300] "GET /cormun/servlet/solicitudotadjuntos?INS,2024,20890,,1, HTTP/1.1" 200 5966
191.125.166.160 - - [15/Mar/2024:10:57:15 -0300] "GET /cormun/static/about:blank HTTP/1.1" 404 1011
191.125.166.160 - - [15/Mar/2024:10:57:15 -0300] "GET /cormun/servlet/solicitudotadjuntos?0cb91f95f7d1322740c18e2f33d36027dd3c197343f7100c75afb9aa6ebb769ba4b5c0ae6ac01d4b90c3ecc371618bec,gx-no-cache=1710510864698 HTTP/1.1" 200 30
191.125.166.160 - - [15/Mar/2024:10:57:15 -0300] "POST /cormun/servlet/solicitudotadjuntos?4b0f4296741f78181397cacdb183cfc4,INS,2024,20890,,1,,gx-no-cache=1710510864767 HTTP/1.1" 200 3873
190.171.149.82 - - [15/Mar/2024:10:57:18 -0300] "GET /cormun/servlet/solicitudotadjuntos?52899496d8d53d58001ddf2d2e28d669938fb610516c46d0039a67f01898ee46,gx-no-cache=1710510868296 HTTP/1.1" 200 30
190.171.149.82 - - [15/Mar/2024:10:57:18 -0300] "GET /cormun/servlet/solicitudotadjuntos?52899496d8d53d58001ddf2d2e28d669938fb610516c46d0039a67f01898ee46,gx-no-cache=1710510868308 HTTP/1.1" 200 30
190.171.149.82 - - [15/Mar/2024:10:57:18 -0300] "POST /cormun/servlet/solicitudotadjuntos?3abc30e2fee264d871191be56fc839d8,INS,2024,20888,,1, HTTP/1.1" 200 116
190.171.149.82 - - [15/Mar/2024:10:57:18 -0300] "GET /cormun/servlet/hpexe_return? HTTP/1.1" 200 1025
190.171.149.82 - - [15/Mar/2024:10:57:18 -0300] "GET /cormun/servlet/trsolicitudadjuntos?2024,20888, HTTP/1.1" 200 9179
191.125.166.160 - - [15/Mar/2024:10:57:19 -0300] "POST /cormun/servlet/solicitudotadjuntos?gx-no-cache=1710510868364 HTTP/1.1" 200 26
190.171.149.82 - - [15/Mar/2024:10:57:23 -0300] "GET /cormun/servlet/solicitudotadjuntos?INS,2024,20888,,1, HTTP/1.1" 200 5983
190.171.149.82 - - [15/Mar/2024:10:57:24 -0300] "GET /cormun/static/about:blank HTTP/1.1" 404 1011
190.171.149.82 - - [15/Mar/2024:10:57:24 -0300] "GET /cormun/servlet/solicitudotadjuntos?52899496d8d53d58001ddf2d2e28d669d747933bd5d11496420b7ca822735bfb80c1188ae5ade4bd7082a3cc83697c21,gx-no-cache=1710510874236 HTTP/1.1" 200 30
190.171.149.82 - - [15/Mar/2024:10:57:24 -0300] "POST /cormun/servlet/solicitudotadjuntos?3abc30e2fee264d871191be56fc839d8,INS,2024,20888,,1,,gx-no-cache=1710510874257 HTTP/1.1" 200 3896
190.171.149.82 - - [15/Mar/2024:10:57:28 -0300] "POST /cormun/servlet/solicitudotadjuntos?gx-no-cache=1710510878017 HTTP/1.1" 200 26
190.171.149.82 - - [15/Mar/2024:10:57:32 -0300] "GET /cormun/servlet/solicitudotadjuntos?52899496d8d53d58001ddf2d2e28d669938fb610516c46d0039a67f01898ee46,gx-no-cache=1710510881928 HTTP/1.1" 200 30
190.171.149.82 - - [15/Mar/2024:10:57:32 -0300] "GET /cormun/servlet/solicitudotadjuntos?52899496d8d53d58001ddf2d2e28d669938fb610516c46d0039a67f01898ee46,gx-no-cache=1710510881939 HTTP/1.1" 200 30
190.171.149.82 - - [15/Mar/2024:10:57:32 -0300] "POST /cormun/servlet/solicitudotadjuntos?3abc30e2fee264d871191be56fc839d8,INS,2024,20888,,1, HTTP/1.1" 200 116
190.171.149.82 - - [15/Mar/2024:10:57:32 -0300] "GET /cormun/servlet/hpexe_return? HTTP/1.1" 200 1025
190.171.149.82 - - [15/Mar/2024:10:57:32 -0300] "GET /cormun/servlet/trsolicitudadjuntos?2024,20888, HTTP/1.1" 200 9362
190.171.149.82 - - [15/Mar/2024:10:57:35 -0300] "GET /cormun/servlet/solicitudotadjuntos?INS,2024,20888,,1, HTTP/1.1" 200 5983
190.171.149.82 - - [15/Mar/2024:10:57:35 -0300] "GET /cormun/static/about:blank HTTP/1.1" 404 1011
190.171.149.82 - - [15/Mar/2024:10:57:35 -0300] "GET /cormun/servlet/solicitudotadjuntos?52899496d8d53d58001ddf2d2e28d669d747933bd5d11496420b7ca822735bfb80c1188ae5ade4bd7082a3cc83697c21,gx-no-cache=1710510885659 HTTP/1.1" 200 30
190.171.149.82 - - [15/Mar/2024:10:57:36 -0300] "POST /cormun/servlet/solicitudotadjuntos?3abc30e2fee264d871191be56fc839d8,INS,2024,20888,,1,,gx-no-cache=1710510885681 HTTP/1.1" 200 3896
190.171.149.82 - - [15/Mar/2024:10:57:42 -0300] "POST /cormun/servlet/solicitudotadjuntos?gx-no-cache=1710510892153 HTTP/1.1" 200 26
190.171.149.82 - - [15/Mar/2024:10:57:48 -0300] "GET /cormun/servlet/solicitudotadjuntos?52899496d8d53d58001ddf2d2e28d669938fb610516c46d0039a67f01898ee46,gx-no-cache=1710510898553 HTTP/1.1" 200 30
190.171.149.82 - - [15/Mar/2024:10:57:48 -0300] "GET /cormun/servlet/solicitudotadjuntos?52899496d8d53d58001ddf2d2e28d669938fb610516c46d0039a67f01898ee46,gx-no-cache=1710510898563 HTTP/1.1" 200 30
190.171.149.82 - - [15/Mar/2024:10:57:49 -0300] "POST /cormun/servlet/solicitudotadjuntos?3abc30e2fee264d871191be56fc839d8,INS,2024,20888,,1, HTTP/1.1" 200 116
190.171.149.82 - - [15/Mar/2024:10:57:49 -0300] "GET /cormun/servlet/hpexe_return? HTTP/1.1" 200 1025
190.171.149.82 - - [15/Mar/2024:10:57:49 -0300] "GET /cormun/servlet/trsolicitudadjuntos?2024,20888, HTTP/1.1" 200 9687
