41.186.73.134 - - [15/Mar/2024:12:39:21 -0300] "GET /manager/html HTTP/1.1" 401 2474
41.186.73.134 - - [15/Mar/2024:12:39:22 -0300] "GET /manager/html HTTP/1.1" 401 2474
191.125.21.112 - - [15/Mar/2024:12:40:15 -0300] "GET /cormun/servlet/solicitudot?INS,0,0,false, HTTP/1.1" 200 15895
191.125.21.112 - - [15/Mar/2024:12:40:39 -0300] "POST /cormun/servlet/solicitudot?gx-no-cache=1710517067895 HTTP/1.1" 200 4022
191.125.21.112 - - [15/Mar/2024:12:40:39 -0300] "POST /cormun/servlet/solicitudot?4b0f4296741f78181397cacdb183cfc4,INS,0,0,false,,gx-no-cache=1710517068151 HTTP/1.1" 200 12589
191.125.21.112 - - [15/Mar/2024:12:40:41 -0300] "GET /cormun/servlet/solicitudot?0cb91f95f7d1322740c18e2f33d36027a2aa6b7c39febe162b4b66147ce889cb4be8bee9b379f1b2652724380db64dc5,gx-no-cache=1710517069841 HTTP/1.1" 200 111
191.125.21.112 - - [15/Mar/2024:12:40:41 -0300] "GET /cormun/static/Shared/jqueryui/images/ui-bg_highlight-soft_100_c6c2c8_1x100.png HTTP/1.1" 404 1117
191.125.21.112 - - [15/Mar/2024:12:40:41 -0300] "GET /cormun/static/Shared/jqueryui/images/ui-bg_flat_55_994d53_40x100.png HTTP/1.1" 404 1097
191.125.21.112 - - [15/Mar/2024:12:40:41 -0300] "GET /cormun/static/Shared/jqueryui/images/ui-icons_82798d_256x240.png HTTP/1.1" 404 1089
191.125.166.160 - - [15/Mar/2024:12:40:41 -0300] "GET /cormun/static/Shared/jqueryui/images/ui-icons_ebccce_256x240.png HTTP/1.1" 404 1089
190.171.141.106 - - [15/Mar/2024:12:40:50 -0300] "GET /cormun/servlet/hlogin HTTP/1.1" 200 1726
190.171.141.106 - - [15/Mar/2024:12:40:52 -0300] "GET /cormun/servlet/hlogin HTTP/1.1" 200 1736
191.125.166.160 - - [15/Mar/2024:12:40:57 -0300] "POST /cormun/servlet/solicitudot?gx-no-cache=1710517085780 HTTP/1.1" 200 4153
191.125.166.160 - - [15/Mar/2024:12:40:57 -0300] "POST /cormun/servlet/solicitudot?4b0f4296741f78181397cacdb183cfc4,INS,0,0,false,,gx-no-cache=1710517085990 HTTP/1.1" 200 12753
191.125.166.160 - - [15/Mar/2024:12:40:57 -0300] "GET /cormun/servlet/solicitudot?0cb91f95f7d1322740c18e2f33d36027f8b212f55ec3d84a6bf47b0be0d5196f4be8bee9b379f1b2652724380db64dc5,gx-no-cache=1710517086181 HTTP/1.1" 200 30
190.171.141.106 - - [15/Mar/2024:12:40:57 -0300] "POST /cormun/servlet/hlogin?3756413b18ac6f2966df10bde4d7458e,gx-no-cache=1710517087802 HTTP/1.1" 200 90
190.171.141.106 - - [15/Mar/2024:12:40:57 -0300] "GET /cormun/servlet/hpexe_link HTTP/1.1" 200 957
190.171.141.106 - - [15/Mar/2024:12:40:57 -0300] "GET /cormun/servlet/hhome HTTP/1.1" 200 4271
191.125.166.160 - - [15/Mar/2024:12:41:02 -0300] "GET /cormun/servlet/solicitudot?0cb91f95f7d1322740c18e2f33d36027aba73fdb9cb403502964b6b8cb00f1b321b057a49fc2e4abb18aa04d2d4164d05b594ae27f9dfad8dd826e5bbfae6c36,gx-no-cache=1710517091061 HTTP/1.1" 200 30
191.125.166.160 - - [15/Mar/2024:12:41:02 -0300] "GET /cormun/servlet/solicitudot?0cb91f95f7d1322740c18e2f33d36027299940294b0f34b78542f72526c81157,gx-no-cache=1710517091158 HTTP/1.1" 200 53
191.125.166.160 - - [15/Mar/2024:12:41:02 -0300] "POST /cormun/servlet/solicitudot?gx-no-cache=1710517091209 HTTP/1.1" 200 256
191.125.166.160 - - [15/Mar/2024:12:41:02 -0300] "GET /cormun/servlet/solicitudot?0cb91f95f7d1322740c18e2f33d36027f73df44c4d4fd239ef3fa5423b1a9e897c8a01f924033362ae477176e316913ce253f5bd68ed998b4445e8d58ff6b9f5634e9da5b9864e371cb78a5e0cf3b464ba9a800ee905777b8250d229b63a06ec92bf2009b1e1975a1da66febd1073f24e9b0a494fa8a1a57e6273b9359190a02c820418e662ce98c81c90d1ef8157e181ba513d7c483e3e68ba58d011a0d94992329f55d9525ec75fdea15ea278133d3c9929f48307dc3ca8ae130286892e7d156fdeb6c2918b5ad355ea244d47891f74f53f121e91304707155e45738e947297475d6343d9f594334b8f009dda5b80333d760728603b9f22599d4b9efeb5704475c19fdf18c6448aaa75f6ba2b21f6f63b53d24977e7caf6936ca43590f8685e7c8b1ec5b7639a725d43991506a1739ec13f2a13c1911f4fa5d463f36ba2878a9665814427da0072e9d1f2ebab8ebc01863e4bcdc0a8d91b1934d4d17968dd4226f1359c23e9835c3f9efdfcf8ab1d56e1f90cf10346cc9661ae9df05e4e822,gx-no-cache=1710517091277 HTTP/1.1" 200 30
190.171.141.106 - - [15/Mar/2024:12:41:03 -0300] "GET /cormun/servlet/trlicencias? HTTP/1.1" 200 11002
191.125.166.160 - - [15/Mar/2024:12:41:06 -0300] "POST /cormun/servlet/solicitudot?gx-no-cache=1710517095014 HTTP/1.1" 200 30
191.125.166.160 - - [15/Mar/2024:12:41:10 -0300] "POST /cormun/servlet/solicitudot?gx-no-cache=1710517099109 HTTP/1.1" 200 1468
191.125.166.160 - - [15/Mar/2024:12:41:10 -0300] "POST /cormun/servlet/solicitudot?gx-no-cache=1710517099206 HTTP/1.1" 200 38
191.125.21.112 - - [15/Mar/2024:12:41:55 -0300] "GET /cormun/servlet/solicitudot?0cb91f95f7d1322740c18e2f33d36027845e20846dcb42ce8c53ed8033a49f379474f1aec998cd08f9c7b40a5665f6d1c9073bcff227085a813e967893b1b46405fa5fa8547b5a17f65d8ccfb24193681efcfd51c6b08b07050c5e3f5caf2a239c9ba0be29e4d5f91ad10b7b4b1f6b14,gx-no-cache=1710517144299 HTTP/1.1" 200 110
191.125.21.112 - - [15/Mar/2024:12:42:03 -0300] "POST /cormun/servlet/solicitudot?gx-no-cache=1710517152391 HTTP/1.1" 200 64
190.171.153.26 - - [15/Mar/2024:12:42:19 -0300] "GET /cormun/servlet/hlogin HTTP/1.1" 200 1741
191.125.166.160 - - [15/Mar/2024:12:42:36 -0300] "GET /cormun/servlet/solicitudot?0cb91f95f7d1322740c18e2f33d360279787cb1a60440e6282a6ed16bbb06210ee95e2f8d4b81e0a8647134f7c1fcb219cd64fabb1212c137228ece078c3cd6a81e21d8634a47a310dd6d893f9f3cc0698095a4266a87a48217008f1804c66959e57788de9dd0467c06dca9a586966e2,gx-no-cache=1710517185390 HTTP/1.1" 200 29
191.125.166.160 - - [15/Mar/2024:12:42:36 -0300] "GET /cormun/static/menuarrow.gif HTTP/1.1" 404 1015
191.125.166.160 - - [15/Mar/2024:12:42:39 -0300] "GET /cormun/servlet/solicitudot?0cb91f95f7d1322740c18e2f33d360276fbe80d57d3863be9b188a9000f64ecf49218b966e55d3a3b8652d01e7bb83ba,gx-no-cache=1710517188052 HTTP/1.1" 200 30
191.125.166.160 - - [15/Mar/2024:12:43:00 -0300] "POST /cormun/servlet/solicitudot?gx-no-cache=1710517209192 HTTP/1.1" 200 30
191.125.166.160 - - [15/Mar/2024:12:43:00 -0300] "POST /cormun/servlet/solicitudot?4b0f4296741f78181397cacdb183cfc4,INS,0,0,false,,gx-no-cache=1710517209324 HTTP/1.1" 200 93
191.125.166.160 - - [15/Mar/2024:12:43:00 -0300] "GET /cormun/servlet/hpexe_return? HTTP/1.1" 200 1011
191.125.166.160 - - [15/Mar/2024:12:43:01 -0300] "GET /cormun/servlet/trsolicitudot HTTP/1.1" 200 11719
191.125.166.160 - - [15/Mar/2024:12:43:04 -0300] "POST /cormun/servlet/trsolicitudot?4b0f4296741f78181397cacdb183cfc4,gx-no-cache=1710517213448 HTTP/1.1" 200 106
191.125.166.160 - - [15/Mar/2024:12:43:04 -0300] "GET /cormun/servlet/trsolicitudadjuntos?2024,20902, HTTP/1.1" 200 6024
191.125.166.160 - - [15/Mar/2024:12:43:07 -0300] "GET /cormun/servlet/solicitudotadjuntos?INS,2024,20902,,1, HTTP/1.1" 200 5966
191.125.166.160 - - [15/Mar/2024:12:43:07 -0300] "GET /cormun/static/about:blank HTTP/1.1" 404 1011
191.125.166.160 - - [15/Mar/2024:12:43:08 -0300] "GET /cormun/servlet/solicitudotadjuntos?0cb91f95f7d1322740c18e2f33d36027a6f3e6e1ba713ed477b71d6ae8124369a4b5c0ae6ac01d4b90c3ecc371618bec,gx-no-cache=1710517217096 HTTP/1.1" 200 30
191.125.166.160 - - [15/Mar/2024:12:43:08 -0300] "POST /cormun/servlet/solicitudotadjuntos?4b0f4296741f78181397cacdb183cfc4,INS,2024,20902,,1,,gx-no-cache=1710517217148 HTTP/1.1" 200 3874
191.125.166.160 - - [15/Mar/2024:12:43:12 -0300] "POST /cormun/servlet/solicitudotadjuntos?gx-no-cache=1710517221811 HTTP/1.1" 200 26
190.171.152.242 - - [15/Mar/2024:12:44:36 -0300] "GET /cormun/servlet/hlogin HTTP/1.1" 200 1732
190.171.153.26 - - [15/Mar/2024:12:48:02 -0300] "GET /cormun/servlet/trpermisosgoce? HTTP/1.1" 200 6027
190.171.153.26 - - [15/Mar/2024:12:48:03 -0300] "GET /cormun/servlet/trpermisosgoce? HTTP/1.1" 200 6025
190.171.153.26 - - [15/Mar/2024:12:48:03 -0300] "GET /cormun/servlet/hlogin HTTP/1.1" 200 1735
190.171.153.26 - - [15/Mar/2024:12:48:11 -0300] "POST /cormun/servlet/hlogin?2d2f8537ff2e27676242ea2ce5b51364,gx-no-cache=1710517526871 HTTP/1.1" 200 90
190.171.153.26 - - [15/Mar/2024:12:48:11 -0300] "GET /cormun/servlet/hpexe_link HTTP/1.1" 200 952
190.171.153.26 - - [15/Mar/2024:12:48:11 -0300] "GET /cormun/servlet/trpermisosgoce HTTP/1.1" 200 6686
190.171.153.26 - - [15/Mar/2024:12:48:12 -0300] "GET /cormun/servlet/trpermisosgoce HTTP/1.1" 200 6684
190.171.153.26 - - [15/Mar/2024:12:48:15 -0300] "GET /cormun/servlet/trpermisosgoce? HTTP/1.1" 200 6684
190.171.153.26 - - [15/Mar/2024:12:48:15 -0300] "GET /cormun/servlet/trpermisosgoce? HTTP/1.1" 200 6684
190.171.153.26 - - [15/Mar/2024:12:48:20 -0300] "GET /cormun/servlet/permisogoce?INS,0,,, HTTP/1.1" 200 6829
190.171.153.26 - - [15/Mar/2024:12:48:21 -0300] "GET /cormun/servlet/permisogoce?INS,0,,, HTTP/1.1" 200 6828
190.171.153.26 - - [15/Mar/2024:12:48:29 -0300] "GET /cormun/servlet/permisogoce?b80ee0e9a6d080b393cb9ab54ed53b81b3dab5ad72c416c6d41bb39c00b7082ad54ae73f73bbfd7d6b2bcfebdf74e51f845181abcd7bc67c9634bb77a0e44885,gx-no-cache=1710517544982 HTTP/1.1" 200 179
190.171.153.26 - - [15/Mar/2024:12:48:29 -0300] "GET /cormun/static/Shared/jqueryui/images/ui-icons_82798d_256x240.png HTTP/1.1" 404 1089
190.171.153.26 - - [15/Mar/2024:12:48:29 -0300] "GET /cormun/static/Shared/jqueryui/images/ui-bg_flat_55_994d53_40x100.png HTTP/1.1" 404 1097
190.171.153.26 - - [15/Mar/2024:12:48:29 -0300] "GET /cormun/static/Shared/jqueryui/images/ui-bg_highlight-soft_100_c6c2c8_1x100.png HTTP/1.1" 404 1117
190.171.153.26 - - [15/Mar/2024:12:48:29 -0300] "GET /cormun/static/Shared/jqueryui/images/ui-icons_ebccce_256x240.png HTTP/1.1" 404 1089
190.171.153.26 - - [15/Mar/2024:12:48:41 -0300] "POST /cormun/servlet/permisogoce?2d2f8537ff2e27676242ea2ce5b51364,INS,0,,,,gx-no-cache=1710517557021 HTTP/1.1" 200 93
190.171.153.26 - - [15/Mar/2024:12:48:41 -0300] "GET /cormun/servlet/hpexe_return? HTTP/1.1" 200 1005
190.171.153.26 - - [15/Mar/2024:12:48:41 -0300] "GET /cormun/servlet/trpermisosgoce HTTP/1.1" 200 6688
190.171.153.26 - - [15/Mar/2024:12:48:42 -0300] "GET /cormun/servlet/trpermisosgoce HTTP/1.1" 200 6684
190.171.153.26 - - [15/Mar/2024:12:48:44 -0300] "GET /cormun/servlet/trlicencias? HTTP/1.1" 200 9141
190.171.153.26 - - [15/Mar/2024:12:48:44 -0300] "GET /cormun/servlet/trlicencias? HTTP/1.1" 200 9140
41.186.73.134 - - [15/Mar/2024:12:50:02 -0300] "GET /manager/html HTTP/1.1" 401 2474
41.186.73.134 - - [15/Mar/2024:12:50:02 -0300] "GET /manager/html HTTP/1.1" 401 2474
191.125.166.160 - - [15/Mar/2024:12:55:17 -0300] "GET /cormun/servlet/trsolicitudot? HTTP/1.1" 200 11727
190.95.15.15 - - [15/Mar/2024:12:55:17 -0300] "GET /cormun/servlet/trlicencias HTTP/1.1" 200 6048
190.95.15.15 - - [15/Mar/2024:12:55:17 -0300] "GET /cormun/servlet/hlogin HTTP/1.1" 200 1737
191.125.166.160 - - [15/Mar/2024:12:55:26 -0300] "GET /cormun/static/menuarrow.gif HTTP/1.1" 404 1015
190.95.15.15 - - [15/Mar/2024:12:55:29 -0300] "POST /cormun/servlet/hlogin?22664e3d126fba0dc5b3681689325dd2,gx-no-cache=1710517960173 HTTP/1.1" 200 90
190.95.15.15 - - [15/Mar/2024:12:55:29 -0300] "GET /cormun/servlet/hpexe_link HTTP/1.1" 200 956
190.95.15.15 - - [15/Mar/2024:12:55:29 -0300] "GET /cormun/servlet/trlicencias HTTP/1.1" 200 9020
190.171.142.42 - - [15/Mar/2024:12:55:45 -0300] "GET /cormun/servlet/hlogin HTTP/1.1" 200 1722
190.171.142.42 - - [15/Mar/2024:12:55:45 -0300] "GET /cormun/servlet/hlogin HTTP/1.1" 200 1732
190.171.142.42 - - [15/Mar/2024:12:55:54 -0300] "POST /cormun/servlet/hlogin?3e2caeaea4a41adcf9f3a68253c3f19e,gx-no-cache=1710517984322 HTTP/1.1" 200 90
190.171.142.42 - - [15/Mar/2024:12:55:54 -0300] "GET /cormun/servlet/hpexe_link HTTP/1.1" 200 953
190.171.142.42 - - [15/Mar/2024:12:55:54 -0300] "GET /cormun/servlet/hhome HTTP/1.1" 200 4271
190.171.142.42 - - [15/Mar/2024:12:55:56 -0300] "GET /cormun/servlet/trlicencias? HTTP/1.1" 200 9713
191.125.21.112 - - [15/Mar/2024:12:56:04 -0300] "GET /cormun/servlet/solicitudot?INS,0,0,false, HTTP/1.1" 200 15895
191.125.21.112 - - [15/Mar/2024:12:56:19 -0300] "POST /cormun/servlet/solicitudot?gx-no-cache=1710518008186 HTTP/1.1" 200 4031
191.125.21.112 - - [15/Mar/2024:12:56:19 -0300] "POST /cormun/servlet/solicitudot?4b0f4296741f78181397cacdb183cfc4,INS,0,0,false,,gx-no-cache=1710518008461 HTTP/1.1" 200 12594
191.125.21.112 - - [15/Mar/2024:12:56:30 -0300] "GET /cormun/servlet/solicitudot?0cb91f95f7d1322740c18e2f33d36027039541c6a7bb56249ef255518cd24b124be8bee9b379f1b2652724380db64dc5,gx-no-cache=1710518019816 HTTP/1.1" 200 30
152.230.42.226 - - [15/Mar/2024:12:57:12 -0300] "GET /cormun/servlet/trcontratounov2? HTTP/1.1" 200 5912
152.230.42.226 - - [15/Mar/2024:12:57:14 -0300] "GET /cormun/servlet/hlogin HTTP/1.1" 200 1739
152.230.42.226 - - [15/Mar/2024:12:57:14 -0300] "GET /cormun/servlet/trcontratounov2? HTTP/1.1" 200 5921
152.230.42.226 - - [15/Mar/2024:12:57:34 -0300] "POST /cormun/servlet/hlogin?f8827ac109af7cd026172e740a25433e,gx-no-cache=1710518083817 HTTP/1.1" 200 90
152.230.42.226 - - [15/Mar/2024:12:57:35 -0300] "GET /cormun/servlet/hpexe_link HTTP/1.1" 200 958
152.230.42.226 - - [15/Mar/2024:12:57:36 -0300] "GET /cormun/servlet/trcontratounov2 HTTP/1.1" 200 11745
191.125.166.160 - - [15/Mar/2024:12:57:45 -0300] "GET /cormun/servlet/solicitudot?0cb91f95f7d1322740c18e2f33d36027dc1140abe119462aa4f45d5eed6a3725465fbcc8e8f6171c0c484c8582ab152828e84363185a388ab186c0380ab063f5,gx-no-cache=1710518093918 HTTP/1.1" 200 30
152.230.42.226 - - [15/Mar/2024:12:57:45 -0300] "GET /cormun/servlet/trsolicitudot? HTTP/1.1" 200 7553
191.125.166.160 - - [15/Mar/2024:12:57:47 -0300] "GET /cormun/servlet/solicitudot?0cb91f95f7d1322740c18e2f33d36027299940294b0f34b78542f72526c81157,gx-no-cache=1710518095928 HTTP/1.1" 200 53
190.171.141.106 - - [15/Mar/2024:12:57:51 -0300] "WSïãfåi£…]À"+WÒ×R&}g»ªÁá!]Lß(‘è ‹è#þ|¤8Ùp (}ïÐãaà —ÝI@vWx$pZú ªªÀ+À/À,À0̨̩ÀÀœ/5ꊊþ ï yÉgïánMaм\wÔøwǶÂö@(ný+[ÒÈôŠ‘oðóAò$âÉ¢l¸Â~_äùØÆ£ORºƒ" 505 -
190.171.141.106 - - [15/Mar/2024:12:57:51 -0300] "WS‡áœ‰¯ƒ[«l Šù$Y®£¿}-}Lš®RôK fvF­ MÖ!£k]IÑ·â´8O ]7ÂFP ššÀ+À/À,À0̨̩ÀÀœ/5ê" 505 -
190.171.141.106 - - [15/Mar/2024:12:57:51 -0300] "GET /cormun/servlet/hlogin HTTP/1.1" 200 1723
190.171.141.106 - - [15/Mar/2024:12:57:52 -0300] "GET /cormun/static/gxtimezone.js?85251 HTTP/1.1" 200 5781
190.171.141.106 - - [15/Mar/2024:12:57:52 -0300] "GET /cormun/static/gxcfg.js?2022112219184450 HTTP/1.1" 200 953
190.171.141.106 - - [15/Mar/2024:12:57:52 -0300] "GET /cormun/static/Resources/CormunLogin.png HTTP/1.1" 200 19132
190.171.141.106 - - [15/Mar/2024:12:57:52 -0300] "GET /cormun/static/messages.spa.js?85251 HTTP/1.1" 200 30736
190.171.141.106 - - [15/Mar/2024:12:57:52 -0300] "GET /cormun/static/Resources/Spanish/PXTools.css?1759030 HTTP/1.1" 200 100853
190.171.141.106 - - [15/Mar/2024:12:57:52 -0300] "GET /cormun/static/hlogin.js?2022112219184458 HTTP/1.1" 200 2156
190.171.141.106 - - [15/Mar/2024:12:57:52 -0300] "GET /cormun/static/gxgral.js?85251 HTTP/1.1" 200 384558
190.171.141.106 - - [15/Mar/2024:12:57:52 -0300] "GET /cormun/static/Resources/PXToolsLoginBackground.png HTTP/1.1" 200 1164
190.171.141.106 - - [15/Mar/2024:12:57:52 -0300] "GET /cormun/static/Resources/PXToolsLoginTop.png HTTP/1.1" 200 1337
190.171.141.106 - - [15/Mar/2024:12:57:52 -0300] "GET /cormun/static/Resources/PXToolsLoginBottom.png HTTP/1.1" 200 1389
190.171.141.106 - - [15/Mar/2024:12:57:52 -0300] "GET /cormun/static/Resources/PXToolsButtonBackground.png HTTP/1.1" 200 1176
190.171.141.106 - - [15/Mar/2024:12:57:52 -0300] "GET /cormun/static/Resources/PXToolsButtonRight.png HTTP/1.1" 200 1294
190.171.141.106 - - [15/Mar/2024:12:57:52 -0300] "GET /cormun/static/Resources/PXToolsButtonLeft.png HTTP/1.1" 200 1310
190.171.141.106 - - [15/Mar/2024:12:57:52 -0300] "GET /cormun/static/Resources/indicator.gif HTTP/1.1" 200 1553
190.171.141.106 - - [15/Mar/2024:12:57:52 -0300] "GET /cormun/servlet/hlogin HTTP/1.1" 200 1733
190.171.141.106 - - [15/Mar/2024:12:57:52 -0300] "GET /favicon.ico HTTP/1.1" 200 21630
191.125.166.160 - - [15/Mar/2024:12:57:58 -0300] "POST /cormun/servlet/solicitudot?gx-no-cache=1710518107081 HTTP/1.1" 200 297
191.125.166.160 - - [15/Mar/2024:12:57:58 -0300] "GET /cormun/servlet/solicitudot?0cb91f95f7d1322740c18e2f33d36027f73df44c4d4fd239ef3fa5423b1a9e891171da0c46abaab2e9026697b51ae31de253f5bd68ed998b4445e8d58ff6b9f5634e9da5b9864e371cb78a5e0cf3b464ba9a800ee905777b8250d229b63a06ec92bf2009b1e1975a1da66febd1073f24e9b0a494fa8a1a57e6273b9359190a02c820418e662ce98c81c90d1ef8157e181ba513d7c483e3e68ba58d011a0d94992329f55d9525ec75fdea15ea278133d3c9929f48307dc3ca8ae130286892e7d156fdeb6c2918b5ad355ea244d47891f74f53f121e91304707155e45738e947297475d6343d9f594334b8f009dda5b80333d760728603b9f22599d4b9efeb5704475c19fdf18c6448aaa75f6ba2b21f6f63b53d24977e7caf6936ca43590f8685e7c8b1ec5b7639a725d43991506a1739ec13f2a13c1911f4fa5d463f36ba2878a714e973df29304ac166fa58d9267981312971922fbc995cf29c335cf4b30680dd6264bf95a6b215e0d639e0d9712d419b3151cdd0dd00be90e925bb45528d476f503b972b9b4ec47ff86ebb7707e160,gx-no-cache=1710518107178 HTTP/1.1" 200 30
191.125.166.160 - - [15/Mar/2024:12:57:58 -0300] "POST /cormun/servlet/solicitudot?gx-no-cache=1710518107232 HTTP/1.1" 200 30
191.125.166.160 - - [15/Mar/2024:12:57:58 -0300] "POST /cormun/servlet/solicitudot?gx-no-cache=1710518107293 HTTP/1.1" 200 1467
191.125.166.160 - - [15/Mar/2024:12:57:58 -0300] "POST /cormun/servlet/solicitudot?gx-no-cache=1710518107386 HTTP/1.1" 200 38
152.230.42.226 - - [15/Mar/2024:12:57:59 -0300] "GET /cormun/servlet/trsolicitudot? HTTP/1.1" 200 7552
152.230.42.226 - - [15/Mar/2024:12:58:26 -0300] "GET /cormun/servlet/trsolicitudot? HTTP/1.1" 200 7552
191.125.21.112 - - [15/Mar/2024:12:58:29 -0300] "GET /cormun/servlet/solicitudot?0cb91f95f7d1322740c18e2f33d36027845e20846dcb42ce8c53ed8033a49f379474f1aec998cd08f9c7b40a5665f6d1c9073bcff227085a813e967893b1b46405fa5fa8547b5a17f65d8ccfb24193681efcfd51c6b08b07050c5e3f5caf2a239c9ba0be29e4d5f91ad10b7b4b1f6b14,gx-no-cache=1710518138094 HTTP/1.1" 200 110
191.125.21.112 - - [15/Mar/2024:12:58:29 -0300] "POST /cormun/servlet/solicitudot?gx-no-cache=1710518138202 HTTP/1.1" 200 64
191.125.21.112 - - [15/Mar/2024:12:58:36 -0300] "GET /cormun/servlet/solicitudot?0cb91f95f7d1322740c18e2f33d360279787cb1a60440e6282a6ed16bbb06210ee95e2f8d4b81e0a8647134f7c1fcb219cd64fabb1212c137228ece078c3cd6a81e21d8634a47a310dd6d893f9f3cc0698095a4266a87a48217008f1804c66959e57788de9dd0467c06dca9a586966e2,gx-no-cache=1710518145086 HTTP/1.1" 200 29
191.125.21.112 - - [15/Mar/2024:12:58:39 -0300] "GET /cormun/servlet/solicitudot?0cb91f95f7d1322740c18e2f33d360276fbe80d57d3863be9b188a9000f64ecf49218b966e55d3a3b8652d01e7bb83ba,gx-no-cache=1710518147925 HTTP/1.1" 200 30
152.230.42.226 - - [15/Mar/2024:12:58:51 -0300] "POST /cormun/servlet/trsolicitudot?f8827ac109af7cd026172e740a25433e,,gx-no-cache=1710518160555 HTTP/1.1" 200 6055
152.230.42.226 - - [15/Mar/2024:12:58:58 -0300] "POST /cormun/servlet/trsolicitudot?f8827ac109af7cd026172e740a25433e,,gx-no-cache=1710518168139 HTTP/1.1" 200 6032
191.125.21.112 - - [15/Mar/2024:12:59:03 -0300] "POST /cormun/servlet/solicitudot?gx-no-cache=1710518172664 HTTP/1.1" 200 30
191.125.21.112 - - [15/Mar/2024:12:59:04 -0300] "POST /cormun/servlet/solicitudot?4b0f4296741f78181397cacdb183cfc4,INS,0,0,false,,gx-no-cache=1710518172760 HTTP/1.1" 200 93
191.125.21.112 - - [15/Mar/2024:12:59:04 -0300] "GET /cormun/servlet/hpexe_return? HTTP/1.1" 200 1011
191.125.21.112 - - [15/Mar/2024:12:59:04 -0300] "GET /cormun/servlet/trsolicitudot HTTP/1.1" 200 12130
191.125.21.112 - - [15/Mar/2024:12:59:06 -0300] "POST /cormun/servlet/trsolicitudot?4b0f4296741f78181397cacdb183cfc4,gx-no-cache=1710518175665 HTTP/1.1" 200 107
191.125.21.112 - - [15/Mar/2024:12:59:06 -0300] "GET /cormun/servlet/trsolicitudadjuntos?2024,20903, HTTP/1.1" 200 6026
191.125.21.112 - - [15/Mar/2024:12:59:09 -0300] "GET /cormun/servlet/solicitudotadjuntos?INS,2024,20903,,1, HTTP/1.1" 200 5964
191.125.21.112 - - [15/Mar/2024:12:59:09 -0300] "GET /cormun/static/about:blank HTTP/1.1" 404 1011
191.125.21.112 - - [15/Mar/2024:12:59:09 -0300] "GET /cormun/servlet/solicitudotadjuntos?0cb91f95f7d1322740c18e2f33d36027979897d45b82d4d0fc643ebe902ffc3da4b5c0ae6ac01d4b90c3ecc371618bec,gx-no-cache=1710518178750 HTTP/1.1" 200 30
191.125.21.112 - - [15/Mar/2024:12:59:10 -0300] "POST /cormun/servlet/solicitudotadjuntos?4b0f4296741f78181397cacdb183cfc4,INS,2024,20903,,1,,gx-no-cache=1710518178814 HTTP/1.1" 200 3873
190.171.149.90 - - [15/Mar/2024:12:59:10 -0300] "GET /cormun/servlet/solicitudotadjuntos?61e317ba8dc78e7079367b1b21f80da195b1ce1ddd003591387e46e1fd0377e3,gx-no-cache=1710518181322 HTTP/1.1" 440 972
191.125.21.112 - - [15/Mar/2024:12:59:11 -0300] "POST /cormun/servlet/solicitudotadjuntos?gx-no-cache=1710518180460 HTTP/1.1" 200 26
190.171.149.90 - - [15/Mar/2024:12:59:12 -0300] "GET /cormun/servlet/solicitudotadjuntos?61e317ba8dc78e7079367b1b21f80da195b1ce1ddd003591387e46e1fd0377e3,gx-no-cache=1710518183018 HTTP/1.1" 440 972
190.171.149.90 - - [15/Mar/2024:12:59:12 -0300] "GET /cormun/servlet/solicitudotadjuntos?INS,2024,20897,,1, HTTP/1.1" 200 5223
152.230.42.226 - - [15/Mar/2024:12:59:15 -0300] "POST /cormun/servlet/trsolicitudot?f8827ac109af7cd026172e740a25433e,,gx-no-cache=1710518184298 HTTP/1.1" 200 8473
190.171.149.90 - - [15/Mar/2024:12:59:17 -0300] "POST /cormun/servlet/solicitudotadjuntos?2a6aa13df5ed1d85d1a51a691d951eb0,INS,2024,20897,,1, HTTP/1.1" 440 972
190.171.149.90 - - [15/Mar/2024:12:59:17 -0300] "GET /cormun/servlet/solicitudotadjuntos?INS,2024,20897,,1, HTTP/1.1" 200 5223
190.171.149.90 - - [15/Mar/2024:12:59:17 -0300] "GET /cormun/static/about:blank HTTP/1.1" 404 1011
190.171.149.90 - - [15/Mar/2024:12:59:18 -0300] "GET /cormun/servlet/hlogin HTTP/1.1" 200 1762
191.125.21.112 - - [15/Mar/2024:12:59:24 -0300] "GET /cormun/servlet/solicitudotadjuntos?0cb91f95f7d1322740c18e2f33d360271ea8a2784e3a0a84e7a69f6c6d5775d6,gx-no-cache=1710518193614 HTTP/1.1" 200 30
191.125.21.112 - - [15/Mar/2024:12:59:24 -0300] "GET /cormun/servlet/solicitudotadjuntos?0cb91f95f7d1322740c18e2f33d360271ea8a2784e3a0a84e7a69f6c6d5775d6,gx-no-cache=1710518193667 HTTP/1.1" 200 30
191.125.21.112 - - [15/Mar/2024:12:59:25 -0300] "POST /cormun/servlet/solicitudotadjuntos?4b0f4296741f78181397cacdb183cfc4,INS,2024,20903,,1, HTTP/1.1" 200 116
191.125.21.112 - - [15/Mar/2024:12:59:25 -0300] "GET /cormun/servlet/hpexe_return? HTTP/1.1" 200 1029
191.125.21.112 - - [15/Mar/2024:12:59:25 -0300] "GET /cormun/servlet/trsolicitudadjuntos?2024,20903, HTTP/1.1" 200 8968
191.125.21.112 - - [15/Mar/2024:12:59:27 -0300] "GET /cormun/servlet/solicitudotadjuntos?INS,2024,20903,,1, HTTP/1.1" 200 5964
191.125.21.112 - - [15/Mar/2024:12:59:28 -0300] "GET /cormun/static/about:blank HTTP/1.1" 404 1011
191.125.21.112 - - [15/Mar/2024:12:59:28 -0300] "GET /cormun/servlet/solicitudotadjuntos?0cb91f95f7d1322740c18e2f33d36027979897d45b82d4d0fc643ebe902ffc3da4b5c0ae6ac01d4b90c3ecc371618bec,gx-no-cache=1710518197367 HTTP/1.1" 200 30
191.125.21.112 - - [15/Mar/2024:12:59:28 -0300] "POST /cormun/servlet/solicitudotadjuntos?4b0f4296741f78181397cacdb183cfc4,INS,2024,20903,,1,,gx-no-cache=1710518197436 HTTP/1.1" 200 3873
191.125.21.112 - - [15/Mar/2024:12:59:32 -0300] "POST /cormun/servlet/solicitudotadjuntos?gx-no-cache=1710518201630 HTTP/1.1" 200 26
191.125.21.112 - - [15/Mar/2024:12:59:41 -0300] "GET /cormun/servlet/solicitudotadjuntos?0cb91f95f7d1322740c18e2f33d360271ea8a2784e3a0a84e7a69f6c6d5775d6,gx-no-cache=1710518209886 HTTP/1.1" 200 30
191.125.21.112 - - [15/Mar/2024:12:59:41 -0300] "GET /cormun/servlet/solicitudotadjuntos?0cb91f95f7d1322740c18e2f33d360271ea8a2784e3a0a84e7a69f6c6d5775d6,gx-no-cache=1710518209932 HTTP/1.1" 200 30
191.125.21.112 - - [15/Mar/2024:12:59:41 -0300] "POST /cormun/servlet/solicitudotadjuntos?4b0f4296741f78181397cacdb183cfc4,INS,2024,20903,,1, HTTP/1.1" 200 6194
191.125.21.112 - - [15/Mar/2024:12:59:41 -0300] "GET /cormun/static/Shared/jqueryui/images/ui-bg_highlight-soft_100_c6c2c8_1x100.png HTTP/1.1" 404 1117
191.125.166.160 - - [15/Mar/2024:12:59:41 -0300] "GET /cormun/static/Shared/jqueryui/images/ui-icons_82798d_256x240.png HTTP/1.1" 404 1089
191.125.166.160 - - [15/Mar/2024:12:59:41 -0300] "GET /cormun/static/Shared/jqueryui/images/ui-icons_ebccce_256x240.png HTTP/1.1" 404 1089
191.125.21.112 - - [15/Mar/2024:12:59:41 -0300] "GET /cormun/static/Shared/jqueryui/images/ui-bg_flat_55_994d53_40x100.png HTTP/1.1" 404 1097
191.125.166.160 - - [15/Mar/2024:12:59:41 -0300] "GET /cormun/PrivateTempStorage/upload_00008994.jpg HTTP/1.1" 200 262331
191.125.166.160 - - [15/Mar/2024:12:59:49 -0300] "POST /cormun/servlet/solicitudotadjuntos?gx-no-cache=1710518218302 HTTP/1.1" 200 26
191.125.166.160 - - [15/Mar/2024:12:59:54 -0300] "GET /cormun/servlet/trsolicitudot? HTTP/1.1" 200 12138
152.230.42.226 - - [15/Mar/2024:12:59:55 -0300] "GET /cormun/servlet/trsolicitudot? HTTP/1.1" 200 11350
41.186.73.134 - - [15/Mar/2024:13:01:12 -0300] "GET /manager/html HTTP/1.1" 401 2474
41.186.73.134 - - [15/Mar/2024:13:01:12 -0300] "GET /manager/html HTTP/1.1" 401 2474
190.171.143.82 - - [15/Mar/2024:13:01:14 -0300] "GET /cormun/servlet/trpermisosadjuntos?10484191,20240315104206,P, HTTP/1.1" 200 5449
190.171.143.82 - - [15/Mar/2024:13:01:17 -0300] "GET /cormun/servlet/hlogin HTTP/1.1" 200 1762
190.171.143.82 - - [15/Mar/2024:13:01:27 -0300] "POST /cormun/servlet/hlogin?022b37b5b4d94c996f8c34d7bfb9ebeb,gx-no-cache=1710518317521 HTTP/1.1" 200 476
191.125.21.112 - - [15/Mar/2024:13:01:31 -0300] "POST /cormun/servlet/trsolicitudot?4b0f4296741f78181397cacdb183cfc4,,gx-no-cache=1710518320562 HTTP/1.1" 200 107
191.125.21.112 - - [15/Mar/2024:13:01:32 -0300] "GET /cormun/servlet/trsolicitudadjuntos?2024,20903, HTTP/1.1" 200 8964
190.171.143.82 - - [15/Mar/2024:13:01:32 -0300] "POST /cormun/servlet/hlogin?022b37b5b4d94c996f8c34d7bfb9ebeb,gx-no-cache=1710518322841 HTTP/1.1" 200 476
191.125.21.112 - - [15/Mar/2024:13:01:34 -0300] "GET /cormun/servlet/solicitudotadjuntos?INS,2024,20903,,1, HTTP/1.1" 200 5963
191.125.21.112 - - [15/Mar/2024:13:01:34 -0300] "GET /cormun/static/about:blank HTTP/1.1" 404 1011
191.125.21.112 - - [15/Mar/2024:13:01:35 -0300] "GET /cormun/servlet/solicitudotadjuntos?0cb91f95f7d1322740c18e2f33d36027979897d45b82d4d0fc643ebe902ffc3da4b5c0ae6ac01d4b90c3ecc371618bec,gx-no-cache=1710518323995 HTTP/1.1" 200 30
191.125.21.112 - - [15/Mar/2024:13:01:35 -0300] "POST /cormun/servlet/solicitudotadjuntos?4b0f4296741f78181397cacdb183cfc4,INS,2024,20903,,1,,gx-no-cache=1710518324065 HTTP/1.1" 200 3873
191.125.21.112 - - [15/Mar/2024:13:01:38 -0300] "POST /cormun/servlet/solicitudotadjuntos?gx-no-cache=1710518327422 HTTP/1.1" 200 26
152.230.42.226 - - [15/Mar/2024:13:02:42 -0300] "GET /cormun/servlet/trsolicitudot? HTTP/1.1" 200 11350
152.230.42.226 - - [15/Mar/2024:13:02:51 -0300] "GET /cormun/servlet/trsolicitudot? HTTP/1.1" 200 11350
191.125.21.112 - - [15/Mar/2024:13:02:59 -0300] "GET /cormun/servlet/solicitudotadjuntos?0cb91f95f7d1322740c18e2f33d360271ea8a2784e3a0a84e7a69f6c6d5775d6,gx-no-cache=1710518408030 HTTP/1.1" 200 30
152.230.42.226 - - [15/Mar/2024:13:02:59 -0300] "GET /cormun/servlet/trsolicitudot? HTTP/1.1" 200 11350
191.125.21.112 - - [15/Mar/2024:13:02:59 -0300] "GET /cormun/servlet/solicitudotadjuntos?0cb91f95f7d1322740c18e2f33d360271ea8a2784e3a0a84e7a69f6c6d5775d6,gx-no-cache=1710518408131 HTTP/1.1" 200 30
191.125.21.112 - - [15/Mar/2024:13:02:59 -0300] "POST /cormun/servlet/solicitudotadjuntos?4b0f4296741f78181397cacdb183cfc4,INS,2024,20903,,1, HTTP/1.1" 200 116
191.125.21.112 - - [15/Mar/2024:13:02:59 -0300] "GET /cormun/servlet/hpexe_return? HTTP/1.1" 200 1029
191.125.21.112 - - [15/Mar/2024:13:02:59 -0300] "GET /cormun/servlet/trsolicitudadjuntos?2024,20903, HTTP/1.1" 200 9256
191.125.21.112 - - [15/Mar/2024:13:03:02 -0300] "GET /cormun/servlet/solicitudotadjuntos?INS,2024,20903,,1, HTTP/1.1" 200 5964
191.125.21.112 - - [15/Mar/2024:13:03:02 -0300] "GET /cormun/static/about:blank HTTP/1.1" 404 1011
191.125.21.112 - - [15/Mar/2024:13:03:02 -0300] "GET /cormun/servlet/solicitudotadjuntos?0cb91f95f7d1322740c18e2f33d36027979897d45b82d4d0fc643ebe902ffc3da4b5c0ae6ac01d4b90c3ecc371618bec,gx-no-cache=1710518411551 HTTP/1.1" 200 30
191.125.21.112 - - [15/Mar/2024:13:03:02 -0300] "POST /cormun/servlet/solicitudotadjuntos?4b0f4296741f78181397cacdb183cfc4,INS,2024,20903,,1,,gx-no-cache=1710518411607 HTTP/1.1" 200 3871
152.230.42.226 - - [15/Mar/2024:13:03:05 -0300] "POST /cormun/servlet/trsolicitudot?f8827ac109af7cd026172e740a25433e,,gx-no-cache=1710518414829 HTTP/1.1" 200 4629
191.125.21.112 - - [15/Mar/2024:13:03:05 -0300] "POST /cormun/servlet/solicitudotadjuntos?gx-no-cache=1710518414742 HTTP/1.1" 200 26
152.230.42.226 - - [15/Mar/2024:13:03:08 -0300] "GET /cormun/servlet/solicitudot?INS,0,0,false, HTTP/1.1" 200 16308
191.125.21.112 - - [15/Mar/2024:13:03:20 -0300] "GET /cormun/servlet/solicitudotadjuntos?0cb91f95f7d1322740c18e2f33d360271ea8a2784e3a0a84e7a69f6c6d5775d6,gx-no-cache=1710518429038 HTTP/1.1" 200 30
191.125.21.112 - - [15/Mar/2024:13:03:20 -0300] "GET /cormun/servlet/solicitudotadjuntos?0cb91f95f7d1322740c18e2f33d360271ea8a2784e3a0a84e7a69f6c6d5775d6,gx-no-cache=1710518429085 HTTP/1.1" 200 30
191.125.21.112 - - [15/Mar/2024:13:03:20 -0300] "POST /cormun/servlet/solicitudotadjuntos?4b0f4296741f78181397cacdb183cfc4,INS,2024,20903,,1, HTTP/1.1" 200 116
191.125.21.112 - - [15/Mar/2024:13:03:20 -0300] "GET /cormun/servlet/hpexe_return? HTTP/1.1" 200 1029
191.125.21.112 - - [15/Mar/2024:13:03:20 -0300] "GET /cormun/servlet/trsolicitudadjuntos?2024,20903, HTTP/1.1" 200 9430
191.125.21.112 - - [15/Mar/2024:13:03:25 -0300] "GET /cormun/servlet/solicitudotadjuntos?INS,2024,20903,,1, HTTP/1.1" 200 5964
191.125.21.112 - - [15/Mar/2024:13:03:25 -0300] "GET /cormun/static/about:blank HTTP/1.1" 404 1011
191.125.21.112 - - [15/Mar/2024:13:03:26 -0300] "GET /cormun/servlet/solicitudotadjuntos?0cb91f95f7d1322740c18e2f33d36027979897d45b82d4d0fc643ebe902ffc3da4b5c0ae6ac01d4b90c3ecc371618bec,gx-no-cache=1710518435137 HTTP/1.1" 200 30
191.125.21.112 - - [15/Mar/2024:13:03:26 -0300] "POST /cormun/servlet/solicitudotadjuntos?4b0f4296741f78181397cacdb183cfc4,INS,2024,20903,,1,,gx-no-cache=1710518435212 HTTP/1.1" 200 3871
152.230.42.226 - - [15/Mar/2024:13:03:28 -0300] "POST /cormun/servlet/solicitudot?gx-no-cache=1710518437837 HTTP/1.1" 200 4031
191.125.21.112 - - [15/Mar/2024:13:03:29 -0300] "POST /cormun/servlet/solicitudotadjuntos?gx-no-cache=1710518438086 HTTP/1.1" 200 26
152.230.42.226 - - [15/Mar/2024:13:03:29 -0300] "POST /cormun/servlet/solicitudot?f8827ac109af7cd026172e740a25433e,INS,0,0,false,,gx-no-cache=1710518439427 HTTP/1.1" 200 12873
152.230.42.226 - - [15/Mar/2024:13:03:33 -0300] "GET /cormun/servlet/solicitudot?1d32e20f7c5289f17f04a94e9d2aab6c9a9edad77a31d456a93c7a98737ad65f681fec5ad05de482456985ebf3b3bebe,gx-no-cache=1710518442987 HTTP/1.1" 200 30
191.125.21.112 - - [15/Mar/2024:13:03:34 -0300] "GET /cormun/servlet/solicitudotadjuntos?0cb91f95f7d1322740c18e2f33d360271ea8a2784e3a0a84e7a69f6c6d5775d6,gx-no-cache=1710518443366 HTTP/1.1" 200 30
191.125.21.112 - - [15/Mar/2024:13:03:34 -0300] "GET /cormun/servlet/solicitudotadjuntos?0cb91f95f7d1322740c18e2f33d360271ea8a2784e3a0a84e7a69f6c6d5775d6,gx-no-cache=1710518443431 HTTP/1.1" 200 30
191.125.21.112 - - [15/Mar/2024:13:03:34 -0300] "POST /cormun/servlet/solicitudotadjuntos?4b0f4296741f78181397cacdb183cfc4,INS,2024,20903,,1, HTTP/1.1" 200 116
191.125.21.112 - - [15/Mar/2024:13:03:34 -0300] "GET /cormun/servlet/hpexe_return? HTTP/1.1" 200 1029
191.125.21.112 - - [15/Mar/2024:13:03:35 -0300] "GET /cormun/servlet/trsolicitudadjuntos?2024,20903, HTTP/1.1" 200 9719
191.125.21.112 - - [15/Mar/2024:13:03:37 -0300] "GET /cormun/servlet/solicitudotadjuntos?INS,2024,20903,,1, HTTP/1.1" 200 5964
191.125.21.112 - - [15/Mar/2024:13:03:37 -0300] "GET /cormun/static/about:blank HTTP/1.1" 404 1011
191.125.21.112 - - [15/Mar/2024:13:03:38 -0300] "GET /cormun/servlet/solicitudotadjuntos?0cb91f95f7d1322740c18e2f33d36027979897d45b82d4d0fc643ebe902ffc3da4b5c0ae6ac01d4b90c3ecc371618bec,gx-no-cache=1710518447030 HTTP/1.1" 200 30
191.125.21.112 - - [15/Mar/2024:13:03:38 -0300] "POST /cormun/servlet/solicitudotadjuntos?4b0f4296741f78181397cacdb183cfc4,INS,2024,20903,,1,,gx-no-cache=1710518447139 HTTP/1.1" 200 3871
191.125.21.112 - - [15/Mar/2024:13:03:41 -0300] "POST /cormun/servlet/solicitudotadjuntos?gx-no-cache=1710518450366 HTTP/1.1" 200 26
191.125.21.112 - - [15/Mar/2024:13:03:48 -0300] "GET /cormun/servlet/solicitudotadjuntos?0cb91f95f7d1322740c18e2f33d360271ea8a2784e3a0a84e7a69f6c6d5775d6,gx-no-cache=1710518457622 HTTP/1.1" 200 30
191.125.21.112 - - [15/Mar/2024:13:03:48 -0300] "GET /cormun/servlet/solicitudotadjuntos?0cb91f95f7d1322740c18e2f33d360271ea8a2784e3a0a84e7a69f6c6d5775d6,gx-no-cache=1710518457698 HTTP/1.1" 200 30
191.125.21.112 - - [15/Mar/2024:13:03:49 -0300] "POST /cormun/servlet/solicitudotadjuntos?4b0f4296741f78181397cacdb183cfc4,INS,2024,20903,,1, HTTP/1.1" 200 116
191.125.21.112 - - [15/Mar/2024:13:03:49 -0300] "GET /cormun/servlet/hpexe_return? HTTP/1.1" 200 1029
191.125.21.112 - - [15/Mar/2024:13:03:49 -0300] "GET /cormun/servlet/trsolicitudadjuntos?2024,20903, HTTP/1.1" 200 10031
191.125.21.112 - - [15/Mar/2024:13:03:51 -0300] "GET /cormun/servlet/solicitudotadjuntos?INS,2024,20903,,1, HTTP/1.1" 200 5964
191.125.21.112 - - [15/Mar/2024:13:03:51 -0300] "GET /cormun/static/about:blank HTTP/1.1" 404 1011
191.125.21.112 - - [15/Mar/2024:13:03:52 -0300] "GET /cormun/servlet/solicitudotadjuntos?0cb91f95f7d1322740c18e2f33d36027979897d45b82d4d0fc643ebe902ffc3da4b5c0ae6ac01d4b90c3ecc371618bec,gx-no-cache=1710518461281 HTTP/1.1" 200 30
191.125.21.112 - - [15/Mar/2024:13:03:52 -0300] "POST /cormun/servlet/solicitudotadjuntos?4b0f4296741f78181397cacdb183cfc4,INS,2024,20903,,1,,gx-no-cache=1710518461329 HTTP/1.1" 200 3871
191.125.21.112 - - [15/Mar/2024:13:03:55 -0300] "POST /cormun/servlet/solicitudotadjuntos?gx-no-cache=1710518464118 HTTP/1.1" 200 26
191.125.21.112 - - [15/Mar/2024:13:04:01 -0300] "GET /cormun/servlet/solicitudotadjuntos?0cb91f95f7d1322740c18e2f33d360271ea8a2784e3a0a84e7a69f6c6d5775d6,gx-no-cache=1710518470110 HTTP/1.1" 200 30
191.125.21.112 - - [15/Mar/2024:13:04:01 -0300] "GET /cormun/servlet/solicitudotadjuntos?0cb91f95f7d1322740c18e2f33d360271ea8a2784e3a0a84e7a69f6c6d5775d6,gx-no-cache=1710518470179 HTTP/1.1" 200 30
191.125.21.112 - - [15/Mar/2024:13:04:01 -0300] "POST /cormun/servlet/solicitudotadjuntos?4b0f4296741f78181397cacdb183cfc4,INS,2024,20903,,1, HTTP/1.1" 200 116
191.125.21.112 - - [15/Mar/2024:13:04:01 -0300] "GET /cormun/servlet/hpexe_return? HTTP/1.1" 200 1029
191.125.21.112 - - [15/Mar/2024:13:04:01 -0300] "GET /cormun/servlet/trsolicitudadjuntos?2024,20903, HTTP/1.1" 200 10274
191.125.21.112 - - [15/Mar/2024:13:04:06 -0300] "GET /cormun/servlet/trsolicitudot? HTTP/1.1" 200 12132
190.171.143.82 - - [15/Mar/2024:13:06:27 -0300] "POST /cormun/servlet/hlogin?022b37b5b4d94c996f8c34d7bfb9ebeb,gx-no-cache=1710518616450 HTTP/1.1" 200 476
152.230.42.226 - - [15/Mar/2024:13:06:40 -0300] "GET /cormun/servlet/solicitudot?1d32e20f7c5289f17f04a94e9d2aab6cfab4cf24f4404e69d24bab823b2bdff7,gx-no-cache=1710518629954 HTTP/1.1" 200 94
152.230.42.226 - - [15/Mar/2024:13:06:44 -0300] "GET /cormun/static/Shared/jqueryui/images/ui-bg_flat_55_994d53_40x100.png HTTP/1.1" 404 1097
152.230.42.226 - - [15/Mar/2024:13:06:44 -0300] "GET /cormun/static/Shared/jqueryui/images/ui-icons_ebccce_256x240.png HTTP/1.1" 404 1089
152.230.42.226 - - [15/Mar/2024:13:06:44 -0300] "GET /cormun/static/Shared/jqueryui/images/ui-icons_82798d_256x240.png HTTP/1.1" 404 1089
152.230.42.226 - - [15/Mar/2024:13:06:44 -0300] "GET /cormun/static/Shared/jqueryui/images/ui-bg_highlight-soft_100_c6c2c8_1x100.png HTTP/1.1" 404 1117
190.171.143.82 - - [15/Mar/2024:13:06:48 -0300] "GET /cormun/servlet/hhome HTTP/1.1" 200 3323
190.171.143.82 - - [15/Mar/2024:13:06:52 -0300] "GET /cormun/servlet/hlogin HTTP/1.1" 200 1735
190.171.143.82 - - [15/Mar/2024:13:06:55 -0300] "POST /cormun/servlet/hlogin?022b37b5b4d94c996f8c34d7bfb9ebeb,gx-no-cache=1710518645596 HTTP/1.1" 200 449
190.171.143.82 - - [15/Mar/2024:13:07:03 -0300] "POST /cormun/servlet/hlogin?022b37b5b4d94c996f8c34d7bfb9ebeb,gx-no-cache=1710518653577 HTTP/1.1" 200 449
152.230.42.226 - - [15/Mar/2024:13:07:14 -0300] "GET /cormun/servlet/prbanco?,MD,,gxPopupLevel%3D0%3B HTTP/1.1" 200 6676
152.230.42.226 - - [15/Mar/2024:13:07:38 -0300] "GET /cormun/servlet/solicitudot?1d32e20f7c5289f17f04a94e9d2aab6ccc1fe3a66421e6814441be7d95e66d21436e83eac15f329077005a9679c9d5a819132e28acec568a45e0fe4ee0f73915,gx-no-cache=1710518687667 HTTP/1.1" 200 30
152.230.42.226 - - [15/Mar/2024:13:07:42 -0300] "GET /cormun/servlet/solicitudot?1d32e20f7c5289f17f04a94e9d2aab6c7d7dd3bb61b4a93d52ffe111a16ac106,gx-no-cache=1710518692062 HTTP/1.1" 200 51
152.230.42.226 - - [15/Mar/2024:13:08:04 -0300] "POST /cormun/servlet/solicitudot?gx-no-cache=1710518713211 HTTP/1.1" 200 255
152.230.42.226 - - [15/Mar/2024:13:08:06 -0300] "GET /cormun/servlet/solicitudot?1d32e20f7c5289f17f04a94e9d2aab6c114e3bfd129a798d39f96a7450a0733ab03a2ff902218eed4208e4c20a4fcdf14fcbb4568a10e34fb304eebec80276e1aeb0fe39a8d8b9dc61d7a154e72d78bbce0d774a41a153d299640267fad35097a665b4e54526674ffaed589619bb650b832385b68b57821e4d1cd8b53a6940556166a7ba8404cd7209fefae0ccf6a66226a1ecb4c8661a88cbb3b45750ee84ab3ef3cb0b7b8d18a0dbfa8619fac53a4dffb422618762c4360dd0cf03f08c08666cf442a1b34eda652305caaa826ee1838e66903b2c41f9dce8f2848d0724fb1107dd0b9025e03cc763d09fb724e5778fd4ec060a673127ced26264569ecadde8feec552aadcef9bcccc5b4abb44967e58037e603897aa143133681a3fbbe35ae0ed9010cd58430020fbaaea415249ebc508d4a6f81c32b54153d2c421138682746faa2b6b4930052033091a14668d519c44fe0a4f9e711495fb173e1e5df25f5904030cf2fab3dbeb055d8d520585d03772fb845c1ce5c961a3aec0ce6d8aea1,gx-no-cache=1710518716244 HTTP/1.1" 200 30
152.230.42.226 - - [15/Mar/2024:13:08:09 -0300] "POST /cormun/servlet/solicitudot?gx-no-cache=1710518719547 HTTP/1.1" 200 30
152.230.42.226 - - [15/Mar/2024:13:08:10 -0300] "POST /cormun/servlet/solicitudot?gx-no-cache=1710518720446 HTTP/1.1" 200 1468
152.230.42.226 - - [15/Mar/2024:13:08:11 -0300] "POST /cormun/servlet/solicitudot?gx-no-cache=1710518721209 HTTP/1.1" 200 38
190.171.141.138 - - [15/Mar/2024:13:08:16 -0300] "GET /cormun/servlet/trsolicitudot? HTTP/1.1" 200 6324
190.171.141.138 - - [15/Mar/2024:13:08:16 -0300] "GET /cormun/servlet/hlogin HTTP/1.1" 200 1739
190.171.141.138 - - [15/Mar/2024:13:08:20 -0300] "POST /cormun/servlet/hlogin?bd2478cc99efeefd984a5e36382abd7d,gx-no-cache=1710518730730 HTTP/1.1" 200 90
190.171.141.138 - - [15/Mar/2024:13:08:20 -0300] "GET /cormun/servlet/hpexe_link HTTP/1.1" 200 959
190.171.141.138 - - [15/Mar/2024:13:08:20 -0300] "GET /cormun/servlet/trsolicitudot HTTP/1.1" 200 9013
152.230.42.226 - - [15/Mar/2024:13:08:52 -0300] "POST /cormun/servlet/solicitudot?gx-no-cache=1710518760498 HTTP/1.1" 200 30
152.230.42.226 - - [15/Mar/2024:13:08:52 -0300] "POST /cormun/servlet/solicitudot?gx-no-cache=1710518762524 HTTP/1.1" 200 1468
152.230.42.226 - - [15/Mar/2024:13:08:53 -0300] "POST /cormun/servlet/solicitudot?gx-no-cache=1710518763404 HTTP/1.1" 200 38
181.212.42.153 - - [15/Mar/2024:13:09:02 -0300] "GET /cormun/servlet/trlicencias? HTTP/1.1" 200 6050
181.212.42.153 - - [15/Mar/2024:13:09:03 -0300] "GET /cormun/servlet/hlogin HTTP/1.1" 200 1734
91.92.250.119 - - [15/Mar/2024:13:09:07 -0300] "POST /login HTTP/1.1" 404 971
181.212.42.153 - - [15/Mar/2024:13:09:09 -0300] "POST /cormun/servlet/hlogin?3a69c9a7f16cbbc5838f988a4c5c9518,gx-no-cache=1710518780365 HTTP/1.1" 200 90
181.212.42.153 - - [15/Mar/2024:13:09:09 -0300] "GET /cormun/servlet/hpexe_link HTTP/1.1" 200 953
181.212.42.153 - - [15/Mar/2024:13:09:09 -0300] "GET /cormun/servlet/trlicencias HTTP/1.1" 200 11963
190.171.143.82 - - [15/Mar/2024:13:09:21 -0300] "POST /cormun/servlet/hlogin?022b37b5b4d94c996f8c34d7bfb9ebeb,gx-no-cache=1710518792130 HTTP/1.1" 200 449
190.171.143.82 - - [15/Mar/2024:13:09:28 -0300] "POST /cormun/servlet/hlogin?022b37b5b4d94c996f8c34d7bfb9ebeb,gx-no-cache=1710518799098 HTTP/1.1" 200 449
191.125.166.160 - - [15/Mar/2024:13:09:46 -0300] "GET /cormun/servlet/solicitudot?INS,0,0,false, HTTP/1.1" 200 15895
191.125.166.160 - - [15/Mar/2024:13:10:04 -0300] "POST /cormun/servlet/solicitudot?gx-no-cache=1710518833145 HTTP/1.1" 200 4146
191.125.166.160 - - [15/Mar/2024:13:10:04 -0300] "POST /cormun/servlet/solicitudot?4b0f4296741f78181397cacdb183cfc4,INS,0,0,false,,gx-no-cache=1710518833430 HTTP/1.1" 200 12722
190.171.143.82 - - [15/Mar/2024:13:10:06 -0300] "POST /cormun/servlet/hlogin?022b37b5b4d94c996f8c34d7bfb9ebeb,gx-no-cache=1710518836902 HTTP/1.1" 200 449
191.125.166.160 - - [15/Mar/2024:13:10:15 -0300] "GET /cormun/servlet/solicitudot?0cb91f95f7d1322740c18e2f33d3602738c5cdd178cbbc5734812336bb5d16934be8bee9b379f1b2652724380db64dc5,gx-no-cache=1710518843998 HTTP/1.1" 200 30
191.125.166.160 - - [15/Mar/2024:13:10:15 -0300] "GET /cormun/servlet/solicitudot?0cb91f95f7d1322740c18e2f33d360276f8f437f1a4345e2bc13ede79b2d0e4788824e2f82210d85093a3af491cadf70,gx-no-cache=1710518844106 HTTP/1.1" 200 30
191.125.166.160 - - [15/Mar/2024:13:10:15 -0300] "GET /cormun/servlet/solicitudot?0cb91f95f7d1322740c18e2f33d360274b6ff45508122be1e852b1d542faf2e5,gx-no-cache=1710518844160 HTTP/1.1" 200 45
191.125.166.160 - - [15/Mar/2024:13:10:15 -0300] "POST /cormun/servlet/solicitudot?gx-no-cache=1710518844285 HTTP/1.1" 200 297
191.125.166.160 - - [15/Mar/2024:13:10:15 -0300] "GET /cormun/servlet/solicitudot?0cb91f95f7d1322740c18e2f33d36027f73df44c4d4fd239ef3fa5423b1a9e891171da0c46abaab2e9026697b51ae31de253f5bd68ed998b4445e8d58ff6b9f5634e9da5b9864e371cb78a5e0cf3b464ba9a800ee905777b8250d229b63a06ec92bf2009b1e1975a1da66febd1073f24e9b0a494fa8a1a57e6273b9359190a02c820418e662ce98c81c90d1ef8157e181ba513d7c483e3e68ba58d011a0d94992329f55d9525ec75fdea15ea278133d3c9929f48307dc3ca8ae130286892e7d156fdeb6c2918b5ad355ea244d47891f74f53f121e91304707155e45738e947297475d6343d9f594334b8f009dda5b80333d760728603b9f22599d4b9efeb5704475c19fdf18c6448aaa75f6ba2b21f6f63b53d24977e7caf6936ca43590f8685e7c8b1ec5b7639a725d43991506a1739ec13f2a13c1911f4fa5d463f36ba2878a714e973df29304ac166fa58d9267981312971922fbc995cf29c335cf4b30680dd6264bf95a6b215e0d639e0d9712d419b3151cdd0dd00be90e925bb45528d476f503b972b9b4ec47ff86ebb7707e160,gx-no-cache=1710518844375 HTTP/1.1" 200 30
191.125.166.160 - - [15/Mar/2024:13:10:15 -0300] "POST /cormun/servlet/solicitudot?gx-no-cache=1710518844433 HTTP/1.1" 200 30
191.125.166.160 - - [15/Mar/2024:13:10:15 -0300] "POST /cormun/servlet/solicitudot?gx-no-cache=1710518844500 HTTP/1.1" 200 1469
191.125.166.160 - - [15/Mar/2024:13:10:15 -0300] "POST /cormun/servlet/solicitudot?gx-no-cache=1710518844591 HTTP/1.1" 200 38
190.171.143.82 - - [15/Mar/2024:13:10:22 -0300] "POST /cormun/servlet/hlogin?022b37b5b4d94c996f8c34d7bfb9ebeb,gx-no-cache=1710518852311 HTTP/1.1" 200 90
190.171.143.82 - - [15/Mar/2024:13:10:22 -0300] "GET /cormun/servlet/hpexe_link HTTP/1.1" 200 952
190.171.143.82 - - [15/Mar/2024:13:10:22 -0300] "GET /cormun/servlet/hhome HTTP/1.1" 200 4018
190.171.143.82 - - [15/Mar/2024:13:10:27 -0300] "GET /cormun/servlet/trlicencias? HTTP/1.1" 200 8078
190.171.143.82 - - [15/Mar/2024:13:10:29 -0300] "POST /cormun/servlet/acontrolpreferencessavestate?None,MREYES,true HTTP/1.1" 200 35
190.171.143.82 - - [15/Mar/2024:13:10:32 -0300] "GET /cormun/servlet/trpermisosgoce? HTTP/1.1" 200 8632
190.171.143.82 - - [15/Mar/2024:13:10:34 -0300] "POST /cormun/servlet/acontrolpreferencessavestate?None,MREYES,true HTTP/1.1" 200 35
191.125.21.112 - - [15/Mar/2024:13:11:05 -0300] "GET /cormun/servlet/solicitudot?0cb91f95f7d1322740c18e2f33d36027845e20846dcb42ce8c53ed8033a49f379474f1aec998cd08f9c7b40a5665f6d1c9073bcff227085a813e967893b1b46405fa5fa8547b5a17f65d8ccfb24193681efcfd51c6b08b07050c5e3f5caf2a239c9ba0be29e4d5f91ad10b7b4b1f6b14,gx-no-cache=1710518894110 HTTP/1.1" 200 110
191.125.21.112 - - [15/Mar/2024:13:11:05 -0300] "POST /cormun/servlet/solicitudot?gx-no-cache=1710518894230 HTTP/1.1" 200 83
191.125.21.112 - - [15/Mar/2024:13:11:13 -0300] "GET /cormun/servlet/solicitudot?0cb91f95f7d1322740c18e2f33d360279787cb1a60440e6282a6ed16bbb06210ee95e2f8d4b81e0a8647134f7c1fcb219cd64fabb1212c137228ece078c3cd6a81e21d8634a47a310dd6d893f9f3cc0698095a4266a87a48217008f1804c66959e57788de9dd0467c06dca9a586966e2,gx-no-cache=1710518902431 HTTP/1.1" 200 29
191.125.21.112 - - [15/Mar/2024:13:11:13 -0300] "GET /cormun/static/menuarrow.gif HTTP/1.1" 404 1015
191.125.21.112 - - [15/Mar/2024:13:11:16 -0300] "GET /cormun/servlet/solicitudot?0cb91f95f7d1322740c18e2f33d360276fbe80d57d3863be9b188a9000f64ecf49218b966e55d3a3b8652d01e7bb83ba,gx-no-cache=1710518905326 HTTP/1.1" 200 30
191.125.21.112 - - [15/Mar/2024:13:11:25 -0300] "POST /cormun/servlet/solicitudot?gx-no-cache=1710518914327 HTTP/1.1" 200 30
191.125.21.112 - - [15/Mar/2024:13:11:25 -0300] "POST /cormun/servlet/solicitudot?4b0f4296741f78181397cacdb183cfc4,INS,0,0,false,,gx-no-cache=1710518914388 HTTP/1.1" 200 93
191.125.21.112 - - [15/Mar/2024:13:11:25 -0300] "GET /cormun/servlet/hpexe_return? HTTP/1.1" 200 1011
191.125.21.112 - - [15/Mar/2024:13:11:26 -0300] "GET /cormun/servlet/trsolicitudot HTTP/1.1" 200 12545
191.125.21.112 - - [15/Mar/2024:13:11:28 -0300] "POST /cormun/servlet/trsolicitudot?4b0f4296741f78181397cacdb183cfc4,gx-no-cache=1710518917394 HTTP/1.1" 200 106
191.125.21.112 - - [15/Mar/2024:13:11:28 -0300] "GET /cormun/servlet/trsolicitudadjuntos?2024,20904, HTTP/1.1" 200 6026
191.125.21.112 - - [15/Mar/2024:13:11:30 -0300] "GET /cormun/servlet/solicitudotadjuntos?INS,2024,20904,,1, HTTP/1.1" 200 5964
191.125.21.112 - - [15/Mar/2024:13:11:30 -0300] "GET /cormun/static/about:blank HTTP/1.1" 404 1011
191.125.21.112 - - [15/Mar/2024:13:11:31 -0300] "GET /cormun/servlet/solicitudotadjuntos?0cb91f95f7d1322740c18e2f33d3602758b59e218b5fc247d697c04ca219ac88a4b5c0ae6ac01d4b90c3ecc371618bec,gx-no-cache=1710518920167 HTTP/1.1" 200 30
191.125.21.112 - - [15/Mar/2024:13:11:31 -0300] "POST /cormun/servlet/solicitudotadjuntos?4b0f4296741f78181397cacdb183cfc4,INS,2024,20904,,1,,gx-no-cache=1710518920273 HTTP/1.1" 200 3873
191.125.21.112 - - [15/Mar/2024:13:11:33 -0300] "POST /cormun/servlet/solicitudotadjuntos?gx-no-cache=1710518921965 HTTP/1.1" 200 26
190.171.143.82 - - [15/Mar/2024:13:11:56 -0300] "GET /cormun/servlet/trpermisosadjuntos?10484191,20240315104206,P, HTTP/1.1" 200 6386
190.171.143.82 - - [15/Mar/2024:13:11:58 -0300] "POST /cormun/servlet/acontrolpreferencessavestate?None,MREYES,true HTTP/1.1" 200 35
190.171.143.82 - - [15/Mar/2024:13:11:59 -0300] "GET /cormun/servlet/permisosadjuntos?INS,10484191,P,20240315104206,, HTTP/1.1" 200 5713
190.171.143.82 - - [15/Mar/2024:13:11:59 -0300] "GET /cormun/static/gxcfg.js?20201215134212 HTTP/1.1" 200 953
190.171.143.82 - - [15/Mar/2024:13:11:59 -0300] "GET /cormun/static/permisosadjuntos.js?20201215134285 HTTP/1.1" 200 8724
190.171.143.82 - - [15/Mar/2024:13:12:00 -0300] "GET /cormun/static/about:blank HTTP/1.1" 404 1011
191.125.21.112 - - [15/Mar/2024:13:12:07 -0300] "GET /cormun/servlet/solicitudotadjuntos?0cb91f95f7d1322740c18e2f33d360271ea8a2784e3a0a84e7a69f6c6d5775d6,gx-no-cache=1710518955855 HTTP/1.1" 200 30
191.125.21.112 - - [15/Mar/2024:13:12:07 -0300] "GET /cormun/servlet/solicitudotadjuntos?0cb91f95f7d1322740c18e2f33d360271ea8a2784e3a0a84e7a69f6c6d5775d6,gx-no-cache=1710518955934 HTTP/1.1" 200 30
191.125.21.112 - - [15/Mar/2024:13:12:07 -0300] "POST /cormun/servlet/solicitudotadjuntos?4b0f4296741f78181397cacdb183cfc4,INS,2024,20904,,1, HTTP/1.1" 200 116
191.125.21.112 - - [15/Mar/2024:13:12:07 -0300] "GET /cormun/servlet/hpexe_return? HTTP/1.1" 200 1029
191.125.21.112 - - [15/Mar/2024:13:12:07 -0300] "GET /cormun/servlet/trsolicitudadjuntos?2024,20904, HTTP/1.1" 200 8964
41.186.73.134 - - [15/Mar/2024:13:12:31 -0300] "GET /manager/html HTTP/1.1" 401 2474
41.186.73.134 - - [15/Mar/2024:13:12:31 -0300] "GET /manager/html HTTP/1.1" 401 2474
190.171.143.82 - - [15/Mar/2024:13:12:49 -0300] "POST /cormun/servlet/permisosadjuntos?022b37b5b4d94c996f8c34d7bfb9ebeb,INS,10484191,P,20240315104206,, HTTP/1.1" 200 116
190.171.143.82 - - [15/Mar/2024:13:12:50 -0300] "GET /cormun/servlet/hpexe_return? HTTP/1.1" 200 1037
190.171.143.82 - - [15/Mar/2024:13:12:50 -0300] "GET /cormun/servlet/trpermisosadjuntos?10484191,20240315104206,P, HTTP/1.1" 200 6872
191.125.21.112 - - [15/Mar/2024:13:12:51 -0300] "GET /cormun/servlet/solicitudotadjuntos?INS,2024,20904,,1, HTTP/1.1" 200 5964
191.125.21.112 - - [15/Mar/2024:13:12:51 -0300] "GET /cormun/static/about:blank HTTP/1.1" 404 1011
191.125.21.112 - - [15/Mar/2024:13:12:52 -0300] "GET /cormun/servlet/solicitudotadjuntos?0cb91f95f7d1322740c18e2f33d3602758b59e218b5fc247d697c04ca219ac88a4b5c0ae6ac01d4b90c3ecc371618bec,gx-no-cache=1710519000911 HTTP/1.1" 200 30
191.125.21.112 - - [15/Mar/2024:13:12:52 -0300] "POST /cormun/servlet/solicitudotadjuntos?4b0f4296741f78181397cacdb183cfc4,INS,2024,20904,,1,,gx-no-cache=1710519000981 HTTP/1.1" 200 3873
190.171.143.82 - - [15/Mar/2024:13:12:54 -0300] "POST /cormun/servlet/trpermisosadjuntos?022b37b5b4d94c996f8c34d7bfb9ebeb,10484191,20240315104206,P,,gx-no-cache=1710519004226 HTTP/1.1" 200 90
190.171.143.82 - - [15/Mar/2024:13:12:54 -0300] "GET /cormun/servlet/hpexe_link HTTP/1.1" 200 982
190.171.143.82 - - [15/Mar/2024:13:12:54 -0300] "GET /cormun/servlet/trpermisosgoce HTTP/1.1" 200 8651
191.125.21.112 - - [15/Mar/2024:13:12:54 -0300] "POST /cormun/servlet/solicitudotadjuntos?gx-no-cache=1710519003263 HTTP/1.1" 200 26
190.171.143.82 - - [15/Mar/2024:13:13:00 -0300] "GET /cormun/servlet/trpermisosadjuntos?9097127,20240315104244,P, HTTP/1.1" 200 6391
190.171.143.82 - - [15/Mar/2024:13:13:02 -0300] "GET /cormun/servlet/permisosadjuntos?INS,9097127,P,20240315104244,, HTTP/1.1" 200 5709
190.171.143.82 - - [15/Mar/2024:13:13:03 -0300] "GET /cormun/static/about:blank HTTP/1.1" 404 1011
190.171.143.82 - - [15/Mar/2024:13:13:08 -0300] "POST /cormun/servlet/permisosadjuntos?022b37b5b4d94c996f8c34d7bfb9ebeb,INS,9097127,P,20240315104244,, HTTP/1.1" 200 116
190.171.143.82 - - [15/Mar/2024:13:13:08 -0300] "GET /cormun/servlet/hpexe_return? HTTP/1.1" 200 1038
190.171.143.82 - - [15/Mar/2024:13:13:09 -0300] "GET /cormun/servlet/trpermisosadjuntos?9097127,20240315104244,P, HTTP/1.1" 200 6874
