190.171.153.50 - - [14/Mar/2024:08:44:38 -0300] "GET /cormun/static/cmcontrolpreferences.js?20199141926336 HTTP/1.1" 200 1375
190.171.153.50 - - [14/Mar/2024:08:44:38 -0300] "GET /cormun/static/SmoothNavMenu/resources/ddsmoothmenu.js HTTP/1.1" 200 12712
190.171.153.50 - - [14/Mar/2024:08:44:38 -0300] "GET /cormun/static/SmoothNavMenu/resources/SmoothNavMenuRender.js HTTP/1.1" 200 5951
190.171.153.50 - - [14/Mar/2024:08:44:38 -0300] "GET /cormun/static/scaMessage/js/jquery.pnotify.min.js HTTP/1.1" 200 13038
190.171.153.50 - - [14/Mar/2024:08:44:38 -0300] "GET /cormun/static/Shared/jquery/jquery-1.4.2.min.js HTTP/1.1" 200 72174
190.171.153.50 - - [14/Mar/2024:08:44:38 -0300] "GET /cormun/static/scaMessage/scaMessageRender.js HTTP/1.1" 200 11977
190.171.153.50 - - [14/Mar/2024:08:44:38 -0300] "GET /cormun/static/hmpwkw03.js?20221129844354 HTTP/1.1" 200 3971
190.171.153.50 - - [14/Mar/2024:08:44:38 -0300] "GET /cormun/static/Shared/jqueryui/jquery-ui.min.js HTTP/1.1" 200 240427
190.171.153.50 - - [14/Mar/2024:08:44:39 -0300] "GET /cormun/static/Shared/jquery/jquery-1.10.2.min.js HTTP/1.1" 200 273199
190.171.153.50 - - [14/Mar/2024:08:44:39 -0300] "GET /cormun/static/Shared/ext/ext-all.js HTTP/1.1" 200 1289687
190.171.153.50 - - [14/Mar/2024:08:44:39 -0300] "GET /cormun/static/SmoothNavMenu/resources/images/right.gif HTTP/1.1" 200 860
190.171.153.50 - - [14/Mar/2024:08:44:39 -0300] "GET /cormun/static/SmoothNavMenu/resources/images/down.gif HTTP/1.1" 200 854
167.94.145.54 - - [14/Mar/2024:08:45:43 -0300] "GET / HTTP/1.1" 200 11217
167.94.145.54 - - [14/Mar/2024:08:45:46 -0300] "GET / HTTP/1.1" 200 11217
167.94.145.54 - - [14/Mar/2024:08:45:46 -0300] "PRI * HTTP/2.0" 505 -
167.94.145.54 - - [14/Mar/2024:08:45:47 -0300] "GET /favicon.ico HTTP/1.1" 200 21630
181.212.40.185 - - [14/Mar/2024:08:46:46 -0300] "POST /cormun/servlet/trsolicitudot?e37d91ff03e976b8c870ae225afacdee,gx-no-cache=1710416638489 HTTP/1.1" 200 6084
181.212.40.185 - - [14/Mar/2024:08:46:46 -0300] "GET /cormun/static/Shared/jqueryui/images/ui-bg_highlight-soft_100_c6c2c8_1x100.png HTTP/1.1" 404 1117
181.212.40.185 - - [14/Mar/2024:08:46:46 -0300] "GET /cormun/static/Shared/jqueryui/images/ui-icons_82798d_256x240.png HTTP/1.1" 404 1089
181.212.40.185 - - [14/Mar/2024:08:46:46 -0300] "GET /cormun/static/Shared/jqueryui/images/ui-bg_flat_55_fafafa_40x100.png HTTP/1.1" 404 1097
181.212.40.185 - - [14/Mar/2024:08:46:46 -0300] "GET /cormun/static/Shared/jqueryui/images/ui-icons_8d78a5_256x240.png HTTP/1.1" 404 1089
181.212.40.185 - - [14/Mar/2024:08:46:46 -0300] "POST /cormun/servlet/trsolicitudot?e37d91ff03e976b8c870ae225afacdee,gx-no-cache=1710416638659 HTTP/1.1" 200 6028
181.212.40.185 - - [14/Mar/2024:08:46:47 -0300] "POST /cormun/servlet/trsolicitudot?e37d91ff03e976b8c870ae225afacdee,gx-no-cache=1710416639440 HTTP/1.1" 200 4847
181.212.40.185 - - [14/Mar/2024:08:46:47 -0300] "POST /cormun/servlet/trsolicitudot?e37d91ff03e976b8c870ae225afacdee,gx-no-cache=1710416639552 HTTP/1.1" 200 4609
190.171.143.82 - - [14/Mar/2024:08:47:29 -0300] "GET /cormun/servlet/hhome HTTP/1.1" 200 3318
190.171.143.82 - - [14/Mar/2024:08:47:32 -0300] "GET /cormun/servlet/hlogin HTTP/1.1" 200 1726
190.171.143.82 - - [14/Mar/2024:08:47:37 -0300] "POST /cormun/servlet/hlogin?4602dd3ffe70f2ea635069076249bed7,gx-no-cache=1710416688425 HTTP/1.1" 200 90
190.171.143.82 - - [14/Mar/2024:08:47:37 -0300] "GET /cormun/servlet/hpexe_link HTTP/1.1" 200 947
190.171.143.82 - - [14/Mar/2024:08:47:37 -0300] "GET /cormun/servlet/hhome HTTP/1.1" 200 4359
190.171.143.82 - - [14/Mar/2024:08:47:40 -0300] "GET /cormun/servlet/trlicencias? HTTP/1.1" 200 8434
190.171.153.50 - - [14/Mar/2024:08:48:06 -0300] "GET /cormun/servlet/trsolicitudot? HTTP/1.1" 200 8905
190.171.153.50 - - [14/Mar/2024:08:48:06 -0300] "GET /cormun/static/gxcfg.js?20221129846531 HTTP/1.1" 200 953
190.171.153.50 - - [14/Mar/2024:08:48:06 -0300] "GET /cormun/static/calendar-es.js?85251 HTTP/1.1" 200 1901
190.171.153.50 - - [14/Mar/2024:08:48:06 -0300] "GET /cormun/static/calendar.js?85251 HTTP/1.1" 200 26246
190.171.153.50 - - [14/Mar/2024:08:48:06 -0300] "GET /cormun/static/calendar-setup.js?85251 HTTP/1.1" 200 2588
190.171.153.50 - - [14/Mar/2024:08:48:06 -0300] "GET /cormun/static/Resources/PXTools/calendar.png HTTP/1.1" 200 1306
190.171.153.50 - - [14/Mar/2024:08:48:06 -0300] "GET /cormun/static/gxdec.js?85251 HTTP/1.1" 200 19579
190.171.153.50 - - [14/Mar/2024:08:48:06 -0300] "GET /cormun/static/Resources/PXToolsDataSearch.png HTTP/1.1" 200 435
190.171.153.50 - - [14/Mar/2024:08:48:06 -0300] "GET /cormun/static/Resources/PXToolsActionExcel.png HTTP/1.1" 200 727
190.171.153.50 - - [14/Mar/2024:08:48:06 -0300] "GET /cormun/static/Resources/PXToolsAddAllAction.png HTTP/1.1" 200 495
190.171.153.50 - - [14/Mar/2024:08:48:06 -0300] "GET /cormun/static/trsolicitudot.js?202211298465651 HTTP/1.1" 200 54040
190.171.153.50 - - [14/Mar/2024:08:48:06 -0300] "GET /cormun//static/Resources/PXToolsActionView.png HTTP/1.1" 200 398
190.171.153.50 - - [14/Mar/2024:08:48:06 -0300] "GET /cormun//static/Resources/PXToolsGridUpdate.png HTTP/1.1" 200 470
190.171.153.50 - - [14/Mar/2024:08:48:06 -0300] "GET /cormun//static/Resources/PXToolsRemoveAllAction.png HTTP/1.1" 200 487
190.171.153.50 - - [14/Mar/2024:08:48:06 -0300] "GET /cormun//static/Resources/PXToolsGridDelete.png HTTP/1.1" 200 538
190.171.153.50 - - [14/Mar/2024:08:48:06 -0300] "GET /cormun//static/Resources/PXTools/ActionInsert.png HTTP/1.1" 200 1482
190.171.153.50 - - [14/Mar/2024:08:48:10 -0300] "GET /cormun/servlet/solicitudot?INS,0,0,false, HTTP/1.1" 200 16254
190.171.153.50 - - [14/Mar/2024:08:48:10 -0300] "GET /cormun/static/gxcfg.js?20221129840861 HTTP/1.1" 200 953
190.171.153.50 - - [14/Mar/2024:08:48:10 -0300] "GET /cormun/static/Resources/prompt.gif HTTP/1.1" 200 902
190.171.153.50 - - [14/Mar/2024:08:48:10 -0300] "GET /cormun/static/solicitudot.js?20221129840983 HTTP/1.1" 200 74072
107.189.29.60 - - [14/Mar/2024:08:49:50 -0300] "GET /manager/html HTTP/1.1" 401 2474
107.189.29.60 - - [14/Mar/2024:08:49:50 -0300] "GET /manager/html HTTP/1.1" 401 2474
190.95.15.15 - - [14/Mar/2024:08:51:42 -0300] "GET /cormun/servlet/trlicencias? HTTP/1.1" 200 6051
190.95.15.15 - - [14/Mar/2024:08:51:42 -0300] "GET /cormun/servlet/hlogin HTTP/1.1" 200 1741
190.95.15.15 - - [14/Mar/2024:08:51:49 -0300] "POST /cormun/servlet/hlogin?bb701fb255fa882a56ad0cdf467c5ef8,gx-no-cache=1710416942597 HTTP/1.1" 200 90
190.95.15.15 - - [14/Mar/2024:08:51:49 -0300] "GET /cormun/servlet/hpexe_link HTTP/1.1" 200 958
190.95.15.15 - - [14/Mar/2024:08:51:49 -0300] "GET /cormun/servlet/trlicencias HTTP/1.1" 200 9023
71.6.134.231 - - [14/Mar/2024:08:57:25 -0300] "GET / HTTP/1.1" 200 11217
71.6.134.231 - - [14/Mar/2024:08:58:02 -0300] "GET /favicon.ico HTTP/1.1" 200 21630
107.189.29.60 - - [14/Mar/2024:08:59:54 -0300] "GET /manager/html HTTP/1.1" 401 2474
107.189.29.60 - - [14/Mar/2024:08:59:55 -0300] "GET /manager/html HTTP/1.1" 401 2474
190.171.153.50 - - [14/Mar/2024:09:00:24 -0300] "POST /cormun/servlet/solicitudot?gx-no-cache=1710417457316 HTTP/1.1" 200 4022
190.171.153.50 - - [14/Mar/2024:09:00:24 -0300] "POST /cormun/servlet/solicitudot?babc3e198395295e2028eafebab17711,INS,0,0,false,,gx-no-cache=1710417457456 HTTP/1.1" 200 12865
190.171.153.50 - - [14/Mar/2024:09:00:25 -0300] "GET /cormun/servlet/solicitudot?529882ea1ba9970432dad2236de9c2acb6527665aa88950cb6ef18962851d845579a309655735594e5932529a28c171b,gx-no-cache=1710417458164 HTTP/1.1" 200 111
190.171.153.50 - - [14/Mar/2024:09:00:25 -0300] "GET /cormun/static/Shared/jqueryui/images/ui-bg_highlight-soft_100_c6c2c8_1x100.png HTTP/1.1" 404 1117
190.171.153.50 - - [14/Mar/2024:09:00:25 -0300] "GET /cormun/static/Shared/jqueryui/images/ui-icons_82798d_256x240.png HTTP/1.1" 404 1089
190.171.153.50 - - [14/Mar/2024:09:00:25 -0300] "GET /cormun/static/Shared/jqueryui/images/ui-bg_flat_55_994d53_40x100.png HTTP/1.1" 404 1097
190.171.153.50 - - [14/Mar/2024:09:00:25 -0300] "GET /cormun/static/Shared/jqueryui/images/ui-icons_ebccce_256x240.png HTTP/1.1" 404 1089
190.171.153.50 - - [14/Mar/2024:09:00:29 -0300] "GET /cormun/servlet/solicitudot?529882ea1ba9970432dad2236de9c2ac866c65bdaaced342aca7f92bf32d17c706f78212e8effd2cb9d049f32b8d29c9,gx-no-cache=1710417461798 HTTP/1.1" 200 30
190.171.153.50 - - [14/Mar/2024:09:06:20 -0300] "GET /cormun/static/Resources/PXTools/ClosePrompt.png HTTP/1.1" 200 1036
190.171.153.50 - - [14/Mar/2024:09:06:20 -0300] "GET /cormun/static/Resources/resize.gif HTTP/1.1" 200 77
190.171.153.50 - - [14/Mar/2024:09:06:20 -0300] "GET /cormun/servlet/prbanco?,MD,,gxPopupLevel%3D0%3B HTTP/1.1" 200 6615
190.171.153.50 - - [14/Mar/2024:09:06:20 -0300] "GET /cormun/static/gxcfg.js?20201216131581 HTTP/1.1" 200 953
190.171.153.50 - - [14/Mar/2024:09:06:20 -0300] "GET /cormun/static/Resources/PXToolsMenuSearch.png HTTP/1.1" 200 336
190.171.153.50 - - [14/Mar/2024:09:06:20 -0300] "GET /cormun/static/prbanco.js?20201216132311 HTTP/1.1" 200 10693
190.171.153.50 - - [14/Mar/2024:09:06:20 -0300] "GET /cormun/static/menusearch.js?20201214473581 HTTP/1.1" 200 1424
190.171.153.50 - - [14/Mar/2024:09:06:20 -0300] "GET /cormun/static/hmpwkw011.js?202211298443482 HTTP/1.1" 200 1968
190.171.153.50 - - [14/Mar/2024:09:06:20 -0300] "GET /cormun/static/Resources/PXToolsMenuSearchCancel.png HTTP/1.1" 200 306
190.171.153.50 - - [14/Mar/2024:09:06:20 -0300] "GET /cormun/static/Resources/PXToolsDataSearch.png HTTP/1.1" 200 435
190.171.153.50 - - [14/Mar/2024:09:06:25 -0300] "GET /cormun/servlet/solicitudot?529882ea1ba9970432dad2236de9c2ac3a4cc8bd6c16df17bb08c56055c02fed,gx-no-cache=1710417818411 HTTP/1.1" 200 94
190.171.153.50 - - [14/Mar/2024:09:06:26 -0300] "GET /cormun/servlet/solicitudot?529882ea1ba9970432dad2236de9c2acf43efde555a4324e10b1aad9f7446fc8,gx-no-cache=1710417819229 HTTP/1.1" 200 53
190.171.153.50 - - [14/Mar/2024:09:07:43 -0300] "GET /cormun/servlet/solicitudot?529882ea1ba9970432dad2236de9c2ac470ad46cfa311064e9f3945bb6cb8e358fb4bccc2ab793751d49332b469084f575e64a5d72cd2fcc6e9ec2654a15e0a7,gx-no-cache=1710417895995 HTTP/1.1" 200 30
190.171.153.50 - - [14/Mar/2024:09:07:46 -0300] "POST /cormun/servlet/solicitudot?gx-no-cache=1710417899677 HTTP/1.1" 200 297
190.171.153.50 - - [14/Mar/2024:09:07:46 -0300] "GET /cormun/servlet/solicitudot?529882ea1ba9970432dad2236de9c2ac3645fbcbe8cf9d733ba3e94bff0a08139094c76e573ebbc5ae1aee2b06d1f9151cc387f5d79348a5635b74c9aaa6be5f6e9b4bd7d19e24846e8a973b2058ea6913a6f6d0d075a23f331b2fa1a8789a847eb6d3e2f9a01a5c45a5d35101f8c3ec50d8025f76b964d5e2007f0b8671b16805997f15fc3bf6459b85107d43c24c66db9ab8b33dabf09d3d6ae281162b11b09bcb92b9fe4a62b1e8508a291740d613bfb304272186fe604a58afd019a2d5e79273498142bca039d7507b85049a5ee63e56aa025dc3a2b0f9b87a33e1e2c8f17d0cbf0a8e8b60be86c58e0ce2b2c9d1ec9341f827ed70c9ed4f5d4127dc768b6d0f87f1c58e3874a39157e84f1d45551e362cf5afe43decadd80beac36d968467b6e2ef4b8027d796f904a7e504c9d884d983930509f8efb925b3e944239ad69c3e648f4a9376ff9aeb67390a3b15eb1f8fdde5cdda5ed42939642eeaa09bc4a40233544f57ce512dffac4155dce3d816d9ef29b6269432f4ce4cdf8843ac324f75e2d1d73d45c3d26faeab8649bd92,gx-no-cache=1710417899703 HTTP/1.1" 200 30
190.171.153.50 - - [14/Mar/2024:09:07:48 -0300] "POST /cormun/servlet/solicitudot?gx-no-cache=1710417901355 HTTP/1.1" 200 30
190.171.153.50 - - [14/Mar/2024:09:07:50 -0300] "POST /cormun/servlet/solicitudot?gx-no-cache=1710417903096 HTTP/1.1" 200 1466
190.171.153.50 - - [14/Mar/2024:09:07:50 -0300] "POST /cormun/servlet/solicitudot?gx-no-cache=1710417903125 HTTP/1.1" 200 38
190.171.153.50 - - [14/Mar/2024:09:09:48 -0300] "GET /cormun/servlet/solicitudot?529882ea1ba9970432dad2236de9c2ac907cf3d75bf4bac486e3928dd29550d6fbc883b6cfe8055dc9aaeb70e74bda04a8874dfe82fe9428f15a953097be8f41a4e2902738bedae9a87fea745306cb53d3ffbec643b904e0e52b8cb7afc1e9947d7d0041e62e67e7460427271a0648c6,gx-no-cache=1710418021391 HTTP/1.1" 200 110
190.171.153.50 - - [14/Mar/2024:09:09:51 -0300] "POST /cormun/servlet/solicitudot?gx-no-cache=1710418024435 HTTP/1.1" 200 79
107.189.29.60 - - [14/Mar/2024:09:10:19 -0300] "GET /manager/html HTTP/1.1" 401 2474
107.189.29.60 - - [14/Mar/2024:09:10:19 -0300] "GET /manager/html HTTP/1.1" 401 2474
190.171.153.50 - - [14/Mar/2024:09:10:48 -0300] "GET /cormun/servlet/solicitudot?529882ea1ba9970432dad2236de9c2acc6fedf12cb23a446c915764d80aaf4b67b2ff827f1743ff07086e871f73c0bce5891e9233d7859309004df7b880487d870b7f3c10acec55d6b48c723e4124dd2ad5ce3963788bc6142d12fc1a562f365cc555fa13db2bb21b110a47b1337488c,gx-no-cache=1710418081275 HTTP/1.1" 200 29
190.171.153.50 - - [14/Mar/2024:09:10:48 -0300] "GET /cormun/static/menuarrow.gif HTTP/1.1" 404 1015
190.171.153.50 - - [14/Mar/2024:09:10:58 -0300] "GET /cormun/servlet/solicitudot?529882ea1ba9970432dad2236de9c2ac8f9afaafd63a67b8708e199881cf824777b30b18fe1f46cab3fe8233b301a257,gx-no-cache=1710418090926 HTTP/1.1" 200 30
190.171.153.50 - - [14/Mar/2024:09:11:06 -0300] "POST /cormun/servlet/solicitudot?gx-no-cache=1710418099128 HTTP/1.1" 200 30
190.171.153.50 - - [14/Mar/2024:09:11:09 -0300] "POST /cormun/servlet/solicitudot?babc3e198395295e2028eafebab17711,INS,0,0,false,,gx-no-cache=1710418102156 HTTP/1.1" 200 93
190.171.153.50 - - [14/Mar/2024:09:11:09 -0300] "GET /cormun/servlet/hpexe_return? HTTP/1.1" 200 1007
190.171.153.50 - - [14/Mar/2024:09:11:09 -0300] "GET /cormun/static/gxcfg.js?20221129846035 HTTP/1.1" 200 953
190.171.153.50 - - [14/Mar/2024:09:11:09 -0300] "GET /cormun/static/hpexe_return.js?20221129846037 HTTP/1.1" 200 1633
190.171.153.50 - - [14/Mar/2024:09:11:10 -0300] "GET /cormun/servlet/trsolicitudot HTTP/1.1" 200 9389
190.171.153.50 - - [14/Mar/2024:09:11:10 -0300] "GET /cormun/static/gxcfg.js?20221129846531 HTTP/1.1" 200 953
190.171.153.50 - - [14/Mar/2024:09:11:10 -0300] "GET /cormun/static/trsolicitudot.js?202211298465651 HTTP/1.1" 200 54040
190.171.153.50 - - [14/Mar/2024:09:11:10 -0300] "GET /cormun/static/Resources/PXToolsActionExcel.png HTTP/1.1" 200 727
190.171.153.50 - - [14/Mar/2024:09:11:10 -0300] "GET /cormun/static/Resources/PXToolsAddAllAction.png HTTP/1.1" 200 495
190.171.153.50 - - [14/Mar/2024:09:11:10 -0300] "GET /cormun//static/Resources/PXToolsGridUpdate.png HTTP/1.1" 200 470
190.171.153.50 - - [14/Mar/2024:09:11:10 -0300] "GET /cormun//static/Resources/PXToolsActionView.png HTTP/1.1" 200 398
190.171.153.50 - - [14/Mar/2024:09:11:10 -0300] "GET /cormun//static/Resources/PXTools/ActionInsert.png HTTP/1.1" 200 1482
190.171.153.50 - - [14/Mar/2024:09:11:10 -0300] "GET /cormun//static/Resources/PXToolsGridDelete.png HTTP/1.1" 200 538
190.171.153.50 - - [14/Mar/2024:09:11:10 -0300] "GET /cormun//static/Resources/PXToolsRemoveAllAction.png HTTP/1.1" 200 487
190.171.153.50 - - [14/Mar/2024:09:11:53 -0300] "GET /cormun/servlet/hlogin HTTP/1.1" 200 1721
190.171.153.50 - - [14/Mar/2024:09:11:54 -0300] "GET /cormun/servlet/hlogin HTTP/1.1" 200 1731
190.171.153.50 - - [14/Mar/2024:09:11:54 -0300] "GET /favicon.ico HTTP/1.1" 200 21630
190.171.153.50 - - [14/Mar/2024:09:11:58 -0300] "POST /cormun/servlet/hlogin?99c89734f5c70d377b24bae110bb5f21,gx-no-cache=1710418155150 HTTP/1.1" 200 90
190.171.153.50 - - [14/Mar/2024:09:11:58 -0300] "GET /cormun/servlet/hpexe_link HTTP/1.1" 200 952
190.171.153.50 - - [14/Mar/2024:09:11:58 -0300] "GET /cormun/servlet/hhome HTTP/1.1" 200 4280
190.171.153.50 - - [14/Mar/2024:09:12:03 -0300] "GET /cormun/servlet/trautorizarsolicitud? HTTP/1.1" 200 8798
190.171.153.50 - - [14/Mar/2024:09:12:03 -0300] "GET /cormun/static/gxcfg.js?202211298474254 HTTP/1.1" 200 953
190.171.153.50 - - [14/Mar/2024:09:12:03 -0300] "GET /cormun/static/trautorizarsolicitud.js?202211298474588 HTTP/1.1" 200 53909
190.171.153.50 - - [14/Mar/2024:09:12:03 -0300] "GET /cormun//static/Resources/PXToolsActionView.png HTTP/1.1" 200 398
190.171.153.50 - - [14/Mar/2024:09:12:03 -0300] "GET /cormun//static/Resources/PXToolsRemoveAllAction.png HTTP/1.1" 200 487
190.171.153.50 - - [14/Mar/2024:09:12:03 -0300] "GET /cormun//static/Resources/PXToolsGridDelete.png HTTP/1.1" 200 538
190.171.153.50 - - [14/Mar/2024:09:12:03 -0300] "GET /cormun//static/Resources/PXToolsGridUpdate.png HTTP/1.1" 200 470
190.171.153.50 - - [14/Mar/2024:09:12:19 -0300] "POST /cormun/servlet/trautorizarsolicitud?99c89734f5c70d377b24bae110bb5f21,,gx-no-cache=1710418176132 HTTP/1.1" 200 4793
190.171.153.50 - - [14/Mar/2024:09:12:19 -0300] "GET /cormun/static/Shared/jqueryui/images/ui-bg_highlight-soft_100_c6c2c8_1x100.png HTTP/1.1" 404 1117
190.171.153.50 - - [14/Mar/2024:09:12:19 -0300] "GET /cormun/static/Shared/jqueryui/images/ui-icons_82798d_256x240.png HTTP/1.1" 404 1089
190.171.153.50 - - [14/Mar/2024:09:12:19 -0300] "GET /cormun/static/Shared/jqueryui/images/ui-bg_flat_55_fafafa_40x100.png HTTP/1.1" 404 1097
190.171.153.50 - - [14/Mar/2024:09:12:19 -0300] "GET /cormun/static/Shared/jqueryui/images/ui-icons_8d78a5_256x240.png HTTP/1.1" 404 1089
190.171.153.50 - - [14/Mar/2024:09:12:19 -0300] "POST /cormun/servlet/trautorizarsolicitud?99c89734f5c70d377b24bae110bb5f21,,gx-no-cache=1710418176274 HTTP/1.1" 200 4541
190.171.143.82 - - [14/Mar/2024:09:14:48 -0300] "GET /cormun/servlet/trsolicitudot? HTTP/1.1" 200 7574
190.171.152.114 - - [14/Mar/2024:09:14:50 -0300] "GET /cormun/servlet/hlogin HTTP/1.1" 200 1723
190.171.152.114 - - [14/Mar/2024:09:14:50 -0300] "GET /cormun/servlet/hlogin HTTP/1.1" 200 1733
190.171.143.82 - - [14/Mar/2024:09:14:54 -0300] "GET /cormun/servlet/trsolicitudot? HTTP/1.1" 200 7574
190.171.143.82 - - [14/Mar/2024:09:14:57 -0300] "GET /cormun/servlet/solicitudot?INS,0,0,false, HTTP/1.1" 200 16329
190.171.143.82 - - [14/Mar/2024:09:15:19 -0300] "POST /cormun/servlet/solicitudot?gx-no-cache=1710418351007 HTTP/1.1" 200 4022
190.171.143.82 - - [14/Mar/2024:09:15:19 -0300] "POST /cormun/servlet/solicitudot?4602dd3ffe70f2ea635069076249bed7,INS,0,0,false,,gx-no-cache=1710418351214 HTTP/1.1" 200 12864
190.171.143.82 - - [14/Mar/2024:09:15:21 -0300] "GET /cormun/servlet/solicitudot?3a71a64a0026936854bb7aa7c8b013a0fba80fd8ebb28295a8dcf89ea46959e979fbe19f3cd7dffc5f3c9f21792ae9f2,gx-no-cache=1710418352983 HTTP/1.1" 200 111
190.171.143.82 - - [14/Mar/2024:09:15:21 -0300] "GET /cormun/static/Shared/jqueryui/images/ui-bg_highlight-soft_100_c6c2c8_1x100.png HTTP/1.1" 404 1117
190.171.143.82 - - [14/Mar/2024:09:15:21 -0300] "GET /cormun/static/Shared/jqueryui/images/ui-icons_82798d_256x240.png HTTP/1.1" 404 1089
190.171.143.82 - - [14/Mar/2024:09:15:21 -0300] "GET /cormun/static/Shared/jqueryui/images/ui-bg_flat_55_994d53_40x100.png HTTP/1.1" 404 1097
190.171.143.82 - - [14/Mar/2024:09:15:21 -0300] "GET /cormun/static/Shared/jqueryui/images/ui-icons_ebccce_256x240.png HTTP/1.1" 404 1089
190.171.143.82 - - [14/Mar/2024:09:15:29 -0300] "POST /cormun/servlet/solicitudot?gx-no-cache=1710418361191 HTTP/1.1" 200 4034
190.171.143.82 - - [14/Mar/2024:09:15:29 -0300] "POST /cormun/servlet/solicitudot?4602dd3ffe70f2ea635069076249bed7,INS,0,0,false,,gx-no-cache=1710418361363 HTTP/1.1" 200 12916
190.171.143.82 - - [14/Mar/2024:09:15:33 -0300] "GET /cormun/servlet/solicitudot?3a71a64a0026936854bb7aa7c8b013a0808139078065635dba6a38b6548c289cc90409e800089a95a365f9a6d5e22819,gx-no-cache=1710418364800 HTTP/1.1" 200 30
190.171.152.114 - - [14/Mar/2024:09:16:18 -0300] "POST /cormun/servlet/hlogin?599ebd315b8734efe2a93928ecf3e07b,gx-no-cache=1710418410682 HTTP/1.1" 200 90
190.171.152.114 - - [14/Mar/2024:09:16:18 -0300] "GET /cormun/servlet/hpexe_link HTTP/1.1" 200 952
190.171.152.114 - - [14/Mar/2024:09:16:18 -0300] "GET /cormun/servlet/hhome HTTP/1.1" 200 4330
190.171.152.114 - - [14/Mar/2024:09:16:21 -0300] "GET /cormun/servlet/trlicencias? HTTP/1.1" 200 9783
190.171.153.50 - - [14/Mar/2024:09:16:52 -0300] "POST /cormun/servlet/trsolicitudot?babc3e198395295e2028eafebab17711,gx-no-cache=1710418445473 HTTP/1.1" 200 107
190.171.153.50 - - [14/Mar/2024:09:16:52 -0300] "GET /cormun/servlet/trsolicitudadjuntos?2024,20852, HTTP/1.1" 200 6382
190.171.153.50 - - [14/Mar/2024:09:16:52 -0300] "GET /cormun/static/gxcfg.js?20201215574222 HTTP/1.1" 200 953
190.171.153.50 - - [14/Mar/2024:09:16:52 -0300] "GET /cormun/static/Resources/PXToolsGridNew.png HTTP/1.1" 200 427
190.171.153.50 - - [14/Mar/2024:09:16:52 -0300] "GET /cormun/static/trsolicitudadjuntos.js?20201215574932 HTTP/1.1" 200 17921
190.171.143.82 - - [14/Mar/2024:09:16:59 -0300] "GET /cormun/servlet/prbanco?,MD,,gxPopupLevel%3D0%3B HTTP/1.1" 200 6715
190.171.143.82 - - [14/Mar/2024:09:17:07 -0300] "GET /cormun/servlet/solicitudot?3a71a64a0026936854bb7aa7c8b013a0a72fddf88c8752136b2db7e8726ac6361eb7aaf193e245ce48fc1bdc2da9e7ca7ad7a318dfbcb46c7668baeb7576fd02,gx-no-cache=1710418459309 HTTP/1.1" 200 30
190.171.143.82 - - [14/Mar/2024:09:17:12 -0300] "GET /cormun/servlet/solicitudot?3a71a64a0026936854bb7aa7c8b013a017fa4614d8f46c76d7dea2fee0b46a96,gx-no-cache=1710418463810 HTTP/1.1" 200 53
190.171.143.82 - - [14/Mar/2024:09:17:25 -0300] "POST /cormun/servlet/solicitudot?gx-no-cache=1710418477286 HTTP/1.1" 200 297
190.171.143.82 - - [14/Mar/2024:09:17:27 -0300] "GET /cormun/servlet/solicitudot?3a71a64a0026936854bb7aa7c8b013a021ad14270cea30090f523032858c9b361d562ce3577b680fe0a88304a83361a20d2a8d701cd0ebfe750d885c6c7b23ba2d419fc812c9a54d164bbca15c20fa78ba140f0be61c69471abbb1b7c7bd550a68225f0e9da700eacd12dc32af724c14811b48328f6beb4ae3f766d8341a78cbbe6d4d05471cd0805a1d2f4f191f0907ae4439fc8d977f305a40ddf07d87da147096b529194bfd9ab94260794602de9f36f66b391afb60fe75fc23c2d6c4d08775235b386c2b5f0221396f2c3d5d4e1f3ffec52196185f7a30238e8e7073689da5fae0f1ea4f99eb39ab2c62c4eb0c00484d28777866690c790afd7286f8f1ea1e37b40df5d052c491f03789ab6dc1813385b353bd986e98a1c987210befd989ca3b42a4345f175f6456ad53efc608e879dce66410d6f8793fa0fce92ec0de67269de7a63d6343475b6b633b953aed48f6155fb885743248468f2bfead36b9c09765e3656f1f355f0ff91609bbf78d71a013d903a84f0ca5603555a16e38a73abb1a501e2e9f28dbf03314150111e439,gx-no-cache=1710418478994 HTTP/1.1" 200 30
190.171.143.82 - - [14/Mar/2024:09:17:28 -0300] "POST /cormun/servlet/solicitudot?gx-no-cache=1710418480306 HTTP/1.1" 200 30
190.171.143.82 - - [14/Mar/2024:09:17:31 -0300] "POST /cormun/servlet/solicitudot?gx-no-cache=1710418483429 HTTP/1.1" 200 1468
190.171.143.82 - - [14/Mar/2024:09:17:31 -0300] "POST /cormun/servlet/solicitudot?gx-no-cache=1710418483489 HTTP/1.1" 200 38
190.171.143.82 - - [14/Mar/2024:09:18:43 -0300] "GET /cormun/servlet/solicitudot?3a71a64a0026936854bb7aa7c8b013a0c129d1841027566ccf464838bf375682ae14c98b94d5777efb24c95a294080838aa318a4e4d4ec5d61798d665083589eac13d2a0d18d8a6b1fe8806bd7eb6b5fab2e0a29b21b8fdba10c344787fb25baaa68d048014a35ac063225a8eef1b0b9,gx-no-cache=1710418555228 HTTP/1.1" 200 110
190.171.143.82 - - [14/Mar/2024:09:18:43 -0300] "POST /cormun/servlet/solicitudot?gx-no-cache=1710418555286 HTTP/1.1" 200 83
190.171.143.82 - - [14/Mar/2024:09:18:47 -0300] "GET /cormun/servlet/solicitudot?3a71a64a0026936854bb7aa7c8b013a01f31c51df69876f7ec5a477f7d841dd9ff601b83be24bff8ac13c0b80a9c9a3b04bf92f09047d7c6d6708a6767bcd0c3e5d6466235108fccf5e92a09cbc73f59bd8be94f3fa306fa0d419fcf7dc93b583cead71b8daeab2c846368448089d731,gx-no-cache=1710418559057 HTTP/1.1" 200 29
190.171.143.82 - - [14/Mar/2024:09:18:53 -0300] "GET /cormun/servlet/solicitudot?3a71a64a0026936854bb7aa7c8b013a02bf77800b065a6b5f75c6355737d00c0574065b05b4b391d09565f740b5a73dc,gx-no-cache=1710418565017 HTTP/1.1" 200 30
190.171.153.50 - - [14/Mar/2024:09:18:58 -0300] "GET /cormun/servlet/solicitudotadjuntos?INS,2024,20852,,1, HTTP/1.1" 200 6327
190.171.153.50 - - [14/Mar/2024:09:18:58 -0300] "GET /cormun/static/gxcfg.js?202211298385187 HTTP/1.1" 200 953
190.171.153.50 - - [14/Mar/2024:09:18:58 -0300] "GET /cormun/static/Resources/PXTools/calendar.png HTTP/1.1" 200 1306
190.171.153.50 - - [14/Mar/2024:09:18:58 -0300] "GET /cormun/static/solicitudotadjuntos.js?202211298385196 HTTP/1.1" 200 11771
190.171.153.50 - - [14/Mar/2024:09:18:58 -0300] "GET /cormun/static/about:blank HTTP/1.1" 404 1011
190.171.153.50 - - [14/Mar/2024:09:18:59 -0300] "GET /cormun/servlet/solicitudotadjuntos?529882ea1ba9970432dad2236de9c2acc255b55ecb33c529285c9e4e697b1a3c8ffafc2c8790dc34601575ae2c6bf2a0,gx-no-cache=1710418572117 HTTP/1.1" 200 30
190.171.153.50 - - [14/Mar/2024:09:18:59 -0300] "POST /cormun/servlet/solicitudotadjuntos?babc3e198395295e2028eafebab17711,INS,2024,20852,,1,,gx-no-cache=1710418572161 HTTP/1.1" 200 4155
41.186.73.134 - - [14/Mar/2024:09:19:08 -0300] "GET /manager/html HTTP/1.1" 401 2474
41.186.73.134 - - [14/Mar/2024:09:19:09 -0300] "GET /manager/html HTTP/1.1" 401 2474
190.171.153.50 - - [14/Mar/2024:09:19:29 -0300] "POST /cormun/servlet/solicitudotadjuntos?gx-no-cache=1710418602415 HTTP/1.1" 200 26
190.171.143.82 - - [14/Mar/2024:09:19:44 -0300] "POST /cormun/servlet/solicitudot?gx-no-cache=1710418615700 HTTP/1.1" 200 30
190.171.143.82 - - [14/Mar/2024:09:19:44 -0300] "POST /cormun/servlet/solicitudot?4602dd3ffe70f2ea635069076249bed7,INS,0,0,false,,gx-no-cache=1710418615760 HTTP/1.1" 200 93
190.171.143.82 - - [14/Mar/2024:09:19:44 -0300] "GET /cormun/servlet/hpexe_return? HTTP/1.1" 200 1003
190.171.143.82 - - [14/Mar/2024:09:19:45 -0300] "GET /cormun/servlet/trsolicitudot HTTP/1.1" 200 8948
190.171.153.50 - - [14/Mar/2024:09:19:47 -0300] "GET /cormun/servlet/solicitudotadjuntos?529882ea1ba9970432dad2236de9c2ac29ce8093d72d6fe6c2b004227982faef,gx-no-cache=1710418620639 HTTP/1.1" 200 30
190.171.153.50 - - [14/Mar/2024:09:19:47 -0300] "GET /cormun/servlet/solicitudotadjuntos?529882ea1ba9970432dad2236de9c2ac29ce8093d72d6fe6c2b004227982faef,gx-no-cache=1710418620649 HTTP/1.1" 200 30
190.171.153.50 - - [14/Mar/2024:09:19:48 -0300] "POST /cormun/servlet/solicitudotadjuntos?babc3e198395295e2028eafebab17711,INS,2024,20852,,1, HTTP/1.1" 200 116
190.171.153.50 - - [14/Mar/2024:09:19:48 -0300] "GET /cormun/servlet/hpexe_return? HTTP/1.1" 200 1024
190.171.153.50 - - [14/Mar/2024:09:19:48 -0300] "GET /cormun/static/gxcfg.js?20221129846035 HTTP/1.1" 200 953
190.171.153.50 - - [14/Mar/2024:09:19:48 -0300] "GET /cormun/static/hpexe_return.js?20221129846037 HTTP/1.1" 200 1633
190.171.153.50 - - [14/Mar/2024:09:19:48 -0300] "GET /cormun/servlet/trsolicitudadjuntos?2024,20852, HTTP/1.1" 200 9297
190.171.153.50 - - [14/Mar/2024:09:19:48 -0300] "GET /cormun/static/gxcfg.js?20201215574222 HTTP/1.1" 200 953
190.171.153.50 - - [14/Mar/2024:09:19:48 -0300] "GET /cormun/static/trsolicitudadjuntos.js?20201215574932 HTTP/1.1" 200 17921
190.171.153.50 - - [14/Mar/2024:09:19:48 -0300] "GET /cormun/static/Resources/PXToolsGridNew.png HTTP/1.1" 200 427
190.171.153.50 - - [14/Mar/2024:09:19:50 -0300] "GET /cormun/servlet/solicitudotadjuntos?INS,2024,20852,,1, HTTP/1.1" 200 6327
190.171.153.50 - - [14/Mar/2024:09:19:51 -0300] "GET /cormun/static/about:blank HTTP/1.1" 404 1011
190.171.153.50 - - [14/Mar/2024:09:19:51 -0300] "GET /cormun/servlet/solicitudotadjuntos?529882ea1ba9970432dad2236de9c2acc255b55ecb33c529285c9e4e697b1a3c8ffafc2c8790dc34601575ae2c6bf2a0,gx-no-cache=1710418624345 HTTP/1.1" 200 30
190.171.153.50 - - [14/Mar/2024:09:19:51 -0300] "POST /cormun/servlet/solicitudotadjuntos?babc3e198395295e2028eafebab17711,INS,2024,20852,,1,,gx-no-cache=1710418624363 HTTP/1.1" 200 4155
190.171.153.50 - - [14/Mar/2024:09:19:53 -0300] "POST /cormun/servlet/solicitudotadjuntos?gx-no-cache=1710418626430 HTTP/1.1" 200 26
181.212.40.185 - - [14/Mar/2024:09:20:01 -0300] "GET /cormun/servlet/trsolicitudot? HTTP/1.1" 200 6324
190.171.143.82 - - [14/Mar/2024:09:20:01 -0300] "POST /cormun/servlet/trsolicitudot?4602dd3ffe70f2ea635069076249bed7,gx-no-cache=1710418632939 HTTP/1.1" 200 107
181.212.40.185 - - [14/Mar/2024:09:20:01 -0300] "GET /cormun/servlet/trsolicitudot? HTTP/1.1" 200 6324
190.171.143.82 - - [14/Mar/2024:09:20:01 -0300] "GET /cormun/servlet/trsolicitudadjuntos?2024,20853, HTTP/1.1" 200 6467
181.212.40.185 - - [14/Mar/2024:09:20:01 -0300] "GET /cormun/servlet/hlogin HTTP/1.1" 200 1739
190.171.143.82 - - [14/Mar/2024:09:20:04 -0300] "GET /cormun/servlet/solicitudotadjuntos?INS,2024,20853,,1, HTTP/1.1" 200 6406
190.171.143.82 - - [14/Mar/2024:09:20:05 -0300] "GET /cormun/static/about:blank HTTP/1.1" 404 1011
190.171.143.82 - - [14/Mar/2024:09:20:06 -0300] "GET /cormun/servlet/solicitudotadjuntos?3a71a64a0026936854bb7aa7c8b013a0b5a82edf382a4926be2bcd12de8d33dccfbdcb3897e13719662d0dae1ee09311,gx-no-cache=1710418637850 HTTP/1.1" 200 30
190.171.143.82 - - [14/Mar/2024:09:20:06 -0300] "POST /cormun/servlet/solicitudotadjuntos?4602dd3ffe70f2ea635069076249bed7,INS,2024,20853,,1,,gx-no-cache=1710418637888 HTTP/1.1" 200 4142
190.171.143.82 - - [14/Mar/2024:09:20:11 -0300] "POST /cormun/servlet/solicitudotadjuntos?gx-no-cache=1710418643491 HTTP/1.1" 200 26
181.212.40.185 - - [14/Mar/2024:09:20:12 -0300] "POST /cormun/servlet/hlogin?38906113212b4b8834eedd51eb47e45d,gx-no-cache=1710418644605 HTTP/1.1" 200 90
181.212.40.185 - - [14/Mar/2024:09:20:12 -0300] "GET /cormun/servlet/hpexe_link HTTP/1.1" 200 957
181.212.40.185 - - [14/Mar/2024:09:20:13 -0300] "GET /cormun/servlet/trsolicitudot HTTP/1.1" 200 7257
181.212.40.185 - - [14/Mar/2024:09:20:19 -0300] "GET /cormun/servlet/trsolicitudot? HTTP/1.1" 200 7256
190.171.143.82 - - [14/Mar/2024:09:20:21 -0300] "GET /cormun/servlet/solicitudotadjuntos?3a71a64a0026936854bb7aa7c8b013a0dee85ec00c0634b862d59463ade3aecb,gx-no-cache=1710418653573 HTTP/1.1" 200 30
190.171.143.82 - - [14/Mar/2024:09:20:21 -0300] "GET /cormun/servlet/solicitudotadjuntos?3a71a64a0026936854bb7aa7c8b013a0dee85ec00c0634b862d59463ade3aecb,gx-no-cache=1710418653595 HTTP/1.1" 200 30
190.171.143.82 - - [14/Mar/2024:09:20:22 -0300] "POST /cormun/servlet/solicitudotadjuntos?4602dd3ffe70f2ea635069076249bed7,INS,2024,20853,,1, HTTP/1.1" 200 116
190.171.143.82 - - [14/Mar/2024:09:20:22 -0300] "GET /cormun/servlet/hpexe_return? HTTP/1.1" 200 1021
190.171.143.82 - - [14/Mar/2024:09:20:22 -0300] "GET /cormun/servlet/trsolicitudadjuntos?2024,20853, HTTP/1.1" 200 9410
107.189.29.60 - - [14/Mar/2024:09:20:23 -0300] "GET /manager/html HTTP/1.1" 401 2474
107.189.29.60 - - [14/Mar/2024:09:20:24 -0300] "GET /manager/html HTTP/1.1" 401 2474
190.171.143.82 - - [14/Mar/2024:09:20:25 -0300] "GET /cormun/servlet/solicitudotadjuntos?INS,2024,20853,,1, HTTP/1.1" 200 6406
190.171.143.82 - - [14/Mar/2024:09:20:25 -0300] "GET /cormun/static/about:blank HTTP/1.1" 404 1011
190.171.143.82 - - [14/Mar/2024:09:20:26 -0300] "GET /cormun/servlet/solicitudotadjuntos?3a71a64a0026936854bb7aa7c8b013a0b5a82edf382a4926be2bcd12de8d33dccfbdcb3897e13719662d0dae1ee09311,gx-no-cache=1710418658197 HTTP/1.1" 200 30
190.171.143.82 - - [14/Mar/2024:09:20:26 -0300] "POST /cormun/servlet/solicitudotadjuntos?4602dd3ffe70f2ea635069076249bed7,INS,2024,20853,,1,,gx-no-cache=1710418658228 HTTP/1.1" 200 4142
181.212.40.185 - - [14/Mar/2024:09:20:27 -0300] "GET /cormun/servlet/solicitudot?INS,0,0,false, HTTP/1.1" 200 16175
190.171.143.82 - - [14/Mar/2024:09:20:28 -0300] "POST /cormun/servlet/solicitudotadjuntos?gx-no-cache=1710418659841 HTTP/1.1" 200 26
190.171.153.50 - - [14/Mar/2024:09:20:31 -0300] "GET /cormun/servlet/solicitudotadjuntos?529882ea1ba9970432dad2236de9c2ac29ce8093d72d6fe6c2b004227982faef,gx-no-cache=1710418664194 HTTP/1.1" 200 30
190.171.153.50 - - [14/Mar/2024:09:20:31 -0300] "GET /cormun/servlet/solicitudotadjuntos?529882ea1ba9970432dad2236de9c2ac29ce8093d72d6fe6c2b004227982faef,gx-no-cache=1710418664213 HTTP/1.1" 200 30
190.171.153.50 - - [14/Mar/2024:09:20:31 -0300] "POST /cormun/servlet/solicitudotadjuntos?babc3e198395295e2028eafebab17711,INS,2024,20852,,1, HTTP/1.1" 200 116
190.171.153.50 - - [14/Mar/2024:09:20:31 -0300] "GET /cormun/servlet/hpexe_return? HTTP/1.1" 200 1024
190.171.153.50 - - [14/Mar/2024:09:20:31 -0300] "GET /cormun/servlet/trsolicitudadjuntos?2024,20852, HTTP/1.1" 200 9547
190.171.153.50 - - [14/Mar/2024:09:20:33 -0300] "GET /cormun/servlet/solicitudotadjuntos?INS,2024,20852,,1, HTTP/1.1" 200 6327
190.171.153.50 - - [14/Mar/2024:09:20:34 -0300] "GET /cormun/static/about:blank HTTP/1.1" 404 1011
190.171.153.50 - - [14/Mar/2024:09:20:34 -0300] "GET /cormun/servlet/solicitudotadjuntos?529882ea1ba9970432dad2236de9c2acc255b55ecb33c529285c9e4e697b1a3c8ffafc2c8790dc34601575ae2c6bf2a0,gx-no-cache=1710418667306 HTTP/1.1" 200 30
190.171.153.50 - - [14/Mar/2024:09:20:34 -0300] "POST /cormun/servlet/solicitudotadjuntos?babc3e198395295e2028eafebab17711,INS,2024,20852,,1,,gx-no-cache=1710418667323 HTTP/1.1" 200 4157
190.171.143.82 - - [14/Mar/2024:09:20:36 -0300] "GET /cormun/servlet/solicitudotadjuntos?3a71a64a0026936854bb7aa7c8b013a0dee85ec00c0634b862d59463ade3aecb,gx-no-cache=1710418668481 HTTP/1.1" 200 30
190.171.143.82 - - [14/Mar/2024:09:20:36 -0300] "GET /cormun/servlet/solicitudotadjuntos?3a71a64a0026936854bb7aa7c8b013a0dee85ec00c0634b862d59463ade3aecb,gx-no-cache=1710418668506 HTTP/1.1" 200 30
190.171.143.82 - - [14/Mar/2024:09:20:37 -0300] "POST /cormun/servlet/solicitudotadjuntos?4602dd3ffe70f2ea635069076249bed7,INS,2024,20853,,1, HTTP/1.1" 200 116
190.171.153.50 - - [14/Mar/2024:09:20:37 -0300] "POST /cormun/servlet/solicitudotadjuntos?gx-no-cache=1710418669811 HTTP/1.1" 200 26
190.171.143.82 - - [14/Mar/2024:09:20:37 -0300] "GET /cormun/servlet/hpexe_return? HTTP/1.1" 200 1021
190.171.143.82 - - [14/Mar/2024:09:20:37 -0300] "GET /cormun/servlet/trsolicitudadjuntos?2024,20853, HTTP/1.1" 200 9646
190.171.143.82 - - [14/Mar/2024:09:20:40 -0300] "GET /cormun/servlet/solicitudotadjuntos?INS,2024,20853,,1, HTTP/1.1" 200 6406
190.171.143.82 - - [14/Mar/2024:09:20:40 -0300] "GET /cormun/static/about:blank HTTP/1.1" 404 1011
190.171.143.82 - - [14/Mar/2024:09:20:41 -0300] "GET /cormun/servlet/solicitudotadjuntos?3a71a64a0026936854bb7aa7c8b013a0b5a82edf382a4926be2bcd12de8d33dccfbdcb3897e13719662d0dae1ee09311,gx-no-cache=1710418673331 HTTP/1.1" 200 30
190.171.143.82 - - [14/Mar/2024:09:20:41 -0300] "POST /cormun/servlet/solicitudotadjuntos?4602dd3ffe70f2ea635069076249bed7,INS,2024,20853,,1,,gx-no-cache=1710418673361 HTTP/1.1" 200 4142
181.212.40.185 - - [14/Mar/2024:09:20:42 -0300] "POST /cormun/servlet/solicitudot?gx-no-cache=1710418674055 HTTP/1.1" 200 4134
181.212.40.185 - - [14/Mar/2024:09:20:42 -0300] "POST /cormun/servlet/solicitudot?38906113212b4b8834eedd51eb47e45d,INS,0,0,false,,gx-no-cache=1710418674158 HTTP/1.1" 200 13005
190.171.153.50 - - [14/Mar/2024:09:20:43 -0300] "GET /cormun/servlet/solicitudotadjuntos?529882ea1ba9970432dad2236de9c2ac29ce8093d72d6fe6c2b004227982faef,gx-no-cache=1710418676266 HTTP/1.1" 200 30
190.171.153.50 - - [14/Mar/2024:09:20:43 -0300] "GET /cormun/servlet/solicitudotadjuntos?529882ea1ba9970432dad2236de9c2ac29ce8093d72d6fe6c2b004227982faef,gx-no-cache=1710418676278 HTTP/1.1" 200 30
190.171.153.50 - - [14/Mar/2024:09:20:43 -0300] "POST /cormun/servlet/solicitudotadjuntos?babc3e198395295e2028eafebab17711,INS,2024,20852,,1, HTTP/1.1" 200 116
190.171.153.50 - - [14/Mar/2024:09:20:43 -0300] "GET /cormun/servlet/hpexe_return? HTTP/1.1" 200 1024
190.171.153.50 - - [14/Mar/2024:09:20:43 -0300] "GET /cormun/servlet/trsolicitudadjuntos?2024,20852, HTTP/1.1" 200 9791
190.171.143.82 - - [14/Mar/2024:09:20:43 -0300] "POST /cormun/servlet/solicitudotadjuntos?gx-no-cache=1710418675450 HTTP/1.1" 200 26
190.171.153.50 - - [14/Mar/2024:09:20:46 -0300] "GET /cormun/servlet/solicitudotadjuntos?INS,2024,20852,,1, HTTP/1.1" 200 6327
190.171.153.50 - - [14/Mar/2024:09:20:46 -0300] "GET /cormun/static/about:blank HTTP/1.1" 404 1011
190.171.153.50 - - [14/Mar/2024:09:20:46 -0300] "GET /cormun/servlet/solicitudotadjuntos?529882ea1ba9970432dad2236de9c2acc255b55ecb33c529285c9e4e697b1a3c8ffafc2c8790dc34601575ae2c6bf2a0,gx-no-cache=1710418679403 HTTP/1.1" 200 30
190.171.153.50 - - [14/Mar/2024:09:20:46 -0300] "POST /cormun/servlet/solicitudotadjuntos?babc3e198395295e2028eafebab17711,INS,2024,20852,,1,,gx-no-cache=1710418679421 HTTP/1.1" 200 4157
190.171.153.50 - - [14/Mar/2024:09:20:49 -0300] "POST /cormun/servlet/solicitudotadjuntos?gx-no-cache=1710418682523 HTTP/1.1" 200 26
190.171.143.82 - - [14/Mar/2024:09:20:55 -0300] "GET /cormun/servlet/solicitudotadjuntos?3a71a64a0026936854bb7aa7c8b013a0dee85ec00c0634b862d59463ade3aecb,gx-no-cache=1710418686884 HTTP/1.1" 200 30
190.171.143.82 - - [14/Mar/2024:09:20:55 -0300] "GET /cormun/servlet/solicitudotadjuntos?3a71a64a0026936854bb7aa7c8b013a0dee85ec00c0634b862d59463ade3aecb,gx-no-cache=1710418686905 HTTP/1.1" 200 30
190.171.143.82 - - [14/Mar/2024:09:20:55 -0300] "POST /cormun/servlet/solicitudotadjuntos?4602dd3ffe70f2ea635069076249bed7,INS,2024,20853,,1, HTTP/1.1" 200 116
190.171.153.50 - - [14/Mar/2024:09:20:55 -0300] "GET /cormun/servlet/solicitudotadjuntos?529882ea1ba9970432dad2236de9c2ac29ce8093d72d6fe6c2b004227982faef,gx-no-cache=1710418688218 HTTP/1.1" 200 30
190.171.143.82 - - [14/Mar/2024:09:20:55 -0300] "GET /cormun/servlet/hpexe_return? HTTP/1.1" 200 1021
190.171.153.50 - - [14/Mar/2024:09:20:55 -0300] "GET /cormun/servlet/solicitudotadjuntos?529882ea1ba9970432dad2236de9c2ac29ce8093d72d6fe6c2b004227982faef,gx-no-cache=1710418688231 HTTP/1.1" 200 30
190.171.153.50 - - [14/Mar/2024:09:20:55 -0300] "POST /cormun/servlet/solicitudotadjuntos?babc3e198395295e2028eafebab17711,INS,2024,20852,,1, HTTP/1.1" 200 116
190.171.153.50 - - [14/Mar/2024:09:20:55 -0300] "GET /cormun/servlet/hpexe_return? HTTP/1.1" 200 1024
190.171.153.50 - - [14/Mar/2024:09:20:55 -0300] "GET /cormun/servlet/trsolicitudadjuntos?2024,20852, HTTP/1.1" 200 10000
190.171.143.82 - - [14/Mar/2024:09:20:55 -0300] "GET /cormun/servlet/trsolicitudadjuntos?2024,20853, HTTP/1.1" 200 9887
190.171.143.82 - - [14/Mar/2024:09:20:58 -0300] "GET /cormun/servlet/solicitudotadjuntos?INS,2024,20853,,1, HTTP/1.1" 200 6408
190.171.143.82 - - [14/Mar/2024:09:20:59 -0300] "GET /cormun/static/about:blank HTTP/1.1" 404 1011
190.171.153.50 - - [14/Mar/2024:09:20:59 -0300] "GET /cormun/servlet/solicitudotadjuntos?INS,2024,20852,,1, HTTP/1.1" 200 6327
190.171.153.50 - - [14/Mar/2024:09:20:59 -0300] "GET /cormun/static/about:blank HTTP/1.1" 404 1011
190.171.143.82 - - [14/Mar/2024:09:20:59 -0300] "GET /cormun/servlet/solicitudotadjuntos?3a71a64a0026936854bb7aa7c8b013a0b5a82edf382a4926be2bcd12de8d33dccfbdcb3897e13719662d0dae1ee09311,gx-no-cache=1710418691656 HTTP/1.1" 200 30
190.171.143.82 - - [14/Mar/2024:09:21:00 -0300] "POST /cormun/servlet/solicitudotadjuntos?4602dd3ffe70f2ea635069076249bed7,INS,2024,20853,,1,,gx-no-cache=1710418691686 HTTP/1.1" 200 4143
190.171.153.50 - - [14/Mar/2024:09:21:00 -0300] "GET /cormun/servlet/solicitudotadjuntos?529882ea1ba9970432dad2236de9c2acc255b55ecb33c529285c9e4e697b1a3c8ffafc2c8790dc34601575ae2c6bf2a0,gx-no-cache=1710418692871 HTTP/1.1" 200 30
190.171.153.50 - - [14/Mar/2024:09:21:00 -0300] "POST /cormun/servlet/solicitudotadjuntos?babc3e198395295e2028eafebab17711,INS,2024,20852,,1,,gx-no-cache=1710418692886 HTTP/1.1" 200 4156
190.171.143.82 - - [14/Mar/2024:09:21:02 -0300] "POST /cormun/servlet/solicitudotadjuntos?gx-no-cache=1710418694293 HTTP/1.1" 200 26
190.171.153.50 - - [14/Mar/2024:09:21:03 -0300] "POST /cormun/servlet/solicitudotadjuntos?gx-no-cache=1710418696107 HTTP/1.1" 200 26
190.171.153.50 - - [14/Mar/2024:09:21:09 -0300] "GET /cormun/servlet/solicitudotadjuntos?529882ea1ba9970432dad2236de9c2ac29ce8093d72d6fe6c2b004227982faef,gx-no-cache=1710418702202 HTTP/1.1" 200 30
190.171.153.50 - - [14/Mar/2024:09:21:09 -0300] "GET /cormun/servlet/solicitudotadjuntos?529882ea1ba9970432dad2236de9c2ac29ce8093d72d6fe6c2b004227982faef,gx-no-cache=1710418702214 HTTP/1.1" 200 30
190.171.153.50 - - [14/Mar/2024:09:21:09 -0300] "POST /cormun/servlet/solicitudotadjuntos?babc3e198395295e2028eafebab17711,INS,2024,20852,,1, HTTP/1.1" 200 116
190.171.153.50 - - [14/Mar/2024:09:21:09 -0300] "GET /cormun/servlet/hpexe_return? HTTP/1.1" 200 1024
190.171.153.50 - - [14/Mar/2024:09:21:09 -0300] "GET /cormun/servlet/trsolicitudadjuntos?2024,20852, HTTP/1.1" 200 10274
190.171.143.82 - - [14/Mar/2024:09:21:10 -0300] "GET /cormun/servlet/solicitudotadjuntos?3a71a64a0026936854bb7aa7c8b013a0dee85ec00c0634b862d59463ade3aecb,gx-no-cache=1710418702380 HTTP/1.1" 200 30
190.171.143.82 - - [14/Mar/2024:09:21:10 -0300] "GET /cormun/servlet/solicitudotadjuntos?3a71a64a0026936854bb7aa7c8b013a0dee85ec00c0634b862d59463ade3aecb,gx-no-cache=1710418702401 HTTP/1.1" 200 30
190.171.143.82 - - [14/Mar/2024:09:21:10 -0300] "POST /cormun/servlet/solicitudotadjuntos?4602dd3ffe70f2ea635069076249bed7,INS,2024,20853,,1, HTTP/1.1" 200 116
190.171.143.82 - - [14/Mar/2024:09:21:11 -0300] "GET /cormun/servlet/hpexe_return? HTTP/1.1" 200 1021
190.171.143.82 - - [14/Mar/2024:09:21:11 -0300] "GET /cormun/servlet/trsolicitudadjuntos?2024,20853, HTTP/1.1" 200 10098
190.171.153.50 - - [14/Mar/2024:09:21:11 -0300] "GET /cormun/servlet/solicitudotadjuntos?INS,2024,20852,,1, HTTP/1.1" 200 6327
190.171.153.50 - - [14/Mar/2024:09:21:12 -0300] "GET /cormun/static/about:blank HTTP/1.1" 404 1011
190.171.153.50 - - [14/Mar/2024:09:21:12 -0300] "GET /cormun/servlet/solicitudotadjuntos?529882ea1ba9970432dad2236de9c2acc255b55ecb33c529285c9e4e697b1a3c8ffafc2c8790dc34601575ae2c6bf2a0,gx-no-cache=1710418705286 HTTP/1.1" 200 30
190.171.153.50 - - [14/Mar/2024:09:21:12 -0300] "POST /cormun/servlet/solicitudotadjuntos?babc3e198395295e2028eafebab17711,INS,2024,20852,,1,,gx-no-cache=1710418705304 HTTP/1.1" 200 4156
190.171.143.82 - - [14/Mar/2024:09:21:14 -0300] "GET /cormun/servlet/solicitudotadjuntos?INS,2024,20853,,1, HTTP/1.1" 200 6408
190.171.153.50 - - [14/Mar/2024:09:21:14 -0300] "POST /cormun/servlet/solicitudotadjuntos?gx-no-cache=1710418707498 HTTP/1.1" 200 26
190.171.143.82 - - [14/Mar/2024:09:21:15 -0300] "GET /cormun/static/about:blank HTTP/1.1" 404 1011
190.171.143.82 - - [14/Mar/2024:09:21:15 -0300] "GET /cormun/servlet/solicitudotadjuntos?3a71a64a0026936854bb7aa7c8b013a0b5a82edf382a4926be2bcd12de8d33dccfbdcb3897e13719662d0dae1ee09311,gx-no-cache=1710418707393 HTTP/1.1" 200 30
190.171.143.82 - - [14/Mar/2024:09:21:15 -0300] "POST /cormun/servlet/solicitudotadjuntos?4602dd3ffe70f2ea635069076249bed7,INS,2024,20853,,1,,gx-no-cache=1710418707421 HTTP/1.1" 200 4143
190.171.143.82 - - [14/Mar/2024:09:21:18 -0300] "POST /cormun/servlet/solicitudotadjuntos?gx-no-cache=1710418709722 HTTP/1.1" 200 26
190.171.153.50 - - [14/Mar/2024:09:21:20 -0300] "GET /cormun/servlet/solicitudotadjuntos?529882ea1ba9970432dad2236de9c2ac29ce8093d72d6fe6c2b004227982faef,gx-no-cache=1710418712882 HTTP/1.1" 200 30
190.171.153.50 - - [14/Mar/2024:09:21:20 -0300] "GET /cormun/servlet/solicitudotadjuntos?529882ea1ba9970432dad2236de9c2ac29ce8093d72d6fe6c2b004227982faef,gx-no-cache=1710418712893 HTTP/1.1" 200 30
190.171.153.50 - - [14/Mar/2024:09:21:20 -0300] "POST /cormun/servlet/solicitudotadjuntos?babc3e198395295e2028eafebab17711,INS,2024,20852,,1, HTTP/1.1" 200 116
190.171.153.50 - - [14/Mar/2024:09:21:20 -0300] "GET /cormun/servlet/hpexe_return? HTTP/1.1" 200 1024
190.171.153.50 - - [14/Mar/2024:09:21:20 -0300] "GET /cormun/servlet/trsolicitudadjuntos?2024,20852, HTTP/1.1" 200 10456
181.212.40.185 - - [14/Mar/2024:09:21:25 -0300] "GET /cormun/servlet/prbanco?,MD,,gxPopupLevel%3D0%3B HTTP/1.1" 200 6544
190.171.143.82 - - [14/Mar/2024:09:21:26 -0300] "GET /cormun/servlet/solicitudotadjuntos?3a71a64a0026936854bb7aa7c8b013a0dee85ec00c0634b862d59463ade3aecb,gx-no-cache=1710418717686 HTTP/1.1" 200 30
190.171.143.82 - - [14/Mar/2024:09:21:26 -0300] "GET /cormun/servlet/solicitudotadjuntos?3a71a64a0026936854bb7aa7c8b013a0dee85ec00c0634b862d59463ade3aecb,gx-no-cache=1710418717708 HTTP/1.1" 200 30
190.171.143.82 - - [14/Mar/2024:09:21:26 -0300] "POST /cormun/servlet/solicitudotadjuntos?4602dd3ffe70f2ea635069076249bed7,INS,2024,20853,,1, HTTP/1.1" 200 116
190.171.143.82 - - [14/Mar/2024:09:21:26 -0300] "GET /cormun/servlet/hpexe_return? HTTP/1.1" 200 1021
190.171.143.82 - - [14/Mar/2024:09:21:26 -0300] "GET /cormun/servlet/trsolicitudadjuntos?2024,20853, HTTP/1.1" 200 10380
190.171.143.82 - - [14/Mar/2024:09:21:29 -0300] "GET /cormun/servlet/solicitudotadjuntos?INS,2024,20853,,1, HTTP/1.1" 200 6408
181.212.40.185 - - [14/Mar/2024:09:21:29 -0300] "GET /cormun/servlet/solicitudot?c27e3332f71b8c476b3307d5d24ae98844d2aa2de59fa18faab356815060bf89a3fd807f8fdb63251c95fbb798c411a5,gx-no-cache=1710418721511 HTTP/1.1" 200 30
181.212.40.185 - - [14/Mar/2024:09:21:29 -0300] "GET /cormun/servlet/solicitudot?c27e3332f71b8c476b3307d5d24ae9884089eb2b73982e39eb218e0e59aebfe02c030885ecf69a7c10c805ec824c8c59a7822a9e31d1bb6639aec0cf76c365c9,gx-no-cache=1710418721529 HTTP/1.1" 200 30
190.171.143.82 - - [14/Mar/2024:09:21:30 -0300] "GET /cormun/static/about:blank HTTP/1.1" 404 1011
190.171.143.82 - - [14/Mar/2024:09:21:30 -0300] "GET /cormun/servlet/solicitudotadjuntos?3a71a64a0026936854bb7aa7c8b013a0b5a82edf382a4926be2bcd12de8d33dccfbdcb3897e13719662d0dae1ee09311,gx-no-cache=1710418722519 HTTP/1.1" 200 30
190.171.143.82 - - [14/Mar/2024:09:21:30 -0300] "POST /cormun/servlet/solicitudotadjuntos?4602dd3ffe70f2ea635069076249bed7,INS,2024,20853,,1,,gx-no-cache=1710418722546 HTTP/1.1" 200 4143
190.171.153.50 - - [14/Mar/2024:09:21:31 -0300] "GET /cormun/servlet/trsolicitudot? HTTP/1.1" 200 9391
190.171.143.82 - - [14/Mar/2024:09:21:34 -0300] "POST /cormun/servlet/solicitudotadjuntos?gx-no-cache=1710418725831 HTTP/1.1" 200 26
190.171.143.82 - - [14/Mar/2024:09:21:40 -0300] "GET /cormun/servlet/solicitudotadjuntos?3a71a64a0026936854bb7aa7c8b013a0dee85ec00c0634b862d59463ade3aecb,gx-no-cache=1710418732473 HTTP/1.1" 200 30
190.171.143.82 - - [14/Mar/2024:09:21:40 -0300] "GET /cormun/servlet/solicitudotadjuntos?3a71a64a0026936854bb7aa7c8b013a0dee85ec00c0634b862d59463ade3aecb,gx-no-cache=1710418732504 HTTP/1.1" 200 30
190.171.143.82 - - [14/Mar/2024:09:21:41 -0300] "POST /cormun/servlet/solicitudotadjuntos?4602dd3ffe70f2ea635069076249bed7,INS,2024,20853,,1, HTTP/1.1" 200 116
190.171.143.82 - - [14/Mar/2024:09:21:41 -0300] "GET /cormun/servlet/hpexe_return? HTTP/1.1" 200 1021
190.171.143.82 - - [14/Mar/2024:09:21:41 -0300] "GET /cormun/servlet/trsolicitudadjuntos?2024,20853, HTTP/1.1" 200 10537
190.171.153.50 - - [14/Mar/2024:09:21:46 -0300] "POST /cormun/servlet/trsolicitudot?babc3e198395295e2028eafebab17711,,gx-no-cache=1710418738704 HTTP/1.1" 200 6096
190.171.153.50 - - [14/Mar/2024:09:21:46 -0300] "GET /cormun/static/Shared/jqueryui/images/ui-bg_highlight-soft_100_c6c2c8_1x100.png HTTP/1.1" 404 1117
190.171.153.50 - - [14/Mar/2024:09:21:46 -0300] "GET /cormun/static/Shared/jqueryui/images/ui-icons_8d78a5_256x240.png HTTP/1.1" 404 1089
190.171.153.50 - - [14/Mar/2024:09:21:46 -0300] "GET /cormun/static/Shared/jqueryui/images/ui-icons_82798d_256x240.png HTTP/1.1" 404 1089
190.171.153.50 - - [14/Mar/2024:09:21:46 -0300] "GET /cormun/static/Shared/jqueryui/images/ui-bg_flat_55_fafafa_40x100.png HTTP/1.1" 404 1097
190.171.153.50 - - [14/Mar/2024:09:21:46 -0300] "POST /cormun/servlet/trsolicitudot?babc3e198395295e2028eafebab17711,,gx-no-cache=1710418738849 HTTP/1.1" 200 6042
190.171.143.82 - - [14/Mar/2024:09:21:48 -0300] "POST /cormun/servlet/trsolicitudadjuntos?4602dd3ffe70f2ea635069076249bed7,2024,20853,,gx-no-cache=1710418740309 HTTP/1.1" 200 90
190.171.143.82 - - [14/Mar/2024:09:21:48 -0300] "GET /cormun/servlet/hpexe_link HTTP/1.1" 200 965
190.171.143.82 - - [14/Mar/2024:09:21:49 -0300] "GET /cormun/servlet/trsolicitudot HTTP/1.1" 200 8946
190.171.153.50 - - [14/Mar/2024:09:21:56 -0300] "GET /cormun/servlet/hlogin HTTP/1.1" 200 1736
190.171.153.50 - - [14/Mar/2024:09:21:56 -0300] "GET /cormun/static/hlogin.js?2022112219184458 HTTP/1.1" 200 2156
190.171.153.50 - - [14/Mar/2024:09:21:56 -0300] "GET /cormun/static/gxcfg.js?2022112219184450 HTTP/1.1" 200 953
190.171.153.50 - - [14/Mar/2024:09:21:56 -0300] "GET /cormun/static/Resources/CormunLogin.png HTTP/1.1" 200 19132
190.171.153.50 - - [14/Mar/2024:09:21:56 -0300] "GET /cormun/static/Resources/Spanish/PXTools.css?1759030 HTTP/1.1" 200 100853
190.171.153.50 - - [14/Mar/2024:09:21:56 -0300] "GET /cormun/static/Resources/PXToolsLoginTop.png HTTP/1.1" 200 1337
190.171.153.50 - - [14/Mar/2024:09:21:56 -0300] "GET /cormun/static/Resources/PXToolsLoginBackground.png HTTP/1.1" 200 1164
190.171.153.50 - - [14/Mar/2024:09:21:56 -0300] "GET /cormun/static/Resources/PXToolsLoginBottom.png HTTP/1.1" 200 1389
190.171.143.82 - - [14/Mar/2024:09:22:02 -0300] "POST /cormun/servlet/trsolicitudot?4602dd3ffe70f2ea635069076249bed7,gx-no-cache=1710418754177 HTTP/1.1" 200 4842
190.171.143.82 - - [14/Mar/2024:09:22:02 -0300] "GET /cormun/static/Shared/jqueryui/images/ui-bg_highlight-soft_100_c6c2c8_1x100.png HTTP/1.1" 404 1117
190.171.143.82 - - [14/Mar/2024:09:22:02 -0300] "GET /cormun/static/Shared/jqueryui/images/ui-icons_82798d_256x240.png HTTP/1.1" 404 1089
190.171.143.82 - - [14/Mar/2024:09:22:02 -0300] "GET /cormun/static/Shared/jqueryui/images/ui-bg_flat_55_fafafa_40x100.png HTTP/1.1" 404 1097
190.171.143.82 - - [14/Mar/2024:09:22:02 -0300] "GET /cormun/static/Shared/jqueryui/images/ui-icons_8d78a5_256x240.png HTTP/1.1" 404 1089
190.171.143.82 - - [14/Mar/2024:09:22:02 -0300] "POST /cormun/servlet/trsolicitudot?4602dd3ffe70f2ea635069076249bed7,gx-no-cache=1710418754415 HTTP/1.1" 200 4600
190.171.143.82 - - [14/Mar/2024:09:22:06 -0300] "GET /cormun/servlet/trautorizarsolicitud? HTTP/1.1" 200 8846
190.171.141.114 - - [14/Mar/2024:09:22:12 -0300] "GET /cormun/servlet/trlicencias? HTTP/1.1" 200 6034
190.171.143.82 - - [14/Mar/2024:09:22:12 -0300] "POST /cormun/servlet/trautorizarsolicitud?4602dd3ffe70f2ea635069076249bed7,,gx-no-cache=1710418764192 HTTP/1.1" 200 4776
190.171.141.114 - - [14/Mar/2024:09:22:12 -0300] "GET /cormun/servlet/hlogin HTTP/1.1" 200 1735
190.171.143.82 - - [14/Mar/2024:09:22:12 -0300] "POST /cormun/servlet/trautorizarsolicitud?4602dd3ffe70f2ea635069076249bed7,,gx-no-cache=1710418764414 HTTP/1.1" 200 4536
190.171.141.114 - - [14/Mar/2024:09:22:23 -0300] "POST /cormun/servlet/hlogin?441db9e9a861cabfd628ac54c428a79e,gx-no-cache=1710418774665 HTTP/1.1" 200 90
190.171.141.114 - - [14/Mar/2024:09:22:23 -0300] "GET /cormun/servlet/hpexe_link HTTP/1.1" 200 952
190.171.141.114 - - [14/Mar/2024:09:22:24 -0300] "GET /cormun/servlet/trlicencias HTTP/1.1" 200 9042
