190.171.141.138 - - [11/Mar/2024:09:21:21 -0300] "GET /cormun/static/hpexe_recentlink.js?20201214471090 HTTP/1.1" 200 2144
190.171.141.138 - - [11/Mar/2024:09:21:21 -0300] "GET /cormun/static/hpexe_scripts.js?20201214471411 HTTP/1.1" 200 1544
190.171.141.138 - - [11/Mar/2024:09:21:21 -0300] "GET /cormun/static/hpexe_messagecontroller.js?202211298371222 HTTP/1.1" 200 870
190.171.141.138 - - [11/Mar/2024:09:21:21 -0300] "GET /cormun/static/hpexe_messagepopupcomponent.js?2020121447232 HTTP/1.1" 200 605
190.171.141.138 - - [11/Mar/2024:09:21:21 -0300] "GET /cormun/static/hpexe_messagegenexuscomponent.js?20221129836373 HTTP/1.1" 200 587
190.171.141.138 - - [11/Mar/2024:09:21:21 -0300] "GET /cormun/static/cmcontrolpreferences.js?20199141926336 HTTP/1.1" 200 1375
190.171.141.138 - - [11/Mar/2024:09:21:21 -0300] "GET /cormun/static/gxui/gxui-all.js HTTP/1.1" 200 107772
190.171.141.138 - - [11/Mar/2024:09:21:21 -0300] "GET /cormun/static/SmoothNavMenu/resources/ddsmoothmenu.js HTTP/1.1" 200 12712
190.171.141.138 - - [11/Mar/2024:09:21:21 -0300] "GET /cormun/static/SmoothNavMenu/resources/SmoothNavMenuRender.js HTTP/1.1" 200 5951
190.171.141.138 - - [11/Mar/2024:09:21:21 -0300] "GET /cormun/static/scaMessage/js/jquery.pnotify.min.js HTTP/1.1" 200 13038
190.171.141.138 - - [11/Mar/2024:09:21:21 -0300] "GET /cormun/static/Shared/jquery/jquery-1.4.2.min.js HTTP/1.1" 200 72174
190.171.141.138 - - [11/Mar/2024:09:21:21 -0300] "GET /cormun/static/scaMessage/scaMessageRender.js HTTP/1.1" 200 11977
190.171.141.138 - - [11/Mar/2024:09:21:21 -0300] "GET /cormun/static/hmpwkw03.js?20221129844354 HTTP/1.1" 200 3971
190.171.141.138 - - [11/Mar/2024:09:21:21 -0300] "GET /cormun/static/Shared/jqueryui/jquery-ui.min.js HTTP/1.1" 200 240427
190.171.141.138 - - [11/Mar/2024:09:21:21 -0300] "GET /cormun/static/Shared/jquery/jquery-1.10.2.min.js HTTP/1.1" 200 273199
190.171.141.138 - - [11/Mar/2024:09:21:21 -0300] "GET /cormun/static/Shared/ext/ext-all.js HTTP/1.1" 200 1289687
190.171.141.138 - - [11/Mar/2024:09:21:22 -0300] "GET /cormun/static/SmoothNavMenu/resources/images/right.gif HTTP/1.1" 200 860
190.171.141.138 - - [11/Mar/2024:09:21:22 -0300] "GET /cormun/static/SmoothNavMenu/resources/images/down.gif HTTP/1.1" 200 854
13.234.226.222 - - [11/Mar/2024:09:21:26 -0300] "GET /index.php?rest_route=/podlove/v1/social/services/contributor/1&id=1%20UNION%20ALL%20SELECT%20NULL,NULL,md5('CVE-2021-24666'),NULL,NULL,NULL--%20- HTTP/1.1" 404 979
190.171.141.138 - - [11/Mar/2024:09:21:28 -0300] "GET /cormun/servlet/trsolicitudot? HTTP/1.1" 200 7702
190.171.141.138 - - [11/Mar/2024:09:21:28 -0300] "GET /cormun/static/gxcfg.js?20221129846531 HTTP/1.1" 200 953
190.171.141.138 - - [11/Mar/2024:09:21:28 -0300] "GET /cormun/static/calendar.js?85251 HTTP/1.1" 200 26246
190.171.141.138 - - [11/Mar/2024:09:21:28 -0300] "GET /cormun/static/calendar-es.js?85251 HTTP/1.1" 200 1901
190.171.141.138 - - [11/Mar/2024:09:21:28 -0300] "GET /cormun/static/calendar-system.css?85620 HTTP/1.1" 200 5572
190.171.141.138 - - [11/Mar/2024:09:21:28 -0300] "GET /cormun/static/calendar-setup.js?85251 HTTP/1.1" 200 2588
190.171.141.138 - - [11/Mar/2024:09:21:28 -0300] "GET /cormun/static/Resources/PXTools/calendar.png HTTP/1.1" 200 1306
190.171.141.138 - - [11/Mar/2024:09:21:28 -0300] "GET /cormun/static/gxdec.js?85251 HTTP/1.1" 200 19579
190.171.141.138 - - [11/Mar/2024:09:21:28 -0300] "GET /cormun/static/trsolicitudot.js?202211298465651 HTTP/1.1" 200 54040
190.171.141.138 - - [11/Mar/2024:09:21:31 -0300] "GET /cormun/servlet/solicitudot?INS,0,0,false, HTTP/1.1" 200 16461
190.171.141.138 - - [11/Mar/2024:09:21:31 -0300] "GET /cormun/static/gxcfg.js?20221129840861 HTTP/1.1" 200 953
190.171.141.138 - - [11/Mar/2024:09:21:31 -0300] "GET /cormun/static/solicitudot.js?20221129840983 HTTP/1.1" 200 74072
190.171.141.138 - - [11/Mar/2024:09:22:11 -0300] "POST /cormun/servlet/solicitudot?gx-no-cache=1710159568617 HTTP/1.1" 200 4022
190.171.141.138 - - [11/Mar/2024:09:22:11 -0300] "POST /cormun/servlet/solicitudot?57f5235f56fca57cec190c39103fb42d,INS,0,0,false,,gx-no-cache=1710159568715 HTTP/1.1" 200 12863
190.171.141.138 - - [11/Mar/2024:09:22:14 -0300] "GET /cormun/servlet/solicitudot?ee873de0c0a55f9c9366a9c92bbe3af861c9c8029e9673f12a401e6e69da3c8987fdd8c6fe53206fa0a36f6e1ec79846,gx-no-cache=1710159570976 HTTP/1.1" 200 111
190.171.141.138 - - [11/Mar/2024:09:22:14 -0300] "GET /cormun/static/Shared/jqueryui/images/ui-bg_highlight-soft_100_c6c2c8_1x100.png HTTP/1.1" 404 1117
190.171.141.138 - - [11/Mar/2024:09:22:14 -0300] "GET /cormun/static/Shared/jqueryui/images/ui-icons_82798d_256x240.png HTTP/1.1" 404 1089
190.171.141.138 - - [11/Mar/2024:09:22:14 -0300] "GET /cormun/static/Shared/jqueryui/images/ui-bg_flat_55_994d53_40x100.png HTTP/1.1" 404 1097
190.171.141.138 - - [11/Mar/2024:09:22:14 -0300] "GET /cormun/static/Shared/jqueryui/images/ui-icons_ebccce_256x240.png HTTP/1.1" 404 1089
190.171.141.138 - - [11/Mar/2024:09:22:21 -0300] "GET /cormun/servlet/solicitudot?ee873de0c0a55f9c9366a9c92bbe3af84c74d30a9ca22b944a678f26c010e24b87fdd8c6fe53206fa0a36f6e1ec79846,gx-no-cache=1710159578514 HTTP/1.1" 200 30
200.54.237.82 - - [11/Mar/2024:09:23:08 -0300] "GET /cormun/servlet/trcontratounov2? HTTP/1.1" 200 5910
200.54.237.82 - - [11/Mar/2024:09:23:08 -0300] "GET /cormun/servlet/hlogin HTTP/1.1" 200 1738
200.54.237.82 - - [11/Mar/2024:09:23:08 -0300] "GET /cormun/servlet/trcontratounov2? HTTP/1.1" 200 5920
200.54.237.82 - - [11/Mar/2024:09:23:10 -0300] "POST /cormun/servlet/hlogin?0c886af071410cb8124617c00b151c80,gx-no-cache=1710159626562 HTTP/1.1" 200 90
200.54.237.82 - - [11/Mar/2024:09:23:10 -0300] "GET /cormun/servlet/hpexe_link HTTP/1.1" 200 956
200.54.237.82 - - [11/Mar/2024:09:23:10 -0300] "GET /cormun/servlet/trcontratounov2 HTTP/1.1" 200 17487
200.54.237.82 - - [11/Mar/2024:09:23:30 -0300] "GET /cormun/servlet/trsolicitudot? HTTP/1.1" 200 7550
200.54.237.82 - - [11/Mar/2024:09:23:37 -0300] "GET /cormun/servlet/solicitudot?INS,0,0,false, HTTP/1.1" 200 16310
190.171.141.138 - - [11/Mar/2024:09:23:45 -0300] "GET /cormun/servlet/solicitudot?ee873de0c0a55f9c9366a9c92bbe3af818e3dccaf9b8cbf231cd2d102146bc2a9d9916810a724fa3bdb96a16ac49518af957808bf438f0e2628889dfec86b7f9,gx-no-cache=1710159662010 HTTP/1.1" 200 30
200.54.237.82 - - [11/Mar/2024:09:24:17 -0300] "POST /cormun/servlet/solicitudot?gx-no-cache=1710159693176 HTTP/1.1" 200 4031
200.54.237.82 - - [11/Mar/2024:09:24:17 -0300] "POST /cormun/servlet/solicitudot?0c886af071410cb8124617c00b151c80,INS,0,0,false,,gx-no-cache=1710159693342 HTTP/1.1" 200 12871
200.54.237.82 - - [11/Mar/2024:09:24:18 -0300] "GET /cormun/servlet/solicitudot?71a0ae72e465e637979e91e38b0d7c6b31b47b5aa7f6f2d3db61160206126bbb232e9db5af532c4f6f86f0ac305ba6fb,gx-no-cache=1710159694565 HTTP/1.1" 200 30
190.171.141.90 - - [11/Mar/2024:09:24:29 -0300] "POST /cormun/servlet/trsolicitudot?237eccac8dbc58e9fa4defc7015b65a3,gx-no-cache=1710159710896 HTTP/1.1" 440 972
190.171.141.90 - - [11/Mar/2024:09:24:31 -0300] "GET /cormun/servlet/trsolicitudot HTTP/1.1" 200 6321
190.171.141.90 - - [11/Mar/2024:09:24:31 -0300] "GET /cormun/servlet/hlogin HTTP/1.1" 200 1735
190.171.141.90 - - [11/Mar/2024:09:24:45 -0300] "POST /cormun/servlet/hlogin?55b4c286a1572a43ce23364bf20bbe84,gx-no-cache=1710159726413 HTTP/1.1" 200 90
190.171.141.90 - - [11/Mar/2024:09:24:45 -0300] "GET /cormun/servlet/hpexe_link HTTP/1.1" 200 956
190.171.141.90 - - [11/Mar/2024:09:24:45 -0300] "GET /cormun/servlet/trsolicitudot HTTP/1.1" 200 8474
190.171.141.90 - - [11/Mar/2024:09:24:47 -0300] "POST /cormun/servlet/trsolicitudot?55b4c286a1572a43ce23364bf20bbe84,gx-no-cache=1710159729040 HTTP/1.1" 200 107
190.171.141.90 - - [11/Mar/2024:09:24:47 -0300] "GET /cormun/servlet/trsolicitudadjuntos?2024,20738, HTTP/1.1" 200 6078
190.171.141.90 - - [11/Mar/2024:09:24:50 -0300] "GET /cormun/servlet/solicitudotadjuntos?INS,2024,20738,,1, HTTP/1.1" 200 6024
190.171.141.90 - - [11/Mar/2024:09:24:50 -0300] "GET /cormun/static/about:blank HTTP/1.1" 404 1011
190.171.141.90 - - [11/Mar/2024:09:24:50 -0300] "GET /cormun/servlet/solicitudotadjuntos?40e341e021ab2488b00ff210106a794da21817c9522a0a957a031ea4867e1d76a2b3959e8f220fc5ad650d3b35d51fca,gx-no-cache=1710159731811 HTTP/1.1" 200 30
190.171.141.90 - - [11/Mar/2024:09:24:50 -0300] "POST /cormun/servlet/solicitudotadjuntos?55b4c286a1572a43ce23364bf20bbe84,INS,2024,20738,,1,,gx-no-cache=1710159731829 HTTP/1.1" 200 3897
190.171.141.90 - - [11/Mar/2024:09:24:53 -0300] "POST /cormun/servlet/solicitudotadjuntos?gx-no-cache=1710159734158 HTTP/1.1" 200 26
190.171.141.90 - - [11/Mar/2024:09:25:01 -0300] "GET /cormun/servlet/solicitudotadjuntos?40e341e021ab2488b00ff210106a794d5fc036aeec350fbf9de17ca0e15f95b4,gx-no-cache=1710159742758 HTTP/1.1" 200 30
190.171.141.90 - - [11/Mar/2024:09:25:01 -0300] "GET /cormun/servlet/solicitudotadjuntos?40e341e021ab2488b00ff210106a794d5fc036aeec350fbf9de17ca0e15f95b4,gx-no-cache=1710159742773 HTTP/1.1" 200 30
190.171.141.90 - - [11/Mar/2024:09:25:01 -0300] "POST /cormun/servlet/solicitudotadjuntos?55b4c286a1572a43ce23364bf20bbe84,INS,2024,20738,,1, HTTP/1.1" 200 116
190.171.141.90 - - [11/Mar/2024:09:25:01 -0300] "GET /cormun/servlet/hpexe_return? HTTP/1.1" 200 1026
190.171.141.90 - - [11/Mar/2024:09:25:01 -0300] "GET /cormun/servlet/trsolicitudadjuntos?2024,20738, HTTP/1.1" 200 9003
190.171.141.90 - - [11/Mar/2024:09:25:14 -0300] "GET /cormun/servlet/solicitudotadjuntos?INS,2024,20738,,1, HTTP/1.1" 200 6024
190.171.141.90 - - [11/Mar/2024:09:25:14 -0300] "GET /cormun/static/about:blank HTTP/1.1" 404 1011
190.171.141.90 - - [11/Mar/2024:09:25:15 -0300] "GET /cormun/servlet/solicitudotadjuntos?40e341e021ab2488b00ff210106a794da21817c9522a0a957a031ea4867e1d76a2b3959e8f220fc5ad650d3b35d51fca,gx-no-cache=1710159756560 HTTP/1.1" 200 30
190.171.141.90 - - [11/Mar/2024:09:25:15 -0300] "POST /cormun/servlet/solicitudotadjuntos?55b4c286a1572a43ce23364bf20bbe84,INS,2024,20738,,1,,gx-no-cache=1710159756576 HTTP/1.1" 200 3897
190.171.141.90 - - [11/Mar/2024:09:25:42 -0300] "POST /cormun/servlet/solicitudotadjuntos?gx-no-cache=1710159784102 HTTP/1.1" 200 26
190.171.141.90 - - [11/Mar/2024:09:25:48 -0300] "GET /cormun/servlet/solicitudotadjuntos?40e341e021ab2488b00ff210106a794d5fc036aeec350fbf9de17ca0e15f95b4,gx-no-cache=1710159789853 HTTP/1.1" 200 30
190.171.141.90 - - [11/Mar/2024:09:25:48 -0300] "GET /cormun/servlet/solicitudotadjuntos?40e341e021ab2488b00ff210106a794d5fc036aeec350fbf9de17ca0e15f95b4,gx-no-cache=1710159789865 HTTP/1.1" 200 30
190.171.141.90 - - [11/Mar/2024:09:25:48 -0300] "POST /cormun/servlet/solicitudotadjuntos?55b4c286a1572a43ce23364bf20bbe84,INS,2024,20738,,1, HTTP/1.1" 200 116
190.171.141.90 - - [11/Mar/2024:09:25:48 -0300] "GET /cormun/servlet/hpexe_return? HTTP/1.1" 200 1026
190.171.141.90 - - [11/Mar/2024:09:25:48 -0300] "GET /cormun/servlet/trsolicitudadjuntos?2024,20738, HTTP/1.1" 200 9237
190.171.141.90 - - [11/Mar/2024:09:25:51 -0300] "GET /cormun/servlet/solicitudotadjuntos?INS,2024,20738,,1, HTTP/1.1" 200 6024
190.171.141.90 - - [11/Mar/2024:09:25:51 -0300] "GET /cormun/static/about:blank HTTP/1.1" 404 1011
190.171.141.90 - - [11/Mar/2024:09:25:51 -0300] "GET /cormun/servlet/solicitudotadjuntos?40e341e021ab2488b00ff210106a794da21817c9522a0a957a031ea4867e1d76a2b3959e8f220fc5ad650d3b35d51fca,gx-no-cache=1710159792903 HTTP/1.1" 200 30
190.171.141.90 - - [11/Mar/2024:09:25:51 -0300] "POST /cormun/servlet/solicitudotadjuntos?55b4c286a1572a43ce23364bf20bbe84,INS,2024,20738,,1,,gx-no-cache=1710159792920 HTTP/1.1" 200 3897
190.171.141.90 - - [11/Mar/2024:09:25:53 -0300] "POST /cormun/servlet/solicitudotadjuntos?gx-no-cache=1710159795053 HTTP/1.1" 200 26
190.171.141.90 - - [11/Mar/2024:09:26:19 -0300] "GET /cormun/servlet/solicitudotadjuntos?40e341e021ab2488b00ff210106a794d5fc036aeec350fbf9de17ca0e15f95b4,gx-no-cache=1710159820390 HTTP/1.1" 200 30
190.171.141.90 - - [11/Mar/2024:09:26:19 -0300] "GET /cormun/servlet/solicitudotadjuntos?40e341e021ab2488b00ff210106a794d5fc036aeec350fbf9de17ca0e15f95b4,gx-no-cache=1710159820409 HTTP/1.1" 200 30
190.171.141.90 - - [11/Mar/2024:09:26:19 -0300] "POST /cormun/servlet/solicitudotadjuntos?55b4c286a1572a43ce23364bf20bbe84,INS,2024,20738,,1, HTTP/1.1" 200 116
190.171.141.90 - - [11/Mar/2024:09:26:19 -0300] "GET /cormun/servlet/hpexe_return? HTTP/1.1" 200 1026
190.171.141.90 - - [11/Mar/2024:09:26:19 -0300] "GET /cormun/servlet/trsolicitudadjuntos?2024,20738, HTTP/1.1" 200 9464
190.171.141.90 - - [11/Mar/2024:09:26:21 -0300] "GET /cormun/servlet/solicitudotadjuntos?INS,2024,20738,,1, HTTP/1.1" 200 6024
190.171.141.90 - - [11/Mar/2024:09:26:21 -0300] "GET /cormun/static/about:blank HTTP/1.1" 404 1011
190.171.141.90 - - [11/Mar/2024:09:26:21 -0300] "GET /cormun/servlet/solicitudotadjuntos?40e341e021ab2488b00ff210106a794da21817c9522a0a957a031ea4867e1d76a2b3959e8f220fc5ad650d3b35d51fca,gx-no-cache=1710159823001 HTTP/1.1" 200 30
190.171.141.90 - - [11/Mar/2024:09:26:21 -0300] "POST /cormun/servlet/solicitudotadjuntos?55b4c286a1572a43ce23364bf20bbe84,INS,2024,20738,,1,,gx-no-cache=1710159823019 HTTP/1.1" 200 3897
190.171.141.90 - - [11/Mar/2024:09:26:26 -0300] "POST /cormun/servlet/solicitudotadjuntos?gx-no-cache=1710159827204 HTTP/1.1" 200 26
13.234.226.222 - - [11/Mar/2024:09:26:29 -0300] "POST /wp-json/pie/v1/login HTTP/1.1" 404 1001
190.171.141.90 - - [11/Mar/2024:09:26:35 -0300] "GET /cormun/servlet/solicitudotadjuntos?40e341e021ab2488b00ff210106a794d5fc036aeec350fbf9de17ca0e15f95b4,gx-no-cache=1710159836847 HTTP/1.1" 200 30
190.171.141.90 - - [11/Mar/2024:09:26:35 -0300] "GET /cormun/servlet/solicitudotadjuntos?40e341e021ab2488b00ff210106a794d5fc036aeec350fbf9de17ca0e15f95b4,gx-no-cache=1710159836860 HTTP/1.1" 200 30
190.171.141.90 - - [11/Mar/2024:09:26:35 -0300] "POST /cormun/servlet/solicitudotadjuntos?55b4c286a1572a43ce23364bf20bbe84,INS,2024,20738,,1, HTTP/1.1" 200 116
190.171.141.90 - - [11/Mar/2024:09:26:35 -0300] "GET /cormun/servlet/hpexe_return? HTTP/1.1" 200 1026
190.171.141.90 - - [11/Mar/2024:09:26:35 -0300] "GET /cormun/servlet/trsolicitudadjuntos?2024,20738, HTTP/1.1" 200 9745
190.171.141.90 - - [11/Mar/2024:09:26:37 -0300] "GET /cormun/servlet/solicitudotadjuntos?INS,2024,20738,,1, HTTP/1.1" 200 6024
190.171.141.90 - - [11/Mar/2024:09:26:37 -0300] "GET /cormun/static/about:blank HTTP/1.1" 404 1011
190.171.141.90 - - [11/Mar/2024:09:26:38 -0300] "GET /cormun/servlet/solicitudotadjuntos?40e341e021ab2488b00ff210106a794da21817c9522a0a957a031ea4867e1d76a2b3959e8f220fc5ad650d3b35d51fca,gx-no-cache=1710159839501 HTTP/1.1" 200 30
190.171.141.90 - - [11/Mar/2024:09:26:38 -0300] "POST /cormun/servlet/solicitudotadjuntos?55b4c286a1572a43ce23364bf20bbe84,INS,2024,20738,,1,,gx-no-cache=1710159839521 HTTP/1.1" 200 3897
190.171.141.90 - - [11/Mar/2024:09:26:40 -0300] "POST /cormun/servlet/solicitudotadjuntos?gx-no-cache=1710159841668 HTTP/1.1" 200 26
190.171.141.90 - - [11/Mar/2024:09:27:11 -0300] "GET /cormun/servlet/solicitudotadjuntos?40e341e021ab2488b00ff210106a794d5fc036aeec350fbf9de17ca0e15f95b4,gx-no-cache=1710159872421 HTTP/1.1" 200 30
190.171.141.90 - - [11/Mar/2024:09:27:11 -0300] "GET /cormun/servlet/solicitudotadjuntos?40e341e021ab2488b00ff210106a794d5fc036aeec350fbf9de17ca0e15f95b4,gx-no-cache=1710159872442 HTTP/1.1" 200 30
190.171.141.90 - - [11/Mar/2024:09:27:11 -0300] "POST /cormun/servlet/solicitudotadjuntos?55b4c286a1572a43ce23364bf20bbe84,INS,2024,20738,,1, HTTP/1.1" 200 116
190.171.141.90 - - [11/Mar/2024:09:27:11 -0300] "GET /cormun/servlet/hpexe_return? HTTP/1.1" 200 1026
190.171.141.90 - - [11/Mar/2024:09:27:11 -0300] "GET /cormun/servlet/trsolicitudadjuntos?2024,20738, HTTP/1.1" 200 10002
200.54.237.82 - - [11/Mar/2024:09:27:13 -0300] "GET /cormun/servlet/prbanco?,MD,,gxPopupLevel%3D0%3B HTTP/1.1" 200 6673
190.171.141.90 - - [11/Mar/2024:09:27:15 -0300] "GET /cormun/servlet/solicitudotadjuntos?DLT,2024,20738,CV,0, HTTP/1.1" 200 5999
190.171.141.90 - - [11/Mar/2024:09:27:16 -0300] "GET /cormun/static/Shared/jqueryui/images/ui-bg_highlight-soft_100_c6c2c8_1x100.png HTTP/1.1" 404 1117
190.171.141.90 - - [11/Mar/2024:09:27:16 -0300] "GET /cormun/static/Shared/jqueryui/images/ui-icons_82798d_256x240.png HTTP/1.1" 404 1089
190.171.141.90 - - [11/Mar/2024:09:27:16 -0300] "GET /cormun/PublicTempStorage/certificado_de_antecentes_lucas9377415.pdf HTTP/1.1" 200 34428
190.171.141.90 - - [11/Mar/2024:09:27:16 -0300] "GET /cormun/static/Shared/jqueryui/images/ui-bg_flat_55_fafafa_40x100.png HTTP/1.1" 404 1097
190.171.141.90 - - [11/Mar/2024:09:27:16 -0300] "GET /cormun/static/Shared/jqueryui/images/ui-icons_8d78a5_256x240.png HTTP/1.1" 404 1089
190.171.141.90 - - [11/Mar/2024:09:27:18 -0300] "POST /cormun/servlet/solicitudotadjuntos?55b4c286a1572a43ce23364bf20bbe84,DLT,2024,20738,CV,0,,gx-no-cache=1710159879151 HTTP/1.1" 200 93
190.171.141.90 - - [11/Mar/2024:09:27:18 -0300] "GET /cormun/servlet/hpexe_return? HTTP/1.1" 200 1028
190.171.141.90 - - [11/Mar/2024:09:27:18 -0300] "GET /cormun/servlet/trsolicitudadjuntos?2024,20738, HTTP/1.1" 200 9745
190.171.141.90 - - [11/Mar/2024:09:27:20 -0300] "GET /cormun/servlet/solicitudotadjuntos?INS,2024,20738,,1, HTTP/1.1" 200 6023
190.171.141.90 - - [11/Mar/2024:09:27:20 -0300] "GET /cormun/static/about:blank HTTP/1.1" 404 1011
200.54.237.82 - - [11/Mar/2024:09:27:20 -0300] "GET /cormun/servlet/solicitudot?71a0ae72e465e637979e91e38b0d7c6bab8a6a6600955ea441ab355582c0e0aaf6ce727bf8c1372c513863ffd5770248a2523d5f1e0740537ecde2ce19c326b9,gx-no-cache=1710159876761 HTTP/1.1" 200 30
190.171.141.90 - - [11/Mar/2024:09:27:20 -0300] "GET /cormun/servlet/solicitudotadjuntos?40e341e021ab2488b00ff210106a794da21817c9522a0a957a031ea4867e1d76a2b3959e8f220fc5ad650d3b35d51fca,gx-no-cache=1710159882005 HTTP/1.1" 200 30
190.171.141.90 - - [11/Mar/2024:09:27:20 -0300] "POST /cormun/servlet/solicitudotadjuntos?55b4c286a1572a43ce23364bf20bbe84,INS,2024,20738,,1,,gx-no-cache=1710159882026 HTTP/1.1" 200 3895
200.54.237.82 - - [11/Mar/2024:09:27:21 -0300] "GET /cormun/servlet/solicitudot?71a0ae72e465e637979e91e38b0d7c6b6aa73181a099d6a146a239b4522289fc,gx-no-cache=1710159877571 HTTP/1.1" 200 53
190.171.141.90 - - [11/Mar/2024:09:27:22 -0300] "POST /cormun/servlet/solicitudotadjuntos?gx-no-cache=1710159883756 HTTP/1.1" 200 26
190.171.141.90 - - [11/Mar/2024:09:27:32 -0300] "GET /cormun/servlet/solicitudotadjuntos?40e341e021ab2488b00ff210106a794d5fc036aeec350fbf9de17ca0e15f95b4,gx-no-cache=1710159893980 HTTP/1.1" 200 30
190.171.141.90 - - [11/Mar/2024:09:27:32 -0300] "GET /cormun/servlet/solicitudotadjuntos?40e341e021ab2488b00ff210106a794d5fc036aeec350fbf9de17ca0e15f95b4,gx-no-cache=1710159893994 HTTP/1.1" 200 30
190.171.141.90 - - [11/Mar/2024:09:27:32 -0300] "POST /cormun/servlet/solicitudotadjuntos?55b4c286a1572a43ce23364bf20bbe84,INS,2024,20738,,1, HTTP/1.1" 200 116
190.171.141.90 - - [11/Mar/2024:09:27:32 -0300] "GET /cormun/servlet/hpexe_return? HTTP/1.1" 200 1026
190.171.141.90 - - [11/Mar/2024:09:27:33 -0300] "GET /cormun/servlet/trsolicitudadjuntos?2024,20738, HTTP/1.1" 200 10066
200.54.237.82 - - [11/Mar/2024:09:27:57 -0300] "POST /cormun/servlet/solicitudot?gx-no-cache=1710159913248 HTTP/1.1" 200 297
200.54.237.82 - - [11/Mar/2024:09:28:09 -0300] "GET /cormun/servlet/solicitudot?71a0ae72e465e637979e91e38b0d7c6b94a6b456a455b04e9c18deec41d11a93ea3668878fa7b0cc62c645559a21f1144d8c34ea95287e359119d4eb65b4e5da6a8928fb7434afe317081802a0752ef9878215038eefb73e4cf6004d884bb92655023e31e9f287bb27fc6d4b6d4d2e8fd638874ed345e17c2e966de123d25f42a0b44edf6e4802beace1d4963dee7b0c54a92e7fc0a194d035689a671c7823648edbc1b357d1d3abb5affb50c4c5ac83412d99b8a67d4bc0c337441779a295be26c9c6a26d33583f0ef66419430e62aaf0f20e6b434df5b63f9b838a9a72a98d53fdd68914fd96b4e51b5a8a25de96a720fcf5f32d3f27a9ad084a651f4599bb4615921c62f160bc0f9384409d69c4b06d21c464f567fd57c4a67b7f50c0f59c390a9dfe902a243ac98bbbe91bdb02acac359841f0af14d1b1c761c6d08386f9bb72d68daeb5e71a9363e20226301692fdbb10d7385a91f5c76ded7c2013e15cf9cf81674ac2545881ba407231404b25ad7df28ff355c8b706465750d0944350a2523d5f1e0740537ecde2ce19c326b9,gx-no-cache=1710159925861 HTTP/1.1" 200 30
200.54.237.82 - - [11/Mar/2024:09:28:09 -0300] "POST /cormun/servlet/solicitudot?gx-no-cache=1710159925892 HTTP/1.1" 200 30
200.54.237.82 - - [11/Mar/2024:09:28:10 -0300] "POST /cormun/servlet/solicitudot?gx-no-cache=1710159925936 HTTP/1.1" 200 1468
200.54.237.82 - - [11/Mar/2024:09:28:10 -0300] "POST /cormun/servlet/solicitudot?gx-no-cache=1710159925973 HTTP/1.1" 200 38
190.171.141.90 - - [11/Mar/2024:09:28:13 -0300] "GET /cormun/servlet/solicitudotadjuntos?INS,2024,20738,,1, HTTP/1.1" 200 6024
190.171.141.90 - - [11/Mar/2024:09:28:13 -0300] "GET /cormun/static/about:blank HTTP/1.1" 404 1011
190.171.141.90 - - [11/Mar/2024:09:28:13 -0300] "GET /cormun/servlet/solicitudotadjuntos?40e341e021ab2488b00ff210106a794da21817c9522a0a957a031ea4867e1d76a2b3959e8f220fc5ad650d3b35d51fca,gx-no-cache=1710159934919 HTTP/1.1" 200 30
190.171.141.90 - - [11/Mar/2024:09:28:13 -0300] "POST /cormun/servlet/solicitudotadjuntos?55b4c286a1572a43ce23364bf20bbe84,INS,2024,20738,,1,,gx-no-cache=1710159934935 HTTP/1.1" 200 3897
190.171.141.90 - - [11/Mar/2024:09:28:15 -0300] "POST /cormun/servlet/solicitudotadjuntos?gx-no-cache=1710159937053 HTTP/1.1" 200 26
200.54.237.82 - - [11/Mar/2024:09:28:26 -0300] "GET /cormun/servlet/solicitudot?71a0ae72e465e637979e91e38b0d7c6b7037999b39c8d102ac816d4bf8520f1e26571c6a48cfc1ee2ecd3d17ba185c97194fcec4523bbbe21143b9e3575d0e7002aa9025d5dd3f3c59139cdbe481dc536aa7afd3e3bb167225a1af4e836ce5afebe2c68fcb477f9c8054afe3667f80fe,gx-no-cache=1710159942665 HTTP/1.1" 200 110
200.54.237.82 - - [11/Mar/2024:09:28:26 -0300] "POST /cormun/servlet/solicitudot?gx-no-cache=1710159942702 HTTP/1.1" 200 64
200.54.237.82 - - [11/Mar/2024:09:28:30 -0300] "GET /cormun/servlet/solicitudot?71a0ae72e465e637979e91e38b0d7c6bea8f4b9a10c67510ef0eacfabb012dac43cad7eab3dcdd481f80edace2ec7ee4a0122651fde3fd164d5a92409831d58b4523d15938258608cb41241c18ea7219b0bde917970634bf298cb5828d5a9995c282c5dcb4d72938fbe82c8c7f737cd9,gx-no-cache=1710159946178 HTTP/1.1" 200 29
200.54.237.82 - - [11/Mar/2024:09:28:30 -0300] "GET /cormun/static/menuarrow.gif HTTP/1.1" 404 1015
200.54.237.82 - - [11/Mar/2024:09:28:33 -0300] "GET /cormun/servlet/solicitudot?71a0ae72e465e637979e91e38b0d7c6bc24f5ec1ecb39d772140cb579223eb022f0c2a86b97b39a9b2478909cdf41008,gx-no-cache=1710159949793 HTTP/1.1" 200 30
200.54.237.82 - - [11/Mar/2024:09:29:07 -0300] "POST /cormun/servlet/solicitudot?gx-no-cache=1710159982950 HTTP/1.1" 200 30
200.54.237.82 - - [11/Mar/2024:09:29:16 -0300] "POST /cormun/servlet/solicitudot?0c886af071410cb8124617c00b151c80,INS,0,0,false,,gx-no-cache=1710159991629 HTTP/1.1" 200 93
200.54.237.82 - - [11/Mar/2024:09:29:16 -0300] "GET /cormun/servlet/hpexe_return? HTTP/1.1" 200 1008
200.54.237.82 - - [11/Mar/2024:09:29:16 -0300] "GET /cormun/static/gxcfg.js?20221129846035 HTTP/1.1" 200 953
200.54.237.82 - - [11/Mar/2024:09:29:16 -0300] "GET /cormun/static/hpexe_return.js?20221129846037 HTTP/1.1" 200 1633
200.54.237.82 - - [11/Mar/2024:09:29:16 -0300] "GET /cormun/servlet/trsolicitudot HTTP/1.1" 200 8989
200.54.237.82 - - [11/Mar/2024:09:29:16 -0300] "GET /cormun//static/Resources/PXToolsActionView.png HTTP/1.1" 200 398
200.54.237.82 - - [11/Mar/2024:09:29:16 -0300] "GET /cormun//static/Resources/PXToolsGridUpdate.png HTTP/1.1" 200 470
200.54.237.82 - - [11/Mar/2024:09:29:16 -0300] "GET /cormun//static/Resources/PXToolsGridDelete.png HTTP/1.1" 200 538
200.54.237.82 - - [11/Mar/2024:09:29:16 -0300] "GET /cormun//static/Resources/PXToolsRemoveAllAction.png HTTP/1.1" 200 487
190.171.143.106 - - [11/Mar/2024:09:29:18 -0300] "GET /cormun/servlet/hhome HTTP/1.1" 200 3322
190.171.143.106 - - [11/Mar/2024:09:29:18 -0300] "GET /cormun/servlet/hlogin HTTP/1.1" 200 1731
190.171.143.106 - - [11/Mar/2024:09:29:23 -0300] "POST /cormun/servlet/hlogin?472f0d3fcb90efcd167a8be4acf76b16,gx-no-cache=1710160451641 HTTP/1.1" 200 90
190.171.143.106 - - [11/Mar/2024:09:29:23 -0300] "GET /cormun/servlet/hpexe_link HTTP/1.1" 200 949
190.171.143.106 - - [11/Mar/2024:09:29:23 -0300] "GET /cormun/servlet/hhome HTTP/1.1" 200 4260
200.54.237.82 - - [11/Mar/2024:09:29:24 -0300] "POST /cormun/servlet/trsolicitudot?0c886af071410cb8124617c00b151c80,gx-no-cache=1710160000469 HTTP/1.1" 200 107
200.54.237.82 - - [11/Mar/2024:09:29:24 -0300] "GET /cormun/servlet/trsolicitudadjuntos?2024,20771, HTTP/1.1" 200 6442
200.54.237.82 - - [11/Mar/2024:09:29:24 -0300] "GET /cormun/static/gxcfg.js?20201215574222 HTTP/1.1" 200 953
200.54.237.82 - - [11/Mar/2024:09:29:24 -0300] "GET /cormun/static/Resources/PXToolsGridNew.png HTTP/1.1" 200 427
200.54.237.82 - - [11/Mar/2024:09:29:24 -0300] "GET /cormun/static/trsolicitudadjuntos.js?20201215574932 HTTP/1.1" 200 17921
190.171.143.106 - - [11/Mar/2024:09:29:26 -0300] "GET /cormun/servlet/trlicencias? HTTP/1.1" 200 10129
200.54.237.82 - - [11/Mar/2024:09:29:29 -0300] "GET /cormun/servlet/solicitudotadjuntos?INS,2024,20771,,1, HTTP/1.1" 200 6387
200.54.237.82 - - [11/Mar/2024:09:29:29 -0300] "GET /cormun/static/gxcfg.js?202211298385187 HTTP/1.1" 200 953
200.54.237.82 - - [11/Mar/2024:09:29:29 -0300] "GET /cormun/static/solicitudotadjuntos.js?202211298385196 HTTP/1.1" 200 11771
200.54.237.82 - - [11/Mar/2024:09:29:29 -0300] "GET /cormun/static/about:blank HTTP/1.1" 404 1011
200.54.237.82 - - [11/Mar/2024:09:29:30 -0300] "GET /cormun/servlet/solicitudotadjuntos?71a0ae72e465e637979e91e38b0d7c6b5ee55efdf6a48a6057e6ac30c3a0190c110cd10919163864415e8de7b34ea071,gx-no-cache=1710160006315 HTTP/1.1" 200 30
200.54.237.82 - - [11/Mar/2024:09:29:30 -0300] "POST /cormun/servlet/solicitudotadjuntos?0c886af071410cb8124617c00b151c80,INS,2024,20771,,1,,gx-no-cache=1710160006342 HTTP/1.1" 200 4149
200.54.237.82 - - [11/Mar/2024:09:29:35 -0300] "POST /cormun/servlet/solicitudotadjuntos?gx-no-cache=1710160011491 HTTP/1.1" 200 26
200.54.237.82 - - [11/Mar/2024:09:29:48 -0300] "GET /cormun/servlet/solicitudotadjuntos?71a0ae72e465e637979e91e38b0d7c6b4805463ba5add31e9c774af2843de4e0,gx-no-cache=1710160024385 HTTP/1.1" 200 30
200.54.237.82 - - [11/Mar/2024:09:29:48 -0300] "GET /cormun/servlet/solicitudotadjuntos?71a0ae72e465e637979e91e38b0d7c6b4805463ba5add31e9c774af2843de4e0,gx-no-cache=1710160024397 HTTP/1.1" 200 30
200.54.237.82 - - [11/Mar/2024:09:29:48 -0300] "POST /cormun/servlet/solicitudotadjuntos?0c886af071410cb8124617c00b151c80,INS,2024,20771,,1, HTTP/1.1" 200 116
200.54.237.82 - - [11/Mar/2024:09:29:48 -0300] "GET /cormun/servlet/hpexe_return? HTTP/1.1" 200 1026
200.54.237.82 - - [11/Mar/2024:09:29:48 -0300] "GET /cormun/servlet/trsolicitudadjuntos?2024,20771, HTTP/1.1" 200 9368
200.54.237.82 - - [11/Mar/2024:09:29:54 -0300] "GET /cormun/servlet/solicitudotadjuntos?INS,2024,20771,,1, HTTP/1.1" 200 6387
200.54.237.82 - - [11/Mar/2024:09:29:54 -0300] "GET /cormun/static/about:blank HTTP/1.1" 404 1011
200.54.237.82 - - [11/Mar/2024:09:29:55 -0300] "GET /cormun/servlet/solicitudotadjuntos?71a0ae72e465e637979e91e38b0d7c6b5ee55efdf6a48a6057e6ac30c3a0190c110cd10919163864415e8de7b34ea071,gx-no-cache=1710160031195 HTTP/1.1" 200 30
200.54.237.82 - - [11/Mar/2024:09:29:55 -0300] "POST /cormun/servlet/solicitudotadjuntos?0c886af071410cb8124617c00b151c80,INS,2024,20771,,1,,gx-no-cache=1710160031221 HTTP/1.1" 200 4148
200.54.237.82 - - [11/Mar/2024:09:29:58 -0300] "POST /cormun/servlet/solicitudotadjuntos?gx-no-cache=1710160034186 HTTP/1.1" 200 26
200.54.237.82 - - [11/Mar/2024:09:30:12 -0300] "GET /cormun/servlet/solicitudotadjuntos?71a0ae72e465e637979e91e38b0d7c6b4805463ba5add31e9c774af2843de4e0,gx-no-cache=1710160048161 HTTP/1.1" 200 30
200.54.237.82 - - [11/Mar/2024:09:30:12 -0300] "GET /cormun/servlet/solicitudotadjuntos?71a0ae72e465e637979e91e38b0d7c6b4805463ba5add31e9c774af2843de4e0,gx-no-cache=1710160048173 HTTP/1.1" 200 30
200.54.237.82 - - [11/Mar/2024:09:30:12 -0300] "POST /cormun/servlet/solicitudotadjuntos?0c886af071410cb8124617c00b151c80,INS,2024,20771,,1, HTTP/1.1" 200 116
200.54.237.82 - - [11/Mar/2024:09:30:12 -0300] "GET /cormun/servlet/hpexe_return? HTTP/1.1" 200 1026
200.54.237.82 - - [11/Mar/2024:09:30:12 -0300] "GET /cormun/servlet/trsolicitudadjuntos?2024,20771, HTTP/1.1" 200 9593
190.171.141.90 - - [11/Mar/2024:09:30:13 -0300] "GET /cormun/servlet/solicitudotadjuntos?40e341e021ab2488b00ff210106a794d5fc036aeec350fbf9de17ca0e15f95b4,gx-no-cache=1710160054405 HTTP/1.1" 200 30
190.171.141.90 - - [11/Mar/2024:09:30:13 -0300] "GET /cormun/servlet/solicitudotadjuntos?40e341e021ab2488b00ff210106a794d5fc036aeec350fbf9de17ca0e15f95b4,gx-no-cache=1710160054423 HTTP/1.1" 200 30
190.171.141.90 - - [11/Mar/2024:09:30:13 -0300] "POST /cormun/servlet/solicitudotadjuntos?55b4c286a1572a43ce23364bf20bbe84,INS,2024,20738,,1, HTTP/1.1" 200 116
190.171.141.90 - - [11/Mar/2024:09:30:13 -0300] "GET /cormun/servlet/hpexe_return? HTTP/1.1" 200 1026
190.171.141.90 - - [11/Mar/2024:09:30:13 -0300] "GET /cormun/servlet/trsolicitudadjuntos?2024,20738, HTTP/1.1" 200 10219
200.54.237.82 - - [11/Mar/2024:09:30:15 -0300] "GET /cormun/servlet/solicitudotadjuntos?INS,2024,20771,,1, HTTP/1.1" 200 6387
200.54.237.82 - - [11/Mar/2024:09:30:15 -0300] "GET /cormun/static/about:blank HTTP/1.1" 404 1011
190.171.141.90 - - [11/Mar/2024:09:30:15 -0300] "POST /cormun/servlet/trsolicitudadjuntos?55b4c286a1572a43ce23364bf20bbe84,2024,20738,,gx-no-cache=1710160056967 HTTP/1.1" 200 90
190.171.141.90 - - [11/Mar/2024:09:30:15 -0300] "GET /cormun/servlet/hpexe_link HTTP/1.1" 200 967
190.171.141.90 - - [11/Mar/2024:09:30:15 -0300] "GET /cormun/servlet/trsolicitudot HTTP/1.1" 200 8474
190.171.152.114 - - [11/Mar/2024:09:30:16 -0300] "GET /cormun/servlet/trcontratosolicitud? HTTP/1.1" 200 14603
200.54.237.82 - - [11/Mar/2024:09:30:16 -0300] "GET /cormun/servlet/solicitudotadjuntos?71a0ae72e465e637979e91e38b0d7c6b5ee55efdf6a48a6057e6ac30c3a0190c110cd10919163864415e8de7b34ea071,gx-no-cache=1710160052143 HTTP/1.1" 200 30
200.54.237.82 - - [11/Mar/2024:09:30:16 -0300] "POST /cormun/servlet/solicitudotadjuntos?0c886af071410cb8124617c00b151c80,INS,2024,20771,,1,,gx-no-cache=1710160052171 HTTP/1.1" 200 4148
190.171.141.90 - - [11/Mar/2024:09:30:18 -0300] "POST /cormun/servlet/trsolicitudot?55b4c286a1572a43ce23364bf20bbe84,gx-no-cache=1710160059464 HTTP/1.1" 200 4294
190.171.141.90 - - [11/Mar/2024:09:30:18 -0300] "POST /cormun/servlet/trsolicitudot?55b4c286a1572a43ce23364bf20bbe84,gx-no-cache=1710160059541 HTTP/1.1" 200 4061
200.54.237.82 - - [11/Mar/2024:09:30:18 -0300] "POST /cormun/servlet/solicitudotadjuntos?gx-no-cache=1710160054825 HTTP/1.1" 200 26
200.54.237.82 - - [11/Mar/2024:09:30:25 -0300] "GET /cormun/servlet/solicitudotadjuntos?71a0ae72e465e637979e91e38b0d7c6b4805463ba5add31e9c774af2843de4e0,gx-no-cache=1710160061425 HTTP/1.1" 200 30
200.54.237.82 - - [11/Mar/2024:09:30:25 -0300] "GET /cormun/servlet/solicitudotadjuntos?71a0ae72e465e637979e91e38b0d7c6b4805463ba5add31e9c774af2843de4e0,gx-no-cache=1710160061436 HTTP/1.1" 200 30
200.54.237.82 - - [11/Mar/2024:09:30:25 -0300] "POST /cormun/servlet/solicitudotadjuntos?0c886af071410cb8124617c00b151c80,INS,2024,20771,,1, HTTP/1.1" 200 116
200.54.237.82 - - [11/Mar/2024:09:30:25 -0300] "GET /cormun/servlet/hpexe_return? HTTP/1.1" 200 1026
200.54.237.82 - - [11/Mar/2024:09:30:25 -0300] "GET /cormun/servlet/trsolicitudadjuntos?2024,20771, HTTP/1.1" 200 9837
200.54.237.82 - - [11/Mar/2024:09:30:28 -0300] "GET /cormun/servlet/solicitudotadjuntos?INS,2024,20771,,1, HTTP/1.1" 200 6387
200.54.237.82 - - [11/Mar/2024:09:30:28 -0300] "GET /cormun/static/about:blank HTTP/1.1" 404 1011
200.54.237.82 - - [11/Mar/2024:09:30:29 -0300] "GET /cormun/servlet/solicitudotadjuntos?71a0ae72e465e637979e91e38b0d7c6b5ee55efdf6a48a6057e6ac30c3a0190c110cd10919163864415e8de7b34ea071,gx-no-cache=1710160064977 HTTP/1.1" 200 30
200.54.237.82 - - [11/Mar/2024:09:30:29 -0300] "POST /cormun/servlet/solicitudotadjuntos?0c886af071410cb8124617c00b151c80,INS,2024,20771,,1,,gx-no-cache=1710160065035 HTTP/1.1" 200 4148
200.54.237.82 - - [11/Mar/2024:09:30:32 -0300] "POST /cormun/servlet/solicitudotadjuntos?gx-no-cache=1710160068058 HTTP/1.1" 200 26
190.171.141.138 - - [11/Mar/2024:09:30:42 -0300] "GET /cormun/servlet/solicitudot?ee873de0c0a55f9c9366a9c92bbe3af8c8c29851e9ab306e7c7146810b6ee95a,gx-no-cache=1710160079811 HTTP/1.1" 200 29
200.54.237.82 - - [11/Mar/2024:09:30:44 -0300] "GET /cormun/servlet/solicitudotadjuntos?71a0ae72e465e637979e91e38b0d7c6b4805463ba5add31e9c774af2843de4e0,gx-no-cache=1710160080377 HTTP/1.1" 200 30
200.54.237.82 - - [11/Mar/2024:09:30:44 -0300] "GET /cormun/servlet/solicitudotadjuntos?71a0ae72e465e637979e91e38b0d7c6b4805463ba5add31e9c774af2843de4e0,gx-no-cache=1710160080389 HTTP/1.1" 200 30
200.54.237.82 - - [11/Mar/2024:09:30:44 -0300] "POST /cormun/servlet/solicitudotadjuntos?0c886af071410cb8124617c00b151c80,INS,2024,20771,,1, HTTP/1.1" 200 116
200.54.237.82 - - [11/Mar/2024:09:30:44 -0300] "GET /cormun/servlet/hpexe_return? HTTP/1.1" 200 1026
200.54.237.82 - - [11/Mar/2024:09:30:44 -0300] "GET /cormun/servlet/trsolicitudadjuntos?2024,20771, HTTP/1.1" 200 10048
190.171.141.138 - - [11/Mar/2024:09:30:48 -0300] "POST /cormun/servlet/solicitudot?gx-no-cache=1710160085588 HTTP/1.1" 200 297
200.54.237.82 - - [11/Mar/2024:09:30:49 -0300] "GET /cormun/servlet/solicitudotadjuntos?INS,2024,20771,,1, HTTP/1.1" 200 6387
200.54.237.82 - - [11/Mar/2024:09:30:49 -0300] "GET /cormun/static/about:blank HTTP/1.1" 404 1011
200.54.237.82 - - [11/Mar/2024:09:30:49 -0300] "GET /cormun/servlet/solicitudotadjuntos?71a0ae72e465e637979e91e38b0d7c6b5ee55efdf6a48a6057e6ac30c3a0190c110cd10919163864415e8de7b34ea071,gx-no-cache=1710160085712 HTTP/1.1" 200 30
200.54.237.82 - - [11/Mar/2024:09:30:49 -0300] "POST /cormun/servlet/solicitudotadjuntos?0c886af071410cb8124617c00b151c80,INS,2024,20771,,1,,gx-no-cache=1710160085739 HTTP/1.1" 200 4148
190.171.141.90 - - [11/Mar/2024:09:30:50 -0300] "POST /cormun/servlet/trsolicitudot?55b4c286a1572a43ce23364bf20bbe84,gx-no-cache=1710160091862 HTTP/1.1" 200 7094
190.171.141.138 - - [11/Mar/2024:09:30:51 -0300] "GET /cormun/servlet/solicitudot?ee873de0c0a55f9c9366a9c92bbe3af84fd4b4429b31b9471702c538eaf48d95e96cce12bd5bc5216782d40f12d2acfef65b2955ebbec943d39e88a37cf77664adb827fa287ce2e1cc5107db45d08dace52a59eb757883c88044a9f81595d421021d790a200e111d3d42da3eb8955e021a49e1f7eb4ba063af26019035eacc372648e8e71e2d97c28bc02496ba19d49bfc413c4e0b703e45df9fec1c970278082ca8c68a64fcc7036026d62888d6b9bca1dd9f5ea58b230e80c17f93761fe18d5f746ca1f1a7b40ddbb07e85960af93eb7fd2f3fe9d20716f83b82a1ca10a32d6e7e7a34319bf56afdc601d192349be9f19e19717f8302a727a9a1c1622c7bfa92139a97b0b02831a721124c62df9bdf2c4e54ac8f4fdb5d4609edafe94f67d95b5a2c310b05f1704490b6027d75841b53d98fcf618d1a65793deb851f2fc695dd31ddc0467eaf94b7595ec608ac1d3b61b6e24c93d578c39da81bafd25d0e796bf889ec8868bbf2a19df3b3edef852b2ef960a8ecacf0aa331149d603d7c59670e10a1eb0ee044a75da732b5626afd6,gx-no-cache=1710160087984 HTTP/1.1" 200 30
200.54.237.82 - - [11/Mar/2024:09:30:52 -0300] "POST /cormun/servlet/solicitudotadjuntos?gx-no-cache=1710160088746 HTTP/1.1" 200 26
190.171.141.138 - - [11/Mar/2024:09:30:56 -0300] "POST /cormun/servlet/solicitudot?gx-no-cache=1710160093779 HTTP/1.1" 200 30
190.171.141.90 - - [11/Mar/2024:09:30:57 -0300] "GET /cormun/servlet/trsolicitudot? HTTP/1.1" 200 10003
190.171.141.138 - - [11/Mar/2024:09:30:58 -0300] "POST /cormun/servlet/solicitudot?gx-no-cache=1710160095270 HTTP/1.1" 200 1466
190.171.141.138 - - [11/Mar/2024:09:30:58 -0300] "POST /cormun/servlet/solicitudot?gx-no-cache=1710160095305 HTTP/1.1" 200 38
181.212.40.185 - - [11/Mar/2024:09:30:58 -0300] "POST /cormun/servlet/trsolicitudot?2e8a22bab9ae8931c1e386c6be495cd1,gx-no-cache=1710160094316 HTTP/1.1" 440 972
181.212.40.185 - - [11/Mar/2024:09:31:00 -0300] "GET /cormun/servlet/trsolicitudot HTTP/1.1" 200 6323
200.54.237.82 - - [11/Mar/2024:09:31:00 -0300] "GET /cormun/servlet/solicitudotadjuntos?71a0ae72e465e637979e91e38b0d7c6b4805463ba5add31e9c774af2843de4e0,gx-no-cache=1710160096753 HTTP/1.1" 200 30
200.54.237.82 - - [11/Mar/2024:09:31:00 -0300] "GET /cormun/servlet/solicitudotadjuntos?71a0ae72e465e637979e91e38b0d7c6b4805463ba5add31e9c774af2843de4e0,gx-no-cache=1710160096776 HTTP/1.1" 200 30
200.54.237.82 - - [11/Mar/2024:09:31:00 -0300] "POST /cormun/servlet/solicitudotadjuntos?0c886af071410cb8124617c00b151c80,INS,2024,20771,,1, HTTP/1.1" 200 116
200.54.237.82 - - [11/Mar/2024:09:31:01 -0300] "GET /cormun/servlet/hpexe_return? HTTP/1.1" 200 1026
200.54.237.82 - - [11/Mar/2024:09:31:01 -0300] "GET /cormun/servlet/trsolicitudadjuntos?2024,20771, HTTP/1.1" 200 10318
181.212.40.185 - - [11/Mar/2024:09:31:01 -0300] "GET /cormun/servlet/hlogin HTTP/1.1" 200 1738
200.54.237.82 - - [11/Mar/2024:09:31:05 -0300] "GET /cormun/servlet/solicitudotadjuntos?INS,2024,20771,,1, HTTP/1.1" 200 6388
200.54.237.82 - - [11/Mar/2024:09:31:05 -0300] "GET /cormun/static/about:blank HTTP/1.1" 404 1011
200.54.237.82 - - [11/Mar/2024:09:31:06 -0300] "GET /cormun/servlet/solicitudotadjuntos?71a0ae72e465e637979e91e38b0d7c6b5ee55efdf6a48a6057e6ac30c3a0190c110cd10919163864415e8de7b34ea071,gx-no-cache=1710160102209 HTTP/1.1" 200 30
200.54.237.82 - - [11/Mar/2024:09:31:06 -0300] "POST /cormun/servlet/solicitudotadjuntos?0c886af071410cb8124617c00b151c80,INS,2024,20771,,1,,gx-no-cache=1710160102226 HTTP/1.1" 200 4149
200.54.237.82 - - [11/Mar/2024:09:31:08 -0300] "POST /cormun/servlet/solicitudotadjuntos?gx-no-cache=1710160104786 HTTP/1.1" 200 26
181.212.40.185 - - [11/Mar/2024:09:31:12 -0300] "POST /cormun/servlet/hlogin?d88db46992b59f45bf4ea3abab08814f,gx-no-cache=1710160108361 HTTP/1.1" 200 90
181.212.40.185 - - [11/Mar/2024:09:31:12 -0300] "GET /cormun/servlet/hpexe_link HTTP/1.1" 200 958
181.212.40.185 - - [11/Mar/2024:09:31:12 -0300] "GET /cormun/servlet/trsolicitudot HTTP/1.1" 200 9605
181.212.40.185 - - [11/Mar/2024:09:31:16 -0300] "POST /cormun/servlet/trsolicitudot?d88db46992b59f45bf4ea3abab08814f,gx-no-cache=1710160112348 HTTP/1.1" 200 6410
181.212.40.185 - - [11/Mar/2024:09:31:16 -0300] "GET /cormun/static/Shared/jqueryui/images/ui-bg_highlight-soft_100_c6c2c8_1x100.png HTTP/1.1" 404 1117
181.212.40.185 - - [11/Mar/2024:09:31:16 -0300] "GET /cormun/static/Shared/jqueryui/images/ui-icons_82798d_256x240.png HTTP/1.1" 404 1089
181.212.40.185 - - [11/Mar/2024:09:31:16 -0300] "GET /cormun/static/Shared/jqueryui/images/ui-bg_flat_55_fafafa_40x100.png HTTP/1.1" 404 1097
181.212.40.185 - - [11/Mar/2024:09:31:16 -0300] "GET /cormun/static/Shared/jqueryui/images/ui-icons_8d78a5_256x240.png HTTP/1.1" 404 1089
181.212.40.185 - - [11/Mar/2024:09:31:16 -0300] "POST /cormun/servlet/trsolicitudot?d88db46992b59f45bf4ea3abab08814f,gx-no-cache=1710160112479 HTTP/1.1" 200 6354
181.212.40.185 - - [11/Mar/2024:09:31:17 -0300] "POST /cormun/servlet/trsolicitudot?d88db46992b59f45bf4ea3abab08814f,gx-no-cache=1710160113050 HTTP/1.1" 200 5934
181.212.40.185 - - [11/Mar/2024:09:31:17 -0300] "POST /cormun/servlet/trsolicitudot?d88db46992b59f45bf4ea3abab08814f,gx-no-cache=1710160113169 HTTP/1.1" 200 5879
181.212.40.185 - - [11/Mar/2024:09:31:17 -0300] "POST /cormun/servlet/trsolicitudot?d88db46992b59f45bf4ea3abab08814f,gx-no-cache=1710160113769 HTTP/1.1" 200 4622
181.212.40.185 - - [11/Mar/2024:09:31:17 -0300] "POST /cormun/servlet/trsolicitudot?d88db46992b59f45bf4ea3abab08814f,gx-no-cache=1710160113858 HTTP/1.1" 200 4349
200.54.237.82 - - [11/Mar/2024:09:31:20 -0300] "GET /cormun/servlet/solicitudotadjuntos?71a0ae72e465e637979e91e38b0d7c6b4805463ba5add31e9c774af2843de4e0,gx-no-cache=1710160116425 HTTP/1.1" 200 30
200.54.237.82 - - [11/Mar/2024:09:31:20 -0300] "GET /cormun/servlet/solicitudotadjuntos?71a0ae72e465e637979e91e38b0d7c6b4805463ba5add31e9c774af2843de4e0,gx-no-cache=1710160116435 HTTP/1.1" 200 30
200.54.237.82 - - [11/Mar/2024:09:31:20 -0300] "POST /cormun/servlet/solicitudotadjuntos?0c886af071410cb8124617c00b151c80,INS,2024,20771,,1, HTTP/1.1" 200 116
200.54.237.82 - - [11/Mar/2024:09:31:20 -0300] "GET /cormun/servlet/hpexe_return? HTTP/1.1" 200 1026
200.54.237.82 - - [11/Mar/2024:09:31:20 -0300] "GET /cormun/servlet/trsolicitudadjuntos?2024,20771, HTTP/1.1" 200 10456
181.212.40.185 - - [11/Mar/2024:09:31:21 -0300] "GET /cormun/servlet/trlicencias? HTTP/1.1" 200 12371
190.171.141.138 - - [11/Mar/2024:09:31:30 -0300] "GET /cormun/servlet/solicitudot?ee873de0c0a55f9c9366a9c92bbe3af8697c8679a5019e5146c6a719fcf0b4faee60bfb9c78db1e15fbd311ccdd138fd6f2690212e731340e58a5b9140fba07e9f135dc97ceecc0c1c3e5d3bd005ff4af7f6c8336996454a6fbf4ff42e8e6a04d3145f7b5ab0a97cc36542851a28195e,gx-no-cache=1710160127739 HTTP/1.1" 200 110
190.171.141.138 - - [11/Mar/2024:09:31:48 -0300] "POST /cormun/servlet/solicitudot?gx-no-cache=1710160145820 HTTP/1.1" 200 83
200.54.237.82 - - [11/Mar/2024:09:31:53 -0300] "POST /cormun/servlet/acontrolpreferencessavestate?None,ECONTRERAS,true HTTP/1.1" 200 35
200.54.237.82 - - [11/Mar/2024:09:32:00 -0300] "GET /cormun/servlet/trautorizarsolicitud? HTTP/1.1" 200 7457
200.54.237.82 - - [11/Mar/2024:09:32:00 -0300] "GET /cormun/static/gxcfg.js?202211298474254 HTTP/1.1" 200 953
200.54.237.82 - - [11/Mar/2024:09:32:00 -0300] "GET /cormun/static/trautorizarsolicitud.js?202211298474588 HTTP/1.1" 200 53909
190.171.141.138 - - [11/Mar/2024:09:32:04 -0300] "POST /cormun/servlet/solicitudot?gx-no-cache=1710160161087 HTTP/1.1" 200 30
190.171.141.138 - - [11/Mar/2024:09:32:04 -0300] "POST /cormun/servlet/solicitudot?gx-no-cache=1710160161109 HTTP/1.1" 200 1469
190.171.141.138 - - [11/Mar/2024:09:32:04 -0300] "POST /cormun/servlet/solicitudot?gx-no-cache=1710160161136 HTTP/1.1" 200 38
190.171.141.138 - - [11/Mar/2024:09:32:04 -0300] "GET /cormun/servlet/solicitudot?ee873de0c0a55f9c9366a9c92bbe3af8697c8679a5019e5146c6a719fcf0b4faee60bfb9c78db1e15fbd311ccdd138fd6f2690212e731340e58a5b9140fba07e9f135dc97ceecc0c1c3e5d3bd005ff4af7f6c8336996454a6fbf4ff42e8e6a04d3145f7b5ab0a97cc36542851a28195e,gx-no-cache=1710160161153 HTTP/1.1" 200 110
190.171.141.138 - - [11/Mar/2024:09:32:04 -0300] "POST /cormun/servlet/solicitudot?gx-no-cache=1710160161173 HTTP/1.1" 200 83
200.54.237.82 - - [11/Mar/2024:09:32:05 -0300] "GET /cormun/servlet/trautorizarsolicitud? HTTP/1.1" 200 7443
190.171.141.138 - - [11/Mar/2024:09:32:17 -0300] "GET /cormun/servlet/solicitudot?ee873de0c0a55f9c9366a9c92bbe3af8e0e136c58e670f834eb74ddedfbc5a4fe78cc93264724f8c1b2ae38199bc125feb1b6a7501b465a5180dd39db39c9c7dc60a72e54d6f521ee02f3c387407bb8e6e747580b28a4eba1347bcfbf0f8a79f7ebcc2e9f4fdc56f24342801276eede6,gx-no-cache=1710160174073 HTTP/1.1" 200 29
190.171.141.138 - - [11/Mar/2024:09:32:17 -0300] "GET /cormun/static/menuarrow.gif HTTP/1.1" 404 1015
190.171.141.138 - - [11/Mar/2024:09:32:19 -0300] "GET /cormun/servlet/solicitudot?ee873de0c0a55f9c9366a9c92bbe3af83be208b63b89af27bd10e11ab2dbf129dbfd72f8fec8b56d7a00851cefe66e55,gx-no-cache=1710160176689 HTTP/1.1" 200 30
200.54.237.82 - - [11/Mar/2024:09:32:20 -0300] "POST /cormun/servlet/trautorizarsolicitud?0c886af071410cb8124617c00b151c80,,gx-no-cache=1710160176218 HTTP/1.1" 200 4553
200.54.237.82 - - [11/Mar/2024:09:32:21 -0300] "POST /cormun/servlet/trautorizarsolicitud?0c886af071410cb8124617c00b151c80,,gx-no-cache=1710160177074 HTTP/1.1" 200 4553
200.54.237.82 - - [11/Mar/2024:09:32:21 -0300] "POST /cormun/servlet/trautorizarsolicitud?0c886af071410cb8124617c00b151c80,,gx-no-cache=1710160177411 HTTP/1.1" 200 4553
200.54.237.82 - - [11/Mar/2024:09:32:25 -0300] "GET /cormun/servlet/trsolicitudot? HTTP/1.1" 200 8986
190.171.141.138 - - [11/Mar/2024:09:32:26 -0300] "POST /cormun/servlet/solicitudot?gx-no-cache=1710160183063 HTTP/1.1" 200 30
200.54.237.82 - - [11/Mar/2024:09:32:31 -0300] "POST /cormun/servlet/trsolicitudot?0c886af071410cb8124617c00b151c80,,gx-no-cache=1710160187067 HTTP/1.1" 200 4883
200.54.237.82 - - [11/Mar/2024:09:32:31 -0300] "GET /cormun/static/Shared/jqueryui/images/ui-icons_82798d_256x240.png HTTP/1.1" 404 1089
200.54.237.82 - - [11/Mar/2024:09:32:31 -0300] "GET /cormun/static/Shared/jqueryui/images/ui-bg_highlight-soft_100_c6c2c8_1x100.png HTTP/1.1" 404 1117
200.54.237.82 - - [11/Mar/2024:09:32:31 -0300] "GET /cormun/static/Shared/jqueryui/images/ui-bg_flat_55_fafafa_40x100.png HTTP/1.1" 404 1097
200.54.237.82 - - [11/Mar/2024:09:32:31 -0300] "GET /cormun/static/Shared/jqueryui/images/ui-icons_8d78a5_256x240.png HTTP/1.1" 404 1089
200.54.237.82 - - [11/Mar/2024:09:32:31 -0300] "POST /cormun/servlet/trsolicitudot?0c886af071410cb8124617c00b151c80,,gx-no-cache=1710160187217 HTTP/1.1" 200 4616
200.54.237.82 - - [11/Mar/2024:09:32:40 -0300] "GET /cormun/servlet/trautorizarsolicitud? HTTP/1.1" 200 8885
200.54.237.82 - - [11/Mar/2024:09:32:51 -0300] "POST /cormun/servlet/trautorizarsolicitud?0c886af071410cb8124617c00b151c80,,gx-no-cache=1710160206878 HTTP/1.1" 200 4811
200.54.237.82 - - [11/Mar/2024:09:32:51 -0300] "POST /cormun/servlet/trautorizarsolicitud?0c886af071410cb8124617c00b151c80,,gx-no-cache=1710160206985 HTTP/1.1" 200 4546
190.171.144.234 - - [11/Mar/2024:09:32:55 -0300] "GET /cormun/servlet/hlogin HTTP/1.1" 200 1723
190.171.144.234 - - [11/Mar/2024:09:32:55 -0300] "GET /cormun/static/gxtimezone.js?85251 HTTP/1.1" 200 5781
190.171.144.234 - - [11/Mar/2024:09:32:55 -0300] "GET /cormun/static/gxcfg.js?2022112219184450 HTTP/1.1" 200 953
190.171.144.234 - - [11/Mar/2024:09:32:55 -0300] "GET /cormun/static/Resources/CormunLogin.png HTTP/1.1" 200 19132
190.171.144.234 - - [11/Mar/2024:09:32:55 -0300] "GET /cormun/static/messages.spa.js?85251 HTTP/1.1" 200 30736
190.171.144.234 - - [11/Mar/2024:09:32:55 -0300] "GET /cormun/static/Resources/Spanish/PXTools.css?1759030 HTTP/1.1" 200 100853
190.171.144.234 - - [11/Mar/2024:09:32:55 -0300] "GET /cormun/static/hlogin.js?2022112219184458 HTTP/1.1" 200 2156
190.171.144.234 - - [11/Mar/2024:09:32:55 -0300] "GET /cormun/static/gxgral.js?85251 HTTP/1.1" 200 384558
190.171.144.234 - - [11/Mar/2024:09:32:55 -0300] "GET /cormun/static/Resources/PXToolsLoginBackground.png HTTP/1.1" 200 1164
190.171.144.234 - - [11/Mar/2024:09:32:55 -0300] "GET /cormun/static/Resources/PXToolsLoginTop.png HTTP/1.1" 200 1337
190.171.144.234 - - [11/Mar/2024:09:32:55 -0300] "GET /cormun/static/Resources/PXToolsButtonLeft.png HTTP/1.1" 200 1310
190.171.144.234 - - [11/Mar/2024:09:32:55 -0300] "GET /cormun/static/Resources/PXToolsButtonRight.png HTTP/1.1" 200 1294
190.171.144.234 - - [11/Mar/2024:09:32:55 -0300] "GET /cormun/static/Resources/PXToolsButtonBackground.png HTTP/1.1" 200 1176
190.171.144.234 - - [11/Mar/2024:09:32:55 -0300] "GET /cormun/static/Resources/PXToolsLoginBottom.png HTTP/1.1" 200 1389
190.171.144.234 - - [11/Mar/2024:09:32:55 -0300] "GET /cormun/static/Resources/indicator.gif HTTP/1.1" 200 1553
190.171.144.234 - - [11/Mar/2024:09:32:55 -0300] "GET /cormun/servlet/hlogin HTTP/1.1" 200 1734
190.171.144.234 - - [11/Mar/2024:09:32:59 -0300] "POST /cormun/servlet/hlogin?afa9307c63b3533a668e1a7602c2e655,gx-no-cache=1710160215216 HTTP/1.1" 200 90
190.171.144.234 - - [11/Mar/2024:09:32:59 -0300] "GET /cormun/servlet/hpexe_link HTTP/1.1" 200 951
190.171.144.234 - - [11/Mar/2024:09:32:59 -0300] "GET /cormun/static/gxcfg.js?20221129847421 HTTP/1.1" 200 953
190.171.144.234 - - [11/Mar/2024:09:32:59 -0300] "GET /cormun/static/hpexe_link.js?20221129847423 HTTP/1.1" 200 625
190.171.144.234 - - [11/Mar/2024:09:32:59 -0300] "GET /cormun/static/Resources/Spanish/PXTools.css?8354383 HTTP/1.1" 200 100853
190.171.144.234 - - [11/Mar/2024:09:32:59 -0300] "GET /cormun/servlet/hhome HTTP/1.1" 200 3992
190.171.144.234 - - [11/Mar/2024:09:32:59 -0300] "GET /cormun/static/Shared/jqueryui/jquery-ui.min.css?1345370 HTTP/1.1" 200 30288
190.171.144.234 - - [11/Mar/2024:09:32:59 -0300] "GET /cormun/static/SmoothNavMenu/resources/ddsmoothmenu.css?1112540 HTTP/1.1" 200 2223
190.171.144.234 - - [11/Mar/2024:09:32:59 -0300] "GET /cormun/static/SmoothNavMenu/resources/ddsmoothmenu-v.css?1112540 HTTP/1.1" 200 1188
190.171.144.234 - - [11/Mar/2024:09:32:59 -0300] "GET /cormun/static/scaMessage/css/jquery.pnotify.default.css?1816380 HTTP/1.1" 200 1707
190.171.144.234 - - [11/Mar/2024:09:32:59 -0300] "GET /cormun/static/gxcfg.js?20201215495537 HTTP/1.1" 200 953
190.171.144.234 - - [11/Mar/2024:09:32:59 -0300] "GET /cormun/static/PXToolsJavascripts/pexe_grid.js HTTP/1.1" 200 7559
190.171.144.234 - - [11/Mar/2024:09:32:59 -0300] "GET /cormun/static/PXToolsJavascripts/pexe_cookies.js HTTP/1.1" 200 792
190.171.144.234 - - [11/Mar/2024:09:32:59 -0300] "GET /cormun/static/PXToolsJavascripts/pexe_windows.js HTTP/1.1" 200 15249
190.171.144.234 - - [11/Mar/2024:09:32:59 -0300] "GET /cormun/static/PXToolsJavascripts/pexe_autoreload.js HTTP/1.1" 200 1762
190.171.144.234 - - [11/Mar/2024:09:32:59 -0300] "GET /cormun/static/Resources/Spanish/PXTools.css?14345360 HTTP/1.1" 200 100853
190.171.144.234 - - [11/Mar/2024:09:32:59 -0300] "GET /cormun/static/PXToolsJavascripts/pexe_griddivfix.js HTTP/1.1" 200 6946
190.171.144.234 - - [11/Mar/2024:09:32:59 -0300] "GET /cormun/static/PXToolsJavascripts/pexe_link.js HTTP/1.1" 200 5671
190.171.144.234 - - [11/Mar/2024:09:32:59 -0300] "GET /cormun/static/PXToolsJavascripts/pexe_menus.js HTTP/1.1" 200 1286
190.171.144.234 - - [11/Mar/2024:09:32:59 -0300] "GET /cormun/static/PXToolsJavascripts/pexe_menudivfix.js HTTP/1.1" 200 333
190.171.144.234 - - [11/Mar/2024:09:32:59 -0300] "GET /cormun/static/PXToolsJavascripts/pexe_layers.js HTTP/1.1" 200 4114
190.171.144.234 - - [11/Mar/2024:09:32:59 -0300] "GET /cormun/static/PXToolsJavascripts/pexe_oav.js HTTP/1.1" 200 645
190.171.144.234 - - [11/Mar/2024:09:32:59 -0300] "GET /cormun/static/PXToolsJavascripts/pexe_oavdivfix.js HTTP/1.1" 200 639
190.171.144.234 - - [11/Mar/2024:09:32:59 -0300] "GET /cormun/static/PXToolsJavascripts/pexe_picture.js HTTP/1.1" 200 689
190.171.144.234 - - [11/Mar/2024:09:32:59 -0300] "GET /cormun/static/PXToolsJavascripts/pexe_popup.js HTTP/1.1" 200 15149
190.171.144.234 - - [11/Mar/2024:09:32:59 -0300] "GET /cormun/static/PXToolsJavascripts/pexe_tabs.js HTTP/1.1" 200 3748
190.171.144.234 - - [11/Mar/2024:09:32:59 -0300] "GET /cormun/static/PXToolsJavascripts/pexe_tabdivfix.js HTTP/1.1" 200 898
