190.171.141.90 - - [11/Mar/2024:13:20:02 -0300] "GET /cormun/servlet/solicitudot?6cbea145f76f1c17dfa530fdca721d25346a04ef482a9de66aa64320178ce4f1ca71bb7bc914227aa0124cca17cbac3ff649df110d68c1bacfff3b6d2032b74e9c1ae46a70fa967aa1af7048d9473aadfd78df826ef8fb5ec4eecc6f4633b590869f7a6c2ac5dace71434146686a6296,gx-no-cache=1710173838535 HTTP/1.1" 200 110
190.171.141.90 - - [11/Mar/2024:13:20:02 -0300] "POST /cormun/servlet/solicitudot?gx-no-cache=1710173838561 HTTP/1.1" 200 110
190.171.141.90 - - [11/Mar/2024:13:20:19 -0300] "GET /cormun/servlet/solicitudot?6cbea145f76f1c17dfa530fdca721d255401f0540dd0b87afbcd5d04494f8f8a8d6aca637165b7da814a58ace2e7ff98c2792196a767521863e16fe45982fc9ed4705d6f94d5aab3bc3ff54fd8265d4cf2e73c87b7b73410b857161aa20bf59d0186216093facb4eeea58383a8f33a97,gx-no-cache=1710173855100 HTTP/1.1" 200 29
190.171.141.90 - - [11/Mar/2024:13:20:19 -0300] "GET /cormun/static/menuarrow.gif HTTP/1.1" 404 1015
190.171.141.90 - - [11/Mar/2024:13:20:23 -0300] "GET /cormun/servlet/solicitudot?6cbea145f76f1c17dfa530fdca721d2520dba3d1609a76ec1b7a56e361001a538df639fb1f54f7b85a8c89c3b55a0755,gx-no-cache=1710173859147 HTTP/1.1" 200 30
190.171.141.90 - - [11/Mar/2024:13:20:31 -0300] "POST /cormun/servlet/solicitudot?gx-no-cache=1710173867561 HTTP/1.1" 200 30
190.171.141.90 - - [11/Mar/2024:13:20:54 -0300] "POST /cormun/servlet/solicitudot?6393dd755d82401ad9500b0fd437dbe3,INS,0,0,false,,gx-no-cache=1710173890366 HTTP/1.1" 200 93
190.171.141.90 - - [11/Mar/2024:13:20:54 -0300] "GET /cormun/servlet/hpexe_return? HTTP/1.1" 200 1011
190.171.141.90 - - [11/Mar/2024:13:20:54 -0300] "GET /cormun/servlet/hhome HTTP/1.1" 200 3970
190.171.141.90 - - [11/Mar/2024:13:21:02 -0300] "GET /cormun/servlet/trsolicitudot? HTTP/1.1" 200 8574
190.171.141.106 - - [11/Mar/2024:13:21:04 -0300] "GET /cormun/servlet/hlogin HTTP/1.1" 200 1717
190.171.141.106 - - [11/Mar/2024:13:21:10 -0300] "POST /cormun/servlet/hlogin?0b67e8b095588f4f571f5dc628ce8549,gx-no-cache=1710173908531 HTTP/1.1" 200 90
190.171.141.106 - - [11/Mar/2024:13:21:10 -0300] "GET /cormun/servlet/hpexe_link HTTP/1.1" 200 975
190.171.141.106 - - [11/Mar/2024:13:21:10 -0300] "GET /cormun/servlet/trsolicitudot?gx-no-cache=1710173257280 HTTP/1.1" 200 7483
190.171.141.106 - - [11/Mar/2024:13:21:17 -0300] "GET /cormun/servlet/solicitudot?INS,0,0,false, HTTP/1.1" 200 16265
190.95.15.15 - - [11/Mar/2024:13:22:09 -0300] "GET /cormun/servlet/trlicencias? HTTP/1.1" 200 6055
190.95.15.15 - - [11/Mar/2024:13:22:09 -0300] "GET /cormun/servlet/hlogin HTTP/1.1" 200 1736
190.171.143.98 - - [11/Mar/2024:13:22:14 -0300] "ýùXrÙ±¼É¯ Q7#˜âý€j}L璵{¢»Õ™ ©02fFer#m ¡=Çñèg‡ÿ¾qô" 400 -
190.171.143.98 - - [11/Mar/2024:13:22:14 -0300] "-" 400 -
190.171.143.98 - - [11/Mar/2024:13:22:14 -0300] "GET /cormun/servlet/hlogin HTTP/1.1" 200 1722
190.171.143.98 - - [11/Mar/2024:13:22:14 -0300] "GET /cormun/static/gxtimezone.js?85251 HTTP/1.1" 200 5781
190.171.143.98 - - [11/Mar/2024:13:22:14 -0300] "GET /cormun/static/gxcfg.js?2022112219184450 HTTP/1.1" 200 953
190.171.143.98 - - [11/Mar/2024:13:22:14 -0300] "GET /cormun/static/Resources/CormunLogin.png HTTP/1.1" 200 19132
190.171.143.98 - - [11/Mar/2024:13:22:14 -0300] "GET /cormun/static/messages.spa.js?85251 HTTP/1.1" 200 30736
190.171.143.98 - - [11/Mar/2024:13:22:14 -0300] "GET /cormun/static/Resources/Spanish/PXTools.css?1759030 HTTP/1.1" 200 100853
190.171.143.98 - - [11/Mar/2024:13:22:14 -0300] "GET /cormun/static/hlogin.js?2022112219184458 HTTP/1.1" 200 2156
190.171.143.98 - - [11/Mar/2024:13:22:14 -0300] "GET /cormun/static/gxgral.js?85251 HTTP/1.1" 200 384558
190.171.143.98 - - [11/Mar/2024:13:22:14 -0300] "GET /cormun/static/Resources/PXToolsLoginBackground.png HTTP/1.1" 200 1164
190.171.143.98 - - [11/Mar/2024:13:22:14 -0300] "GET /cormun/static/Resources/PXToolsLoginTop.png HTTP/1.1" 200 1337
190.171.143.98 - - [11/Mar/2024:13:22:14 -0300] "GET /cormun/static/Resources/PXToolsButtonLeft.png HTTP/1.1" 200 1310
190.171.143.98 - - [11/Mar/2024:13:22:14 -0300] "GET /cormun/static/Resources/PXToolsLoginBottom.png HTTP/1.1" 200 1389
190.171.143.98 - - [11/Mar/2024:13:22:14 -0300] "GET /cormun/static/Resources/PXToolsButtonBackground.png HTTP/1.1" 200 1176
190.171.143.98 - - [11/Mar/2024:13:22:14 -0300] "GET /cormun/static/Resources/PXToolsButtonRight.png HTTP/1.1" 200 1294
190.171.143.98 - - [11/Mar/2024:13:22:14 -0300] "GET /cormun/static/Resources/indicator.gif HTTP/1.1" 200 1553
190.171.143.98 - - [11/Mar/2024:13:22:14 -0300] "GET /cormun/servlet/hlogin HTTP/1.1" 200 1733
190.171.143.98 - - [11/Mar/2024:13:22:14 -0300] "GET /favicon.ico HTTP/1.1" 200 21630
190.171.143.98 - - [11/Mar/2024:13:22:21 -0300] "POST /cormun/servlet/hlogin?94c5b41f1e2e80b55d1ec255e2b5f0e3,gx-no-cache=1710173977171 HTTP/1.1" 200 90
190.171.143.98 - - [11/Mar/2024:13:22:21 -0300] "GET /cormun/servlet/hpexe_link HTTP/1.1" 200 951
190.171.143.98 - - [11/Mar/2024:13:22:21 -0300] "GET /cormun/static/gxcfg.js?20221129847421 HTTP/1.1" 200 953
190.171.143.98 - - [11/Mar/2024:13:22:21 -0300] "GET /cormun/static/hpexe_link.js?20221129847423 HTTP/1.1" 200 625
190.171.143.98 - - [11/Mar/2024:13:22:21 -0300] "GET /cormun/static/Resources/Spanish/PXTools.css?8354383 HTTP/1.1" 200 100853
190.171.143.98 - - [11/Mar/2024:13:22:22 -0300] "GET /cormun/servlet/hhome HTTP/1.1" 200 4307
190.171.143.98 - - [11/Mar/2024:13:22:22 -0300] "GET /cormun/static/SmoothNavMenu/resources/ddsmoothmenu.css?1112540 HTTP/1.1" 200 2223
190.171.143.98 - - [11/Mar/2024:13:22:22 -0300] "GET /cormun/static/Shared/jqueryui/jquery-ui.min.css?1345370 HTTP/1.1" 200 30288
190.171.143.98 - - [11/Mar/2024:13:22:22 -0300] "GET /cormun/static/SmoothNavMenu/resources/ddsmoothmenu-v.css?1112540 HTTP/1.1" 200 1188
190.171.143.98 - - [11/Mar/2024:13:22:22 -0300] "GET /cormun/static/scaMessage/css/jquery.pnotify.default.css?1816380 HTTP/1.1" 200 1707
190.171.143.98 - - [11/Mar/2024:13:22:22 -0300] "GET /cormun/static/gxcfg.js?20201215495537 HTTP/1.1" 200 953
190.171.143.98 - - [11/Mar/2024:13:22:22 -0300] "GET /cormun/static/PXToolsJavascripts/pexe_autoreload.js HTTP/1.1" 200 1762
190.171.143.98 - - [11/Mar/2024:13:22:22 -0300] "GET /cormun/static/PXToolsJavascripts/pexe_windows.js HTTP/1.1" 200 15249
190.171.143.98 - - [11/Mar/2024:13:22:22 -0300] "GET /cormun/static/PXToolsJavascripts/pexe_cookies.js HTTP/1.1" 200 792
190.171.143.98 - - [11/Mar/2024:13:22:22 -0300] "GET /cormun/static/PXToolsJavascripts/pexe_grid.js HTTP/1.1" 200 7559
190.171.143.98 - - [11/Mar/2024:13:22:22 -0300] "GET /cormun/static/Resources/Spanish/PXTools.css?14345360 HTTP/1.1" 200 100853
190.171.143.98 - - [11/Mar/2024:13:22:22 -0300] "GET /cormun/static/PXToolsJavascripts/pexe_griddivfix.js HTTP/1.1" 200 6946
190.171.143.98 - - [11/Mar/2024:13:22:22 -0300] "GET /cormun/static/PXToolsJavascripts/pexe_link.js HTTP/1.1" 200 5671
190.171.143.98 - - [11/Mar/2024:13:22:22 -0300] "GET /cormun/static/PXToolsJavascripts/pexe_menudivfix.js HTTP/1.1" 200 333
190.171.143.98 - - [11/Mar/2024:13:22:22 -0300] "GET /cormun/static/PXToolsJavascripts/pexe_menus.js HTTP/1.1" 200 1286
190.171.143.98 - - [11/Mar/2024:13:22:22 -0300] "GET /cormun/static/PXToolsJavascripts/pexe_layers.js HTTP/1.1" 200 4114
190.171.143.98 - - [11/Mar/2024:13:22:22 -0300] "GET /cormun/static/PXToolsJavascripts/pexe_oav.js HTTP/1.1" 200 645
190.171.143.98 - - [11/Mar/2024:13:22:22 -0300] "GET /cormun/static/PXToolsJavascripts/pexe_oavdivfix.js HTTP/1.1" 200 639
190.171.143.98 - - [11/Mar/2024:13:22:22 -0300] "GET /cormun/static/PXToolsJavascripts/pexe_picture.js HTTP/1.1" 200 689
190.171.143.98 - - [11/Mar/2024:13:22:22 -0300] "GET /cormun/static/PXToolsJavascripts/pexe_scrolldiv.js HTTP/1.1" 200 4138
190.171.143.98 - - [11/Mar/2024:13:22:22 -0300] "GET /cormun/static/PXToolsJavascripts/pexe_tabdivfix.js HTTP/1.1" 200 898
190.171.143.98 - - [11/Mar/2024:13:22:22 -0300] "GET /cormun/static/PXToolsJavascripts/pexe_tabs.js HTTP/1.1" 200 3748
190.171.143.98 - - [11/Mar/2024:13:22:22 -0300] "GET /cormun/static/PXToolsJavascripts/pexe_upload.js HTTP/1.1" 200 1423
190.171.143.98 - - [11/Mar/2024:13:22:22 -0300] "GET /cormun/static/PXToolsJavascripts/PXToolsJavascriptsRender.js HTTP/1.1" 200 367
190.171.143.98 - - [11/Mar/2024:13:22:22 -0300] "GET /cormun/static/PXToolsJavascripts/pexe_popup.js HTTP/1.1" 200 15149
190.171.143.98 - - [11/Mar/2024:13:22:22 -0300] "GET /cormun/static/Resources/CormunMP2.png HTTP/1.1" 200 6878
190.171.143.98 - - [11/Mar/2024:13:22:22 -0300] "GET /cormun/static/Resources/ImgHome.png HTTP/1.1" 200 1364
190.171.143.98 - - [11/Mar/2024:13:22:22 -0300] "GET /cormun/static/Resources/Llave.png HTTP/1.1" 200 1395
190.171.143.98 - - [11/Mar/2024:13:22:22 -0300] "GET /cormun/static/Resources/ImgLogin.png HTTP/1.1" 200 1432
190.171.143.98 - - [11/Mar/2024:13:22:22 -0300] "GET /cormun/static/RunJS/RunJS.js HTTP/1.1" 200 288
190.171.143.98 - - [11/Mar/2024:13:22:22 -0300] "GET /cormun/static/Shared/ext/locale/ext-lang-en.js HTTP/1.1" 200 10940
190.171.143.98 - - [11/Mar/2024:13:22:22 -0300] "GET /cormun/static/Resources/PXToolsDataTitle.png HTTP/1.1" 200 1173
190.171.143.98 - - [11/Mar/2024:13:22:22 -0300] "GET /cormun/static/hhome.js?20201215495544 HTTP/1.1" 200 777
190.171.143.98 - - [11/Mar/2024:13:22:22 -0300] "GET /cormun/static/hwchdr01.js?2022112219251119 HTTP/1.1" 200 996
190.171.143.98 - - [11/Mar/2024:13:22:22 -0300] "GET /cormun/static/hpexe_recentlink.js?20201214471090 HTTP/1.1" 200 2144
190.171.143.98 - - [11/Mar/2024:13:22:22 -0300] "GET /cormun/static/hpexe_scripts.js?20201214471411 HTTP/1.1" 200 1544
190.171.143.98 - - [11/Mar/2024:13:22:22 -0300] "GET /cormun/static/gxui/gxui-all.js HTTP/1.1" 200 107772
190.171.143.98 - - [11/Mar/2024:13:22:22 -0300] "GET /cormun/static/hpexe_messagecontroller.js?202211298371222 HTTP/1.1" 200 870
190.171.143.98 - - [11/Mar/2024:13:22:22 -0300] "GET /cormun/static/hpexe_messagepopupcomponent.js?2020121447232 HTTP/1.1" 200 605
190.171.143.98 - - [11/Mar/2024:13:22:22 -0300] "GET /cormun/static/hpexe_messagegenexuscomponent.js?20221129836373 HTTP/1.1" 200 587
190.171.143.98 - - [11/Mar/2024:13:22:22 -0300] "GET /cormun/static/cmcontrolpreferences.js?20199141926336 HTTP/1.1" 200 1375
190.171.143.98 - - [11/Mar/2024:13:22:22 -0300] "GET /cormun/static/Shared/jquery/jquery-1.4.2.min.js HTTP/1.1" 200 72174
190.171.143.98 - - [11/Mar/2024:13:22:22 -0300] "GET /cormun/static/SmoothNavMenu/resources/ddsmoothmenu.js HTTP/1.1" 200 12712
190.171.143.98 - - [11/Mar/2024:13:22:22 -0300] "GET /cormun/static/SmoothNavMenu/resources/SmoothNavMenuRender.js HTTP/1.1" 200 5951
190.171.143.98 - - [11/Mar/2024:13:22:22 -0300] "GET /cormun/static/scaMessage/js/jquery.pnotify.min.js HTTP/1.1" 200 13038
190.171.143.98 - - [11/Mar/2024:13:22:22 -0300] "GET /cormun/static/hmpwkw03.js?20221129844354 HTTP/1.1" 200 3971
190.171.143.98 - - [11/Mar/2024:13:22:22 -0300] "GET /cormun/static/scaMessage/scaMessageRender.js HTTP/1.1" 200 11977
190.171.143.98 - - [11/Mar/2024:13:22:22 -0300] "GET /cormun/static/Shared/jqueryui/jquery-ui.min.js HTTP/1.1" 200 240427
190.171.143.98 - - [11/Mar/2024:13:22:22 -0300] "GET /cormun/static/Shared/jquery/jquery-1.10.2.min.js HTTP/1.1" 200 273199
190.171.143.98 - - [11/Mar/2024:13:22:23 -0300] "GET /cormun/static/Shared/ext/ext-all.js HTTP/1.1" 200 1289687
190.171.143.98 - - [11/Mar/2024:13:22:23 -0300] "GET /cormun/static/SmoothNavMenu/resources/images/down.gif HTTP/1.1" 200 854
190.171.143.98 - - [11/Mar/2024:13:22:23 -0300] "GET /cormun/static/SmoothNavMenu/resources/images/right.gif HTTP/1.1" 200 860
190.95.15.15 - - [11/Mar/2024:13:22:26 -0300] "POST /cormun/servlet/hlogin?54fb69a92a53314ca2adb5fe4601dc51,gx-no-cache=1710173981750 HTTP/1.1" 200 90
190.95.15.15 - - [11/Mar/2024:13:22:26 -0300] "GET /cormun/servlet/hpexe_link HTTP/1.1" 200 955
190.95.15.15 - - [11/Mar/2024:13:22:26 -0300] "GET /cormun/servlet/trlicencias HTTP/1.1" 200 9289
190.171.141.106 - - [11/Mar/2024:13:22:28 -0300] "POST /cormun/servlet/solicitudot?gx-no-cache=1710173986314 HTTP/1.1" 200 4201
190.171.141.106 - - [11/Mar/2024:13:22:28 -0300] "POST /cormun/servlet/solicitudot?0b67e8b095588f4f571f5dc628ce8549,INS,0,0,false,,gx-no-cache=1710173986467 HTTP/1.1" 200 13090
190.171.143.98 - - [11/Mar/2024:13:22:29 -0300] "GET /cormun/servlet/trsolicitudot? HTTP/1.1" 200 7525
190.171.143.98 - - [11/Mar/2024:13:22:29 -0300] "GET /cormun/static/gxui/gxui-all.css?120300 HTTP/1.1" 200 2179
190.171.143.98 - - [11/Mar/2024:13:22:29 -0300] "GET /cormun/static/calendar-system.css?85620 HTTP/1.1" 200 5572
190.171.143.98 - - [11/Mar/2024:13:22:29 -0300] "GET /cormun/static/calendar-setup.js?85251 HTTP/1.1" 200 2588
190.171.143.98 - - [11/Mar/2024:13:22:29 -0300] "GET /cormun/static/calendar.js?85251 HTTP/1.1" 200 26246
190.171.143.98 - - [11/Mar/2024:13:22:29 -0300] "GET /cormun/static/gxcfg.js?20221129846531 HTTP/1.1" 200 953
190.171.143.98 - - [11/Mar/2024:13:22:29 -0300] "GET /cormun/static/calendar-es.js?85251 HTTP/1.1" 200 1901
190.171.143.98 - - [11/Mar/2024:13:22:29 -0300] "GET /cormun/static/Resources/PXTools/calendar.png HTTP/1.1" 200 1306
190.171.143.98 - - [11/Mar/2024:13:22:29 -0300] "GET /cormun/static/gxdec.js?85251 HTTP/1.1" 200 19579
190.171.143.98 - - [11/Mar/2024:13:22:29 -0300] "GET /cormun/static/trsolicitudot.js?202211298465651 HTTP/1.1" 200 54040
190.171.143.98 - - [11/Mar/2024:13:22:29 -0300] "GET /cormun/static/Shared/ext/resources/css/ext-all.css?215870 HTTP/1.1" 200 416045
190.171.143.98 - - [11/Mar/2024:13:22:29 -0300] "GET /cormun/static/Resources/PXToolsDataSearch.png HTTP/1.1" 200 435
190.171.143.98 - - [11/Mar/2024:13:22:29 -0300] "GET /cormun/static/Resources/PXToolsGridFirstDisabled.gif HTTP/1.1" 200 100
190.171.143.98 - - [11/Mar/2024:13:22:29 -0300] "GET /cormun/static/Resources/PXToolsActionExcel.png HTTP/1.1" 200 727
190.171.143.98 - - [11/Mar/2024:13:22:29 -0300] "GET /cormun/static/Resources/PXToolsGridPage.gif HTTP/1.1" 200 725
190.171.143.98 - - [11/Mar/2024:13:22:29 -0300] "GET /cormun/static/Resources/PXToolsGridPreviousDisabled.gif HTTP/1.1" 200 90
190.171.143.98 - - [11/Mar/2024:13:22:29 -0300] "GET /cormun/static/Resources/PXToolsGridLastDisabled.gif HTTP/1.1" 200 98
190.171.143.98 - - [11/Mar/2024:13:22:29 -0300] "GET /cormun/static/Resources/PXToolsAddAllAction.png HTTP/1.1" 200 495
190.171.143.98 - - [11/Mar/2024:13:22:29 -0300] "GET /cormun/static/Resources/PXToolsGridNextDisabled.gif HTTP/1.1" 200 90
190.171.143.98 - - [11/Mar/2024:13:22:29 -0300] "GET /cormun/static/Resources/asc.gif HTTP/1.1" 200 67
190.171.143.98 - - [11/Mar/2024:13:22:29 -0300] "GET /cormun/static/Resources/desc.gif HTTP/1.1" 200 65
190.171.143.98 - - [11/Mar/2024:13:22:29 -0300] "GET /cormun/static/Shared/ext/resources/themes/images/default/tools/tool-sprites.gif HTTP/1.1" 200 5434
190.171.143.98 - - [11/Mar/2024:13:22:29 -0300] "GET /cormun/static/Shared/ext/resources/themes/images/default/panel/bg-headersPanel.png HTTP/1.1" 200 255
190.171.143.98 - - [11/Mar/2024:13:22:32 -0300] "POST /cormun/servlet/trsolicitudot?94c5b41f1e2e80b55d1ec255e2b5f0e3,,gx-no-cache=1710173987796 HTTP/1.1" 200 4627
190.171.143.98 - - [11/Mar/2024:13:22:36 -0300] "GET /cormun/servlet/solicitudot?INS,0,0,false, HTTP/1.1" 200 16276
190.171.143.98 - - [11/Mar/2024:13:22:36 -0300] "GET /cormun/static/gxcfg.js?20221129840861 HTTP/1.1" 200 953
190.171.143.98 - - [11/Mar/2024:13:22:36 -0300] "GET /cormun/static/solicitudot.js?20221129840983 HTTP/1.1" 200 74072
190.171.143.98 - - [11/Mar/2024:13:22:36 -0300] "GET /cormun/static/Resources/prompt.gif HTTP/1.1" 200 902
190.171.143.98 - - [11/Mar/2024:13:22:55 -0300] "POST /cormun/servlet/solicitudot?gx-no-cache=1710174010697 HTTP/1.1" 200 4022
190.171.143.98 - - [11/Mar/2024:13:22:55 -0300] "POST /cormun/servlet/solicitudot?94c5b41f1e2e80b55d1ec255e2b5f0e3,INS,0,0,false,,gx-no-cache=1710174010803 HTTP/1.1" 200 12864
190.95.15.15 - - [11/Mar/2024:13:22:59 -0300] "GET /cormun/servlet/trsolicitudot? HTTP/1.1" 200 7186
190.171.143.98 - - [11/Mar/2024:13:23:00 -0300] "GET /cormun/servlet/solicitudot?8c3a765c54f4d78f9417de4b48fd9aa28d3270cd4b013611679a6862396b197122ad1f0bef16d10c42b22add8294bca0,gx-no-cache=1710174015774 HTTP/1.1" 200 30
190.95.15.15 - - [11/Mar/2024:13:23:01 -0300] "GET /cormun/servlet/solicitudot?INS,0,0,false, HTTP/1.1" 200 15947
190.171.141.106 - - [11/Mar/2024:13:23:05 -0300] "GET /cormun/servlet/solicitudot?0bb5609048911869a112652a08359adf1181b97b11a425909eae91dd35727fce61ad8c4136e108e7195abc0aa77400ca,gx-no-cache=1710174023548 HTTP/1.1" 200 30
190.171.141.106 - - [11/Mar/2024:13:23:05 -0300] "GET /cormun/servlet/solicitudot?0bb5609048911869a112652a08359adfa8fe211dea15c759c9bc5907192bf3600634afd57c6ded3948cb8ea338e9dcd4f40b7616149f054eaa63fe9f267d6e0ff2d1582baab967a85d0d3360b61be21c,gx-no-cache=1710174023599 HTTP/1.1" 200 30
190.171.141.106 - - [11/Mar/2024:13:23:05 -0300] "GET /cormun/servlet/solicitudot?0bb5609048911869a112652a08359adf347bbbb78b4eafd7d6f2ee5455dc7c5b,gx-no-cache=1710174023619 HTTP/1.1" 200 60
190.171.141.106 - - [11/Mar/2024:13:23:05 -0300] "POST /cormun/servlet/solicitudot?gx-no-cache=1710174023649 HTTP/1.1" 200 297
190.171.141.106 - - [11/Mar/2024:13:23:05 -0300] "GET /cormun/servlet/solicitudot?0bb5609048911869a112652a08359adf2cef43aaab4bebf2e4502723d1a27aaab6dc1b2e923b689601bc03bcca8a3a05d9aaf7bad3a96af3c2dff7260cf84010c85d44f67da3b87450e1e9d90578a4e2b6b2215d1bcbce1b819da12c4911b8af49fd153eccf871cc28e01d02b79ff79a849821260c9a9530d337291b346e808f606cefdfc1013d89f16651c52f7b4e7ece8c5e3feaaf0ac775877cdbd1adc9dbae1dbd23c5c187e07d3b9a1b87b1e5d69709f752704d7e9296cb4ce035dc08164d6fca9fdd732a96d3528aac9a91521622c095729c1fdca58101660d1e0b64f0a49775e534e6332b7e0131c564e398f2463acf1824d573a9e9039024a853181de5b7587ac319941fad185d1fb0153a9ea277b75effc22a9de45f88437d86f1c3967e5826bda145a66e3a35b88aeb7da2072fa36ca67b96f839a2abb2569a3b18a3f9f4229a8d32bd53eecce2a044a7e6a4ca3c20fa05289349a11d3446ae39bac1e97f04e6d5f3e1207ac570f83c3b9edc9c38421e2a6615fa048bbc74a49a56d5a7c6f22bd444f75c88a9709f3674b5,gx-no-cache=1710174023690 HTTP/1.1" 200 30
190.171.141.106 - - [11/Mar/2024:13:23:07 -0300] "POST /cormun/servlet/solicitudot?gx-no-cache=1710174025682 HTTP/1.1" 200 30
190.171.141.106 - - [11/Mar/2024:13:23:17 -0300] "POST /cormun/servlet/solicitudot?gx-no-cache=1710174036042 HTTP/1.1" 200 1469
190.171.141.106 - - [11/Mar/2024:13:23:17 -0300] "POST /cormun/servlet/solicitudot?gx-no-cache=1710174036085 HTTP/1.1" 200 38
190.171.141.106 - - [11/Mar/2024:13:23:17 -0300] "GET /cormun/servlet/solicitudot?0bb5609048911869a112652a08359adfe39ab380373b0473765cb9ac1aaa04113a746f30ca25c048177a282554f4b20da0093a77355d403a4128159a52ec1675fce2d410bd5f4a6cf77e7c80b0ad9cbb199916af68500309a9a0ab31263704f3f2908dce3570f36572cd6d27a7e134f6,gx-no-cache=1710174036111 HTTP/1.1" 200 110
190.171.141.106 - - [11/Mar/2024:13:23:26 -0300] "POST /cormun/servlet/solicitudot?gx-no-cache=1710174045084 HTTP/1.1" 200 72
190.171.141.106 - - [11/Mar/2024:13:23:40 -0300] "GET /cormun/servlet/solicitudot?0bb5609048911869a112652a08359adfc994cadbff20c08b4f34105a79218b3cb213ce7142ec1ebac2ab1b9206888de7343bc2f31893155d8bb98f023f0d8d7c18a9bba73514bf87891bf29feff9e5c637a9d6f08828d063ae8e994bc85396a2d1bcfd1135f8177064143fcc2d2afb3d,gx-no-cache=1710174058473 HTTP/1.1" 200 29
190.171.141.106 - - [11/Mar/2024:13:23:50 -0300] "GET /cormun/servlet/solicitudot?0bb5609048911869a112652a08359adf3c3ecd7b43c596af346498420285266e84927951f9b7df656c76615dee8c4af1,gx-no-cache=1710174068807 HTTP/1.1" 200 30
190.171.141.106 - - [11/Mar/2024:13:23:55 -0300] "POST /cormun/servlet/solicitudot?gx-no-cache=1710174073674 HTTP/1.1" 200 30
181.212.42.153 - - [11/Mar/2024:13:24:02 -0300] "GET /cormun/servlet/trlicencias? HTTP/1.1" 200 6046
181.212.42.153 - - [11/Mar/2024:13:24:03 -0300] "GET /cormun/servlet/hlogin HTTP/1.1" 200 1735
13.234.226.222 - - [11/Mar/2024:13:24:08 -0300] "POST /lumis/portal/controller/xml/PageControllerXml.jsp HTTP/1.1" 404 1059
181.212.42.153 - - [11/Mar/2024:13:24:08 -0300] "POST /cormun/servlet/hlogin?924a7672bd5c430eca4a7336ca7b7124,gx-no-cache=1710174085541 HTTP/1.1" 200 90
181.212.42.153 - - [11/Mar/2024:13:24:08 -0300] "GET /cormun/servlet/hpexe_link HTTP/1.1" 200 949
181.212.42.153 - - [11/Mar/2024:13:24:08 -0300] "GET /cormun/servlet/hhome HTTP/1.1" 200 3963
190.171.141.106 - - [11/Mar/2024:13:24:09 -0300] "POST /cormun/servlet/solicitudot?0b67e8b095588f4f571f5dc628ce8549,INS,0,0,false,,gx-no-cache=1710174087597 HTTP/1.1" 200 93
190.171.141.106 - - [11/Mar/2024:13:24:09 -0300] "GET /cormun/servlet/hpexe_return? HTTP/1.1" 200 1028
190.171.141.106 - - [11/Mar/2024:13:24:09 -0300] "GET /cormun/servlet/trsolicitudot?gx-no-cache=1710173257280 HTTP/1.1" 200 8902
181.212.42.153 - - [11/Mar/2024:13:24:11 -0300] "GET /cormun/servlet/trlicencias? HTTP/1.1" 200 10840
190.171.143.98 - - [11/Mar/2024:13:24:14 -0300] "GET /cormun/servlet/solicitudot?8c3a765c54f4d78f9417de4b48fd9aa26d07bb2bfbd5fbde45160009556bf603,gx-no-cache=1710174090506 HTTP/1.1" 200 94
190.171.143.98 - - [11/Mar/2024:13:24:14 -0300] "GET /cormun/static/Shared/jqueryui/images/ui-bg_highlight-soft_100_c6c2c8_1x100.png HTTP/1.1" 404 1117
190.171.143.98 - - [11/Mar/2024:13:24:14 -0300] "GET /cormun/static/Shared/jqueryui/images/ui-bg_flat_55_994d53_40x100.png HTTP/1.1" 404 1097
190.171.143.98 - - [11/Mar/2024:13:24:14 -0300] "GET /cormun/static/Shared/jqueryui/images/ui-icons_ebccce_256x240.png HTTP/1.1" 404 1089
190.171.143.98 - - [11/Mar/2024:13:24:14 -0300] "GET /cormun/static/Shared/jqueryui/images/ui-icons_82798d_256x240.png HTTP/1.1" 404 1089
190.171.143.98 - - [11/Mar/2024:13:24:14 -0300] "GET /cormun/servlet/solicitudot?8c3a765c54f4d78f9417de4b48fd9aa2a18b10f8f7be0c7ed60ef601e856f8d3,gx-no-cache=1710174090556 HTTP/1.1" 200 29
190.171.143.98 - - [11/Mar/2024:13:24:19 -0300] "GET /cormun/static/Resources/resize.gif HTTP/1.1" 200 77
190.171.143.98 - - [11/Mar/2024:13:24:19 -0300] "GET /cormun/static/Resources/PXTools/ClosePrompt.png HTTP/1.1" 200 1036
190.171.143.98 - - [11/Mar/2024:13:24:19 -0300] "GET /cormun/servlet/prbanco?,MD,,gxPopupLevel%3D0%3B HTTP/1.1" 200 6643
190.171.143.98 - - [11/Mar/2024:13:24:19 -0300] "GET /cormun/static/gxcfg.js?20201216131581 HTTP/1.1" 200 953
190.171.143.98 - - [11/Mar/2024:13:24:19 -0300] "GET /cormun/static/Resources/PXToolsMenuSearch.png HTTP/1.1" 200 336
190.171.143.98 - - [11/Mar/2024:13:24:19 -0300] "GET /cormun/static/prbanco.js?20201216132311 HTTP/1.1" 200 10693
190.171.143.98 - - [11/Mar/2024:13:24:19 -0300] "GET /cormun/static/hmpwkw011.js?202211298443482 HTTP/1.1" 200 1968
190.171.143.98 - - [11/Mar/2024:13:24:19 -0300] "GET /cormun/static/menusearch.js?20201214473581 HTTP/1.1" 200 1424
190.171.143.98 - - [11/Mar/2024:13:24:19 -0300] "GET /cormun/static/Resources/PXToolsMenuSearchCancel.png HTTP/1.1" 200 306
190.171.141.114 - - [11/Mar/2024:13:25:00 -0300] "GET /cormun/servlet/solicitudot?INS,0,0,false, HTTP/1.1" 200 15110
190.171.141.114 - - [11/Mar/2024:13:25:01 -0300] "GET /cormun/servlet/hlogin HTTP/1.1" 200 1743
190.171.141.114 - - [11/Mar/2024:13:25:10 -0300] "POST /cormun/servlet/hlogin?89e4c2b1cd240d43e66a6d3352f93c00,gx-no-cache=1710174147495 HTTP/1.1" 200 90
190.171.141.114 - - [11/Mar/2024:13:25:10 -0300] "GET /cormun/servlet/hpexe_link HTTP/1.1" 200 962
190.171.141.114 - - [11/Mar/2024:13:25:11 -0300] "GET /cormun/servlet/solicitudot?INS,0,0,false, HTTP/1.1" 200 15812
190.171.141.114 - - [11/Mar/2024:13:25:36 -0300] "GET /cormun/servlet/prfichaempleado?,MD,,gxPopupLevel%3D0%3B HTTP/1.1" 200 9298
190.171.143.98 - - [11/Mar/2024:13:25:38 -0300] "GET /cormun/servlet/solicitudot?8c3a765c54f4d78f9417de4b48fd9aa2fcee47f285e62f8ca9011c3ee76b453a7208cc7d20e80f40af2bac5e43260782c9cb9f93a211432cbe36ef87a4c2e2d756e7b937b760eededdb6d76baf7ada99,gx-no-cache=1710174174343 HTTP/1.1" 200 30
190.171.143.98 - - [11/Mar/2024:13:25:38 -0300] "GET /cormun/servlet/solicitudot?8c3a765c54f4d78f9417de4b48fd9aa26b39169cdab88bc3d49187fff296c933,gx-no-cache=1710174174369 HTTP/1.1" 200 53
190.171.143.98 - - [11/Mar/2024:13:25:39 -0300] "POST /cormun/servlet/solicitudot?gx-no-cache=1710174175583 HTTP/1.1" 200 255
190.171.143.98 - - [11/Mar/2024:13:25:43 -0300] "GET /cormun/servlet/solicitudot?8c3a765c54f4d78f9417de4b48fd9aa230c18a63dcad9aebe31e136214bcc356ef07d8604106367c0135dcc2d0561d5481a970b3f052010959d05d2a5cc260e72051be56bfc0f581e946f8a0f56f2f5f1640be5eef74d705bf9a45a8fc493a282905bc0debf48f0e55ac22af63ed8b71d28070f2398d454f2515dad546a21b43d0a0c60b6e2ce069411e47ad0de0b10d9e456f3c4a4c6d2109231e338f3f56c579328afc8a7b2b74057b5437e272bc8ae5494a20f384d1c6b3e34c83800cd49b0394c89d40bc5bf4625ccf13ce5ffd1028c12da497b4e412c04f5208927fa72abad01f1acf2f2da2dd93345fbbe23f5748718612bfc98050a714b14e6ded7511f258162e96e977d4fafa0351db6ccf2c959c6b46a79b0d7a74376b28cefe109b5b1c7132c8149d9dafe56b7538c653bef92a800b65fd565a197f60cae1105de12fd0e66b64005c59376c662f133a584e2f0244dc81879457088147f5f1ca874fc80b7e9696738f30d60350ad301dc3f0c228398b3ecd3cfede73662e796fbf0f,gx-no-cache=1710174179582 HTTP/1.1" 200 30
190.171.141.114 - - [11/Mar/2024:13:25:47 -0300] "POST /cormun/servlet/prfichaempleado?89e4c2b1cd240d43e66a6d3352f93c00,,MD,,gxPopupLevel%3D0%3B,gx-no-cache=1710174183717 HTTP/1.1" 200 3167
190.171.141.114 - - [11/Mar/2024:13:26:06 -0300] "POST /cormun/servlet/prfichaempleado?89e4c2b1cd240d43e66a6d3352f93c00,,MD,,gxPopupLevel%3D0%3B,gx-no-cache=1710174203559 HTTP/1.1" 200 3157
190.171.143.98 - - [11/Mar/2024:13:26:09 -0300] "POST /cormun/servlet/solicitudot?gx-no-cache=1710174204925 HTTP/1.1" 200 30
190.171.143.98 - - [11/Mar/2024:13:26:15 -0300] "POST /cormun/servlet/solicitudot?gx-no-cache=1710174211724 HTTP/1.1" 200 1466
190.171.143.98 - - [11/Mar/2024:13:26:15 -0300] "POST /cormun/servlet/solicitudot?gx-no-cache=1710174211753 HTTP/1.1" 200 38
190.171.141.106 - - [11/Mar/2024:13:26:29 -0300] "POST /cormun/servlet/trsolicitudot?0b67e8b095588f4f571f5dc628ce8549,gx-no-cache=1710173257280,gx-no-cache=1710174227357 HTTP/1.1" 200 4873
190.171.141.106 - - [11/Mar/2024:13:26:29 -0300] "GET /cormun/static/Shared/jqueryui/images/ui-bg_highlight-soft_100_c6c2c8_1x100.png HTTP/1.1" 404 1117
190.171.141.106 - - [11/Mar/2024:13:26:29 -0300] "GET /cormun/static/Shared/jqueryui/images/ui-icons_82798d_256x240.png HTTP/1.1" 404 1089
190.171.141.106 - - [11/Mar/2024:13:26:29 -0300] "GET /cormun/static/Shared/jqueryui/images/ui-bg_flat_55_fafafa_40x100.png HTTP/1.1" 404 1097
190.171.141.106 - - [11/Mar/2024:13:26:29 -0300] "GET /cormun/static/Shared/jqueryui/images/ui-icons_8d78a5_256x240.png HTTP/1.1" 404 1089
190.171.141.106 - - [11/Mar/2024:13:26:29 -0300] "POST /cormun/servlet/trsolicitudot?0b67e8b095588f4f571f5dc628ce8549,gx-no-cache=1710173257280,gx-no-cache=1710174227584 HTTP/1.1" 200 4617
190.171.143.98 - - [11/Mar/2024:13:26:46 -0300] "GET /cormun/servlet/solicitudot?8c3a765c54f4d78f9417de4b48fd9aa29a8c2762eae9b37964048a52b81d9fe15f0acd27cf4fae78e092dddee0a755ac244034f2668e357d585145761afc20c7f4258106677ed56ce327ce4381a5aa36a07c6404308bf85298f80425a640fd1b92ea86b7874c4f2af22814d8b6861aa3,gx-no-cache=1710174242224 HTTP/1.1" 200 110
190.171.141.106 - - [11/Mar/2024:13:26:53 -0300] "GET /cormun/servlet/solicitudot?INS,0,0,false, HTTP/1.1" 200 16261
190.171.143.98 - - [11/Mar/2024:13:26:55 -0300] "POST /cormun/servlet/solicitudot?gx-no-cache=1710174251646 HTTP/1.1" 200 97
190.171.143.98 - - [11/Mar/2024:13:27:12 -0300] "GET /cormun/servlet/solicitudot?8c3a765c54f4d78f9417de4b48fd9aa26509839562f45d7121d6e393dea9c637b9a8f67ff9ae783f04fbcca0f58b07a64c8c39b8dae4973d8726240dcf399a857c1853cc34347c29aa7b4a931e0f820b0f138365ce94fd327449e121e31ec7a4e3a65d7e385708a0d8ca12b0391c70f3,gx-no-cache=1710174268422 HTTP/1.1" 200 29
190.171.143.98 - - [11/Mar/2024:13:27:12 -0300] "GET /cormun/static/menuarrow.gif HTTP/1.1" 404 1015
190.171.141.106 - - [11/Mar/2024:13:27:13 -0300] "POST /cormun/servlet/solicitudot?gx-no-cache=1710174271813 HTTP/1.1" 200 4031
190.171.141.106 - - [11/Mar/2024:13:27:13 -0300] "POST /cormun/servlet/solicitudot?0b67e8b095588f4f571f5dc628ce8549,INS,0,0,false,,gx-no-cache=1710174271960 HTTP/1.1" 200 12897
190.171.141.106 - - [11/Mar/2024:13:27:16 -0300] "GET /cormun/servlet/solicitudot?0bb5609048911869a112652a08359adfc1c35b2f418abfa9b17e6d63752fc52461ad8c4136e108e7195abc0aa77400ca,gx-no-cache=1710174274386 HTTP/1.1" 200 30
190.171.143.98 - - [11/Mar/2024:13:27:21 -0300] "GET /cormun/servlet/solicitudot?8c3a765c54f4d78f9417de4b48fd9aa20e5fd16bba5558e35e3d575f3a002220a41f239e5cfeae75e619ae66fb24d727,gx-no-cache=1710174277228 HTTP/1.1" 200 30
190.171.141.114 - - [11/Mar/2024:13:27:22 -0300] "POST /cormun/servlet/solicitudot?gx-no-cache=1710174279357 HTTP/1.1" 200 4031
190.171.141.114 - - [11/Mar/2024:13:27:22 -0300] "POST /cormun/servlet/solicitudot?89e4c2b1cd240d43e66a6d3352f93c00,INS,0,0,false,,gx-no-cache=1710174279519 HTTP/1.1" 200 12321
190.171.141.114 - - [11/Mar/2024:13:27:25 -0300] "GET /cormun/servlet/solicitudot?7934a2aa9720ca0adda2276f7fa63149dcb5de002c3f9627e20af65ea61cae787b2a690a904d3e6e58768266f19acebc,gx-no-cache=1710174282285 HTTP/1.1" 200 30
190.171.143.98 - - [11/Mar/2024:13:27:59 -0300] "POST /cormun/servlet/solicitudot?gx-no-cache=1710174315456 HTTP/1.1" 200 30
190.171.143.98 - - [11/Mar/2024:13:28:52 -0300] "POST /cormun/servlet/solicitudot?94c5b41f1e2e80b55d1ec255e2b5f0e3,INS,0,0,false,,gx-no-cache=1710174368167 HTTP/1.1" 200 93
190.171.143.98 - - [11/Mar/2024:13:28:52 -0300] "GET /cormun/servlet/hpexe_return? HTTP/1.1" 200 1009
190.171.143.98 - - [11/Mar/2024:13:28:53 -0300] "GET /cormun/static/gxcfg.js?20221129846035 HTTP/1.1" 200 953
190.171.143.98 - - [11/Mar/2024:13:28:53 -0300] "GET /cormun/static/hpexe_return.js?20221129846037 HTTP/1.1" 200 1633
190.171.143.98 - - [11/Mar/2024:13:28:53 -0300] "GET /cormun/servlet/trsolicitudot? HTTP/1.1" 200 8916
190.171.143.98 - - [11/Mar/2024:13:28:53 -0300] "GET /cormun//static/Resources/PXToolsGridUpdate.png HTTP/1.1" 200 470
190.171.143.98 - - [11/Mar/2024:13:28:53 -0300] "GET /cormun//static/Resources/PXToolsActionView.png HTTP/1.1" 200 398
190.171.143.98 - - [11/Mar/2024:13:28:53 -0300] "GET /cormun//static/Resources/PXTools/ActionInsert.png HTTP/1.1" 200 1482
190.171.143.98 - - [11/Mar/2024:13:28:53 -0300] "GET /cormun//static/Resources/PXToolsGridDelete.png HTTP/1.1" 200 538
190.171.143.98 - - [11/Mar/2024:13:28:53 -0300] "GET /cormun//static/Resources/PXToolsRemoveAllAction.png HTTP/1.1" 200 487
190.171.143.98 - - [11/Mar/2024:13:29:12 -0300] "POST /cormun/servlet/trsolicitudot?94c5b41f1e2e80b55d1ec255e2b5f0e3,,gx-no-cache=1710174388391 HTTP/1.1" 200 6273
190.171.143.98 - - [11/Mar/2024:13:29:12 -0300] "GET /cormun/static/Shared/jqueryui/images/ui-icons_82798d_256x240.png HTTP/1.1" 404 1089
190.171.143.98 - - [11/Mar/2024:13:29:12 -0300] "GET /cormun/static/Shared/jqueryui/images/ui-bg_flat_55_fafafa_40x100.png HTTP/1.1" 404 1097
190.171.143.98 - - [11/Mar/2024:13:29:12 -0300] "GET /cormun/static/Shared/jqueryui/images/ui-bg_highlight-soft_100_c6c2c8_1x100.png HTTP/1.1" 404 1117
190.171.143.98 - - [11/Mar/2024:13:29:12 -0300] "GET /cormun/static/Shared/jqueryui/images/ui-icons_8d78a5_256x240.png HTTP/1.1" 404 1089
190.171.141.114 - - [11/Mar/2024:13:31:22 -0300] "GET /cormun/servlet/solicitudot?7934a2aa9720ca0adda2276f7fa6314927dcd7119a1a2aee5d4bb291a5609981e15205566e9dc21cee04b6d257056d85b121b6627bd5df7a6bcd977fa2ed8628,gx-no-cache=1710174519046 HTTP/1.1" 200 30
190.171.141.114 - - [11/Mar/2024:13:31:22 -0300] "GET /cormun/servlet/solicitudot?7934a2aa9720ca0adda2276f7fa631495a4bb3d89eaf93d94cde8ed81d96152d,gx-no-cache=1710174519096 HTTP/1.1" 200 29
190.171.141.114 - - [11/Mar/2024:13:31:22 -0300] "POST /cormun/servlet/solicitudot?gx-no-cache=1710174519124 HTTP/1.1" 200 297
190.171.141.114 - - [11/Mar/2024:13:31:22 -0300] "GET /cormun/servlet/solicitudot?7934a2aa9720ca0adda2276f7fa6314910942dc03124ddbc2590977cd8aefefcbd6cc172f8df1093f0556a1cf6c0687c58727719c5fd2a6f9d9b6f82a3a17d7c8545b18c9df53dbfc8be4c1bccad1d3f9994104ef8d1a63e458eff5e8fd84c4e0275bb1667c87366ad3c6517a7159ccdf7cc59d8a3c08988ca7405f95538b1e0fed261d17fd3281732fac1c8b8bc3e972cebef0dc335b95cb3cbd184d19d3649144f1d16c2bc036946bd41811fd91976020e5c05456394fe5bc156026ad48489826c0ac4b7bf30e5b94d8ed59483ea34a7a23a2306a3aaca4d3c0ceeb0f6e6bac6df7faea4439fe42bfb11569ca3c9d1151f3476b00dc70030f3c669f8cab8d49ed621db2bfa16a0f8d35c17afc89e29e9719c90f62334afa630d200fbdc30b3236d1b6818348faf8175adc447adb2a7b51315e98e2cb7d290c470b51ff6d0f200d62611e110b257df7ae82ec139b834aba9ec420f71653059a2bac4d8cf4083cc61a2e7f04ac02a1eb7f9fb6a455c1aa733062b998014634f8a1e1377ee3f54731e345d0fb342ab3fa45a6743949cc6,gx-no-cache=1710174519158 HTTP/1.1" 200 30
190.171.141.114 - - [11/Mar/2024:13:31:22 -0300] "POST /cormun/servlet/solicitudot?gx-no-cache=1710174519199 HTTP/1.1" 200 30
190.171.141.114 - - [11/Mar/2024:13:31:22 -0300] "POST /cormun/servlet/solicitudot?gx-no-cache=1710174519244 HTTP/1.1" 200 1469
190.171.141.114 - - [11/Mar/2024:13:31:22 -0300] "POST /cormun/servlet/solicitudot?gx-no-cache=1710174519286 HTTP/1.1" 200 38
190.171.141.106 - - [11/Mar/2024:13:32:28 -0300] "GET /cormun/servlet/solicitudot?0bb5609048911869a112652a08359adf01aa29717a4238d1153f73c9d1b5403e25fbf6fc96dec76ed6cb9c919d32e15cb7f6568c52f1ee963722e0042e6808701ca0c3f905c8c0582cf492cd1c12dafc,gx-no-cache=1710174586975 HTTP/1.1" 200 30
190.171.141.106 - - [11/Mar/2024:13:32:32 -0300] "GET /cormun/servlet/solicitudot?0bb5609048911869a112652a08359adf6a9d771d5950e2d191e96a4e7201b250,gx-no-cache=1710174590233 HTTP/1.1" 200 53
190.171.143.98 - - [11/Mar/2024:13:32:50 -0300] "POST /cormun/servlet/trsolicitudot?94c5b41f1e2e80b55d1ec255e2b5f0e3,,gx-no-cache=1710174606016 HTTP/1.1" 200 107
190.171.143.98 - - [11/Mar/2024:13:32:50 -0300] "GET /cormun/servlet/trsolicitudadjuntos?2024,20784, HTTP/1.1" 200 6413
190.171.143.98 - - [11/Mar/2024:13:32:50 -0300] "GET /cormun/static/gxcfg.js?20201215574222 HTTP/1.1" 200 953
190.171.143.98 - - [11/Mar/2024:13:32:50 -0300] "GET /cormun/static/trsolicitudadjuntos.js?20201215574932 HTTP/1.1" 200 17921
190.171.143.98 - - [11/Mar/2024:13:32:50 -0300] "GET /cormun/static/Resources/PXToolsGridNew.png HTTP/1.1" 200 427
190.171.141.106 - - [11/Mar/2024:13:32:52 -0300] "POST /cormun/servlet/solicitudot?gx-no-cache=1710174610184 HTTP/1.1" 200 297
190.171.141.106 - - [11/Mar/2024:13:32:52 -0300] "GET /cormun/servlet/solicitudot?0bb5609048911869a112652a08359adf2cef43aaab4bebf2e4502723d1a27aaab6dc1b2e923b689601bc03bcca8a3a05d9aaf7bad3a96af3c2dff7260cf84010c85d44f67da3b87450e1e9d90578a4e2b6b2215d1bcbce1b819da12c4911b8af49fd153eccf871cc28e01d02b79ff79a849821260c9a9530d337291b346e808f606cefdfc1013d89f16651c52f7b4e7ece8c5e3feaaf0ac775877cdbd1adc9dbae1dbd23c5c187e07d3b9a1b87b1e5d69709f752704d7e9296cb4ce035dc08164d6fca9fdd732a96d3528aac9a91521622c095729c1fdca58101660d1e0b64f0a49775e534e6332b7e0131c564e398f2463acf1824d573a9e9039024a853181de5b7587ac319941fad185d1fb0153a9ea277b75effc22a9de45f88437d86f1c3967e5826bda145a66e3a35b88aeb7da2072fa36ca67b96f839a2abb2569a3b18a3f9f4229a8d32bd53eecce2a044a7e6a4ca3c20fa05289349a11d3446ae39bac1e97f04e6d5f3e1207ac570f83c3b9edc9c38421e2a6615fa048bbc74a49a56d5a7c6f22bd444f75c88a9709f3674b5,gx-no-cache=1710174610214 HTTP/1.1" 200 30
190.171.143.98 - - [11/Mar/2024:13:32:53 -0300] "GET /cormun/servlet/solicitudotadjuntos?INS,2024,20784,,1, HTTP/1.1" 200 6355
190.171.143.98 - - [11/Mar/2024:13:32:53 -0300] "GET /cormun/static/solicitudotadjuntos.js?202211298385196 HTTP/1.1" 200 11771
190.171.143.98 - - [11/Mar/2024:13:32:53 -0300] "GET /cormun/static/gxcfg.js?202211298385187 HTTP/1.1" 200 953
190.171.143.98 - - [11/Mar/2024:13:32:54 -0300] "GET /cormun/static/about:blank HTTP/1.1" 404 1011
190.171.143.98 - - [11/Mar/2024:13:32:54 -0300] "GET /cormun/servlet/solicitudotadjuntos?8c3a765c54f4d78f9417de4b48fd9aa2b11262d32864523b7b686ec968915811fbdb5a232043dc9fdade9f0b924f4679,gx-no-cache=1710174609950 HTTP/1.1" 200 30
190.171.143.98 - - [11/Mar/2024:13:32:54 -0300] "POST /cormun/servlet/solicitudotadjuntos?94c5b41f1e2e80b55d1ec255e2b5f0e3,INS,2024,20784,,1,,gx-no-cache=1710174609975 HTTP/1.1" 200 4182
190.171.141.106 - - [11/Mar/2024:13:32:55 -0300] "POST /cormun/servlet/solicitudot?gx-no-cache=1710174613786 HTTP/1.1" 200 30
190.171.141.106 - - [11/Mar/2024:13:32:57 -0300] "POST /cormun/servlet/solicitudot?gx-no-cache=1710174615566 HTTP/1.1" 200 1468
190.171.141.106 - - [11/Mar/2024:13:32:57 -0300] "POST /cormun/servlet/solicitudot?gx-no-cache=1710174615610 HTTP/1.1" 200 38
190.171.143.98 - - [11/Mar/2024:13:32:58 -0300] "POST /cormun/servlet/solicitudotadjuntos?gx-no-cache=1710174613798 HTTP/1.1" 200 26
190.171.141.114 - - [11/Mar/2024:13:33:04 -0300] "GET /cormun/servlet/solicitudot?7934a2aa9720ca0adda2276f7fa6314919b42f6706356dc85f075c4f484477d518d66f04a186fba2e9a77088637a2e33be12b7f85a90479c9ddd827b8233b6eaa182be8aae49e870fe0a2c2e9c995b71806ebcb9f618587cabd5bc46e374e68a0a761d4ecb4eef70ea65504af60695db,gx-no-cache=1710174621053 HTTP/1.1" 200 110
190.171.143.98 - - [11/Mar/2024:13:33:13 -0300] "GET /cormun/servlet/solicitudotadjuntos?8c3a765c54f4d78f9417de4b48fd9aa29ece1766e49e88438bb9cf068c1e2c0c,gx-no-cache=1710174629372 HTTP/1.1" 200 30
190.171.143.98 - - [11/Mar/2024:13:33:13 -0300] "GET /cormun/servlet/solicitudotadjuntos?8c3a765c54f4d78f9417de4b48fd9aa29ece1766e49e88438bb9cf068c1e2c0c,gx-no-cache=1710174629382 HTTP/1.1" 200 30
190.171.143.98 - - [11/Mar/2024:13:33:13 -0300] "POST /cormun/servlet/solicitudotadjuntos?94c5b41f1e2e80b55d1ec255e2b5f0e3,INS,2024,20784,,1, HTTP/1.1" 200 116
190.171.141.114 - - [11/Mar/2024:13:33:13 -0300] "POST /cormun/servlet/solicitudot?gx-no-cache=1710174630360 HTTP/1.1" 200 30
190.171.143.98 - - [11/Mar/2024:13:33:13 -0300] "GET /cormun/servlet/hpexe_return? HTTP/1.1" 200 1026
190.171.143.98 - - [11/Mar/2024:13:33:13 -0300] "GET /cormun/servlet/trsolicitudadjuntos?2024,20784, HTTP/1.1" 200 9338
190.171.141.114 - - [11/Mar/2024:13:33:18 -0300] "GET /cormun/servlet/prcontratosol?19591784,,,,,MD,,gxPopupLevel%3D0%3B HTTP/1.1" 200 7874
190.171.141.114 - - [11/Mar/2024:13:33:21 -0300] "POST /cormun/servlet/solicitudot?gx-no-cache=1710174637643 HTTP/1.1" 200 1469
190.171.141.114 - - [11/Mar/2024:13:33:21 -0300] "POST /cormun/servlet/solicitudot?gx-no-cache=1710174637707 HTTP/1.1" 200 38
190.171.141.114 - - [11/Mar/2024:13:33:21 -0300] "GET /cormun/servlet/solicitudot?7934a2aa9720ca0adda2276f7fa6314919b42f6706356dc85f075c4f484477d518d66f04a186fba2e9a77088637a2e33be12b7f85a90479c9ddd827b8233b6eaa182be8aae49e870fe0a2c2e9c995b71806ebcb9f618587cabd5bc46e374e68a0a761d4ecb4eef70ea65504af60695db,gx-no-cache=1710174637753 HTTP/1.1" 200 110
190.171.141.114 - - [11/Mar/2024:13:33:21 -0300] "POST /cormun/servlet/solicitudot?gx-no-cache=1710174637790 HTTP/1.1" 200 83
190.171.141.114 - - [11/Mar/2024:13:33:21 -0300] "GET /cormun/servlet/solicitudot?7934a2aa9720ca0adda2276f7fa631490020ce2dc47703e61a071dc7d384d75400541d7a6cf0a198496ac725d6ea75b4f42635af7613aa31e4e1565ee858c65edef722b1982c5b4a8afbfaae1123777b3b9b97a08953d8642ecb935c61c3bf852bed71de67d231ec54c245f1ba8c1b78,gx-no-cache=1710174637825 HTTP/1.1" 200 29
190.171.141.114 - - [11/Mar/2024:13:33:21 -0300] "GET /cormun/servlet/solicitudot?7934a2aa9720ca0adda2276f7fa6314971051a5ef7d9805c46683bb7526732d96d7237a30c36320d5c82fe9c0e79c51e,gx-no-cache=1710174637848 HTTP/1.1" 200 134
190.171.141.114 - - [11/Mar/2024:13:33:21 -0300] "GET /cormun/static/Shared/jqueryui/images/ui-bg_highlight-soft_100_c6c2c8_1x100.png HTTP/1.1" 404 1117
190.171.141.114 - - [11/Mar/2024:13:33:21 -0300] "GET /cormun/static/Shared/jqueryui/images/ui-bg_flat_55_994d53_40x100.png HTTP/1.1" 404 1097
190.171.141.114 - - [11/Mar/2024:13:33:21 -0300] "GET /cormun/static/Shared/jqueryui/images/ui-icons_82798d_256x240.png HTTP/1.1" 404 1089
190.171.141.114 - - [11/Mar/2024:13:33:21 -0300] "GET /cormun/static/Shared/jqueryui/images/ui-icons_ebccce_256x240.png HTTP/1.1" 404 1089
190.171.141.106 - - [11/Mar/2024:13:33:36 -0300] "GET /cormun/servlet/solicitudot?0bb5609048911869a112652a08359adfe39ab380373b0473765cb9ac1aaa04113a746f30ca25c048177a282554f4b20da0093a77355d403a4128159a52ec1675fce2d410bd5f4a6cf77e7c80b0ad9cbb199916af68500309a9a0ab31263704f3f2908dce3570f36572cd6d27a7e134f6,gx-no-cache=1710174654463 HTTP/1.1" 200 110
190.171.141.106 - - [11/Mar/2024:13:33:36 -0300] "POST /cormun/servlet/solicitudot?gx-no-cache=1710174654506 HTTP/1.1" 200 72
190.171.141.114 - - [11/Mar/2024:13:33:39 -0300] "GET /cormun/servlet/solicitudot?7934a2aa9720ca0adda2276f7fa6314959af56d7660de71d063edda5c850baf86d7237a30c36320d5c82fe9c0e79c51e,gx-no-cache=1710174656450 HTTP/1.1" 200 169
190.171.141.138 - - [11/Mar/2024:13:33:42 -0300] "GET /cormun/servlet/hlogin HTTP/1.1" 200 1722
190.171.141.106 - - [11/Mar/2024:13:33:46 -0300] "GET /cormun/servlet/solicitudot?0bb5609048911869a112652a08359adfc994cadbff20c08b4f34105a79218b3cb213ce7142ec1ebac2ab1b9206888de7343bc2f31893155d8bb98f023f0d8d7c18a9bba73514bf87891bf29feff9e5c637a9d6f08828d063ae8e994bc85396a2d1bcfd1135f8177064143fcc2d2afb3d,gx-no-cache=1710174664282 HTTP/1.1" 200 29
190.171.141.138 - - [11/Mar/2024:13:33:46 -0300] "POST /cormun/servlet/hlogin?25d78166c0d777c3c49be42e84c68a25,gx-no-cache=1710174662141 HTTP/1.1" 200 90
190.171.141.138 - - [11/Mar/2024:13:33:46 -0300] "GET /cormun/servlet/hpexe_link HTTP/1.1" 200 952
190.171.141.138 - - [11/Mar/2024:13:33:46 -0300] "GET /cormun/servlet/hhome HTTP/1.1" 200 4487
190.171.141.138 - - [11/Mar/2024:13:33:53 -0300] "GET /cormun/servlet/trcargahoraria? HTTP/1.1" 200 6897
190.171.141.138 - - [11/Mar/2024:13:33:53 -0300] "GET /cormun/static/gxcfg.js?202012113392337 HTTP/1.1" 200 953
190.171.141.138 - - [11/Mar/2024:13:33:53 -0300] "GET /cormun/static/trcargahoraria.js?202012113392783 HTTP/1.1" 200 28768
181.161.231.29 - - [11/Mar/2024:13:33:55 -0300] "-" 400 -
181.161.231.29 - - [11/Mar/2024:13:33:55 -0300] "-" 400 -
181.161.231.29 - - [11/Mar/2024:13:33:55 -0300] "GET /cormun/servlet/hlogin HTTP/1.1" 200 1720
181.161.231.29 - - [11/Mar/2024:13:33:55 -0300] "GET /cormun/static/gxtimezone.js?85251 HTTP/1.1" 200 5781
181.161.231.29 - - [11/Mar/2024:13:33:55 -0300] "GET /cormun/static/gxcfg.js?2022112219184450 HTTP/1.1" 200 953
181.161.231.29 - - [11/Mar/2024:13:33:55 -0300] "GET /cormun/static/Resources/Spanish/PXTools.css?1759030 HTTP/1.1" 200 100853
181.161.231.29 - - [11/Mar/2024:13:33:55 -0300] "GET /cormun/static/Resources/CormunLogin.png HTTP/1.1" 200 19132
181.161.231.29 - - [11/Mar/2024:13:33:55 -0300] "GET /cormun/static/messages.spa.js?85251 HTTP/1.1" 200 30736
181.161.231.29 - - [11/Mar/2024:13:33:55 -0300] "GET /cormun/static/hlogin.js?2022112219184458 HTTP/1.1" 200 2156
181.161.231.29 - - [11/Mar/2024:13:33:55 -0300] "GET /cormun/static/gxgral.js?85251 HTTP/1.1" 200 384558
181.161.231.29 - - [11/Mar/2024:13:33:55 -0300] "GET /cormun/static/Resources/PXToolsLoginTop.png HTTP/1.1" 200 1337
181.161.231.29 - - [11/Mar/2024:13:33:55 -0300] "GET /cormun/static/Resources/PXToolsLoginBackground.png HTTP/1.1" 200 1164
181.161.231.29 - - [11/Mar/2024:13:33:55 -0300] "GET /cormun/static/Resources/PXToolsButtonLeft.png HTTP/1.1" 200 1310
181.161.231.29 - - [11/Mar/2024:13:33:55 -0300] "GET /cormun/static/Resources/PXToolsButtonRight.png HTTP/1.1" 200 1294
181.161.231.29 - - [11/Mar/2024:13:33:55 -0300] "GET /cormun/static/Resources/PXToolsButtonBackground.png HTTP/1.1" 200 1176
181.161.231.29 - - [11/Mar/2024:13:33:55 -0300] "GET /cormun/static/Resources/PXToolsLoginBottom.png HTTP/1.1" 200 1389
181.161.231.29 - - [11/Mar/2024:13:33:55 -0300] "GET /cormun/static/Resources/indicator.gif HTTP/1.1" 200 1553
181.161.231.29 - - [11/Mar/2024:13:33:55 -0300] "GET /cormun/servlet/hlogin HTTP/1.1" 200 1731
181.161.231.29 - - [11/Mar/2024:13:33:55 -0300] "GET /favicon.ico HTTP/1.1" 200 21630
190.171.141.138 - - [11/Mar/2024:13:33:55 -0300] "POST /cormun/servlet/trcargahoraria?25d78166c0d777c3c49be42e84c68a25,,gx-no-cache=1710174671619 HTTP/1.1" 200 4148
190.171.141.114 - - [11/Mar/2024:13:33:55 -0300] "GET /cormun/servlet/solicitudot?7934a2aa9720ca0adda2276f7fa631492a158be8022f9cff6d86f013fa3362486d7237a30c36320d5c82fe9c0e79c51e,gx-no-cache=1710174672538 HTTP/1.1" 200 30
190.171.141.138 - - [11/Mar/2024:13:34:01 -0300] "GET /cormun/servlet/trreportecargahoraria? HTTP/1.1" 200 7067
190.171.141.138 - - [11/Mar/2024:13:34:01 -0300] "GET /cormun/static/gxcfg.js?202211298504121 HTTP/1.1" 200 953
190.171.141.138 - - [11/Mar/2024:13:34:01 -0300] "GET /cormun/static/trreportecargahoraria.js?20221129850435 HTTP/1.1" 200 29376
190.171.141.138 - - [11/Mar/2024:13:34:04 -0300] "POST /cormun/servlet/trreportecargahoraria?25d78166c0d777c3c49be42e84c68a25,,gx-no-cache=1710174679738 HTTP/1.1" 200 4216
190.171.141.138 - - [11/Mar/2024:13:34:07 -0300] "GET /cormun/servlet/trcontratosolicitud? HTTP/1.1" 200 15014
190.171.141.138 - - [11/Mar/2024:13:34:07 -0300] "GET /cormun/static/gxcfg.js?202211298514361 HTTP/1.1" 200 953
190.171.141.138 - - [11/Mar/2024:13:34:07 -0300] "GET /cormun/static/trcontratosolicitud.js?202211298514531 HTTP/1.1" 200 28237
190.171.141.138 - - [11/Mar/2024:13:34:07 -0300] "GET /cormun//static/Resources/PXToolsActionDisabled.gif HTTP/1.1" 200 53
190.171.141.138 - - [11/Mar/2024:13:34:07 -0300] "GET /cormun//static/Resources/PXToolsGridNew.png HTTP/1.1" 200 427
190.171.143.98 - - [11/Mar/2024:13:34:11 -0300] "GET /cormun/servlet/solicitudotadjuntos?INS,2024,20784,,1, HTTP/1.1" 200 6357
190.171.143.98 - - [11/Mar/2024:13:34:12 -0300] "GET /cormun/static/about:blank HTTP/1.1" 404 1011
190.171.143.98 - - [11/Mar/2024:13:34:12 -0300] "GET /cormun/servlet/solicitudotadjuntos?8c3a765c54f4d78f9417de4b48fd9aa2b11262d32864523b7b686ec968915811fbdb5a232043dc9fdade9f0b924f4679,gx-no-cache=1710174688303 HTTP/1.1" 200 30
190.171.143.98 - - [11/Mar/2024:13:34:12 -0300] "POST /cormun/servlet/solicitudotadjuntos?94c5b41f1e2e80b55d1ec255e2b5f0e3,INS,2024,20784,,1,,gx-no-cache=1710174688314 HTTP/1.1" 200 4184
181.212.42.153 - - [11/Mar/2024:13:34:13 -0300] "GET /cormun/servlet/licenciaspermisos?DSP,12291516,L,20240307000000, HTTP/1.1" 200 7083
181.212.42.153 - - [11/Mar/2024:13:34:13 -0300] "GET /cormun/static/gxcfg.js?202012153173 HTTP/1.1" 200 953
181.212.42.153 - - [11/Mar/2024:13:34:13 -0300] "GET /cormun/static/licenciaspermisos.js?2020121532136 HTTP/1.1" 200 38753
190.171.143.98 - - [11/Mar/2024:13:34:16 -0300] "POST /cormun/servlet/solicitudotadjuntos?gx-no-cache=1710174692317 HTTP/1.1" 200 26
181.212.42.153 - - [11/Mar/2024:13:34:23 -0300] "POST /cormun/servlet/licenciaspermisos?924a7672bd5c430eca4a7336ca7b7124,DSP,12291516,L,20240307000000,,gx-no-cache=1710174700249 HTTP/1.1" 200 93
181.212.42.153 - - [11/Mar/2024:13:34:23 -0300] "GET /cormun/servlet/hpexe_return? HTTP/1.1" 200 1026
181.212.42.153 - - [11/Mar/2024:13:34:23 -0300] "GET /cormun/servlet/trlicencias HTTP/1.1" 200 10842
190.171.143.98 - - [11/Mar/2024:13:34:24 -0300] "GET /cormun/servlet/solicitudotadjuntos?8c3a765c54f4d78f9417de4b48fd9aa29ece1766e49e88438bb9cf068c1e2c0c,gx-no-cache=1710174700084 HTTP/1.1" 200 30
190.171.143.98 - - [11/Mar/2024:13:34:24 -0300] "GET /cormun/servlet/solicitudotadjuntos?8c3a765c54f4d78f9417de4b48fd9aa29ece1766e49e88438bb9cf068c1e2c0c,gx-no-cache=1710174700093 HTTP/1.1" 200 30
190.171.143.98 - - [11/Mar/2024:13:34:24 -0300] "POST /cormun/servlet/solicitudotadjuntos?94c5b41f1e2e80b55d1ec255e2b5f0e3,INS,2024,20784,,1, HTTP/1.1" 200 116
190.171.143.98 - - [11/Mar/2024:13:34:24 -0300] "GET /cormun/servlet/hpexe_return? HTTP/1.1" 200 1026
190.171.143.98 - - [11/Mar/2024:13:34:24 -0300] "GET /cormun/servlet/trsolicitudadjuntos?2024,20784, HTTP/1.1" 200 9579
181.212.42.153 - - [11/Mar/2024:13:34:26 -0300] "GET /cormun/servlet/licenciaspermisos?DSP,7496875,L,20240308000000, HTTP/1.1" 200 7054
190.171.141.114 - - [11/Mar/2024:13:34:26 -0300] "POST /cormun/servlet/solicitudot?gx-no-cache=1710174703113 HTTP/1.1" 200 30
181.212.42.153 - - [11/Mar/2024:13:34:29 -0300] "POST /cormun/servlet/licenciaspermisos?924a7672bd5c430eca4a7336ca7b7124,DSP,7496875,L,20240308000000,,gx-no-cache=1710174706323 HTTP/1.1" 200 93
181.212.42.153 - - [11/Mar/2024:13:34:29 -0300] "GET /cormun/servlet/hpexe_return? HTTP/1.1" 200 1024
181.212.42.153 - - [11/Mar/2024:13:34:29 -0300] "GET /cormun/servlet/trlicencias HTTP/1.1" 200 10842
190.171.141.106 - - [11/Mar/2024:13:34:31 -0300] "GET /cormun/servlet/solicitudot?0bb5609048911869a112652a08359adf3c3ecd7b43c596af346498420285266e7e2be6111d078eb3b2c423112f34dc44,gx-no-cache=1710174709584 HTTP/1.1" 200 30
181.212.42.153 - - [11/Mar/2024:13:34:32 -0300] "GET /cormun/servlet/licenciaspermisos?DSP,11528777,L,20240306000000, HTTP/1.1" 200 7070
181.212.42.153 - - [11/Mar/2024:13:34:34 -0300] "POST /cormun/servlet/licenciaspermisos?924a7672bd5c430eca4a7336ca7b7124,DSP,11528777,L,20240306000000,,gx-no-cache=1710174711366 HTTP/1.1" 200 93
181.212.42.153 - - [11/Mar/2024:13:34:34 -0300] "GET /cormun/servlet/hpexe_return? HTTP/1.1" 200 1026
181.212.42.153 - - [11/Mar/2024:13:34:34 -0300] "GET /cormun/servlet/trlicencias HTTP/1.1" 200 10842
190.171.141.138 - - [11/Mar/2024:13:34:35 -0300] "POST /cormun/servlet/trcontratosolicitud?25d78166c0d777c3c49be42e84c68a25,,gx-no-cache=1710174711051 HTTP/1.1" 200 12013
190.171.141.138 - - [11/Mar/2024:13:34:35 -0300] "GET /cormun/static/Resources/PXToolsGridFirst.gif HTTP/1.1" 200 379
190.171.141.138 - - [11/Mar/2024:13:34:35 -0300] "GET /cormun/static/Resources/PXToolsGridPrevious.gif HTTP/1.1" 200 369
190.171.141.106 - - [11/Mar/2024:13:34:35 -0300] "POST /cormun/servlet/solicitudot?gx-no-cache=1710174713770 HTTP/1.1" 200 30
181.212.42.153 - - [11/Mar/2024:13:34:37 -0300] "GET /cormun/servlet/licenciaspermisos?DSP,18645771,L,20240304000000, HTTP/1.1" 200 7082
181.212.42.153 - - [11/Mar/2024:13:34:39 -0300] "POST /cormun/servlet/licenciaspermisos?924a7672bd5c430eca4a7336ca7b7124,DSP,18645771,L,20240304000000,,gx-no-cache=1710174716294 HTTP/1.1" 200 93
181.212.42.153 - - [11/Mar/2024:13:34:39 -0300] "GET /cormun/servlet/hpexe_return? HTTP/1.1" 200 1026
181.212.42.153 - - [11/Mar/2024:13:34:39 -0300] "GET /cormun/servlet/trlicencias HTTP/1.1" 200 10842
181.212.42.153 - - [11/Mar/2024:13:34:41 -0300] "GET /cormun/servlet/licenciaspermisos?DSP,9064135,L,20240304000000, HTTP/1.1" 200 7069
