181.212.40.185 - - [11/Mar/2024:08:22:06 -0300] "GET /cormun/servlet/solicitudotadjuntos?da0af53ec59ea73ec3119d563309bb99da87542ab984d6fa925b66ea5e96e6b8,gx-no-cache=1710155968068 HTTP/1.1" 200 30
181.212.40.185 - - [11/Mar/2024:08:22:06 -0300] "POST /cormun/servlet/solicitudotadjuntos?2e8a22bab9ae8931c1e386c6be495cd1,INS,2024,20764,,1, HTTP/1.1" 200 116
181.212.40.185 - - [11/Mar/2024:08:22:06 -0300] "GET /cormun/servlet/hpexe_return? HTTP/1.1" 200 1027
181.212.40.185 - - [11/Mar/2024:08:22:07 -0300] "GET /cormun/servlet/trsolicitudadjuntos?2024,20764, HTTP/1.1" 200 10576
181.212.40.185 - - [11/Mar/2024:08:22:10 -0300] "POST /cormun/servlet/trsolicitudadjuntos?2e8a22bab9ae8931c1e386c6be495cd1,2024,20764,,gx-no-cache=1710155971971 HTTP/1.1" 200 90
181.212.40.185 - - [11/Mar/2024:08:22:10 -0300] "GET /cormun/servlet/hpexe_link HTTP/1.1" 200 970
181.212.40.185 - - [11/Mar/2024:08:22:10 -0300] "GET /cormun/servlet/trsolicitudot HTTP/1.1" 200 8748
181.212.40.185 - - [11/Mar/2024:08:22:16 -0300] "POST /cormun/servlet/trsolicitudot?2e8a22bab9ae8931c1e386c6be495cd1,gx-no-cache=1710155977811 HTTP/1.1" 200 110
181.212.40.185 - - [11/Mar/2024:08:22:16 -0300] "GET /cormun/servlet/solicitudot?UPD,2024,20764,false, HTTP/1.1" 200 16770
181.212.40.185 - - [11/Mar/2024:08:22:17 -0300] "POST /cormun/servlet/solicitudot?gx-no-cache=1710155978972 HTTP/1.1" 200 4103
181.212.40.185 - - [11/Mar/2024:08:22:17 -0300] "POST /cormun/servlet/solicitudot?2e8a22bab9ae8931c1e386c6be495cd1,UPD,2024,20764,false,,gx-no-cache=1710155979100 HTTP/1.1" 200 13015
181.212.40.185 - - [11/Mar/2024:08:22:17 -0300] "GET /cormun/servlet/solicitudot?da0af53ec59ea73ec3119d563309bb99575cd6dca6151d951006fb755c0b514cef2cdf0ea9811a68145190545c1c104f,gx-no-cache=1710155979199 HTTP/1.1" 200 30
181.212.40.185 - - [11/Mar/2024:08:22:17 -0300] "GET /cormun/servlet/solicitudot?da0af53ec59ea73ec3119d563309bb99510f34388ca20961863c656af5aec6807e3eeaa2e44964e2c32604cc6961b649ef2cdf0ea9811a68145190545c1c104f,gx-no-cache=1710155979215 HTTP/1.1" 200 30
181.212.40.185 - - [11/Mar/2024:08:22:17 -0300] "GET /cormun/servlet/solicitudot?da0af53ec59ea73ec3119d563309bb9997a58cdb963a46edb974c0201ec4920fcd65077f096054698673f8965f04dcdeda607f06c034c7c42e4989a4c444d2d7,gx-no-cache=1710155979230 HTTP/1.1" 200 53
181.212.40.185 - - [11/Mar/2024:08:22:17 -0300] "POST /cormun/servlet/solicitudot?gx-no-cache=1710155979251 HTTP/1.1" 200 238
181.212.40.185 - - [11/Mar/2024:08:22:17 -0300] "GET /cormun/servlet/solicitudot?da0af53ec59ea73ec3119d563309bb995acc061132c7f2a999935a996cac39cd0f800b08be29ae9fa5828066867a5db2e99b1d98041da2ccad8a5b18436e10737dc3698be5602817cda362d97df0d23ab8229ba38b6641f20ab5d625058dad7f4a8dfa3b5118078f500c5980d9aa4ee0d4312244381ffe5f79039761aba75868760a09c28c03bbedcd0811a3843946a6961642cf3fbdeb84577f1cbc4f313643af858cd995dcb79b069e248710cef42789461aec35db72aa7c53053b53f371cc94e080cbd2814472ddba1badfc3d2a2eadf8d522328607e4fc3959c5421fc82a4e1e4cb51c39c6d2bc342c43d4379baa7a71375f1f3e5da12641a6b4db1b3b813fdc4cbb95dd2bef46e03008a4f088ed1b8c70d4b6c67cff1cb91ff2c52c98fc63a036d534a57eae16a43b00c40ea888c08b1a390df024ce8ac4d474c646bf38e10aebdfe1af3b0d0c1deb6c3c448cc0b803a32d39b525e8c6b5411a5f20fd4e239c36eab8b778f20643cb9e836584222df8fbef5ede35398ba1229824afc067,gx-no-cache=1710155979269 HTTP/1.1" 200 30
181.212.40.185 - - [11/Mar/2024:08:22:17 -0300] "POST /cormun/servlet/solicitudot?gx-no-cache=1710155979284 HTTP/1.1" 200 30
181.212.40.185 - - [11/Mar/2024:08:22:17 -0300] "POST /cormun/servlet/solicitudot?gx-no-cache=1710155979308 HTTP/1.1" 200 1470
181.212.40.185 - - [11/Mar/2024:08:22:17 -0300] "POST /cormun/servlet/solicitudot?gx-no-cache=1710155979376 HTTP/1.1" 200 41
181.212.40.185 - - [11/Mar/2024:08:22:19 -0300] "GET /cormun/servlet/solicitudot?da0af53ec59ea73ec3119d563309bb995acc061132c7f2a999935a996cac39cd0f800b08be29ae9fa5828066867a5db2e99b1d98041da2ccad8a5b18436e10737dc3698be5602817cda362d97df0d23ab8229ba38b6641f20ab5d625058dad7f4a8dfa3b5118078f500c5980d9aa4ee0d4312244381ffe5f79039761aba75868760a09c28c03bbedcd0811a3843946a6961642cf3fbdeb84577f1cbc4f313643af858cd995dcb79b069e248710cef42789461aec35db72aa7c53053b53f371cc94e080cbd2814472ddba1badfc3d2a2eadf8d522328607e4fc3959c5421fc82a4e1e4cb51c39c6d2bc342c43d4379baa0a684b92c6603505177478119c0988e83fdc4cbb95dd2bef46e03008a4f088ed1b8c70d4b6c67cff1cb91ff2c52c98fc63a036d534a57eae16a43b00c40ea888c08b1a390df024ce8ac4d474c646bf38e10aebdfe1af3b0d0c1deb6c3c448cc0b803a32d39b525e8c6b5411a5f20fd4e239c36eab8b778f20643cb9e836584222df8fbef5ede35398ba1229824afc067,gx-no-cache=1710155981146 HTTP/1.1" 200 30
181.212.40.185 - - [11/Mar/2024:08:22:23 -0300] "POST /cormun/servlet/solicitudot?gx-no-cache=1710155984665 HTTP/1.1" 200 30
181.212.40.185 - - [11/Mar/2024:08:22:23 -0300] "POST /cormun/servlet/solicitudot?gx-no-cache=1710155984775 HTTP/1.1" 200 1470
181.212.40.185 - - [11/Mar/2024:08:22:23 -0300] "POST /cormun/servlet/solicitudot?gx-no-cache=1710155984869 HTTP/1.1" 200 41
181.212.40.185 - - [11/Mar/2024:08:22:23 -0300] "GET /cormun/servlet/solicitudot?da0af53ec59ea73ec3119d563309bb9952118cbe54d65816fe8c3ab2e67ef28499a618bceeb128b9ae956cbdaad9c628483c3b5d40a7590062694492b2ef0f1d81dc28708df747fa2b7d9359f9de0b8841f994e438d3693506dec68456c52138dd212972e76368452709dc1ca11ed78b,gx-no-cache=1710155984924 HTTP/1.1" 200 110
181.212.40.185 - - [11/Mar/2024:08:22:24 -0300] "POST /cormun/servlet/solicitudot?gx-no-cache=1710155985035 HTTP/1.1" 200 97
181.212.40.185 - - [11/Mar/2024:08:22:24 -0300] "GET /cormun/servlet/solicitudot?da0af53ec59ea73ec3119d563309bb99488d061bc6b6848fdc098796efa04f9da92edd955415090d70e96773bce921ef60e290b87a44489f9b495a9cdafe840497c6cea15d6c8ad57c595361ff572869c5b6ede1a25a9069a6c57ab14769b081290cd25c57ae116af28500c6bf3517d5,gx-no-cache=1710155985526 HTTP/1.1" 200 29
181.212.40.185 - - [11/Mar/2024:08:22:24 -0300] "GET /cormun/servlet/solicitudot?da0af53ec59ea73ec3119d563309bb99751b1ffbf8f6f20c50fdb60c9e695d1b567f143eac003c70b9d2e2f6b3d84051,gx-no-cache=1710155985547 HTTP/1.1" 200 30
181.212.40.185 - - [11/Mar/2024:08:22:24 -0300] "POST /cormun/servlet/solicitudot?gx-no-cache=1710155985594 HTTP/1.1" 200 34
181.212.40.185 - - [11/Mar/2024:08:22:24 -0300] "POST /cormun/servlet/solicitudot?2e8a22bab9ae8931c1e386c6be495cd1,UPD,2024,20764,false,,gx-no-cache=1710155985629 HTTP/1.1" 200 93
181.212.40.185 - - [11/Mar/2024:08:22:24 -0300] "GET /cormun/servlet/hpexe_return? HTTP/1.1" 200 1015
181.212.40.185 - - [11/Mar/2024:08:22:24 -0300] "GET /cormun/servlet/trsolicitudot HTTP/1.1" 200 8784
181.212.40.185 - - [11/Mar/2024:08:23:49 -0300] "GET /cormun/servlet/solicitudot?INS,0,0,false, HTTP/1.1" 200 16174
181.212.40.185 - - [11/Mar/2024:08:23:57 -0300] "POST /cormun/servlet/solicitudot?gx-no-cache=1710156078898 HTTP/1.1" 200 4022
181.212.40.185 - - [11/Mar/2024:08:23:57 -0300] "POST /cormun/servlet/solicitudot?2e8a22bab9ae8931c1e386c6be495cd1,INS,0,0,false,,gx-no-cache=1710156079154 HTTP/1.1" 200 12867
181.212.40.185 - - [11/Mar/2024:08:24:02 -0300] "GET /cormun/servlet/solicitudot?da0af53ec59ea73ec3119d563309bb99509ffd79fd1b396454d8901b9f7b28e1ddb19e73a1bca8f5f9ec115d972b097f,gx-no-cache=1710156083989 HTTP/1.1" 200 30
181.212.40.185 - - [11/Mar/2024:08:24:50 -0300] "GET /cormun/servlet/solicitudot?da0af53ec59ea73ec3119d563309bb99d779df0b4955d5ed707fdda7be18c6f6592a745eb1c7c1ea4b4fbecf4ff1db34cf9afe08ea913fc9eb7ef62bc64e3c74,gx-no-cache=1710156131877 HTTP/1.1" 200 30
181.212.40.185 - - [11/Mar/2024:08:24:56 -0300] "GET /cormun/servlet/solicitudot?da0af53ec59ea73ec3119d563309bb992fd3fb6c1822261c4936a9ee0adefaf0,gx-no-cache=1710156137415 HTTP/1.1" 200 51
181.212.40.185 - - [11/Mar/2024:08:25:14 -0300] "POST /cormun/servlet/solicitudot?gx-no-cache=1710156155570 HTTP/1.1" 200 255
181.212.40.185 - - [11/Mar/2024:08:26:18 -0300] "GET /cormun/servlet/solicitudot?da0af53ec59ea73ec3119d563309bb995acc061132c7f2a999935a996cac39cd549c584e1b5977987c19a17ebc18556ae99b1d98041da2ccad8a5b18436e10737dc3698be5602817cda362d97df0d23ab8229ba38b6641f20ab5d625058dad7f4a8dfa3b5118078f500c5980d9aa4ee0d4312244381ffe5f79039761aba75868760a09c28c03bbedcd0811a3843946a6961642cf3fbdeb84577f1cbc4f313643af858cd995dcb79b069e248710cef42789461aec35db72aa7c53053b53f371cc94e080cbd2814472ddba1badfc3d2a2eadf8d522328607e4fc3959c5421fc82a4e1e4cb51c39c6d2bc342c43d4379baa0a684b92c6603505177478119c0988e83fdc4cbb95dd2bef46e03008a4f088ed186da7bda4a21e8d79c53af910af615fb7859ee02fcb1fe135a7303fa58e8b1cb6f3a2c24a8a3113e51e7586c23cba315999f937f97161bbb1176c1d4ebe6e3b2f6f3724862dc6ea66af87e5348ee74dda0b0ac81b87f83d118a59042147659fa138f7901564eaa3fecdc6657802c0de,gx-no-cache=1710156219650 HTTP/1.1" 200 30
181.212.40.185 - - [11/Mar/2024:08:26:20 -0300] "POST /cormun/servlet/solicitudot?gx-no-cache=1710156221881 HTTP/1.1" 200 30
181.212.40.185 - - [11/Mar/2024:08:26:21 -0300] "POST /cormun/servlet/solicitudot?gx-no-cache=1710156222697 HTTP/1.1" 200 1466
181.212.40.185 - - [11/Mar/2024:08:26:21 -0300] "POST /cormun/servlet/solicitudot?gx-no-cache=1710156222723 HTTP/1.1" 200 38
181.212.40.185 - - [11/Mar/2024:08:26:40 -0300] "GET /cormun/servlet/solicitudot?da0af53ec59ea73ec3119d563309bb9952118cbe54d65816fe8c3ab2e67ef28499a618bceeb128b9ae956cbdaad9c628483c3b5d40a7590062694492b2ef0f1d81dc28708df747fa2b7d9359f9de0b8841f994e438d3693506dec68456c52138dd212972e76368452709dc1ca11ed78b,gx-no-cache=1710156241471 HTTP/1.1" 200 110
181.212.40.185 - - [11/Mar/2024:08:26:55 -0300] "POST /cormun/servlet/solicitudot?gx-no-cache=1710156257082 HTTP/1.1" 200 97
181.212.40.185 - - [11/Mar/2024:08:27:05 -0300] "GET /cormun/servlet/solicitudot?da0af53ec59ea73ec3119d563309bb99f6ab21454f7ed1f88c8ad06f4e09544b579e87318c7347d374c9d2586e41f8d0aa9674a48a4786baeb493bc190dbbc987e0cb0649d6f23b94bc3506ec46b1bea952b0d2d94df36a9f81ebe67668e1a10aa001c223cbe8a6e293955e81408e033,gx-no-cache=1710156266711 HTTP/1.1" 200 29
190.171.141.106 - - [11/Mar/2024:08:27:14 -0300] "GET /cormun/servlet/hlogin HTTP/1.1" 200 1725
190.171.141.106 - - [11/Mar/2024:08:27:16 -0300] "GET /cormun/servlet/hlogin HTTP/1.1" 200 1736
190.171.141.106 - - [11/Mar/2024:08:27:17 -0300] "GET /cormun/static/Resources/indicator.gif HTTP/1.1" 200 1553
190.171.141.106 - - [11/Mar/2024:08:27:23 -0300] "POST /cormun/servlet/hlogin?6f550f2eb8090f393d82055066aed4e5,gx-no-cache=1710156281800 HTTP/1.1" 200 90
190.171.141.106 - - [11/Mar/2024:08:27:23 -0300] "GET /cormun/servlet/hpexe_link HTTP/1.1" 200 957
190.171.141.106 - - [11/Mar/2024:08:27:23 -0300] "GET /cormun/servlet/hhome HTTP/1.1" 200 4275
181.212.40.185 - - [11/Mar/2024:08:27:26 -0300] "GET /cormun/static/menuarrow.gif HTTP/1.1" 404 1015
190.171.141.106 - - [11/Mar/2024:08:27:29 -0300] "GET /cormun/servlet/trsolicitudot? HTTP/1.1" 200 7491
181.212.40.185 - - [11/Mar/2024:08:27:29 -0300] "GET /cormun/servlet/solicitudot?da0af53ec59ea73ec3119d563309bb99751b1ffbf8f6f20c50fdb60c9e695d1b9d99c10f449a9cd6c871d5f89b2eda40,gx-no-cache=1710156291249 HTTP/1.1" 200 30
181.212.42.153 - - [11/Mar/2024:08:27:33 -0300] "GET /cormun/servlet/trsolicitudot? HTTP/1.1" 200 6321
181.212.42.153 - - [11/Mar/2024:08:27:33 -0300] "GET /cormun/servlet/hlogin HTTP/1.1" 200 1735
181.212.42.153 - - [11/Mar/2024:08:27:33 -0300] "GET /cormun/servlet/trsolicitudot? HTTP/1.1" 200 6318
190.171.141.106 - - [11/Mar/2024:08:27:34 -0300] "GET /cormun/servlet/solicitudot?INS,0,0,false, HTTP/1.1" 200 16246
181.212.40.185 - - [11/Mar/2024:08:27:35 -0300] "POST /cormun/servlet/solicitudot?gx-no-cache=1710156297270 HTTP/1.1" 200 30
181.212.42.153 - - [11/Mar/2024:08:27:38 -0300] "POST /cormun/servlet/hlogin?ce3640596f505706b3b12e3111578d26,gx-no-cache=1710156295102 HTTP/1.1" 200 90
181.212.42.153 - - [11/Mar/2024:08:27:38 -0300] "GET /cormun/servlet/hpexe_link HTTP/1.1" 200 952
181.212.42.153 - - [11/Mar/2024:08:27:38 -0300] "GET /cormun/servlet/trsolicitudot HTTP/1.1" 200 7004
181.212.40.185 - - [11/Mar/2024:08:27:38 -0300] "POST /cormun/servlet/solicitudot?2e8a22bab9ae8931c1e386c6be495cd1,INS,0,0,false,,gx-no-cache=1710156299812 HTTP/1.1" 200 93
181.212.40.185 - - [11/Mar/2024:08:27:38 -0300] "GET /cormun/servlet/hpexe_return? HTTP/1.1" 200 1010
181.212.40.185 - - [11/Mar/2024:08:27:38 -0300] "GET /cormun/servlet/trsolicitudot HTTP/1.1" 200 9243
181.212.42.153 - - [11/Mar/2024:08:27:40 -0300] "GET /cormun/servlet/solicitudot?INS,0,0,false, HTTP/1.1" 200 15931
181.212.42.153 - - [11/Mar/2024:08:27:45 -0300] "POST /cormun/servlet/solicitudot?gx-no-cache=1710156302651 HTTP/1.1" 200 4022
181.212.42.153 - - [11/Mar/2024:08:27:46 -0300] "POST /cormun/servlet/solicitudot?ce3640596f505706b3b12e3111578d26,INS,0,0,false,,gx-no-cache=1710156302795 HTTP/1.1" 200 12578
181.212.42.153 - - [11/Mar/2024:08:27:46 -0300] "GET /cormun/servlet/solicitudot?7d49fbd346798f22bb49b0362ec62734bcdcf5000a2f74c8977ccdaa2d20ef71da4ed2dd7f81f7e553acdc07c0c2ce6f,gx-no-cache=1710156303682 HTTP/1.1" 200 30
13.234.226.222 - - [11/Mar/2024:08:27:58 -0300] "POST /wp-comments-post.php HTTP/1.1" 404 1001
13.234.226.222 - - [11/Mar/2024:08:28:00 -0300] "GET /wp-content/plugins/imagements/images/2dspngaoypkrb2s2eerfyg0mbqs.php HTTP/1.1" 404 1097
181.212.42.153 - - [11/Mar/2024:08:29:20 -0300] "GET /cormun/servlet/prbanco?,MD,,gxPopupLevel%3D0%3B HTTP/1.1" 200 6565
181.212.42.153 - - [11/Mar/2024:08:29:23 -0300] "GET /cormun/servlet/solicitudot?7d49fbd346798f22bb49b0362ec62734d892fc08128581566594731b9b887149e5bbf26011fad169305f80f459fcf60840115f805dc1a01f14237cea0b8e154e,gx-no-cache=1710156400501 HTTP/1.1" 200 30
181.212.42.153 - - [11/Mar/2024:08:29:25 -0300] "GET /cormun/servlet/solicitudot?7d49fbd346798f22bb49b0362ec62734f6b1154d8b0ad2f44c3df4fa9ef94a0f,gx-no-cache=1710156402036 HTTP/1.1" 200 51
181.212.42.153 - - [11/Mar/2024:08:29:32 -0300] "POST /cormun/servlet/solicitudot?gx-no-cache=1710156409174 HTTP/1.1" 200 255
181.212.42.153 - - [11/Mar/2024:08:29:44 -0300] "GET /cormun/servlet/solicitudot?7d49fbd346798f22bb49b0362ec6273405834a16e7926f8915dd7f39201007fd6d041875ea1e2fd7774c02b862f1541e44b9f57f2fb47a0a5af8e8056e11ff011a82b862837f65ce84294c531b06a58786da11d0a2682fc9f06fde9d5ad8372b4ddae8ed3558e42fbd9433e4b306603eb4fb53226b2ac3fe47424d85ccc19a4f818cd4922f35d22edeb431e3e92f27bdd22fa9251abd884be29aeb6ee53af8b53077dec47a52a0372f570c3718ea5ea1caef5f6a1adb0ca9d35bd0a5b4ac68b0888310969405f27e72e23dee9816145281e75f3c1791182239e2397184b6b36983eb6039a0e080893ff1559c578599636d95dbb095ecbd619be926888c093a619811dc643bdc5f970d7679df7f8447756a4d3500357bfde105d065cf49a296d58242adf99bf12d18fc23b99ce80aae6b56b383f2104fb032a096cbdb46d0bbf538c7a85b54a4ae3919bc9f2bf9dc700e9e349f36404df2e46a1d44a2161373fea876d3d3b1928d1f6e64c18fb562916db05e24053f8700fc075395ca5185076b,gx-no-cache=1710156420819 HTTP/1.1" 200 30
181.212.42.153 - - [11/Mar/2024:08:29:46 -0300] "POST /cormun/servlet/solicitudot?gx-no-cache=1710156423450 HTTP/1.1" 200 30
181.212.42.153 - - [11/Mar/2024:08:29:48 -0300] "POST /cormun/servlet/solicitudot?gx-no-cache=1710156424989 HTTP/1.1" 200 1466
181.212.42.153 - - [11/Mar/2024:08:29:48 -0300] "POST /cormun/servlet/solicitudot?gx-no-cache=1710156425015 HTTP/1.1" 200 38
181.212.42.153 - - [11/Mar/2024:08:30:17 -0300] "GET /cormun/servlet/solicitudot?7d49fbd346798f22bb49b0362ec627349541795ac683a05af573a015ddda51dee7aaa2e04eb92b6e759d21f6a2f9dc237dc961825d222807ae84633fc7904fe9ade58cd7204ab0197b68b2ca2634ee3bb49b4cf646a0c6321d7e706d3c118c9cecd136bcfeb89993cb46f793e93c0ff0,gx-no-cache=1710156454059 HTTP/1.1" 200 110
181.212.42.153 - - [11/Mar/2024:08:30:40 -0300] "POST /cormun/servlet/solicitudot?gx-no-cache=1710156476792 HTTP/1.1" 200 59
181.212.40.185 - - [11/Mar/2024:08:30:41 -0300] "POST /cormun/servlet/trsolicitudot?2e8a22bab9ae8931c1e386c6be495cd1,gx-no-cache=1710156482508 HTTP/1.1" 200 107
181.212.40.185 - - [11/Mar/2024:08:30:41 -0300] "GET /cormun/servlet/trsolicitudadjuntos?2024,20765, HTTP/1.1" 200 6321
181.212.40.185 - - [11/Mar/2024:08:30:42 -0300] "GET /cormun/servlet/solicitudotadjuntos?INS,2024,20765,,1, HTTP/1.1" 200 6267
181.212.40.185 - - [11/Mar/2024:08:30:42 -0300] "GET /cormun/static/about:blank HTTP/1.1" 404 1011
181.212.40.185 - - [11/Mar/2024:08:30:43 -0300] "GET /cormun/servlet/solicitudotadjuntos?da0af53ec59ea73ec3119d563309bb99383f7c47e625002608421efd57312481a3aae516ef8d6124a8114bf3fb0ab484,gx-no-cache=1710156484870 HTTP/1.1" 200 30
181.212.40.185 - - [11/Mar/2024:08:30:43 -0300] "POST /cormun/servlet/solicitudotadjuntos?2e8a22bab9ae8931c1e386c6be495cd1,INS,2024,20765,,1,,gx-no-cache=1710156484884 HTTP/1.1" 200 4194
181.212.40.185 - - [11/Mar/2024:08:30:44 -0300] "POST /cormun/servlet/solicitudotadjuntos?gx-no-cache=1710156486084 HTTP/1.1" 200 26
181.212.40.185 - - [11/Mar/2024:08:30:55 -0300] "GET /cormun/servlet/solicitudotadjuntos?da0af53ec59ea73ec3119d563309bb99da87542ab984d6fa925b66ea5e96e6b8,gx-no-cache=1710156497273 HTTP/1.1" 200 30
181.212.40.185 - - [11/Mar/2024:08:30:55 -0300] "GET /cormun/servlet/solicitudotadjuntos?da0af53ec59ea73ec3119d563309bb99da87542ab984d6fa925b66ea5e96e6b8,gx-no-cache=1710156497284 HTTP/1.1" 200 30
181.212.40.185 - - [11/Mar/2024:08:30:56 -0300] "POST /cormun/servlet/solicitudotadjuntos?2e8a22bab9ae8931c1e386c6be495cd1,INS,2024,20765,,1, HTTP/1.1" 200 116
181.212.40.185 - - [11/Mar/2024:08:30:56 -0300] "GET /cormun/servlet/hpexe_return? HTTP/1.1" 200 1027
181.212.40.185 - - [11/Mar/2024:08:30:56 -0300] "GET /cormun/servlet/trsolicitudadjuntos?2024,20765, HTTP/1.1" 200 9240
181.212.40.185 - - [11/Mar/2024:08:30:58 -0300] "GET /cormun/servlet/solicitudotadjuntos?INS,2024,20765,,1, HTTP/1.1" 200 6268
181.212.40.185 - - [11/Mar/2024:08:30:58 -0300] "GET /cormun/static/about:blank HTTP/1.1" 404 1011
181.212.40.185 - - [11/Mar/2024:08:30:59 -0300] "GET /cormun/servlet/solicitudotadjuntos?da0af53ec59ea73ec3119d563309bb99383f7c47e625002608421efd57312481a3aae516ef8d6124a8114bf3fb0ab484,gx-no-cache=1710156500681 HTTP/1.1" 200 30
181.212.40.185 - - [11/Mar/2024:08:30:59 -0300] "POST /cormun/servlet/solicitudotadjuntos?2e8a22bab9ae8931c1e386c6be495cd1,INS,2024,20765,,1,,gx-no-cache=1710156500693 HTTP/1.1" 200 4196
181.212.40.185 - - [11/Mar/2024:08:31:01 -0300] "POST /cormun/servlet/solicitudotadjuntos?gx-no-cache=1710156502921 HTTP/1.1" 200 26
181.212.40.185 - - [11/Mar/2024:08:31:06 -0300] "GET /cormun/servlet/solicitudotadjuntos?da0af53ec59ea73ec3119d563309bb99da87542ab984d6fa925b66ea5e96e6b8,gx-no-cache=1710156507592 HTTP/1.1" 200 30
181.212.40.185 - - [11/Mar/2024:08:31:06 -0300] "GET /cormun/servlet/solicitudotadjuntos?da0af53ec59ea73ec3119d563309bb99da87542ab984d6fa925b66ea5e96e6b8,gx-no-cache=1710156507604 HTTP/1.1" 200 30
181.212.40.185 - - [11/Mar/2024:08:31:06 -0300] "POST /cormun/servlet/solicitudotadjuntos?2e8a22bab9ae8931c1e386c6be495cd1,INS,2024,20765,,1, HTTP/1.1" 200 116
181.212.40.185 - - [11/Mar/2024:08:31:06 -0300] "GET /cormun/servlet/hpexe_return? HTTP/1.1" 200 1027
181.212.40.185 - - [11/Mar/2024:08:31:06 -0300] "GET /cormun/servlet/trsolicitudadjuntos?2024,20765, HTTP/1.1" 200 9498
181.212.40.185 - - [11/Mar/2024:08:31:08 -0300] "GET /cormun/servlet/solicitudotadjuntos?INS,2024,20765,,1, HTTP/1.1" 200 6268
181.212.40.185 - - [11/Mar/2024:08:31:08 -0300] "GET /cormun/static/about:blank HTTP/1.1" 404 1011
181.212.40.185 - - [11/Mar/2024:08:31:08 -0300] "GET /cormun/servlet/solicitudotadjuntos?da0af53ec59ea73ec3119d563309bb99383f7c47e625002608421efd57312481a3aae516ef8d6124a8114bf3fb0ab484,gx-no-cache=1710156510403 HTTP/1.1" 200 30
181.212.40.185 - - [11/Mar/2024:08:31:09 -0300] "POST /cormun/servlet/solicitudotadjuntos?2e8a22bab9ae8931c1e386c6be495cd1,INS,2024,20765,,1,,gx-no-cache=1710156510416 HTTP/1.1" 200 4196
181.212.40.185 - - [11/Mar/2024:08:31:11 -0300] "POST /cormun/servlet/solicitudotadjuntos?gx-no-cache=1710156512600 HTTP/1.1" 200 26
181.212.42.153 - - [11/Mar/2024:08:31:13 -0300] "POST /cormun/servlet/solicitudot?gx-no-cache=1710156510618 HTTP/1.1" 200 97
181.212.42.153 - - [11/Mar/2024:08:31:17 -0300] "GET /cormun/servlet/solicitudot?7d49fbd346798f22bb49b0362ec627340d478c54e4a1ce91d0b779f8dd9049622c41ec4da425fced4b26f978410356166f2e370112275a03ac100609e4b56b3e1dea635cdaf04c846c645f4fc3637e92d44db12e78926abae5b6c5453a3fafaa3e2ae3f0cdbc40e0d728c614c6f2ef22,gx-no-cache=1710156514530 HTTP/1.1" 200 29
181.212.42.153 - - [11/Mar/2024:08:31:17 -0300] "GET /cormun/static/menuarrow.gif HTTP/1.1" 404 1015
181.212.40.185 - - [11/Mar/2024:08:31:18 -0300] "GET /cormun/servlet/solicitudotadjuntos?da0af53ec59ea73ec3119d563309bb99da87542ab984d6fa925b66ea5e96e6b8,gx-no-cache=1710156520033 HTTP/1.1" 200 30
181.212.40.185 - - [11/Mar/2024:08:31:18 -0300] "GET /cormun/servlet/solicitudotadjuntos?da0af53ec59ea73ec3119d563309bb99da87542ab984d6fa925b66ea5e96e6b8,gx-no-cache=1710156520044 HTTP/1.1" 200 30
181.212.40.185 - - [11/Mar/2024:08:31:18 -0300] "POST /cormun/servlet/solicitudotadjuntos?2e8a22bab9ae8931c1e386c6be495cd1,INS,2024,20765,,1, HTTP/1.1" 200 116
181.212.40.185 - - [11/Mar/2024:08:31:18 -0300] "GET /cormun/servlet/hpexe_return? HTTP/1.1" 200 1027
181.212.40.185 - - [11/Mar/2024:08:31:18 -0300] "GET /cormun/servlet/trsolicitudadjuntos?2024,20765, HTTP/1.1" 200 9730
181.212.42.153 - - [11/Mar/2024:08:31:21 -0300] "GET /cormun/servlet/solicitudot?7d49fbd346798f22bb49b0362ec627345cbe5cf5c281b93cfd1448f1cfa88dbde596418b8cb491d16b4b3d7e90099fca,gx-no-cache=1710156518118 HTTP/1.1" 200 30
181.212.40.185 - - [11/Mar/2024:08:31:23 -0300] "GET /cormun/servlet/solicitudotadjuntos?INS,2024,20765,,1, HTTP/1.1" 200 6268
181.212.40.185 - - [11/Mar/2024:08:31:23 -0300] "GET /cormun/static/about:blank HTTP/1.1" 404 1011
181.212.40.185 - - [11/Mar/2024:08:31:24 -0300] "GET /cormun/servlet/solicitudotadjuntos?da0af53ec59ea73ec3119d563309bb99383f7c47e625002608421efd57312481a3aae516ef8d6124a8114bf3fb0ab484,gx-no-cache=1710156525899 HTTP/1.1" 200 30
181.212.40.185 - - [11/Mar/2024:08:31:24 -0300] "POST /cormun/servlet/solicitudotadjuntos?2e8a22bab9ae8931c1e386c6be495cd1,INS,2024,20765,,1,,gx-no-cache=1710156525916 HTTP/1.1" 200 4196
181.212.42.153 - - [11/Mar/2024:08:31:24 -0300] "POST /cormun/servlet/solicitudot?gx-no-cache=1710156521563 HTTP/1.1" 200 30
181.212.40.185 - - [11/Mar/2024:08:31:26 -0300] "POST /cormun/servlet/solicitudotadjuntos?gx-no-cache=1710156527952 HTTP/1.1" 200 26
181.212.42.153 - - [11/Mar/2024:08:31:31 -0300] "POST /cormun/servlet/solicitudot?ce3640596f505706b3b12e3111578d26,INS,0,0,false,,gx-no-cache=1710156527420 HTTP/1.1" 200 93
181.212.42.153 - - [11/Mar/2024:08:31:31 -0300] "GET /cormun/servlet/hpexe_return? HTTP/1.1" 200 1004
181.212.42.153 - - [11/Mar/2024:08:31:32 -0300] "GET /cormun/servlet/trsolicitudot HTTP/1.1" 200 8456
181.212.40.185 - - [11/Mar/2024:08:31:33 -0300] "GET /cormun/servlet/solicitudotadjuntos?da0af53ec59ea73ec3119d563309bb99da87542ab984d6fa925b66ea5e96e6b8,gx-no-cache=1710156535096 HTTP/1.1" 200 30
181.212.40.185 - - [11/Mar/2024:08:31:33 -0300] "GET /cormun/servlet/solicitudotadjuntos?da0af53ec59ea73ec3119d563309bb99da87542ab984d6fa925b66ea5e96e6b8,gx-no-cache=1710156535114 HTTP/1.1" 200 30
181.212.40.185 - - [11/Mar/2024:08:31:33 -0300] "POST /cormun/servlet/solicitudotadjuntos?2e8a22bab9ae8931c1e386c6be495cd1,INS,2024,20765,,1, HTTP/1.1" 200 116
181.212.40.185 - - [11/Mar/2024:08:31:33 -0300] "GET /cormun/servlet/hpexe_return? HTTP/1.1" 200 1027
181.212.40.185 - - [11/Mar/2024:08:31:33 -0300] "GET /cormun/servlet/trsolicitudadjuntos?2024,20765, HTTP/1.1" 200 9967
181.212.42.153 - - [11/Mar/2024:08:31:34 -0300] "POST /cormun/servlet/trsolicitudot?ce3640596f505706b3b12e3111578d26,gx-no-cache=1710156530768 HTTP/1.1" 200 107
181.212.42.153 - - [11/Mar/2024:08:31:34 -0300] "GET /cormun/servlet/trsolicitudadjuntos?2024,20766, HTTP/1.1" 200 6069
181.212.40.185 - - [11/Mar/2024:08:31:35 -0300] "GET /cormun/servlet/solicitudotadjuntos?INS,2024,20765,,1, HTTP/1.1" 200 6268
181.212.40.185 - - [11/Mar/2024:08:31:35 -0300] "GET /cormun/static/about:blank HTTP/1.1" 404 1011
181.212.42.153 - - [11/Mar/2024:08:31:36 -0300] "GET /cormun/servlet/solicitudotadjuntos?INS,2024,20766,,1, HTTP/1.1" 200 6014
181.212.42.153 - - [11/Mar/2024:08:31:36 -0300] "GET /cormun/static/about:blank HTTP/1.1" 404 1011
181.212.40.185 - - [11/Mar/2024:08:31:36 -0300] "GET /cormun/servlet/solicitudotadjuntos?da0af53ec59ea73ec3119d563309bb99383f7c47e625002608421efd57312481a3aae516ef8d6124a8114bf3fb0ab484,gx-no-cache=1710156537605 HTTP/1.1" 200 30
181.212.40.185 - - [11/Mar/2024:08:31:36 -0300] "POST /cormun/servlet/solicitudotadjuntos?2e8a22bab9ae8931c1e386c6be495cd1,INS,2024,20765,,1,,gx-no-cache=1710156537630 HTTP/1.1" 200 4196
181.212.42.153 - - [11/Mar/2024:08:31:36 -0300] "GET /cormun/servlet/solicitudotadjuntos?7d49fbd346798f22bb49b0362ec627348845fefd2646a1100455672131dc22a884e4113ee392a2a2a5774c8b3805d6e8,gx-no-cache=1710156533479 HTTP/1.1" 200 30
181.212.42.153 - - [11/Mar/2024:08:31:36 -0300] "POST /cormun/servlet/solicitudotadjuntos?ce3640596f505706b3b12e3111578d26,INS,2024,20766,,1,,gx-no-cache=1710156533546 HTTP/1.1" 200 3893
13.234.226.222 - - [11/Mar/2024:08:31:37 -0300] "POST /wp-admin/admin-ajax.php?action=uploadFontIcon HTTP/1.1" 404 1007
13.234.226.222 - - [11/Mar/2024:08:31:38 -0300] "GET /wp-content/uploads/kaswara/fonts_icon/msqagw/pp.php HTTP/1.1" 404 1063
181.212.42.153 - - [11/Mar/2024:08:31:38 -0300] "POST /cormun/servlet/solicitudotadjuntos?gx-no-cache=1710156535347 HTTP/1.1" 200 26
181.212.40.185 - - [11/Mar/2024:08:31:38 -0300] "POST /cormun/servlet/solicitudotadjuntos?gx-no-cache=1710156540272 HTTP/1.1" 200 26
181.212.40.185 - - [11/Mar/2024:08:31:44 -0300] "GET /cormun/servlet/solicitudotadjuntos?da0af53ec59ea73ec3119d563309bb99da87542ab984d6fa925b66ea5e96e6b8,gx-no-cache=1710156545440 HTTP/1.1" 200 30
181.212.40.185 - - [11/Mar/2024:08:31:44 -0300] "GET /cormun/servlet/solicitudotadjuntos?da0af53ec59ea73ec3119d563309bb99da87542ab984d6fa925b66ea5e96e6b8,gx-no-cache=1710156545451 HTTP/1.1" 200 30
181.212.40.185 - - [11/Mar/2024:08:31:44 -0300] "POST /cormun/servlet/solicitudotadjuntos?2e8a22bab9ae8931c1e386c6be495cd1,INS,2024,20765,,1, HTTP/1.1" 200 116
181.212.40.185 - - [11/Mar/2024:08:31:44 -0300] "GET /cormun/servlet/hpexe_return? HTTP/1.1" 200 1027
181.212.40.185 - - [11/Mar/2024:08:31:44 -0300] "GET /cormun/servlet/trsolicitudadjuntos?2024,20765, HTTP/1.1" 200 10254
181.212.40.185 - - [11/Mar/2024:08:31:46 -0300] "GET /cormun/servlet/solicitudotadjuntos?INS,2024,20765,,1, HTTP/1.1" 200 6268
181.212.40.185 - - [11/Mar/2024:08:31:46 -0300] "GET /cormun/static/about:blank HTTP/1.1" 404 1011
181.212.40.185 - - [11/Mar/2024:08:31:46 -0300] "GET /cormun/servlet/solicitudotadjuntos?da0af53ec59ea73ec3119d563309bb99383f7c47e625002608421efd57312481a3aae516ef8d6124a8114bf3fb0ab484,gx-no-cache=1710156548105 HTTP/1.1" 200 30
181.212.40.185 - - [11/Mar/2024:08:31:47 -0300] "POST /cormun/servlet/solicitudotadjuntos?2e8a22bab9ae8931c1e386c6be495cd1,INS,2024,20765,,1,,gx-no-cache=1710156548208 HTTP/1.1" 200 4196
181.212.42.153 - - [11/Mar/2024:08:31:49 -0300] "GET /cormun/servlet/solicitudotadjuntos?7d49fbd346798f22bb49b0362ec62734e2f117daaef3b3d74932792977891ddf,gx-no-cache=1710156545973 HTTP/1.1" 200 30
181.212.42.153 - - [11/Mar/2024:08:31:49 -0300] "GET /cormun/servlet/solicitudotadjuntos?7d49fbd346798f22bb49b0362ec62734e2f117daaef3b3d74932792977891ddf,gx-no-cache=1710156546039 HTTP/1.1" 200 30
181.212.42.153 - - [11/Mar/2024:08:31:49 -0300] "POST /cormun/servlet/solicitudotadjuntos?ce3640596f505706b3b12e3111578d26,INS,2024,20766,,1, HTTP/1.1" 200 116
181.212.42.153 - - [11/Mar/2024:08:31:49 -0300] "GET /cormun/servlet/hpexe_return? HTTP/1.1" 200 1021
181.212.42.153 - - [11/Mar/2024:08:31:49 -0300] "GET /cormun/servlet/trsolicitudadjuntos?2024,20766, HTTP/1.1" 200 9003
181.212.40.185 - - [11/Mar/2024:08:31:49 -0300] "POST /cormun/servlet/solicitudotadjuntos?gx-no-cache=1710156551129 HTTP/1.1" 200 26
181.212.42.153 - - [11/Mar/2024:08:31:51 -0300] "GET /cormun/servlet/solicitudotadjuntos?INS,2024,20766,,1, HTTP/1.1" 200 6014
181.212.42.153 - - [11/Mar/2024:08:31:52 -0300] "GET /cormun/static/about:blank HTTP/1.1" 404 1011
181.212.42.153 - - [11/Mar/2024:08:31:52 -0300] "GET /cormun/servlet/solicitudotadjuntos?7d49fbd346798f22bb49b0362ec627348845fefd2646a1100455672131dc22a884e4113ee392a2a2a5774c8b3805d6e8,gx-no-cache=1710156549303 HTTP/1.1" 200 30
181.212.42.153 - - [11/Mar/2024:08:31:52 -0300] "POST /cormun/servlet/solicitudotadjuntos?ce3640596f505706b3b12e3111578d26,INS,2024,20766,,1,,gx-no-cache=1710156549399 HTTP/1.1" 200 3894
181.212.42.153 - - [11/Mar/2024:08:31:54 -0300] "POST /cormun/servlet/solicitudotadjuntos?gx-no-cache=1710156550917 HTTP/1.1" 200 26
181.212.40.185 - - [11/Mar/2024:08:31:55 -0300] "GET /cormun/servlet/solicitudotadjuntos?da0af53ec59ea73ec3119d563309bb99da87542ab984d6fa925b66ea5e96e6b8,gx-no-cache=1710156556440 HTTP/1.1" 200 30
181.212.40.185 - - [11/Mar/2024:08:31:55 -0300] "GET /cormun/servlet/solicitudotadjuntos?da0af53ec59ea73ec3119d563309bb99da87542ab984d6fa925b66ea5e96e6b8,gx-no-cache=1710156556490 HTTP/1.1" 200 30
181.212.40.185 - - [11/Mar/2024:08:31:55 -0300] "POST /cormun/servlet/solicitudotadjuntos?2e8a22bab9ae8931c1e386c6be495cd1,INS,2024,20765,,1, HTTP/1.1" 200 116
181.212.40.185 - - [11/Mar/2024:08:31:55 -0300] "GET /cormun/servlet/hpexe_return? HTTP/1.1" 200 1027
181.212.40.185 - - [11/Mar/2024:08:31:55 -0300] "GET /cormun/servlet/trsolicitudadjuntos?2024,20765, HTTP/1.1" 200 10423
190.171.141.106 - - [11/Mar/2024:08:32:01 -0300] "POST /cormun/servlet/solicitudot?gx-no-cache=1710156559630 HTTP/1.1" 200 4031
190.171.141.106 - - [11/Mar/2024:08:32:01 -0300] "POST /cormun/servlet/solicitudot?6f550f2eb8090f393d82055066aed4e5,INS,0,0,false,,gx-no-cache=1710156559793 HTTP/1.1" 200 12880
181.212.42.153 - - [11/Mar/2024:08:32:02 -0300] "GET /cormun/servlet/solicitudotadjuntos?7d49fbd346798f22bb49b0362ec62734e2f117daaef3b3d74932792977891ddf,gx-no-cache=1710156559305 HTTP/1.1" 200 30
181.212.42.153 - - [11/Mar/2024:08:32:02 -0300] "GET /cormun/servlet/solicitudotadjuntos?7d49fbd346798f22bb49b0362ec62734e2f117daaef3b3d74932792977891ddf,gx-no-cache=1710156559322 HTTP/1.1" 200 30
181.212.42.153 - - [11/Mar/2024:08:32:02 -0300] "POST /cormun/servlet/solicitudotadjuntos?ce3640596f505706b3b12e3111578d26,INS,2024,20766,,1, HTTP/1.1" 200 116
181.212.42.153 - - [11/Mar/2024:08:32:02 -0300] "GET /cormun/servlet/hpexe_return? HTTP/1.1" 200 1021
181.212.42.153 - - [11/Mar/2024:08:32:02 -0300] "GET /cormun/servlet/trsolicitudadjuntos?2024,20766, HTTP/1.1" 200 9312
181.212.42.153 - - [11/Mar/2024:08:32:04 -0300] "GET /cormun/servlet/solicitudotadjuntos?INS,2024,20766,,1, HTTP/1.1" 200 6014
181.212.42.153 - - [11/Mar/2024:08:32:04 -0300] "GET /cormun/static/about:blank HTTP/1.1" 404 1011
181.212.42.153 - - [11/Mar/2024:08:32:05 -0300] "GET /cormun/servlet/solicitudotadjuntos?7d49fbd346798f22bb49b0362ec627348845fefd2646a1100455672131dc22a884e4113ee392a2a2a5774c8b3805d6e8,gx-no-cache=1710156561816 HTTP/1.1" 200 30
181.212.42.153 - - [11/Mar/2024:08:32:05 -0300] "POST /cormun/servlet/solicitudotadjuntos?ce3640596f505706b3b12e3111578d26,INS,2024,20766,,1,,gx-no-cache=1710156561849 HTTP/1.1" 200 3894
181.212.42.153 - - [11/Mar/2024:08:32:06 -0300] "POST /cormun/servlet/solicitudotadjuntos?gx-no-cache=1710156563673 HTTP/1.1" 200 26
190.171.141.106 - - [11/Mar/2024:08:32:07 -0300] "GET /cormun/servlet/solicitudot?d46fd4f7d33ae1f0fad061f4afba6771e6b18899303bcaec28cd1f7d675d5d6e9be1a184c9123d97ee7d1df828b0b0e1,gx-no-cache=1710156565524 HTTP/1.1" 200 30
181.212.40.185 - - [11/Mar/2024:08:32:09 -0300] "POST /cormun/servlet/trsolicitudadjuntos?2e8a22bab9ae8931c1e386c6be495cd1,2024,20765,,gx-no-cache=1710156570579 HTTP/1.1" 200 90
181.212.40.185 - - [11/Mar/2024:08:32:09 -0300] "GET /cormun/servlet/hpexe_link HTTP/1.1" 200 970
181.212.40.185 - - [11/Mar/2024:08:32:09 -0300] "GET /cormun/servlet/trsolicitudot HTTP/1.1" 200 9240
181.212.42.153 - - [11/Mar/2024:08:32:12 -0300] "GET /cormun/servlet/solicitudotadjuntos?7d49fbd346798f22bb49b0362ec62734e2f117daaef3b3d74932792977891ddf,gx-no-cache=1710156569234 HTTP/1.1" 200 30
181.212.42.153 - - [11/Mar/2024:08:32:12 -0300] "GET /cormun/servlet/solicitudotadjuntos?7d49fbd346798f22bb49b0362ec62734e2f117daaef3b3d74932792977891ddf,gx-no-cache=1710156569255 HTTP/1.1" 200 30
181.212.42.153 - - [11/Mar/2024:08:32:12 -0300] "POST /cormun/servlet/solicitudotadjuntos?ce3640596f505706b3b12e3111578d26,INS,2024,20766,,1, HTTP/1.1" 200 116
181.212.42.153 - - [11/Mar/2024:08:32:12 -0300] "GET /cormun/servlet/hpexe_return? HTTP/1.1" 200 1021
181.212.42.153 - - [11/Mar/2024:08:32:12 -0300] "GET /cormun/servlet/trsolicitudadjuntos?2024,20766, HTTP/1.1" 200 9528
181.212.42.153 - - [11/Mar/2024:08:32:14 -0300] "GET /cormun/servlet/solicitudotadjuntos?INS,2024,20766,,1, HTTP/1.1" 200 6014
181.212.42.153 - - [11/Mar/2024:08:32:14 -0300] "GET /cormun/static/about:blank HTTP/1.1" 404 1011
181.212.42.153 - - [11/Mar/2024:08:32:15 -0300] "GET /cormun/servlet/solicitudotadjuntos?7d49fbd346798f22bb49b0362ec627348845fefd2646a1100455672131dc22a884e4113ee392a2a2a5774c8b3805d6e8,gx-no-cache=1710156571875 HTTP/1.1" 200 30
181.212.42.153 - - [11/Mar/2024:08:32:15 -0300] "POST /cormun/servlet/solicitudotadjuntos?ce3640596f505706b3b12e3111578d26,INS,2024,20766,,1,,gx-no-cache=1710156571904 HTTP/1.1" 200 3894
181.212.42.153 - - [11/Mar/2024:08:32:16 -0300] "POST /cormun/servlet/solicitudotadjuntos?gx-no-cache=1710156573569 HTTP/1.1" 200 26
181.212.42.153 - - [11/Mar/2024:08:32:22 -0300] "GET /cormun/servlet/solicitudotadjuntos?7d49fbd346798f22bb49b0362ec62734e2f117daaef3b3d74932792977891ddf,gx-no-cache=1710156578857 HTTP/1.1" 200 30
181.212.42.153 - - [11/Mar/2024:08:32:22 -0300] "GET /cormun/servlet/solicitudotadjuntos?7d49fbd346798f22bb49b0362ec62734e2f117daaef3b3d74932792977891ddf,gx-no-cache=1710156578868 HTTP/1.1" 200 30
181.212.42.153 - - [11/Mar/2024:08:32:22 -0300] "POST /cormun/servlet/solicitudotadjuntos?ce3640596f505706b3b12e3111578d26,INS,2024,20766,,1, HTTP/1.1" 200 116
181.212.42.153 - - [11/Mar/2024:08:32:22 -0300] "GET /cormun/servlet/hpexe_return? HTTP/1.1" 200 1021
181.212.42.153 - - [11/Mar/2024:08:32:22 -0300] "GET /cormun/servlet/trsolicitudadjuntos?2024,20766, HTTP/1.1" 200 9798
181.212.40.185 - - [11/Mar/2024:08:32:23 -0300] "GET /cormun/servlet/solicitudot?INS,0,0,false, HTTP/1.1" 200 16176
181.212.42.153 - - [11/Mar/2024:08:32:24 -0300] "GET /cormun/servlet/solicitudotadjuntos?INS,2024,20766,,1, HTTP/1.1" 200 6014
181.212.42.153 - - [11/Mar/2024:08:32:24 -0300] "GET /cormun/static/about:blank HTTP/1.1" 404 1011
181.212.42.153 - - [11/Mar/2024:08:32:24 -0300] "GET /cormun/servlet/solicitudotadjuntos?7d49fbd346798f22bb49b0362ec627348845fefd2646a1100455672131dc22a884e4113ee392a2a2a5774c8b3805d6e8,gx-no-cache=1710156581601 HTTP/1.1" 200 30
181.212.42.153 - - [11/Mar/2024:08:32:24 -0300] "POST /cormun/servlet/solicitudotadjuntos?ce3640596f505706b3b12e3111578d26,INS,2024,20766,,1,,gx-no-cache=1710156581612 HTTP/1.1" 200 3894
181.212.42.153 - - [11/Mar/2024:08:32:26 -0300] "POST /cormun/servlet/solicitudotadjuntos?gx-no-cache=1710156583554 HTTP/1.1" 200 26
181.212.40.185 - - [11/Mar/2024:08:32:31 -0300] "POST /cormun/servlet/solicitudot?gx-no-cache=1710156592506 HTTP/1.1" 200 4031
181.212.40.185 - - [11/Mar/2024:08:32:31 -0300] "POST /cormun/servlet/solicitudot?2e8a22bab9ae8931c1e386c6be495cd1,INS,0,0,false,,gx-no-cache=1710156592635 HTTP/1.1" 200 12871
181.212.42.153 - - [11/Mar/2024:08:32:32 -0300] "GET /cormun/servlet/solicitudotadjuntos?7d49fbd346798f22bb49b0362ec62734e2f117daaef3b3d74932792977891ddf,gx-no-cache=1710156589529 HTTP/1.1" 200 30
181.212.42.153 - - [11/Mar/2024:08:32:32 -0300] "GET /cormun/servlet/solicitudotadjuntos?7d49fbd346798f22bb49b0362ec62734e2f117daaef3b3d74932792977891ddf,gx-no-cache=1710156589538 HTTP/1.1" 200 30
181.212.42.153 - - [11/Mar/2024:08:32:32 -0300] "POST /cormun/servlet/solicitudotadjuntos?ce3640596f505706b3b12e3111578d26,INS,2024,20766,,1, HTTP/1.1" 200 116
181.212.42.153 - - [11/Mar/2024:08:32:32 -0300] "GET /cormun/servlet/hpexe_return? HTTP/1.1" 200 1021
181.212.40.185 - - [11/Mar/2024:08:32:32 -0300] "GET /cormun/servlet/solicitudot?da0af53ec59ea73ec3119d563309bb997d854db6816724e71a51bde850b4a5b8ddb19e73a1bca8f5f9ec115d972b097f,gx-no-cache=1710156594357 HTTP/1.1" 200 30
181.212.42.153 - - [11/Mar/2024:08:32:32 -0300] "GET /cormun/servlet/trsolicitudadjuntos?2024,20766, HTTP/1.1" 200 10045
181.212.42.153 - - [11/Mar/2024:08:32:34 -0300] "GET /cormun/servlet/solicitudotadjuntos?INS,2024,20766,,1, HTTP/1.1" 200 6014
181.212.42.153 - - [11/Mar/2024:08:32:35 -0300] "GET /cormun/static/about:blank HTTP/1.1" 404 1011
181.212.42.153 - - [11/Mar/2024:08:32:36 -0300] "GET /cormun/servlet/solicitudotadjuntos?7d49fbd346798f22bb49b0362ec627348845fefd2646a1100455672131dc22a884e4113ee392a2a2a5774c8b3805d6e8,gx-no-cache=1710156593090 HTTP/1.1" 200 30
181.212.42.153 - - [11/Mar/2024:08:32:36 -0300] "POST /cormun/servlet/solicitudotadjuntos?ce3640596f505706b3b12e3111578d26,INS,2024,20766,,1,,gx-no-cache=1710156593102 HTTP/1.1" 200 3894
181.212.42.153 - - [11/Mar/2024:08:32:38 -0300] "POST /cormun/servlet/solicitudotadjuntos?gx-no-cache=1710156595241 HTTP/1.1" 200 26
181.212.42.153 - - [11/Mar/2024:08:32:46 -0300] "GET /cormun/servlet/solicitudotadjuntos?7d49fbd346798f22bb49b0362ec62734e2f117daaef3b3d74932792977891ddf,gx-no-cache=1710156603245 HTTP/1.1" 200 30
181.212.42.153 - - [11/Mar/2024:08:32:46 -0300] "GET /cormun/servlet/solicitudotadjuntos?7d49fbd346798f22bb49b0362ec62734e2f117daaef3b3d74932792977891ddf,gx-no-cache=1710156603254 HTTP/1.1" 200 30
181.212.42.153 - - [11/Mar/2024:08:32:46 -0300] "POST /cormun/servlet/solicitudotadjuntos?ce3640596f505706b3b12e3111578d26,INS,2024,20766,,1, HTTP/1.1" 200 116
181.212.42.153 - - [11/Mar/2024:08:32:46 -0300] "GET /cormun/servlet/hpexe_return? HTTP/1.1" 200 1021
181.212.42.153 - - [11/Mar/2024:08:32:46 -0300] "GET /cormun/servlet/trsolicitudadjuntos?2024,20766, HTTP/1.1" 200 10222
181.212.42.153 - - [11/Mar/2024:08:32:48 -0300] "GET /cormun/servlet/trsolicitudot? HTTP/1.1" 200 8459
190.171.152.114 - - [11/Mar/2024:08:32:49 -0300] "GET /cormun/servlet/hlogin HTTP/1.1" 200 1718
190.171.152.114 - - [11/Mar/2024:08:32:49 -0300] "GET /cormun/servlet/hlogin HTTP/1.1" 200 1729
181.212.42.153 - - [11/Mar/2024:08:32:50 -0300] "POST /cormun/servlet/trsolicitudot?ce3640596f505706b3b12e3111578d26,,gx-no-cache=1710156607487 HTTP/1.1" 200 4301
181.212.42.153 - - [11/Mar/2024:08:32:50 -0300] "GET /cormun/static/Shared/jqueryui/images/ui-icons_82798d_256x240.png HTTP/1.1" 404 1089
181.212.42.153 - - [11/Mar/2024:08:32:50 -0300] "GET /cormun/static/Shared/jqueryui/images/ui-bg_highlight-soft_100_c6c2c8_1x100.png HTTP/1.1" 404 1117
181.212.42.153 - - [11/Mar/2024:08:32:50 -0300] "GET /cormun/static/Shared/jqueryui/images/ui-icons_8d78a5_256x240.png HTTP/1.1" 404 1089
181.212.42.153 - - [11/Mar/2024:08:32:50 -0300] "GET /cormun/static/Shared/jqueryui/images/ui-bg_flat_55_fafafa_40x100.png HTTP/1.1" 404 1097
181.212.42.153 - - [11/Mar/2024:08:32:50 -0300] "POST /cormun/servlet/trsolicitudot?ce3640596f505706b3b12e3111578d26,,gx-no-cache=1710156607596 HTTP/1.1" 200 4076
181.212.42.153 - - [11/Mar/2024:08:32:53 -0300] "GET /cormun/servlet/trfichaempleadohoras? HTTP/1.1" 500 10
181.212.42.153 - - [11/Mar/2024:08:32:55 -0300] "GET /cormun/servlet/trsolicitudot? HTTP/1.1" 200 7017
181.212.42.153 - - [11/Mar/2024:08:32:57 -0300] "GET /cormun/servlet/hlogin HTTP/1.1" 200 1735
181.212.42.153 - - [11/Mar/2024:08:33:06 -0300] "POST /cormun/servlet/hlogin?ce3640596f505706b3b12e3111578d26,gx-no-cache=1710156623001 HTTP/1.1" 200 90
181.212.42.153 - - [11/Mar/2024:08:33:06 -0300] "GET /cormun/servlet/hpexe_link HTTP/1.1" 200 946
181.212.42.153 - - [11/Mar/2024:08:33:06 -0300] "GET /cormun/servlet/hhome HTTP/1.1" 200 4335
181.212.42.153 - - [11/Mar/2024:08:33:17 -0300] "GET /cormun/servlet/trautorizarsolicitud? HTTP/1.1" 200 8841
181.212.42.153 - - [11/Mar/2024:08:33:22 -0300] "POST /cormun/servlet/trautorizarsolicitud?ce3640596f505706b3b12e3111578d26,,gx-no-cache=1710156639503 HTTP/1.1" 200 4756
181.212.42.153 - - [11/Mar/2024:08:33:22 -0300] "GET /cormun/static/Shared/jqueryui/images/ui-icons_82798d_256x240.png HTTP/1.1" 404 1089
181.212.42.153 - - [11/Mar/2024:08:33:22 -0300] "GET /cormun/static/Shared/jqueryui/images/ui-bg_highlight-soft_100_c6c2c8_1x100.png HTTP/1.1" 404 1117
181.212.42.153 - - [11/Mar/2024:08:33:22 -0300] "GET /cormun/static/Shared/jqueryui/images/ui-icons_8d78a5_256x240.png HTTP/1.1" 404 1089
181.212.42.153 - - [11/Mar/2024:08:33:22 -0300] "GET /cormun/static/Shared/jqueryui/images/ui-bg_flat_55_fafafa_40x100.png HTTP/1.1" 404 1097
181.212.42.153 - - [11/Mar/2024:08:33:22 -0300] "POST /cormun/servlet/trautorizarsolicitud?ce3640596f505706b3b12e3111578d26,,gx-no-cache=1710156639639 HTTP/1.1" 200 4526
181.212.40.185 - - [11/Mar/2024:08:33:31 -0300] "GET /cormun/servlet/solicitudot?da0af53ec59ea73ec3119d563309bb992ba54160eff2b72eec65ddfa2dc0553ebd5aaa711345889f62c85c9fd0d3b69b605bd41b98fad0a1e13a77113547622d,gx-no-cache=1710156653055 HTTP/1.1" 200 30
13.234.226.222 - - [11/Mar/2024:08:33:34 -0300] "GET /tmui/login.jsp/..;/tmui/locallb/workspace/fileRead.jsp?fileName=/etc/passwd HTTP/1.1" 404 1069
13.234.226.222 - - [11/Mar/2024:08:33:35 -0300] "GET /tmui/login.jsp/..;/tmui/locallb/workspace/fileRead.jsp?fileName=/etc/f5-release HTTP/1.1" 404 1069
181.212.40.185 - - [11/Mar/2024:08:33:35 -0300] "GET /cormun/servlet/solicitudot?da0af53ec59ea73ec3119d563309bb992fd3fb6c1822261c4936a9ee0adefaf0,gx-no-cache=1710156657030 HTTP/1.1" 200 51
13.234.226.222 - - [11/Mar/2024:08:33:35 -0300] "GET /tmui/login.jsp/..;/tmui/locallb/workspace/fileRead.jsp?fileName=/config/bigip.license HTTP/1.1" 404 1069
13.234.226.222 - - [11/Mar/2024:08:33:36 -0300] "GET /hsqldb%0a HTTP/1.1" 404 979
13.234.226.222 - - [11/Mar/2024:08:33:37 -0300] "POST /tmui/locallb/workspace/tmshCmd.jsp HTTP/1.1" 404 1029
13.234.226.222 - - [11/Mar/2024:08:33:37 -0300] "POST /tmui/locallb/workspace/fileSave.jsp HTTP/1.1" 404 1031
13.234.226.222 - - [11/Mar/2024:08:33:38 -0300] "POST /tmui/locallb/workspace/tmshCmd.jsp HTTP/1.1" 404 1029
13.234.226.222 - - [11/Mar/2024:08:33:39 -0300] "POST /tmui/locallb/workspace/tmshCmd.jsp HTTP/1.1" 404 1029
181.212.40.185 - - [11/Mar/2024:08:33:54 -0300] "POST /cormun/servlet/solicitudot?gx-no-cache=1710156675929 HTTP/1.1" 200 256
181.212.40.185 - - [11/Mar/2024:08:33:55 -0300] "POST /cormun/servlet/solicitudot?gx-no-cache=1710156677153 HTTP/1.1" 200 256
181.212.40.185 - - [11/Mar/2024:08:33:56 -0300] "GET /cormun/servlet/solicitudot?da0af53ec59ea73ec3119d563309bb995acc061132c7f2a999935a996cac39cd549c584e1b5977987c19a17ebc18556ae99b1d98041da2ccad8a5b18436e10737dc3698be5602817cda362d97df0d23ab8229ba38b6641f20ab5d625058dad7f4a8dfa3b5118078f500c5980d9aa4ee0d4312244381ffe5f79039761aba75868760a09c28c03bbedcd0811a3843946a6961642cf3fbdeb84577f1cbc4f313643af858cd995dcb79b069e248710cef42789461aec35db72aa7c53053b53f371cc94e080cbd2814472ddba1badfc3d2a2eadf8d522328607e4fc3959c5421fc82a4e1e4cb51c39c6d2bc342c43d4379baa0a684b92c6603505177478119c0988e83fdc4cbb95dd2bef46e03008a4f088ed186da7bda4a21e8d79c53af910af615fb7859ee02fcb1fe135a7303fa58e8b1cb6f3a2c24a8a3113e51e7586c23cba315999f937f97161bbb1176c1d4ebe6e3b2f6f3724862dc6ea66af87e5348ee74dda0b0ac81b87f83d118a59042147659fa138f7901564eaa3fecdc6657802c0de,gx-no-cache=1710156678338 HTTP/1.1" 200 30
181.212.40.185 - - [11/Mar/2024:08:33:59 -0300] "POST /cormun/servlet/solicitudot?gx-no-cache=1710156681129 HTTP/1.1" 200 30
181.212.40.185 - - [11/Mar/2024:08:34:03 -0300] "POST /cormun/servlet/solicitudot?gx-no-cache=1710156684551 HTTP/1.1" 200 1468
181.212.40.185 - - [11/Mar/2024:08:34:03 -0300] "POST /cormun/servlet/solicitudot?gx-no-cache=1710156684577 HTTP/1.1" 200 38
181.212.40.185 - - [11/Mar/2024:08:34:15 -0300] "GET /cormun/servlet/solicitudot?da0af53ec59ea73ec3119d563309bb9952118cbe54d65816fe8c3ab2e67ef28499a618bceeb128b9ae956cbdaad9c628483c3b5d40a7590062694492b2ef0f1d81dc28708df747fa2b7d9359f9de0b8841f994e438d3693506dec68456c52138dd212972e76368452709dc1ca11ed78b,gx-no-cache=1710156697218 HTTP/1.1" 200 110
181.212.40.185 - - [11/Mar/2024:08:34:29 -0300] "POST /cormun/servlet/solicitudot?gx-no-cache=1710156710426 HTTP/1.1" 200 97
181.212.40.185 - - [11/Mar/2024:08:34:33 -0300] "GET /cormun/servlet/solicitudot?da0af53ec59ea73ec3119d563309bb99f6ab21454f7ed1f88c8ad06f4e09544b579e87318c7347d374c9d2586e41f8d0aa9674a48a4786baeb493bc190dbbc987e0cb0649d6f23b94bc3506ec46b1bea952b0d2d94df36a9f81ebe67668e1a10aa001c223cbe8a6e293955e81408e033,gx-no-cache=1710156715073 HTTP/1.1" 200 29
181.212.40.185 - - [11/Mar/2024:08:34:37 -0300] "GET /cormun/servlet/solicitudot?da0af53ec59ea73ec3119d563309bb99751b1ffbf8f6f20c50fdb60c9e695d1b9d99c10f449a9cd6c871d5f89b2eda40,gx-no-cache=1710156718992 HTTP/1.1" 200 30
181.212.40.185 - - [11/Mar/2024:08:34:41 -0300] "POST /cormun/servlet/solicitudot?gx-no-cache=1710156722722 HTTP/1.1" 200 30
181.212.40.185 - - [11/Mar/2024:08:34:49 -0300] "POST /cormun/servlet/solicitudot?2e8a22bab9ae8931c1e386c6be495cd1,INS,0,0,false,,gx-no-cache=1710156731067 HTTP/1.1" 200 93
181.212.40.185 - - [11/Mar/2024:08:34:49 -0300] "GET /cormun/servlet/hpexe_return? HTTP/1.1" 200 1010
190.171.141.106 - - [11/Mar/2024:08:34:50 -0300] "GET /cormun/servlet/solicitudot?d46fd4f7d33ae1f0fad061f4afba67710d6b1fc806a55f93e2a5cc4930b512ac350b8c5b2e0bc11f8a73020f0465aa9bbe0351c6f980c5bd736365c2fd02d17d,gx-no-cache=1710156728549 HTTP/1.1" 200 30
181.212.40.185 - - [11/Mar/2024:08:34:50 -0300] "GET /cormun/servlet/trsolicitudot HTTP/1.1" 200 9603
190.171.141.106 - - [11/Mar/2024:08:34:53 -0300] "GET /cormun/servlet/solicitudot?d46fd4f7d33ae1f0fad061f4afba67711ad6074fca23b6ea15e4fea38a3542ca,gx-no-cache=1710156731591 HTTP/1.1" 200 53
181.212.40.185 - - [11/Mar/2024:08:35:06 -0300] "POST /cormun/servlet/trsolicitudot?2e8a22bab9ae8931c1e386c6be495cd1,gx-no-cache=1710156747701 HTTP/1.1" 200 107
181.212.40.185 - - [11/Mar/2024:08:35:06 -0300] "GET /cormun/servlet/trsolicitudadjuntos?2024,20767, HTTP/1.1" 200 6321
181.212.40.185 - - [11/Mar/2024:08:35:08 -0300] "GET /cormun/servlet/solicitudotadjuntos?INS,2024,20767,,1, HTTP/1.1" 200 6266
181.212.40.185 - - [11/Mar/2024:08:35:08 -0300] "GET /cormun/static/about:blank HTTP/1.1" 404 1011
181.212.40.185 - - [11/Mar/2024:08:35:08 -0300] "GET /cormun/servlet/solicitudotadjuntos?da0af53ec59ea73ec3119d563309bb9981f6e255eb53b95855480b2fdd5b17b1a3aae516ef8d6124a8114bf3fb0ab484,gx-no-cache=1710156750309 HTTP/1.1" 200 30
181.212.40.185 - - [11/Mar/2024:08:35:09 -0300] "POST /cormun/servlet/solicitudotadjuntos?2e8a22bab9ae8931c1e386c6be495cd1,INS,2024,20767,,1,,gx-no-cache=1710156750416 HTTP/1.1" 200 4194
181.212.40.185 - - [11/Mar/2024:08:35:10 -0300] "POST /cormun/servlet/solicitudotadjuntos?gx-no-cache=1710156751884 HTTP/1.1" 200 26
190.171.141.106 - - [11/Mar/2024:08:35:18 -0300] "POST /cormun/servlet/solicitudot?gx-no-cache=1710156757264 HTTP/1.1" 200 255
190.171.141.106 - - [11/Mar/2024:08:35:22 -0300] "GET /cormun/servlet/solicitudot?d46fd4f7d33ae1f0fad061f4afba67711ca14f31426635edec6499e16ccff622168b01f84bcfe23393c89c3aa21cc41923458f677e11c77749a14d88af236760cbbcbb877acfcc2792fc7ee820d24fa4091741efd764df9b3e25bb87eaf445741b2d72c1eae0038c6fd1b871b2cd5dbf0ac70059754d995c37ea44bc9ffc050c0b677b2cc9f72e7007011a19201207b88d6e7303cb3470af1e7c702888035a9ceb5da88137480d966194d811861a6d82106795fe7dd9151304e0781d2dcfa999860132d781d2ca8cdfc93270325c8b1c41694e8d1d9ef809f8a01925a5a425fe714fd1e62bcf3db26ee132cbc830e040f356c5c80c5c703a2bab1140f58936ceb8ad5a4f6ceab7722c9b3451cf3a41e3c31f3d76c6e29309e393af7a2c2017ca07148611a04458714e5aba97b1da6a9807ca399b1b869e27bee209559ad8d5e329f22758d33ecacdba758e9f0631f85bcb352f8c2a095f0a8a07913c0cd73b1cd11577cf05cbed68131aa0d59c3745c38af2dcfbc2a809ab00356d17f21ddbcd,gx-no-cache=1710156760794 HTTP/1.1" 200 30
190.171.141.106 - - [11/Mar/2024:08:35:26 -0300] "POST /cormun/servlet/solicitudot?gx-no-cache=1710156765121 HTTP/1.1" 200 30
190.171.141.106 - - [11/Mar/2024:08:35:29 -0300] "POST /cormun/servlet/solicitudot?gx-no-cache=1710156767565 HTTP/1.1" 200 1468
190.171.141.106 - - [11/Mar/2024:08:35:29 -0300] "POST /cormun/servlet/solicitudot?gx-no-cache=1710156767609 HTTP/1.1" 200 38
190.171.141.106 - - [11/Mar/2024:08:36:21 -0300] "GET /cormun/servlet/solicitudot?d46fd4f7d33ae1f0fad061f4afba6771049ea695352f0fd7a6affd30173fe534787878c56e159ccf88b0d46be234e88382ee1a84c2c198f6b515652166e15e993537249298dd49fbebbcea3666870503a1aaafb42535c310b0e7cd42c282ff1ddb99d72eea96b5a92f7b6191d2440bc7,gx-no-cache=1710156820237 HTTP/1.1" 200 110
190.171.141.106 - - [11/Mar/2024:08:36:21 -0300] "POST /cormun/servlet/solicitudot?gx-no-cache=1710156820275 HTTP/1.1" 200 110
190.171.141.106 - - [11/Mar/2024:08:36:32 -0300] "GET /cormun/servlet/solicitudot?d46fd4f7d33ae1f0fad061f4afba67715c675cfd716a1377d089afdc16a849466347e8af7d1e5f9981b5d581587d94c5d035294807ab14321cc55a5b32dd56b5c6bf8cb1ae892d5324b930edf647b6b189122bf51d2ac6d4783ce960008deb3fd00b9b361f4c48062d67325bf5836574,gx-no-cache=1710156831301 HTTP/1.1" 200 29
13.234.226.222 - - [11/Mar/2024:08:36:37 -0300] "GET /wp-content/plugins/fancy-product-designer/inc/custom-image-handler.php HTTP/1.1" 404 1101
190.171.141.106 - - [11/Mar/2024:08:36:45 -0300] "GET /cormun/servlet/solicitudot?d46fd4f7d33ae1f0fad061f4afba6771458518bb2e82af328dd71b93589def389d89bb9ae8346234e09dc264c504b4bd,gx-no-cache=1710156843654 HTTP/1.1" 200 30
190.171.141.106 - - [11/Mar/2024:08:36:52 -0300] "POST /cormun/servlet/solicitudot?gx-no-cache=1710156851337 HTTP/1.1" 200 30
181.212.40.185 - - [11/Mar/2024:08:37:09 -0300] "GET /cormun/servlet/solicitudotadjuntos?da0af53ec59ea73ec3119d563309bb99da87542ab984d6fa925b66ea5e96e6b8,gx-no-cache=1710156871041 HTTP/1.1" 200 30
181.212.40.185 - - [11/Mar/2024:08:37:09 -0300] "GET /cormun/servlet/solicitudotadjuntos?da0af53ec59ea73ec3119d563309bb99da87542ab984d6fa925b66ea5e96e6b8,gx-no-cache=1710156871058 HTTP/1.1" 200 30
181.212.40.185 - - [11/Mar/2024:08:37:09 -0300] "POST /cormun/servlet/solicitudotadjuntos?2e8a22bab9ae8931c1e386c6be495cd1,INS,2024,20767,,1, HTTP/1.1" 200 116
181.212.40.185 - - [11/Mar/2024:08:37:09 -0300] "GET /cormun/servlet/hpexe_return? HTTP/1.1" 200 1027
