190.171.143.90 - - [08/Mar/2024:11:37:54 -0300] "GET /cormun/servlet/trautorizarsolicitud? HTTP/1.1" 200 7448
190.171.143.90 - - [08/Mar/2024:11:37:58 -0300] "GET /cormun/servlet/trautorizarsolicitud? HTTP/1.1" 200 7448
190.171.143.90 - - [08/Mar/2024:11:38:04 -0300] "POST /cormun/servlet/trautorizarsolicitud?257f788e04123656e7c69d04202afbef,,gx-no-cache=1709908523840 HTTP/1.1" 200 4565
190.171.141.106 - - [08/Mar/2024:11:38:12 -0300] "POST /cormun/servlet/hlogin?93eaf156b2f942c16a23f3486b8d1e52,gx-no-cache=1709908537240 HTTP/1.1" 200 455
190.171.143.90 - - [08/Mar/2024:11:38:14 -0300] "GET /cormun/servlet/trvisualizadoreventos? HTTP/1.1" 200 7103
190.171.143.90 - - [08/Mar/2024:11:38:14 -0300] "GET /cormun/static/gxcfg.js?202211298474834 HTTP/1.1" 200 953
190.171.143.90 - - [08/Mar/2024:11:38:14 -0300] "GET /cormun/static/Resources/PXToolsActionPrint.png HTTP/1.1" 200 404
190.171.143.90 - - [08/Mar/2024:11:38:14 -0300] "GET /cormun/static/trvisualizadoreventos.js?202211298474971 HTTP/1.1" 200 19318
190.171.143.90 - - [08/Mar/2024:11:38:19 -0300] "GET /cormun/servlet/trsolicitudot? HTTP/1.1" 200 8958
190.171.149.74 - - [08/Mar/2024:11:38:23 -0300] "GET /cormun/servlet/trlicencias? HTTP/1.1" 200 6055
190.171.149.74 - - [08/Mar/2024:11:38:23 -0300] "GET /cormun/servlet/hlogin HTTP/1.1" 200 1740
190.171.141.106 - - [08/Mar/2024:11:38:30 -0300] "POST /cormun/servlet/hlogin?93eaf156b2f942c16a23f3486b8d1e52,gx-no-cache=1709908555180 HTTP/1.1" 200 455
190.171.143.90 - - [08/Mar/2024:11:38:36 -0300] "POST /cormun/servlet/trsolicitudot?257f788e04123656e7c69d04202afbef,,gx-no-cache=1709908556400 HTTP/1.1" 200 6057
190.171.143.90 - - [08/Mar/2024:11:38:42 -0300] "GET /cormun/servlet/trautorizarsolicitud? HTTP/1.1" 200 7448
190.171.143.90 - - [08/Mar/2024:11:38:45 -0300] "GET /cormun/servlet/trsolicitudot? HTTP/1.1" 200 8958
190.171.141.106 - - [08/Mar/2024:11:38:48 -0300] "POST /cormun/servlet/hlogin?93eaf156b2f942c16a23f3486b8d1e52,gx-no-cache=1709908573671 HTTP/1.1" 200 455
190.171.143.90 - - [08/Mar/2024:11:38:50 -0300] "GET /cormun/servlet/solicitudot?INS,0,0,false, HTTP/1.1" 200 16295
190.171.143.90 - - [08/Mar/2024:11:38:54 -0300] "GET /cormun/servlet/trsolicitudot? HTTP/1.1" 200 8958
190.171.143.90 - - [08/Mar/2024:11:38:59 -0300] "GET /cormun/servlet/trautorizarsolicitud? HTTP/1.1" 200 7448
190.171.143.90 - - [08/Mar/2024:11:39:03 -0300] "GET /cormun/servlet/trvisualizadoreventos? HTTP/1.1" 200 7103
190.171.141.106 - - [08/Mar/2024:11:39:09 -0300] "POST /cormun/servlet/hlogin?93eaf156b2f942c16a23f3486b8d1e52,gx-no-cache=1709908594153 HTTP/1.1" 200 90
190.171.141.106 - - [08/Mar/2024:11:39:09 -0300] "GET /cormun/servlet/hpexe_link HTTP/1.1" 200 959
190.171.141.106 - - [08/Mar/2024:11:39:10 -0300] "GET /cormun/servlet/trautorizarsolicitud HTTP/1.1" 200 8650
190.171.141.106 - - [08/Mar/2024:11:39:19 -0300] "POST /cormun/servlet/trautorizarsolicitud?93eaf156b2f942c16a23f3486b8d1e52,gx-no-cache=1709908604078 HTTP/1.1" 200 4529
190.171.141.106 - - [08/Mar/2024:11:39:19 -0300] "GET /cormun/static/Shared/jqueryui/images/ui-bg_highlight-soft_100_c6c2c8_1x100.png HTTP/1.1" 404 1117
190.171.141.106 - - [08/Mar/2024:11:39:19 -0300] "GET /cormun/static/Shared/jqueryui/images/ui-icons_82798d_256x240.png HTTP/1.1" 404 1089
190.171.141.106 - - [08/Mar/2024:11:39:19 -0300] "POST /cormun/servlet/trautorizarsolicitud?93eaf156b2f942c16a23f3486b8d1e52,gx-no-cache=1709908604775 HTTP/1.1" 200 4273
190.171.141.106 - - [08/Mar/2024:11:39:19 -0300] "GET /cormun/static/Shared/jqueryui/images/ui-icons_8d78a5_256x240.png HTTP/1.1" 404 1089
190.171.141.106 - - [08/Mar/2024:11:39:19 -0300] "GET /cormun/static/Shared/jqueryui/images/ui-bg_flat_55_fafafa_40x100.png HTTP/1.1" 404 1097
190.171.143.90 - - [08/Mar/2024:11:39:28 -0300] "GET /cormun/servlet/trsolicitudot? HTTP/1.1" 200 8958
190.171.143.90 - - [08/Mar/2024:11:39:49 -0300] "GET /cormun/servlet/trautorizarsolicitud? HTTP/1.1" 200 7448
190.171.143.90 - - [08/Mar/2024:11:39:55 -0300] "GET /cormun/servlet/trvisualizadoreventos? HTTP/1.1" 200 7103
190.171.143.90 - - [08/Mar/2024:11:40:05 -0300] "GET /cormun/servlet/trvisualizadoreventos? HTTP/1.1" 200 7103
190.171.143.90 - - [08/Mar/2024:11:40:39 -0300] "GET /cormun/servlet/hlogin HTTP/1.1" 200 1726
190.171.143.90 - - [08/Mar/2024:11:40:48 -0300] "POST /cormun/servlet/hlogin?257f788e04123656e7c69d04202afbef,gx-no-cache=1709908688054 HTTP/1.1" 200 90
190.171.143.90 - - [08/Mar/2024:11:40:48 -0300] "GET /cormun/servlet/hpexe_link HTTP/1.1" 200 966
190.171.143.90 - - [08/Mar/2024:11:40:48 -0300] "GET /cormun/servlet/trvisualizadoreventos HTTP/1.1" 200 7104
190.171.143.90 - - [08/Mar/2024:11:40:52 -0300] "GET /cormun/servlet/trsolicitudot? HTTP/1.1" 200 8958
190.171.143.90 - - [08/Mar/2024:11:41:09 -0300] "POST /cormun/servlet/trsolicitudot?257f788e04123656e7c69d04202afbef,,gx-no-cache=1709908709447 HTTP/1.1" 200 103
190.171.143.90 - - [08/Mar/2024:11:41:10 -0300] "POST /cormun/servlet/trsolicitudot?257f788e04123656e7c69d04202afbef,,gx-no-cache=1709908709615 HTTP/1.1" 200 6034
190.171.143.90 - - [08/Mar/2024:11:41:10 -0300] "GET /cormun/SolicitudOT-2555.xls HTTP/1.1" 200 5632
190.171.143.90 - - [08/Mar/2024:11:41:14 -0300] "GET /cormun/servlet/solicitudot?INS,0,0,false, HTTP/1.1" 200 16296
190.171.143.90 - - [08/Mar/2024:11:41:18 -0300] "GET /cormun/servlet/trsolicitudot? HTTP/1.1" 200 8958
190.171.143.90 - - [08/Mar/2024:11:41:25 -0300] "POST /cormun/servlet/trsolicitudot?257f788e04123656e7c69d04202afbef,,gx-no-cache=1709908724790 HTTP/1.1" 200 6049
190.171.143.90 - - [08/Mar/2024:11:41:37 -0300] "GET /cormun/servlet/trsolicitudot? HTTP/1.1" 200 8957
190.171.143.90 - - [08/Mar/2024:11:41:47 -0300] "GET /cormun/servlet/trautorizarsolicitud? HTTP/1.1" 200 7448
190.171.143.90 - - [08/Mar/2024:11:41:52 -0300] "POST /cormun/servlet/trautorizarsolicitud?257f788e04123656e7c69d04202afbef,,gx-no-cache=1709908752192 HTTP/1.1" 200 110
190.171.143.90 - - [08/Mar/2024:11:41:52 -0300] "POST /cormun/servlet/trautorizarsolicitud?257f788e04123656e7c69d04202afbef,,gx-no-cache=1709908752296 HTTP/1.1" 200 4550
190.171.143.90 - - [08/Mar/2024:11:41:52 -0300] "GET /cormun/AutorizarSolicitud-3555.xls HTTP/1.1" 200 4608
190.171.143.90 - - [08/Mar/2024:11:42:02 -0300] "POST /cormun/servlet/trautorizarsolicitud?257f788e04123656e7c69d04202afbef,,gx-no-cache=1709908761909 HTTP/1.1" 200 4568
190.171.143.90 - - [08/Mar/2024:11:42:03 -0300] "POST /cormun/servlet/trautorizarsolicitud?257f788e04123656e7c69d04202afbef,,gx-no-cache=1709908763325 HTTP/1.1" 200 4568
190.171.143.90 - - [08/Mar/2024:11:42:21 -0300] "GET /cormun/static/menuarrow.gif HTTP/1.1" 404 1015
190.171.143.90 - - [08/Mar/2024:11:42:31 -0300] "POST /cormun/servlet/trautorizarsolicitud?257f788e04123656e7c69d04202afbef,,gx-no-cache=1709908791318 HTTP/1.1" 200 4564
190.171.143.90 - - [08/Mar/2024:11:42:37 -0300] "POST /cormun/servlet/trautorizarsolicitud?257f788e04123656e7c69d04202afbef,,gx-no-cache=1709908794917 HTTP/1.1" 200 110
190.171.143.90 - - [08/Mar/2024:11:42:37 -0300] "GET /cormun/AutorizarSolicitud-5457.xls HTTP/1.1" 200 4608
190.171.143.90 - - [08/Mar/2024:11:42:42 -0300] "POST /cormun/servlet/trautorizarsolicitud?257f788e04123656e7c69d04202afbef,,gx-no-cache=1709908801199 HTTP/1.1" 200 4562
190.171.143.90 - - [08/Mar/2024:11:42:44 -0300] "POST /cormun/servlet/trautorizarsolicitud?257f788e04123656e7c69d04202afbef,,gx-no-cache=1709908803847 HTTP/1.1" 200 4565
190.171.143.90 - - [08/Mar/2024:11:42:48 -0300] "GET /cormun/servlet/trsolicitudot? HTTP/1.1" 200 8958
190.171.143.90 - - [08/Mar/2024:11:43:19 -0300] "GET /cormun/servlet/trsolicitudot? HTTP/1.1" 200 8957
78.108.177.50 - - [08/Mar/2024:11:45:39 -0300] "GET / HTTP/1.0" 200 11197
190.171.143.82 - - [08/Mar/2024:11:55:02 -0300] "GET /cormun/servlet/trlicencias? HTTP/1.1" 200 6047
190.171.143.82 - - [08/Mar/2024:11:55:06 -0300] "GET /cormun/servlet/hlogin HTTP/1.1" 200 1728
190.171.143.82 - - [08/Mar/2024:11:55:15 -0300] "POST /cormun/servlet/hlogin?e73a954ebfcdd84141923cfaed346900,gx-no-cache=1709909554842 HTTP/1.1" 200 90
190.171.143.82 - - [08/Mar/2024:11:55:16 -0300] "GET /cormun/servlet/hpexe_link HTTP/1.1" 200 948
190.171.143.82 - - [08/Mar/2024:11:55:16 -0300] "GET /cormun/servlet/trlicencias HTTP/1.1" 200 8310
190.171.143.82 - - [08/Mar/2024:11:55:18 -0300] "GET /cormun/static/Shared/ext/resources/themes/images/default/tools/tool-sprites.gif HTTP/1.1" 200 5434
190.171.143.82 - - [08/Mar/2024:11:55:18 -0300] "GET /cormun/static/Shared/ext/resources/themes/images/default/panel/bg-headersPanel.png HTTP/1.1" 200 255
190.171.143.82 - - [08/Mar/2024:11:55:25 -0300] "GET /cormun/servlet/trpermisosgoce? HTTP/1.1" 200 8158
190.171.143.82 - - [08/Mar/2024:11:56:07 -0300] "GET /cormun/servlet/trpermisosadjuntos?21135149,20240307090124,P, HTTP/1.1" 200 6672
190.171.143.82 - - [08/Mar/2024:11:56:07 -0300] "GET /cormun/static/gxcfg.js?2020121641683 HTTP/1.1" 200 953
190.171.143.82 - - [08/Mar/2024:11:56:07 -0300] "GET /cormun/static/trpermisosadjuntos.js?2020121642996 HTTP/1.1" 200 20158
190.171.142.42 - - [08/Mar/2024:12:00:36 -0300] "GET /cormun/servlet/hlogin HTTP/1.1" 200 1723
190.171.142.42 - - [08/Mar/2024:12:00:36 -0300] "GET /cormun/servlet/hlogin HTTP/1.1" 200 1734
190.171.142.42 - - [08/Mar/2024:12:02:00 -0300] "POST /cormun/servlet/hlogin?27b04ae49d5b69e24c7e0959ab7a5a10,gx-no-cache=1709909959674 HTTP/1.1" 200 448
190.171.142.42 - - [08/Mar/2024:12:02:08 -0300] "POST /cormun/servlet/hlogin?27b04ae49d5b69e24c7e0959ab7a5a10,gx-no-cache=1709909967889 HTTP/1.1" 200 90
190.171.142.42 - - [08/Mar/2024:12:02:08 -0300] "GET /cormun/servlet/hpexe_link HTTP/1.1" 200 951
190.171.142.42 - - [08/Mar/2024:12:02:08 -0300] "GET /cormun/servlet/hhome HTTP/1.1" 200 4272
190.171.142.42 - - [08/Mar/2024:12:03:02 -0300] "GET /cormun/servlet/trdiat? HTTP/1.1" 200 7159
190.171.142.42 - - [08/Mar/2024:12:03:02 -0300] "GET /cormun/static/gxcfg.js?202211298501568 HTTP/1.1" 200 953
190.171.142.42 - - [08/Mar/2024:12:03:02 -0300] "GET /cormun/static/trdiat.js?202211298501790 HTTP/1.1" 200 35345
190.171.142.42 - - [08/Mar/2024:12:03:10 -0300] "POST /cormun/servlet/trdiat?27b04ae49d5b69e24c7e0959ab7a5a10,,gx-no-cache=1709910030185 HTTP/1.1" 200 90
190.171.142.42 - - [08/Mar/2024:12:03:11 -0300] "GET /cormun/servlet/hpexe_link HTTP/1.1" 200 959
190.171.141.106 - - [08/Mar/2024:12:08:50 -0300] "GET /cormun/servlet/trautorizarsolicitud? HTTP/1.1" 200 7192
190.171.141.106 - - [08/Mar/2024:12:08:51 -0300] "GET /cormun/servlet/trautorizarsolicitud? HTTP/1.1" 200 7192
190.171.141.106 - - [08/Mar/2024:12:09:00 -0300] "GET /cormun/servlet/trautorizarsolicitud? HTTP/1.1" 200 7192
190.171.141.106 - - [08/Mar/2024:12:09:03 -0300] "GET /cormun/servlet/trvisualizadoreventos? HTTP/1.1" 200 7024
190.171.141.106 - - [08/Mar/2024:12:09:03 -0300] "GET /cormun/static/gxcfg.js?202211298474834 HTTP/1.1" 200 953
190.171.141.106 - - [08/Mar/2024:12:09:03 -0300] "GET /cormun/static/Resources/PXToolsActionPrint.png HTTP/1.1" 200 404
190.171.141.106 - - [08/Mar/2024:12:09:04 -0300] "GET /cormun/static/trvisualizadoreventos.js?202211298474971 HTTP/1.1" 200 19318
190.171.141.106 - - [08/Mar/2024:12:09:14 -0300] "GET /cormun/servlet/trautorizarsolicitud? HTTP/1.1" 200 7192
190.171.141.106 - - [08/Mar/2024:12:09:18 -0300] "GET /cormun/servlet/trautorizarsolicitud? HTTP/1.1" 200 7192
190.171.141.106 - - [08/Mar/2024:12:09:21 -0300] "GET /cormun/servlet/trlicencias? HTTP/1.1" 200 10161
190.171.141.106 - - [08/Mar/2024:12:09:21 -0300] "GET /cormun/static/gxcfg.js?202211298463625 HTTP/1.1" 200 953
190.171.141.106 - - [08/Mar/2024:12:09:21 -0300] "GET /cormun/static/Resources/PXToolsAddAllAction.png HTTP/1.1" 200 495
190.171.141.106 - - [08/Mar/2024:12:09:21 -0300] "GET /cormun/static/trlicencias.js?202211298463889 HTTP/1.1" 200 41883
190.171.141.106 - - [08/Mar/2024:12:09:21 -0300] "GET /cormun//static/Resources/PXToolsGridDisplay.png HTTP/1.1" 200 525
190.171.141.106 - - [08/Mar/2024:12:09:21 -0300] "GET /cormun//static/Resources/PXToolsActionPrint.png HTTP/1.1" 200 404
190.171.141.106 - - [08/Mar/2024:12:09:21 -0300] "GET /cormun//static/Resources/PXToolsActionDisabled.gif HTTP/1.1" 200 53
190.171.141.106 - - [08/Mar/2024:12:09:21 -0300] "GET /cormun//static/Resources/PXToolsHeaderFavorites.png HTTP/1.1" 200 1414
190.171.141.106 - - [08/Mar/2024:12:09:21 -0300] "GET /cormun//static/Resources/PXToolsHeaderHelp.png HTTP/1.1" 200 1333
181.212.40.185 - - [08/Mar/2024:12:10:16 -0300] "POST /cormun/servlet/trlicencias?f24641a0f10882a0b0779a154225d9c9,,gx-no-cache=1709910456138 HTTP/1.1" 440 972
190.171.143.82 - - [08/Mar/2024:12:11:26 -0300] "GET /cormun/servlet/trpermisosgoce? HTTP/1.1" 200 8158
190.171.143.82 - - [08/Mar/2024:12:11:30 -0300] "GET /cormun/servlet/trpermisosadjuntos?21135149,20240307090124,P, HTTP/1.1" 200 6672
190.171.143.82 - - [08/Mar/2024:12:11:34 -0300] "GET /cormun/servlet/permisosadjuntos?INS,21135149,P,20240307090124,, HTTP/1.1" 200 6000
190.171.143.82 - - [08/Mar/2024:12:11:35 -0300] "GET /cormun/static/gxcfg.js?20201215134212 HTTP/1.1" 200 953
190.171.143.82 - - [08/Mar/2024:12:11:35 -0300] "GET /cormun/static/permisosadjuntos.js?20201215134285 HTTP/1.1" 200 8724
190.171.143.82 - - [08/Mar/2024:12:11:35 -0300] "GET /cormun/static/about:blank HTTP/1.1" 404 1011
190.171.143.82 - - [08/Mar/2024:12:11:54 -0300] "POST /cormun/servlet/permisosadjuntos?e73a954ebfcdd84141923cfaed346900,INS,21135149,P,20240307090124,, HTTP/1.1" 200 116
190.171.143.82 - - [08/Mar/2024:12:11:54 -0300] "GET /cormun/servlet/hpexe_return? HTTP/1.1" 200 1030
190.171.143.82 - - [08/Mar/2024:12:11:55 -0300] "GET /cormun/servlet/trpermisosadjuntos?21135149,20240307090124,P, HTTP/1.1" 200 7191
190.171.143.82 - - [08/Mar/2024:12:12:01 -0300] "POST /cormun/servlet/trpermisosadjuntos?e73a954ebfcdd84141923cfaed346900,21135149,20240307090124,P,,gx-no-cache=1709910560139 HTTP/1.1" 200 90
190.171.143.82 - - [08/Mar/2024:12:12:01 -0300] "GET /cormun/servlet/hpexe_link HTTP/1.1" 200 975
190.171.143.82 - - [08/Mar/2024:12:12:01 -0300] "GET /cormun/servlet/trpermisosgoce HTTP/1.1" 200 8160
190.171.143.82 - - [08/Mar/2024:12:12:13 -0300] "POST /cormun/servlet/trpermisosgoce?e73a954ebfcdd84141923cfaed346900,gx-no-cache=1709910572654 HTTP/1.1" 200 5332
190.171.143.82 - - [08/Mar/2024:12:12:14 -0300] "GET /cormun/static/Shared/jqueryui/images/ui-bg_highlight-soft_100_c6c2c8_1x100.png HTTP/1.1" 404 1117
190.171.143.82 - - [08/Mar/2024:12:12:14 -0300] "GET /cormun/static/Shared/jqueryui/images/ui-icons_82798d_256x240.png HTTP/1.1" 404 1089
190.171.143.82 - - [08/Mar/2024:12:12:14 -0300] "GET /cormun/static/Shared/jqueryui/images/ui-bg_flat_55_fafafa_40x100.png HTTP/1.1" 404 1097
190.171.143.82 - - [08/Mar/2024:12:12:14 -0300] "GET /cormun/static/Shared/jqueryui/images/ui-icons_8d78a5_256x240.png HTTP/1.1" 404 1089
181.212.40.185 - - [08/Mar/2024:12:12:19 -0300] "GET /cormun/servlet/trlicencias? HTTP/1.1" 200 6051
181.212.40.185 - - [08/Mar/2024:12:12:20 -0300] "GET /cormun/servlet/hlogin HTTP/1.1" 200 1740
181.212.40.185 - - [08/Mar/2024:12:12:20 -0300] "GET /favicon.ico HTTP/1.1" 200 21630
190.171.143.82 - - [08/Mar/2024:12:12:23 -0300] "GET /cormun/servlet/trautorizarpermisogoce? HTTP/1.1" 200 8037
190.171.143.82 - - [08/Mar/2024:12:12:23 -0300] "GET /cormun/static/gxcfg.js?2020121645532 HTTP/1.1" 200 953
190.171.143.82 - - [08/Mar/2024:12:12:23 -0300] "GET /cormun/static/trautorizarpermisogoce.js?2020121651492 HTTP/1.1" 200 34948
190.171.143.82 - - [08/Mar/2024:12:12:32 -0300] "POST /cormun/servlet/trautorizarpermisogoce?e73a954ebfcdd84141923cfaed346900,,gx-no-cache=1709910590968 HTTP/1.1" 200 4522
181.212.40.185 - - [08/Mar/2024:12:12:44 -0300] "POST /cormun/servlet/hlogin?c01463b0b21d02c2ff8f04e9f96c76a5,gx-no-cache=1709910604108 HTTP/1.1" 200 90
181.212.40.185 - - [08/Mar/2024:12:12:44 -0300] "GET /cormun/servlet/hpexe_link HTTP/1.1" 200 958
181.212.40.185 - - [08/Mar/2024:12:12:45 -0300] "GET /cormun/servlet/trlicencias HTTP/1.1" 200 12214
181.212.40.185 - - [08/Mar/2024:12:16:30 -0300] "GET /cormun/servlet/trsolicitudot? HTTP/1.1" 200 7429
190.171.142.42 - - [08/Mar/2024:12:16:44 -0300] "GET /cormun/servlet/trfichaempleado? HTTP/1.1" 200 14746
181.212.40.185 - - [08/Mar/2024:12:16:52 -0300] "GET /cormun/servlet/trsolicitudot? HTTP/1.1" 200 7429
181.212.40.185 - - [08/Mar/2024:12:16:55 -0300] "GET /cormun/servlet/solicitudot?INS,0,0,false, HTTP/1.1" 200 16176
190.171.142.42 - - [08/Mar/2024:12:17:08 -0300] "GET /cormun/servlet/trfichaempleado HTTP/1.1" 200 14746
181.212.40.185 - - [08/Mar/2024:12:17:30 -0300] "POST /cormun/servlet/solicitudot?gx-no-cache=1709910889597 HTTP/1.1" 200 4022
181.212.40.185 - - [08/Mar/2024:12:17:30 -0300] "POST /cormun/servlet/solicitudot?c01463b0b21d02c2ff8f04e9f96c76a5,INS,0,0,false,,gx-no-cache=1709910889831 HTTP/1.1" 200 12869
181.212.40.185 - - [08/Mar/2024:12:17:31 -0300] "GET /cormun/servlet/solicitudot?c6b5ed06f0578deb7d030a289df569812d6c75a38809b63c73c586ba3551a81e9dbee1d67edb99fe12ebf1fbb6863d07,gx-no-cache=1709910891509 HTTP/1.1" 200 30
190.171.141.90 - - [08/Mar/2024:12:18:38 -0300] "GET /favicon.ico HTTP/1.1" 200 21630
190.171.141.90 - - [08/Mar/2024:12:18:43 -0300] "POST /cormun/servlet/trsolicitudot?274a081f6dd506bb3992472e8d44b7cc,gx-no-cache=1709910963417 HTTP/1.1" 440 972
190.171.143.90 - - [08/Mar/2024:12:18:48 -0300] "GET /cormun/servlet/hlogin HTTP/1.1" 200 1720
181.212.40.185 - - [08/Mar/2024:12:18:50 -0300] "GET /cormun/servlet/solicitudot?c6b5ed06f0578deb7d030a289df569814a2d4b3adbab58d7544cb665336f6eb10a0d589b7de2475d676333921eaa45c107e1b000bd3906f9ea5bd8a8226684e4,gx-no-cache=1709910970261 HTTP/1.1" 200 30
190.171.143.90 - - [08/Mar/2024:12:18:51 -0300] "POST /cormun/servlet/hlogin?d4a220ded3affce163f336a406d638b8,gx-no-cache=1709910973081 HTTP/1.1" 200 90
190.171.143.90 - - [08/Mar/2024:12:18:51 -0300] "GET /cormun/servlet/hpexe_link HTTP/1.1" 200 952
190.171.143.90 - - [08/Mar/2024:12:18:52 -0300] "GET /cormun/servlet/hhome HTTP/1.1" 200 4324
181.212.40.185 - - [08/Mar/2024:12:18:53 -0300] "GET /cormun/servlet/solicitudot?c6b5ed06f0578deb7d030a289df5698160e1ed6d6fcca18a7f0d4659f82871bd,gx-no-cache=1709910973220 HTTP/1.1" 200 51
190.171.143.90 - - [08/Mar/2024:12:18:56 -0300] "GET /cormun/servlet/trsolicitudot? HTTP/1.1" 200 10002
181.212.40.185 - - [08/Mar/2024:12:19:16 -0300] "POST /cormun/servlet/solicitudot?gx-no-cache=1709910996109 HTTP/1.1" 200 255
181.212.40.185 - - [08/Mar/2024:12:19:19 -0300] "GET /cormun/servlet/solicitudot?c6b5ed06f0578deb7d030a289df569818e674cc3ad4a54425eed09ae7320739be0323833bdbcd49d5bc0663b2673029d10766028ea16f65637a3f16667abfe5cd6d7006466d758a902503075141b5fc2f7d708ae24e2269e6adf325fe4f413338c0d9fe500ebded32af89c2857a52900eb46046bb9923ef523275117b3c2aa2605b46106853fac7c4f709e73046164a8ed67f442b28e008490cec0113b0a1354626d6831fb63aa803d7f5b011aac54eaf1f681d26d9fc731ba9fe4e34792fd17ea61a59d353049b4d1b219a6b607bbdacb752b6aae97b2c73e758e14cdd5760e25172d77d1c00b984191850a164f017327f005bb7ea75af2dea8b594c8e5871d758a03a042d6e8584fdf590ae7ae74688b44a62da9ce93606c4788c345f048aef120dd5b6571bbdd3d8c27f2242668371b721e33101e6a4dc6cc90f3ff9c6eead023412114e63e5169412182f1125470c408897e2e827df0cac22c39a21c32e86ed14a89e831327a7d3752f3f4d10d2e3a02409b5e0c3a08558929dcb243a9f9,gx-no-cache=1709910998571 HTTP/1.1" 200 30
181.212.40.185 - - [08/Mar/2024:12:19:21 -0300] "POST /cormun/servlet/solicitudot?gx-no-cache=1709911000907 HTTP/1.1" 200 30
181.212.40.185 - - [08/Mar/2024:12:19:28 -0300] "POST /cormun/servlet/solicitudot?gx-no-cache=1709911007657 HTTP/1.1" 200 1466
181.212.40.185 - - [08/Mar/2024:12:19:28 -0300] "POST /cormun/servlet/solicitudot?gx-no-cache=1709911007744 HTTP/1.1" 200 38
190.171.143.90 - - [08/Mar/2024:12:19:53 -0300] "POST /cormun/servlet/trsolicitudot?d4a220ded3affce163f336a406d638b8,,gx-no-cache=1709911034849 HTTP/1.1" 200 6826
190.171.143.90 - - [08/Mar/2024:12:19:53 -0300] "GET /cormun/static/Shared/jqueryui/images/ui-bg_highlight-soft_100_c6c2c8_1x100.png HTTP/1.1" 404 1117
190.171.143.90 - - [08/Mar/2024:12:19:54 -0300] "GET /cormun/static/Shared/jqueryui/images/ui-bg_flat_55_fafafa_40x100.png HTTP/1.1" 404 1097
190.171.143.90 - - [08/Mar/2024:12:19:54 -0300] "GET /cormun/static/Shared/jqueryui/images/ui-icons_82798d_256x240.png HTTP/1.1" 404 1089
190.171.143.90 - - [08/Mar/2024:12:19:54 -0300] "GET /cormun/static/Shared/jqueryui/images/ui-icons_8d78a5_256x240.png HTTP/1.1" 404 1089
190.171.143.90 - - [08/Mar/2024:12:19:54 -0300] "POST /cormun/servlet/trsolicitudot?d4a220ded3affce163f336a406d638b8,,gx-no-cache=1709911035233 HTTP/1.1" 200 6770
190.171.143.90 - - [08/Mar/2024:12:19:56 -0300] "POST /cormun/servlet/trsolicitudot?d4a220ded3affce163f336a406d638b8,,gx-no-cache=1709911037368 HTTP/1.1" 200 6385
190.171.143.90 - - [08/Mar/2024:12:19:56 -0300] "POST /cormun/servlet/trsolicitudot?d4a220ded3affce163f336a406d638b8,,gx-no-cache=1709911037534 HTTP/1.1" 200 6326
190.171.143.90 - - [08/Mar/2024:12:19:57 -0300] "POST /cormun/servlet/trsolicitudot?d4a220ded3affce163f336a406d638b8,,gx-no-cache=1709911038960 HTTP/1.1" 200 6091
190.171.143.90 - - [08/Mar/2024:12:19:58 -0300] "POST /cormun/servlet/trsolicitudot?d4a220ded3affce163f336a406d638b8,,gx-no-cache=1709911039191 HTTP/1.1" 200 6034
190.171.143.90 - - [08/Mar/2024:12:19:59 -0300] "POST /cormun/servlet/trsolicitudot?d4a220ded3affce163f336a406d638b8,,gx-no-cache=1709911040623 HTTP/1.1" 200 4866
190.171.143.90 - - [08/Mar/2024:12:19:59 -0300] "POST /cormun/servlet/trsolicitudot?d4a220ded3affce163f336a406d638b8,,gx-no-cache=1709911040755 HTTP/1.1" 200 4614
190.171.143.90 - - [08/Mar/2024:12:20:03 -0300] "GET /cormun/servlet/trsolicitudot? HTTP/1.1" 200 7541
181.212.40.185 - - [08/Mar/2024:12:20:05 -0300] "GET /cormun/servlet/solicitudot?c6b5ed06f0578deb7d030a289df569811e3babb677be7653552eec1cde57a98bb833914c2047468c38b4566218101c710d324c123165e54ffae2ddf09ddeda42899fdb84570353fa6c97455adf545a76a1b504083ad2c915c465b7c471db90a0eebebdb8fc8770be145d8397003e6b69,gx-no-cache=1709911044534 HTTP/1.1" 200 110
190.171.143.90 - - [08/Mar/2024:12:20:07 -0300] "GET /cormun/servlet/trautorizarsolicitud? HTTP/1.1" 200 9890
190.171.143.90 - - [08/Mar/2024:12:20:07 -0300] "GET /cormun/static/gxcfg.js?202211298474254 HTTP/1.1" 200 953
190.171.143.90 - - [08/Mar/2024:12:20:07 -0300] "GET /cormun/static/trautorizarsolicitud.js?202211298474588 HTTP/1.1" 200 53909
181.212.40.185 - - [08/Mar/2024:12:20:11 -0300] "POST /cormun/servlet/solicitudot?gx-no-cache=1709911050939 HTTP/1.1" 200 97
181.212.40.185 - - [08/Mar/2024:12:20:16 -0300] "GET /cormun/servlet/solicitudot?c6b5ed06f0578deb7d030a289df56981a7969fe154068f0d1d08b563f570a5439f69b95e509fa26a48ee68dd937895e7da6a014de476ee77ae3bf8279c277c826f94ebd1ab363287df4839ea4892346c9f4aa664aa123679c50fb11ca965c0ce62a430449eb8282ccfc64c9f7e31bb52,gx-no-cache=1709911056210 HTTP/1.1" 200 29
181.212.40.185 - - [08/Mar/2024:12:20:16 -0300] "GET /cormun/static/menuarrow.gif HTTP/1.1" 404 1015
190.171.143.90 - - [08/Mar/2024:12:20:17 -0300] "POST /cormun/servlet/trautorizarsolicitud?d4a220ded3affce163f336a406d638b8,,gx-no-cache=1709911058994 HTTP/1.1" 200 6751
190.171.143.90 - - [08/Mar/2024:12:20:17 -0300] "GET /cormun/static/Shared/jqueryui/images/ui-icons_82798d_256x240.png HTTP/1.1" 404 1089
190.171.143.90 - - [08/Mar/2024:12:20:17 -0300] "GET /cormun/static/Shared/jqueryui/images/ui-bg_highlight-soft_100_c6c2c8_1x100.png HTTP/1.1" 404 1117
190.171.143.90 - - [08/Mar/2024:12:20:17 -0300] "GET /cormun/static/Shared/jqueryui/images/ui-bg_flat_55_fafafa_40x100.png HTTP/1.1" 404 1097
190.171.143.90 - - [08/Mar/2024:12:20:17 -0300] "GET /cormun/static/Shared/jqueryui/images/ui-icons_8d78a5_256x240.png HTTP/1.1" 404 1089
190.171.143.90 - - [08/Mar/2024:12:20:18 -0300] "POST /cormun/servlet/trautorizarsolicitud?d4a220ded3affce163f336a406d638b8,,gx-no-cache=1709911059203 HTTP/1.1" 200 6696
190.171.143.90 - - [08/Mar/2024:12:20:19 -0300] "POST /cormun/servlet/trautorizarsolicitud?d4a220ded3affce163f336a406d638b8,,gx-no-cache=1709911060893 HTTP/1.1" 200 6310
190.171.143.90 - - [08/Mar/2024:12:20:19 -0300] "POST /cormun/servlet/trautorizarsolicitud?d4a220ded3affce163f336a406d638b8,,gx-no-cache=1709911061124 HTTP/1.1" 200 6253
181.212.40.185 - - [08/Mar/2024:12:20:20 -0300] "GET /cormun/servlet/solicitudot?c6b5ed06f0578deb7d030a289df5698178a93c3e05618e8d5dbf9b06b25ba1c69d707ceaef90d4a611e28ade1f1b3aa9,gx-no-cache=1709911060066 HTTP/1.1" 200 30
190.171.143.90 - - [08/Mar/2024:12:20:21 -0300] "POST /cormun/servlet/trautorizarsolicitud?d4a220ded3affce163f336a406d638b8,,gx-no-cache=1709911062599 HTTP/1.1" 200 6014
190.171.143.90 - - [08/Mar/2024:12:20:21 -0300] "POST /cormun/servlet/trautorizarsolicitud?d4a220ded3affce163f336a406d638b8,,gx-no-cache=1709911062794 HTTP/1.1" 200 5960
190.171.143.90 - - [08/Mar/2024:12:20:22 -0300] "POST /cormun/servlet/trautorizarsolicitud?d4a220ded3affce163f336a406d638b8,,gx-no-cache=1709911063741 HTTP/1.1" 200 4797
190.171.143.90 - - [08/Mar/2024:12:20:22 -0300] "POST /cormun/servlet/trautorizarsolicitud?d4a220ded3affce163f336a406d638b8,,gx-no-cache=1709911063924 HTTP/1.1" 200 4546
181.212.40.185 - - [08/Mar/2024:12:20:27 -0300] "POST /cormun/servlet/solicitudot?gx-no-cache=1709911066983 HTTP/1.1" 200 30
181.212.40.185 - - [08/Mar/2024:12:20:56 -0300] "POST /cormun/servlet/solicitudot?c01463b0b21d02c2ff8f04e9f96c76a5,INS,0,0,false,,gx-no-cache=1709911095885 HTTP/1.1" 200 93
181.212.40.185 - - [08/Mar/2024:12:20:56 -0300] "GET /cormun/servlet/hpexe_return? HTTP/1.1" 200 1012
181.212.40.185 - - [08/Mar/2024:12:20:57 -0300] "GET /cormun/servlet/trsolicitudot HTTP/1.1" 200 8854
181.212.40.185 - - [08/Mar/2024:12:21:11 -0300] "GET /cormun/servlet/solicitudot?INS,0,0,false, HTTP/1.1" 200 16179
181.212.40.185 - - [08/Mar/2024:12:21:45 -0300] "POST /cormun/servlet/solicitudot?gx-no-cache=1709911145258 HTTP/1.1" 200 4022
181.212.40.185 - - [08/Mar/2024:12:21:46 -0300] "POST /cormun/servlet/solicitudot?c01463b0b21d02c2ff8f04e9f96c76a5,INS,0,0,false,,gx-no-cache=1709911145540 HTTP/1.1" 200 12870
181.212.40.185 - - [08/Mar/2024:12:21:48 -0300] "GET /cormun/servlet/solicitudot?c6b5ed06f0578deb7d030a289df569812d6c75a38809b63c73c586ba3551a81e9dbee1d67edb99fe12ebf1fbb6863d07,gx-no-cache=1709911148261 HTTP/1.1" 200 30
181.212.40.185 - - [08/Mar/2024:12:22:48 -0300] "GET /cormun/servlet/solicitudot?c6b5ed06f0578deb7d030a289df569814a2d4b3adbab58d7544cb665336f6eb10a0d589b7de2475d676333921eaa45c107e1b000bd3906f9ea5bd8a8226684e4,gx-no-cache=1709911207734 HTTP/1.1" 200 30
181.212.40.185 - - [08/Mar/2024:12:22:50 -0300] "GET /cormun/servlet/solicitudot?c6b5ed06f0578deb7d030a289df5698160e1ed6d6fcca18a7f0d4659f82871bd,gx-no-cache=1709911209652 HTTP/1.1" 200 51
181.212.40.185 - - [08/Mar/2024:12:23:07 -0300] "POST /cormun/servlet/solicitudot?gx-no-cache=1709911227138 HTTP/1.1" 200 255
181.212.40.185 - - [08/Mar/2024:12:23:09 -0300] "GET /cormun/servlet/solicitudot?c6b5ed06f0578deb7d030a289df569818e674cc3ad4a54425eed09ae7320739be0323833bdbcd49d5bc0663b2673029d10766028ea16f65637a3f16667abfe5cd6d7006466d758a902503075141b5fc2f7d708ae24e2269e6adf325fe4f413338c0d9fe500ebded32af89c2857a52900eb46046bb9923ef523275117b3c2aa2605b46106853fac7c4f709e73046164a8ed67f442b28e008490cec0113b0a1354626d6831fb63aa803d7f5b011aac54eaf1f681d26d9fc731ba9fe4e34792fd17ea61a59d353049b4d1b219a6b607bbdacb752b6aae97b2c73e758e14cdd5760e25172d77d1c00b984191850a164f017327f005bb7ea75af2dea8b594c8e5871d758a03a042d6e8584fdf590ae7ae74688b44a62da9ce93606c4788c345f048aef120dd5b6571bbdd3d8c27f2242668371b721e33101e6a4dc6cc90f3ff9c6eead023412114e63e5169412182f1125470c408897e2e827df0cac22c39a21c32e86ed14a89e831327a7d3752f3f4d10d2e3a02409b5e0c3a08558929dcb243a9f9,gx-no-cache=1709911228763 HTTP/1.1" 200 30
181.212.40.185 - - [08/Mar/2024:12:23:10 -0300] "POST /cormun/servlet/solicitudot?gx-no-cache=1709911230266 HTTP/1.1" 200 30
181.212.40.185 - - [08/Mar/2024:12:23:11 -0300] "POST /cormun/servlet/solicitudot?gx-no-cache=1709911231174 HTTP/1.1" 200 1466
181.212.40.185 - - [08/Mar/2024:12:23:11 -0300] "POST /cormun/servlet/solicitudot?gx-no-cache=1709911231256 HTTP/1.1" 200 38
181.212.40.185 - - [08/Mar/2024:12:23:20 -0300] "GET /cormun/servlet/solicitudot?c6b5ed06f0578deb7d030a289df569811e3babb677be7653552eec1cde57a98bb833914c2047468c38b4566218101c710d324c123165e54ffae2ddf09ddeda42899fdb84570353fa6c97455adf545a76a1b504083ad2c915c465b7c471db90a0eebebdb8fc8770be145d8397003e6b69,gx-no-cache=1709911239579 HTTP/1.1" 200 110
181.212.40.185 - - [08/Mar/2024:12:23:28 -0300] "POST /cormun/servlet/solicitudot?gx-no-cache=1709911248443 HTTP/1.1" 200 72
181.212.40.185 - - [08/Mar/2024:12:24:00 -0300] "GET /cormun/servlet/solicitudot?c6b5ed06f0578deb7d030a289df56981a7969fe154068f0d1d08b563f570a5439f69b95e509fa26a48ee68dd937895e7da6a014de476ee77ae3bf8279c277c826f94ebd1ab363287df4839ea4892346c9f4aa664aa123679c50fb11ca965c0ce62a430449eb8282ccfc64c9f7e31bb52,gx-no-cache=1709911280394 HTTP/1.1" 200 29
181.212.40.185 - - [08/Mar/2024:12:24:07 -0300] "GET /cormun/servlet/solicitudot?c6b5ed06f0578deb7d030a289df5698178a93c3e05618e8d5dbf9b06b25ba1c69d707ceaef90d4a611e28ade1f1b3aa9,gx-no-cache=1709911287441 HTTP/1.1" 200 30
181.212.40.185 - - [08/Mar/2024:12:24:13 -0300] "POST /cormun/servlet/solicitudot?gx-no-cache=1709911293526 HTTP/1.1" 200 30
181.212.40.185 - - [08/Mar/2024:12:24:17 -0300] "POST /cormun/servlet/solicitudot?c01463b0b21d02c2ff8f04e9f96c76a5,INS,0,0,false,,gx-no-cache=1709911297157 HTTP/1.1" 200 93
181.212.40.185 - - [08/Mar/2024:12:24:17 -0300] "GET /cormun/servlet/hpexe_return? HTTP/1.1" 200 1012
181.212.40.185 - - [08/Mar/2024:12:24:17 -0300] "GET /cormun/servlet/trsolicitudot HTTP/1.1" 200 9155
190.171.141.106 - - [08/Mar/2024:12:24:51 -0300] "GET /cormun/servlet/trautorizarsolicitud? HTTP/1.1" 200 7191
190.171.141.106 - - [08/Mar/2024:12:24:55 -0300] "GET /cormun/servlet/trautorizarsolicitud? HTTP/1.1" 200 7192
181.212.40.185 - - [08/Mar/2024:12:25:07 -0300] "GET /cormun/servlet/solicitudot?INS,0,0,false, HTTP/1.1" 200 16178
181.212.40.185 - - [08/Mar/2024:12:25:17 -0300] "POST /cormun/servlet/solicitudot?gx-no-cache=1709911356908 HTTP/1.1" 200 4022
181.212.40.185 - - [08/Mar/2024:12:25:17 -0300] "POST /cormun/servlet/solicitudot?c01463b0b21d02c2ff8f04e9f96c76a5,INS,0,0,false,,gx-no-cache=1709911357126 HTTP/1.1" 200 12869
181.212.40.185 - - [08/Mar/2024:12:25:19 -0300] "GET /cormun/servlet/solicitudot?c6b5ed06f0578deb7d030a289df569812d6c75a38809b63c73c586ba3551a81e9dbee1d67edb99fe12ebf1fbb6863d07,gx-no-cache=1709911358967 HTTP/1.1" 200 30
190.171.141.106 - - [08/Mar/2024:12:25:48 -0300] "GET /cormun/servlet/hhome HTTP/1.1" 200 3320
181.212.40.185 - - [08/Mar/2024:12:25:48 -0300] "GET /cormun/servlet/solicitudot?c6b5ed06f0578deb7d030a289df56981080fb339f19e1f8034808311c559ed03,gx-no-cache=1709911388303 HTTP/1.1" 200 94
181.212.40.185 - - [08/Mar/2024:12:25:48 -0300] "GET /cormun/static/Shared/jqueryui/images/ui-bg_highlight-soft_100_c6c2c8_1x100.png HTTP/1.1" 404 1117
181.212.40.185 - - [08/Mar/2024:12:25:48 -0300] "GET /cormun/static/Shared/jqueryui/images/ui-bg_flat_55_994d53_40x100.png HTTP/1.1" 404 1097
181.212.40.185 - - [08/Mar/2024:12:25:48 -0300] "GET /cormun/static/Shared/jqueryui/images/ui-icons_82798d_256x240.png HTTP/1.1" 404 1089
181.212.40.185 - - [08/Mar/2024:12:25:48 -0300] "GET /cormun/static/Shared/jqueryui/images/ui-icons_ebccce_256x240.png HTTP/1.1" 404 1089
181.212.40.185 - - [08/Mar/2024:12:25:48 -0300] "GET /cormun/servlet/solicitudot?c6b5ed06f0578deb7d030a289df56981b439cc2a7b0d85416b633aaccba6203f,gx-no-cache=1709911388368 HTTP/1.1" 200 29
190.171.141.106 - - [08/Mar/2024:12:25:48 -0300] "GET /cormun/servlet/hhome HTTP/1.1" 200 3330
190.171.141.106 - - [08/Mar/2024:12:25:48 -0300] "GET /cormun/servlet/hlogin HTTP/1.1" 200 1729
190.171.141.106 - - [08/Mar/2024:12:25:51 -0300] "POST /cormun/servlet/hlogin?632f9595f96712319404a54ba84af4d6,gx-no-cache=1709911391017 HTTP/1.1" 200 90
190.171.141.106 - - [08/Mar/2024:12:25:51 -0300] "GET /cormun/servlet/hpexe_link HTTP/1.1" 200 948
190.171.141.106 - - [08/Mar/2024:12:25:51 -0300] "GET /cormun/servlet/hhome HTTP/1.1" 200 4259
190.171.141.106 - - [08/Mar/2024:12:25:57 -0300] "GET /cormun/servlet/trlicencias? HTTP/1.1" 200 10162
181.212.40.185 - - [08/Mar/2024:12:25:59 -0300] "GET /cormun/servlet/solicitudot?c6b5ed06f0578deb7d030a289df569814a2d4b3adbab58d7544cb665336f6eb10a0d589b7de2475d676333921eaa45c107e1b000bd3906f9ea5bd8a8226684e4,gx-no-cache=1709911399287 HTTP/1.1" 200 30
181.212.40.185 - - [08/Mar/2024:12:26:01 -0300] "GET /cormun/servlet/solicitudot?c6b5ed06f0578deb7d030a289df5698160e1ed6d6fcca18a7f0d4659f82871bd,gx-no-cache=1709911401172 HTTP/1.1" 200 51
181.212.40.185 - - [08/Mar/2024:12:26:11 -0300] "POST /cormun/servlet/solicitudot?gx-no-cache=1709911410986 HTTP/1.1" 200 255
181.212.40.185 - - [08/Mar/2024:12:26:13 -0300] "GET /cormun/servlet/solicitudot?c6b5ed06f0578deb7d030a289df569818e674cc3ad4a54425eed09ae7320739be0323833bdbcd49d5bc0663b2673029d10766028ea16f65637a3f16667abfe5cd6d7006466d758a902503075141b5fc2f7d708ae24e2269e6adf325fe4f413338c0d9fe500ebded32af89c2857a52900eb46046bb9923ef523275117b3c2aa2605b46106853fac7c4f709e73046164a8ed67f442b28e008490cec0113b0a1354626d6831fb63aa803d7f5b011aac54eaf1f681d26d9fc731ba9fe4e34792fd17ea61a59d353049b4d1b219a6b607bbdacb752b6aae97b2c73e758e14cdd5760e25172d77d1c00b984191850a164f017327f005bb7ea75af2dea8b594c8e5871d758a03a042d6e8584fdf590ae7ae74688b44a62da9ce93606c4788c345f048aef120dd5b6571bbdd3d8c27f2242668371b721e33101e6a4dc6cc90f3ff9c6eead023412114e63e5169412182f1125470c408897e2e827df0cac22c39a21c32e86ed14a89e831327a7d3752f3f4d10d2e3a02409b5e0c3a08558929dcb243a9f9,gx-no-cache=1709911412612 HTTP/1.1" 200 30
181.212.40.185 - - [08/Mar/2024:12:26:14 -0300] "POST /cormun/servlet/solicitudot?gx-no-cache=1709911414315 HTTP/1.1" 200 30
181.212.40.185 - - [08/Mar/2024:12:26:15 -0300] "POST /cormun/servlet/solicitudot?gx-no-cache=1709911415319 HTTP/1.1" 200 1466
181.212.40.185 - - [08/Mar/2024:12:26:15 -0300] "POST /cormun/servlet/solicitudot?gx-no-cache=1709911415382 HTTP/1.1" 200 38
181.212.40.185 - - [08/Mar/2024:12:26:25 -0300] "GET /cormun/servlet/solicitudot?c6b5ed06f0578deb7d030a289df569811e3babb677be7653552eec1cde57a98bb833914c2047468c38b4566218101c710d324c123165e54ffae2ddf09ddeda42899fdb84570353fa6c97455adf545a76a1b504083ad2c915c465b7c471db90a0eebebdb8fc8770be145d8397003e6b69,gx-no-cache=1709911424966 HTTP/1.1" 200 110
181.212.40.185 - - [08/Mar/2024:12:26:33 -0300] "POST /cormun/servlet/solicitudot?gx-no-cache=1709911433276 HTTP/1.1" 200 97
181.212.40.185 - - [08/Mar/2024:12:26:42 -0300] "GET /cormun/servlet/solicitudot?c6b5ed06f0578deb7d030a289df56981a7969fe154068f0d1d08b563f570a5439f69b95e509fa26a48ee68dd937895e7da6a014de476ee77ae3bf8279c277c826f94ebd1ab363287df4839ea4892346c9f4aa664aa123679c50fb11ca965c0ce62a430449eb8282ccfc64c9f7e31bb52,gx-no-cache=1709911442111 HTTP/1.1" 200 29
181.212.40.185 - - [08/Mar/2024:12:26:47 -0300] "GET /cormun/servlet/solicitudot?c6b5ed06f0578deb7d030a289df5698178a93c3e05618e8d5dbf9b06b25ba1c69d707ceaef90d4a611e28ade1f1b3aa9,gx-no-cache=1709911447522 HTTP/1.1" 200 30
181.212.40.185 - - [08/Mar/2024:12:27:14 -0300] "POST /cormun/servlet/solicitudot?gx-no-cache=1709911474338 HTTP/1.1" 200 30
181.212.40.185 - - [08/Mar/2024:12:27:15 -0300] "POST /cormun/servlet/solicitudot?c01463b0b21d02c2ff8f04e9f96c76a5,INS,0,0,false,,gx-no-cache=1709911474413 HTTP/1.1" 200 93
181.212.40.185 - - [08/Mar/2024:12:27:15 -0300] "GET /cormun/servlet/hpexe_return? HTTP/1.1" 200 1012
181.212.40.185 - - [08/Mar/2024:12:27:15 -0300] "GET /cormun/servlet/trsolicitudot HTTP/1.1" 200 9424
181.212.40.185 - - [08/Mar/2024:12:27:39 -0300] "POST /cormun/servlet/trsolicitudot?c01463b0b21d02c2ff8f04e9f96c76a5,gx-no-cache=1709911499061 HTTP/1.1" 200 107
181.212.40.185 - - [08/Mar/2024:12:27:40 -0300] "GET /cormun/servlet/trsolicitudadjuntos?2024,20750, HTTP/1.1" 200 6324
190.171.141.106 - - [08/Mar/2024:12:27:41 -0300] "GET /cormun/servlet/hlogin HTTP/1.1" 200 1718
190.171.141.106 - - [08/Mar/2024:12:27:45 -0300] "POST /cormun/servlet/hlogin?490c4f5e01f02c77b1eb101c48b4d7a8,gx-no-cache=1709911505499 HTTP/1.1" 200 90
190.171.141.106 - - [08/Mar/2024:12:27:46 -0300] "GET /cormun/servlet/hpexe_link HTTP/1.1" 200 947
190.171.141.106 - - [08/Mar/2024:12:27:46 -0300] "GET /cormun/servlet/hhome HTTP/1.1" 200 4257
181.212.40.185 - - [08/Mar/2024:12:27:48 -0300] "GET /cormun/servlet/solicitudotadjuntos?INS,2024,20750,,1, HTTP/1.1" 200 6267
181.212.40.185 - - [08/Mar/2024:12:27:48 -0300] "GET /cormun/static/about:blank HTTP/1.1" 404 1011
181.212.40.185 - - [08/Mar/2024:12:27:49 -0300] "GET /cormun/servlet/solicitudotadjuntos?c6b5ed06f0578deb7d030a289df56981e02c018fbbd49dbba1b1b5dadc8a4ffc3ac2244ced6cdc5b31132771380fd321,gx-no-cache=1709911508564 HTTP/1.1" 200 30
181.212.40.185 - - [08/Mar/2024:12:27:49 -0300] "POST /cormun/servlet/solicitudotadjuntos?c01463b0b21d02c2ff8f04e9f96c76a5,INS,2024,20750,,1,,gx-no-cache=1709911508643 HTTP/1.1" 200 4195
190.171.141.106 - - [08/Mar/2024:12:27:50 -0300] "GET /cormun/servlet/trsolicitudot? HTTP/1.1" 200 7474
181.212.40.185 - - [08/Mar/2024:12:27:51 -0300] "POST /cormun/servlet/solicitudotadjuntos?gx-no-cache=1709911511094 HTTP/1.1" 200 26
190.171.141.106 - - [08/Mar/2024:12:27:55 -0300] "GET /cormun/servlet/solicitudot?INS,0,0,false, HTTP/1.1" 200 16232
190.171.141.106 - - [08/Mar/2024:12:28:18 -0300] "POST /cormun/servlet/solicitudot?gx-no-cache=1709911537980 HTTP/1.1" 200 4031
190.171.141.106 - - [08/Mar/2024:12:28:18 -0300] "POST /cormun/servlet/solicitudot?490c4f5e01f02c77b1eb101c48b4d7a8,INS,0,0,false,,gx-no-cache=1709911538237 HTTP/1.1" 200 12873
181.212.40.185 - - [08/Mar/2024:12:28:21 -0300] "GET /cormun/servlet/solicitudotadjuntos?c6b5ed06f0578deb7d030a289df56981141c51c6b3fed4987d3c8ecbb82dd462,gx-no-cache=1709911540578 HTTP/1.1" 200 30
181.212.40.185 - - [08/Mar/2024:12:28:21 -0300] "GET /cormun/servlet/solicitudotadjuntos?c6b5ed06f0578deb7d030a289df56981141c51c6b3fed4987d3c8ecbb82dd462,gx-no-cache=1709911540657 HTTP/1.1" 200 30
181.212.40.185 - - [08/Mar/2024:12:28:21 -0300] "POST /cormun/servlet/solicitudotadjuntos?c01463b0b21d02c2ff8f04e9f96c76a5,INS,2024,20750,,1, HTTP/1.1" 200 116
181.212.40.185 - - [08/Mar/2024:12:28:21 -0300] "GET /cormun/servlet/hpexe_return? HTTP/1.1" 200 1030
181.212.40.185 - - [08/Mar/2024:12:28:21 -0300] "GET /cormun/servlet/trsolicitudadjuntos?2024,20750, HTTP/1.1" 200 9252
190.171.141.106 - - [08/Mar/2024:12:28:21 -0300] "GET /cormun/servlet/solicitudot?cc1ce71016601046ce6a8253b5924832a2ba70fe3cfdc633e57537268287eb0c172c3e93bb0dc29a5e968872d84cdc7d,gx-no-cache=1709911541564 HTTP/1.1" 200 30
181.212.40.185 - - [08/Mar/2024:12:28:23 -0300] "GET /cormun/servlet/solicitudotadjuntos?INS,2024,20750,,1, HTTP/1.1" 200 6267
181.212.40.185 - - [08/Mar/2024:12:28:23 -0300] "GET /cormun/static/about:blank HTTP/1.1" 404 1011
181.212.40.185 - - [08/Mar/2024:12:28:24 -0300] "GET /cormun/servlet/solicitudotadjuntos?c6b5ed06f0578deb7d030a289df56981e02c018fbbd49dbba1b1b5dadc8a4ffc3ac2244ced6cdc5b31132771380fd321,gx-no-cache=1709911543661 HTTP/1.1" 200 30
181.212.40.185 - - [08/Mar/2024:12:28:24 -0300] "POST /cormun/servlet/solicitudotadjuntos?c01463b0b21d02c2ff8f04e9f96c76a5,INS,2024,20750,,1,,gx-no-cache=1709911543722 HTTP/1.1" 200 4195
181.212.40.185 - - [08/Mar/2024:12:28:28 -0300] "POST /cormun/servlet/solicitudotadjuntos?gx-no-cache=1709911548018 HTTP/1.1" 200 26
181.212.40.185 - - [08/Mar/2024:12:28:49 -0300] "GET /cormun/servlet/solicitudotadjuntos?c6b5ed06f0578deb7d030a289df56981141c51c6b3fed4987d3c8ecbb82dd462,gx-no-cache=1709911568978 HTTP/1.1" 200 30
181.212.40.185 - - [08/Mar/2024:12:28:49 -0300] "GET /cormun/servlet/solicitudotadjuntos?c6b5ed06f0578deb7d030a289df56981141c51c6b3fed4987d3c8ecbb82dd462,gx-no-cache=1709911569106 HTTP/1.1" 200 30
181.212.40.185 - - [08/Mar/2024:12:28:49 -0300] "POST /cormun/servlet/solicitudotadjuntos?c01463b0b21d02c2ff8f04e9f96c76a5,INS,2024,20750,,1, HTTP/1.1" 200 116
181.212.40.185 - - [08/Mar/2024:12:28:49 -0300] "GET /cormun/servlet/hpexe_return? HTTP/1.1" 200 1030
181.212.40.185 - - [08/Mar/2024:12:28:50 -0300] "GET /cormun/servlet/trsolicitudadjuntos?2024,20750, HTTP/1.1" 200 9488
181.212.40.185 - - [08/Mar/2024:12:28:51 -0300] "GET /cormun/servlet/solicitudotadjuntos?INS,2024,20750,,1, HTTP/1.1" 200 6267
181.212.40.185 - - [08/Mar/2024:12:28:52 -0300] "GET /cormun/static/about:blank HTTP/1.1" 404 1011
181.212.40.185 - - [08/Mar/2024:12:28:52 -0300] "GET /cormun/servlet/solicitudotadjuntos?c6b5ed06f0578deb7d030a289df56981e02c018fbbd49dbba1b1b5dadc8a4ffc3ac2244ced6cdc5b31132771380fd321,gx-no-cache=1709911572180 HTTP/1.1" 200 30
181.212.40.185 - - [08/Mar/2024:12:28:52 -0300] "POST /cormun/servlet/solicitudotadjuntos?c01463b0b21d02c2ff8f04e9f96c76a5,INS,2024,20750,,1,,gx-no-cache=1709911572253 HTTP/1.1" 200 4195
181.212.40.185 - - [08/Mar/2024:12:28:57 -0300] "POST /cormun/servlet/solicitudotadjuntos?gx-no-cache=1709911577450 HTTP/1.1" 200 26
181.212.40.185 - - [08/Mar/2024:12:29:17 -0300] "GET /cormun/servlet/solicitudotadjuntos?c6b5ed06f0578deb7d030a289df56981141c51c6b3fed4987d3c8ecbb82dd462,gx-no-cache=1709911597274 HTTP/1.1" 200 30
181.212.40.185 - - [08/Mar/2024:12:29:17 -0300] "GET /cormun/servlet/solicitudotadjuntos?c6b5ed06f0578deb7d030a289df56981141c51c6b3fed4987d3c8ecbb82dd462,gx-no-cache=1709911597339 HTTP/1.1" 200 30
181.212.40.185 - - [08/Mar/2024:12:29:18 -0300] "POST /cormun/servlet/solicitudotadjuntos?c01463b0b21d02c2ff8f04e9f96c76a5,INS,2024,20750,,1, HTTP/1.1" 200 116
181.212.40.185 - - [08/Mar/2024:12:29:18 -0300] "GET /cormun/servlet/hpexe_return? HTTP/1.1" 200 1030
181.212.40.185 - - [08/Mar/2024:12:29:18 -0300] "GET /cormun/servlet/trsolicitudadjuntos?2024,20750, HTTP/1.1" 200 9735
181.212.42.153 - - [08/Mar/2024:12:29:18 -0300] "GET /cormun/servlet/trlicencias? HTTP/1.1" 200 6056
181.212.42.153 - - [08/Mar/2024:12:29:18 -0300] "GET /cormun/servlet/hlogin HTTP/1.1" 200 1736
181.212.40.185 - - [08/Mar/2024:12:29:20 -0300] "GET /cormun/servlet/solicitudotadjuntos?INS,2024,20750,,1, HTTP/1.1" 200 6267
181.212.40.185 - - [08/Mar/2024:12:29:20 -0300] "GET /cormun/static/about:blank HTTP/1.1" 404 1011
181.212.40.185 - - [08/Mar/2024:12:29:20 -0300] "GET /cormun/servlet/solicitudotadjuntos?c6b5ed06f0578deb7d030a289df56981e02c018fbbd49dbba1b1b5dadc8a4ffc3ac2244ced6cdc5b31132771380fd321,gx-no-cache=1709911600321 HTTP/1.1" 200 30
181.212.40.185 - - [08/Mar/2024:12:29:20 -0300] "POST /cormun/servlet/solicitudotadjuntos?c01463b0b21d02c2ff8f04e9f96c76a5,INS,2024,20750,,1,,gx-no-cache=1709911600393 HTTP/1.1" 200 4195
181.212.40.185 - - [08/Mar/2024:12:29:22 -0300] "POST /cormun/servlet/solicitudotadjuntos?gx-no-cache=1709911602537 HTTP/1.1" 200 26
181.212.42.153 - - [08/Mar/2024:12:29:23 -0300] "POST /cormun/servlet/hlogin?1ca3dc99bb5da10938e966da05275673,gx-no-cache=1709911603842 HTTP/1.1" 200 90
181.212.42.153 - - [08/Mar/2024:12:29:23 -0300] "GET /cormun/servlet/hpexe_link HTTP/1.1" 200 951
181.212.42.153 - - [08/Mar/2024:12:29:23 -0300] "GET /cormun/servlet/hhome HTTP/1.1" 200 3965
181.212.42.153 - - [08/Mar/2024:12:29:26 -0300] "GET /cormun/servlet/trlicencias? HTTP/1.1" 200 10771
181.212.40.185 - - [08/Mar/2024:12:29:30 -0300] "GET /cormun/servlet/solicitudotadjuntos?c6b5ed06f0578deb7d030a289df56981141c51c6b3fed4987d3c8ecbb82dd462,gx-no-cache=1709911610458 HTTP/1.1" 200 30
181.212.40.185 - - [08/Mar/2024:12:29:30 -0300] "GET /cormun/servlet/solicitudotadjuntos?c6b5ed06f0578deb7d030a289df56981141c51c6b3fed4987d3c8ecbb82dd462,gx-no-cache=1709911610494 HTTP/1.1" 200 30
181.212.40.185 - - [08/Mar/2024:12:29:31 -0300] "POST /cormun/servlet/solicitudotadjuntos?c01463b0b21d02c2ff8f04e9f96c76a5,INS,2024,20750,,1, HTTP/1.1" 200 116
181.212.40.185 - - [08/Mar/2024:12:29:31 -0300] "GET /cormun/servlet/hpexe_return? HTTP/1.1" 200 1030
181.212.40.185 - - [08/Mar/2024:12:29:31 -0300] "GET /cormun/servlet/trsolicitudadjuntos?2024,20750, HTTP/1.1" 200 9992
181.212.40.185 - - [08/Mar/2024:12:29:33 -0300] "GET /cormun/servlet/solicitudotadjuntos?INS,2024,20750,,1, HTTP/1.1" 200 6267
181.212.40.185 - - [08/Mar/2024:12:29:33 -0300] "GET /cormun/static/about:blank HTTP/1.1" 404 1011
181.212.40.185 - - [08/Mar/2024:12:29:33 -0300] "GET /cormun/servlet/solicitudotadjuntos?c6b5ed06f0578deb7d030a289df56981e02c018fbbd49dbba1b1b5dadc8a4ffc3ac2244ced6cdc5b31132771380fd321,gx-no-cache=1709911613346 HTTP/1.1" 200 30
181.212.40.185 - - [08/Mar/2024:12:29:33 -0300] "POST /cormun/servlet/solicitudotadjuntos?c01463b0b21d02c2ff8f04e9f96c76a5,INS,2024,20750,,1,,gx-no-cache=1709911613394 HTTP/1.1" 200 4195
181.212.40.185 - - [08/Mar/2024:12:29:35 -0300] "POST /cormun/servlet/solicitudotadjuntos?gx-no-cache=1709911615258 HTTP/1.1" 200 26
181.212.40.185 - - [08/Mar/2024:12:30:20 -0300] "GET /cormun/servlet/solicitudotadjuntos?c6b5ed06f0578deb7d030a289df56981141c51c6b3fed4987d3c8ecbb82dd462,gx-no-cache=1709911659546 HTTP/1.1" 200 30
181.212.40.185 - - [08/Mar/2024:12:30:20 -0300] "GET /cormun/servlet/solicitudotadjuntos?c6b5ed06f0578deb7d030a289df56981141c51c6b3fed4987d3c8ecbb82dd462,gx-no-cache=1709911659630 HTTP/1.1" 200 30
181.212.40.185 - - [08/Mar/2024:12:30:20 -0300] "POST /cormun/servlet/solicitudotadjuntos?c01463b0b21d02c2ff8f04e9f96c76a5,INS,2024,20750,,1, HTTP/1.1" 200 116
181.212.40.185 - - [08/Mar/2024:12:30:20 -0300] "GET /cormun/servlet/hpexe_return? HTTP/1.1" 200 1030
181.212.40.185 - - [08/Mar/2024:12:30:20 -0300] "GET /cormun/servlet/trsolicitudadjuntos?2024,20750, HTTP/1.1" 200 10342
190.171.141.106 - - [08/Mar/2024:12:30:21 -0300] "GET /cormun/servlet/solicitudot?cc1ce71016601046ce6a8253b592483215ed1934635fce3060f2a1002d02d742a919d0c40c9117422233f76b6863834ebfc2d5e0daa238193ca5edf439f33f86,gx-no-cache=1709911661447 HTTP/1.1" 200 30
181.212.40.185 - - [08/Mar/2024:12:30:22 -0300] "GET /cormun/servlet/solicitudotadjuntos?INS,2024,20750,,1, HTTP/1.1" 200 6267
181.212.40.185 - - [08/Mar/2024:12:30:22 -0300] "GET /cormun/static/about:blank HTTP/1.1" 404 1011
181.212.40.185 - - [08/Mar/2024:12:30:23 -0300] "GET /cormun/servlet/solicitudotadjuntos?c6b5ed06f0578deb7d030a289df56981e02c018fbbd49dbba1b1b5dadc8a4ffc3ac2244ced6cdc5b31132771380fd321,gx-no-cache=1709911662544 HTTP/1.1" 200 30
181.212.40.185 - - [08/Mar/2024:12:30:23 -0300] "POST /cormun/servlet/solicitudotadjuntos?c01463b0b21d02c2ff8f04e9f96c76a5,INS,2024,20750,,1,,gx-no-cache=1709911662626 HTTP/1.1" 200 4195
181.212.40.185 - - [08/Mar/2024:12:30:25 -0300] "POST /cormun/servlet/solicitudotadjuntos?gx-no-cache=1709911664778 HTTP/1.1" 200 26
190.171.141.106 - - [08/Mar/2024:12:30:25 -0300] "GET /cormun/servlet/solicitudot?cc1ce71016601046ce6a8253b59248322741e2301780feab4a9ff2da978450d4,gx-no-cache=1709911664873 HTTP/1.1" 200 53
190.171.141.106 - - [08/Mar/2024:12:30:48 -0300] "POST /cormun/servlet/solicitudot?gx-no-cache=1709911688435 HTTP/1.1" 200 255
190.171.141.106 - - [08/Mar/2024:12:30:55 -0300] "GET /cormun/servlet/solicitudot?cc1ce71016601046ce6a8253b59248323987e9969c66829eb100749927cfb8ca5b5047805a1e362239ca1781dc77b779d317627d16640826ad1be57fa88653f0deebeff707641a433441437485d24f77d56958b10f797351e994e8ecac5654643e5069d4b86f8ed6cbf2f1450260deaf3c9070c695be6ab9a5d7ada6d269d9fb08da08ad563a99bc0accc70fdd9923ba597d32c463f2e8c00f68d81031891c19f7b40808ef185a6bd23730ed3d50ee2918440a69a789b99a570c8a629c6b86d6f29dbb4f24db4c225104db0471b4dc4f6af550e57db34c683f425178b33acd775b14a8541f6d33229345ce1a5b653cec01aaaf5baeacffb2840795f0f72df992ad74e717dea293067829e6200f684a218136f4949a35dfc848d4eb779af8506d9a52a075930c356d9b397a042cdc3e82002675e626dbc2ce7b69773c9d0d87a8cc3c4bcbf696737fc2829a0ec063ed79aea4467f54f6126f11c0e9bf1f6b0c7c557398de3a488a5c3ea1a23a27251f675e72426c17d63ae71bc11cbe884ee8b3,gx-no-cache=1709911694867 HTTP/1.1" 200 30
190.171.141.106 - - [08/Mar/2024:12:31:00 -0300] "POST /cormun/servlet/solicitudot?gx-no-cache=1709911700419 HTTP/1.1" 200 30
190.171.141.106 - - [08/Mar/2024:12:31:03 -0300] "POST /cormun/servlet/solicitudot?gx-no-cache=1709911702832 HTTP/1.1" 200 1467
190.171.141.106 - - [08/Mar/2024:12:31:03 -0300] "POST /cormun/servlet/solicitudot?gx-no-cache=1709911702904 HTTP/1.1" 200 38
190.171.141.106 - - [08/Mar/2024:12:31:15 -0300] "GET /cormun/servlet/solicitudot?cc1ce71016601046ce6a8253b59248326cc2df744e2b2b053cfc367848afa1f6565430fbcf9929b60d98fd100ef79f805294531faeba2a2fd87109156c3286b819f53b9a17c5afd613ede20e91da284dac244d4bcb57ba771f8fb47620f810632b7c8e057cc4c69b6efdd4a25d3c1c21,gx-no-cache=1709911715286 HTTP/1.1" 200 110
190.171.141.106 - - [08/Mar/2024:12:31:15 -0300] "POST /cormun/servlet/solicitudot?gx-no-cache=1709911715379 HTTP/1.1" 200 97
190.171.141.106 - - [08/Mar/2024:12:31:21 -0300] "GET /cormun/servlet/solicitudot?cc1ce71016601046ce6a8253b5924832838e7ab44080929dd19668a086c405f91f83d1cad42334a83939a39f810a39892c9b7e58f95b2aca2256887c17b493fb2fdf98c8a76bbb50fd2ec9caab9a63caa092d52780496f75fd4deecbb460ad36de42f8d0700ce0d32a6712237ab05a77,gx-no-cache=1709911721448 HTTP/1.1" 200 29
190.171.141.106 - - [08/Mar/2024:12:31:52 -0300] "GET /cormun/servlet/solicitudot?cc1ce71016601046ce6a8253b5924832c0861c304915a2e786807c6a37ad4e5148e90cc34d35de7e177b0711a3271cde,gx-no-cache=1709911751854 HTTP/1.1" 200 30
190.171.141.106 - - [08/Mar/2024:12:32:00 -0300] "POST /cormun/servlet/solicitudot?gx-no-cache=1709911759827 HTTP/1.1" 200 30
190.171.141.106 - - [08/Mar/2024:12:32:47 -0300] "POST /cormun/servlet/solicitudot?490c4f5e01f02c77b1eb101c48b4d7a8,INS,0,0,false,,gx-no-cache=1709911806717 HTTP/1.1" 200 93
190.171.141.106 - - [08/Mar/2024:12:32:47 -0300] "GET /cormun/servlet/hpexe_return? HTTP/1.1" 200 1005
190.171.141.106 - - [08/Mar/2024:12:32:48 -0300] "GET /cormun/servlet/trsolicitudot HTTP/1.1" 200 8853
190.171.141.106 - - [08/Mar/2024:12:33:04 -0300] "POST /cormun/servlet/trsolicitudot?490c4f5e01f02c77b1eb101c48b4d7a8,gx-no-cache=1709911824099 HTTP/1.1" 200 4837
190.171.141.106 - - [08/Mar/2024:12:33:04 -0300] "GET /cormun/static/Shared/jqueryui/images/ui-bg_highlight-soft_100_c6c2c8_1x100.png HTTP/1.1" 404 1117
190.171.141.106 - - [08/Mar/2024:12:33:04 -0300] "GET /cormun/static/Shared/jqueryui/images/ui-icons_82798d_256x240.png HTTP/1.1" 404 1089
