181.212.40.185 - - [07/Mar/2024:16:37:42 -0300] "GET /cormun/servlet/solicitudot?6bdb018c34b75728a7d64202c97f7c961b17f6aac893a3daed5cab2fbfc962c9de9c67c16b18aa27b8a63ff797e0146eed544a1f4a2d0906919237145b0b962cdb477bba5147ddea084729c65821a1d24e88b6ac0f86539bd6ee45c14395057a0d56f0a92eb3609f35d6b78b9f543268,gx-no-cache=1709840103832 HTTP/1.1" 200 29
181.212.40.185 - - [07/Mar/2024:16:37:42 -0300] "GET /cormun/static/menuarrow.gif HTTP/1.1" 404 1015
200.54.103.162 - - [07/Mar/2024:16:37:42 -0300] "GET /cormun/servlet/solicitudotadjuntos?INS,2024,20729,,1, HTTP/1.1" 200 6390
200.54.103.162 - - [07/Mar/2024:16:37:42 -0300] "GET /cormun/static/about:blank HTTP/1.1" 404 1011
200.54.103.162 - - [07/Mar/2024:16:37:43 -0300] "GET /cormun/servlet/solicitudotadjuntos?9f9cb995779e4f5d12e109bd9adf2547c6e47f0c8a957d39f6c2324c82226c2910978bfbb867f73d03dce72e88307331,gx-no-cache=1709840105052 HTTP/1.1" 200 30
200.54.103.162 - - [07/Mar/2024:16:37:43 -0300] "POST /cormun/servlet/solicitudotadjuntos?7bb4f4047cea21f040348cf7ebc07c24,INS,2024,20729,,1,,gx-no-cache=1709840105067 HTTP/1.1" 200 4185
181.212.40.185 - - [07/Mar/2024:16:37:43 -0300] "GET /cormun/servlet/solicitudot?6bdb018c34b75728a7d64202c97f7c96510c1733c01478d2401f2fb94446410dee1b4bb1812bd8cc7fc406188b7c1849,gx-no-cache=1709840105427 HTTP/1.1" 200 30
200.54.103.162 - - [07/Mar/2024:16:37:46 -0300] "POST /cormun/servlet/solicitudotadjuntos?gx-no-cache=1709840108086 HTTP/1.1" 200 26
181.212.40.185 - - [07/Mar/2024:16:37:50 -0300] "POST /cormun/servlet/solicitudot?gx-no-cache=1709840112308 HTTP/1.1" 200 30
200.54.103.162 - - [07/Mar/2024:16:37:51 -0300] "GET /cormun/servlet/solicitudotadjuntos?9f9cb995779e4f5d12e109bd9adf254776655a117baf84d9cc9a81e083471bbd,gx-no-cache=1709840112974 HTTP/1.1" 200 30
200.54.103.162 - - [07/Mar/2024:16:37:51 -0300] "GET /cormun/servlet/solicitudotadjuntos?9f9cb995779e4f5d12e109bd9adf254776655a117baf84d9cc9a81e083471bbd,gx-no-cache=1709840112984 HTTP/1.1" 200 30
200.54.103.162 - - [07/Mar/2024:16:37:51 -0300] "POST /cormun/servlet/solicitudotadjuntos?7bb4f4047cea21f040348cf7ebc07c24,INS,2024,20729,,1, HTTP/1.1" 200 116
200.54.103.162 - - [07/Mar/2024:16:37:51 -0300] "GET /cormun/servlet/hpexe_return? HTTP/1.1" 200 1024
200.54.103.162 - - [07/Mar/2024:16:37:51 -0300] "GET /cormun/servlet/trsolicitudadjuntos?2024,20729, HTTP/1.1" 200 9853
200.54.103.162 - - [07/Mar/2024:16:37:53 -0300] "GET /cormun/servlet/solicitudotadjuntos?INS,2024,20729,,1, HTTP/1.1" 200 6390
200.54.103.162 - - [07/Mar/2024:16:37:53 -0300] "GET /cormun/static/about:blank HTTP/1.1" 404 1011
200.54.103.162 - - [07/Mar/2024:16:37:54 -0300] "GET /cormun/servlet/solicitudotadjuntos?9f9cb995779e4f5d12e109bd9adf2547c6e47f0c8a957d39f6c2324c82226c2910978bfbb867f73d03dce72e88307331,gx-no-cache=1709840116043 HTTP/1.1" 200 30
200.54.103.162 - - [07/Mar/2024:16:37:54 -0300] "POST /cormun/servlet/solicitudotadjuntos?7bb4f4047cea21f040348cf7ebc07c24,INS,2024,20729,,1,,gx-no-cache=1709840116056 HTTP/1.1" 200 4185
181.212.40.185 - - [07/Mar/2024:16:37:55 -0300] "POST /cormun/servlet/solicitudot?927650924e3d6f224adcfb59cf0bf892,INS,0,0,false,,gx-no-cache=1709840116282 HTTP/1.1" 200 93
181.212.40.185 - - [07/Mar/2024:16:37:55 -0300] "GET /cormun/servlet/hpexe_return? HTTP/1.1" 200 1034
181.212.40.185 - - [07/Mar/2024:16:37:55 -0300] "GET /cormun/servlet/trsolicitudot?gx-no-cache=1709838608916 HTTP/1.1" 200 9325
200.54.103.162 - - [07/Mar/2024:16:37:56 -0300] "POST /cormun/servlet/solicitudotadjuntos?gx-no-cache=1709840118350 HTTP/1.1" 200 26
200.54.103.162 - - [07/Mar/2024:16:38:02 -0300] "GET /cormun/servlet/solicitudotadjuntos?9f9cb995779e4f5d12e109bd9adf254776655a117baf84d9cc9a81e083471bbd,gx-no-cache=1709840124325 HTTP/1.1" 200 30
200.54.103.162 - - [07/Mar/2024:16:38:02 -0300] "GET /cormun/servlet/solicitudotadjuntos?9f9cb995779e4f5d12e109bd9adf254776655a117baf84d9cc9a81e083471bbd,gx-no-cache=1709840124335 HTTP/1.1" 200 30
200.54.103.162 - - [07/Mar/2024:16:38:03 -0300] "POST /cormun/servlet/solicitudotadjuntos?7bb4f4047cea21f040348cf7ebc07c24,INS,2024,20729,,1, HTTP/1.1" 200 116
200.54.103.162 - - [07/Mar/2024:16:38:03 -0300] "GET /cormun/servlet/hpexe_return? HTTP/1.1" 200 1024
200.54.103.162 - - [07/Mar/2024:16:38:03 -0300] "GET /cormun/servlet/trsolicitudadjuntos?2024,20729, HTTP/1.1" 200 10067
200.54.103.162 - - [07/Mar/2024:16:38:05 -0300] "GET /cormun/servlet/solicitudotadjuntos?INS,2024,20729,,1, HTTP/1.1" 200 6390
200.54.103.162 - - [07/Mar/2024:16:38:05 -0300] "GET /cormun/static/about:blank HTTP/1.1" 404 1011
200.54.103.162 - - [07/Mar/2024:16:38:05 -0300] "GET /cormun/servlet/solicitudotadjuntos?9f9cb995779e4f5d12e109bd9adf2547c6e47f0c8a957d39f6c2324c82226c2910978bfbb867f73d03dce72e88307331,gx-no-cache=1709840127320 HTTP/1.1" 200 30
200.54.103.162 - - [07/Mar/2024:16:38:05 -0300] "POST /cormun/servlet/solicitudotadjuntos?7bb4f4047cea21f040348cf7ebc07c24,INS,2024,20729,,1,,gx-no-cache=1709840127334 HTTP/1.1" 200 4185
200.54.103.162 - - [07/Mar/2024:16:38:08 -0300] "POST /cormun/servlet/solicitudotadjuntos?gx-no-cache=1709840130021 HTTP/1.1" 200 26
200.54.103.162 - - [07/Mar/2024:16:38:14 -0300] "GET /cormun/servlet/solicitudotadjuntos?9f9cb995779e4f5d12e109bd9adf254776655a117baf84d9cc9a81e083471bbd,gx-no-cache=1709840135670 HTTP/1.1" 200 30
200.54.103.162 - - [07/Mar/2024:16:38:14 -0300] "GET /cormun/servlet/solicitudotadjuntos?9f9cb995779e4f5d12e109bd9adf254776655a117baf84d9cc9a81e083471bbd,gx-no-cache=1709840135680 HTTP/1.1" 200 30
200.54.103.162 - - [07/Mar/2024:16:38:14 -0300] "POST /cormun/servlet/solicitudotadjuntos?7bb4f4047cea21f040348cf7ebc07c24,INS,2024,20729,,1, HTTP/1.1" 200 116
200.54.103.162 - - [07/Mar/2024:16:38:14 -0300] "GET /cormun/servlet/hpexe_return? HTTP/1.1" 200 1024
200.54.103.162 - - [07/Mar/2024:16:38:14 -0300] "GET /cormun/servlet/trsolicitudadjuntos?2024,20729, HTTP/1.1" 200 10339
200.54.103.162 - - [07/Mar/2024:16:38:17 -0300] "GET /cormun/servlet/solicitudotadjuntos?INS,2024,20729,,1, HTTP/1.1" 200 6390
200.54.103.162 - - [07/Mar/2024:16:38:17 -0300] "GET /cormun/static/about:blank HTTP/1.1" 404 1011
200.54.103.162 - - [07/Mar/2024:16:38:17 -0300] "GET /cormun/servlet/solicitudotadjuntos?9f9cb995779e4f5d12e109bd9adf2547c6e47f0c8a957d39f6c2324c82226c2910978bfbb867f73d03dce72e88307331,gx-no-cache=1709840139399 HTTP/1.1" 200 30
200.54.103.162 - - [07/Mar/2024:16:38:17 -0300] "POST /cormun/servlet/solicitudotadjuntos?7bb4f4047cea21f040348cf7ebc07c24,INS,2024,20729,,1,,gx-no-cache=1709840139414 HTTP/1.1" 200 4185
200.54.103.162 - - [07/Mar/2024:16:38:20 -0300] "POST /cormun/servlet/solicitudotadjuntos?gx-no-cache=1709840142197 HTTP/1.1" 200 26
200.54.103.162 - - [07/Mar/2024:16:38:26 -0300] "GET /cormun/servlet/solicitudotadjuntos?9f9cb995779e4f5d12e109bd9adf254776655a117baf84d9cc9a81e083471bbd,gx-no-cache=1709840147910 HTTP/1.1" 200 30
200.54.103.162 - - [07/Mar/2024:16:38:26 -0300] "GET /cormun/servlet/solicitudotadjuntos?9f9cb995779e4f5d12e109bd9adf254776655a117baf84d9cc9a81e083471bbd,gx-no-cache=1709840147919 HTTP/1.1" 200 30
200.54.103.162 - - [07/Mar/2024:16:38:26 -0300] "POST /cormun/servlet/solicitudotadjuntos?7bb4f4047cea21f040348cf7ebc07c24,INS,2024,20729,,1, HTTP/1.1" 200 116
200.54.103.162 - - [07/Mar/2024:16:38:26 -0300] "GET /cormun/servlet/hpexe_return? HTTP/1.1" 200 1024
200.54.103.162 - - [07/Mar/2024:16:38:27 -0300] "GET /cormun/servlet/trsolicitudadjuntos?2024,20729, HTTP/1.1" 200 10485
181.212.40.185 - - [07/Mar/2024:16:38:30 -0300] "POST /cormun/servlet/trsolicitudot?927650924e3d6f224adcfb59cf0bf892,gx-no-cache=1709838608916,gx-no-cache=1709840151611 HTTP/1.1" 200 111
181.212.40.185 - - [07/Mar/2024:16:38:30 -0300] "GET /cormun/servlet/solicitudot?UPD,2024,20728,false, HTTP/1.1" 200 16784
181.212.40.185 - - [07/Mar/2024:16:38:31 -0300] "POST /cormun/servlet/solicitudot?gx-no-cache=1709840152574 HTTP/1.1" 200 4095
181.212.40.185 - - [07/Mar/2024:16:38:31 -0300] "POST /cormun/servlet/solicitudot?927650924e3d6f224adcfb59cf0bf892,UPD,2024,20728,false,,gx-no-cache=1709840152680 HTTP/1.1" 200 13047
181.212.40.185 - - [07/Mar/2024:16:38:31 -0300] "GET /cormun/servlet/solicitudot?6bdb018c34b75728a7d64202c97f7c964d7441bac8c5666e4d5d15b936f98f7e395d8507ec62b936cb99a97697d71c9e,gx-no-cache=1709840152794 HTTP/1.1" 200 30
181.212.40.185 - - [07/Mar/2024:16:38:31 -0300] "GET /cormun/servlet/solicitudot?6bdb018c34b75728a7d64202c97f7c961a692e1c0861dbcf753df1c8d72b2f7bd518b9bbfe41b1b7c01b21ccbc4bf4b6ceae6bf872b040fc6f501727bf70cbeb,gx-no-cache=1709840152811 HTTP/1.1" 200 30
181.212.40.185 - - [07/Mar/2024:16:38:31 -0300] "GET /cormun/servlet/solicitudot?6bdb018c34b75728a7d64202c97f7c969d64b492bc5f24bcd68f54d1d37abeeb013b83089252e3d603acf948be9fd00817f342e6ad702c8c6057713427bba732,gx-no-cache=1709840152825 HTTP/1.1" 200 51
181.212.40.185 - - [07/Mar/2024:16:38:31 -0300] "POST /cormun/servlet/solicitudot?gx-no-cache=1709840152841 HTTP/1.1" 200 254
181.212.40.185 - - [07/Mar/2024:16:38:31 -0300] "GET /cormun/servlet/solicitudot?6bdb018c34b75728a7d64202c97f7c96a198f262a6f7995e1cb8701ad44da1dff6b6b5f13fee5165a4b1a777ec0824e5139d6061835c48f28bfac39e6c222cb54b60c3e9b6dfdf86576b1633a69e728de90c38ec257907ddf8230e0e4f18d25cf80918bd72189fa382d276f3843db481e7c6c51fa4e256482fc4341a3db81afa1e75934bada1aa158b15a64ab21a818c493965237faea10adc23768746ab13e3c6fc5bf1f50db54c10b3f2e30b8154a5d80e8b6fa621212daa3d4d3e85002681d599d4011d04eed45023abd7d3c978940db918a5e95a7620b9f018bcd86dfb013f9a581c12e64ff63a685312c4d15ff50607a6b260ba745d634a543ab71058e46e2850b8da3f86f8ef7ce69642bd8efc0489d0e4cae1de4fd7cb28da340c698ad51c42c63217593068182fd26b01f269d36ee0e5b7a3619c5ae257e04030b27b2c5da556e4699bdd5c7357c654b3776d53f5d0beb3f324ec02e5e77971f0a9e1824f36c99c43a54e2db64bec66f5f65b69cace8c327e9df6b5821906946d9597,gx-no-cache=1709840152857 HTTP/1.1" 200 30
181.212.40.185 - - [07/Mar/2024:16:38:31 -0300] "POST /cormun/servlet/solicitudot?gx-no-cache=1709840152879 HTTP/1.1" 200 30
181.212.40.185 - - [07/Mar/2024:16:38:31 -0300] "POST /cormun/servlet/solicitudot?gx-no-cache=1709840152896 HTTP/1.1" 200 1468
181.212.40.185 - - [07/Mar/2024:16:38:31 -0300] "POST /cormun/servlet/solicitudot?gx-no-cache=1709840152920 HTTP/1.1" 200 41
200.54.103.162 - - [07/Mar/2024:16:38:31 -0300] "POST /cormun/servlet/trsolicitudadjuntos?7bb4f4047cea21f040348cf7ebc07c24,2024,20729,,gx-no-cache=1709840153239 HTTP/1.1" 200 90
200.54.103.162 - - [07/Mar/2024:16:38:31 -0300] "GET /cormun/servlet/hpexe_link HTTP/1.1" 200 966
200.54.103.162 - - [07/Mar/2024:16:38:31 -0300] "GET /cormun/servlet/trsolicitudot HTTP/1.1" 200 10530
200.54.103.162 - - [07/Mar/2024:16:38:35 -0300] "POST /cormun/servlet/trsolicitudot?7bb4f4047cea21f040348cf7ebc07c24,gx-no-cache=1709840157009 HTTP/1.1" 200 107
200.54.103.162 - - [07/Mar/2024:16:38:35 -0300] "GET /cormun/servlet/trsolicitudadjuntos?2024,20727, HTTP/1.1" 200 6449
200.54.103.162 - - [07/Mar/2024:16:38:37 -0300] "GET /cormun/servlet/solicitudotadjuntos?INS,2024,20727,,1, HTTP/1.1" 200 6390
200.54.103.162 - - [07/Mar/2024:16:38:37 -0300] "GET /cormun/static/about:blank HTTP/1.1" 404 1011
200.54.103.162 - - [07/Mar/2024:16:38:38 -0300] "GET /cormun/servlet/solicitudotadjuntos?9f9cb995779e4f5d12e109bd9adf25471d0fee765e6c986cea29c8e610a161e210978bfbb867f73d03dce72e88307331,gx-no-cache=1709840160048 HTTP/1.1" 200 30
200.54.103.162 - - [07/Mar/2024:16:38:38 -0300] "POST /cormun/servlet/solicitudotadjuntos?7bb4f4047cea21f040348cf7ebc07c24,INS,2024,20727,,1,,gx-no-cache=1709840160059 HTTP/1.1" 200 4185
200.54.103.162 - - [07/Mar/2024:16:38:40 -0300] "POST /cormun/servlet/solicitudotadjuntos?gx-no-cache=1709840161704 HTTP/1.1" 200 26
181.212.40.185 - - [07/Mar/2024:16:38:44 -0300] "GET /cormun/servlet/solicitudot?6bdb018c34b75728a7d64202c97f7c96e0541bfb683613e9c4857a43d9621698e34e36acff3b8ba8f1d0275507b735c3e18b4fde070f4b18a56dca671513dacdba11ec8e10b4eac3b9bd7627618552995140a3f62f41eef7ccfb3c353b4f95fe48f23036b668a5828b83e1c4f5baa1e9,gx-no-cache=1709840166488 HTTP/1.1" 200 110
181.212.40.185 - - [07/Mar/2024:16:38:44 -0300] "POST /cormun/servlet/solicitudot?gx-no-cache=1709840166509 HTTP/1.1" 200 97
181.212.40.185 - - [07/Mar/2024:16:38:45 -0300] "GET /cormun/servlet/solicitudot?6bdb018c34b75728a7d64202c97f7c96577ae86c27124b9dfcd9a52c97796e0241d68447c9cc22fa1394d53d5c679f5e33562b4653b997ccc84358428d0dae9e806b8fecdd1fe5620d6cf12ebd24fd5982b56d929cd1f6afb2e319298c39d66b7abf21832576851fac86ea9b9f76f3735e95a2267cf2ecf3a334c938886a20606fe9516bfb5c28ed0d24bc52b56472352a56e53ea25950f19eee92a9602946266d73ce9e434f37c9022401b1b12e9091e90a05b3a17dbfa641a79042a0184abf235f224ade192918fc1db09cee1506b2,gx-no-cache=1709840166532 HTTP/1.1" 200 29
181.212.40.185 - - [07/Mar/2024:16:38:45 -0300] "GET /cormun/servlet/solicitudot?6bdb018c34b75728a7d64202c97f7c96510c1733c01478d2401f2fb94446410dee1b4bb1812bd8cc7fc406188b7c1849,gx-no-cache=1709840166551 HTTP/1.1" 200 30
181.212.40.185 - - [07/Mar/2024:16:38:45 -0300] "POST /cormun/servlet/solicitudot?gx-no-cache=1709840166578 HTTP/1.1" 200 30
181.212.40.185 - - [07/Mar/2024:16:38:45 -0300] "POST /cormun/servlet/solicitudot?927650924e3d6f224adcfb59cf0bf892,UPD,2024,20728,false,,gx-no-cache=1709840166617 HTTP/1.1" 200 93
181.212.40.185 - - [07/Mar/2024:16:38:45 -0300] "GET /cormun/servlet/hpexe_return? HTTP/1.1" 200 1039
181.212.40.185 - - [07/Mar/2024:16:38:45 -0300] "GET /cormun/servlet/trsolicitudot?gx-no-cache=1709838608916 HTTP/1.1" 200 9297
200.54.103.162 - - [07/Mar/2024:16:38:50 -0300] "GET /cormun/servlet/solicitudotadjuntos?9f9cb995779e4f5d12e109bd9adf254776655a117baf84d9cc9a81e083471bbd,gx-no-cache=1709840172005 HTTP/1.1" 200 30
200.54.103.162 - - [07/Mar/2024:16:38:50 -0300] "GET /cormun/servlet/solicitudotadjuntos?9f9cb995779e4f5d12e109bd9adf254776655a117baf84d9cc9a81e083471bbd,gx-no-cache=1709840172015 HTTP/1.1" 200 30
200.54.103.162 - - [07/Mar/2024:16:38:50 -0300] "POST /cormun/servlet/solicitudotadjuntos?7bb4f4047cea21f040348cf7ebc07c24,INS,2024,20727,,1, HTTP/1.1" 200 116
200.54.103.162 - - [07/Mar/2024:16:38:50 -0300] "GET /cormun/servlet/hpexe_return? HTTP/1.1" 200 1024
200.54.103.162 - - [07/Mar/2024:16:38:51 -0300] "GET /cormun/servlet/trsolicitudadjuntos?2024,20727, HTTP/1.1" 200 9383
181.212.40.185 - - [07/Mar/2024:16:38:51 -0300] "POST /cormun/servlet/trsolicitudot?927650924e3d6f224adcfb59cf0bf892,gx-no-cache=1709838608916,gx-no-cache=1709840173458 HTTP/1.1" 200 111
181.212.40.185 - - [07/Mar/2024:16:38:52 -0300] "GET /cormun/servlet/solicitudot?UPD,2024,20732,false, HTTP/1.1" 200 16783
181.212.40.185 - - [07/Mar/2024:16:38:52 -0300] "POST /cormun/servlet/solicitudot?gx-no-cache=1709840174196 HTTP/1.1" 200 4097
181.212.40.185 - - [07/Mar/2024:16:38:52 -0300] "POST /cormun/servlet/solicitudot?927650924e3d6f224adcfb59cf0bf892,UPD,2024,20732,false,,gx-no-cache=1709840174318 HTTP/1.1" 200 13046
181.212.40.185 - - [07/Mar/2024:16:38:52 -0300] "GET /cormun/servlet/solicitudot?6bdb018c34b75728a7d64202c97f7c964d7441bac8c5666e4d5d15b936f98f7e395d8507ec62b936cb99a97697d71c9e,gx-no-cache=1709840174406 HTTP/1.1" 200 30
200.54.103.162 - - [07/Mar/2024:16:38:52 -0300] "GET /cormun/servlet/solicitudotadjuntos?INS,2024,20727,,1, HTTP/1.1" 200 6390
181.212.40.185 - - [07/Mar/2024:16:38:52 -0300] "GET /cormun/servlet/solicitudot?6bdb018c34b75728a7d64202c97f7c961a692e1c0861dbcf753df1c8d72b2f7bd518b9bbfe41b1b7c01b21ccbc4bf4b6ceae6bf872b040fc6f501727bf70cbeb,gx-no-cache=1709840174423 HTTP/1.1" 200 30
181.212.40.185 - - [07/Mar/2024:16:38:52 -0300] "GET /cormun/servlet/solicitudot?6bdb018c34b75728a7d64202c97f7c969d64b492bc5f24bcd68f54d1d37abeeb013b83089252e3d603acf948be9fd00817f342e6ad702c8c6057713427bba732,gx-no-cache=1709840174438 HTTP/1.1" 200 51
181.212.40.185 - - [07/Mar/2024:16:38:52 -0300] "POST /cormun/servlet/solicitudot?gx-no-cache=1709840174454 HTTP/1.1" 200 254
181.212.40.185 - - [07/Mar/2024:16:38:52 -0300] "GET /cormun/servlet/solicitudot?6bdb018c34b75728a7d64202c97f7c96a198f262a6f7995e1cb8701ad44da1dff6b6b5f13fee5165a4b1a777ec0824e5139d6061835c48f28bfac39e6c222cb54b60c3e9b6dfdf86576b1633a69e728de90c38ec257907ddf8230e0e4f18d25cf80918bd72189fa382d276f3843db481e7c6c51fa4e256482fc4341a3db81afa1e75934bada1aa158b15a64ab21a818c493965237faea10adc23768746ab13e3c6fc5bf1f50db54c10b3f2e30b8154a5d80e8b6fa621212daa3d4d3e85002681d599d4011d04eed45023abd7d3c978940db918a5e95a7620b9f018bcd86dfb013f9a581c12e64ff63a685312c4d15ff50607a6b260ba745d634a543ab71058e46e2850b8da3f86f8ef7ce69642bd8efc0489d0e4cae1de4fd7cb28da340c698ad51c42c63217593068182fd26b01f269d36ee0e5b7a3619c5ae257e04030b27b2c5da556e4699bdd5c7357c654b3776d53f5d0beb3f324ec02e5e77971f0a9e1824f36c99c43a54e2db64bec66f5f65b69cace8c327e9df6b5821906946d9597,gx-no-cache=1709840174472 HTTP/1.1" 200 30
200.54.103.162 - - [07/Mar/2024:16:38:52 -0300] "GET /cormun/static/about:blank HTTP/1.1" 404 1011
181.212.40.185 - - [07/Mar/2024:16:38:52 -0300] "POST /cormun/servlet/solicitudot?gx-no-cache=1709840174487 HTTP/1.1" 200 30
181.212.40.185 - - [07/Mar/2024:16:38:52 -0300] "POST /cormun/servlet/solicitudot?gx-no-cache=1709840174505 HTTP/1.1" 200 1468
181.212.40.185 - - [07/Mar/2024:16:38:53 -0300] "POST /cormun/servlet/solicitudot?gx-no-cache=1709840174531 HTTP/1.1" 200 41
200.54.103.162 - - [07/Mar/2024:16:38:53 -0300] "GET /cormun/servlet/solicitudotadjuntos?9f9cb995779e4f5d12e109bd9adf25471d0fee765e6c986cea29c8e610a161e210978bfbb867f73d03dce72e88307331,gx-no-cache=1709840175021 HTTP/1.1" 200 30
200.54.103.162 - - [07/Mar/2024:16:38:53 -0300] "POST /cormun/servlet/solicitudotadjuntos?7bb4f4047cea21f040348cf7ebc07c24,INS,2024,20727,,1,,gx-no-cache=1709840175037 HTTP/1.1" 200 4185
200.54.103.162 - - [07/Mar/2024:16:38:56 -0300] "POST /cormun/servlet/solicitudotadjuntos?gx-no-cache=1709840178494 HTTP/1.1" 200 26
181.212.40.185 - - [07/Mar/2024:16:39:02 -0300] "GET /cormun/servlet/solicitudot?6bdb018c34b75728a7d64202c97f7c96e0541bfb683613e9c4857a43d9621698e34e36acff3b8ba8f1d0275507b735c3e18b4fde070f4b18a56dca671513dacdba11ec8e10b4eac3b9bd7627618552995140a3f62f41eef7ccfb3c353b4f95fe48f23036b668a5828b83e1c4f5baa1e9,gx-no-cache=1709840183672 HTTP/1.1" 200 110
181.212.40.185 - - [07/Mar/2024:16:39:02 -0300] "POST /cormun/servlet/solicitudot?gx-no-cache=1709840183691 HTTP/1.1" 200 97
181.212.40.185 - - [07/Mar/2024:16:39:02 -0300] "GET /cormun/servlet/solicitudot?6bdb018c34b75728a7d64202c97f7c96577ae86c27124b9dfcd9a52c97796e0241d68447c9cc22fa1394d53d5c679f5e33562b4653b997ccc84358428d0dae9e806b8fecdd1fe5620d6cf12ebd24fd5982b56d929cd1f6afb2e319298c39d66b7abf21832576851fac86ea9b9f76f3735e95a2267cf2ecf3a334c938886a20606fe9516bfb5c28ed0d24bc52b56472352a56e53ea25950f19eee92a9602946266d73ce9e434f37c9022401b1b12e9091e90a05b3a17dbfa641a79042a0184abf235f224ade192918fc1db09cee1506b2,gx-no-cache=1709840183712 HTTP/1.1" 200 29
181.212.40.185 - - [07/Mar/2024:16:39:02 -0300] "GET /cormun/servlet/solicitudot?6bdb018c34b75728a7d64202c97f7c96510c1733c01478d2401f2fb94446410dee1b4bb1812bd8cc7fc406188b7c1849,gx-no-cache=1709840183727 HTTP/1.1" 200 30
181.212.40.185 - - [07/Mar/2024:16:39:02 -0300] "POST /cormun/servlet/solicitudot?gx-no-cache=1709840183743 HTTP/1.1" 200 30
181.212.40.185 - - [07/Mar/2024:16:39:02 -0300] "POST /cormun/servlet/solicitudot?927650924e3d6f224adcfb59cf0bf892,UPD,2024,20732,false,,gx-no-cache=1709840183761 HTTP/1.1" 200 93
181.212.40.185 - - [07/Mar/2024:16:39:02 -0300] "GET /cormun/servlet/hpexe_return? HTTP/1.1" 200 1039
181.212.40.185 - - [07/Mar/2024:16:39:02 -0300] "GET /cormun/servlet/trsolicitudot?gx-no-cache=1709838608916 HTTP/1.1" 200 9280
200.54.103.162 - - [07/Mar/2024:16:39:02 -0300] "GET /cormun/servlet/solicitudotadjuntos?9f9cb995779e4f5d12e109bd9adf254776655a117baf84d9cc9a81e083471bbd,gx-no-cache=1709840184150 HTTP/1.1" 200 30
200.54.103.162 - - [07/Mar/2024:16:39:02 -0300] "GET /cormun/servlet/solicitudotadjuntos?9f9cb995779e4f5d12e109bd9adf254776655a117baf84d9cc9a81e083471bbd,gx-no-cache=1709840184161 HTTP/1.1" 200 30
200.54.103.162 - - [07/Mar/2024:16:39:02 -0300] "POST /cormun/servlet/solicitudotadjuntos?7bb4f4047cea21f040348cf7ebc07c24,INS,2024,20727,,1, HTTP/1.1" 200 116
200.54.103.162 - - [07/Mar/2024:16:39:02 -0300] "GET /cormun/servlet/hpexe_return? HTTP/1.1" 200 1024
200.54.103.162 - - [07/Mar/2024:16:39:02 -0300] "GET /cormun/servlet/trsolicitudadjuntos?2024,20727, HTTP/1.1" 200 9605
200.54.103.162 - - [07/Mar/2024:16:39:06 -0300] "GET /cormun/servlet/solicitudotadjuntos?INS,2024,20727,,1, HTTP/1.1" 200 6390
200.54.103.162 - - [07/Mar/2024:16:39:06 -0300] "GET /cormun/static/about:blank HTTP/1.1" 404 1011
200.54.103.162 - - [07/Mar/2024:16:39:07 -0300] "GET /cormun/servlet/solicitudotadjuntos?9f9cb995779e4f5d12e109bd9adf25471d0fee765e6c986cea29c8e610a161e210978bfbb867f73d03dce72e88307331,gx-no-cache=1709840188770 HTTP/1.1" 200 30
200.54.103.162 - - [07/Mar/2024:16:39:07 -0300] "POST /cormun/servlet/solicitudotadjuntos?7bb4f4047cea21f040348cf7ebc07c24,INS,2024,20727,,1,,gx-no-cache=1709840188785 HTTP/1.1" 200 4185
181.212.40.185 - - [07/Mar/2024:16:39:08 -0300] "POST /cormun/servlet/trsolicitudot?927650924e3d6f224adcfb59cf0bf892,gx-no-cache=1709838608916,gx-no-cache=1709840189506 HTTP/1.1" 200 111
181.212.40.185 - - [07/Mar/2024:16:39:08 -0300] "GET /cormun/servlet/solicitudot?UPD,2024,20728,false, HTTP/1.1" 200 16787
181.212.40.185 - - [07/Mar/2024:16:39:08 -0300] "POST /cormun/servlet/solicitudot?gx-no-cache=1709840190256 HTTP/1.1" 200 4097
181.212.40.185 - - [07/Mar/2024:16:39:08 -0300] "POST /cormun/servlet/solicitudot?927650924e3d6f224adcfb59cf0bf892,UPD,2024,20728,false,,gx-no-cache=1709840190357 HTTP/1.1" 200 13047
181.212.40.185 - - [07/Mar/2024:16:39:08 -0300] "GET /cormun/servlet/solicitudot?6bdb018c34b75728a7d64202c97f7c964d7441bac8c5666e4d5d15b936f98f7e395d8507ec62b936cb99a97697d71c9e,gx-no-cache=1709840190445 HTTP/1.1" 200 30
181.212.40.185 - - [07/Mar/2024:16:39:08 -0300] "GET /cormun/servlet/solicitudot?6bdb018c34b75728a7d64202c97f7c961a692e1c0861dbcf753df1c8d72b2f7bd518b9bbfe41b1b7c01b21ccbc4bf4b6ceae6bf872b040fc6f501727bf70cbeb,gx-no-cache=1709840190462 HTTP/1.1" 200 30
181.212.40.185 - - [07/Mar/2024:16:39:08 -0300] "GET /cormun/servlet/solicitudot?6bdb018c34b75728a7d64202c97f7c969d64b492bc5f24bcd68f54d1d37abeeb013b83089252e3d603acf948be9fd00817f342e6ad702c8c6057713427bba732,gx-no-cache=1709840190477 HTTP/1.1" 200 51
181.212.40.185 - - [07/Mar/2024:16:39:08 -0300] "POST /cormun/servlet/solicitudot?gx-no-cache=1709840190493 HTTP/1.1" 200 254
181.212.40.185 - - [07/Mar/2024:16:39:08 -0300] "GET /cormun/servlet/solicitudot?6bdb018c34b75728a7d64202c97f7c96a198f262a6f7995e1cb8701ad44da1dff6b6b5f13fee5165a4b1a777ec0824e5139d6061835c48f28bfac39e6c222cb54b60c3e9b6dfdf86576b1633a69e728de90c38ec257907ddf8230e0e4f18d25cf80918bd72189fa382d276f3843db481e7c6c51fa4e256482fc4341a3db81afa1e75934bada1aa158b15a64ab21a818c493965237faea10adc23768746ab13e3c6fc5bf1f50db54c10b3f2e30b8154a5d80e8b6fa621212daa3d4d3e85002681d599d4011d04eed45023abd7d3c978940db918a5e95a7620b9f018bcd86dfb013f9a581c12e64ff63a685312c4d15ff50607a6b260ba745d634a543ab71058e46e2850b8da3f86f8ef7ce69642bd8efc0489d0e4cae1de4fd7cb28da340c698ad51c42c63217593068182fd26b01f269d36ee0e5b7a3619c5ae257e04030b27b2c5da556e4699bdd5c7357c654b3776d53f5d0beb3f324ec02e5e77971f0a9e1824f36c99c43a54e2db64bec66f5f65b69cace8c327e9df6b5821906946d9597,gx-no-cache=1709840190510 HTTP/1.1" 200 30
181.212.40.185 - - [07/Mar/2024:16:39:09 -0300] "POST /cormun/servlet/solicitudot?gx-no-cache=1709840190526 HTTP/1.1" 200 30
181.212.40.185 - - [07/Mar/2024:16:39:09 -0300] "POST /cormun/servlet/solicitudot?gx-no-cache=1709840190549 HTTP/1.1" 200 1468
181.212.40.185 - - [07/Mar/2024:16:39:09 -0300] "POST /cormun/servlet/solicitudot?gx-no-cache=1709840190576 HTTP/1.1" 200 41
200.54.103.162 - - [07/Mar/2024:16:39:11 -0300] "POST /cormun/servlet/solicitudotadjuntos?gx-no-cache=1709840192494 HTTP/1.1" 200 26
181.212.40.185 - - [07/Mar/2024:16:39:13 -0300] "GET /cormun/servlet/solicitudot?6bdb018c34b75728a7d64202c97f7c96e0541bfb683613e9c4857a43d9621698e34e36acff3b8ba8f1d0275507b735c3e18b4fde070f4b18a56dca671513dacdba11ec8e10b4eac3b9bd7627618552995140a3f62f41eef7ccfb3c353b4f95fe48f23036b668a5828b83e1c4f5baa1e9,gx-no-cache=1709840195411 HTTP/1.1" 200 110
181.212.40.185 - - [07/Mar/2024:16:39:13 -0300] "POST /cormun/servlet/solicitudot?gx-no-cache=1709840195429 HTTP/1.1" 200 97
200.54.103.162 - - [07/Mar/2024:16:39:15 -0300] "GET /cormun/servlet/solicitudotadjuntos?9f9cb995779e4f5d12e109bd9adf254776655a117baf84d9cc9a81e083471bbd,gx-no-cache=1709840197422 HTTP/1.1" 200 30
200.54.103.162 - - [07/Mar/2024:16:39:15 -0300] "GET /cormun/servlet/solicitudotadjuntos?9f9cb995779e4f5d12e109bd9adf254776655a117baf84d9cc9a81e083471bbd,gx-no-cache=1709840197432 HTTP/1.1" 200 30
200.54.103.162 - - [07/Mar/2024:16:39:16 -0300] "POST /cormun/servlet/solicitudotadjuntos?7bb4f4047cea21f040348cf7ebc07c24,INS,2024,20727,,1, HTTP/1.1" 200 116
200.54.103.162 - - [07/Mar/2024:16:39:16 -0300] "GET /cormun/servlet/hpexe_return? HTTP/1.1" 200 1024
200.54.103.162 - - [07/Mar/2024:16:39:16 -0300] "GET /cormun/servlet/trsolicitudadjuntos?2024,20727, HTTP/1.1" 200 9846
181.212.40.185 - - [07/Mar/2024:16:39:16 -0300] "POST /cormun/servlet/solicitudot?gx-no-cache=1709840198089 HTTP/1.1" 200 72
200.54.103.162 - - [07/Mar/2024:16:39:17 -0300] "GET /cormun/servlet/solicitudotadjuntos?INS,2024,20727,,1, HTTP/1.1" 200 6390
200.54.103.162 - - [07/Mar/2024:16:39:17 -0300] "GET /cormun/static/about:blank HTTP/1.1" 404 1011
181.212.40.185 - - [07/Mar/2024:16:39:18 -0300] "GET /cormun/servlet/solicitudot?6bdb018c34b75728a7d64202c97f7c96577ae86c27124b9dfcd9a52c97796e0241d68447c9cc22fa1394d53d5c679f5e33562b4653b997ccc84358428d0dae9e806b8fecdd1fe5620d6cf12ebd24fd5982b56d929cd1f6afb2e319298c39d66b7abf21832576851fac86ea9b9f76f3735e95a2267cf2ecf3a334c938886a20606fe9516bfb5c28ed0d24bc52b56472352a56e53ea25950f19eee92a9602946266d73ce9e434f37c9022401b1b12e9091e90a05b3a17dbfa641a79042a0184abf235f224ade192918fc1db09cee1506b2,gx-no-cache=1709840200016 HTTP/1.1" 200 29
200.54.103.162 - - [07/Mar/2024:16:39:18 -0300] "GET /cormun/servlet/solicitudotadjuntos?9f9cb995779e4f5d12e109bd9adf25471d0fee765e6c986cea29c8e610a161e210978bfbb867f73d03dce72e88307331,gx-no-cache=1709840200047 HTTP/1.1" 200 30
181.212.40.185 - - [07/Mar/2024:16:39:18 -0300] "GET /cormun/servlet/solicitudot?6bdb018c34b75728a7d64202c97f7c96510c1733c01478d2401f2fb94446410dee1b4bb1812bd8cc7fc406188b7c1849,gx-no-cache=1709840200033 HTTP/1.1" 200 30
181.212.40.185 - - [07/Mar/2024:16:39:18 -0300] "POST /cormun/servlet/solicitudot?gx-no-cache=1709840200052 HTTP/1.1" 200 30
200.54.103.162 - - [07/Mar/2024:16:39:18 -0300] "POST /cormun/servlet/solicitudotadjuntos?7bb4f4047cea21f040348cf7ebc07c24,INS,2024,20727,,1,,gx-no-cache=1709840200062 HTTP/1.1" 200 4185
181.212.40.185 - - [07/Mar/2024:16:39:18 -0300] "POST /cormun/servlet/solicitudot?927650924e3d6f224adcfb59cf0bf892,UPD,2024,20728,false,,gx-no-cache=1709840200071 HTTP/1.1" 200 93
181.212.40.185 - - [07/Mar/2024:16:39:18 -0300] "GET /cormun/servlet/hpexe_return? HTTP/1.1" 200 1039
181.212.40.185 - - [07/Mar/2024:16:39:18 -0300] "GET /cormun/servlet/trsolicitudot?gx-no-cache=1709838608916 HTTP/1.1" 200 9300
200.54.103.162 - - [07/Mar/2024:16:39:21 -0300] "POST /cormun/servlet/solicitudotadjuntos?gx-no-cache=1709840202782 HTTP/1.1" 200 26
200.54.103.162 - - [07/Mar/2024:16:39:26 -0300] "GET /cormun/servlet/solicitudotadjuntos?9f9cb995779e4f5d12e109bd9adf254776655a117baf84d9cc9a81e083471bbd,gx-no-cache=1709840207597 HTTP/1.1" 200 30
200.54.103.162 - - [07/Mar/2024:16:39:26 -0300] "GET /cormun/servlet/solicitudotadjuntos?9f9cb995779e4f5d12e109bd9adf254776655a117baf84d9cc9a81e083471bbd,gx-no-cache=1709840207608 HTTP/1.1" 200 30
200.54.103.162 - - [07/Mar/2024:16:39:26 -0300] "POST /cormun/servlet/solicitudotadjuntos?7bb4f4047cea21f040348cf7ebc07c24,INS,2024,20727,,1, HTTP/1.1" 200 116
200.54.103.162 - - [07/Mar/2024:16:39:26 -0300] "GET /cormun/servlet/hpexe_return? HTTP/1.1" 200 1024
200.54.103.162 - - [07/Mar/2024:16:39:27 -0300] "GET /cormun/servlet/trsolicitudadjuntos?2024,20727, HTTP/1.1" 200 10060
200.54.103.162 - - [07/Mar/2024:16:39:29 -0300] "GET /cormun/servlet/solicitudotadjuntos?INS,2024,20727,,1, HTTP/1.1" 200 6390
200.54.103.162 - - [07/Mar/2024:16:39:29 -0300] "GET /cormun/static/about:blank HTTP/1.1" 404 1011
200.54.103.162 - - [07/Mar/2024:16:39:29 -0300] "GET /cormun/servlet/solicitudotadjuntos?9f9cb995779e4f5d12e109bd9adf25471d0fee765e6c986cea29c8e610a161e210978bfbb867f73d03dce72e88307331,gx-no-cache=1709840211321 HTTP/1.1" 200 30
200.54.103.162 - - [07/Mar/2024:16:39:29 -0300] "POST /cormun/servlet/solicitudotadjuntos?7bb4f4047cea21f040348cf7ebc07c24,INS,2024,20727,,1,,gx-no-cache=1709840211338 HTTP/1.1" 200 4185
200.54.103.162 - - [07/Mar/2024:16:39:32 -0300] "POST /cormun/servlet/solicitudotadjuntos?gx-no-cache=1709840213710 HTTP/1.1" 200 26
181.212.40.185 - - [07/Mar/2024:16:39:35 -0300] "POST /cormun/servlet/trsolicitudot?927650924e3d6f224adcfb59cf0bf892,gx-no-cache=1709838608916,gx-no-cache=1709840216660 HTTP/1.1" 200 6205
181.212.40.185 - - [07/Mar/2024:16:39:35 -0300] "GET /cormun/static/Shared/jqueryui/images/ui-icons_82798d_256x240.png HTTP/1.1" 404 1089
181.212.40.185 - - [07/Mar/2024:16:39:35 -0300] "GET /cormun/static/Shared/jqueryui/images/ui-bg_highlight-soft_100_c6c2c8_1x100.png HTTP/1.1" 404 1117
181.212.40.185 - - [07/Mar/2024:16:39:35 -0300] "GET /cormun/static/Shared/jqueryui/images/ui-bg_flat_55_fafafa_40x100.png HTTP/1.1" 404 1097
181.212.40.185 - - [07/Mar/2024:16:39:35 -0300] "GET /cormun/static/Shared/jqueryui/images/ui-icons_8d78a5_256x240.png HTTP/1.1" 404 1089
181.212.40.185 - - [07/Mar/2024:16:39:35 -0300] "POST /cormun/servlet/trsolicitudot?927650924e3d6f224adcfb59cf0bf892,gx-no-cache=1709838608916,gx-no-cache=1709840216825 HTTP/1.1" 200 6148
181.212.40.185 - - [07/Mar/2024:16:39:36 -0300] "POST /cormun/servlet/trsolicitudot?927650924e3d6f224adcfb59cf0bf892,gx-no-cache=1709838608916,gx-no-cache=1709840217576 HTTP/1.1" 200 5896
181.212.40.185 - - [07/Mar/2024:16:39:36 -0300] "POST /cormun/servlet/trsolicitudot?927650924e3d6f224adcfb59cf0bf892,gx-no-cache=1709838608916,gx-no-cache=1709840217706 HTTP/1.1" 200 5839
200.54.103.162 - - [07/Mar/2024:16:39:36 -0300] "GET /cormun/servlet/solicitudotadjuntos?9f9cb995779e4f5d12e109bd9adf254776655a117baf84d9cc9a81e083471bbd,gx-no-cache=1709840218294 HTTP/1.1" 200 30
200.54.103.162 - - [07/Mar/2024:16:39:36 -0300] "GET /cormun/servlet/solicitudotadjuntos?9f9cb995779e4f5d12e109bd9adf254776655a117baf84d9cc9a81e083471bbd,gx-no-cache=1709840218304 HTTP/1.1" 200 30
181.212.40.185 - - [07/Mar/2024:16:39:37 -0300] "POST /cormun/servlet/trsolicitudot?927650924e3d6f224adcfb59cf0bf892,gx-no-cache=1709838608916,gx-no-cache=1709840218488 HTTP/1.1" 200 4598
181.212.40.185 - - [07/Mar/2024:16:39:37 -0300] "POST /cormun/servlet/trsolicitudot?927650924e3d6f224adcfb59cf0bf892,gx-no-cache=1709838608916,gx-no-cache=1709840219150 HTTP/1.1" 200 4358
200.54.103.162 - - [07/Mar/2024:16:39:37 -0300] "POST /cormun/servlet/solicitudotadjuntos?7bb4f4047cea21f040348cf7ebc07c24,INS,2024,20727,,1, HTTP/1.1" 200 116
200.54.103.162 - - [07/Mar/2024:16:39:37 -0300] "GET /cormun/servlet/hpexe_return? HTTP/1.1" 200 1024
200.54.103.162 - - [07/Mar/2024:16:39:38 -0300] "GET /cormun/servlet/trsolicitudadjuntos?2024,20727, HTTP/1.1" 200 10341
200.54.103.162 - - [07/Mar/2024:16:39:42 -0300] "GET /cormun/servlet/solicitudotadjuntos?INS,2024,20727,,1, HTTP/1.1" 200 6390
200.54.103.162 - - [07/Mar/2024:16:39:42 -0300] "GET /cormun/static/about:blank HTTP/1.1" 404 1011
200.54.103.162 - - [07/Mar/2024:16:39:43 -0300] "GET /cormun/servlet/solicitudotadjuntos?9f9cb995779e4f5d12e109bd9adf25471d0fee765e6c986cea29c8e610a161e210978bfbb867f73d03dce72e88307331,gx-no-cache=1709840224804 HTTP/1.1" 200 30
200.54.103.162 - - [07/Mar/2024:16:39:43 -0300] "POST /cormun/servlet/solicitudotadjuntos?7bb4f4047cea21f040348cf7ebc07c24,INS,2024,20727,,1,,gx-no-cache=1709840224819 HTTP/1.1" 200 4185
200.54.103.162 - - [07/Mar/2024:16:39:45 -0300] "POST /cormun/servlet/solicitudotadjuntos?gx-no-cache=1709840227246 HTTP/1.1" 200 26
200.54.103.162 - - [07/Mar/2024:16:39:50 -0300] "GET /cormun/servlet/solicitudotadjuntos?9f9cb995779e4f5d12e109bd9adf254776655a117baf84d9cc9a81e083471bbd,gx-no-cache=1709840232494 HTTP/1.1" 200 30
200.54.103.162 - - [07/Mar/2024:16:39:50 -0300] "GET /cormun/servlet/solicitudotadjuntos?9f9cb995779e4f5d12e109bd9adf254776655a117baf84d9cc9a81e083471bbd,gx-no-cache=1709840232504 HTTP/1.1" 200 30
200.54.103.162 - - [07/Mar/2024:16:39:51 -0300] "POST /cormun/servlet/solicitudotadjuntos?7bb4f4047cea21f040348cf7ebc07c24,INS,2024,20727,,1, HTTP/1.1" 200 116
200.54.103.162 - - [07/Mar/2024:16:39:51 -0300] "GET /cormun/servlet/hpexe_return? HTTP/1.1" 200 1024
200.54.103.162 - - [07/Mar/2024:16:39:52 -0300] "GET /cormun/servlet/trsolicitudadjuntos?2024,20727, HTTP/1.1" 200 10494
181.212.40.185 - - [07/Mar/2024:16:39:53 -0300] "GET /cormun/servlet/solicitudot?INS,0,0,false, HTTP/1.1" 200 16199
200.54.103.162 - - [07/Mar/2024:16:39:56 -0300] "POST /cormun/servlet/trsolicitudadjuntos?7bb4f4047cea21f040348cf7ebc07c24,2024,20727,,gx-no-cache=1709840238391 HTTP/1.1" 200 90
200.54.103.162 - - [07/Mar/2024:16:39:56 -0300] "GET /cormun/servlet/hpexe_link HTTP/1.1" 200 966
200.54.103.162 - - [07/Mar/2024:16:39:56 -0300] "GET /cormun/servlet/trsolicitudot HTTP/1.1" 200 10530
200.54.103.162 - - [07/Mar/2024:16:40:01 -0300] "POST /cormun/servlet/trsolicitudot?7bb4f4047cea21f040348cf7ebc07c24,gx-no-cache=1709840242742 HTTP/1.1" 200 107
200.54.103.162 - - [07/Mar/2024:16:40:01 -0300] "GET /cormun/servlet/trsolicitudadjuntos?2024,20731, HTTP/1.1" 200 10483
181.212.40.185 - - [07/Mar/2024:16:40:06 -0300] "POST /cormun/servlet/solicitudot?gx-no-cache=1709840247767 HTTP/1.1" 200 4031
181.212.40.185 - - [07/Mar/2024:16:40:06 -0300] "POST /cormun/servlet/solicitudot?927650924e3d6f224adcfb59cf0bf892,INS,0,0,false,,gx-no-cache=1709840247876 HTTP/1.1" 200 12897
200.54.103.162 - - [07/Mar/2024:16:40:08 -0300] "POST /cormun/servlet/trsolicitudadjuntos?7bb4f4047cea21f040348cf7ebc07c24,2024,20731,,gx-no-cache=1709840249543 HTTP/1.1" 200 90
200.54.103.162 - - [07/Mar/2024:16:40:08 -0300] "GET /cormun/servlet/hpexe_link HTTP/1.1" 200 966
200.54.103.162 - - [07/Mar/2024:16:40:08 -0300] "GET /cormun/servlet/trsolicitudot HTTP/1.1" 200 10530
181.212.40.185 - - [07/Mar/2024:16:40:08 -0300] "GET /cormun/servlet/solicitudot?6bdb018c34b75728a7d64202c97f7c96b5cfe29c8d1b03ebf04f2763dc915edd08f910a80322e73dd71d137372fc31a3,gx-no-cache=1709840249709 HTTP/1.1" 200 30
200.54.103.162 - - [07/Mar/2024:16:40:13 -0300] "POST /cormun/servlet/trsolicitudot?7bb4f4047cea21f040348cf7ebc07c24,gx-no-cache=1709840254785 HTTP/1.1" 200 107
200.54.103.162 - - [07/Mar/2024:16:40:13 -0300] "GET /cormun/servlet/trsolicitudadjuntos?2024,20731, HTTP/1.1" 200 10482
200.54.103.162 - - [07/Mar/2024:16:40:16 -0300] "GET /cormun/PublicTempStorage/ced.ident7472894.pdf HTTP/1.1" 200 525247
200.54.103.162 - - [07/Mar/2024:16:40:23 -0300] "GET /cormun/servlet/trsolicitudadjuntos?2024,20731, HTTP/1.1" 200 10482
200.54.103.162 - - [07/Mar/2024:16:40:26 -0300] "POST /cormun/servlet/trsolicitudadjuntos?7bb4f4047cea21f040348cf7ebc07c24,2024,20731,,gx-no-cache=1709840267639 HTTP/1.1" 200 90
200.54.103.162 - - [07/Mar/2024:16:40:26 -0300] "GET /cormun/servlet/hpexe_link HTTP/1.1" 200 966
200.54.103.162 - - [07/Mar/2024:16:40:26 -0300] "GET /cormun/servlet/trsolicitudot HTTP/1.1" 200 10530
200.54.103.162 - - [07/Mar/2024:16:40:30 -0300] "GET /cormun/servlet/vesolicitudot?2024,20731,, HTTP/1.1" 200 8706
200.54.103.162 - - [07/Mar/2024:16:40:30 -0300] "GET /cormun/static/gxcfg.js?202211298465857 HTTP/1.1" 200 953
200.54.103.162 - - [07/Mar/2024:16:40:30 -0300] "GET /cormun/pexe_scrolldiv.js HTTP/1.1" 404 1009
200.54.103.162 - - [07/Mar/2024:16:40:30 -0300] "GET /cormun/static/Resources/PXToolsTabFirstSelected.png HTTP/1.1" 200 1270
200.54.103.162 - - [07/Mar/2024:16:40:30 -0300] "GET /cormun/static/hwcviewtabs.js?201991422154026 HTTP/1.1" 200 1074
200.54.103.162 - - [07/Mar/2024:16:40:30 -0300] "GET /cormun/static/vesolicitudot.js?202211298465886 HTTP/1.1" 200 6091
200.54.103.162 - - [07/Mar/2024:16:40:30 -0300] "GET /cormun/static/hpexe_tabsview.js?2020121447381 HTTP/1.1" 200 1661
200.54.103.162 - - [07/Mar/2024:16:40:30 -0300] "GET /cormun/static/Resources/PXToolsTabPrevious.gif HTTP/1.1" 200 172
200.54.103.162 - - [07/Mar/2024:16:40:30 -0300] "GET /cormun/static/Resources/PXToolsTabLastUnselected.png HTTP/1.1" 200 1297
200.54.103.162 - - [07/Mar/2024:16:40:30 -0300] "GET /cormun/static/tbsolicitudot01.js?20201214462316 HTTP/1.1" 200 30566
200.54.103.162 - - [07/Mar/2024:16:40:30 -0300] "GET /cormun/static/Resources/PXToolsTabNext.gif HTTP/1.1" 200 168
200.54.103.162 - - [07/Mar/2024:16:40:30 -0300] "GET /cormun/static/calendar-system.css HTTP/1.1" 200 5572
200.54.103.162 - - [07/Mar/2024:16:40:30 -0300] "GET /cormun/static/Resources/PXToolsTabBackUnselected.png HTTP/1.1" 200 1175
200.54.103.162 - - [07/Mar/2024:16:40:30 -0300] "GET /cormun/static/Resources/PXToolsTabBackSelected.png HTTP/1.1" 200 1157
200.54.103.162 - - [07/Mar/2024:16:40:30 -0300] "GET /cormun/static/Resources/PXToolsTabUnselectedUnselected.png HTTP/1.1" 200 1470
200.54.103.162 - - [07/Mar/2024:16:40:30 -0300] "GET /cormun/static/Resources/PXToolsTabSelectedUnselected.png HTTP/1.1" 200 1451
200.54.103.162 - - [07/Mar/2024:16:41:16 -0300] "POST /cormun/servlet/vesolicitudot?7bb4f4047cea21f040348cf7ebc07c24,2024,20731,,,gx-no-cache=1709840317890 HTTP/1.1" 200 93
200.54.103.162 - - [07/Mar/2024:16:41:16 -0300] "GET /cormun/servlet/hpexe_return? HTTP/1.1" 200 1007
200.54.103.162 - - [07/Mar/2024:16:41:16 -0300] "GET /cormun/servlet/trsolicitudot HTTP/1.1" 200 10533
200.54.103.162 - - [07/Mar/2024:16:41:18 -0300] "GET /cormun/servlet/vesolicitudot?2024,20730,, HTTP/1.1" 200 8690
200.54.103.162 - - [07/Mar/2024:16:41:18 -0300] "GET /cormun/pexe_scrolldiv.js HTTP/1.1" 404 1009
200.54.103.162 - - [07/Mar/2024:16:41:52 -0300] "POST /cormun/servlet/vesolicitudot?7bb4f4047cea21f040348cf7ebc07c24,2024,20730,,,gx-no-cache=1709840354324 HTTP/1.1" 200 93
200.54.103.162 - - [07/Mar/2024:16:41:52 -0300] "GET /cormun/servlet/hpexe_return? HTTP/1.1" 200 1008
200.54.103.162 - - [07/Mar/2024:16:41:52 -0300] "GET /cormun/servlet/trsolicitudot HTTP/1.1" 200 10533
200.54.103.162 - - [07/Mar/2024:16:41:55 -0300] "GET /cormun/servlet/vesolicitudot?2024,20729,, HTTP/1.1" 200 8688
200.54.103.162 - - [07/Mar/2024:16:41:55 -0300] "GET /cormun/pexe_scrolldiv.js HTTP/1.1" 404 1009
200.54.103.162 - - [07/Mar/2024:16:42:03 -0300] "POST /cormun/servlet/vesolicitudot?7bb4f4047cea21f040348cf7ebc07c24,2024,20729,,,gx-no-cache=1709840364768 HTTP/1.1" 200 93
200.54.103.162 - - [07/Mar/2024:16:42:03 -0300] "GET /cormun/servlet/hpexe_return? HTTP/1.1" 200 1008
200.54.103.162 - - [07/Mar/2024:16:42:03 -0300] "GET /cormun/servlet/trsolicitudot HTTP/1.1" 200 10533
200.54.103.162 - - [07/Mar/2024:16:42:05 -0300] "GET /cormun/servlet/vesolicitudot?2024,20727,, HTTP/1.1" 200 8708
200.54.103.162 - - [07/Mar/2024:16:42:05 -0300] "GET /cormun/pexe_scrolldiv.js HTTP/1.1" 404 1009
200.54.103.162 - - [07/Mar/2024:16:42:13 -0300] "POST /cormun/servlet/vesolicitudot?7bb4f4047cea21f040348cf7ebc07c24,2024,20727,,,gx-no-cache=1709840374793 HTTP/1.1" 200 93
200.54.103.162 - - [07/Mar/2024:16:42:13 -0300] "GET /cormun/servlet/hpexe_return? HTTP/1.1" 200 1007
200.54.103.162 - - [07/Mar/2024:16:42:13 -0300] "GET /cormun/servlet/trsolicitudot HTTP/1.1" 200 10533
200.54.103.162 - - [07/Mar/2024:16:42:17 -0300] "GET /cormun/servlet/vesolicitudot?2024,20724,, HTTP/1.1" 200 8710
200.54.103.162 - - [07/Mar/2024:16:42:17 -0300] "GET /cormun/pexe_scrolldiv.js HTTP/1.1" 404 1009
200.54.103.162 - - [07/Mar/2024:16:42:25 -0300] "POST /cormun/servlet/vesolicitudot?7bb4f4047cea21f040348cf7ebc07c24,2024,20724,,,gx-no-cache=1709840386896 HTTP/1.1" 200 93
200.54.103.162 - - [07/Mar/2024:16:42:25 -0300] "GET /cormun/servlet/hpexe_return? HTTP/1.1" 200 1007
200.54.103.162 - - [07/Mar/2024:16:42:25 -0300] "GET /cormun/servlet/trsolicitudot HTTP/1.1" 200 10533
200.54.103.162 - - [07/Mar/2024:16:42:28 -0300] "POST /cormun/servlet/trsolicitudot?7bb4f4047cea21f040348cf7ebc07c24,gx-no-cache=1709840390280 HTTP/1.1" 200 109
200.54.103.162 - - [07/Mar/2024:16:42:29 -0300] "GET /cormun/servlet/solicitudot?UPD,2024,20724,false, HTTP/1.1" 200 16910
200.54.103.162 - - [07/Mar/2024:16:42:30 -0300] "POST /cormun/servlet/solicitudot?gx-no-cache=1709840391209 HTTP/1.1" 200 4095
200.54.103.162 - - [07/Mar/2024:16:42:30 -0300] "POST /cormun/servlet/solicitudot?7bb4f4047cea21f040348cf7ebc07c24,UPD,2024,20724,false,,gx-no-cache=1709840391714 HTTP/1.1" 200 13027
200.54.103.162 - - [07/Mar/2024:16:42:30 -0300] "GET /cormun/servlet/solicitudot?9f9cb995779e4f5d12e109bd9adf2547f2cd905b59e2b527534adcbd5258138675e288576159793ef2dc030ad29c0bcf,gx-no-cache=1709840391799 HTTP/1.1" 200 30
200.54.103.162 - - [07/Mar/2024:16:42:30 -0300] "GET /cormun/servlet/solicitudot?9f9cb995779e4f5d12e109bd9adf2547755b1bc6cf98b7c49bbfb0f4a6b36101587d505b32271d69b1d22730ed74847e9d7eca1c641af2d05ea4c7ddaf5890f4,gx-no-cache=1709840391813 HTTP/1.1" 200 30
200.54.103.162 - - [07/Mar/2024:16:42:30 -0300] "GET /cormun/servlet/solicitudot?9f9cb995779e4f5d12e109bd9adf254704940592c4a479a4bba967c5fd454019a958cae912ce4997ebf3433cc6f1f7243f26df47384f80c75710e0b57d241cfd,gx-no-cache=1709840391827 HTTP/1.1" 200 53
200.54.103.162 - - [07/Mar/2024:16:42:30 -0300] "POST /cormun/servlet/solicitudot?gx-no-cache=1709840391841 HTTP/1.1" 200 254
200.54.103.162 - - [07/Mar/2024:16:42:30 -0300] "GET /cormun/servlet/solicitudot?9f9cb995779e4f5d12e109bd9adf2547e66682050ac63307c8abf427cf72d8e17c06874e77148967ab2d36b8e29a99f05edf4c442570c0f4d464481ef9287ce099943c13519b5e678ef89b083da7a3e3f6b95f8efcaa547f46124f9213fe756e00f88df7471add95178cc747fdd9e06fcbf59c3fb14373c4dcdfdcc87f4e6fb68318c374a6d965564b549ff0bbe6c2c9826481f9a82e0804c60649a2f139b56c9fc6f77459a60f95c44db0e36e778d0dc0668e37fc9610883b7a6936b45f34d6b8727fe6fdc057d3937009f00fa42c3b94b3c004f6b3f9cbba4c14f66c750ee86e68fe277d0698978c623a4dc2e5911a2b64d79efde520e423502973424c28e218826982fca0851695df188bdf7f5587da891cfb05f42df9dcc4b014041b3594fc5dc1d03bee1528a8bd62c6efc471a5f9f445ecb09594d845cb0079c2fd00bafc6241801251838fb8ba8718080f2dba9c5cb901b26127ffabc1ceb0ce6d77f8087e7652de556321475072a4c76362d8469adce6896f7a454ab684c6254d750c,gx-no-cache=1709840391858 HTTP/1.1" 200 30
200.54.103.162 - - [07/Mar/2024:16:42:30 -0300] "POST /cormun/servlet/solicitudot?gx-no-cache=1709840391871 HTTP/1.1" 200 30
200.54.103.162 - - [07/Mar/2024:16:42:30 -0300] "POST /cormun/servlet/solicitudot?gx-no-cache=1709840391888 HTTP/1.1" 200 1470
200.54.103.162 - - [07/Mar/2024:16:42:30 -0300] "POST /cormun/servlet/solicitudot?gx-no-cache=1709840391912 HTTP/1.1" 200 41
200.54.103.162 - - [07/Mar/2024:16:42:39 -0300] "POST /cormun/servlet/solicitudot?gx-no-cache=1709840401054 HTTP/1.1" 200 30
200.54.103.162 - - [07/Mar/2024:16:42:39 -0300] "POST /cormun/servlet/solicitudot?gx-no-cache=1709840401074 HTTP/1.1" 200 1470
200.54.103.162 - - [07/Mar/2024:16:42:39 -0300] "POST /cormun/servlet/solicitudot?gx-no-cache=1709840401099 HTTP/1.1" 200 41
200.54.103.162 - - [07/Mar/2024:16:42:39 -0300] "GET /cormun/servlet/solicitudot?9f9cb995779e4f5d12e109bd9adf25479741dff6ee7cb619fcf7e0dd1edb0315032c967e57b70e773c12072aec396a533c5696225383b054b18d28770463cbc8f0d7587664987f0963b7edd353bcc18764bcf514fbf4f6ffa723625c7afbac6dead705c658cefb6ff61d0cf0ee40a618,gx-no-cache=1709840401115 HTTP/1.1" 200 110
200.54.103.162 - - [07/Mar/2024:16:42:39 -0300] "POST /cormun/servlet/solicitudot?gx-no-cache=1709840401135 HTTP/1.1" 200 97
200.54.103.162 - - [07/Mar/2024:16:42:39 -0300] "GET /cormun/servlet/solicitudot?9f9cb995779e4f5d12e109bd9adf2547b797bed96336d82571c0dd8068baac2210ffded4e6bf5f987e5bd84162c4246f01da7f39b6f5636643a0c6441739ce56f724f4c3b09c7bebd447e7a4e08f3bfea10e785ba86d85ca434229f9044c70baba510d5ea920c66db1820f54505325d8234f78a58ff8f3fbc55ef31a28f45528ec99c5741269f3342aef413ccd8293403b4fd2679e8e544c782e8ff511535ce5,gx-no-cache=1709840401155 HTTP/1.1" 200 29
200.54.103.162 - - [07/Mar/2024:16:42:39 -0300] "GET /cormun/servlet/solicitudot?9f9cb995779e4f5d12e109bd9adf2547f7ae2c6bd404a93b9f0c30565fb5c8de1ac4097f8dac2a6cd4823a857e6935a6,gx-no-cache=1709840401167 HTTP/1.1" 200 30
200.54.103.162 - - [07/Mar/2024:16:42:39 -0300] "POST /cormun/servlet/solicitudot?gx-no-cache=1709840401181 HTTP/1.1" 200 30
200.54.103.162 - - [07/Mar/2024:16:42:39 -0300] "POST /cormun/servlet/solicitudot?7bb4f4047cea21f040348cf7ebc07c24,UPD,2024,20724,false,,gx-no-cache=1709840401197 HTTP/1.1" 200 93
200.54.103.162 - - [07/Mar/2024:16:42:39 -0300] "GET /cormun/servlet/hpexe_return? HTTP/1.1" 200 1011
200.54.103.162 - - [07/Mar/2024:16:42:39 -0300] "GET /cormun/servlet/trsolicitudot HTTP/1.1" 200 10533
200.54.103.162 - - [07/Mar/2024:16:43:08 -0300] "GET /cormun/servlet/vesolicitudot?2024,20731,, HTTP/1.1" 200 8706
200.54.103.162 - - [07/Mar/2024:16:43:08 -0300] "GET /cormun/pexe_scrolldiv.js HTTP/1.1" 404 1009
200.54.103.162 - - [07/Mar/2024:16:43:15 -0300] "POST /cormun/servlet/vesolicitudot?7bb4f4047cea21f040348cf7ebc07c24,2024,20731,,,gx-no-cache=1709840436659 HTTP/1.1" 200 93
200.54.103.162 - - [07/Mar/2024:16:43:15 -0300] "GET /cormun/servlet/hpexe_return? HTTP/1.1" 200 1007
200.54.103.162 - - [07/Mar/2024:16:43:15 -0300] "GET /cormun/servlet/trsolicitudot HTTP/1.1" 200 10533
200.54.103.162 - - [07/Mar/2024:16:43:18 -0300] "POST /cormun/servlet/trsolicitudot?7bb4f4047cea21f040348cf7ebc07c24,gx-no-cache=1709840439890 HTTP/1.1" 200 110
200.54.103.162 - - [07/Mar/2024:16:43:18 -0300] "GET /cormun/servlet/solicitudot?UPD,2024,20731,false, HTTP/1.1" 200 16972
200.54.103.162 - - [07/Mar/2024:16:43:19 -0300] "POST /cormun/servlet/solicitudot?gx-no-cache=1709840440595 HTTP/1.1" 200 4103
200.54.103.162 - - [07/Mar/2024:16:43:19 -0300] "POST /cormun/servlet/solicitudot?7bb4f4047cea21f040348cf7ebc07c24,UPD,2024,20731,false,,gx-no-cache=1709840440695 HTTP/1.1" 200 13035
200.54.103.162 - - [07/Mar/2024:16:43:19 -0300] "GET /cormun/servlet/solicitudot?9f9cb995779e4f5d12e109bd9adf2547fa9218891c35699abb52ca932a81792f75e288576159793ef2dc030ad29c0bcf,gx-no-cache=1709840440777 HTTP/1.1" 200 30
200.54.103.162 - - [07/Mar/2024:16:43:19 -0300] "GET /cormun/servlet/solicitudot?9f9cb995779e4f5d12e109bd9adf25470ca6cbbab4efe89095b4d20eb7b30cd4fa6054524d297d4cdaed1f600f37cd747b5e52ec156347671fcd26c4132c86d8,gx-no-cache=1709840440792 HTTP/1.1" 200 30
200.54.103.162 - - [07/Mar/2024:16:43:19 -0300] "GET /cormun/servlet/solicitudot?9f9cb995779e4f5d12e109bd9adf254704940592c4a479a4bba967c5fd454019a958cae912ce4997ebf3433cc6f1f7243f26df47384f80c75710e0b57d241cfd,gx-no-cache=1709840440805 HTTP/1.1" 200 53
200.54.103.162 - - [07/Mar/2024:16:43:19 -0300] "POST /cormun/servlet/solicitudot?gx-no-cache=1709840440819 HTTP/1.1" 200 254
200.54.103.162 - - [07/Mar/2024:16:43:19 -0300] "GET /cormun/servlet/solicitudot?9f9cb995779e4f5d12e109bd9adf2547e66682050ac63307c8abf427cf72d8e17c06874e77148967ab2d36b8e29a99f05edf4c442570c0f4d464481ef9287ce099943c13519b5e678ef89b083da7a3e3f6b95f8efcaa547f46124f9213fe756e00f88df7471add95178cc747fdd9e06fcbf59c3fb14373c4dcdfdcc87f4e6fb68318c374a6d965564b549ff0bbe6c2c9826481f9a82e0804c60649a2f139b56c9fc6f77459a60f95c44db0e36e778d0dc0668e37fc9610883b7a6936b45f34d6b8727fe6fdc057d3937009f00fa42c3b94b3c004f6b3f9cbba4c14f66c750ee86e68fe277d0698978c623a4dc2e5911a2b64d79efde520e423502973424c28e218826982fca0851695df188bdf7f5587da891cfb05f42df9dcc4b014041b3594fc5dc1d03bee1528a8bd62c6efc471a5f9f445ecb09594d845cb0079c2fd00bafc6241801251838fb8ba8718080f2dba9c5cb901b26127ffabc1ceb0ce6d77f8087e7652de556321475072a4c76362d8469adce6896f7a454ab684c6254d750c,gx-no-cache=1709840440837 HTTP/1.1" 200 30
200.54.103.162 - - [07/Mar/2024:16:43:19 -0300] "POST /cormun/servlet/solicitudot?gx-no-cache=1709840440851 HTTP/1.1" 200 30
200.54.103.162 - - [07/Mar/2024:16:43:19 -0300] "POST /cormun/servlet/solicitudot?gx-no-cache=1709840440865 HTTP/1.1" 200 1467
200.54.103.162 - - [07/Mar/2024:16:43:19 -0300] "POST /cormun/servlet/solicitudot?gx-no-cache=1709840440881 HTTP/1.1" 200 41
200.54.103.162 - - [07/Mar/2024:16:43:26 -0300] "POST /cormun/servlet/solicitudot?gx-no-cache=1709840447991 HTTP/1.1" 200 254
200.54.103.162 - - [07/Mar/2024:16:43:26 -0300] "GET /cormun/servlet/solicitudot?9f9cb995779e4f5d12e109bd9adf2547e66682050ac63307c8abf427cf72d8e17c06874e77148967ab2d36b8e29a99f05edf4c442570c0f4d464481ef9287ce099943c13519b5e678ef89b083da7a3e3f6b95f8efcaa547f46124f9213fe756e00f88df7471add95178cc747fdd9e06fcbf59c3fb14373c4dcdfdcc87f4e6fb68318c374a6d965564b549ff0bbe6c2c9826481f9a82e0804c60649a2f139b56c9fc6f77459a60f95c44db0e36e778d0dc0668e37fc9610883b7a6936b45f34d6b8727fe6fdc057d3937009f00fa42c3b94b3c004f6b3f9cbba4c14f66c750ee86e68fe277d0698978c623a4dc2e5911a2b64d79efde520e423502973424c28e218826982fca0851695df188bdf7f5587da891cfb05f42df9dcc4b014041b3594fc5dc1d03bee1528a8bd62c6efc471a5f9f445ecb09594d845cb0079c2fd00bafc6241801251838fb8ba8718080f2dba9c5cb901b26127ffabc1ceb0ce6d77f8087e7652de556321475072a4c76362d8469adce6896f7a454ab684c6254d750c,gx-no-cache=1709840448014 HTTP/1.1" 200 30
200.54.103.162 - - [07/Mar/2024:16:43:26 -0300] "POST /cormun/servlet/solicitudot?gx-no-cache=1709840448030 HTTP/1.1" 200 30
200.54.103.162 - - [07/Mar/2024:16:43:26 -0300] "POST /cormun/servlet/solicitudot?gx-no-cache=1709840448049 HTTP/1.1" 200 1467
200.54.103.162 - - [07/Mar/2024:16:43:26 -0300] "POST /cormun/servlet/solicitudot?gx-no-cache=1709840448072 HTTP/1.1" 200 41
200.54.103.162 - - [07/Mar/2024:16:43:26 -0300] "GET /cormun/servlet/solicitudot?9f9cb995779e4f5d12e109bd9adf25479741dff6ee7cb619fcf7e0dd1edb0315032c967e57b70e773c12072aec396a533c5696225383b054b18d28770463cbc8f0d7587664987f0963b7edd353bcc18764bcf514fbf4f6ffa723625c7afbac6dead705c658cefb6ff61d0cf0ee40a618,gx-no-cache=1709840448087 HTTP/1.1" 200 110
200.54.103.162 - - [07/Mar/2024:16:43:26 -0300] "POST /cormun/servlet/solicitudot?gx-no-cache=1709840448104 HTTP/1.1" 200 97
