200.54.103.162 - - [07/Mar/2024:16:43:26 -0300] "GET /cormun/servlet/solicitudot?9f9cb995779e4f5d12e109bd9adf2547938d5eecb7a6a903b8d9ffd0fa24871110ffded4e6bf5f987e5bd84162c4246f396f133d4cc7a6e0564dcedbe6d9bbdaf724f4c3b09c7bebd447e7a4e08f3bfea10e785ba86d85ca434229f9044c70baba510d5ea920c66db1820f54505325d8234f78a58ff8f3fbc55ef31a28f45528ec99c5741269f3342aef413ccd8293403b4fd2679e8e544c782e8ff511535ce5,gx-no-cache=1709840448124 HTTP/1.1" 200 29
200.54.103.162 - - [07/Mar/2024:16:43:26 -0300] "GET /cormun/servlet/solicitudot?9f9cb995779e4f5d12e109bd9adf2547f7ae2c6bd404a93b9f0c30565fb5c8deb3021e339971643a3c6aa119bdd77264,gx-no-cache=1709840448138 HTTP/1.1" 200 30
200.54.103.162 - - [07/Mar/2024:16:43:26 -0300] "POST /cormun/servlet/solicitudot?gx-no-cache=1709840448153 HTTP/1.1" 200 30
200.54.103.162 - - [07/Mar/2024:16:43:26 -0300] "POST /cormun/servlet/solicitudot?7bb4f4047cea21f040348cf7ebc07c24,UPD,2024,20731,false,,gx-no-cache=1709840448169 HTTP/1.1" 200 93
200.54.103.162 - - [07/Mar/2024:16:43:26 -0300] "GET /cormun/servlet/hpexe_return? HTTP/1.1" 200 1011
200.54.103.162 - - [07/Mar/2024:16:43:26 -0300] "GET /cormun/servlet/trsolicitudot HTTP/1.1" 200 10533
181.212.40.185 - - [07/Mar/2024:16:43:47 -0300] "GET /cormun/servlet/prbanco?,MD,,gxPopupLevel%3D0%3B HTTP/1.1" 200 6546
200.54.103.162 - - [07/Mar/2024:16:43:50 -0300] "GET /cormun/servlet/vesolicitudot?2024,20731,, HTTP/1.1" 200 8709
200.54.103.162 - - [07/Mar/2024:16:43:50 -0300] "GET /cormun/pexe_scrolldiv.js HTTP/1.1" 404 1009
181.212.40.185 - - [07/Mar/2024:16:43:54 -0300] "GET /cormun/servlet/solicitudot?6bdb018c34b75728a7d64202c97f7c96eebf1706db836910d9fbc9b7d5696fb54e3cf5880ee34d706b15db00aeb575dd1976c4e5d99e055e251eba281ea14057,gx-no-cache=1709840476085 HTTP/1.1" 200 30
181.212.40.185 - - [07/Mar/2024:16:43:58 -0300] "GET /cormun/servlet/solicitudot?6bdb018c34b75728a7d64202c97f7c9675dc6ae7164dee60a4a349cd1bfd48ed,gx-no-cache=1709840480344 HTTP/1.1" 200 57
200.54.103.162 - - [07/Mar/2024:16:44:06 -0300] "POST /cormun/servlet/vesolicitudot?7bb4f4047cea21f040348cf7ebc07c24,2024,20731,,,gx-no-cache=1709840487986 HTTP/1.1" 200 93
200.54.103.162 - - [07/Mar/2024:16:44:06 -0300] "GET /cormun/servlet/hpexe_return? HTTP/1.1" 200 1007
200.54.103.162 - - [07/Mar/2024:16:44:06 -0300] "GET /cormun/servlet/trsolicitudot HTTP/1.1" 200 10533
181.212.40.185 - - [07/Mar/2024:16:44:10 -0300] "POST /cormun/servlet/solicitudot?gx-no-cache=1709840492429 HTTP/1.1" 200 255
181.212.40.185 - - [07/Mar/2024:16:44:12 -0300] "GET /cormun/servlet/solicitudot?6bdb018c34b75728a7d64202c97f7c96a198f262a6f7995e1cb8701ad44da1dff6b6b5f13fee5165a4b1a777ec0824e5139d6061835c48f28bfac39e6c222cb54b60c3e9b6dfdf86576b1633a69e728de90c38ec257907ddf8230e0e4f18d25cf80918bd72189fa382d276f3843db481e7c6c51fa4e256482fc4341a3db81afa1e75934bada1aa158b15a64ab21a818c493965237faea10adc23768746ab13e3c6fc5bf1f50db54c10b3f2e30b8154a5d80e8b6fa621212daa3d4d3e85002681d599d4011d04eed45023abd7d3c978940db918a5e95a7620b9f018bcd86dfb013f9a581c12e64ff63a685312c4d15ff50607a6b260ba745d634a543ab71058e46e2850b8da3f86f8ef7ce69642bd8efc0489d0e4cae1de4fd7cb28da340c698ad51c42c63217593068182fd26b01f269d36ee0e5b7a3619c5ae257e04030b27b2c5da556e4699bdd5c7357c654b3776d53f5d0beb3f324ec02e5e77971f0a9e1824f36c99c43a54e2db64bec66f5f65b82a0ca5caf8346946ee284326d84d7e0,gx-no-cache=1709840493718 HTTP/1.1" 200 30
181.212.40.185 - - [07/Mar/2024:16:44:14 -0300] "POST /cormun/servlet/solicitudot?gx-no-cache=1709840495909 HTTP/1.1" 200 30
181.212.40.185 - - [07/Mar/2024:16:44:15 -0300] "POST /cormun/servlet/solicitudot?gx-no-cache=1709840497170 HTTP/1.1" 200 1468
181.212.40.185 - - [07/Mar/2024:16:44:15 -0300] "POST /cormun/servlet/solicitudot?gx-no-cache=1709840497193 HTTP/1.1" 200 38
200.54.103.162 - - [07/Mar/2024:16:44:22 -0300] "GET /cormun/servlet/vesolicitudot?2024,20724,, HTTP/1.1" 200 8714
200.54.103.162 - - [07/Mar/2024:16:44:22 -0300] "GET /cormun/pexe_scrolldiv.js HTTP/1.1" 404 1009
181.212.40.185 - - [07/Mar/2024:16:44:24 -0300] "GET /cormun/servlet/solicitudot?6bdb018c34b75728a7d64202c97f7c96e0541bfb683613e9c4857a43d9621698e34e36acff3b8ba8f1d0275507b735c3e18b4fde070f4b18a56dca671513dacdba11ec8e10b4eac3b9bd7627618552995140a3f62f41eef7ccfb3c353b4f95fe48f23036b668a5828b83e1c4f5baa1e9,gx-no-cache=1709840506408 HTTP/1.1" 200 110
181.212.40.185 - - [07/Mar/2024:16:44:39 -0300] "POST /cormun/servlet/solicitudot?gx-no-cache=1709840521446 HTTP/1.1" 200 97
200.54.103.162 - - [07/Mar/2024:16:44:40 -0300] "POST /cormun/servlet/vesolicitudot?7bb4f4047cea21f040348cf7ebc07c24,2024,20724,,,gx-no-cache=1709840521883 HTTP/1.1" 200 93
200.54.103.162 - - [07/Mar/2024:16:44:40 -0300] "GET /cormun/servlet/hpexe_return? HTTP/1.1" 200 1007
200.54.103.162 - - [07/Mar/2024:16:44:40 -0300] "GET /cormun/servlet/trsolicitudot HTTP/1.1" 200 10533
200.54.103.162 - - [07/Mar/2024:16:44:45 -0300] "POST /cormun/servlet/trsolicitudot?7bb4f4047cea21f040348cf7ebc07c24,gx-no-cache=1709840526245 HTTP/1.1" 200 7230
200.54.103.162 - - [07/Mar/2024:16:44:45 -0300] "GET /cormun/static/Shared/jqueryui/images/ui-bg_highlight-soft_100_c6c2c8_1x100.png HTTP/1.1" 404 1117
181.212.40.185 - - [07/Mar/2024:16:44:45 -0300] "GET /cormun/servlet/solicitudot?6bdb018c34b75728a7d64202c97f7c961b17f6aac893a3daed5cab2fbfc962c9de9c67c16b18aa27b8a63ff797e0146eed544a1f4a2d0906919237145b0b962cdb477bba5147ddea084729c65821a1d24e88b6ac0f86539bd6ee45c14395057a0d56f0a92eb3609f35d6b78b9f543268,gx-no-cache=1709840526613 HTTP/1.1" 200 29
200.54.103.162 - - [07/Mar/2024:16:44:45 -0300] "GET /cormun/static/Shared/jqueryui/images/ui-icons_8d78a5_256x240.png HTTP/1.1" 404 1089
200.54.103.162 - - [07/Mar/2024:16:44:45 -0300] "GET /cormun/static/Shared/jqueryui/images/ui-bg_flat_55_fafafa_40x100.png HTTP/1.1" 404 1097
200.54.103.162 - - [07/Mar/2024:16:44:45 -0300] "GET /cormun/static/Shared/jqueryui/images/ui-icons_82798d_256x240.png HTTP/1.1" 404 1089
181.212.40.185 - - [07/Mar/2024:16:44:45 -0300] "GET /cormun/static/menuarrow.gif HTTP/1.1" 404 1015
200.54.103.162 - - [07/Mar/2024:16:44:45 -0300] "POST /cormun/servlet/trsolicitudot?7bb4f4047cea21f040348cf7ebc07c24,gx-no-cache=1709840526692 HTTP/1.1" 200 7174
200.54.103.162 - - [07/Mar/2024:16:44:46 -0300] "POST /cormun/servlet/trsolicitudot?7bb4f4047cea21f040348cf7ebc07c24,gx-no-cache=1709840527462 HTTP/1.1" 200 6866
200.54.103.162 - - [07/Mar/2024:16:44:46 -0300] "POST /cormun/servlet/trsolicitudot?7bb4f4047cea21f040348cf7ebc07c24,gx-no-cache=1709840527683 HTTP/1.1" 200 6809
181.212.40.185 - - [07/Mar/2024:16:44:47 -0300] "GET /cormun/servlet/solicitudot?6bdb018c34b75728a7d64202c97f7c96510c1733c01478d2401f2fb94446410dee1b4bb1812bd8cc7fc406188b7c1849,gx-no-cache=1709840528884 HTTP/1.1" 200 30
200.54.103.162 - - [07/Mar/2024:16:44:47 -0300] "POST /cormun/servlet/trsolicitudot?7bb4f4047cea21f040348cf7ebc07c24,gx-no-cache=1709840529295 HTTP/1.1" 200 6497
200.54.103.162 - - [07/Mar/2024:16:44:47 -0300] "POST /cormun/servlet/trsolicitudot?7bb4f4047cea21f040348cf7ebc07c24,gx-no-cache=1709840529417 HTTP/1.1" 200 6442
200.54.103.162 - - [07/Mar/2024:16:44:49 -0300] "POST /cormun/servlet/trsolicitudot?7bb4f4047cea21f040348cf7ebc07c24,gx-no-cache=1709840530671 HTTP/1.1" 200 6091
200.54.103.162 - - [07/Mar/2024:16:44:49 -0300] "POST /cormun/servlet/trsolicitudot?7bb4f4047cea21f040348cf7ebc07c24,gx-no-cache=1709840531071 HTTP/1.1" 200 6034
200.54.103.162 - - [07/Mar/2024:16:44:50 -0300] "POST /cormun/servlet/trsolicitudot?7bb4f4047cea21f040348cf7ebc07c24,gx-no-cache=1709840531854 HTTP/1.1" 200 6308
181.212.40.185 - - [07/Mar/2024:16:44:50 -0300] "POST /cormun/servlet/solicitudot?gx-no-cache=1709840531953 HTTP/1.1" 200 30
200.54.103.162 - - [07/Mar/2024:16:44:58 -0300] "POST /cormun/servlet/trsolicitudot?7bb4f4047cea21f040348cf7ebc07c24,gx-no-cache=1709840539886 HTTP/1.1" 200 6308
181.212.40.185 - - [07/Mar/2024:16:45:00 -0300] "POST /cormun/servlet/solicitudot?927650924e3d6f224adcfb59cf0bf892,INS,0,0,false,,gx-no-cache=1709840541273 HTTP/1.1" 200 93
181.212.40.185 - - [07/Mar/2024:16:45:00 -0300] "GET /cormun/servlet/hpexe_return? HTTP/1.1" 200 1034
181.212.40.185 - - [07/Mar/2024:16:45:00 -0300] "GET /cormun/servlet/trsolicitudot?gx-no-cache=1709838608916 HTTP/1.1" 200 8726
200.54.103.162 - - [07/Mar/2024:16:45:04 -0300] "POST /cormun/servlet/trsolicitudot?7bb4f4047cea21f040348cf7ebc07c24,gx-no-cache=1709840545897 HTTP/1.1" 200 107
200.54.103.162 - - [07/Mar/2024:16:45:04 -0300] "GET /cormun/servlet/trsolicitudadjuntos?2024,20724, HTTP/1.1" 200 6447
200.54.103.162 - - [07/Mar/2024:16:45:06 -0300] "GET /cormun/servlet/solicitudotadjuntos?INS,2024,20724,,1, HTTP/1.1" 200 6387
200.54.103.162 - - [07/Mar/2024:16:45:06 -0300] "GET /cormun/static/about:blank HTTP/1.1" 404 1011
200.54.103.162 - - [07/Mar/2024:16:45:07 -0300] "GET /cormun/servlet/solicitudotadjuntos?9f9cb995779e4f5d12e109bd9adf2547c77af00f46e5deb47020c318bb4d317f10978bfbb867f73d03dce72e88307331,gx-no-cache=1709840548665 HTTP/1.1" 200 30
200.54.103.162 - - [07/Mar/2024:16:45:07 -0300] "POST /cormun/servlet/solicitudotadjuntos?7bb4f4047cea21f040348cf7ebc07c24,INS,2024,20724,,1,,gx-no-cache=1709840548680 HTTP/1.1" 200 4182
200.54.103.162 - - [07/Mar/2024:16:45:08 -0300] "POST /cormun/servlet/solicitudotadjuntos?gx-no-cache=1709840550265 HTTP/1.1" 200 26
181.212.40.185 - - [07/Mar/2024:16:45:10 -0300] "POST /cormun/servlet/trsolicitudot?927650924e3d6f224adcfb59cf0bf892,gx-no-cache=1709838608916,gx-no-cache=1709840551570 HTTP/1.1" 200 110
181.212.40.185 - - [07/Mar/2024:16:45:10 -0300] "GET /cormun/servlet/solicitudot?UPD,2024,20733,false, HTTP/1.1" 200 16824
181.212.40.185 - - [07/Mar/2024:16:45:10 -0300] "POST /cormun/servlet/solicitudot?gx-no-cache=1709840552377 HTTP/1.1" 200 4101
181.212.40.185 - - [07/Mar/2024:16:45:11 -0300] "POST /cormun/servlet/solicitudot?927650924e3d6f224adcfb59cf0bf892,UPD,2024,20733,false,,gx-no-cache=1709840552477 HTTP/1.1" 200 13083
181.212.40.185 - - [07/Mar/2024:16:45:11 -0300] "GET /cormun/servlet/solicitudot?6bdb018c34b75728a7d64202c97f7c96b5cfe29c8d1b03ebf04f2763dc915edd395d8507ec62b936cb99a97697d71c9e,gx-no-cache=1709840552566 HTTP/1.1" 200 30
181.212.40.185 - - [07/Mar/2024:16:45:11 -0300] "GET /cormun/servlet/solicitudot?6bdb018c34b75728a7d64202c97f7c96eebf1706db836910d9fbc9b7d5696fb54e3cf5880ee34d706b15db00aeb575dd80d08beb90e40d60ad7133d806b85db0,gx-no-cache=1709840552583 HTTP/1.1" 200 30
181.212.40.185 - - [07/Mar/2024:16:45:11 -0300] "GET /cormun/servlet/solicitudot?6bdb018c34b75728a7d64202c97f7c961f9f8a57bfaf2e116708d8253ee4dd7650d641fafb42a5f5bb722ee324b6783ecf0f2338e7d9dff27b16a6322c8ca37f5c66b7f12806c19e4e1ee55d923c2805,gx-no-cache=1709840552602 HTTP/1.1" 200 57
181.212.40.185 - - [07/Mar/2024:16:45:11 -0300] "POST /cormun/servlet/solicitudot?gx-no-cache=1709840552620 HTTP/1.1" 200 254
181.212.40.185 - - [07/Mar/2024:16:45:11 -0300] "GET /cormun/servlet/solicitudot?6bdb018c34b75728a7d64202c97f7c96a198f262a6f7995e1cb8701ad44da1dff6b6b5f13fee5165a4b1a777ec0824e5139d6061835c48f28bfac39e6c222cb54b60c3e9b6dfdf86576b1633a69e728de90c38ec257907ddf8230e0e4f18d25cf80918bd72189fa382d276f3843db481e7c6c51fa4e256482fc4341a3db81afa1e75934bada1aa158b15a64ab21a818c493965237faea10adc23768746ab13e3c6fc5bf1f50db54c10b3f2e30b8154a5d80e8b6fa621212daa3d4d3e85002681d599d4011d04eed45023abd7d3c978940db918a5e95a7620b9f018bcd86dfb013f9a581c12e64ff63a685312c4d15ff50607a6b260ba745d634a543ab71058e46e2850b8da3f86f8ef7ce69642bd8efc0489d0e4cae1de4fd7cb28da340c698ad51c42c63217593068182fd26b01f269d36ee0e5b7a3619c5ae257e04030b27b2c5da556e4699bdd5c7357c654b3776d53f5d0beb3f324ec02e5e77971f0a9e1824f36c99c43a54e2db64bec66f5f65b69cace8c327e9df6b5821906946d9597,gx-no-cache=1709840552638 HTTP/1.1" 200 30
181.212.40.185 - - [07/Mar/2024:16:45:11 -0300] "POST /cormun/servlet/solicitudot?gx-no-cache=1709840552654 HTTP/1.1" 200 30
181.212.40.185 - - [07/Mar/2024:16:45:11 -0300] "POST /cormun/servlet/solicitudot?gx-no-cache=1709840552673 HTTP/1.1" 200 1468
181.212.40.185 - - [07/Mar/2024:16:45:11 -0300] "POST /cormun/servlet/solicitudot?gx-no-cache=1709840552698 HTTP/1.1" 200 41
181.212.40.185 - - [07/Mar/2024:16:45:12 -0300] "GET /cormun/servlet/solicitudot?6bdb018c34b75728a7d64202c97f7c96e0541bfb683613e9c4857a43d9621698e34e36acff3b8ba8f1d0275507b735c3e18b4fde070f4b18a56dca671513dacdba11ec8e10b4eac3b9bd7627618552995140a3f62f41eef7ccfb3c353b4f95fe48f23036b668a5828b83e1c4f5baa1e9,gx-no-cache=1709840553722 HTTP/1.1" 200 110
200.54.103.162 - - [07/Mar/2024:16:45:20 -0300] "GET /cormun/servlet/solicitudotadjuntos?9f9cb995779e4f5d12e109bd9adf254776655a117baf84d9cc9a81e083471bbd,gx-no-cache=1709840561831 HTTP/1.1" 200 30
200.54.103.162 - - [07/Mar/2024:16:45:20 -0300] "GET /cormun/servlet/solicitudotadjuntos?9f9cb995779e4f5d12e109bd9adf254776655a117baf84d9cc9a81e083471bbd,gx-no-cache=1709840561843 HTTP/1.1" 200 30
200.54.103.162 - - [07/Mar/2024:16:45:20 -0300] "POST /cormun/servlet/solicitudotadjuntos?7bb4f4047cea21f040348cf7ebc07c24,INS,2024,20724,,1, HTTP/1.1" 200 116
200.54.103.162 - - [07/Mar/2024:16:45:20 -0300] "GET /cormun/servlet/hpexe_return? HTTP/1.1" 200 1022
200.54.103.162 - - [07/Mar/2024:16:45:20 -0300] "GET /cormun/servlet/trsolicitudadjuntos?2024,20724, HTTP/1.1" 200 9380
181.212.40.185 - - [07/Mar/2024:16:45:23 -0300] "POST /cormun/servlet/solicitudot?gx-no-cache=1709840565465 HTTP/1.1" 200 97
181.212.40.185 - - [07/Mar/2024:16:45:26 -0300] "GET /cormun/servlet/solicitudot?6bdb018c34b75728a7d64202c97f7c96577ae86c27124b9dfcd9a52c97796e0241d68447c9cc22fa1394d53d5c679f5e33562b4653b997ccc84358428d0dae9e806b8fecdd1fe5620d6cf12ebd24fd5982b56d929cd1f6afb2e319298c39d66b7abf21832576851fac86ea9b9f76f3735e95a2267cf2ecf3a334c938886a20606fe9516bfb5c28ed0d24bc52b56472352a56e53ea25950f19eee92a9602946266d73ce9e434f37c9022401b1b12e9091e90a05b3a17dbfa641a79042a0184abf235f224ade192918fc1db09cee1506b2,gx-no-cache=1709840567721 HTTP/1.1" 200 29
181.212.40.185 - - [07/Mar/2024:16:45:26 -0300] "GET /cormun/servlet/solicitudot?6bdb018c34b75728a7d64202c97f7c96510c1733c01478d2401f2fb94446410dee1b4bb1812bd8cc7fc406188b7c1849,gx-no-cache=1709840567737 HTTP/1.1" 200 30
181.212.40.185 - - [07/Mar/2024:16:45:26 -0300] "POST /cormun/servlet/solicitudot?gx-no-cache=1709840567754 HTTP/1.1" 200 30
181.212.40.185 - - [07/Mar/2024:16:45:26 -0300] "POST /cormun/servlet/solicitudot?927650924e3d6f224adcfb59cf0bf892,UPD,2024,20733,false,,gx-no-cache=1709840567772 HTTP/1.1" 200 93
181.212.40.185 - - [07/Mar/2024:16:45:26 -0300] "GET /cormun/servlet/hpexe_return? HTTP/1.1" 200 1039
181.212.40.185 - - [07/Mar/2024:16:45:26 -0300] "GET /cormun/servlet/trsolicitudot?gx-no-cache=1709838608916 HTTP/1.1" 200 8724
200.54.103.162 - - [07/Mar/2024:16:45:29 -0300] "GET /cormun/servlet/solicitudotadjuntos?INS,2024,20724,,1, HTTP/1.1" 200 6387
200.54.103.162 - - [07/Mar/2024:16:45:29 -0300] "GET /cormun/static/about:blank HTTP/1.1" 404 1011
200.54.103.162 - - [07/Mar/2024:16:45:30 -0300] "GET /cormun/servlet/solicitudotadjuntos?9f9cb995779e4f5d12e109bd9adf2547c77af00f46e5deb47020c318bb4d317f10978bfbb867f73d03dce72e88307331,gx-no-cache=1709840572053 HTTP/1.1" 200 30
200.54.103.162 - - [07/Mar/2024:16:45:30 -0300] "POST /cormun/servlet/solicitudotadjuntos?7bb4f4047cea21f040348cf7ebc07c24,INS,2024,20724,,1,,gx-no-cache=1709840572067 HTTP/1.1" 200 4182
200.54.103.162 - - [07/Mar/2024:16:45:32 -0300] "POST /cormun/servlet/solicitudotadjuntos?gx-no-cache=1709840574038 HTTP/1.1" 200 26
200.54.103.162 - - [07/Mar/2024:16:45:36 -0300] "GET /cormun/servlet/solicitudotadjuntos?9f9cb995779e4f5d12e109bd9adf254776655a117baf84d9cc9a81e083471bbd,gx-no-cache=1709840578382 HTTP/1.1" 200 30
200.54.103.162 - - [07/Mar/2024:16:45:36 -0300] "GET /cormun/servlet/solicitudotadjuntos?9f9cb995779e4f5d12e109bd9adf254776655a117baf84d9cc9a81e083471bbd,gx-no-cache=1709840578391 HTTP/1.1" 200 30
200.54.103.162 - - [07/Mar/2024:16:45:36 -0300] "POST /cormun/servlet/solicitudotadjuntos?7bb4f4047cea21f040348cf7ebc07c24,INS,2024,20724,,1, HTTP/1.1" 200 116
200.54.103.162 - - [07/Mar/2024:16:45:36 -0300] "GET /cormun/servlet/hpexe_return? HTTP/1.1" 200 1022
200.54.103.162 - - [07/Mar/2024:16:45:37 -0300] "GET /cormun/servlet/trsolicitudadjuntos?2024,20724, HTTP/1.1" 200 9604
200.54.103.162 - - [07/Mar/2024:16:45:38 -0300] "GET /cormun/servlet/solicitudotadjuntos?INS,2024,20724,,1, HTTP/1.1" 200 6387
200.54.103.162 - - [07/Mar/2024:16:45:38 -0300] "GET /cormun/static/about:blank HTTP/1.1" 404 1011
200.54.103.162 - - [07/Mar/2024:16:45:39 -0300] "GET /cormun/servlet/solicitudotadjuntos?9f9cb995779e4f5d12e109bd9adf2547c77af00f46e5deb47020c318bb4d317f10978bfbb867f73d03dce72e88307331,gx-no-cache=1709840581052 HTTP/1.1" 200 30
200.54.103.162 - - [07/Mar/2024:16:45:39 -0300] "POST /cormun/servlet/solicitudotadjuntos?7bb4f4047cea21f040348cf7ebc07c24,INS,2024,20724,,1,,gx-no-cache=1709840581067 HTTP/1.1" 200 4182
181.212.40.185 - - [07/Mar/2024:16:45:41 -0300] "GET /cormun/servlet/solicitudot?INS,0,0,false, HTTP/1.1" 200 16198
200.54.103.162 - - [07/Mar/2024:16:45:42 -0300] "POST /cormun/servlet/solicitudotadjuntos?gx-no-cache=1709840584030 HTTP/1.1" 200 26
200.54.103.162 - - [07/Mar/2024:16:45:47 -0300] "GET /cormun/servlet/solicitudotadjuntos?9f9cb995779e4f5d12e109bd9adf254776655a117baf84d9cc9a81e083471bbd,gx-no-cache=1709840589398 HTTP/1.1" 200 30
200.54.103.162 - - [07/Mar/2024:16:45:47 -0300] "GET /cormun/servlet/solicitudotadjuntos?9f9cb995779e4f5d12e109bd9adf254776655a117baf84d9cc9a81e083471bbd,gx-no-cache=1709840589408 HTTP/1.1" 200 30
200.54.103.162 - - [07/Mar/2024:16:45:48 -0300] "POST /cormun/servlet/solicitudotadjuntos?7bb4f4047cea21f040348cf7ebc07c24,INS,2024,20724,,1, HTTP/1.1" 200 116
200.54.103.162 - - [07/Mar/2024:16:45:48 -0300] "GET /cormun/servlet/hpexe_return? HTTP/1.1" 200 1022
200.54.103.162 - - [07/Mar/2024:16:45:48 -0300] "GET /cormun/servlet/trsolicitudadjuntos?2024,20724, HTTP/1.1" 200 9852
181.212.40.185 - - [07/Mar/2024:16:45:48 -0300] "POST /cormun/servlet/solicitudot?gx-no-cache=1709840589784 HTTP/1.1" 200 4031
181.212.40.185 - - [07/Mar/2024:16:45:48 -0300] "POST /cormun/servlet/solicitudot?927650924e3d6f224adcfb59cf0bf892,INS,0,0,false,,gx-no-cache=1709840589917 HTTP/1.1" 200 12897
200.54.103.162 - - [07/Mar/2024:16:45:50 -0300] "GET /cormun/servlet/solicitudotadjuntos?INS,2024,20724,,1, HTTP/1.1" 200 6387
200.54.103.162 - - [07/Mar/2024:16:45:50 -0300] "GET /cormun/static/about:blank HTTP/1.1" 404 1011
200.54.103.162 - - [07/Mar/2024:16:45:50 -0300] "GET /cormun/servlet/solicitudotadjuntos?9f9cb995779e4f5d12e109bd9adf2547c77af00f46e5deb47020c318bb4d317f10978bfbb867f73d03dce72e88307331,gx-no-cache=1709840592256 HTTP/1.1" 200 30
200.54.103.162 - - [07/Mar/2024:16:45:50 -0300] "POST /cormun/servlet/solicitudotadjuntos?7bb4f4047cea21f040348cf7ebc07c24,INS,2024,20724,,1,,gx-no-cache=1709840592269 HTTP/1.1" 200 4183
181.212.40.185 - - [07/Mar/2024:16:45:51 -0300] "GET /cormun/servlet/solicitudot?6bdb018c34b75728a7d64202c97f7c96b5cfe29c8d1b03ebf04f2763dc915edd08f910a80322e73dd71d137372fc31a3,gx-no-cache=1709840592915 HTTP/1.1" 200 30
200.54.103.162 - - [07/Mar/2024:16:45:53 -0300] "POST /cormun/servlet/solicitudotadjuntos?gx-no-cache=1709840595134 HTTP/1.1" 200 26
200.54.103.162 - - [07/Mar/2024:16:45:57 -0300] "GET /cormun/servlet/solicitudotadjuntos?9f9cb995779e4f5d12e109bd9adf254776655a117baf84d9cc9a81e083471bbd,gx-no-cache=1709840599318 HTTP/1.1" 200 30
200.54.103.162 - - [07/Mar/2024:16:45:57 -0300] "GET /cormun/servlet/solicitudotadjuntos?9f9cb995779e4f5d12e109bd9adf254776655a117baf84d9cc9a81e083471bbd,gx-no-cache=1709840599328 HTTP/1.1" 200 30
200.54.103.162 - - [07/Mar/2024:16:45:58 -0300] "POST /cormun/servlet/solicitudotadjuntos?7bb4f4047cea21f040348cf7ebc07c24,INS,2024,20724,,1, HTTP/1.1" 200 116
200.54.103.162 - - [07/Mar/2024:16:45:58 -0300] "GET /cormun/servlet/hpexe_return? HTTP/1.1" 200 1022
200.54.103.162 - - [07/Mar/2024:16:45:58 -0300] "GET /cormun/servlet/trsolicitudadjuntos?2024,20724, HTTP/1.1" 200 10066
200.54.103.162 - - [07/Mar/2024:16:46:00 -0300] "GET /cormun/servlet/solicitudotadjuntos?INS,2024,20724,,1, HTTP/1.1" 200 6387
200.54.103.162 - - [07/Mar/2024:16:46:00 -0300] "GET /cormun/static/about:blank HTTP/1.1" 404 1011
200.54.103.162 - - [07/Mar/2024:16:46:01 -0300] "GET /cormun/servlet/solicitudotadjuntos?9f9cb995779e4f5d12e109bd9adf2547c77af00f46e5deb47020c318bb4d317f10978bfbb867f73d03dce72e88307331,gx-no-cache=1709840602728 HTTP/1.1" 200 30
200.54.103.162 - - [07/Mar/2024:16:46:01 -0300] "POST /cormun/servlet/solicitudotadjuntos?7bb4f4047cea21f040348cf7ebc07c24,INS,2024,20724,,1,,gx-no-cache=1709840602741 HTTP/1.1" 200 4183
200.54.103.162 - - [07/Mar/2024:16:46:03 -0300] "POST /cormun/servlet/solicitudotadjuntos?gx-no-cache=1709840605254 HTTP/1.1" 200 26
200.54.103.162 - - [07/Mar/2024:16:46:07 -0300] "GET /cormun/servlet/solicitudotadjuntos?9f9cb995779e4f5d12e109bd9adf254776655a117baf84d9cc9a81e083471bbd,gx-no-cache=1709840609439 HTTP/1.1" 200 30
200.54.103.162 - - [07/Mar/2024:16:46:07 -0300] "GET /cormun/servlet/solicitudotadjuntos?9f9cb995779e4f5d12e109bd9adf254776655a117baf84d9cc9a81e083471bbd,gx-no-cache=1709840609449 HTTP/1.1" 200 30
200.54.103.162 - - [07/Mar/2024:16:46:08 -0300] "POST /cormun/servlet/solicitudotadjuntos?7bb4f4047cea21f040348cf7ebc07c24,INS,2024,20724,,1, HTTP/1.1" 200 116
200.54.103.162 - - [07/Mar/2024:16:46:08 -0300] "GET /cormun/servlet/hpexe_return? HTTP/1.1" 200 1022
200.54.103.162 - - [07/Mar/2024:16:46:08 -0300] "GET /cormun/servlet/trsolicitudadjuntos?2024,20724, HTTP/1.1" 200 10334
200.54.103.162 - - [07/Mar/2024:16:46:11 -0300] "GET /cormun/servlet/solicitudotadjuntos?INS,2024,20724,,1, HTTP/1.1" 200 6387
200.54.103.162 - - [07/Mar/2024:16:46:11 -0300] "GET /cormun/static/about:blank HTTP/1.1" 404 1011
200.54.103.162 - - [07/Mar/2024:16:46:11 -0300] "GET /cormun/servlet/solicitudotadjuntos?9f9cb995779e4f5d12e109bd9adf2547c77af00f46e5deb47020c318bb4d317f10978bfbb867f73d03dce72e88307331,gx-no-cache=1709840613159 HTTP/1.1" 200 30
200.54.103.162 - - [07/Mar/2024:16:46:11 -0300] "POST /cormun/servlet/solicitudotadjuntos?7bb4f4047cea21f040348cf7ebc07c24,INS,2024,20724,,1,,gx-no-cache=1709840613172 HTTP/1.1" 200 4183
200.54.103.162 - - [07/Mar/2024:16:46:14 -0300] "POST /cormun/servlet/solicitudotadjuntos?gx-no-cache=1709840616022 HTTP/1.1" 200 26
200.54.103.162 - - [07/Mar/2024:16:46:19 -0300] "GET /cormun/servlet/solicitudotadjuntos?9f9cb995779e4f5d12e109bd9adf254776655a117baf84d9cc9a81e083471bbd,gx-no-cache=1709840621470 HTTP/1.1" 200 30
200.54.103.162 - - [07/Mar/2024:16:46:19 -0300] "GET /cormun/servlet/solicitudotadjuntos?9f9cb995779e4f5d12e109bd9adf254776655a117baf84d9cc9a81e083471bbd,gx-no-cache=1709840621479 HTTP/1.1" 200 30
200.54.103.162 - - [07/Mar/2024:16:46:20 -0300] "POST /cormun/servlet/solicitudotadjuntos?7bb4f4047cea21f040348cf7ebc07c24,INS,2024,20724,,1, HTTP/1.1" 200 116
200.54.103.162 - - [07/Mar/2024:16:46:20 -0300] "GET /cormun/servlet/hpexe_return? HTTP/1.1" 200 1022
200.54.103.162 - - [07/Mar/2024:16:46:20 -0300] "GET /cormun/servlet/trsolicitudadjuntos?2024,20724, HTTP/1.1" 200 10481
200.54.103.162 - - [07/Mar/2024:16:46:24 -0300] "POST /cormun/servlet/trsolicitudadjuntos?7bb4f4047cea21f040348cf7ebc07c24,2024,20724,,gx-no-cache=1709840625608 HTTP/1.1" 200 90
200.54.103.162 - - [07/Mar/2024:16:46:24 -0300] "GET /cormun/servlet/hpexe_link HTTP/1.1" 200 986
200.54.103.162 - - [07/Mar/2024:16:46:24 -0300] "GET /cormun/servlet/trsolicitudot?gx-no-cache=1709840539886 HTTP/1.1" 200 8978
190.95.15.15 - - [07/Mar/2024:16:46:26 -0300] "GET /cormun/servlet/licenciaspermisos?DSP,15126684,L,20240229000000, HTTP/1.1" 200 6290
190.95.15.15 - - [07/Mar/2024:16:46:26 -0300] "GET /cormun/servlet/hlogin HTTP/1.1" 200 1766
200.54.103.162 - - [07/Mar/2024:16:46:34 -0300] "POST /cormun/servlet/trsolicitudot?7bb4f4047cea21f040348cf7ebc07c24,gx-no-cache=1709840539886,gx-no-cache=1709840635546 HTTP/1.1" 200 4874
200.54.103.162 - - [07/Mar/2024:16:46:34 -0300] "POST /cormun/servlet/trsolicitudot?7bb4f4047cea21f040348cf7ebc07c24,gx-no-cache=1709840539886,gx-no-cache=1709840635662 HTTP/1.1" 200 4611
190.95.15.15 - - [07/Mar/2024:16:46:34 -0300] "POST /cormun/servlet/hlogin?e676a4be4482e72a241d8034ad2b221e,gx-no-cache=1709840634713 HTTP/1.1" 200 90
190.95.15.15 - - [07/Mar/2024:16:46:34 -0300] "GET /cormun/servlet/hpexe_link HTTP/1.1" 200 983
190.95.15.15 - - [07/Mar/2024:16:46:34 -0300] "GET /cormun/servlet/licenciaspermisos?DSP,15126684,L,20240229000000, HTTP/1.1" 200 6927
181.212.40.185 - - [07/Mar/2024:16:46:34 -0300] "GET /cormun/servlet/solicitudot?6bdb018c34b75728a7d64202c97f7c96eebf1706db836910d9fbc9b7d5696fb54e3cf5880ee34d706b15db00aeb575dd1976c4e5d99e055e251eba281ea14057,gx-no-cache=1709840635850 HTTP/1.1" 200 30
181.212.40.185 - - [07/Mar/2024:16:46:39 -0300] "GET /cormun/servlet/prbanco?,MD,,gxPopupLevel%3D0%3B HTTP/1.1" 200 6546
190.95.15.15 - - [07/Mar/2024:16:46:44 -0300] "POST /cormun/servlet/licenciaspermisos?e676a4be4482e72a241d8034ad2b221e,DSP,15126684,L,20240229000000,,gx-no-cache=1709840645392 HTTP/1.1" 200 93
190.95.15.15 - - [07/Mar/2024:16:46:44 -0300] "GET /cormun/servlet/hpexe_return? HTTP/1.1" 200 1028
190.95.15.15 - - [07/Mar/2024:16:46:44 -0300] "GET /cormun/servlet/hhome HTTP/1.1" 200 3975
181.212.40.185 - - [07/Mar/2024:16:46:47 -0300] "GET /cormun/servlet/solicitudot?6bdb018c34b75728a7d64202c97f7c9675dc6ae7164dee60a4a349cd1bfd48ed,gx-no-cache=1709840648787 HTTP/1.1" 200 57
190.95.15.15 - - [07/Mar/2024:16:46:47 -0300] "GET /cormun/servlet/trlicencias? HTTP/1.1" 200 9145
200.54.103.162 - - [07/Mar/2024:16:46:53 -0300] "GET /cormun/servlet/trautorizarsolicitud? HTTP/1.1" 200 10431
200.54.103.162 - - [07/Mar/2024:16:46:53 -0300] "GET /cormun/static/gxcfg.js?202211298474254 HTTP/1.1" 200 953
200.54.103.162 - - [07/Mar/2024:16:46:53 -0300] "GET /cormun/static/trautorizarsolicitud.js?202211298474588 HTTP/1.1" 200 53909
181.212.40.185 - - [07/Mar/2024:16:46:56 -0300] "POST /cormun/servlet/solicitudot?gx-no-cache=1709840658400 HTTP/1.1" 200 255
181.212.40.185 - - [07/Mar/2024:16:46:58 -0300] "GET /cormun/servlet/solicitudot?6bdb018c34b75728a7d64202c97f7c96a198f262a6f7995e1cb8701ad44da1dff6b6b5f13fee5165a4b1a777ec0824e5139d6061835c48f28bfac39e6c222cb54b60c3e9b6dfdf86576b1633a69e728de90c38ec257907ddf8230e0e4f18d25cf80918bd72189fa382d276f3843db481e7c6c51fa4e256482fc4341a3db81afa1e75934bada1aa158b15a64ab21a818c493965237faea10adc23768746ab13e3c6fc5bf1f50db54c10b3f2e30b8154a5d80e8b6fa621212daa3d4d3e85002681d599d4011d04eed45023abd7d3c978940db918a5e95a7620b9f018bcd86dfb013f9a581c12e64ff63a685312c4d15ff50607a6b260ba745d634a543ab71058e46e2850b8da3f86f8ef7ce69642bd8efc0489d0e4cae1de4fd7cb28da340c698ad51c42c63217593068182fd26b01f269d36ee0e5b7a3619c5ae257e04030b27b2c5da556e4699bdd5c7357c654b3776d53f5d0beb3f324ec02e5e77971f0a9e1824f36c99c43a54e2db64bec66f5f65b82a0ca5caf8346946ee284326d84d7e0,gx-no-cache=1709840659952 HTTP/1.1" 200 30
181.212.40.185 - - [07/Mar/2024:16:47:01 -0300] "POST /cormun/servlet/solicitudot?gx-no-cache=1709840662583 HTTP/1.1" 200 30
181.212.40.185 - - [07/Mar/2024:16:47:01 -0300] "POST /cormun/servlet/solicitudot?gx-no-cache=1709840663349 HTTP/1.1" 200 1468
181.212.40.185 - - [07/Mar/2024:16:47:01 -0300] "POST /cormun/servlet/solicitudot?gx-no-cache=1709840663377 HTTP/1.1" 200 38
200.54.103.162 - - [07/Mar/2024:16:47:02 -0300] "POST /cormun/servlet/trautorizarsolicitud?7bb4f4047cea21f040348cf7ebc07c24,,gx-no-cache=1709840664057 HTTP/1.1" 200 7164
200.54.103.162 - - [07/Mar/2024:16:47:02 -0300] "POST /cormun/servlet/trautorizarsolicitud?7bb4f4047cea21f040348cf7ebc07c24,,gx-no-cache=1709840664218 HTTP/1.1" 200 7108
200.54.103.162 - - [07/Mar/2024:16:47:03 -0300] "POST /cormun/servlet/trautorizarsolicitud?7bb4f4047cea21f040348cf7ebc07c24,,gx-no-cache=1709840664999 HTTP/1.1" 200 6798
200.54.103.162 - - [07/Mar/2024:16:47:03 -0300] "POST /cormun/servlet/trautorizarsolicitud?7bb4f4047cea21f040348cf7ebc07c24,,gx-no-cache=1709840665107 HTTP/1.1" 200 6743
200.54.103.162 - - [07/Mar/2024:16:47:04 -0300] "POST /cormun/servlet/trautorizarsolicitud?7bb4f4047cea21f040348cf7ebc07c24,,gx-no-cache=1709840665839 HTTP/1.1" 200 6433
200.54.103.162 - - [07/Mar/2024:16:47:04 -0300] "POST /cormun/servlet/trautorizarsolicitud?7bb4f4047cea21f040348cf7ebc07c24,,gx-no-cache=1709840665926 HTTP/1.1" 200 6379
200.54.103.162 - - [07/Mar/2024:16:47:05 -0300] "POST /cormun/servlet/trautorizarsolicitud?7bb4f4047cea21f040348cf7ebc07c24,,gx-no-cache=1709840666622 HTTP/1.1" 200 6023
200.54.103.162 - - [07/Mar/2024:16:47:05 -0300] "POST /cormun/servlet/trautorizarsolicitud?7bb4f4047cea21f040348cf7ebc07c24,,gx-no-cache=1709840666738 HTTP/1.1" 200 5970
200.54.103.162 - - [07/Mar/2024:16:47:05 -0300] "POST /cormun/servlet/trautorizarsolicitud?7bb4f4047cea21f040348cf7ebc07c24,,gx-no-cache=1709840667366 HTTP/1.1" 200 4813
200.54.103.162 - - [07/Mar/2024:16:47:05 -0300] "POST /cormun/servlet/trautorizarsolicitud?7bb4f4047cea21f040348cf7ebc07c24,,gx-no-cache=1709840667465 HTTP/1.1" 200 4551
181.212.40.185 - - [07/Mar/2024:16:47:08 -0300] "GET /cormun/servlet/solicitudot?6bdb018c34b75728a7d64202c97f7c96e0541bfb683613e9c4857a43d9621698e34e36acff3b8ba8f1d0275507b735c3e18b4fde070f4b18a56dca671513dacdba11ec8e10b4eac3b9bd7627618552995140a3f62f41eef7ccfb3c353b4f95fe48f23036b668a5828b83e1c4f5baa1e9,gx-no-cache=1709840669633 HTTP/1.1" 200 110
181.212.40.185 - - [07/Mar/2024:16:47:14 -0300] "POST /cormun/servlet/solicitudot?gx-no-cache=1709840676193 HTTP/1.1" 200 97
181.212.40.185 - - [07/Mar/2024:16:47:18 -0300] "POST /cormun/servlet/solicitudot?gx-no-cache=1709840679728 HTTP/1.1" 200 72
181.212.40.185 - - [07/Mar/2024:16:47:23 -0300] "GET /cormun/servlet/solicitudot?6bdb018c34b75728a7d64202c97f7c961b17f6aac893a3daed5cab2fbfc962c9de9c67c16b18aa27b8a63ff797e0146eed544a1f4a2d0906919237145b0b962cdb477bba5147ddea084729c65821a1d24e88b6ac0f86539bd6ee45c14395057a0d56f0a92eb3609f35d6b78b9f543268,gx-no-cache=1709840685183 HTTP/1.1" 200 29
181.212.40.185 - - [07/Mar/2024:16:47:26 -0300] "GET /cormun/servlet/solicitudot?6bdb018c34b75728a7d64202c97f7c96510c1733c01478d2401f2fb94446410dee1b4bb1812bd8cc7fc406188b7c1849,gx-no-cache=1709840687567 HTTP/1.1" 200 30
181.212.40.185 - - [07/Mar/2024:16:47:36 -0300] "POST /cormun/servlet/solicitudot?gx-no-cache=1709840698187 HTTP/1.1" 200 30
181.212.40.185 - - [07/Mar/2024:16:47:43 -0300] "POST /cormun/servlet/solicitudot?927650924e3d6f224adcfb59cf0bf892,INS,0,0,false,,gx-no-cache=1709840705265 HTTP/1.1" 200 93
181.212.40.185 - - [07/Mar/2024:16:47:44 -0300] "GET /cormun/servlet/hpexe_return? HTTP/1.1" 200 1034
181.212.40.185 - - [07/Mar/2024:16:47:44 -0300] "GET /cormun/servlet/trsolicitudot?gx-no-cache=1709838608916 HTTP/1.1" 200 9025
181.212.40.185 - - [07/Mar/2024:16:48:35 -0300] "POST /cormun/servlet/trsolicitudot?927650924e3d6f224adcfb59cf0bf892,gx-no-cache=1709838608916,gx-no-cache=1709840756778 HTTP/1.1" 200 5890
181.212.40.185 - - [07/Mar/2024:16:48:35 -0300] "GET /cormun/static/Shared/jqueryui/images/ui-bg_highlight-soft_100_c6c2c8_1x100.png HTTP/1.1" 404 1117
181.212.40.185 - - [07/Mar/2024:16:48:35 -0300] "GET /cormun/static/Shared/jqueryui/images/ui-bg_flat_55_fafafa_40x100.png HTTP/1.1" 404 1097
181.212.40.185 - - [07/Mar/2024:16:48:35 -0300] "GET /cormun/static/Shared/jqueryui/images/ui-icons_8d78a5_256x240.png HTTP/1.1" 404 1089
181.212.40.185 - - [07/Mar/2024:16:48:35 -0300] "GET /cormun/static/Shared/jqueryui/images/ui-icons_82798d_256x240.png HTTP/1.1" 404 1089
181.212.40.185 - - [07/Mar/2024:16:48:35 -0300] "POST /cormun/servlet/trsolicitudot?927650924e3d6f224adcfb59cf0bf892,gx-no-cache=1709838608916,gx-no-cache=1709840756906 HTTP/1.1" 200 5833
181.212.40.185 - - [07/Mar/2024:16:48:36 -0300] "POST /cormun/servlet/trsolicitudot?927650924e3d6f224adcfb59cf0bf892,gx-no-cache=1709838608916,gx-no-cache=1709840757488 HTTP/1.1" 200 4593
181.212.40.185 - - [07/Mar/2024:16:48:36 -0300] "POST /cormun/servlet/trsolicitudot?927650924e3d6f224adcfb59cf0bf892,gx-no-cache=1709838608916,gx-no-cache=1709840757574 HTTP/1.1" 200 4358
181.212.42.153 - - [07/Mar/2024:16:49:35 -0300] "GET /cormun/servlet/trsolicitudot? HTTP/1.1" 200 6326
181.212.42.153 - - [07/Mar/2024:16:49:35 -0300] "GET /cormun/servlet/hlogin HTTP/1.1" 200 1735
181.212.42.153 - - [07/Mar/2024:16:49:35 -0300] "GET /cormun/servlet/trsolicitudot? HTTP/1.1" 200 6320
181.212.42.153 - - [07/Mar/2024:16:50:00 -0300] "POST /cormun/servlet/hlogin?946ec6a7afd1025f225facf768d5b4fb,gx-no-cache=1709840843196 HTTP/1.1" 200 90
181.212.42.153 - - [07/Mar/2024:16:50:00 -0300] "GET /cormun/servlet/hpexe_link HTTP/1.1" 200 948
181.212.42.153 - - [07/Mar/2024:16:50:00 -0300] "GET /cormun/servlet/hhome HTTP/1.1" 200 3963
181.212.42.153 - - [07/Mar/2024:16:50:03 -0300] "GET /cormun/servlet/trsolicitudot? HTTP/1.1" 200 7180
181.212.40.185 - - [07/Mar/2024:16:50:04 -0300] "GET /cormun/servlet/trlicencias? HTTP/1.1" 200 12079
181.212.42.153 - - [07/Mar/2024:16:50:05 -0300] "GET /cormun/servlet/solicitudot?INS,0,0,false, HTTP/1.1" 200 15935
181.212.42.153 - - [07/Mar/2024:16:50:45 -0300] "POST /cormun/servlet/solicitudot?gx-no-cache=1709840888036 HTTP/1.1" 200 4031
181.212.42.153 - - [07/Mar/2024:16:50:45 -0300] "POST /cormun/servlet/solicitudot?946ec6a7afd1025f225facf768d5b4fb,INS,0,0,false,,gx-no-cache=1709840888170 HTTP/1.1" 200 12587
181.212.42.153 - - [07/Mar/2024:16:50:46 -0300] "GET /cormun/servlet/solicitudot?68fc255993f01d459dc4955f6792115b66c5aa0ad975d2dbadc4ff6aaa82bd674518f96283fbe1f85774dd9f55f3e747,gx-no-cache=1709840889417 HTTP/1.1" 200 30
181.212.42.153 - - [07/Mar/2024:16:51:16 -0300] "GET /cormun/servlet/solicitudot?68fc255993f01d459dc4955f6792115b1a3ce7bbd063f5f4e06a86321a5bc701,gx-no-cache=1709840919319 HTTP/1.1" 200 94
181.212.42.153 - - [07/Mar/2024:16:51:16 -0300] "GET /cormun/static/Shared/jqueryui/images/ui-bg_highlight-soft_100_c6c2c8_1x100.png HTTP/1.1" 404 1117
181.212.42.153 - - [07/Mar/2024:16:51:16 -0300] "GET /cormun/static/Shared/jqueryui/images/ui-bg_flat_55_994d53_40x100.png HTTP/1.1" 404 1097
181.212.42.153 - - [07/Mar/2024:16:51:16 -0300] "GET /cormun/static/Shared/jqueryui/images/ui-icons_82798d_256x240.png HTTP/1.1" 404 1089
181.212.42.153 - - [07/Mar/2024:16:51:16 -0300] "GET /cormun/static/Shared/jqueryui/images/ui-icons_ebccce_256x240.png HTTP/1.1" 404 1089
181.212.42.153 - - [07/Mar/2024:16:51:16 -0300] "GET /cormun/servlet/solicitudot?68fc255993f01d459dc4955f6792115b37cdd22fa6df38bd2ad0741b7ddeac61,gx-no-cache=1709840919344 HTTP/1.1" 200 29
181.212.42.153 - - [07/Mar/2024:16:51:16 -0300] "POST /cormun/servlet/solicitudot?gx-no-cache=1709840919361 HTTP/1.1" 200 297
181.212.42.153 - - [07/Mar/2024:16:51:16 -0300] "GET /cormun/servlet/solicitudot?68fc255993f01d459dc4955f6792115b7bb093feb8eaf69c05269a5377c24e7e13af30552bd6fedba7a3b1cbef80e860480cf837fcb28fdbd51ca0764a33bc9c6240d31c4649c6a74ec4c93fc60a48cc26aae1e4ae70ddd828194af372855a4a842c57a0412b0e748569d928d326c244c7a46b905152752269cbb5ad21b8ec406ff9c2a0f677364a27bdbba8ad50ce26a1260a5cba27d577bbf201147251c262afe95b354f77c09c7233c0917ab93ffe2173233528c141752ce6d55a0f7c915a3a1f00b73cb1ecc7bbb0bc7ea8dd0f56afb7c55f337778f98c19ba8de3e22efaa4c532bce8032be7dc4f56a04c6a168d2379305e1001f92f9cad7fb25b6fa10b1fec324504c244d18482742be4dc2c6a9d0c101bc4849451133ef669240170afc1921d87ec5db226bebd15d2123ad445684afe0db388a74a19cab2f41568f2db10d6ae3c2e7b46fc980c19f841a4526e48f00018d3d6c05c2ff6e7b87f9bcd2c42cc00f65a598612d75f5966770acf5198fcc57063ef91c8ee04ff8536523ca16242a1d2731e900705123b9c296472d4,gx-no-cache=1709840919378 HTTP/1.1" 200 30
181.212.42.153 - - [07/Mar/2024:16:51:16 -0300] "POST /cormun/servlet/solicitudot?gx-no-cache=1709840919394 HTTP/1.1" 200 30
181.212.42.153 - - [07/Mar/2024:16:51:16 -0300] "POST /cormun/servlet/solicitudot?gx-no-cache=1709840919413 HTTP/1.1" 200 1468
181.212.42.153 - - [07/Mar/2024:16:51:16 -0300] "POST /cormun/servlet/solicitudot?gx-no-cache=1709840919437 HTTP/1.1" 200 38
181.212.42.153 - - [07/Mar/2024:16:51:16 -0300] "GET /cormun/servlet/solicitudot?68fc255993f01d459dc4955f6792115be1970807916b4cde28f23d30b6029f8f93b4dc64fbae20a903dec6a509591bf7d3bd18101f3a5d9c985c4bd38fd22cabfeeff9325a3188e1f1af143bb45f33398f8ad28009624b79d16bb8c8f5845d54be19982f9c3aeabb867b2ba25656ac21,gx-no-cache=1709840919451 HTTP/1.1" 200 110
181.212.42.153 - - [07/Mar/2024:16:51:16 -0300] "POST /cormun/servlet/solicitudot?gx-no-cache=1709840919467 HTTP/1.1" 200 64
181.212.42.153 - - [07/Mar/2024:16:51:16 -0300] "GET /cormun/servlet/solicitudot?68fc255993f01d459dc4955f6792115bee48eeda676b5bb8015ec00718bdca71e4c02e0818712dbc8f164ed6251332638b79eaaf26737b5a063a0b0b0db1cf2bdeb438a2ab9b72e2b97c9fae668b1257c17c9adf3f0126758e0ec4524a57c04a1e5acdf229c3ecc0f392eadf1b66599b,gx-no-cache=1709840919485 HTTP/1.1" 200 29
181.212.42.153 - - [07/Mar/2024:16:51:16 -0300] "GET /cormun/servlet/solicitudot?68fc255993f01d459dc4955f6792115b96ad9dc9678993feec31b63bb266941d,gx-no-cache=1709840919500 HTTP/1.1" 200 30
181.212.42.153 - - [07/Mar/2024:16:51:16 -0300] "POST /cormun/servlet/solicitudot?gx-no-cache=1709840919514 HTTP/1.1" 200 30
181.212.42.153 - - [07/Mar/2024:16:51:16 -0300] "POST /cormun/servlet/solicitudot?946ec6a7afd1025f225facf768d5b4fb,INS,0,0,false,,gx-no-cache=1709840919532 HTTP/1.1" 200 12919
181.212.42.153 - - [07/Mar/2024:16:51:23 -0300] "GET /cormun/servlet/trpermisosgoce? HTTP/1.1" 200 7721
181.212.42.153 - - [07/Mar/2024:16:51:23 -0300] "GET /cormun/static/gxcfg.js?2020121631564 HTTP/1.1" 200 953
181.212.42.153 - - [07/Mar/2024:16:51:23 -0300] "GET /cormun/static/trpermisosgoce.js?2020121633681 HTTP/1.1" 200 35904
181.212.42.153 - - [07/Mar/2024:16:51:26 -0300] "GET /cormun/servlet/permisogoce?INS,0,,, HTTP/1.1" 200 6827
181.212.42.153 - - [07/Mar/2024:16:51:26 -0300] "GET /cormun/static/permisogoce.js?20201215124939 HTTP/1.1" 200 27790
181.212.42.153 - - [07/Mar/2024:16:51:26 -0300] "GET /cormun/static/gxcfg.js?20201215124560 HTTP/1.1" 200 953
181.212.42.153 - - [07/Mar/2024:16:51:34 -0300] "GET /cormun/servlet/permisogoce?891aed734239bf49a4f995fd95b02adea04c72d9ec7957278c710d9140205db511e55f332e8a48399bd3f5d3c3f3155ee501aadfbbf0624c58ab70bc36a30f54,gx-no-cache=1709840937161 HTTP/1.1" 200 73
181.212.42.153 - - [07/Mar/2024:16:51:36 -0300] "GET /cormun/static/menuarrow.gif HTTP/1.1" 404 1015
181.212.42.153 - - [07/Mar/2024:16:51:40 -0300] "GET /cormun/servlet/permisogoce?891aed734239bf49a4f995fd95b02ade2e30e38a01b2efaaba47e26083137dad562b3367dc0e6dbee8f063cf19a042778a848feeb4450eb53c77be10da8d8197,gx-no-cache=1709840942945 HTTP/1.1" 200 46
181.212.42.153 - - [07/Mar/2024:16:51:42 -0300] "POST /cormun/servlet/permisogoce?946ec6a7afd1025f225facf768d5b4fb,INS,0,,,,gx-no-cache=1709840944529 HTTP/1.1" 200 93
181.212.42.153 - - [07/Mar/2024:16:51:42 -0300] "GET /cormun/servlet/hpexe_return? HTTP/1.1" 200 1007
181.212.42.153 - - [07/Mar/2024:16:51:42 -0300] "GET /cormun/servlet/trpermisosgoce HTTP/1.1" 200 8062
181.212.42.153 - - [07/Mar/2024:16:51:45 -0300] "GET /cormun/servlet/apermisogoceprn?16879891,P,20240307164843,PU HTTP/1.1" 200 1649
190.171.143.90 - - [07/Mar/2024:16:53:00 -0300] "GET /cormun/servlet/hlogin HTTP/1.1" 200 1727
190.171.143.90 - - [07/Mar/2024:16:53:09 -0300] "POST /cormun/servlet/hlogin?f6f5e00cf6f21deff542ae395a6e0abd,gx-no-cache=1709841030054 HTTP/1.1" 200 90
190.171.143.90 - - [07/Mar/2024:16:53:09 -0300] "GET /cormun/servlet/hpexe_link HTTP/1.1" 200 957
190.171.143.90 - - [07/Mar/2024:16:53:09 -0300] "GET /cormun/servlet/hhome HTTP/1.1" 200 4327
190.171.143.90 - - [07/Mar/2024:16:53:13 -0300] "GET /cormun/servlet/trsolicitudot? HTTP/1.1" 200 7546
190.171.143.90 - - [07/Mar/2024:16:53:41 -0300] "POST /cormun/servlet/trsolicitudot?f6f5e00cf6f21deff542ae395a6e0abd,,gx-no-cache=1709841062239 HTTP/1.1" 200 4645
190.171.143.90 - - [07/Mar/2024:16:53:47 -0300] "GET /cormun/servlet/solicitudot?INS,0,0,false, HTTP/1.1" 200 16294
181.161.15.181 - - [07/Mar/2024:16:53:59 -0300] "½¹êyܝõÚý/BArÁo¥Î]I`vÜNqñ9Ê¥8 t fQÃcÓim÷^Îú1—59~$ƒzi8sU^S+ ZZÀ+À/À,À0̨̩ÀÀœ/5Pjj+3ï횚c™À ËðîÏÎÚiîZqV#†$’ÿ´Ìgâ©:‡Ò1J%F6°”BÛp J—Ûڗ<ËW²åšûCÄÇv4bòf|,⪖©0¹pBt†»q:{ýÔGu$X[Iðƒ ½Xu¼Äk³ºûW®76LCl †‘© _ž£"\Oˆ¥€~Ƌõ›ž=:ÍoöNëÊêD/ü‡%ҀNÇi¦ÌÚ¤˹ŽigÖʯh:Ã,“5b– ó*°B%s©ÛG" 400 -
181.161.15.181 - - [07/Mar/2024:16:53:59 -0300] "-" 400 -
181.161.15.181 - - [07/Mar/2024:16:53:59 -0300] "GET /cormun/servlet/hlogin HTTP/1.1" 200 1720
181.161.15.181 - - [07/Mar/2024:16:53:59 -0300] "GET /cormun/static/gxtimezone.js?85251 HTTP/1.1" 200 5781
181.161.15.181 - - [07/Mar/2024:16:53:59 -0300] "GET /cormun/static/gxcfg.js?2022112219184450 HTTP/1.1" 200 953
181.161.15.181 - - [07/Mar/2024:16:53:59 -0300] "GET /cormun/static/messages.spa.js?85251 HTTP/1.1" 200 30736
181.161.15.181 - - [07/Mar/2024:16:53:59 -0300] "GET /cormun/static/Resources/CormunLogin.png HTTP/1.1" 200 19132
181.161.15.181 - - [07/Mar/2024:16:53:59 -0300] "GET /cormun/static/Resources/Spanish/PXTools.css?1759030 HTTP/1.1" 200 100853
181.161.15.181 - - [07/Mar/2024:16:54:00 -0300] "GET /cormun/static/hlogin.js?2022112219184458 HTTP/1.1" 200 2156
181.161.15.181 - - [07/Mar/2024:16:54:00 -0300] "GET /cormun/static/gxgral.js?85251 HTTP/1.1" 200 384558
181.161.15.181 - - [07/Mar/2024:16:54:00 -0300] "GET /cormun/static/Resources/PXToolsLoginBackground.png HTTP/1.1" 200 1164
181.161.15.181 - - [07/Mar/2024:16:54:00 -0300] "GET /cormun/static/Resources/PXToolsButtonLeft.png HTTP/1.1" 200 1310
181.161.15.181 - - [07/Mar/2024:16:54:00 -0300] "GET /cormun/static/Resources/PXToolsLoginTop.png HTTP/1.1" 200 1337
181.161.15.181 - - [07/Mar/2024:16:54:00 -0300] "GET /cormun/static/Resources/PXToolsButtonRight.png HTTP/1.1" 200 1294
181.161.15.181 - - [07/Mar/2024:16:54:00 -0300] "GET /cormun/static/Resources/PXToolsButtonBackground.png HTTP/1.1" 200 1176
181.161.15.181 - - [07/Mar/2024:16:54:00 -0300] "GET /cormun/static/Resources/PXToolsLoginBottom.png HTTP/1.1" 200 1389
181.161.15.181 - - [07/Mar/2024:16:54:00 -0300] "GET /cormun/static/Resources/indicator.gif HTTP/1.1" 200 1553
181.161.15.181 - - [07/Mar/2024:16:54:00 -0300] "GET /cormun/servlet/hlogin HTTP/1.1" 200 1730
181.161.15.181 - - [07/Mar/2024:16:54:00 -0300] "GET /favicon.ico HTTP/1.1" 200 21630
190.171.143.90 - - [07/Mar/2024:16:54:03 -0300] "POST /cormun/servlet/solicitudot?gx-no-cache=1709841084409 HTTP/1.1" 200 4158
190.171.143.90 - - [07/Mar/2024:16:54:03 -0300] "POST /cormun/servlet/solicitudot?f6f5e00cf6f21deff542ae395a6e0abd,INS,0,0,false,,gx-no-cache=1709841084553 HTTP/1.1" 200 12999
190.171.143.90 - - [07/Mar/2024:16:54:23 -0300] "GET /cormun/servlet/solicitudot?b9d87d4a26fbdde1b40a1401f407cf6173fb0b1e69993ce10c0dade6db86061f224baa38f9dc9fe9d9465327768afa4d,gx-no-cache=1709841104018 HTTP/1.1" 200 30
190.171.143.90 - - [07/Mar/2024:16:54:23 -0300] "GET /cormun/servlet/solicitudot?b9d87d4a26fbdde1b40a1401f407cf61cc1259f57edae14250ef93c45d78779d6d3baaee3d92029ff9cd612a18df2de0126d3fbf453ca99a789b1ed1efcdd70b,gx-no-cache=1709841104039 HTTP/1.1" 200 30
190.171.143.90 - - [07/Mar/2024:16:54:23 -0300] "GET /cormun/servlet/solicitudot?b9d87d4a26fbdde1b40a1401f407cf61a7f2deb717527a22e22f60a4c19b2936,gx-no-cache=1709841104055 HTTP/1.1" 200 53
190.171.143.90 - - [07/Mar/2024:16:54:23 -0300] "POST /cormun/servlet/solicitudot?gx-no-cache=1709841104073 HTTP/1.1" 200 240
190.171.143.90 - - [07/Mar/2024:16:54:23 -0300] "GET /cormun/servlet/solicitudot?b9d87d4a26fbdde1b40a1401f407cf617180064d1450e2519549acfef80e2b4de317a697721df3a7e0dc4143161f850eb4bd4d9f7ee2884e9392b93c5f116e5734fe159d1df314d085162e50b9dd1d58bcd23ad99f2161eecee9d8960bbd516e9d440b32d0242f7ceffbbe4f5efc52f76c79499c1624107e5f7ec584e20266f3d4cf5f548a1abb454f22f2cb3415e9c70493fa215d37a2ca496fb1d37cf95bee47519e164070c5a6f6fb286cd58f7870cdaf8e2093aca742042c692693cbbe94f052af26069d89043ae4d546c1b59cf28b61e06c37caabfbdcd2098d66e8aee55bfd0d47921c3acc727870fe38099e77e743342f4e1348ec0ce3edbc1233d26ae255cb37a9599269a10ae70e0823b1e6a0eda1d13867623b28830d4ea50e8d3b60bf0e9a2c4368ba575eabf3f32b909676b725b811b273552edcf2928301f2315d68b29b82ccd42344f41e924ded29e181a82b1e550c28cdae4a90e5bca63ee127c6d45e547bc3e221b542fc5e0e8724cfeb80364b1a37d8287d2de1e43e6a4b,gx-no-cache=1709841104093 HTTP/1.1" 200 30
190.171.143.90 - - [07/Mar/2024:16:54:23 -0300] "POST /cormun/servlet/solicitudot?gx-no-cache=1709841104108 HTTP/1.1" 200 30
190.171.143.90 - - [07/Mar/2024:16:54:23 -0300] "POST /cormun/servlet/solicitudot?gx-no-cache=1709841104129 HTTP/1.1" 200 1468
190.171.143.90 - - [07/Mar/2024:16:54:23 -0300] "POST /cormun/servlet/solicitudot?gx-no-cache=1709841104155 HTTP/1.1" 200 38
190.171.143.90 - - [07/Mar/2024:16:54:23 -0300] "GET /cormun/servlet/solicitudot?b9d87d4a26fbdde1b40a1401f407cf61e1c0c2e0b3088a1cd2f4ef47cbdaf723475e2fac169e24544effa13591b21ce9458b63ec5018a85e5d66e2458e10cba586dfefeea3e31a456a7fbe38926b4693ef64e4deeb7c1d000c50e3cd7d9a90f8a718c74e21cff4e868707be790775ccf,gx-no-cache=1709841104171 HTTP/1.1" 200 110
190.171.143.90 - - [07/Mar/2024:16:54:30 -0300] "POST /cormun/servlet/solicitudot?gx-no-cache=1709841111041 HTTP/1.1" 200 97
190.171.143.90 - - [07/Mar/2024:16:54:35 -0300] "GET /cormun/servlet/solicitudot?b9d87d4a26fbdde1b40a1401f407cf615d3fb5aca6ec0514092addb7c3eeca254215eb50ccde5c425f3083cb77943ae66f175d8e0abea671b46f21503a8c23da8a8ba4871174a7ec9e56720e5094c521ad2212396ce1602ec550734b55ca9f9e68bd44d08e7f157b7ce3741f78c67f7d077b487ae43bc17e55d148bd413127b64fdd2a91726c0f67e1b0a8ec738cb704dc93f540589033a816e86f4686723306,gx-no-cache=1709841116414 HTTP/1.1" 200 29
190.171.143.90 - - [07/Mar/2024:16:54:35 -0300] "GET /cormun/static/menuarrow.gif HTTP/1.1" 404 1015
190.171.143.90 - - [07/Mar/2024:16:54:46 -0300] "GET /cormun/servlet/solicitudot?b9d87d4a26fbdde1b40a1401f407cf61c0f74cf3cd11e57f31046dfd4a43c39b2418120701c3e71a9f3cb54dba99dbef,gx-no-cache=1709841126924 HTTP/1.1" 200 30
190.171.143.90 - - [07/Mar/2024:16:54:50 -0300] "POST /cormun/servlet/solicitudot?gx-no-cache=1709841130801 HTTP/1.1" 200 30
198.235.24.56 - - [07/Mar/2024:16:57:36 -0300] "GET / HTTP/1.0" 200 11197
190.171.143.90 - - [07/Mar/2024:16:58:12 -0300] "POST /cormun/servlet/solicitudot?gx-no-cache=1709841333685 HTTP/1.1" 200 30
190.171.143.90 - - [07/Mar/2024:16:58:43 -0300] "POST /cormun/servlet/solicitudot?gx-no-cache=1709841364428 HTTP/1.1" 200 30
200.54.103.162 - - [07/Mar/2024:17:00:00 -0300] "GET /cormun/servlet/hlogin HTTP/1.1" 200 1741
190.171.143.90 - - [07/Mar/2024:17:00:09 -0300] "POST /cormun/servlet/solicitudot?gx-no-cache=1709841450265 HTTP/1.1" 200 1468
190.171.143.90 - - [07/Mar/2024:17:00:09 -0300] "POST /cormun/servlet/solicitudot?gx-no-cache=1709841450298 HTTP/1.1" 200 41
190.171.143.90 - - [07/Mar/2024:17:00:09 -0300] "GET /cormun/servlet/solicitudot?b9d87d4a26fbdde1b40a1401f407cf61e1c0c2e0b3088a1cd2f4ef47cbdaf723475e2fac169e24544effa13591b21ce9458b63ec5018a85e5d66e2458e10cba586dfefeea3e31a456a7fbe38926b4693ef64e4deeb7c1d000c50e3cd7d9a90f8a718c74e21cff4e868707be790775ccf,gx-no-cache=1709841450314 HTTP/1.1" 200 110
190.171.143.90 - - [07/Mar/2024:17:00:09 -0300] "POST /cormun/servlet/solicitudot?gx-no-cache=1709841450335 HTTP/1.1" 200 97
190.171.143.90 - - [07/Mar/2024:17:00:09 -0300] "GET /cormun/servlet/solicitudot?b9d87d4a26fbdde1b40a1401f407cf61c0f74cf3cd11e57f31046dfd4a43c39b2418120701c3e71a9f3cb54dba99dbef,gx-no-cache=1709841450357 HTTP/1.1" 200 30
190.171.143.90 - - [07/Mar/2024:17:00:09 -0300] "POST /cormun/servlet/solicitudot?gx-no-cache=1709841450374 HTTP/1.1" 200 30
190.171.143.90 - - [07/Mar/2024:17:00:10 -0300] "POST /cormun/servlet/solicitudot?f6f5e00cf6f21deff542ae395a6e0abd,INS,0,0,false,,gx-no-cache=1709841450397 HTTP/1.1" 200 93
190.171.143.90 - - [07/Mar/2024:17:00:10 -0300] "GET /cormun/servlet/hpexe_return? HTTP/1.1" 200 1014
190.171.143.90 - - [07/Mar/2024:17:00:10 -0300] "GET /cormun/static/hpexe_return.js?20221129846037 HTTP/1.1" 200 1633
190.171.143.90 - - [07/Mar/2024:17:00:10 -0300] "GET /cormun/static/gxcfg.js?20221129846035 HTTP/1.1" 200 953
190.171.143.90 - - [07/Mar/2024:17:00:10 -0300] "GET /cormun/servlet/trsolicitudot? HTTP/1.1" 200 8977
190.171.143.90 - - [07/Mar/2024:17:00:10 -0300] "GET /cormun//static/Resources/PXToolsGridUpdate.png HTTP/1.1" 200 470
190.171.143.90 - - [07/Mar/2024:17:00:10 -0300] "GET /cormun//static/Resources/PXToolsActionView.png HTTP/1.1" 200 398
190.171.143.90 - - [07/Mar/2024:17:00:10 -0300] "GET /cormun//static/Resources/PXToolsGridDelete.png HTTP/1.1" 200 538
190.171.143.90 - - [07/Mar/2024:17:00:10 -0300] "GET /cormun//static/Resources/PXToolsRemoveAllAction.png HTTP/1.1" 200 487
190.171.143.90 - - [07/Mar/2024:17:00:19 -0300] "GET /cormun/servlet/solicitudot?INS,0,0,false, HTTP/1.1" 200 16295
80.82.78.39 - - [07/Mar/2024:17:00:34 -0300] "GET /admin.php HTTP/1.1" 404 979
190.171.143.90 - - [07/Mar/2024:17:00:35 -0300] "POST /cormun/servlet/solicitudot?gx-no-cache=1709841475684 HTTP/1.1" 200 4158
190.171.143.90 - - [07/Mar/2024:17:00:35 -0300] "POST /cormun/servlet/solicitudot?f6f5e00cf6f21deff542ae395a6e0abd,INS,0,0,false,,gx-no-cache=1709841475809 HTTP/1.1" 200 12998
80.82.78.39 - - [07/Mar/2024:17:00:37 -0300] "-" 400 -
190.171.143.90 - - [07/Mar/2024:17:00:43 -0300] "GET /cormun/servlet/solicitudot?b9d87d4a26fbdde1b40a1401f407cf6173fb0b1e69993ce10c0dade6db86061f224baa38f9dc9fe9d9465327768afa4d,gx-no-cache=1709841484440 HTTP/1.1" 200 30
190.171.143.90 - - [07/Mar/2024:17:00:43 -0300] "GET /cormun/servlet/solicitudot?b9d87d4a26fbdde1b40a1401f407cf61cc1259f57edae14250ef93c45d78779d6d3baaee3d92029ff9cd612a18df2de0126d3fbf453ca99a789b1ed1efcdd70b,gx-no-cache=1709841484462 HTTP/1.1" 200 30
190.171.143.90 - - [07/Mar/2024:17:00:43 -0300] "GET /cormun/servlet/solicitudot?b9d87d4a26fbdde1b40a1401f407cf61a7f2deb717527a22e22f60a4c19b2936,gx-no-cache=1709841484478 HTTP/1.1" 200 53
190.171.143.90 - - [07/Mar/2024:17:00:43 -0300] "POST /cormun/servlet/solicitudot?gx-no-cache=1709841484496 HTTP/1.1" 200 240
