200.54.103.162 - - [28/Dec/2023:12:30:08 -0300] "POST /cormun/servlet/trpermisosadjuntos?a4c26d91973406d6a4f27f60149ad3bf,12365836,20231228113912,P,,gx-no-cache=1703777301976 HTTP/1.1" 200 90
200.54.103.162 - - [28/Dec/2023:12:30:08 -0300] "GET /cormun/servlet/hpexe_link HTTP/1.1" 200 1001
200.54.103.162 - - [28/Dec/2023:12:30:09 -0300] "GET /cormun/servlet/trpermisosgoce?gx-no-cache=1703777191440 HTTP/1.1" 200 18718
200.54.103.162 - - [28/Dec/2023:12:30:20 -0300] "GET /cormun/servlet/trpermisosadjuntos?9067815,20231228114014,P, HTTP/1.1" 200 6682
200.54.103.162 - - [28/Dec/2023:12:30:21 -0300] "GET /cormun/servlet/permisosadjuntos?INS,9067815,P,20231228114014,, HTTP/1.1" 200 5987
200.54.103.162 - - [28/Dec/2023:12:30:21 -0300] "GET /cormun/static/about:blank HTTP/1.1" 404 1011
200.54.103.162 - - [28/Dec/2023:12:30:29 -0300] "POST /cormun/servlet/permisosadjuntos?a4c26d91973406d6a4f27f60149ad3bf,INS,9067815,P,20231228114014,, HTTP/1.1" 200 116
200.54.103.162 - - [28/Dec/2023:12:30:29 -0300] "GET /cormun/servlet/hpexe_return? HTTP/1.1" 200 1033
200.54.103.162 - - [28/Dec/2023:12:30:29 -0300] "GET /cormun/servlet/trpermisosadjuntos?9067815,20231228114014,P, HTTP/1.1" 200 7172
200.54.103.162 - - [28/Dec/2023:12:30:35 -0300] "POST /cormun/servlet/trpermisosadjuntos?a4c26d91973406d6a4f27f60149ad3bf,9067815,20231228114014,P,,gx-no-cache=1703777328225 HTTP/1.1" 200 90
200.54.103.162 - - [28/Dec/2023:12:30:35 -0300] "GET /cormun/servlet/hpexe_link HTTP/1.1" 200 1001
200.54.103.162 - - [28/Dec/2023:12:30:35 -0300] "GET /cormun/servlet/trpermisosgoce?gx-no-cache=1703777191440 HTTP/1.1" 200 18686
200.54.103.162 - - [28/Dec/2023:12:30:55 -0300] "GET /cormun/servlet/trpermisosadjuntos?8481768,20231228114038,P, HTTP/1.1" 200 6672
200.54.103.162 - - [28/Dec/2023:12:30:57 -0300] "GET /cormun/servlet/permisosadjuntos?INS,8481768,P,20231228114038,, HTTP/1.1" 200 5981
200.54.103.162 - - [28/Dec/2023:12:30:57 -0300] "GET /cormun/static/about:blank HTTP/1.1" 404 1011
200.54.103.162 - - [28/Dec/2023:12:31:07 -0300] "POST /cormun/servlet/permisosadjuntos?a4c26d91973406d6a4f27f60149ad3bf,INS,8481768,P,20231228114038,, HTTP/1.1" 200 116
200.54.103.162 - - [28/Dec/2023:12:31:07 -0300] "GET /cormun/servlet/hpexe_return? HTTP/1.1" 200 1034
200.54.103.162 - - [28/Dec/2023:12:31:07 -0300] "GET /cormun/servlet/trpermisosadjuntos?8481768,20231228114038,P, HTTP/1.1" 200 7162
200.54.103.162 - - [28/Dec/2023:12:31:12 -0300] "POST /cormun/servlet/trpermisosadjuntos?a4c26d91973406d6a4f27f60149ad3bf,8481768,20231228114038,P,,gx-no-cache=1703777365664 HTTP/1.1" 200 90
200.54.103.162 - - [28/Dec/2023:12:31:12 -0300] "GET /cormun/servlet/hpexe_link HTTP/1.1" 200 1000
200.54.103.162 - - [28/Dec/2023:12:31:12 -0300] "GET /cormun/servlet/trpermisosgoce?gx-no-cache=1703777191440 HTTP/1.1" 200 18736
200.54.103.162 - - [28/Dec/2023:12:31:41 -0300] "POST /cormun/servlet/trpermisosgoce?a4c26d91973406d6a4f27f60149ad3bf,gx-no-cache=1703777191440,gx-no-cache=1703777394642 HTTP/1.1" 200 8782
200.54.103.162 - - [28/Dec/2023:12:31:48 -0300] "GET /cormun/servlet/trpermisosadjuntos?15737844,20231228114153,P, HTTP/1.1" 200 6682
200.54.103.162 - - [28/Dec/2023:12:31:49 -0300] "GET /cormun/servlet/permisosadjuntos?INS,15737844,P,20231228114153,, HTTP/1.1" 200 5987
200.54.103.162 - - [28/Dec/2023:12:31:50 -0300] "GET /cormun/static/about:blank HTTP/1.1" 404 1011
200.54.103.162 - - [28/Dec/2023:12:32:00 -0300] "POST /cormun/servlet/permisosadjuntos?a4c26d91973406d6a4f27f60149ad3bf,INS,15737844,P,20231228114153,, HTTP/1.1" 200 116
200.54.103.162 - - [28/Dec/2023:12:32:00 -0300] "GET /cormun/servlet/hpexe_return? HTTP/1.1" 200 1035
200.54.103.162 - - [28/Dec/2023:12:32:00 -0300] "GET /cormun/servlet/trpermisosadjuntos?15737844,20231228114153,P, HTTP/1.1" 200 7175
190.171.143.98 - - [28/Dec/2023:12:32:11 -0300] "GET /cormun/servlet/hlogin HTTP/1.1" 200 1722
190.171.143.98 - - [28/Dec/2023:12:32:11 -0300] "GET /cormun/servlet/hlogin HTTP/1.1" 200 1732
190.171.143.98 - - [28/Dec/2023:12:32:18 -0300] "POST /cormun/servlet/hlogin?f5a1fbe55d0751cd125f1501ef671faf,gx-no-cache=1703777432002 HTTP/1.1" 200 446
200.54.103.162 - - [28/Dec/2023:12:32:20 -0300] "POST /cormun/servlet/trpermisosadjuntos?a4c26d91973406d6a4f27f60149ad3bf,15737844,20231228114153,P,,gx-no-cache=1703777433825 HTTP/1.1" 200 90
200.54.103.162 - - [28/Dec/2023:12:32:20 -0300] "GET /cormun/servlet/hpexe_link HTTP/1.1" 200 1001
200.54.103.162 - - [28/Dec/2023:12:32:20 -0300] "GET /cormun/servlet/trpermisosgoce?gx-no-cache=1703777191440 HTTP/1.1" 200 11613
190.171.143.98 - - [28/Dec/2023:12:32:24 -0300] "POST /cormun/servlet/hlogin?f5a1fbe55d0751cd125f1501ef671faf,gx-no-cache=1703777437720 HTTP/1.1" 200 90
190.171.143.98 - - [28/Dec/2023:12:32:24 -0300] "GET /cormun/servlet/hpexe_link HTTP/1.1" 200 953
190.171.143.98 - - [28/Dec/2023:12:32:25 -0300] "GET /cormun/servlet/hhome HTTP/1.1" 200 4308
200.54.103.162 - - [28/Dec/2023:12:32:28 -0300] "GET /cormun/servlet/trpermisosadjuntos?12365836,20231228114219,P, HTTP/1.1" 200 6676
200.54.103.162 - - [28/Dec/2023:12:32:30 -0300] "GET /cormun/servlet/permisosadjuntos?INS,12365836,P,20231228114219,, HTTP/1.1" 200 5980
200.54.103.162 - - [28/Dec/2023:12:32:30 -0300] "GET /cormun/static/about:blank HTTP/1.1" 404 1011
190.171.143.98 - - [28/Dec/2023:12:32:32 -0300] "GET /cormun/servlet/trpermisosgoce? HTTP/1.1" 200 12043
190.171.143.98 - - [28/Dec/2023:12:32:35 -0300] "GET /cormun/servlet/permisogoce?INS,0,,, HTTP/1.1" 200 7200
200.54.103.162 - - [28/Dec/2023:12:32:45 -0300] "POST /cormun/servlet/permisosadjuntos?a4c26d91973406d6a4f27f60149ad3bf,INS,12365836,P,20231228114219,, HTTP/1.1" 200 116
200.54.103.162 - - [28/Dec/2023:12:32:45 -0300] "GET /cormun/servlet/hpexe_return? HTTP/1.1" 200 1035
200.54.103.162 - - [28/Dec/2023:12:32:45 -0300] "GET /cormun/servlet/trpermisosadjuntos?12365836,20231228114219,P, HTTP/1.1" 200 7165
200.54.103.162 - - [28/Dec/2023:12:32:52 -0300] "POST /cormun/servlet/trpermisosadjuntos?a4c26d91973406d6a4f27f60149ad3bf,12365836,20231228114219,P,,gx-no-cache=1703777465280 HTTP/1.1" 200 90
200.54.103.162 - - [28/Dec/2023:12:32:52 -0300] "GET /cormun/servlet/hpexe_link HTTP/1.1" 200 1001
200.54.103.162 - - [28/Dec/2023:12:32:52 -0300] "GET /cormun/servlet/trpermisosgoce?gx-no-cache=1703777191440 HTTP/1.1" 200 11597
200.54.103.162 - - [28/Dec/2023:12:33:01 -0300] "GET /cormun/servlet/trpermisosadjuntos?17521323,20231228114244,P, HTTP/1.1" 200 6674
200.54.103.162 - - [28/Dec/2023:12:33:02 -0300] "GET /cormun/servlet/permisosadjuntos?INS,17521323,P,20231228114244,, HTTP/1.1" 200 5980
200.54.103.162 - - [28/Dec/2023:12:33:02 -0300] "GET /cormun/static/about:blank HTTP/1.1" 404 1011
200.54.103.162 - - [28/Dec/2023:12:33:12 -0300] "POST /cormun/servlet/permisosadjuntos?a4c26d91973406d6a4f27f60149ad3bf,INS,17521323,P,20231228114244,, HTTP/1.1" 200 116
200.54.103.162 - - [28/Dec/2023:12:33:12 -0300] "GET /cormun/servlet/hpexe_return? HTTP/1.1" 200 1034
200.54.103.162 - - [28/Dec/2023:12:33:12 -0300] "GET /cormun/servlet/trpermisosadjuntos?17521323,20231228114244,P, HTTP/1.1" 200 7161
200.54.103.162 - - [28/Dec/2023:12:33:18 -0300] "POST /cormun/servlet/trpermisosadjuntos?a4c26d91973406d6a4f27f60149ad3bf,17521323,20231228114244,P,,gx-no-cache=1703777491767 HTTP/1.1" 200 90
200.54.103.162 - - [28/Dec/2023:12:33:18 -0300] "GET /cormun/servlet/hpexe_link HTTP/1.1" 200 1000
200.54.103.162 - - [28/Dec/2023:12:33:18 -0300] "GET /cormun/servlet/trpermisosgoce?gx-no-cache=1703777191440 HTTP/1.1" 200 11597
200.54.103.162 - - [28/Dec/2023:12:33:26 -0300] "GET /cormun/servlet/trpermisosadjuntos?16180303,20231228114307,P, HTTP/1.1" 200 6675
200.54.103.162 - - [28/Dec/2023:12:33:28 -0300] "GET /cormun/servlet/permisosadjuntos?INS,16180303,P,20231228114307,, HTTP/1.1" 200 5983
200.54.103.162 - - [28/Dec/2023:12:33:28 -0300] "GET /cormun/static/about:blank HTTP/1.1" 404 1011
200.54.103.162 - - [28/Dec/2023:12:33:38 -0300] "POST /cormun/servlet/permisosadjuntos?a4c26d91973406d6a4f27f60149ad3bf,INS,16180303,P,20231228114307,, HTTP/1.1" 200 116
200.54.103.162 - - [28/Dec/2023:12:33:38 -0300] "GET /cormun/servlet/hpexe_return? HTTP/1.1" 200 1035
200.54.103.162 - - [28/Dec/2023:12:33:38 -0300] "GET /cormun/servlet/trpermisosadjuntos?16180303,20231228114307,P, HTTP/1.1" 200 7165
200.54.103.162 - - [28/Dec/2023:12:33:46 -0300] "POST /cormun/servlet/trpermisosadjuntos?a4c26d91973406d6a4f27f60149ad3bf,16180303,20231228114307,P,,gx-no-cache=1703777519776 HTTP/1.1" 200 90
200.54.103.162 - - [28/Dec/2023:12:33:46 -0300] "GET /cormun/servlet/hpexe_link HTTP/1.1" 200 1002
200.54.103.162 - - [28/Dec/2023:12:33:46 -0300] "GET /cormun/servlet/trpermisosgoce?gx-no-cache=1703777191440 HTTP/1.1" 200 11597
190.171.143.98 - - [28/Dec/2023:12:33:58 -0300] "GET /cormun/servlet/permisogoce?ab6fb1b12d53c7d2054a3c55af1d63b6a7b74a14d2014cf0b3f4bd46c4b38103526d83c67284f67867d9e70d16841d5498c29aad4529e74520dd40cbf75b1d91,gx-no-cache=1703777531451 HTTP/1.1" 200 79
190.171.143.98 - - [28/Dec/2023:12:33:58 -0300] "GET /cormun/static/menuarrow.gif HTTP/1.1" 404 1015
200.54.103.162 - - [28/Dec/2023:12:34:14 -0300] "POST /cormun/servlet/trpermisosgoce?a4c26d91973406d6a4f27f60149ad3bf,gx-no-cache=1703777191440,gx-no-cache=1703777547633 HTTP/1.1" 200 15958
190.171.143.98 - - [28/Dec/2023:12:34:40 -0300] "GET /cormun/servlet/permisogoce?ab6fb1b12d53c7d2054a3c55af1d63b6d4919e2f7adfa0348871ae4ead6b03b1415495f6207ff4c5a941341be80bfecee1907be0f4eec196518797f2ae6f9494,gx-no-cache=1703777573185 HTTP/1.1" 200 48
200.54.103.162 - - [28/Dec/2023:12:34:40 -0300] "POST /cormun/servlet/trpermisosgoce?a4c26d91973406d6a4f27f60149ad3bf,gx-no-cache=1703777191440,gx-no-cache=1703777573385 HTTP/1.1" 200 8782
200.54.103.162 - - [28/Dec/2023:12:34:52 -0300] "GET /cormun/servlet/permisogoce?UPD,15916030,P,20231228114352, HTTP/1.1" 200 7318
200.54.103.162 - - [28/Dec/2023:12:34:52 -0300] "GET /cormun/servlet/permisogoce?90aa42625d10a5d1b3a41f27e3caa3846c781bd6cc170faf2909406877e4e379ee28ee4382510b51c24c0c9b83031c85ce2fb01ad10c1289cb2ac598e3a67f69,gx-no-cache=1703777585872 HTTP/1.1" 200 80
200.54.103.162 - - [28/Dec/2023:12:34:55 -0300] "GET /cormun/static/menuarrow.gif HTTP/1.1" 404 1015
190.171.143.98 - - [28/Dec/2023:12:35:00 -0300] "POST /cormun/servlet/permisogoce?f5a1fbe55d0751cd125f1501ef671faf,INS,0,,,,gx-no-cache=1703777592949 HTTP/1.1" 200 93
190.171.143.98 - - [28/Dec/2023:12:35:00 -0300] "GET /cormun/servlet/hpexe_return? HTTP/1.1" 200 1011
200.54.103.162 - - [28/Dec/2023:12:35:01 -0300] "GET /cormun/servlet/permisogoce?90aa42625d10a5d1b3a41f27e3caa384cd2ff6344f9dd0b891dbe2a11cadef549579d443bf316ff4cea2deed6198ebba9bc1965ee7d6be2be4de7045bfe86903,gx-no-cache=1703777594343 HTTP/1.1" 200 48
190.171.143.98 - - [28/Dec/2023:12:35:01 -0300] "GET /cormun/servlet/trpermisosgoce HTTP/1.1" 200 12265
200.54.103.162 - - [28/Dec/2023:12:35:03 -0300] "POST /cormun/servlet/permisogoce?a4c26d91973406d6a4f27f60149ad3bf,UPD,15916030,P,20231228114352,,gx-no-cache=1703777596585 HTTP/1.1" 200 93
200.54.103.162 - - [28/Dec/2023:12:35:03 -0300] "GET /cormun/servlet/hpexe_return? HTTP/1.1" 200 1046
200.54.103.162 - - [28/Dec/2023:12:35:03 -0300] "GET /cormun/servlet/trpermisosgoce?gx-no-cache=1703777191440 HTTP/1.1" 200 11522
190.171.143.98 - - [28/Dec/2023:12:35:12 -0300] "POST /cormun/servlet/trpermisosgoce?f5a1fbe55d0751cd125f1501ef671faf,gx-no-cache=1703777605861 HTTP/1.1" 200 9499
190.171.143.98 - - [28/Dec/2023:12:35:13 -0300] "GET /cormun/static/Shared/jqueryui/images/ui-bg_highlight-soft_100_c6c2c8_1x100.png HTTP/1.1" 404 1117
190.171.143.98 - - [28/Dec/2023:12:35:13 -0300] "GET /cormun/static/Shared/jqueryui/images/ui-icons_82798d_256x240.png HTTP/1.1" 404 1089
190.171.143.98 - - [28/Dec/2023:12:35:13 -0300] "GET /cormun/static/Shared/jqueryui/images/ui-bg_flat_55_fafafa_40x100.png HTTP/1.1" 404 1097
190.171.143.98 - - [28/Dec/2023:12:35:13 -0300] "GET /cormun/static/Shared/jqueryui/images/ui-icons_8d78a5_256x240.png HTTP/1.1" 404 1089
200.54.103.162 - - [28/Dec/2023:12:35:15 -0300] "POST /cormun/servlet/trpermisosgoce?a4c26d91973406d6a4f27f60149ad3bf,gx-no-cache=1703777191440,gx-no-cache=1703777608815 HTTP/1.1" 200 15982
190.171.143.98 - - [28/Dec/2023:12:35:16 -0300] "GET /cormun/servlet/trpermisosadjuntos?13502046,20231228123050,P, HTTP/1.1" 200 6620
200.54.103.162 - - [28/Dec/2023:12:35:44 -0300] "POST /cormun/servlet/trpermisosgoce?a4c26d91973406d6a4f27f60149ad3bf,gx-no-cache=1703777191440,gx-no-cache=1703777637817 HTTP/1.1" 200 8703
190.171.143.98 - - [28/Dec/2023:12:35:49 -0300] "GET /cormun/servlet/permisosadjuntos?INS,13502046,P,20231228123050,, HTTP/1.1" 200 5949
190.171.143.98 - - [28/Dec/2023:12:35:50 -0300] "GET /cormun/static/about:blank HTTP/1.1" 404 1011
200.54.103.162 - - [28/Dec/2023:12:35:53 -0300] "GET /cormun/servlet/permisogoce?INS,0,,, HTTP/1.1" 200 7254
190.171.143.98 - - [28/Dec/2023:12:36:00 -0300] "POST /cormun/servlet/permisosadjuntos?f5a1fbe55d0751cd125f1501ef671faf,INS,13502046,P,20231228123050,, HTTP/1.1" 200 116
190.171.143.98 - - [28/Dec/2023:12:36:00 -0300] "GET /cormun/servlet/hpexe_return? HTTP/1.1" 200 1038
190.171.143.98 - - [28/Dec/2023:12:36:00 -0300] "GET /cormun/servlet/trpermisosadjuntos?13502046,20231228123050,P, HTTP/1.1" 200 7121
200.54.103.162 - - [28/Dec/2023:12:36:01 -0300] "GET /cormun/servlet/permisogoce?90aa42625d10a5d1b3a41f27e3caa3846c781bd6cc170faf2909406877e4e379aa9e5b42a4d1e08aefdc07cc8f9d510a2efe6061786d28273075582650b7945d,gx-no-cache=1703777654246 HTTP/1.1" 200 80
190.171.143.98 - - [28/Dec/2023:12:36:02 -0300] "POST /cormun/servlet/trpermisosadjuntos?f5a1fbe55d0751cd125f1501ef671faf,13502046,20231228123050,P,,gx-no-cache=1703777655203 HTTP/1.1" 200 90
190.171.143.98 - - [28/Dec/2023:12:36:02 -0300] "GET /cormun/servlet/hpexe_link HTTP/1.1" 200 1006
190.171.143.98 - - [28/Dec/2023:12:36:02 -0300] "GET /cormun/servlet/trpermisosgoce?gx-no-cache=1703777605861 HTTP/1.1" 200 12255
190.171.143.98 - - [28/Dec/2023:12:36:05 -0300] "POST /cormun/servlet/trpermisosgoce?f5a1fbe55d0751cd125f1501ef671faf,gx-no-cache=1703777605861,gx-no-cache=1703777658413 HTTP/1.1" 200 9489
200.54.103.162 - - [28/Dec/2023:12:36:09 -0300] "GET /cormun/servlet/permisogoce?90aa42625d10a5d1b3a41f27e3caa384cd2ff6344f9dd0b891dbe2a11cadef5405626bb602bc0b07e1a5d830b14a3bbe136c0881dfa42f99392625367172ce75,gx-no-cache=1703777663189 HTTP/1.1" 200 48
190.171.143.98 - - [28/Dec/2023:12:36:11 -0300] "GET /cormun/servlet/apermisogoceprn?13502046,P,20231228123050,PU HTTP/1.1" 200 1653
200.54.103.162 - - [28/Dec/2023:12:36:12 -0300] "POST /cormun/servlet/permisogoce?a4c26d91973406d6a4f27f60149ad3bf,INS,0,,,,gx-no-cache=1703777665152 HTTP/1.1" 200 93
200.54.103.162 - - [28/Dec/2023:12:36:12 -0300] "GET /cormun/servlet/hpexe_return? HTTP/1.1" 200 1029
200.54.103.162 - - [28/Dec/2023:12:36:12 -0300] "GET /cormun/servlet/trpermisosgoce?gx-no-cache=1703777191440 HTTP/1.1" 200 11739
200.54.103.162 - - [28/Dec/2023:12:36:25 -0300] "POST /cormun/servlet/trpermisosgoce?a4c26d91973406d6a4f27f60149ad3bf,gx-no-cache=1703777191440,gx-no-cache=1703777678145 HTTP/1.1" 200 15971
200.54.103.162 - - [28/Dec/2023:12:36:33 -0300] "GET /cormun/servlet/trpermisosadjuntos?15916030,20231228114352,P, HTTP/1.1" 200 6678
200.54.103.162 - - [28/Dec/2023:12:36:35 -0300] "GET /cormun/servlet/permisosadjuntos?INS,15916030,P,20231228114352,, HTTP/1.1" 200 5987
200.54.103.162 - - [28/Dec/2023:12:36:35 -0300] "GET /cormun/static/about:blank HTTP/1.1" 404 1011
190.171.143.98 - - [28/Dec/2023:12:36:37 -0300] "GET /cormun/servlet/permisogoce?INS,0,,, HTTP/1.1" 200 7223
200.54.103.162 - - [28/Dec/2023:12:36:43 -0300] "POST /cormun/servlet/permisosadjuntos?a4c26d91973406d6a4f27f60149ad3bf,INS,15916030,P,20231228114352,, HTTP/1.1" 200 116
200.54.103.162 - - [28/Dec/2023:12:36:43 -0300] "GET /cormun/servlet/hpexe_return? HTTP/1.1" 200 1034
200.54.103.162 - - [28/Dec/2023:12:36:44 -0300] "GET /cormun/servlet/trpermisosadjuntos?15916030,20231228114352,P, HTTP/1.1" 200 7172
190.171.143.98 - - [28/Dec/2023:12:36:53 -0300] "GET /cormun/servlet/permisogoce?ab6fb1b12d53c7d2054a3c55af1d63b6e850df41575731bce2b7639da7f92ca6526d83c67284f67867d9e70d16841d5498c29aad4529e74520dd40cbf75b1d91,gx-no-cache=1703777706572 HTTP/1.1" 200 91
200.54.103.162 - - [28/Dec/2023:12:36:55 -0300] "POST /cormun/servlet/trpermisosadjuntos?a4c26d91973406d6a4f27f60149ad3bf,15916030,20231228114352,P,,gx-no-cache=1703777708360 HTTP/1.1" 200 90
200.54.103.162 - - [28/Dec/2023:12:36:55 -0300] "GET /cormun/servlet/hpexe_link HTTP/1.1" 200 1002
200.54.103.162 - - [28/Dec/2023:12:36:55 -0300] "GET /cormun/servlet/trpermisosgoce?gx-no-cache=1703777191440 HTTP/1.1" 200 18698
190.171.143.98 - - [28/Dec/2023:12:37:06 -0300] "GET /cormun/servlet/permisogoce?ab6fb1b12d53c7d2054a3c55af1d63b63d6a24cc4d851ab08b1dc6bc745b4dcd154b0aba87a7b893f3e6b5ec0e904259e1907be0f4eec196518797f2ae6f9494,gx-no-cache=1703777719768 HTTP/1.1" 200 48
190.171.143.98 - - [28/Dec/2023:12:37:10 -0300] "POST /cormun/servlet/permisogoce?f5a1fbe55d0751cd125f1501ef671faf,INS,0,,,,gx-no-cache=1703777722836 HTTP/1.1" 200 93
190.171.143.98 - - [28/Dec/2023:12:37:10 -0300] "GET /cormun/servlet/hpexe_return? HTTP/1.1" 200 1034
190.171.143.98 - - [28/Dec/2023:12:37:10 -0300] "GET /cormun/servlet/trpermisosgoce?gx-no-cache=1703777605861 HTTP/1.1" 200 12528
190.171.143.98 - - [28/Dec/2023:12:37:13 -0300] "GET /cormun/servlet/trpermisosadjuntos?13502046,20231228123050,P, HTTP/1.1" 200 7139
200.54.103.162 - - [28/Dec/2023:12:37:13 -0300] "GET /cormun/servlet/trpermisosadjuntos?25768332,20231228114436,P, HTTP/1.1" 200 6678
200.54.103.162 - - [28/Dec/2023:12:37:15 -0300] "GET /cormun/servlet/permisosadjuntos?INS,25768332,P,20231228114436,, HTTP/1.1" 200 5985
200.54.103.162 - - [28/Dec/2023:12:37:15 -0300] "GET /cormun/static/about:blank HTTP/1.1" 404 1011
190.171.143.98 - - [28/Dec/2023:12:37:15 -0300] "POST /cormun/servlet/trpermisosadjuntos?f5a1fbe55d0751cd125f1501ef671faf,13502046,20231228123050,P,,gx-no-cache=1703777728900 HTTP/1.1" 200 90
190.171.143.98 - - [28/Dec/2023:12:37:15 -0300] "GET /cormun/servlet/hpexe_link HTTP/1.1" 200 1006
190.171.143.98 - - [28/Dec/2023:12:37:16 -0300] "GET /cormun/servlet/trpermisosgoce?gx-no-cache=1703777605861 HTTP/1.1" 200 12522
190.171.143.98 - - [28/Dec/2023:12:37:20 -0300] "GET /cormun/servlet/trpermisosadjuntos?15993925,20231228123452,P, HTTP/1.1" 200 6658
190.171.152.114 - - [28/Dec/2023:12:37:22 -0300] "GET /cormun/servlet/hlogin HTTP/1.1" 200 1724
190.171.143.98 - - [28/Dec/2023:12:37:22 -0300] "GET /cormun/servlet/permisosadjuntos?INS,15993925,P,20231228123452,, HTTP/1.1" 200 5960
190.171.143.98 - - [28/Dec/2023:12:37:23 -0300] "GET /cormun/static/about:blank HTTP/1.1" 404 1011
200.54.103.162 - - [28/Dec/2023:12:37:24 -0300] "POST /cormun/servlet/permisosadjuntos?a4c26d91973406d6a4f27f60149ad3bf,INS,25768332,P,20231228114436,, HTTP/1.1" 200 116
200.54.103.162 - - [28/Dec/2023:12:37:24 -0300] "GET /cormun/servlet/hpexe_return? HTTP/1.1" 200 1034
200.54.103.162 - - [28/Dec/2023:12:37:25 -0300] "GET /cormun/servlet/trpermisosadjuntos?25768332,20231228114436,P, HTTP/1.1" 200 7169
200.54.103.162 - - [28/Dec/2023:12:37:31 -0300] "POST /cormun/servlet/trpermisosadjuntos?a4c26d91973406d6a4f27f60149ad3bf,25768332,20231228114436,P,,gx-no-cache=1703777744432 HTTP/1.1" 200 90
200.54.103.162 - - [28/Dec/2023:12:37:31 -0300] "GET /cormun/servlet/hpexe_link HTTP/1.1" 200 1000
200.54.103.162 - - [28/Dec/2023:12:37:31 -0300] "GET /cormun/servlet/trpermisosgoce?gx-no-cache=1703777191440 HTTP/1.1" 200 18698
190.171.152.114 - - [28/Dec/2023:12:37:35 -0300] "POST /cormun/servlet/hlogin?730aa5c8d2a36b9359029c16276fab93,gx-no-cache=1703777748364 HTTP/1.1" 200 425
190.171.143.98 - - [28/Dec/2023:12:37:37 -0300] "POST /cormun/servlet/permisosadjuntos?f5a1fbe55d0751cd125f1501ef671faf,INS,15993925,P,20231228123452,, HTTP/1.1" 200 116
190.171.143.98 - - [28/Dec/2023:12:37:37 -0300] "GET /cormun/servlet/hpexe_return? HTTP/1.1" 200 1041
190.171.143.98 - - [28/Dec/2023:12:37:37 -0300] "GET /cormun/servlet/trpermisosadjuntos?15993925,20231228123452,P, HTTP/1.1" 200 7145
190.171.143.98 - - [28/Dec/2023:12:37:38 -0300] "POST /cormun/servlet/trpermisosadjuntos?f5a1fbe55d0751cd125f1501ef671faf,15993925,20231228123452,P,,gx-no-cache=1703777751924 HTTP/1.1" 200 90
190.171.143.98 - - [28/Dec/2023:12:37:38 -0300] "GET /cormun/servlet/hpexe_link HTTP/1.1" 200 1008
200.54.103.162 - - [28/Dec/2023:12:37:39 -0300] "GET /cormun/servlet/trpermisosadjuntos?12516844,20231228114503,P, HTTP/1.1" 200 6677
190.171.143.98 - - [28/Dec/2023:12:37:39 -0300] "GET /cormun/servlet/trpermisosgoce?gx-no-cache=1703777605861 HTTP/1.1" 200 12531
200.54.103.162 - - [28/Dec/2023:12:37:40 -0300] "GET /cormun/servlet/permisosadjuntos?INS,12516844,P,20231228114503,, HTTP/1.1" 200 5984
200.54.103.162 - - [28/Dec/2023:12:37:40 -0300] "GET /cormun/static/about:blank HTTP/1.1" 404 1011
190.171.143.98 - - [28/Dec/2023:12:37:42 -0300] "POST /cormun/servlet/trpermisosgoce?f5a1fbe55d0751cd125f1501ef671faf,gx-no-cache=1703777605861,gx-no-cache=1703777755685 HTTP/1.1" 200 9726
190.171.143.98 - - [28/Dec/2023:12:37:43 -0300] "GET /cormun/servlet/apermisogoceprn?15993925,P,20231228123452,PU HTTP/1.1" 200 1673
190.171.152.114 - - [28/Dec/2023:12:37:44 -0300] "POST /cormun/servlet/hlogin?730aa5c8d2a36b9359029c16276fab93,gx-no-cache=1703777757322 HTTP/1.1" 200 90
190.171.152.114 - - [28/Dec/2023:12:37:44 -0300] "GET /cormun/servlet/hpexe_link HTTP/1.1" 200 954
190.171.152.114 - - [28/Dec/2023:12:37:44 -0300] "GET /cormun/servlet/hhome HTTP/1.1" 200 4331
200.54.103.162 - - [28/Dec/2023:12:37:46 -0300] "POST /cormun/servlet/permisosadjuntos?a4c26d91973406d6a4f27f60149ad3bf,INS,12516844,P,20231228114503,, HTTP/1.1" 200 116
200.54.103.162 - - [28/Dec/2023:12:37:46 -0300] "GET /cormun/servlet/hpexe_return? HTTP/1.1" 200 1034
200.54.103.162 - - [28/Dec/2023:12:37:46 -0300] "GET /cormun/servlet/trpermisosadjuntos?12516844,20231228114503,P, HTTP/1.1" 200 7172
190.171.152.114 - - [28/Dec/2023:12:37:47 -0300] "GET /cormun/servlet/trpermisosgoce? HTTP/1.1" 200 10873
190.171.152.114 - - [28/Dec/2023:12:37:51 -0300] "GET /cormun/servlet/permisogoce?INS,0,,, HTTP/1.1" 200 7224
200.54.103.162 - - [28/Dec/2023:12:37:54 -0300] "POST /cormun/servlet/trpermisosadjuntos?a4c26d91973406d6a4f27f60149ad3bf,12516844,20231228114503,P,,gx-no-cache=1703777767664 HTTP/1.1" 200 90
200.54.103.162 - - [28/Dec/2023:12:37:54 -0300] "GET /cormun/servlet/hpexe_link HTTP/1.1" 200 1001
200.54.103.162 - - [28/Dec/2023:12:37:54 -0300] "GET /cormun/servlet/trpermisosgoce?gx-no-cache=1703777191440 HTTP/1.1" 200 18752
181.212.42.153 - - [28/Dec/2023:12:38:09 -0300] "GET /cormun/servlet/trpermisosgoce? HTTP/1.1" 200 6020
181.212.42.153 - - [28/Dec/2023:12:38:09 -0300] "GET /cormun/servlet/hlogin HTTP/1.1" 200 1732
181.212.42.153 - - [28/Dec/2023:12:38:09 -0300] "GET /cormun/servlet/trpermisosgoce? HTTP/1.1" 200 6020
190.171.152.114 - - [28/Dec/2023:12:38:09 -0300] "GET /cormun/servlet/permisogoce?ad3b60c8687bb8af4325e15c549a9779c13bf4c824fcd6c700985c4f2b0c64900fa6cc6c4ec60e008a6e7e6c8d6ab888147b0bd25c32a10df74c228044fa8f8d,gx-no-cache=1703777782798 HTTP/1.1" 200 81
190.171.152.114 - - [28/Dec/2023:12:38:11 -0300] "GET /cormun/static/menuarrow.gif HTTP/1.1" 404 1015
181.212.42.153 - - [28/Dec/2023:12:38:15 -0300] "POST /cormun/servlet/hlogin?2d4d7eb2895f890c2d2175d19865a5cf,gx-no-cache=1703777789233 HTTP/1.1" 200 90
181.212.42.153 - - [28/Dec/2023:12:38:15 -0300] "GET /cormun/servlet/hpexe_link HTTP/1.1" 200 951
181.212.42.153 - - [28/Dec/2023:12:38:15 -0300] "GET /cormun/servlet/trpermisosgoce HTTP/1.1" 200 18321
181.212.42.153 - - [28/Dec/2023:12:38:19 -0300] "GET /cormun/servlet/permisogoce?INS,0,,, HTTP/1.1" 200 6820
190.171.152.114 - - [28/Dec/2023:12:38:19 -0300] "GET /cormun/servlet/permisogoce?ad3b60c8687bb8af4325e15c549a9779741e2012db09485f9abd56890b86f791bd62f458130819182f62438be4c92c1ec71dc5670f892d9ad3060b95987824b5,gx-no-cache=1703777792930 HTTP/1.1" 200 48
190.171.143.98 - - [28/Dec/2023:12:38:20 -0300] "GET /cormun/servlet/permisogoce?INS,0,,, HTTP/1.1" 200 7224
190.171.152.114 - - [28/Dec/2023:12:38:22 -0300] "POST /cormun/servlet/permisogoce?730aa5c8d2a36b9359029c16276fab93,INS,0,,,,gx-no-cache=1703777794405 HTTP/1.1" 200 93
200.54.103.162 - - [28/Dec/2023:12:38:22 -0300] "GET /cormun/servlet/trpermisosadjuntos?24698895,20231228114525,P, HTTP/1.1" 200 6677
190.171.152.114 - - [28/Dec/2023:12:38:22 -0300] "GET /cormun/servlet/hpexe_return? HTTP/1.1" 200 1012
190.171.152.114 - - [28/Dec/2023:12:38:22 -0300] "GET /cormun/servlet/trpermisosgoce HTTP/1.1" 200 11116
200.54.103.162 - - [28/Dec/2023:12:38:23 -0300] "GET /cormun/servlet/permisosadjuntos?INS,24698895,P,20231228114525,, HTTP/1.1" 200 5981
200.54.103.162 - - [28/Dec/2023:12:38:24 -0300] "GET /cormun/static/about:blank HTTP/1.1" 404 1011
181.212.42.153 - - [28/Dec/2023:12:38:25 -0300] "GET /cormun/servlet/permisogoce?b55d0780848749fec12cdf8c0bfd68d460a6ad0792ad234c18bb2152eb00cd136f76c4c0d36ca527f76a99acbb8dae53e8a543c2859bfcf6dad30879e6362f00,gx-no-cache=1703777799838 HTTP/1.1" 200 77
190.171.152.114 - - [28/Dec/2023:12:38:26 -0300] "GET /cormun/servlet/apermisogoceprn?18044121,P,20231228123606,PU HTTP/1.1" 200 1667
181.212.42.153 - - [28/Dec/2023:12:38:28 -0300] "GET /cormun/static/menuarrow.gif HTTP/1.1" 404 1015
190.171.143.98 - - [28/Dec/2023:12:38:31 -0300] "GET /cormun/servlet/permisogoce?ab6fb1b12d53c7d2054a3c55af1d63b64f007b3e378e11e2cd1c581a4a786e52526d83c67284f67867d9e70d16841d5498c29aad4529e74520dd40cbf75b1d91,gx-no-cache=1703777804722 HTTP/1.1" 200 80
181.212.42.153 - - [28/Dec/2023:12:38:32 -0300] "GET /cormun/servlet/permisogoce?b55d0780848749fec12cdf8c0bfd68d4b84d2c1b2dcad49c6bc5da4a6200dc164b25cd5a491997b02e0b7eb45188504dc7a42a04bf670d4dd1e9ef5ea58ecf49,gx-no-cache=1703777806662 HTTP/1.1" 200 48
181.212.42.153 - - [28/Dec/2023:12:38:34 -0300] "POST /cormun/servlet/permisogoce?2d4d7eb2895f890c2d2175d19865a5cf,INS,0,,,,gx-no-cache=1703777808082 HTTP/1.1" 200 93
181.212.42.153 - - [28/Dec/2023:12:38:34 -0300] "GET /cormun/servlet/hpexe_return? HTTP/1.1" 200 1003
181.212.42.153 - - [28/Dec/2023:12:38:34 -0300] "GET /cormun/servlet/trpermisosgoce HTTP/1.1" 200 18287
181.212.42.153 - - [28/Dec/2023:12:38:37 -0300] "GET /cormun/servlet/apermisogoceprn?13098412,P,20231228123633,PU HTTP/1.1" 200 1653
200.54.103.162 - - [28/Dec/2023:12:38:41 -0300] "POST /cormun/servlet/permisosadjuntos?a4c26d91973406d6a4f27f60149ad3bf,INS,24698895,P,20231228114525,, HTTP/1.1" 200 116
200.54.103.162 - - [28/Dec/2023:12:38:41 -0300] "GET /cormun/servlet/hpexe_return? HTTP/1.1" 200 1034
200.54.103.162 - - [28/Dec/2023:12:38:41 -0300] "GET /cormun/servlet/trpermisosadjuntos?24698895,20231228114525,P, HTTP/1.1" 200 7166
190.171.143.98 - - [28/Dec/2023:12:38:44 -0300] "GET /cormun/servlet/permisogoce?ab6fb1b12d53c7d2054a3c55af1d63b658b76ace56701351ef3cecfdc9a710a3b7ba3b7d457676052cb9b3f41b2abd6de1907be0f4eec196518797f2ae6f9494,gx-no-cache=1703777817769 HTTP/1.1" 200 48
190.171.143.98 - - [28/Dec/2023:12:38:48 -0300] "POST /cormun/servlet/permisogoce?f5a1fbe55d0751cd125f1501ef671faf,INS,0,,,,gx-no-cache=1703777820946 HTTP/1.1" 200 93
190.171.143.98 - - [28/Dec/2023:12:38:48 -0300] "GET /cormun/servlet/hpexe_return? HTTP/1.1" 200 1034
190.171.143.98 - - [28/Dec/2023:12:38:48 -0300] "GET /cormun/servlet/trpermisosgoce?gx-no-cache=1703777605861 HTTP/1.1" 200 12747
190.171.143.98 - - [28/Dec/2023:12:38:57 -0300] "GET /cormun/servlet/trpermisosadjuntos?17613380,20231228123634,P, HTTP/1.1" 200 6647
190.171.143.98 - - [28/Dec/2023:12:39:01 -0300] "GET /cormun/servlet/permisosadjuntos?INS,17613380,P,20231228123634,, HTTP/1.1" 200 5952
190.171.143.98 - - [28/Dec/2023:12:39:01 -0300] "GET /cormun/static/about:blank HTTP/1.1" 404 1011
190.171.143.98 - - [28/Dec/2023:12:39:10 -0300] "POST /cormun/servlet/permisosadjuntos?f5a1fbe55d0751cd125f1501ef671faf,INS,17613380,P,20231228123634,, HTTP/1.1" 200 116
190.171.143.98 - - [28/Dec/2023:12:39:10 -0300] "GET /cormun/servlet/hpexe_return? HTTP/1.1" 200 1040
190.171.143.98 - - [28/Dec/2023:12:39:10 -0300] "GET /cormun/servlet/trpermisosadjuntos?17613380,20231228123634,P, HTTP/1.1" 200 7115
190.171.143.98 - - [28/Dec/2023:12:39:13 -0300] "POST /cormun/servlet/trpermisosadjuntos?f5a1fbe55d0751cd125f1501ef671faf,17613380,20231228123634,P,,gx-no-cache=1703777846315 HTTP/1.1" 200 90
190.171.143.98 - - [28/Dec/2023:12:39:13 -0300] "GET /cormun/servlet/hpexe_link HTTP/1.1" 200 1007
190.171.143.98 - - [28/Dec/2023:12:39:13 -0300] "GET /cormun/servlet/trpermisosgoce?gx-no-cache=1703777605861 HTTP/1.1" 200 12744
200.54.103.162 - - [28/Dec/2023:12:39:28 -0300] "POST /cormun/servlet/trpermisosadjuntos?a4c26d91973406d6a4f27f60149ad3bf,24698895,20231228114525,P,,gx-no-cache=1703777861233 HTTP/1.1" 200 90
200.54.103.162 - - [28/Dec/2023:12:39:28 -0300] "GET /cormun/servlet/hpexe_link HTTP/1.1" 200 1001
200.54.103.162 - - [28/Dec/2023:12:39:28 -0300] "GET /cormun/servlet/trpermisosgoce?gx-no-cache=1703777191440 HTTP/1.1" 200 18752
190.171.152.114 - - [28/Dec/2023:12:39:30 -0300] "GET /cormun/servlet/permisogoce?INS,0,,, HTTP/1.1" 200 7224
190.171.152.114 - - [28/Dec/2023:12:39:37 -0300] "GET /cormun/servlet/permisogoce?ad3b60c8687bb8af4325e15c549a97798986f9cc1cb7683e978ff1d31e9ad0db0fa6cc6c4ec60e008a6e7e6c8d6ab888147b0bd25c32a10df74c228044fa8f8d,gx-no-cache=1703777870054 HTTP/1.1" 200 76
200.54.103.162 - - [28/Dec/2023:12:39:51 -0300] "GET /cormun/servlet/trpermisosadjuntos?15956817,20231228114551,P, HTTP/1.1" 200 6677
190.171.143.98 - - [28/Dec/2023:12:39:52 -0300] "GET /cormun/servlet/trpermisosadjuntos?17613380,20231228123634,P, HTTP/1.1" 200 7133
200.54.103.162 - - [28/Dec/2023:12:39:53 -0300] "GET /cormun/servlet/permisosadjuntos?INS,15956817,P,20231228114551,, HTTP/1.1" 200 5985
200.54.103.162 - - [28/Dec/2023:12:39:53 -0300] "GET /cormun/static/about:blank HTTP/1.1" 404 1011
190.171.143.98 - - [28/Dec/2023:12:39:55 -0300] "POST /cormun/servlet/trpermisosadjuntos?f5a1fbe55d0751cd125f1501ef671faf,17613380,20231228123634,P,,gx-no-cache=1703777888300 HTTP/1.1" 200 90
190.171.143.98 - - [28/Dec/2023:12:39:55 -0300] "GET /cormun/servlet/hpexe_link HTTP/1.1" 200 1007
190.171.143.98 - - [28/Dec/2023:12:39:55 -0300] "GET /cormun/servlet/trpermisosgoce?gx-no-cache=1703777605861 HTTP/1.1" 200 12744
190.171.143.98 - - [28/Dec/2023:12:40:00 -0300] "POST /cormun/servlet/trpermisosgoce?f5a1fbe55d0751cd125f1501ef671faf,gx-no-cache=1703777605861,gx-no-cache=1703777893005 HTTP/1.1" 200 9931
190.171.143.98 - - [28/Dec/2023:12:40:01 -0300] "GET /cormun/servlet/apermisogoceprn?17613380,P,20231228123634,PU HTTP/1.1" 200 1651
190.171.152.114 - - [28/Dec/2023:12:40:12 -0300] "GET /cormun/servlet/permisogoce?ad3b60c8687bb8af4325e15c549a97793fa694b5e99c01ba0b9aa8734e7b6500be88b3194554ad484b26c16ae2fae631c71dc5670f892d9ad3060b95987824b5,gx-no-cache=1703777905041 HTTP/1.1" 200 47
200.54.103.162 - - [28/Dec/2023:12:40:12 -0300] "POST /cormun/servlet/permisosadjuntos?a4c26d91973406d6a4f27f60149ad3bf,INS,15956817,P,20231228114551,, HTTP/1.1" 200 116
200.54.103.162 - - [28/Dec/2023:12:40:12 -0300] "GET /cormun/servlet/hpexe_return? HTTP/1.1" 200 1035
200.54.103.162 - - [28/Dec/2023:12:40:12 -0300] "GET /cormun/servlet/trpermisosadjuntos?15956817,20231228114551,P, HTTP/1.1" 200 7167
190.171.152.114 - - [28/Dec/2023:12:40:14 -0300] "POST /cormun/servlet/permisogoce?730aa5c8d2a36b9359029c16276fab93,INS,0,,,,gx-no-cache=1703777906629 HTTP/1.1" 200 93
190.171.152.114 - - [28/Dec/2023:12:40:14 -0300] "GET /cormun/servlet/hpexe_return? HTTP/1.1" 200 1012
190.171.152.114 - - [28/Dec/2023:12:40:14 -0300] "GET /cormun/servlet/trpermisosgoce HTTP/1.1" 200 11321
190.171.152.114 - - [28/Dec/2023:12:40:17 -0300] "GET /cormun/servlet/apermisogoceprn?13801860,P,20231228123744,PU HTTP/1.1" 200 1661
190.171.143.98 - - [28/Dec/2023:12:40:24 -0300] "GET /cormun/servlet/permisogoce?INS,0,,, HTTP/1.1" 200 7223
190.171.143.98 - - [28/Dec/2023:12:40:44 -0300] "GET /cormun/servlet/permisogoce?ab6fb1b12d53c7d2054a3c55af1d63b6d263d4c05b23e31c0874299896ec9e7d526d83c67284f67867d9e70d16841d5498c29aad4529e74520dd40cbf75b1d91,gx-no-cache=1703777937891 HTTP/1.1" 200 79
190.171.143.98 - - [28/Dec/2023:12:41:06 -0300] "GET /cormun/servlet/permisogoce?ab6fb1b12d53c7d2054a3c55af1d63b6edde1270710c0ef70b54b56087bf7a69b0c34a32d0cd045250de4126d8886684e1907be0f4eec196518797f2ae6f9494,gx-no-cache=1703777959337 HTTP/1.1" 200 47
190.171.143.98 - - [28/Dec/2023:12:41:11 -0300] "POST /cormun/servlet/permisogoce?f5a1fbe55d0751cd125f1501ef671faf,INS,0,,,,gx-no-cache=1703777963949 HTTP/1.1" 200 93
190.171.143.98 - - [28/Dec/2023:12:41:11 -0300] "GET /cormun/servlet/hpexe_return? HTTP/1.1" 200 1034
190.171.143.98 - - [28/Dec/2023:12:41:11 -0300] "GET /cormun/servlet/trpermisosgoce?gx-no-cache=1703777605861 HTTP/1.1" 200 13006
190.171.143.98 - - [28/Dec/2023:12:41:17 -0300] "GET /cormun/servlet/trpermisosadjuntos?16491429,20231228123839,P, HTTP/1.1" 200 6649
190.171.143.98 - - [28/Dec/2023:12:41:19 -0300] "GET /cormun/servlet/permisosadjuntos?INS,16491429,P,20231228123839,, HTTP/1.1" 200 5950
190.171.143.98 - - [28/Dec/2023:12:41:19 -0300] "GET /cormun/static/about:blank HTTP/1.1" 404 1011
190.171.143.98 - - [28/Dec/2023:12:41:30 -0300] "POST /cormun/servlet/permisosadjuntos?f5a1fbe55d0751cd125f1501ef671faf,INS,16491429,P,20231228123839,, HTTP/1.1" 200 116
190.171.143.98 - - [28/Dec/2023:12:41:30 -0300] "GET /cormun/servlet/hpexe_return? HTTP/1.1" 200 1041
190.171.143.98 - - [28/Dec/2023:12:41:30 -0300] "GET /cormun/servlet/trpermisosadjuntos?16491429,20231228123839,P, HTTP/1.1" 200 7120
190.171.143.98 - - [28/Dec/2023:12:41:32 -0300] "POST /cormun/servlet/trpermisosadjuntos?f5a1fbe55d0751cd125f1501ef671faf,16491429,20231228123839,P,,gx-no-cache=1703777985308 HTTP/1.1" 200 90
190.171.143.98 - - [28/Dec/2023:12:41:32 -0300] "GET /cormun/servlet/hpexe_link HTTP/1.1" 200 1007
190.171.143.98 - - [28/Dec/2023:12:41:32 -0300] "GET /cormun/servlet/trpermisosgoce?gx-no-cache=1703777605861 HTTP/1.1" 200 13002
190.171.143.98 - - [28/Dec/2023:12:41:36 -0300] "POST /cormun/servlet/trpermisosgoce?f5a1fbe55d0751cd125f1501ef671faf,gx-no-cache=1703777605861,gx-no-cache=1703777989669 HTTP/1.1" 200 10155
190.171.143.98 - - [28/Dec/2023:12:41:37 -0300] "GET /cormun/servlet/apermisogoceprn?16491429,P,20231228123839,PU HTTP/1.1" 200 1661
200.54.103.162 - - [28/Dec/2023:12:44:04 -0300] "POST /cormun/servlet/trpermisosadjuntos?a4c26d91973406d6a4f27f60149ad3bf,15956817,20231228114551,P,,gx-no-cache=1703778136937 HTTP/1.1" 200 90
200.54.103.162 - - [28/Dec/2023:12:44:04 -0300] "GET /cormun/servlet/hpexe_link HTTP/1.1" 200 1002
200.54.103.162 - - [28/Dec/2023:12:44:04 -0300] "GET /cormun/servlet/trpermisosgoce?gx-no-cache=1703777191440 HTTP/1.1" 200 18784
200.54.103.162 - - [28/Dec/2023:12:44:17 -0300] "GET /cormun/servlet/trpermisosadjuntos?17138656,20231228114619,P, HTTP/1.1" 200 6682
200.54.103.162 - - [28/Dec/2023:12:44:19 -0300] "GET /cormun/servlet/permisosadjuntos?INS,17138656,P,20231228114619,, HTTP/1.1" 200 5989
200.54.103.162 - - [28/Dec/2023:12:44:19 -0300] "GET /cormun/static/about:blank HTTP/1.1" 404 1011
200.54.103.162 - - [28/Dec/2023:12:44:33 -0300] "POST /cormun/servlet/permisosadjuntos?a4c26d91973406d6a4f27f60149ad3bf,INS,17138656,P,20231228114619,, HTTP/1.1" 200 116
200.54.103.162 - - [28/Dec/2023:12:44:33 -0300] "GET /cormun/servlet/hpexe_return? HTTP/1.1" 200 1035
200.54.103.162 - - [28/Dec/2023:12:44:33 -0300] "GET /cormun/servlet/trpermisosadjuntos?17138656,20231228114619,P, HTTP/1.1" 200 7175
200.54.103.162 - - [28/Dec/2023:12:44:37 -0300] "POST /cormun/servlet/trpermisosadjuntos?a4c26d91973406d6a4f27f60149ad3bf,17138656,20231228114619,P,,gx-no-cache=1703778171112 HTTP/1.1" 200 90
200.54.103.162 - - [28/Dec/2023:12:44:37 -0300] "GET /cormun/servlet/hpexe_link HTTP/1.1" 200 1001
200.54.103.162 - - [28/Dec/2023:12:44:38 -0300] "GET /cormun/servlet/trpermisosgoce?gx-no-cache=1703777191440 HTTP/1.1" 200 18784
190.171.143.98 - - [28/Dec/2023:12:44:44 -0300] "GET /cormun/servlet/trpermisosingoceautorizar? HTTP/1.1" 200 7122
190.171.143.98 - - [28/Dec/2023:12:44:44 -0300] "GET /cormun/static/gxui/gxui-all.css?110300 HTTP/1.1" 200 2179
190.171.143.98 - - [28/Dec/2023:12:44:44 -0300] "GET /cormun/static/calendar-system.css?75620 HTTP/1.1" 200 5572
190.171.143.98 - - [28/Dec/2023:12:44:44 -0300] "GET /cormun/static/gxcfg.js?20199142052090 HTTP/1.1" 200 953
190.171.143.98 - - [28/Dec/2023:12:44:44 -0300] "GET /cormun/static/trpermisosingoceautorizar.js?20199142052670 HTTP/1.1" 200 32551
190.171.143.98 - - [28/Dec/2023:12:44:44 -0300] "GET /cormun/static/Resources/Spanish/PXTools.css?19172979 HTTP/1.1" 200 100853
190.171.143.98 - - [28/Dec/2023:12:44:44 -0300] "GET /cormun/static/Shared/ext/resources/css/ext-all.css?205870 HTTP/1.1" 200 416045
190.171.143.98 - - [28/Dec/2023:12:44:50 -0300] "POST /cormun/servlet/trpermisosingoceautorizar?f5a1fbe55d0751cd125f1501ef671faf,,gx-no-cache=1703778183188 HTTP/1.1" 200 114
190.171.143.98 - - [28/Dec/2023:12:44:50 -0300] "POST /cormun/servlet/trpermisosingoceautorizar?f5a1fbe55d0751cd125f1501ef671faf,,gx-no-cache=1703778183361 HTTP/1.1" 200 4344
190.171.143.98 - - [28/Dec/2023:12:44:50 -0300] "GET /cormun/PermisoSinGoceAutorizar-888.xls HTTP/1.1" 200 4096
200.54.103.162 - - [28/Dec/2023:12:44:52 -0300] "GET /cormun/servlet/trpermisosadjuntos?17525987,20231228114703,P, HTTP/1.1" 200 6675
200.54.103.162 - - [28/Dec/2023:12:44:54 -0300] "GET /cormun/servlet/permisosadjuntos?INS,17525987,P,20231228114703,, HTTP/1.1" 200 5982
200.54.103.162 - - [28/Dec/2023:12:44:54 -0300] "GET /cormun/static/about:blank HTTP/1.1" 404 1011
190.171.143.98 - - [28/Dec/2023:12:44:56 -0300] "GET /cormun/servlet/trautorizarpermisogoce? HTTP/1.1" 200 8703
190.171.143.98 - - [28/Dec/2023:12:44:59 -0300] "POST /cormun/servlet/trautorizarpermisogoce?f5a1fbe55d0751cd125f1501ef671faf,,gx-no-cache=1703778192741 HTTP/1.1" 200 5759
190.171.143.98 - - [28/Dec/2023:12:45:00 -0300] "POST /cormun/servlet/trautorizarpermisogoce?f5a1fbe55d0751cd125f1501ef671faf,,gx-no-cache=1703778193434 HTTP/1.1" 200 5547
190.171.143.98 - - [28/Dec/2023:12:45:01 -0300] "POST /cormun/servlet/trautorizarpermisogoce?f5a1fbe55d0751cd125f1501ef671faf,,gx-no-cache=1703778194097 HTTP/1.1" 200 5291
190.171.143.98 - - [28/Dec/2023:12:45:01 -0300] "POST /cormun/servlet/trautorizarpermisogoce?f5a1fbe55d0751cd125f1501ef671faf,,gx-no-cache=1703778194802 HTTP/1.1" 200 4530
200.54.103.162 - - [28/Dec/2023:12:45:05 -0300] "POST /cormun/servlet/permisosadjuntos?a4c26d91973406d6a4f27f60149ad3bf,INS,17525987,P,20231228114703,, HTTP/1.1" 200 116
200.54.103.162 - - [28/Dec/2023:12:45:05 -0300] "GET /cormun/servlet/hpexe_return? HTTP/1.1" 200 1035
200.54.103.162 - - [28/Dec/2023:12:45:05 -0300] "GET /cormun/servlet/trpermisosadjuntos?17525987,20231228114703,P, HTTP/1.1" 200 7168
200.54.103.162 - - [28/Dec/2023:12:46:17 -0300] "POST /cormun/servlet/trpermisosadjuntos?a4c26d91973406d6a4f27f60149ad3bf,17525987,20231228114703,P,,gx-no-cache=1703778270432 HTTP/1.1" 200 90
200.54.103.162 - - [28/Dec/2023:12:46:17 -0300] "GET /cormun/servlet/hpexe_link HTTP/1.1" 200 1001
200.54.103.162 - - [28/Dec/2023:12:46:17 -0300] "GET /cormun/servlet/trpermisosgoce?gx-no-cache=1703777191440 HTTP/1.1" 200 18784
200.54.103.162 - - [28/Dec/2023:12:46:38 -0300] "GET /cormun/servlet/trpermisosadjuntos?8481768,20231228114743,P, HTTP/1.1" 200 6673
200.54.103.162 - - [28/Dec/2023:12:46:39 -0300] "GET /cormun/servlet/permisosadjuntos?INS,8481768,P,20231228114743,, HTTP/1.1" 200 5982
200.54.103.162 - - [28/Dec/2023:12:46:39 -0300] "GET /cormun/static/about:blank HTTP/1.1" 404 1011
200.54.103.162 - - [28/Dec/2023:12:46:50 -0300] "POST /cormun/servlet/permisosadjuntos?a4c26d91973406d6a4f27f60149ad3bf,INS,8481768,P,20231228114743,, HTTP/1.1" 200 116
200.54.103.162 - - [28/Dec/2023:12:46:50 -0300] "GET /cormun/servlet/hpexe_return? HTTP/1.1" 200 1034
200.54.103.162 - - [28/Dec/2023:12:46:50 -0300] "GET /cormun/servlet/trpermisosadjuntos?8481768,20231228114743,P, HTTP/1.1" 200 7164
200.54.103.162 - - [28/Dec/2023:12:47:36 -0300] "POST /cormun/servlet/trpermisosadjuntos?a4c26d91973406d6a4f27f60149ad3bf,8481768,20231228114743,P,,gx-no-cache=1703778350161 HTTP/1.1" 200 90
200.54.103.162 - - [28/Dec/2023:12:47:37 -0300] "GET /cormun/servlet/hpexe_link HTTP/1.1" 200 1000
200.54.103.162 - - [28/Dec/2023:12:47:37 -0300] "GET /cormun/servlet/trpermisosgoce?gx-no-cache=1703777191440 HTTP/1.1" 200 18784
200.54.103.162 - - [28/Dec/2023:12:48:00 -0300] "GET /cormun/servlet/trpermisosadjuntos?10287673,20231228114831,P, HTTP/1.1" 200 6684
200.54.103.162 - - [28/Dec/2023:12:48:01 -0300] "GET /cormun/servlet/permisosadjuntos?INS,10287673,P,20231228114831,, HTTP/1.1" 200 5991
200.54.103.162 - - [28/Dec/2023:12:48:02 -0300] "GET /cormun/static/about:blank HTTP/1.1" 404 1011
200.54.103.162 - - [28/Dec/2023:12:48:11 -0300] "POST /cormun/servlet/permisosadjuntos?a4c26d91973406d6a4f27f60149ad3bf,INS,10287673,P,20231228114831,, HTTP/1.1" 200 116
200.54.103.162 - - [28/Dec/2023:12:48:11 -0300] "GET /cormun/servlet/hpexe_return? HTTP/1.1" 200 1035
200.54.103.162 - - [28/Dec/2023:12:48:11 -0300] "GET /cormun/servlet/trpermisosadjuntos?10287673,20231228114831,P, HTTP/1.1" 200 7176
200.54.103.162 - - [28/Dec/2023:12:48:21 -0300] "POST /cormun/servlet/trpermisosadjuntos?a4c26d91973406d6a4f27f60149ad3bf,10287673,20231228114831,P,,gx-no-cache=1703778394488 HTTP/1.1" 200 90
200.54.103.162 - - [28/Dec/2023:12:48:21 -0300] "GET /cormun/servlet/hpexe_link HTTP/1.1" 200 1002
200.54.103.162 - - [28/Dec/2023:12:48:21 -0300] "GET /cormun/servlet/trpermisosgoce?gx-no-cache=1703777191440 HTTP/1.1" 200 18698
200.54.103.162 - - [28/Dec/2023:12:48:41 -0300] "GET /cormun/servlet/trpermisosadjuntos?9448944,20231228114855,P, HTTP/1.1" 200 6682
200.54.103.162 - - [28/Dec/2023:12:48:43 -0300] "GET /cormun/servlet/permisosadjuntos?INS,9448944,P,20231228114855,, HTTP/1.1" 200 5989
200.54.103.162 - - [28/Dec/2023:12:48:43 -0300] "GET /cormun/static/about:blank HTTP/1.1" 404 1011
200.54.103.162 - - [28/Dec/2023:12:48:58 -0300] "POST /cormun/servlet/permisosadjuntos?a4c26d91973406d6a4f27f60149ad3bf,INS,9448944,P,20231228114855,, HTTP/1.1" 200 116
200.54.103.162 - - [28/Dec/2023:12:48:58 -0300] "GET /cormun/servlet/hpexe_return? HTTP/1.1" 200 1033
200.54.103.162 - - [28/Dec/2023:12:48:58 -0300] "GET /cormun/servlet/trpermisosadjuntos?9448944,20231228114855,P, HTTP/1.1" 200 7168
200.54.103.162 - - [28/Dec/2023:12:49:04 -0300] "POST /cormun/servlet/trpermisosadjuntos?a4c26d91973406d6a4f27f60149ad3bf,9448944,20231228114855,P,,gx-no-cache=1703778437681 HTTP/1.1" 200 90
200.54.103.162 - - [28/Dec/2023:12:49:04 -0300] "GET /cormun/servlet/hpexe_link HTTP/1.1" 200 1000
200.54.103.162 - - [28/Dec/2023:12:49:04 -0300] "GET /cormun/servlet/trpermisosgoce?gx-no-cache=1703777191440 HTTP/1.1" 200 18698
200.54.103.162 - - [28/Dec/2023:12:49:24 -0300] "POST /cormun/servlet/trpermisosgoce?a4c26d91973406d6a4f27f60149ad3bf,gx-no-cache=1703777191440,gx-no-cache=1703778457995 HTTP/1.1" 200 9016
200.54.103.162 - - [28/Dec/2023:12:49:39 -0300] "POST /cormun/servlet/trpermisosgoce?a4c26d91973406d6a4f27f60149ad3bf,gx-no-cache=1703777191440,gx-no-cache=1703778472367 HTTP/1.1" 200 16026
200.54.103.162 - - [28/Dec/2023:12:49:39 -0300] "POST /cormun/servlet/trpermisosgoce?a4c26d91973406d6a4f27f60149ad3bf,gx-no-cache=1703777191440,gx-no-cache=1703778472922 HTTP/1.1" 200 16026
200.54.103.162 - - [28/Dec/2023:12:49:53 -0300] "GET /cormun/servlet/trpermisosadjuntos?10699672,20231228114941,P, HTTP/1.1" 200 6677
200.54.103.162 - - [28/Dec/2023:12:49:54 -0300] "GET /cormun/servlet/permisosadjuntos?INS,10699672,P,20231228114941,, HTTP/1.1" 200 5985
200.54.103.162 - - [28/Dec/2023:12:49:54 -0300] "GET /cormun/static/about:blank HTTP/1.1" 404 1011
200.54.103.162 - - [28/Dec/2023:12:50:01 -0300] "POST /cormun/servlet/permisosadjuntos?a4c26d91973406d6a4f27f60149ad3bf,INS,10699672,P,20231228114941,, HTTP/1.1" 200 116
200.54.103.162 - - [28/Dec/2023:12:50:01 -0300] "GET /cormun/servlet/hpexe_return? HTTP/1.1" 200 1034
200.54.103.162 - - [28/Dec/2023:12:50:01 -0300] "GET /cormun/servlet/trpermisosadjuntos?10699672,20231228114941,P, HTTP/1.1" 200 7164
200.54.103.162 - - [28/Dec/2023:12:50:10 -0300] "POST /cormun/servlet/trpermisosadjuntos?a4c26d91973406d6a4f27f60149ad3bf,10699672,20231228114941,P,,gx-no-cache=1703778503553 HTTP/1.1" 200 90
200.54.103.162 - - [28/Dec/2023:12:50:10 -0300] "GET /cormun/servlet/hpexe_link HTTP/1.1" 200 1001
200.54.103.162 - - [28/Dec/2023:12:50:10 -0300] "GET /cormun/servlet/trpermisosgoce?gx-no-cache=1703777191440 HTTP/1.1" 200 18784
200.54.103.162 - - [28/Dec/2023:12:50:24 -0300] "GET /cormun/servlet/trpermisosadjuntos?19593366,20231228115006,P, HTTP/1.1" 200 6683
200.54.103.162 - - [28/Dec/2023:12:50:25 -0300] "GET /cormun/servlet/permisosadjuntos?INS,19593366,P,20231228115006,, HTTP/1.1" 200 5985
200.54.103.162 - - [28/Dec/2023:12:50:25 -0300] "GET /cormun/static/about:blank HTTP/1.1" 404 1011
200.54.103.162 - - [28/Dec/2023:12:50:33 -0300] "POST /cormun/servlet/permisosadjuntos?a4c26d91973406d6a4f27f60149ad3bf,INS,19593366,P,20231228115006,, HTTP/1.1" 200 116
200.54.103.162 - - [28/Dec/2023:12:50:33 -0300] "GET /cormun/servlet/hpexe_return? HTTP/1.1" 200 1035
200.54.103.162 - - [28/Dec/2023:12:50:33 -0300] "GET /cormun/servlet/trpermisosadjuntos?19593366,20231228115006,P, HTTP/1.1" 200 7173
200.54.103.162 - - [28/Dec/2023:12:50:40 -0300] "POST /cormun/servlet/trpermisosadjuntos?a4c26d91973406d6a4f27f60149ad3bf,19593366,20231228115006,P,,gx-no-cache=1703778533329 HTTP/1.1" 200 90
200.54.103.162 - - [28/Dec/2023:12:50:40 -0300] "GET /cormun/servlet/hpexe_link HTTP/1.1" 200 1002
200.54.103.162 - - [28/Dec/2023:12:50:40 -0300] "GET /cormun/servlet/trpermisosgoce?gx-no-cache=1703777191440 HTTP/1.1" 200 18698
200.54.103.162 - - [28/Dec/2023:12:50:56 -0300] "GET /cormun/servlet/trpermisosadjuntos?12913525,20231228115032,P, HTTP/1.1" 200 6676
200.54.103.162 - - [28/Dec/2023:12:50:58 -0300] "GET /cormun/servlet/permisosadjuntos?INS,12913525,P,20231228115032,, HTTP/1.1" 200 5985
200.54.103.162 - - [28/Dec/2023:12:50:58 -0300] "GET /cormun/static/about:blank HTTP/1.1" 404 1011
200.54.103.162 - - [28/Dec/2023:12:51:05 -0300] "POST /cormun/servlet/permisosadjuntos?a4c26d91973406d6a4f27f60149ad3bf,INS,12913525,P,20231228115032,, HTTP/1.1" 200 116
200.54.103.162 - - [28/Dec/2023:12:51:05 -0300] "GET /cormun/servlet/hpexe_return? HTTP/1.1" 200 1034
200.54.103.162 - - [28/Dec/2023:12:51:05 -0300] "GET /cormun/servlet/trpermisosadjuntos?12913525,20231228115032,P, HTTP/1.1" 200 7167
200.54.103.162 - - [28/Dec/2023:12:51:12 -0300] "POST /cormun/servlet/trpermisosadjuntos?a4c26d91973406d6a4f27f60149ad3bf,12913525,20231228115032,P,,gx-no-cache=1703778566161 HTTP/1.1" 200 90
200.54.103.162 - - [28/Dec/2023:12:51:12 -0300] "GET /cormun/servlet/hpexe_link HTTP/1.1" 200 1000
200.54.103.162 - - [28/Dec/2023:12:51:13 -0300] "GET /cormun/servlet/trpermisosgoce?gx-no-cache=1703777191440 HTTP/1.1" 200 18698
200.54.103.162 - - [28/Dec/2023:12:51:28 -0300] "GET /cormun/servlet/trpermisosadjuntos?13250827,20231228115054,P, HTTP/1.1" 200 6673
200.54.103.162 - - [28/Dec/2023:12:51:30 -0300] "GET /cormun/servlet/permisosadjuntos?INS,13250827,P,20231228115054,, HTTP/1.1" 200 5983
200.54.103.162 - - [28/Dec/2023:12:51:30 -0300] "GET /cormun/static/about:blank HTTP/1.1" 404 1011
200.54.103.162 - - [28/Dec/2023:12:51:36 -0300] "POST /cormun/servlet/permisosadjuntos?a4c26d91973406d6a4f27f60149ad3bf,INS,13250827,P,20231228115054,, HTTP/1.1" 200 116
200.54.103.162 - - [28/Dec/2023:12:51:36 -0300] "GET /cormun/servlet/hpexe_return? HTTP/1.1" 200 1034
200.54.103.162 - - [28/Dec/2023:12:51:36 -0300] "GET /cormun/servlet/trpermisosadjuntos?13250827,20231228115054,P, HTTP/1.1" 200 7165
200.54.103.162 - - [28/Dec/2023:12:51:43 -0300] "POST /cormun/servlet/trpermisosadjuntos?a4c26d91973406d6a4f27f60149ad3bf,13250827,20231228115054,P,,gx-no-cache=1703778596641 HTTP/1.1" 200 90
200.54.103.162 - - [28/Dec/2023:12:51:43 -0300] "GET /cormun/servlet/hpexe_link HTTP/1.1" 200 1001
200.54.103.162 - - [28/Dec/2023:12:51:43 -0300] "GET /cormun/servlet/trpermisosgoce?gx-no-cache=1703777191440 HTTP/1.1" 200 18784
200.54.103.162 - - [28/Dec/2023:12:51:58 -0300] "GET /cormun/servlet/trpermisosadjuntos?7124117,20231228115117,P, HTTP/1.1" 200 6673
200.54.103.162 - - [28/Dec/2023:12:52:00 -0300] "GET /cormun/servlet/permisosadjuntos?INS,7124117,P,20231228115117,, HTTP/1.1" 200 5977
200.54.103.162 - - [28/Dec/2023:12:52:00 -0300] "GET /cormun/static/about:blank HTTP/1.1" 404 1011
200.54.103.162 - - [28/Dec/2023:12:52:07 -0300] "POST /cormun/servlet/permisosadjuntos?a4c26d91973406d6a4f27f60149ad3bf,INS,7124117,P,20231228115117,, HTTP/1.1" 200 116
200.54.103.162 - - [28/Dec/2023:12:52:07 -0300] "GET /cormun/servlet/hpexe_return? HTTP/1.1" 200 1032
200.54.103.162 - - [28/Dec/2023:12:52:07 -0300] "GET /cormun/servlet/trpermisosadjuntos?7124117,20231228115117,P, HTTP/1.1" 200 7163
200.54.103.162 - - [28/Dec/2023:12:52:14 -0300] "POST /cormun/servlet/trpermisosadjuntos?a4c26d91973406d6a4f27f60149ad3bf,7124117,20231228115117,P,,gx-no-cache=1703778627905 HTTP/1.1" 200 90
200.54.103.162 - - [28/Dec/2023:12:52:14 -0300] "GET /cormun/servlet/hpexe_link HTTP/1.1" 200 998
200.54.103.162 - - [28/Dec/2023:12:52:14 -0300] "GET /cormun/servlet/trpermisosgoce?gx-no-cache=1703777191440 HTTP/1.1" 200 18784
200.54.103.162 - - [28/Dec/2023:12:52:22 -0300] "GET /cormun/servlet/trpermisosadjuntos?9448944,20231228115138,P, HTTP/1.1" 200 6682
200.54.103.162 - - [28/Dec/2023:12:52:24 -0300] "GET /cormun/servlet/permisosadjuntos?INS,9448944,P,20231228115138,, HTTP/1.1" 200 5986
200.54.103.162 - - [28/Dec/2023:12:52:24 -0300] "GET /cormun/static/about:blank HTTP/1.1" 404 1011
200.54.103.162 - - [28/Dec/2023:12:52:33 -0300] "POST /cormun/servlet/permisosadjuntos?a4c26d91973406d6a4f27f60149ad3bf,INS,9448944,P,20231228115138,, HTTP/1.1" 200 116
200.54.103.162 - - [28/Dec/2023:12:52:33 -0300] "GET /cormun/servlet/hpexe_return? HTTP/1.1" 200 1033
