190.171.149.74 - - [05/Dec/2023:08:32:13 -0300] "GET /cormun/servlet/permisogoce?10615b0828a5303326365eb4f7c73781c0162f53b81b7e824da79c4a54fd00bc2a61a9fde69e91f5c0aaa430d211b849b4670b80584aacb45de10f9628fc3820,gx-no-cache=1701775856571 HTTP/1.1" 200 47
190.171.149.74 - - [05/Dec/2023:08:32:14 -0300] "POST /cormun/servlet/permisogoce?29d29a76f0303c199a21ee3af3f2199c,INS,0,,,,gx-no-cache=1701775857781 HTTP/1.1" 200 93
190.171.149.74 - - [05/Dec/2023:08:32:14 -0300] "GET /cormun/servlet/hpexe_return? HTTP/1.1" 200 1011
190.171.149.74 - - [05/Dec/2023:08:32:15 -0300] "GET /cormun/servlet/trpermisosgoce HTTP/1.1" 200 17019
190.171.149.74 - - [05/Dec/2023:08:32:18 -0300] "GET /cormun/servlet/apermisogoceprn?9638570,P,20231205082950,PU HTTP/1.1" 200 1657
190.171.143.106 - - [05/Dec/2023:08:32:26 -0300] "GET /cormun/servlet/hlogin HTTP/1.1" 200 1719
190.171.143.106 - - [05/Dec/2023:08:32:31 -0300] "POST /cormun/servlet/hlogin?1c1366f7685d0cb61565f398231d7753,gx-no-cache=1701776246816 HTTP/1.1" 200 90
190.171.143.106 - - [05/Dec/2023:08:32:32 -0300] "GET /cormun/servlet/hpexe_link HTTP/1.1" 200 950
190.171.143.106 - - [05/Dec/2023:08:32:32 -0300] "GET /cormun/servlet/hhome HTTP/1.1" 200 3988
190.171.143.106 - - [05/Dec/2023:08:32:38 -0300] "GET /cormun/servlet/trlicencias? HTTP/1.1" 200 9892
190.171.152.114 - - [05/Dec/2023:08:34:01 -0300] "GET /cormun/servlet/hlogin HTTP/1.1" 200 1719
190.171.152.114 - - [05/Dec/2023:08:34:01 -0300] "GET /cormun/servlet/hlogin HTTP/1.1" 200 1729
190.171.143.90 - - [05/Dec/2023:08:36:06 -0300] "GET /cormun/servlet/hlogin HTTP/1.1" 200 1718
190.171.143.90 - - [05/Dec/2023:08:36:06 -0300] "GET /cormun/static/Resources/Spanish/PXTools.css?1759030 HTTP/1.1" 304 -
190.171.143.90 - - [05/Dec/2023:08:36:06 -0300] "GET /cormun/static/gxcfg.js?2022112219184450 HTTP/1.1" 304 -
190.171.143.90 - - [05/Dec/2023:08:36:06 -0300] "GET /cormun/static/messages.spa.js?85251 HTTP/1.1" 304 -
190.171.143.90 - - [05/Dec/2023:08:36:06 -0300] "GET /cormun/static/Resources/CormunLogin.png HTTP/1.1" 304 -
190.171.143.90 - - [05/Dec/2023:08:36:06 -0300] "GET /cormun/static/hlogin.js?2022112219184458 HTTP/1.1" 304 -
190.171.143.90 - - [05/Dec/2023:08:36:06 -0300] "GET /cormun/servlet/hlogin HTTP/1.1" 200 1729
190.171.143.90 - - [05/Dec/2023:08:36:11 -0300] "POST /cormun/servlet/hlogin?9bd2dab4e0fccfb2c38f294e7409972e,gx-no-cache=1701776099431 HTTP/1.1" 200 90
190.171.143.90 - - [05/Dec/2023:08:36:11 -0300] "GET /cormun/servlet/hpexe_link HTTP/1.1" 200 950
190.171.143.90 - - [05/Dec/2023:08:36:11 -0300] "GET /cormun/static/Resources/Spanish/PXTools.css?8354383 HTTP/1.1" 304 -
190.171.143.90 - - [05/Dec/2023:08:36:11 -0300] "GET /cormun/static/hpexe_link.js?20221129847423 HTTP/1.1" 304 -
190.171.143.90 - - [05/Dec/2023:08:36:11 -0300] "GET /cormun/static/gxcfg.js?20221129847421 HTTP/1.1" 304 -
190.171.143.90 - - [05/Dec/2023:08:36:11 -0300] "GET /cormun/servlet/hhome HTTP/1.1" 200 4321
190.171.143.90 - - [05/Dec/2023:08:36:12 -0300] "GET /cormun/static/Resources/Spanish/PXTools.css?14345360 HTTP/1.1" 304 -
190.171.143.90 - - [05/Dec/2023:08:36:12 -0300] "GET /cormun/static/Resources/CormunMP2.png HTTP/1.1" 304 -
190.171.143.90 - - [05/Dec/2023:08:36:12 -0300] "GET /cormun/static/hwchdr01.js?2022112219251119 HTTP/1.1" 304 -
190.171.143.90 - - [05/Dec/2023:08:36:12 -0300] "GET /cormun/static/hpexe_scripts.js?20201214471411 HTTP/1.1" 304 -
190.171.143.90 - - [05/Dec/2023:08:36:12 -0300] "GET /cormun/static/hpexe_messagecontroller.js?202211298371222 HTTP/1.1" 304 -
190.171.143.90 - - [05/Dec/2023:08:36:12 -0300] "GET /cormun/static/hpexe_recentlink.js?20201214471090 HTTP/1.1" 304 -
190.171.143.90 - - [05/Dec/2023:08:36:12 -0300] "GET /cormun/static/hpexe_messagepopupcomponent.js?2020121447232 HTTP/1.1" 304 -
190.171.143.90 - - [05/Dec/2023:08:36:12 -0300] "GET /cormun/static/hpexe_messagegenexuscomponent.js?20221129836373 HTTP/1.1" 304 -
190.171.143.90 - - [05/Dec/2023:08:36:12 -0300] "GET /cormun/static/cmcontrolpreferences.js?20199141926336 HTTP/1.1" 304 -
190.171.143.90 - - [05/Dec/2023:08:36:12 -0300] "GET /cormun/static/hmpwkw03.js?20221129844354 HTTP/1.1" 304 -
190.171.143.90 - - [05/Dec/2023:08:36:15 -0300] "GET /cormun/servlet/trlicencias? HTTP/1.1" 200 12394
190.171.143.90 - - [05/Dec/2023:08:36:15 -0300] "GET /cormun/static/gxcfg.js?202211298463625 HTTP/1.1" 304 -
190.171.143.90 - - [05/Dec/2023:08:36:15 -0300] "GET /cormun/static/trlicencias.js?202211298463889 HTTP/1.1" 304 -
202.184.205.253 - - [05/Dec/2023:08:36:25 -0300] "GET / HTTP/1.1" 200 11217
190.171.152.114 - - [05/Dec/2023:08:36:40 -0300] "POST /cormun/servlet/hlogin?d4e2738452380c4b482ea88ad2ea9efb,gx-no-cache=1701776124976 HTTP/1.1" 200 90
190.171.152.114 - - [05/Dec/2023:08:36:40 -0300] "GET /cormun/servlet/hpexe_link HTTP/1.1" 200 949
190.171.152.114 - - [05/Dec/2023:08:36:40 -0300] "GET /cormun/servlet/hhome HTTP/1.1" 200 4328
190.171.152.114 - - [05/Dec/2023:08:36:46 -0300] "GET /cormun/servlet/trpermisosgoce? HTTP/1.1" 200 11024
190.171.143.106 - - [05/Dec/2023:08:37:02 -0300] "GET /cormun/servlet/hlogin HTTP/1.1" 200 1717
190.171.143.106 - - [05/Dec/2023:08:37:05 -0300] "POST /cormun/servlet/hlogin?f7250f982104c97df07c727374c50bcd,gx-no-cache=1701776520857 HTTP/1.1" 200 90
190.171.143.106 - - [05/Dec/2023:08:37:06 -0300] "GET /cormun/servlet/hpexe_link HTTP/1.1" 200 949
190.171.143.106 - - [05/Dec/2023:08:37:06 -0300] "GET /cormun/servlet/hhome HTTP/1.1" 200 3986
190.171.152.114 - - [05/Dec/2023:08:37:08 -0300] "GET /cormun/servlet/trlicencias? HTTP/1.1" 200 13834
190.171.143.106 - - [05/Dec/2023:08:37:09 -0300] "GET /cormun/servlet/trlicencias? HTTP/1.1" 200 9892
190.171.143.106 - - [05/Dec/2023:08:37:23 -0300] "GET /cormun/servlet/licenciaspermisos?INS,0,,, HTTP/1.1" 200 7606
190.171.143.106 - - [05/Dec/2023:08:37:24 -0300] "GET /cormun/static/gxcfg.js?202012153173 HTTP/1.1" 200 953
190.171.143.106 - - [05/Dec/2023:08:37:24 -0300] "GET /cormun/static/licenciaspermisos.js?2020121532136 HTTP/1.1" 200 38753
190.171.152.114 - - [05/Dec/2023:08:37:26 -0300] "GET /cormun/servlet/licenciaspermisos?INS,0,,, HTTP/1.1" 200 7941
190.171.152.114 - - [05/Dec/2023:08:37:26 -0300] "GET /cormun/static/gxcfg.js?202012153173 HTTP/1.1" 200 953
190.171.152.114 - - [05/Dec/2023:08:37:26 -0300] "GET /cormun/static/licenciaspermisos.js?2020121532136 HTTP/1.1" 200 38753
190.171.143.106 - - [05/Dec/2023:08:38:53 -0300] "GET /cormun/servlet/licenciaspermisos?68e19e6b858ef7fcc2cddd9b991db380c597cee14aa7f79ba4058dc5bf2407f165bed3083b792553d9506c03848bd921514d47d0d516bcc192629c5e5814d17f,gx-no-cache=1701776628231 HTTP/1.1" 200 83
190.171.143.106 - - [05/Dec/2023:08:38:53 -0300] "POST /cormun/servlet/licenciaspermisos?f7250f982104c97df07c727374c50bcd,INS,0,,,,gx-no-cache=1701776628275 HTTP/1.1" 200 4843
190.171.149.74 - - [05/Dec/2023:08:39:22 -0300] "GET /cormun/servlet/trlicencias? HTTP/1.1" 200 11226
181.212.42.153 - - [05/Dec/2023:08:39:31 -0300] "GET /cormun/servlet/permisogoce?INS,0,,, HTTP/1.1" 200 6820
181.212.42.153 - - [05/Dec/2023:08:39:40 -0300] "GET /cormun/servlet/permisogoce?fa60ff92d58934fa49dafb406f570aa7c481e6e97671077ea52e8b29e739d846ad190c4dfc31762820df19710a1187650d5f71bd609685b3aa461aeca9e87e99,gx-no-cache=1701776305814 HTTP/1.1" 200 79
181.212.42.153 - - [05/Dec/2023:08:39:45 -0300] "GET /cormun/servlet/permisogoce?fa60ff92d58934fa49dafb406f570aa774217400ee15233dd658c3c9f6a71225890fd980d8e13e232d942db94ad6f52c0e3e68e5684363a6dac7c9ed3add5566,gx-no-cache=1701776310868 HTTP/1.1" 200 48
181.212.42.153 - - [05/Dec/2023:08:39:47 -0300] "POST /cormun/servlet/permisogoce?a97b9981235606326c68089a38ad5d3e,INS,0,,,,gx-no-cache=1701776312078 HTTP/1.1" 200 93
181.212.42.153 - - [05/Dec/2023:08:39:47 -0300] "GET /cormun/servlet/hpexe_return? HTTP/1.1" 200 1001
181.212.42.153 - - [05/Dec/2023:08:39:47 -0300] "GET /cormun/servlet/trpermisosgoce HTTP/1.1" 200 17832
190.171.143.106 - - [05/Dec/2023:08:39:49 -0300] "GET /cormun/static/menuarrow.gif HTTP/1.1" 404 1015
181.212.42.153 - - [05/Dec/2023:08:39:54 -0300] "GET /cormun/servlet/apermisogoceprn?17506001,P,20231205083739,PU HTTP/1.1" 200 1652
190.171.152.114 - - [05/Dec/2023:08:40:02 -0300] "GET /cormun/servlet/trpermisosgoce? HTTP/1.1" 200 11027
190.171.152.114 - - [05/Dec/2023:08:40:07 -0300] "GET /cormun/servlet/trpermisosadjuntos?17520495,20231129082836,P, HTTP/1.1" 200 6643
190.171.152.114 - - [05/Dec/2023:08:40:09 -0300] "GET /cormun/servlet/permisosadjuntos?INS,17520495,P,20231129082836,, HTTP/1.1" 200 5975
190.171.152.114 - - [05/Dec/2023:08:40:09 -0300] "GET /cormun/static/about:blank HTTP/1.1" 404 1011
181.162.155.237 - - [05/Dec/2023:08:40:47 -0300] "GET /cormun/servlet/hlogin HTTP/1.1" 200 1773
181.162.155.237 - - [05/Dec/2023:08:40:47 -0300] "GET /cormun/static/gxtimezone.js?85251 HTTP/1.1" 200 5781
181.162.155.237 - - [05/Dec/2023:08:40:47 -0300] "GET /cormun/static/gxfxSD.js?85251 HTTP/1.1" 200 15384
181.162.155.237 - - [05/Dec/2023:08:40:47 -0300] "GET /cormun/static/gxtypesSD.js?85251 HTTP/1.1" 200 24551
181.162.155.237 - - [05/Dec/2023:08:40:47 -0300] "GET /cormun/static/gxpopupSD.js?85251 HTTP/1.1" 200 22377
181.162.155.237 - - [05/Dec/2023:08:40:47 -0300] "GET /cormun/static/gxhtmlSD.js?85251 HTTP/1.1" 200 50424
181.162.155.237 - - [05/Dec/2023:08:40:47 -0300] "GET /cormun/static/Resources/Spanish/PXTools.css?1759030 HTTP/1.1" 200 100853
181.162.155.237 - - [05/Dec/2023:08:40:47 -0300] "GET /cormun/static/JavaScripTableSD.js?85251 HTTP/1.1" 200 25100
181.162.155.237 - - [05/Dec/2023:08:40:47 -0300] "GET /cormun/static/gxapiSD.js?85251 HTTP/1.1" 200 78773
181.162.155.237 - - [05/Dec/2023:08:40:47 -0300] "GET /cormun/static/gxgridSD.js?85251 HTTP/1.1" 200 50735
181.162.155.237 - - [05/Dec/2023:08:40:47 -0300] "GET /cormun/static/rijndaelSD.js?85251 HTTP/1.1" 200 6763
181.162.155.237 - - [05/Dec/2023:08:40:47 -0300] "GET /cormun/static/gxgralSD.js?85251 HTTP/1.1" 200 20927
181.162.155.237 - - [05/Dec/2023:08:40:47 -0300] "GET /cormun/static/gxfrmutlSD.js?85251 HTTP/1.1" 200 89044
181.162.155.237 - - [05/Dec/2023:08:40:47 -0300] "GET /cormun/static/messages.spa.js?85251 HTTP/1.1" 200 30736
181.162.155.237 - - [05/Dec/2023:08:40:47 -0300] "GET /cormun/static/gxcfg.js?85251 HTTP/1.1" 200 953
181.162.155.237 - - [05/Dec/2023:08:40:47 -0300] "GET /cormun/static/hlogin.js?2022112219184458 HTTP/1.1" 200 2156
181.162.155.237 - - [05/Dec/2023:08:40:47 -0300] "GET /cormun/static/Resources/CormunLogin.png HTTP/1.1" 200 19132
181.162.155.237 - - [05/Dec/2023:08:40:48 -0300] "GET /cormun/static/Resources/PXToolsLoginTop.png HTTP/1.1" 200 1337
181.162.155.237 - - [05/Dec/2023:08:40:48 -0300] "GET /cormun/static/Resources/PXToolsLoginBackground.png HTTP/1.1" 200 1164
181.162.155.237 - - [05/Dec/2023:08:40:48 -0300] "GET /cormun/static/Resources/PXToolsButtonRight.png HTTP/1.1" 200 1294
181.162.155.237 - - [05/Dec/2023:08:40:48 -0300] "GET /cormun/static/Resources/PXToolsLoginBottom.png HTTP/1.1" 200 1389
181.162.155.237 - - [05/Dec/2023:08:40:48 -0300] "GET /cormun/static/Resources/PXToolsButtonLeft.png HTTP/1.1" 200 1310
181.162.155.237 - - [05/Dec/2023:08:40:48 -0300] "GET /cormun/static/Resources/PXToolsButtonBackground.png HTTP/1.1" 200 1176
181.162.155.237 - - [05/Dec/2023:08:40:48 -0300] "GET /cormun/servlet/hlogin HTTP/1.1" 200 1783
181.162.155.237 - - [05/Dec/2023:08:40:48 -0300] "GET /cormun/static/Resources/indicator.gif HTTP/1.1" 200 1553
181.162.155.237 - - [05/Dec/2023:08:40:48 -0300] "GET /cormun/static/Resources/PXToolsButtonRight.png HTTP/1.1" 200 1294
181.162.155.237 - - [05/Dec/2023:08:40:48 -0300] "GET /cormun/static/Resources/PXToolsButtonBackground.png HTTP/1.1" 200 1176
181.162.155.237 - - [05/Dec/2023:08:40:48 -0300] "GET /cormun/static/Resources/PXToolsLoginBackground.png HTTP/1.1" 200 1164
181.162.155.237 - - [05/Dec/2023:08:40:48 -0300] "GET /cormun/static/Resources/PXToolsLoginBottom.png HTTP/1.1" 200 1389
181.162.155.237 - - [05/Dec/2023:08:40:48 -0300] "GET /cormun/static/Resources/PXToolsButtonLeft.png HTTP/1.1" 200 1310
181.162.155.237 - - [05/Dec/2023:08:40:48 -0300] "GET /favicon.ico HTTP/1.1" 200 21630
181.162.155.237 - - [05/Dec/2023:08:40:52 -0300] "POST /cormun/servlet/hlogin?4165bd9925d2396913cadd0b3977574e,gx-no-cache=1701776377203 HTTP/1.1" 200 450
181.162.155.237 - - [05/Dec/2023:08:40:53 -0300] "GET /cormun/servlet/hlogin HTTP/1.1" 200 1771
181.162.155.237 - - [05/Dec/2023:08:40:53 -0300] "GET /apple-touch-icon-120x120-precomposed.png HTTP/1.1" 404 1041
181.162.155.237 - - [05/Dec/2023:08:40:53 -0300] "GET /apple-touch-icon-120x120.png HTTP/1.1" 404 1017
181.162.155.237 - - [05/Dec/2023:08:40:53 -0300] "GET /apple-touch-icon-precomposed.png HTTP/1.1" 404 1025
181.162.155.237 - - [05/Dec/2023:08:40:53 -0300] "GET /apple-touch-icon.png HTTP/1.1" 404 1001
181.162.155.237 - - [05/Dec/2023:08:40:53 -0300] "GET /favicon.ico HTTP/1.1" 200 21630
181.162.155.237 - - [05/Dec/2023:08:40:59 -0300] "POST /cormun/servlet/hlogin?4165bd9925d2396913cadd0b3977574e,gx-no-cache=1701776383462 HTTP/1.1" 200 450
181.212.42.153 - - [05/Dec/2023:08:41:06 -0300] "GET /cormun/servlet/permisogoce?INS,0,,, HTTP/1.1" 200 6820
181.162.155.237 - - [05/Dec/2023:08:41:11 -0300] "POST /cormun/servlet/hlogin?4165bd9925d2396913cadd0b3977574e,gx-no-cache=1701776395308 HTTP/1.1" 200 450
181.212.42.153 - - [05/Dec/2023:08:41:16 -0300] "GET /cormun/servlet/permisogoce?fa60ff92d58934fa49dafb406f570aa7a621d46032a0ca064606b3601087b96dad190c4dfc31762820df19710a1187650d5f71bd609685b3aa461aeca9e87e99,gx-no-cache=1701776401874 HTTP/1.1" 200 79
181.162.155.237 - - [05/Dec/2023:08:41:17 -0300] "GET /cormun/servlet/hlogin HTTP/1.1" 200 1773
181.162.155.237 - - [05/Dec/2023:08:41:17 -0300] "GET /cormun/static/gxtimezone.js?85251 HTTP/1.1" 200 5781
181.162.155.237 - - [05/Dec/2023:08:41:17 -0300] "GET /cormun/static/gxfxSD.js?85251 HTTP/1.1" 200 15384
181.162.155.237 - - [05/Dec/2023:08:41:17 -0300] "GET /cormun/static/gxhtmlSD.js?85251 HTTP/1.1" 200 50424
181.162.155.237 - - [05/Dec/2023:08:41:17 -0300] "GET /cormun/static/gxpopupSD.js?85251 HTTP/1.1" 200 22377
181.162.155.237 - - [05/Dec/2023:08:41:17 -0300] "GET /cormun/static/gxtypesSD.js?85251 HTTP/1.1" 200 24551
181.162.155.237 - - [05/Dec/2023:08:41:17 -0300] "GET /cormun/static/Resources/Spanish/PXTools.css?1759030 HTTP/1.1" 200 100853
181.162.155.237 - - [05/Dec/2023:08:41:17 -0300] "GET /cormun/static/gxapiSD.js?85251 HTTP/1.1" 200 78773
181.162.155.237 - - [05/Dec/2023:08:41:17 -0300] "GET /cormun/static/JavaScripTableSD.js?85251 HTTP/1.1" 200 25100
181.162.155.237 - - [05/Dec/2023:08:41:17 -0300] "GET /cormun/static/rijndaelSD.js?85251 HTTP/1.1" 200 6763
181.162.155.237 - - [05/Dec/2023:08:41:17 -0300] "GET /cormun/static/gxgralSD.js?85251 HTTP/1.1" 200 20927
181.162.155.237 - - [05/Dec/2023:08:41:17 -0300] "GET /cormun/static/gxgridSD.js?85251 HTTP/1.1" 200 50735
181.162.155.237 - - [05/Dec/2023:08:41:17 -0300] "GET /cormun/static/gxcfg.js?85251 HTTP/1.1" 200 953
181.162.155.237 - - [05/Dec/2023:08:41:17 -0300] "GET /cormun/static/messages.spa.js?85251 HTTP/1.1" 200 30736
181.162.155.237 - - [05/Dec/2023:08:41:17 -0300] "GET /cormun/static/gxfrmutlSD.js?85251 HTTP/1.1" 200 89044
181.162.155.237 - - [05/Dec/2023:08:41:17 -0300] "GET /cormun/static/hlogin.js?2022112219184458 HTTP/1.1" 200 2156
181.162.155.237 - - [05/Dec/2023:08:41:17 -0300] "GET /cormun/static/Resources/CormunLogin.png HTTP/1.1" 200 19132
181.162.155.237 - - [05/Dec/2023:08:41:17 -0300] "GET /cormun/static/Resources/indicator.gif HTTP/1.1" 200 1553
181.162.155.237 - - [05/Dec/2023:08:41:17 -0300] "GET /cormun/static/Resources/PXToolsLoginTop.png HTTP/1.1" 200 1337
181.162.155.237 - - [05/Dec/2023:08:41:17 -0300] "GET /cormun/static/Resources/PXToolsLoginBottom.png HTTP/1.1" 200 1389
181.162.155.237 - - [05/Dec/2023:08:41:17 -0300] "GET /cormun/static/Resources/PXToolsButtonRight.png HTTP/1.1" 200 1294
181.162.155.237 - - [05/Dec/2023:08:41:17 -0300] "GET /cormun/static/Resources/PXToolsButtonBackground.png HTTP/1.1" 200 1176
181.162.155.237 - - [05/Dec/2023:08:41:17 -0300] "GET /cormun/static/Resources/PXToolsButtonLeft.png HTTP/1.1" 200 1310
181.162.155.237 - - [05/Dec/2023:08:41:17 -0300] "GET /cormun/static/Resources/PXToolsLoginBackground.png HTTP/1.1" 200 1164
181.212.42.153 - - [05/Dec/2023:08:41:24 -0300] "GET /cormun/servlet/permisogoce?fa60ff92d58934fa49dafb406f570aa7092f6d3f03c33a95045a2f774c8736cd3074202fd4e185ca388bfb3bec26c5160e3e68e5684363a6dac7c9ed3add5566,gx-no-cache=1701776409761 HTTP/1.1" 200 47
181.212.42.153 - - [05/Dec/2023:08:41:25 -0300] "POST /cormun/servlet/permisogoce?a97b9981235606326c68089a38ad5d3e,INS,0,,,,gx-no-cache=1701776410654 HTTP/1.1" 200 93
181.212.42.153 - - [05/Dec/2023:08:41:25 -0300] "GET /cormun/servlet/hpexe_return? HTTP/1.1" 200 1001
181.212.42.153 - - [05/Dec/2023:08:41:26 -0300] "GET /cormun/servlet/trpermisosgoce HTTP/1.1" 200 18044
181.212.42.153 - - [05/Dec/2023:08:41:29 -0300] "GET /cormun/servlet/apermisogoceprn?14200515,P,20231205083914,PU HTTP/1.1" 200 1651
181.162.155.237 - - [05/Dec/2023:08:41:34 -0300] "POST /cormun/servlet/hlogin?4165bd9925d2396913cadd0b3977574e,gx-no-cache=1701776418615 HTTP/1.1" 200 432
190.171.152.114 - - [05/Dec/2023:08:41:42 -0300] "POST /cormun/servlet/permisosadjuntos?d4e2738452380c4b482ea88ad2ea9efb,INS,17520495,P,20231129082836,, HTTP/1.1" 200 116
190.171.152.114 - - [05/Dec/2023:08:41:42 -0300] "GET /cormun/servlet/hpexe_return? HTTP/1.1" 200 1036
190.171.152.114 - - [05/Dec/2023:08:41:42 -0300] "GET /cormun/servlet/trpermisosadjuntos?17520495,20231129082836,P, HTTP/1.1" 200 7162
181.162.155.237 - - [05/Dec/2023:08:41:46 -0300] "POST /cormun/servlet/hlogin?4165bd9925d2396913cadd0b3977574e,gx-no-cache=1701776430586 HTTP/1.1" 200 432
190.171.152.114 - - [05/Dec/2023:08:41:46 -0300] "GET /cormun/servlet/trpermisosgoce? HTTP/1.1" 200 11020
181.212.42.153 - - [05/Dec/2023:08:41:49 -0300] "GET /cormun/servlet/permisogoce?INS,0,,, HTTP/1.1" 200 6820
190.171.152.114 - - [05/Dec/2023:08:41:51 -0300] "POST /cormun/servlet/trpermisosgoce?d4e2738452380c4b482ea88ad2ea9efb,,gx-no-cache=1701776435354 HTTP/1.1" 200 8236
190.171.152.114 - - [05/Dec/2023:08:41:51 -0300] "GET /cormun/static/Shared/jqueryui/images/ui-icons_82798d_256x240.png HTTP/1.1" 404 1089
190.171.152.114 - - [05/Dec/2023:08:41:51 -0300] "GET /cormun/static/Shared/jqueryui/images/ui-bg_highlight-soft_100_c6c2c8_1x100.png HTTP/1.1" 404 1117
190.171.152.114 - - [05/Dec/2023:08:41:51 -0300] "GET /cormun/static/Shared/jqueryui/images/ui-bg_flat_55_fafafa_40x100.png HTTP/1.1" 404 1097
190.171.152.114 - - [05/Dec/2023:08:41:51 -0300] "GET /cormun/static/Shared/jqueryui/images/ui-icons_8d78a5_256x240.png HTTP/1.1" 404 1089
190.171.152.114 - - [05/Dec/2023:08:41:56 -0300] "GET /cormun/servlet/trpermisosingoceautorizar? HTTP/1.1" 200 7117
190.171.152.114 - - [05/Dec/2023:08:41:56 -0300] "GET /cormun/static/gxui/gxui-all.css?110300 HTTP/1.1" 200 2179
190.171.152.114 - - [05/Dec/2023:08:41:56 -0300] "GET /cormun/static/calendar-system.css?75620 HTTP/1.1" 200 5572
190.171.152.114 - - [05/Dec/2023:08:41:56 -0300] "GET /cormun/static/gxcfg.js?20199142052090 HTTP/1.1" 200 953
190.171.152.114 - - [05/Dec/2023:08:41:56 -0300] "GET /cormun/static/trpermisosingoceautorizar.js?20199142052670 HTTP/1.1" 200 32551
190.171.152.114 - - [05/Dec/2023:08:41:56 -0300] "GET /cormun/static/Resources/Spanish/PXTools.css?19172979 HTTP/1.1" 200 100853
190.171.152.114 - - [05/Dec/2023:08:41:56 -0300] "GET /cormun/static/Shared/ext/resources/css/ext-all.css?205870 HTTP/1.1" 200 416045
181.212.42.153 - - [05/Dec/2023:08:41:57 -0300] "GET /cormun/servlet/permisogoce?fa60ff92d58934fa49dafb406f570aa7222166879f47055dec0a9feaaadf5dfdad190c4dfc31762820df19710a1187650d5f71bd609685b3aa461aeca9e87e99,gx-no-cache=1701776442389 HTTP/1.1" 200 77
181.212.42.153 - - [05/Dec/2023:08:42:05 -0300] "GET /cormun/servlet/permisogoce?fa60ff92d58934fa49dafb406f570aa7a38b49c05af76515ffb1186aca0af0b23d3fe0716e29b8bc9a2e228d3b8174fc0e3e68e5684363a6dac7c9ed3add5566,gx-no-cache=1701776450421 HTTP/1.1" 200 47
190.171.152.114 - - [05/Dec/2023:08:42:05 -0300] "GET /cormun/servlet/trpermisosingoceautorizar? HTTP/1.1" 200 7116
181.212.42.153 - - [05/Dec/2023:08:42:06 -0300] "POST /cormun/servlet/permisogoce?a97b9981235606326c68089a38ad5d3e,INS,0,,,,gx-no-cache=1701776451257 HTTP/1.1" 200 93
181.212.42.153 - - [05/Dec/2023:08:42:06 -0300] "GET /cormun/servlet/hpexe_return? HTTP/1.1" 200 1001
181.212.42.153 - - [05/Dec/2023:08:42:06 -0300] "GET /cormun/servlet/trpermisosgoce HTTP/1.1" 200 18245
181.212.42.153 - - [05/Dec/2023:08:42:10 -0300] "GET /cormun/servlet/apermisogoceprn?18622105,P,20231205083957,PU HTTP/1.1" 200 1651
190.171.152.114 - - [05/Dec/2023:08:42:14 -0300] "GET /cormun/servlet/trpermisosgoce? HTTP/1.1" 200 11012
181.212.42.153 - - [05/Dec/2023:08:42:26 -0300] "GET /cormun/servlet/trpermisosgoce? HTTP/1.1" 200 18240
181.212.42.153 - - [05/Dec/2023:08:42:28 -0300] "GET /cormun/servlet/permisogoce?INS,0,,, HTTP/1.1" 200 6820
190.171.153.26 - - [05/Dec/2023:08:42:30 -0300] "GET /cormun/servlet/hlogin HTTP/1.1" 200 1724
181.212.42.153 - - [05/Dec/2023:08:42:41 -0300] "GET /cormun/servlet/permisogoce?fa60ff92d58934fa49dafb406f570aa788286fb1a24f228c1ac4fd6ee94044faad190c4dfc31762820df19710a1187650d5f71bd609685b3aa461aeca9e87e99,gx-no-cache=1701776486513 HTTP/1.1" 200 83
190.171.152.114 - - [05/Dec/2023:08:42:43 -0300] "GET /cormun/servlet/trlicencias? HTTP/1.1" 200 13829
181.212.42.153 - - [05/Dec/2023:08:42:48 -0300] "GET /cormun/servlet/permisogoce?fa60ff92d58934fa49dafb406f570aa770b306625dea443fce24f24a201032a8362a8972ccb3863eebaaeb675133b72f0e3e68e5684363a6dac7c9ed3add5566,gx-no-cache=1701776493424 HTTP/1.1" 200 48
181.212.42.153 - - [05/Dec/2023:08:42:50 -0300] "POST /cormun/servlet/permisogoce?a97b9981235606326c68089a38ad5d3e,INS,0,,,,gx-no-cache=1701776495341 HTTP/1.1" 200 93
181.212.42.153 - - [05/Dec/2023:08:42:50 -0300] "GET /cormun/servlet/hpexe_return? HTTP/1.1" 200 1001
181.212.42.153 - - [05/Dec/2023:08:42:50 -0300] "GET /cormun/servlet/trpermisosgoce HTTP/1.1" 200 18450
181.212.42.153 - - [05/Dec/2023:08:42:54 -0300] "GET /cormun/servlet/apermisogoceprn?19274884,P,20231205084036,PU HTTP/1.1" 200 1636
190.171.143.106 - - [05/Dec/2023:08:43:10 -0300] "GET /cormun/servlet/licenciaspermisos?68e19e6b858ef7fcc2cddd9b991db3805c8785d58cb14682c713fceba49322a8fd849dd17bd42aaadaf246e63d084dcedbdf9d7ecfc1313d987f3ffe81d0d4b7be7de32594a9c1b8e6c3bc1b1332ceb9179ea78995296648ea4bac2d473477495eec30f2dd7e87e5488c04727e6307c6803f244f6e47d35cb4849cd2b75e89c0279d9d2673e5012f228bb075b80ca87b99af292a83e8d840a2c98be34c95908f1264ed689735831bb1b359c2dfd8d2aea7141e29bb1c142a8571f60ea740eb527a9204d99bc2a94a59b06001a336addb58298b6a240c5c40ad890257b354ce92,gx-no-cache=1701776885124 HTTP/1.1" 200 30
190.171.143.106 - - [05/Dec/2023:08:43:10 -0300] "GET /cormun/servlet/licenciaspermisos?68e19e6b858ef7fcc2cddd9b991db380bfcce3a50c0761f9f24cec0272506f906a6f36a04806f4a96a792cc2801e8d6de40373fe20fb8db1ca7326f79e6aee8084d77232a5080a8213c4fa48242adca30b638753b5d727ec1bf0d94fcb7aa1e8384b72584e3fed2be9741a90cfaf3ef55eac9635280ee3caf28fb36750f11d49ee4aa02e02263e9d361d7b0efb264a127e791f99c97953b0f916eafd7a0fedeaeac5c33e89afe5eab5565f5c12ad86d8ec3d1777ce6d5e596950236bcc0f8fef0d4421a21f6d376b308ef17f6fc26933b0e4764eb84231e2b0e9cb1151ba2d4e,gx-no-cache=1701776885153 HTTP/1.1" 200 29
190.171.143.106 - - [05/Dec/2023:08:43:10 -0300] "POST /cormun/servlet/licenciaspermisos?f7250f982104c97df07c727374c50bcd,INS,0,,,,gx-no-cache=1701776885179 HTTP/1.1" 200 5020
190.171.143.106 - - [05/Dec/2023:08:43:10 -0300] "GET /cormun/static/Shared/jqueryui/images/ui-bg_highlight-soft_100_c6c2c8_1x100.png HTTP/1.1" 404 1117
190.171.143.106 - - [05/Dec/2023:08:43:10 -0300] "GET /cormun/static/Shared/jqueryui/images/ui-bg_flat_55_994d53_40x100.png HTTP/1.1" 404 1097
190.171.143.106 - - [05/Dec/2023:08:43:10 -0300] "GET /cormun/static/Shared/jqueryui/images/ui-icons_82798d_256x240.png HTTP/1.1" 404 1089
190.171.143.106 - - [05/Dec/2023:08:43:10 -0300] "GET /cormun/static/Shared/jqueryui/images/ui-icons_ebccce_256x240.png HTTP/1.1" 404 1089
190.171.153.26 - - [05/Dec/2023:08:43:15 -0300] "POST /cormun/servlet/hlogin?dbfa988aa3c2474e70605a1fbdafa707,gx-no-cache=1701780119671 HTTP/1.1" 200 90
190.171.153.26 - - [05/Dec/2023:08:43:15 -0300] "GET /cormun/servlet/hpexe_link HTTP/1.1" 200 955
190.171.153.26 - - [05/Dec/2023:08:43:16 -0300] "GET /cormun/servlet/hhome HTTP/1.1" 200 3973
190.171.153.26 - - [05/Dec/2023:08:43:17 -0300] "GET /cormun/servlet/hhome HTTP/1.1" 200 3969
190.171.153.26 - - [05/Dec/2023:08:43:26 -0300] "GET /cormun/servlet/trpermisosgoce? HTTP/1.1" 200 14473
190.171.153.26 - - [05/Dec/2023:08:43:27 -0300] "GET /cormun/servlet/trpermisosgoce? HTTP/1.1" 200 14468
181.212.42.153 - - [05/Dec/2023:08:44:09 -0300] "GET /cormun/servlet/permisogoce?INS,0,,, HTTP/1.1" 200 6820
181.212.42.153 - - [05/Dec/2023:08:44:16 -0300] "GET /cormun/servlet/permisogoce?fa60ff92d58934fa49dafb406f570aa7452352569975e92866c7b33d181d7ae9ad190c4dfc31762820df19710a1187650d5f71bd609685b3aa461aeca9e87e99,gx-no-cache=1701776581665 HTTP/1.1" 200 83
181.212.42.153 - - [05/Dec/2023:08:44:21 -0300] "GET /cormun/servlet/permisogoce?fa60ff92d58934fa49dafb406f570aa756d84b400bd1a49fdefdc315446768c67c5ee95449da7c646ef607a0d07b71250e3e68e5684363a6dac7c9ed3add5566,gx-no-cache=1701776586187 HTTP/1.1" 200 46
181.212.42.153 - - [05/Dec/2023:08:44:22 -0300] "POST /cormun/servlet/permisogoce?a97b9981235606326c68089a38ad5d3e,INS,0,,,,gx-no-cache=1701776587305 HTTP/1.1" 200 93
181.212.42.153 - - [05/Dec/2023:08:44:22 -0300] "GET /cormun/servlet/hpexe_return? HTTP/1.1" 200 1001
181.212.42.153 - - [05/Dec/2023:08:44:23 -0300] "GET /cormun/servlet/trpermisosgoce HTTP/1.1" 200 18710
181.212.42.153 - - [05/Dec/2023:08:44:27 -0300] "GET /cormun/servlet/apermisogoceprn?11888496,P,20231205084216,PU HTTP/1.1" 200 1657
181.212.42.153 - - [05/Dec/2023:08:44:43 -0300] "GET /cormun/servlet/permisogoce?INS,0,,, HTTP/1.1" 200 6820
181.212.42.153 - - [05/Dec/2023:08:44:49 -0300] "GET /cormun/servlet/permisogoce?fa60ff92d58934fa49dafb406f570aa7452352569975e92866c7b33d181d7ae9ad190c4dfc31762820df19710a1187650d5f71bd609685b3aa461aeca9e87e99,gx-no-cache=1701776614484 HTTP/1.1" 200 85
181.212.42.153 - - [05/Dec/2023:08:44:53 -0300] "GET /cormun/servlet/permisogoce?fa60ff92d58934fa49dafb406f570aa756d84b400bd1a49fdefdc315446768c6b5995698b02ddd9b5aba61fe88fe74380e3e68e5684363a6dac7c9ed3add5566,gx-no-cache=1701776618727 HTTP/1.1" 200 47
181.212.42.153 - - [05/Dec/2023:08:44:54 -0300] "POST /cormun/servlet/permisogoce?a97b9981235606326c68089a38ad5d3e,INS,0,,,,gx-no-cache=1701776619542 HTTP/1.1" 200 93
181.212.42.153 - - [05/Dec/2023:08:44:54 -0300] "GET /cormun/servlet/hpexe_return? HTTP/1.1" 200 1001
181.212.42.153 - - [05/Dec/2023:08:44:55 -0300] "GET /cormun/servlet/trpermisosgoce HTTP/1.1" 200 18705
181.212.42.153 - - [05/Dec/2023:08:45:02 -0300] "GET /cormun/servlet/apermisogoceprn?11888496,P,20231205084251,PU HTTP/1.1" 200 1659
181.212.42.153 - - [05/Dec/2023:08:45:18 -0300] "GET /cormun/servlet/permisogoce?INS,0,,, HTTP/1.1" 200 6820
181.212.42.153 - - [05/Dec/2023:08:45:24 -0300] "GET /cormun/servlet/permisogoce?fa60ff92d58934fa49dafb406f570aa7452352569975e92866c7b33d181d7ae9ad190c4dfc31762820df19710a1187650d5f71bd609685b3aa461aeca9e87e99,gx-no-cache=1701776649212 HTTP/1.1" 200 86
181.212.42.153 - - [05/Dec/2023:08:45:29 -0300] "GET /cormun/servlet/permisogoce?fa60ff92d58934fa49dafb406f570aa756d84b400bd1a49fdefdc315446768c64070c9ee8b882eca73472ea81bde3ae00e3e68e5684363a6dac7c9ed3add5566,gx-no-cache=1701776654942 HTTP/1.1" 200 46
181.212.42.153 - - [05/Dec/2023:08:45:33 -0300] "POST /cormun/servlet/permisogoce?a97b9981235606326c68089a38ad5d3e,INS,0,,,,gx-no-cache=1701776657937 HTTP/1.1" 200 93
181.212.42.153 - - [05/Dec/2023:08:45:33 -0300] "GET /cormun/servlet/hpexe_return? HTTP/1.1" 200 1001
181.212.42.153 - - [05/Dec/2023:08:45:33 -0300] "GET /cormun/servlet/trpermisosgoce HTTP/1.1" 200 18648
181.212.42.153 - - [05/Dec/2023:08:45:40 -0300] "GET /cormun/servlet/apermisogoceprn?11888496,P,20231205084326,PU HTTP/1.1" 200 1653
190.171.153.26 - - [05/Dec/2023:08:45:52 -0300] "GET /cormun/servlet/permisogoce?INS,0,,, HTTP/1.1" 200 6838
190.171.153.26 - - [05/Dec/2023:08:45:53 -0300] "GET /cormun/servlet/permisogoce?INS,0,,, HTTP/1.1" 200 6837
181.212.42.153 - - [05/Dec/2023:08:46:02 -0300] "GET /cormun/servlet/permisogoce?INS,0,,, HTTP/1.1" 200 6820
190.171.153.26 - - [05/Dec/2023:08:46:03 -0300] "GET /cormun/servlet/permisogoce?3f82b18ca43fddd1887a3dba303caf2ab7f7449a9f9f1ffffbce5557803ef573cf774a471c66cfae9ecd2de7b1d585d78a471e74bc4f86888a871bec12d2d08b,gx-no-cache=1701780287971 HTTP/1.1" 200 86
190.171.153.26 - - [05/Dec/2023:08:46:05 -0300] "GET /cormun/static/menuarrow.gif HTTP/1.1" 404 1015
190.171.153.26 - - [05/Dec/2023:08:46:07 -0300] "GET /cormun/servlet/permisogoce?3f82b18ca43fddd1887a3dba303caf2a0c93d13107b2baf873c50b43f2fb1b470db845f038ceab280ece89d38dea705bba36d6dced58ba6448599d2643a14eaf,gx-no-cache=1701780292228 HTTP/1.1" 200 47
190.171.153.26 - - [05/Dec/2023:08:46:10 -0300] "POST /cormun/servlet/permisogoce?dbfa988aa3c2474e70605a1fbdafa707,INS,0,,,,gx-no-cache=1701780294107 HTTP/1.1" 200 93
190.171.153.26 - - [05/Dec/2023:08:46:10 -0300] "GET /cormun/servlet/hpexe_return? HTTP/1.1" 200 1014
190.171.143.106 - - [05/Dec/2023:08:46:10 -0300] "GET /cormun/servlet/licenciaspermisos?68e19e6b858ef7fcc2cddd9b991db3805c8785d58cb14682c713fceba49322a8fd849dd17bd42aaadaf246e63d084dcedbdf9d7ecfc1313d987f3ffe81d0d4b7be7de32594a9c1b8e6c3bc1b1332ceb9179ea78995296648ea4bac2d473477495eec30f2dd7e87e5488c04727e6307c6803f244f6e47d35cb4849cd2b75e89c0279d9d2673e5012f228bb075b80ca87b99af292a83e8d840a2c98be34c95908f1264ed689735831bb1b359c2dfd8d2aea7141e29bb1c142a8571f60ea740eb527a9204d99bc2a94a59b06001a336addb58298b6a240c5c40ad890257b354ce92,gx-no-cache=1701777065832 HTTP/1.1" 200 30
190.171.143.106 - - [05/Dec/2023:08:46:10 -0300] "GET /cormun/servlet/licenciaspermisos?68e19e6b858ef7fcc2cddd9b991db380bfcce3a50c0761f9f24cec0272506f906a6f36a04806f4a96a792cc2801e8d6de40373fe20fb8db1ca7326f79e6aee8084d77232a5080a8213c4fa48242adca30b638753b5d727ec1bf0d94fcb7aa1e8384b72584e3fed2be9741a90cfaf3ef55eac9635280ee3caf28fb36750f11d49ee4aa02e02263e9d361d7b0efb264a127e791f99c97953b0f916eafd7a0fedeaeac5c33e89afe5eab5565f5c12ad86d8ec3d1777ce6d5e596950236bcc0f8fef0d4421a21f6d376b308ef17f6fc26933b0e4764eb84231e2b0e9cb1151ba2d4e,gx-no-cache=1701777065850 HTTP/1.1" 200 29
190.171.153.26 - - [05/Dec/2023:08:46:10 -0300] "GET /cormun/servlet/trpermisosgoce HTTP/1.1" 200 14686
190.171.153.26 - - [05/Dec/2023:08:46:11 -0300] "GET /cormun/servlet/trpermisosgoce HTTP/1.1" 200 14690
190.171.143.106 - - [05/Dec/2023:08:46:11 -0300] "POST /cormun/servlet/licenciaspermisos?f7250f982104c97df07c727374c50bcd,INS,0,,,,gx-no-cache=1701777065863 HTTP/1.1" 200 93
190.171.143.106 - - [05/Dec/2023:08:46:12 -0300] "GET /cormun/servlet/hpexe_return? HTTP/1.1" 200 1009
190.171.143.106 - - [05/Dec/2023:08:46:12 -0300] "GET /cormun/servlet/trlicencias HTTP/1.1" 200 10440
190.171.153.26 - - [05/Dec/2023:08:46:14 -0300] "GET /cormun/servlet/apermisogoceprn?15525765,P,20231205084400,PU HTTP/1.1" 200 1654
190.171.143.106 - - [05/Dec/2023:08:46:18 -0300] "GET /cormun/servlet/alicenciaprn?17477468,L,20231205000000,PU HTTP/1.1" 200 1548
190.171.153.26 - - [05/Dec/2023:08:46:49 -0300] "GET /cormun/servlet/trpermisosgoce? HTTP/1.1" 200 14682
190.171.153.26 - - [05/Dec/2023:08:46:50 -0300] "GET /cormun/servlet/trpermisosgoce? HTTP/1.1" 200 14682
181.212.42.153 - - [05/Dec/2023:08:46:51 -0300] "GET /cormun/servlet/permisogoce?fa60ff92d58934fa49dafb406f570aa7363959d7a3bab0b15c0d47f60cb7822dad190c4dfc31762820df19710a1187650d5f71bd609685b3aa461aeca9e87e99,gx-no-cache=1701776736091 HTTP/1.1" 200 76
190.171.153.26 - - [05/Dec/2023:08:46:53 -0300] "GET /cormun/servlet/permisogoce?INS,0,,, HTTP/1.1" 200 6838
190.171.153.26 - - [05/Dec/2023:08:46:53 -0300] "GET /cormun/servlet/permisogoce?INS,0,,, HTTP/1.1" 200 6837
190.171.153.26 - - [05/Dec/2023:08:47:01 -0300] "GET /cormun/servlet/permisogoce?3f82b18ca43fddd1887a3dba303caf2ab7f7449a9f9f1ffffbce5557803ef573cf774a471c66cfae9ecd2de7b1d585d78a471e74bc4f86888a871bec12d2d08b,gx-no-cache=1701780345438 HTTP/1.1" 200 88
181.212.42.153 - - [05/Dec/2023:08:47:02 -0300] "GET /cormun/servlet/permisogoce?fa60ff92d58934fa49dafb406f570aa777760ba09c178f4339b7e9f33602d210bd8c2cc2556819d0cfe76934025a144d0e3e68e5684363a6dac7c9ed3add5566,gx-no-cache=1701776747251 HTTP/1.1" 200 47
190.171.153.26 - - [05/Dec/2023:08:47:03 -0300] "GET /cormun/static/menuarrow.gif HTTP/1.1" 404 1015
181.212.42.153 - - [05/Dec/2023:08:47:04 -0300] "POST /cormun/servlet/permisogoce?a97b9981235606326c68089a38ad5d3e,INS,0,,,,gx-no-cache=1701776748386 HTTP/1.1" 200 93
181.212.42.153 - - [05/Dec/2023:08:47:04 -0300] "GET /cormun/servlet/hpexe_return? HTTP/1.1" 200 1001
181.212.42.153 - - [05/Dec/2023:08:47:04 -0300] "GET /cormun/servlet/trpermisosgoce HTTP/1.1" 200 18612
190.171.153.26 - - [05/Dec/2023:08:47:08 -0300] "GET /cormun/servlet/permisogoce?3f82b18ca43fddd1887a3dba303caf2a0c93d13107b2baf873c50b43f2fb1b4725be822bba2eda70b3f625c262615de4ba36d6dced58ba6448599d2643a14eaf,gx-no-cache=1701780352860 HTTP/1.1" 200 48
190.171.153.26 - - [05/Dec/2023:08:47:10 -0300] "POST /cormun/servlet/permisogoce?dbfa988aa3c2474e70605a1fbdafa707,INS,0,,,,gx-no-cache=1701780354181 HTTP/1.1" 200 93
190.171.153.26 - - [05/Dec/2023:08:47:10 -0300] "GET /cormun/servlet/hpexe_return? HTTP/1.1" 200 1014
181.212.42.153 - - [05/Dec/2023:08:47:10 -0300] "GET /cormun/servlet/apermisogoceprn?18645771,P,20231205084410,PU HTTP/1.1" 200 1650
190.171.153.26 - - [05/Dec/2023:08:47:10 -0300] "GET /cormun/servlet/trpermisosgoce HTTP/1.1" 200 14857
190.171.153.26 - - [05/Dec/2023:08:47:11 -0300] "GET /cormun/servlet/trpermisosgoce HTTP/1.1" 200 14837
190.171.153.26 - - [05/Dec/2023:08:47:17 -0300] "GET /cormun/servlet/apermisogoceprn?15525765,P,20231205084500,PU HTTP/1.1" 200 1657
181.212.42.153 - - [05/Dec/2023:08:47:24 -0300] "GET /cormun/servlet/permisogoce?INS,0,,, HTTP/1.1" 200 6819
181.212.42.153 - - [05/Dec/2023:08:47:35 -0300] "GET /cormun/servlet/permisogoce?fa60ff92d58934fa49dafb406f570aa7a2cdd7b6bca5a1e0cb3d41a2d72caf68ad190c4dfc31762820df19710a1187650d5f71bd609685b3aa461aeca9e87e99,gx-no-cache=1701776780135 HTTP/1.1" 200 81
190.171.153.26 - - [05/Dec/2023:08:47:35 -0300] "GET /cormun/servlet/permisogoce?INS,0,,, HTTP/1.1" 200 6838
190.171.153.26 - - [05/Dec/2023:08:47:35 -0300] "GET /cormun/servlet/permisogoce?INS,0,,, HTTP/1.1" 200 6838
190.171.153.26 - - [05/Dec/2023:08:47:46 -0300] "GET /cormun/servlet/permisogoce?3f82b18ca43fddd1887a3dba303caf2a89a2e41f6ab18bcf9ae56a4e7a2811f0cf774a471c66cfae9ecd2de7b1d585d78a471e74bc4f86888a871bec12d2d08b,gx-no-cache=1701780390387 HTTP/1.1" 200 79
190.171.153.26 - - [05/Dec/2023:08:47:49 -0300] "GET /cormun/static/menuarrow.gif HTTP/1.1" 404 1015
181.212.42.153 - - [05/Dec/2023:08:47:54 -0300] "GET /cormun/servlet/permisogoce?fa60ff92d58934fa49dafb406f570aa70356f31adc989688ae6f2fcb2f1b0b512f1acae3b08d1a9d2059461ed596ece20e3e68e5684363a6dac7c9ed3add5566,gx-no-cache=1701776799187 HTTP/1.1" 200 49
181.212.42.153 - - [05/Dec/2023:08:47:55 -0300] "POST /cormun/servlet/permisogoce?a97b9981235606326c68089a38ad5d3e,INS,0,,,,gx-no-cache=1701776800208 HTTP/1.1" 200 93
181.212.42.153 - - [05/Dec/2023:08:47:55 -0300] "GET /cormun/servlet/hpexe_return? HTTP/1.1" 200 1001
181.212.42.153 - - [05/Dec/2023:08:47:55 -0300] "GET /cormun/servlet/trpermisosgoce HTTP/1.1" 200 18665
190.171.153.26 - - [05/Dec/2023:08:47:59 -0300] "GET /cormun/servlet/permisogoce?3f82b18ca43fddd1887a3dba303caf2a7654f04f54adfd897d2bb7c89df8bf9c5c44c9c6d0b7e7a7fb35fee41e8a043fba36d6dced58ba6448599d2643a14eaf,gx-no-cache=1701780404205 HTTP/1.1" 200 48
181.212.42.153 - - [05/Dec/2023:08:48:00 -0300] "GET /cormun/servlet/apermisogoceprn?10412708,P,20231205084532,PU HTTP/1.1" 200 1651
190.171.153.26 - - [05/Dec/2023:08:48:02 -0300] "POST /cormun/servlet/permisogoce?dbfa988aa3c2474e70605a1fbdafa707,INS,0,,,,gx-no-cache=1701780406161 HTTP/1.1" 200 93
190.171.153.26 - - [05/Dec/2023:08:48:02 -0300] "GET /cormun/servlet/hpexe_return? HTTP/1.1" 200 1014
190.171.153.26 - - [05/Dec/2023:08:48:02 -0300] "GET /cormun/servlet/trpermisosgoce HTTP/1.1" 200 15079
190.171.153.26 - - [05/Dec/2023:08:48:03 -0300] "GET /cormun/servlet/trpermisosgoce HTTP/1.1" 200 15075
190.171.153.26 - - [05/Dec/2023:08:48:06 -0300] "GET /cormun/servlet/apermisogoceprn?19203342,P,20231205084543,PU HTTP/1.1" 200 1649
181.212.42.153 - - [05/Dec/2023:08:48:17 -0300] "GET /cormun/servlet/permisogoce?INS,0,,, HTTP/1.1" 200 6820
190.171.153.26 - - [05/Dec/2023:08:48:20 -0300] "GET /cormun/servlet/permisogoce?INS,0,,, HTTP/1.1" 200 6838
190.171.153.26 - - [05/Dec/2023:08:48:21 -0300] "GET /cormun/servlet/permisogoce?INS,0,,, HTTP/1.1" 200 6838
181.212.42.153 - - [05/Dec/2023:08:48:24 -0300] "GET /cormun/servlet/permisogoce?fa60ff92d58934fa49dafb406f570aa717d971d0fff4fbf2b5fc154d7ff9438cad190c4dfc31762820df19710a1187650d5f71bd609685b3aa461aeca9e87e99,gx-no-cache=1701776829292 HTTP/1.1" 200 78
190.171.153.26 - - [05/Dec/2023:08:48:25 -0300] "GET /cormun/servlet/permisogoce?3f82b18ca43fddd1887a3dba303caf2a95341a5102cbcde3d643a697ff0690dfe66cb7771d214872095150c2fa6965ca57ca6820806f2fd934fd43d8ba7bcdbf,gx-no-cache=1701780429902 HTTP/1.1" 200 86
181.212.42.153 - - [05/Dec/2023:08:48:29 -0300] "GET /cormun/servlet/permisogoce?fa60ff92d58934fa49dafb406f570aa7b13f6b36c6e6d6b9a4aea5f90600e36e8cb795a0c053ba886d2398830580c2140e3e68e5684363a6dac7c9ed3add5566,gx-no-cache=1701776834590 HTTP/1.1" 200 47
181.212.42.153 - - [05/Dec/2023:08:48:31 -0300] "POST /cormun/servlet/permisogoce?a97b9981235606326c68089a38ad5d3e,INS,0,,,,gx-no-cache=1701776835560 HTTP/1.1" 200 93
181.212.42.153 - - [05/Dec/2023:08:48:31 -0300] "GET /cormun/servlet/hpexe_return? HTTP/1.1" 200 1001
181.212.42.153 - - [05/Dec/2023:08:48:31 -0300] "GET /cormun/servlet/trpermisosgoce HTTP/1.1" 200 18682
190.171.149.74 - - [05/Dec/2023:08:48:32 -0300] "POST /cormun/servlet/trlicencias?29d29a76f0303c199a21ee3af3f2199c,,gx-no-cache=1701776835486 HTTP/1.1" 200 8738
190.171.149.74 - - [05/Dec/2023:08:48:33 -0300] "POST /cormun/servlet/trlicencias?29d29a76f0303c199a21ee3af3f2199c,,gx-no-cache=1701776836675 HTTP/1.1" 200 8738
181.212.42.153 - - [05/Dec/2023:08:48:34 -0300] "GET /cormun/servlet/apermisogoceprn?11528777,P,20231205084624,PU HTTP/1.1" 200 1656
190.171.152.234 - - [05/Dec/2023:08:48:45 -0300] "GET /cormun/servlet/hlogin HTTP/1.1" 200 1725
181.212.42.153 - - [05/Dec/2023:08:48:52 -0300] "GET /cormun/servlet/permisogoce?INS,0,,, HTTP/1.1" 200 6820
190.171.153.26 - - [05/Dec/2023:08:48:55 -0300] "GET /cormun/servlet/permisogoce?3f82b18ca43fddd1887a3dba303caf2aec423b9c27be5556f7bcdbb332d2a46f8454e03d700d5fd555ef3ae19a1761f3,gx-no-cache=1701780460195 HTTP/1.1" 200 130
190.171.153.26 - - [05/Dec/2023:08:48:56 -0300] "GET /cormun/static/Shared/jqueryui/images/ui-icons_82798d_256x240.png HTTP/1.1" 404 1089
190.171.153.26 - - [05/Dec/2023:08:48:56 -0300] "GET /cormun/static/Shared/jqueryui/images/ui-bg_flat_55_994d53_40x100.png HTTP/1.1" 404 1097
190.171.153.26 - - [05/Dec/2023:08:48:56 -0300] "GET /cormun/static/Shared/jqueryui/images/ui-bg_highlight-soft_100_c6c2c8_1x100.png HTTP/1.1" 404 1117
190.171.153.26 - - [05/Dec/2023:08:48:56 -0300] "GET /cormun/static/Shared/jqueryui/images/ui-icons_ebccce_256x240.png HTTP/1.1" 404 1089
190.171.153.26 - - [05/Dec/2023:08:48:56 -0300] "POST /cormun/servlet/permisogoce?dbfa988aa3c2474e70605a1fbdafa707,INS,0,,,,gx-no-cache=1701780460572 HTTP/1.1" 200 4507
190.171.153.26 - - [05/Dec/2023:08:48:59 -0300] "GET /cormun/static/menuarrow.gif HTTP/1.1" 404 1015
190.171.152.234 - - [05/Dec/2023:08:48:59 -0300] "POST /cormun/servlet/hlogin?d4a4466be6ab42af5fc189c05c156e1f,gx-no-cache=1701777042579 HTTP/1.1" 200 90
190.171.152.234 - - [05/Dec/2023:08:48:59 -0300] "GET /cormun/servlet/hpexe_link HTTP/1.1" 200 953
190.171.152.234 - - [05/Dec/2023:08:48:59 -0300] "GET /cormun/servlet/hhome HTTP/1.1" 200 4278
181.212.42.153 - - [05/Dec/2023:08:49:02 -0300] "GET /cormun/servlet/permisogoce?fa60ff92d58934fa49dafb406f570aa7428135aba2ebbe9f19e581d712387240ad190c4dfc31762820df19710a1187650d5f71bd609685b3aa461aeca9e87e99,gx-no-cache=1701776867045 HTTP/1.1" 200 88
190.171.153.26 - - [05/Dec/2023:08:49:02 -0300] "GET /cormun/servlet/permisogoce?3f82b18ca43fddd1887a3dba303caf2aec423b9c27be5556f7bcdbb332d2a46fdccbdd521e7fc119331ceb40714c115379a38cb85f46d1f59d420228e1fbd817,gx-no-cache=1701780466533 HTTP/1.1" 200 48
190.171.149.74 - - [05/Dec/2023:08:49:03 -0300] "GET /cormun/servlet/trpermisosgoce? HTTP/1.1" 200 16996
190.171.153.26 - - [05/Dec/2023:08:49:04 -0300] "POST /cormun/servlet/permisogoce?dbfa988aa3c2474e70605a1fbdafa707,INS,0,,,,gx-no-cache=1701780468655 HTTP/1.1" 200 93
190.171.153.26 - - [05/Dec/2023:08:49:04 -0300] "GET /cormun/servlet/hpexe_return? HTTP/1.1" 200 1014
190.171.153.26 - - [05/Dec/2023:08:49:05 -0300] "GET /cormun/servlet/trpermisosgoce HTTP/1.1" 200 15261
190.171.153.26 - - [05/Dec/2023:08:49:05 -0300] "GET /cormun/servlet/trpermisosgoce HTTP/1.1" 200 15256
181.212.42.153 - - [05/Dec/2023:08:49:06 -0300] "GET /cormun/servlet/permisogoce?fa60ff92d58934fa49dafb406f570aa79709a1ea942e24d2b1f0ef5481c088b8dce35e180b365238d59bb270d56d12910e3e68e5684363a6dac7c9ed3add5566,gx-no-cache=1701776871326 HTTP/1.1" 200 48
181.212.42.153 - - [05/Dec/2023:08:49:07 -0300] "POST /cormun/servlet/permisogoce?a97b9981235606326c68089a38ad5d3e,INS,0,,,,gx-no-cache=1701776872221 HTTP/1.1" 200 93
181.212.42.153 - - [05/Dec/2023:08:49:08 -0300] "GET /cormun/servlet/hpexe_return? HTTP/1.1" 200 1001
181.212.42.153 - - [05/Dec/2023:08:49:08 -0300] "GET /cormun/servlet/trpermisosgoce HTTP/1.1" 200 18684
190.171.153.26 - - [05/Dec/2023:08:49:08 -0300] "GET /cormun/servlet/apermisogoceprn?9195037,P,20231205084628,PU HTTP/1.1" 200 1653
190.171.152.234 - - [05/Dec/2023:08:49:12 -0300] "GET /cormun/servlet/trlicencias? HTTP/1.1" 200 13016
181.212.42.153 - - [05/Dec/2023:08:49:12 -0300] "GET /cormun/servlet/apermisogoceprn?17505252,P,20231205084700,PU HTTP/1.1" 200 1652
190.171.153.26 - - [05/Dec/2023:08:49:18 -0300] "GET /cormun/servlet/permisogoce?INS,0,,, HTTP/1.1" 200 6838
190.171.153.26 - - [05/Dec/2023:08:49:19 -0300] "GET /cormun/servlet/permisogoce?INS,0,,, HTTP/1.1" 200 6838
190.171.153.26 - - [05/Dec/2023:08:49:25 -0300] "GET /cormun/servlet/permisogoce?3f82b18ca43fddd1887a3dba303caf2a95341a5102cbcde3d643a697ff0690dfe66cb7771d214872095150c2fa6965ca57ca6820806f2fd934fd43d8ba7bcdbf,gx-no-cache=1701780489438 HTTP/1.1" 200 88
181.212.42.153 - - [05/Dec/2023:08:49:35 -0300] "GET /cormun/servlet/permisogoce?INS,0,,, HTTP/1.1" 200 6820
190.171.153.26 - - [05/Dec/2023:08:49:40 -0300] "POST /cormun/servlet/permisogoce?dbfa988aa3c2474e70605a1fbdafa707,INS,0,,,,gx-no-cache=1701780504301 HTTP/1.1" 200 93
190.171.153.26 - - [05/Dec/2023:08:49:40 -0300] "GET /cormun/servlet/hpexe_return? HTTP/1.1" 200 1014
190.171.153.26 - - [05/Dec/2023:08:49:40 -0300] "GET /cormun/servlet/trpermisosgoce HTTP/1.1" 200 15261
190.171.153.26 - - [05/Dec/2023:08:49:40 -0300] "GET /cormun/servlet/trpermisosgoce HTTP/1.1" 200 15256
181.212.42.153 - - [05/Dec/2023:08:49:46 -0300] "GET /cormun/servlet/permisogoce?fa60ff92d58934fa49dafb406f570aa70c81bec174ab6b58c7e2f11673f6239ca3674d503cbb45112c46bd039f71663e0203289ec1413ce169a61999316b5e22,gx-no-cache=1701776911388 HTTP/1.1" 200 78
181.212.42.153 - - [05/Dec/2023:08:49:51 -0300] "GET /cormun/servlet/permisogoce?fa60ff92d58934fa49dafb406f570aa7a18ccccff033bd6d3693eeff950f8fc43bcc279228e0fd29cc49a97745e7a08bfa4bc7ba8a9f1e0036773c4fe4377975,gx-no-cache=1701776916997 HTTP/1.1" 200 47
181.212.42.153 - - [05/Dec/2023:08:49:53 -0300] "POST /cormun/servlet/permisogoce?a97b9981235606326c68089a38ad5d3e,INS,0,,,,gx-no-cache=1701776917896 HTTP/1.1" 200 93
181.212.42.153 - - [05/Dec/2023:08:49:53 -0300] "GET /cormun/servlet/hpexe_return? HTTP/1.1" 200 1001
181.212.42.153 - - [05/Dec/2023:08:49:53 -0300] "GET /cormun/servlet/trpermisosgoce HTTP/1.1" 200 18650
181.212.42.153 - - [05/Dec/2023:08:49:57 -0300] "GET /cormun/servlet/apermisogoceprn?9813073,P,20231205084743,PU HTTP/1.1" 200 1654
181.212.42.153 - - [05/Dec/2023:08:50:26 -0300] "GET /cormun/servlet/permisogoce?INS,0,,, HTTP/1.1" 200 6821
181.212.42.153 - - [05/Dec/2023:08:50:31 -0300] "GET /cormun/servlet/permisogoce?fa60ff92d58934fa49dafb406f570aa7b52af05b54208a37e00021b9ae94ae8cad190c4dfc31762820df19710a1187650d5f71bd609685b3aa461aeca9e87e99,gx-no-cache=1701776956384 HTTP/1.1" 200 87
181.212.42.153 - - [05/Dec/2023:08:50:38 -0300] "GET /cormun/servlet/permisogoce?fa60ff92d58934fa49dafb406f570aa757e277e89731bb8543e451a1a79c13dc2e587b7c5aa68936baf514758c0c1d8b0e3e68e5684363a6dac7c9ed3add5566,gx-no-cache=1701776963893 HTTP/1.1" 200 47
181.212.42.153 - - [05/Dec/2023:08:50:44 -0300] "POST /cormun/servlet/permisogoce?a97b9981235606326c68089a38ad5d3e,INS,0,,,,gx-no-cache=1701776968992 HTTP/1.1" 200 93
181.212.42.153 - - [05/Dec/2023:08:50:44 -0300] "GET /cormun/servlet/hpexe_return? HTTP/1.1" 200 1001
181.212.42.153 - - [05/Dec/2023:08:50:44 -0300] "GET /cormun/servlet/trpermisosgoce HTTP/1.1" 200 18631
181.212.42.153 - - [05/Dec/2023:08:50:49 -0300] "GET /cormun/servlet/apermisogoceprn?19592816,P,20231205084834,PU HTTP/1.1" 200 1660
181.212.42.153 - - [05/Dec/2023:08:51:04 -0300] "GET /cormun/servlet/permisogoce?INS,0,,, HTTP/1.1" 200 6820
181.212.42.153 - - [05/Dec/2023:08:51:09 -0300] "GET /cormun/servlet/permisogoce?fa60ff92d58934fa49dafb406f570aa78f8a2dceb9fbab8b34b66e46e87d0cacad190c4dfc31762820df19710a1187650d5f71bd609685b3aa461aeca9e87e99,gx-no-cache=1701776994404 HTTP/1.1" 200 81
181.212.42.153 - - [05/Dec/2023:08:51:14 -0300] "GET /cormun/servlet/permisogoce?fa60ff92d58934fa49dafb406f570aa73783c76bd266fd29e49b67d18e3b1b413b38f9cdda6ff9a3fe2df9536977c23f0e3e68e5684363a6dac7c9ed3add5566,gx-no-cache=1701776999546 HTTP/1.1" 200 48
181.212.42.153 - - [05/Dec/2023:08:51:16 -0300] "POST /cormun/servlet/permisogoce?a97b9981235606326c68089a38ad5d3e,INS,0,,,,gx-no-cache=1701777000552 HTTP/1.1" 200 93
181.212.42.153 - - [05/Dec/2023:08:51:16 -0300] "GET /cormun/servlet/hpexe_return? HTTP/1.1" 200 1001
181.212.42.153 - - [05/Dec/2023:08:51:16 -0300] "GET /cormun/servlet/trpermisosgoce HTTP/1.1" 200 18623
181.212.42.153 - - [05/Dec/2023:08:51:21 -0300] "GET /cormun/servlet/apermisogoceprn?11365335,P,20231205084912,PU HTTP/1.1" 200 1654
181.212.42.153 - - [05/Dec/2023:08:51:43 -0300] "GET /cormun/servlet/permisogoce?INS,0,,, HTTP/1.1" 200 6820
181.212.42.153 - - [05/Dec/2023:08:51:48 -0300] "GET /cormun/servlet/permisogoce?fa60ff92d58934fa49dafb406f570aa788b33ad8fe228b9592d1de559a73eaaaad190c4dfc31762820df19710a1187650d5f71bd609685b3aa461aeca9e87e99,gx-no-cache=1701777033204 HTTP/1.1" 200 86
181.212.42.153 - - [05/Dec/2023:08:51:54 -0300] "GET /cormun/servlet/permisogoce?fa60ff92d58934fa49dafb406f570aa7636842ddf47cf744e2c715543452dfef91d554add5377fbddac838ec6211a53c0e3e68e5684363a6dac7c9ed3add5566,gx-no-cache=1701777039195 HTTP/1.1" 200 47
181.212.42.153 - - [05/Dec/2023:08:52:03 -0300] "POST /cormun/servlet/permisogoce?a97b9981235606326c68089a38ad5d3e,INS,0,,,,gx-no-cache=1701777040167 HTTP/1.1" 200 93
181.212.42.153 - - [05/Dec/2023:08:52:03 -0300] "GET /cormun/servlet/hpexe_return? HTTP/1.1" 200 1001
181.212.42.153 - - [05/Dec/2023:08:52:03 -0300] "GET /cormun/servlet/trpermisosgoce HTTP/1.1" 200 18656
181.212.42.153 - - [05/Dec/2023:08:52:12 -0300] "GET /cormun/servlet/apermisogoceprn?19265845,P,20231205084951,PU HTTP/1.1" 200 1663
181.212.42.153 - - [05/Dec/2023:08:52:29 -0300] "GET /cormun/servlet/permisogoce?INS,0,,, HTTP/1.1" 200 6820
181.212.42.153 - - [05/Dec/2023:08:52:42 -0300] "GET /cormun/servlet/permisogoce?fa60ff92d58934fa49dafb406f570aa77d9cfebceebe96ed6417c879b4339efcad190c4dfc31762820df19710a1187650d5f71bd609685b3aa461aeca9e87e99,gx-no-cache=1701777087324 HTTP/1.1" 200 80
181.212.42.153 - - [05/Dec/2023:08:52:49 -0300] "GET /cormun/servlet/permisogoce?fa60ff92d58934fa49dafb406f570aa725652e7b54673113f31611327b68ea5ae0d730d48346e5f8c58a3114275d2d3b0e3e68e5684363a6dac7c9ed3add5566,gx-no-cache=1701777094802 HTTP/1.1" 200 47
181.212.42.153 - - [05/Dec/2023:08:52:58 -0300] "POST /cormun/servlet/permisogoce?a97b9981235606326c68089a38ad5d3e,INS,0,,,,gx-no-cache=1701777095696 HTTP/1.1" 200 93
181.212.42.153 - - [05/Dec/2023:08:52:59 -0300] "GET /cormun/servlet/hpexe_return? HTTP/1.1" 200 1001
181.212.42.153 - - [05/Dec/2023:08:52:59 -0300] "GET /cormun/servlet/trpermisosgoce HTTP/1.1" 200 18638
181.212.42.153 - - [05/Dec/2023:08:53:12 -0300] "GET /cormun/servlet/apermisogoceprn?10637809,P,20231205085037,PU HTTP/1.1" 200 1653
181.212.42.153 - - [05/Dec/2023:08:53:17 -0300] "GET /cormun/servlet/permisogoce?INS,0,,, HTTP/1.1" 200 6820
190.171.143.106 - - [05/Dec/2023:08:53:17 -0300] "GET /cormun/servlet/hlogin HTTP/1.1" 200 1721
190.171.143.106 - - [05/Dec/2023:08:53:21 -0300] "POST /cormun/servlet/hlogin?a7c21f90eac0152acf3f170bc0cc6f68,gx-no-cache=1701777496065 HTTP/1.1" 200 90
190.171.143.106 - - [05/Dec/2023:08:53:21 -0300] "GET /cormun/servlet/hpexe_link HTTP/1.1" 200 951
190.171.143.106 - - [05/Dec/2023:08:53:22 -0300] "GET /cormun/servlet/hhome HTTP/1.1" 200 3991
190.171.143.106 - - [05/Dec/2023:08:53:25 -0300] "GET /cormun/servlet/trlicencias? HTTP/1.1" 200 10442
181.212.42.153 - - [05/Dec/2023:08:53:26 -0300] "GET /cormun/servlet/permisogoce?fa60ff92d58934fa49dafb406f570aa71ec229992881f6ddb087f7589c462333ad190c4dfc31762820df19710a1187650d5f71bd609685b3aa461aeca9e87e99,gx-no-cache=1701777131578 HTTP/1.1" 200 86
181.212.42.153 - - [05/Dec/2023:08:53:31 -0300] "GET /cormun/servlet/permisogoce?fa60ff92d58934fa49dafb406f570aa77172ff1d420c3e1eb92d6086c20e2cd6c9132116eaf8cf9d2968ce2d4345178c0e3e68e5684363a6dac7c9ed3add5566,gx-no-cache=1701777136298 HTTP/1.1" 200 48
181.212.42.153 - - [05/Dec/2023:08:53:34 -0300] "POST /cormun/servlet/permisogoce?a97b9981235606326c68089a38ad5d3e,INS,0,,,,gx-no-cache=1701777137560 HTTP/1.1" 200 93
