181.212.40.185 - - [05/Dec/2023:16:48:10 -0300] "POST /cormun/servlet/trpermisosgoce?50260da04ae428d91726fb077fd90e45,gx-no-cache=1701805195904,gx-no-cache=1701805613848 HTTP/1.1" 200 16512
181.212.40.185 - - [05/Dec/2023:16:48:33 -0300] "GET /cormun/servlet/permisogoce?INS,0,,, HTTP/1.1" 200 7098
200.54.237.82 - - [05/Dec/2023:16:48:46 -0300] "POST /cormun/servlet/permisosadjuntos?be9735f7a9748e2fdeb53721bb217e7c,INS,17322077,P,20231205162612,, HTTP/1.1" 200 116
200.54.237.82 - - [05/Dec/2023:16:48:46 -0300] "GET /cormun/servlet/hpexe_return? HTTP/1.1" 200 1032
200.54.237.82 - - [05/Dec/2023:16:48:46 -0300] "GET /cormun/servlet/trpermisosadjuntos?17322077,20231205162612,P, HTTP/1.1" 200 7147
181.212.40.185 - - [05/Dec/2023:16:48:47 -0300] "GET /cormun/servlet/permisogoce?8fb30d78163999d064a141a29e06d2d7d5e76a2cd405677f81606fff0b6d56d66c4049996d4aef57e3bf85b038645249ca1a890b916f440f4d06394bea6644e2,gx-no-cache=1701805651446 HTTP/1.1" 200 77
200.54.237.82 - - [05/Dec/2023:16:48:51 -0300] "POST /cormun/servlet/trpermisosadjuntos?be9735f7a9748e2fdeb53721bb217e7c,17322077,20231205162612,P,,gx-no-cache=1701805655548 HTTP/1.1" 200 90
200.54.237.82 - - [05/Dec/2023:16:48:51 -0300] "GET /cormun/servlet/hpexe_link HTTP/1.1" 200 983
200.54.237.82 - - [05/Dec/2023:16:48:51 -0300] "GET /cormun/servlet/trautorizarpermisogoce HTTP/1.1" 200 8001
200.54.237.82 - - [05/Dec/2023:16:48:58 -0300] "POST /cormun/servlet/trautorizarpermisogoce?be9735f7a9748e2fdeb53721bb217e7c,gx-no-cache=1701805662707 HTTP/1.1" 200 5257
200.54.237.82 - - [05/Dec/2023:16:48:58 -0300] "GET /cormun/static/Shared/jqueryui/images/ui-icons_82798d_256x240.png HTTP/1.1" 404 1089
200.54.237.82 - - [05/Dec/2023:16:48:58 -0300] "GET /cormun/static/Shared/jqueryui/images/ui-bg_highlight-soft_100_c6c2c8_1x100.png HTTP/1.1" 404 1117
200.54.237.82 - - [05/Dec/2023:16:48:58 -0300] "GET /cormun/static/Shared/jqueryui/images/ui-bg_flat_55_fafafa_40x100.png HTTP/1.1" 404 1097
200.54.237.82 - - [05/Dec/2023:16:48:58 -0300] "GET /cormun/static/Shared/jqueryui/images/ui-icons_8d78a5_256x240.png HTTP/1.1" 404 1089
200.54.237.82 - - [05/Dec/2023:16:49:05 -0300] "GET /cormun/servlet/trautorizarpermisogoce? HTTP/1.1" 200 8000
200.54.237.82 - - [05/Dec/2023:16:49:09 -0300] "POST /cormun/servlet/trautorizarpermisogoce?be9735f7a9748e2fdeb53721bb217e7c,,gx-no-cache=1701805673418 HTTP/1.1" 200 5260
200.54.237.82 - - [05/Dec/2023:16:49:13 -0300] "GET /cormun/servlet/trpermisosadjuntos?17322077,20231205162612,P, HTTP/1.1" 200 7145
200.54.237.82 - - [05/Dec/2023:16:49:20 -0300] "GET /cormun/PublicTempStorage/img202312053946997.pdf HTTP/1.1" 200 40960
200.54.237.82 - - [05/Dec/2023:16:49:21 -0300] "GET /cormun/PublicTempStorage/img202312053946997.pdf HTTP/1.1" 206 1025
200.54.237.82 - - [05/Dec/2023:16:49:21 -0300] "GET /cormun/PublicTempStorage/img202312053946997.pdf HTTP/1.1" 200 136049
200.54.237.82 - - [05/Dec/2023:16:49:31 -0300] "GET /cormun/servlet/hlogin HTTP/1.1" 200 1713
200.54.237.82 - - [05/Dec/2023:16:49:34 -0300] "POST /cormun/servlet/hlogin?be9735f7a9748e2fdeb53721bb217e7c,gx-no-cache=1701805698338 HTTP/1.1" 200 90
200.54.237.82 - - [05/Dec/2023:16:49:34 -0300] "GET /cormun/servlet/hpexe_link HTTP/1.1" 200 977
200.54.237.82 - - [05/Dec/2023:16:49:34 -0300] "GET /cormun/servlet/trpermisosadjuntos?17322077,20231205162612,P, HTTP/1.1" 200 7145
200.54.237.82 - - [05/Dec/2023:16:49:49 -0300] "GET /cormun/servlet/trautorizarpermisogoce? HTTP/1.1" 200 8001
200.54.237.82 - - [05/Dec/2023:16:49:59 -0300] "GET /cormun/servlet/trautorizarpermisogoce? HTTP/1.1" 200 8000
200.54.237.82 - - [05/Dec/2023:16:50:03 -0300] "GET /cormun/servlet/trpermisosgoce? HTTP/1.1" 200 8423
200.54.237.82 - - [05/Dec/2023:16:50:15 -0300] "POST /cormun/servlet/trpermisosgoce?be9735f7a9748e2fdeb53721bb217e7c,,gx-no-cache=1701805739182 HTTP/1.1" 200 5315
200.54.237.82 - - [05/Dec/2023:16:50:24 -0300] "GET /cormun/servlet/permisogoce?INS,0,,, HTTP/1.1" 200 7221
200.54.237.82 - - [05/Dec/2023:16:50:42 -0300] "GET /cormun/servlet/prfichaempleado?,MD,,gxPopupLevel%3D0%3B HTTP/1.1" 200 9360
200.54.237.82 - - [05/Dec/2023:16:50:51 -0300] "POST /cormun/servlet/prfichaempleado?be9735f7a9748e2fdeb53721bb217e7c,,MD,,gxPopupLevel%3D0%3B,gx-no-cache=1701805774998 HTTP/1.1" 200 5442
200.54.237.82 - - [05/Dec/2023:16:51:05 -0300] "GET /cormun/servlet/permisogoce?11a1e5751540e40703faceb6f3dcd3b83acfaf4379d392f0fb10c022c903cf5e383c3c9593128635de2b73315200fc35a63a75585989a5567ce4bf2221076fee,gx-no-cache=1701805789261 HTTP/1.1" 200 80
200.54.237.82 - - [05/Dec/2023:16:51:08 -0300] "GET /cormun/static/menuarrow.gif HTTP/1.1" 404 1015
200.54.237.82 - - [05/Dec/2023:16:51:14 -0300] "GET /cormun/servlet/permisogoce?11a1e5751540e40703faceb6f3dcd3b84da827061b8d1bfd7493a74bca03d423be4cc871520bfc9dcae379006eb542b1d6739b4dc4d771a1c9b068de9c1cbe11,gx-no-cache=1701805798811 HTTP/1.1" 200 47
200.54.237.82 - - [05/Dec/2023:16:51:59 -0300] "GET /cormun/servlet/prfichaempleado?,MD,,gxPopupLevel%3D0%3B HTTP/1.1" 200 9360
200.54.237.82 - - [05/Dec/2023:16:52:05 -0300] "POST /cormun/servlet/prfichaempleado?be9735f7a9748e2fdeb53721bb217e7c,,MD,,gxPopupLevel%3D0%3B,gx-no-cache=1701805849140 HTTP/1.1" 200 5442
200.54.237.82 - - [05/Dec/2023:16:52:40 -0300] "POST /cormun/servlet/prfichaempleado?be9735f7a9748e2fdeb53721bb217e7c,,MD,,gxPopupLevel%3D0%3B,gx-no-cache=1701805884722 HTTP/1.1" 200 3166
200.54.237.82 - - [05/Dec/2023:16:52:42 -0300] "POST /cormun/servlet/prfichaempleado?be9735f7a9748e2fdeb53721bb217e7c,,MD,,gxPopupLevel%3D0%3B,gx-no-cache=1701805886658 HTTP/1.1" 200 3166
200.54.237.82 - - [05/Dec/2023:16:52:43 -0300] "POST /cormun/servlet/prfichaempleado?be9735f7a9748e2fdeb53721bb217e7c,,MD,,gxPopupLevel%3D0%3B,gx-no-cache=1701805887738 HTTP/1.1" 200 3166
200.54.237.82 - - [05/Dec/2023:16:52:46 -0300] "POST /cormun/servlet/prfichaempleado?be9735f7a9748e2fdeb53721bb217e7c,,MD,,gxPopupLevel%3D0%3B,gx-no-cache=1701805890364 HTTP/1.1" 200 3170
200.54.237.82 - - [05/Dec/2023:16:52:55 -0300] "GET /cormun/servlet/prfichaempleado?,MD,,gxPopupLevel%3D0%3B HTTP/1.1" 200 9360
200.54.237.82 - - [05/Dec/2023:16:52:59 -0300] "POST /cormun/servlet/prfichaempleado?be9735f7a9748e2fdeb53721bb217e7c,,MD,,gxPopupLevel%3D0%3B,gx-no-cache=1701805902630 HTTP/1.1" 200 6557
200.54.237.82 - - [05/Dec/2023:16:53:22 -0300] "POST /cormun/servlet/prfichaempleado?be9735f7a9748e2fdeb53721bb217e7c,,MD,,gxPopupLevel%3D0%3B,gx-no-cache=1701805926018 HTTP/1.1" 200 3167
200.54.237.82 - - [05/Dec/2023:16:53:36 -0300] "POST /cormun/servlet/prfichaempleado?be9735f7a9748e2fdeb53721bb217e7c,,MD,,gxPopupLevel%3D0%3B,gx-no-cache=1701805940625 HTTP/1.1" 200 5444
200.54.237.82 - - [05/Dec/2023:16:53:38 -0300] "POST /cormun/servlet/prfichaempleado?be9735f7a9748e2fdeb53721bb217e7c,,MD,,gxPopupLevel%3D0%3B,gx-no-cache=1701805942170 HTTP/1.1" 200 5444
200.54.237.82 - - [05/Dec/2023:16:53:40 -0300] "POST /cormun/servlet/prfichaempleado?be9735f7a9748e2fdeb53721bb217e7c,,MD,,gxPopupLevel%3D0%3B,gx-no-cache=1701805944178 HTTP/1.1" 200 5444
200.54.237.82 - - [05/Dec/2023:16:54:01 -0300] "POST /cormun/servlet/prfichaempleado?be9735f7a9748e2fdeb53721bb217e7c,,MD,,gxPopupLevel%3D0%3B,gx-no-cache=1701805965354 HTTP/1.1" 200 5444
190.171.149.82 - - [05/Dec/2023:16:54:08 -0300] "GET /cormun/servlet/hlogin HTTP/1.1" 200 1722
190.171.149.82 - - [05/Dec/2023:16:54:08 -0300] "GET /cormun/servlet/hlogin HTTP/1.1" 200 1733
190.171.149.82 - - [05/Dec/2023:16:54:10 -0300] "POST /cormun/servlet/hlogin?acd926fccf5d7a91e5d9caf864ada5bb,gx-no-cache=1701805973305 HTTP/1.1" 200 90
190.171.149.82 - - [05/Dec/2023:16:54:10 -0300] "GET /cormun/servlet/hpexe_link HTTP/1.1" 200 953
190.171.149.82 - - [05/Dec/2023:16:54:10 -0300] "GET /cormun/servlet/hhome HTTP/1.1" 200 3932
190.171.149.82 - - [05/Dec/2023:16:54:13 -0300] "GET /cormun/servlet/trpermisosgoce? HTTP/1.1" 200 11837
200.54.237.82 - - [05/Dec/2023:16:54:23 -0300] "POST /cormun/servlet/permisogoce?be9735f7a9748e2fdeb53721bb217e7c,INS,0,,,,gx-no-cache=1701805987692 HTTP/1.1" 200 93
200.54.237.82 - - [05/Dec/2023:16:54:23 -0300] "GET /cormun/servlet/hpexe_return? HTTP/1.1" 200 1004
200.54.237.82 - - [05/Dec/2023:16:54:23 -0300] "GET /cormun/servlet/trpermisosgoce? HTTP/1.1" 200 8126
190.171.149.82 - - [05/Dec/2023:16:54:24 -0300] "GET /cormun/servlet/trpermisosadjuntos?18375973,20231201103828,P, HTTP/1.1" 200 6252
190.171.149.82 - - [05/Dec/2023:16:54:24 -0300] "GET /cormun/static/gxcfg.js?2020121641683 HTTP/1.1" 200 953
190.171.149.82 - - [05/Dec/2023:16:54:24 -0300] "GET /cormun/static/trpermisosadjuntos.js?2020121642996 HTTP/1.1" 200 20158
190.171.149.82 - - [05/Dec/2023:16:54:26 -0300] "GET /cormun/servlet/permisosadjuntos?INS,18375973,P,20231201103828,, HTTP/1.1" 200 5573
190.171.149.82 - - [05/Dec/2023:16:54:26 -0300] "GET /cormun/static/about:blank HTTP/1.1" 404 1011
200.54.237.82 - - [05/Dec/2023:16:54:27 -0300] "GET /cormun/servlet/trpermisosgoce? HTTP/1.1" 200 8122
200.54.237.82 - - [05/Dec/2023:16:54:54 -0300] "POST /cormun/servlet/trpermisosgoce?be9735f7a9748e2fdeb53721bb217e7c,,gx-no-cache=1701806018307 HTTP/1.1" 200 4487
190.171.149.82 - - [05/Dec/2023:16:54:56 -0300] "POST /cormun/servlet/permisosadjuntos?acd926fccf5d7a91e5d9caf864ada5bb,INS,18375973,P,20231201103828,,,gx-no-cache=1701806019266 HTTP/1.1" 200 93
190.171.149.82 - - [05/Dec/2023:16:54:56 -0300] "GET /cormun/servlet/hpexe_return? HTTP/1.1" 200 1039
190.171.149.82 - - [05/Dec/2023:16:54:56 -0300] "GET /cormun/servlet/trpermisosadjuntos?18375973,20231201103828,P, HTTP/1.1" 200 6256
200.54.237.82 - - [05/Dec/2023:16:54:56 -0300] "POST /cormun/servlet/trpermisosgoce?be9735f7a9748e2fdeb53721bb217e7c,,gx-no-cache=1701806020785 HTTP/1.1" 200 4488
190.171.149.82 - - [05/Dec/2023:16:55:00 -0300] "POST /cormun/servlet/trpermisosadjuntos?acd926fccf5d7a91e5d9caf864ada5bb,18375973,20231201103828,P,,gx-no-cache=1701806023762 HTTP/1.1" 200 90
190.171.149.82 - - [05/Dec/2023:16:55:00 -0300] "GET /cormun/servlet/hpexe_link HTTP/1.1" 200 984
190.171.149.82 - - [05/Dec/2023:16:55:00 -0300] "GET /cormun/servlet/trpermisosgoce HTTP/1.1" 200 11836
190.171.149.82 - - [05/Dec/2023:16:55:05 -0300] "GET /cormun/servlet/trpermisosadjuntos?18375973,20231201103828,P, HTTP/1.1" 200 6252
190.171.149.82 - - [05/Dec/2023:16:55:06 -0300] "GET /cormun/servlet/permisosadjuntos?INS,18375973,P,20231201103828,, HTTP/1.1" 200 5573
190.171.149.82 - - [05/Dec/2023:16:55:06 -0300] "GET /cormun/static/about:blank HTTP/1.1" 404 1011
200.54.237.82 - - [05/Dec/2023:16:55:11 -0300] "POST /cormun/servlet/trpermisosgoce?be9735f7a9748e2fdeb53721bb217e7c,,gx-no-cache=1701806034930 HTTP/1.1" 200 4486
200.54.237.82 - - [05/Dec/2023:16:55:12 -0300] "POST /cormun/servlet/trpermisosgoce?be9735f7a9748e2fdeb53721bb217e7c,,gx-no-cache=1701806035928 HTTP/1.1" 200 4488
200.54.237.82 - - [05/Dec/2023:16:55:12 -0300] "POST /cormun/servlet/trpermisosgoce?be9735f7a9748e2fdeb53721bb217e7c,,gx-no-cache=1701806036144 HTTP/1.1" 200 4488
190.171.149.82 - - [05/Dec/2023:16:55:15 -0300] "POST /cormun/servlet/permisosadjuntos?acd926fccf5d7a91e5d9caf864ada5bb,INS,18375973,P,20231201103828,, HTTP/1.1" 200 116
190.171.149.82 - - [05/Dec/2023:16:55:15 -0300] "GET /cormun/servlet/hpexe_return? HTTP/1.1" 200 1039
190.171.149.82 - - [05/Dec/2023:16:55:15 -0300] "GET /cormun/servlet/trpermisosadjuntos?18375973,20231201103828,P, HTTP/1.1" 200 6724
190.171.149.82 - - [05/Dec/2023:16:55:17 -0300] "POST /cormun/servlet/trpermisosadjuntos?acd926fccf5d7a91e5d9caf864ada5bb,18375973,20231201103828,P,,gx-no-cache=1701806040576 HTTP/1.1" 200 90
190.171.149.82 - - [05/Dec/2023:16:55:17 -0300] "GET /cormun/servlet/hpexe_link HTTP/1.1" 200 984
190.171.149.82 - - [05/Dec/2023:16:55:17 -0300] "GET /cormun/servlet/trpermisosgoce HTTP/1.1" 200 11836
190.171.149.82 - - [05/Dec/2023:16:55:20 -0300] "POST /cormun/servlet/trpermisosgoce?acd926fccf5d7a91e5d9caf864ada5bb,gx-no-cache=1701806043290 HTTP/1.1" 200 9130
190.171.149.82 - - [05/Dec/2023:16:55:20 -0300] "GET /cormun/static/Shared/jqueryui/images/ui-bg_highlight-soft_100_c6c2c8_1x100.png HTTP/1.1" 404 1117
190.171.149.82 - - [05/Dec/2023:16:55:20 -0300] "GET /cormun/static/Shared/jqueryui/images/ui-icons_82798d_256x240.png HTTP/1.1" 404 1089
190.171.149.82 - - [05/Dec/2023:16:55:20 -0300] "GET /cormun/static/Shared/jqueryui/images/ui-bg_flat_55_fafafa_40x100.png HTTP/1.1" 404 1097
190.171.149.82 - - [05/Dec/2023:16:55:20 -0300] "GET /cormun/static/Shared/jqueryui/images/ui-icons_8d78a5_256x240.png HTTP/1.1" 404 1089
200.54.237.82 - - [05/Dec/2023:16:55:24 -0300] "POST /cormun/servlet/trpermisosgoce?be9735f7a9748e2fdeb53721bb217e7c,,gx-no-cache=1701806048585 HTTP/1.1" 200 4473
200.54.237.82 - - [05/Dec/2023:16:55:25 -0300] "POST /cormun/servlet/trpermisosgoce?be9735f7a9748e2fdeb53721bb217e7c,,gx-no-cache=1701806049033 HTTP/1.1" 200 4473
200.54.237.82 - - [05/Dec/2023:16:55:25 -0300] "POST /cormun/servlet/trpermisosgoce?be9735f7a9748e2fdeb53721bb217e7c,,gx-no-cache=1701806049744 HTTP/1.1" 200 4473
200.54.237.82 - - [05/Dec/2023:16:55:28 -0300] "GET /cormun/servlet/permisogoce?INS,0,,, HTTP/1.1" 200 7220
190.171.149.82 - - [05/Dec/2023:16:55:28 -0300] "GET /cormun/servlet/trpermisosadjuntos?18646940,20231201112955,P, HTTP/1.1" 200 6253
190.171.149.82 - - [05/Dec/2023:16:55:32 -0300] "GET /cormun/servlet/permisosadjuntos?INS,18646940,P,20231201112955,, HTTP/1.1" 200 5575
190.171.149.82 - - [05/Dec/2023:16:55:32 -0300] "GET /cormun/static/about:blank HTTP/1.1" 404 1011
190.171.149.82 - - [05/Dec/2023:16:55:39 -0300] "POST /cormun/servlet/permisosadjuntos?acd926fccf5d7a91e5d9caf864ada5bb,INS,18646940,P,20231201112955,, HTTP/1.1" 200 116
190.171.149.82 - - [05/Dec/2023:16:55:39 -0300] "GET /cormun/servlet/hpexe_return? HTTP/1.1" 200 1039
190.171.149.82 - - [05/Dec/2023:16:55:39 -0300] "GET /cormun/servlet/trpermisosadjuntos?18646940,20231201112955,P, HTTP/1.1" 200 6730
200.54.237.82 - - [05/Dec/2023:16:55:40 -0300] "GET /cormun/servlet/prfichaempleado?,MD,,gxPopupLevel%3D0%3B HTTP/1.1" 200 9360
190.171.149.82 - - [05/Dec/2023:16:55:41 -0300] "POST /cormun/servlet/trpermisosadjuntos?acd926fccf5d7a91e5d9caf864ada5bb,18646940,20231201112955,P,,gx-no-cache=1701806064608 HTTP/1.1" 200 90
190.171.149.82 - - [05/Dec/2023:16:55:41 -0300] "GET /cormun/servlet/hpexe_link HTTP/1.1" 200 1006
190.171.149.82 - - [05/Dec/2023:16:55:41 -0300] "GET /cormun/servlet/trpermisosgoce?gx-no-cache=1701806043290 HTTP/1.1" 200 11848
190.171.149.82 - - [05/Dec/2023:16:55:46 -0300] "POST /cormun/servlet/trpermisosgoce?acd926fccf5d7a91e5d9caf864ada5bb,gx-no-cache=1701806043290,gx-no-cache=1701806069026 HTTP/1.1" 200 9129
190.171.149.82 - - [05/Dec/2023:16:55:50 -0300] "GET /cormun/servlet/trpermisosadjuntos?20372747,20231201113112,P, HTTP/1.1" 200 6274
190.171.149.82 - - [05/Dec/2023:16:55:52 -0300] "GET /cormun/servlet/permisosadjuntos?INS,20372747,P,20231201113112,, HTTP/1.1" 200 5576
190.171.149.82 - - [05/Dec/2023:16:55:52 -0300] "GET /cormun/static/about:blank HTTP/1.1" 404 1011
190.171.149.82 - - [05/Dec/2023:16:56:00 -0300] "POST /cormun/servlet/permisosadjuntos?acd926fccf5d7a91e5d9caf864ada5bb,INS,20372747,P,20231201113112,, HTTP/1.1" 200 116
190.171.149.82 - - [05/Dec/2023:16:56:00 -0300] "GET /cormun/servlet/hpexe_return? HTTP/1.1" 200 1038
190.171.149.82 - - [05/Dec/2023:16:56:00 -0300] "GET /cormun/servlet/trpermisosadjuntos?20372747,20231201113112,P, HTTP/1.1" 200 6723
190.171.149.82 - - [05/Dec/2023:16:56:03 -0300] "POST /cormun/servlet/trpermisosadjuntos?acd926fccf5d7a91e5d9caf864ada5bb,20372747,20231201113112,P,,gx-no-cache=1701806086128 HTTP/1.1" 200 90
190.171.149.82 - - [05/Dec/2023:16:56:03 -0300] "GET /cormun/servlet/hpexe_link HTTP/1.1" 200 1005
190.171.149.82 - - [05/Dec/2023:16:56:03 -0300] "GET /cormun/servlet/trpermisosgoce?gx-no-cache=1701806043290 HTTP/1.1" 200 11850
190.171.153.26 - - [05/Dec/2023:16:56:04 -0300] "GET /cormun/servlet/hlogin HTTP/1.1" 200 1739
181.212.40.185 - - [05/Dec/2023:16:56:07 -0300] "GET /cormun/servlet/permisogoce?8fb30d78163999d064a141a29e06d2d7ac8aa1c16d140746b551a8a70ad30702fc5e5934d31a4d410c1788fee8a0dd01c8d44b70550dc34594bb9044874bfda2,gx-no-cache=1701806091180 HTTP/1.1" 200 47
190.171.149.82 - - [05/Dec/2023:16:56:07 -0300] "POST /cormun/servlet/trpermisosgoce?acd926fccf5d7a91e5d9caf864ada5bb,gx-no-cache=1701806043290,gx-no-cache=1701806090146 HTTP/1.1" 200 9118
190.171.149.82 - - [05/Dec/2023:16:56:13 -0300] "POST /cormun/servlet/trpermisosgoce?acd926fccf5d7a91e5d9caf864ada5bb,gx-no-cache=1701806043290,gx-no-cache=1701806096489 HTTP/1.1" 200 9120
190.171.149.82 - - [05/Dec/2023:16:56:14 -0300] "GET /cormun/servlet/trpermisosadjuntos?19018603,20231201103313,P, HTTP/1.1" 200 6272
190.171.149.82 - - [05/Dec/2023:16:56:17 -0300] "GET /cormun/servlet/permisosadjuntos?INS,19018603,P,20231201103313,, HTTP/1.1" 200 5572
190.171.149.82 - - [05/Dec/2023:16:56:17 -0300] "GET /cormun/static/about:blank HTTP/1.1" 404 1011
200.54.237.82 - - [05/Dec/2023:16:56:17 -0300] "GET /cormun/servlet/prfichaempleado?,MD,,gxPopupLevel%3D0%3B HTTP/1.1" 200 9360
190.171.149.82 - - [05/Dec/2023:16:56:23 -0300] "POST /cormun/servlet/permisosadjuntos?acd926fccf5d7a91e5d9caf864ada5bb,INS,19018603,P,20231201103313,, HTTP/1.1" 200 116
190.171.149.82 - - [05/Dec/2023:16:56:23 -0300] "GET /cormun/servlet/hpexe_return? HTTP/1.1" 200 1039
190.171.149.82 - - [05/Dec/2023:16:56:24 -0300] "GET /cormun/servlet/trpermisosadjuntos?19018603,20231201103313,P, HTTP/1.1" 200 6720
190.171.149.82 - - [05/Dec/2023:16:56:25 -0300] "POST /cormun/servlet/trpermisosadjuntos?acd926fccf5d7a91e5d9caf864ada5bb,19018603,20231201103313,P,,gx-no-cache=1701806108168 HTTP/1.1" 200 90
190.171.149.82 - - [05/Dec/2023:16:56:25 -0300] "GET /cormun/servlet/hpexe_link HTTP/1.1" 200 1006
190.171.149.82 - - [05/Dec/2023:16:56:25 -0300] "GET /cormun/servlet/trpermisosgoce?gx-no-cache=1701806043290 HTTP/1.1" 200 11844
190.171.149.82 - - [05/Dec/2023:16:56:29 -0300] "POST /cormun/servlet/trpermisosgoce?acd926fccf5d7a91e5d9caf864ada5bb,gx-no-cache=1701806043290,gx-no-cache=1701806112001 HTTP/1.1" 200 9124
190.171.149.82 - - [05/Dec/2023:16:56:35 -0300] "GET /cormun/servlet/trpermisosadjuntos?19860909,20231121093545,P, HTTP/1.1" 200 6280
181.212.40.185 - - [05/Dec/2023:16:56:37 -0300] "POST /cormun/servlet/permisogoce?50260da04ae428d91726fb077fd90e45,INS,0,,,,gx-no-cache=1701806120710 HTTP/1.1" 200 93
181.212.40.185 - - [05/Dec/2023:16:56:37 -0300] "GET /cormun/servlet/hpexe_return? HTTP/1.1" 200 1029
190.171.149.82 - - [05/Dec/2023:16:56:37 -0300] "GET /cormun/servlet/permisosadjuntos?INS,19860909,P,20231121093545,, HTTP/1.1" 200 5583
190.171.149.82 - - [05/Dec/2023:16:56:37 -0300] "GET /cormun/static/about:blank HTTP/1.1" 404 1011
200.54.237.82 - - [05/Dec/2023:16:56:37 -0300] "POST /cormun/servlet/prfichaempleado?be9735f7a9748e2fdeb53721bb217e7c,,MD,,gxPopupLevel%3D0%3B,gx-no-cache=1701806121436 HTTP/1.1" 200 4825
181.212.40.185 - - [05/Dec/2023:16:56:38 -0300] "GET /cormun/servlet/trpermisosgoce?gx-no-cache=1701805195904 HTTP/1.1" 200 19218
190.171.149.82 - - [05/Dec/2023:16:56:43 -0300] "POST /cormun/servlet/permisosadjuntos?acd926fccf5d7a91e5d9caf864ada5bb,INS,19860909,P,20231121093545,, HTTP/1.1" 200 116
190.171.149.82 - - [05/Dec/2023:16:56:44 -0300] "GET /cormun/servlet/hpexe_return? HTTP/1.1" 200 1039
190.171.149.82 - - [05/Dec/2023:16:56:44 -0300] "GET /cormun/servlet/trpermisosadjuntos?19860909,20231121093545,P, HTTP/1.1" 200 6727
190.171.149.82 - - [05/Dec/2023:16:56:46 -0300] "POST /cormun/servlet/trpermisosadjuntos?acd926fccf5d7a91e5d9caf864ada5bb,19860909,20231121093545,P,,gx-no-cache=1701806129136 HTTP/1.1" 200 90
190.171.149.82 - - [05/Dec/2023:16:56:46 -0300] "GET /cormun/servlet/hpexe_link HTTP/1.1" 200 1006
190.171.149.82 - - [05/Dec/2023:16:56:46 -0300] "GET /cormun/servlet/trpermisosgoce?gx-no-cache=1701806043290 HTTP/1.1" 200 11842
190.171.149.82 - - [05/Dec/2023:16:56:50 -0300] "POST /cormun/servlet/trpermisosgoce?acd926fccf5d7a91e5d9caf864ada5bb,gx-no-cache=1701806043290,gx-no-cache=1701806133738 HTTP/1.1" 200 9117
190.171.149.82 - - [05/Dec/2023:16:56:55 -0300] "GET /cormun/servlet/trpermisosadjuntos?18646940,20231121093632,P, HTTP/1.1" 200 6273
190.171.149.82 - - [05/Dec/2023:16:56:57 -0300] "GET /cormun/servlet/permisosadjuntos?INS,18646940,P,20231121093632,, HTTP/1.1" 200 5578
190.171.149.82 - - [05/Dec/2023:16:56:57 -0300] "GET /cormun/static/about:blank HTTP/1.1" 404 1011
200.54.237.82 - - [05/Dec/2023:16:57:05 -0300] "GET /cormun/servlet/permisogoce?11a1e5751540e40703faceb6f3dcd3b8f65c73a159f25682de7b20b7a89750b0383c3c9593128635de2b73315200fc35a63a75585989a5567ce4bf2221076fee,gx-no-cache=1701806149299 HTTP/1.1" 200 79
190.171.149.82 - - [05/Dec/2023:16:57:06 -0300] "POST /cormun/servlet/permisosadjuntos?acd926fccf5d7a91e5d9caf864ada5bb,INS,18646940,P,20231121093632,, HTTP/1.1" 200 116
190.171.149.82 - - [05/Dec/2023:16:57:06 -0300] "GET /cormun/servlet/hpexe_return? HTTP/1.1" 200 1040
190.171.149.82 - - [05/Dec/2023:16:57:06 -0300] "GET /cormun/servlet/trpermisosadjuntos?18646940,20231121093632,P, HTTP/1.1" 200 6729
190.171.149.82 - - [05/Dec/2023:16:57:09 -0300] "POST /cormun/servlet/trpermisosadjuntos?acd926fccf5d7a91e5d9caf864ada5bb,18646940,20231121093632,P,,gx-no-cache=1701806152390 HTTP/1.1" 200 90
190.171.149.82 - - [05/Dec/2023:16:57:09 -0300] "GET /cormun/servlet/hpexe_link HTTP/1.1" 200 1007
190.171.149.82 - - [05/Dec/2023:16:57:09 -0300] "GET /cormun/servlet/trpermisosgoce?gx-no-cache=1701806043290 HTTP/1.1" 200 11846
190.171.149.82 - - [05/Dec/2023:16:57:12 -0300] "POST /cormun/servlet/trpermisosgoce?acd926fccf5d7a91e5d9caf864ada5bb,gx-no-cache=1701806043290,gx-no-cache=1701806155560 HTTP/1.1" 200 9112
181.212.40.185 - - [05/Dec/2023:16:57:12 -0300] "GET /cormun/servlet/trpermisosadjuntos?16205424,20231205164640,P, HTTP/1.1" 200 6544
181.212.40.185 - - [05/Dec/2023:16:57:15 -0300] "GET /cormun/servlet/permisosadjuntos?INS,16205424,P,20231205164640,, HTTP/1.1" 200 5850
181.212.40.185 - - [05/Dec/2023:16:57:16 -0300] "GET /cormun/static/about:blank HTTP/1.1" 404 1011
190.171.149.82 - - [05/Dec/2023:16:57:18 -0300] "GET /cormun/servlet/trpermisosadjuntos?16251438,20231115105318,P, HTTP/1.1" 200 6277
190.171.149.82 - - [05/Dec/2023:16:57:20 -0300] "GET /cormun/servlet/permisosadjuntos?INS,16251438,P,20231115105318,, HTTP/1.1" 200 5579
190.171.149.82 - - [05/Dec/2023:16:57:20 -0300] "GET /cormun/static/about:blank HTTP/1.1" 404 1011
181.212.40.185 - - [05/Dec/2023:16:57:23 -0300] "POST /cormun/servlet/permisosadjuntos?50260da04ae428d91726fb077fd90e45,INS,16205424,P,20231205164640,, HTTP/1.1" 200 116
181.212.40.185 - - [05/Dec/2023:16:57:23 -0300] "GET /cormun/servlet/hpexe_return? HTTP/1.1" 200 1035
181.212.40.185 - - [05/Dec/2023:16:57:23 -0300] "GET /cormun/servlet/trpermisosadjuntos?16205424,20231205164640,P, HTTP/1.1" 200 7025
200.54.237.82 - - [05/Dec/2023:16:57:23 -0300] "GET /cormun/servlet/permisogoce?11a1e5751540e40703faceb6f3dcd3b89e16c7d718c029adbf017fd080e95c11b08f8a7b0c752396995bfba1f4deafe6d6739b4dc4d771a1c9b068de9c1cbe11,gx-no-cache=1701806167497 HTTP/1.1" 200 46
181.212.40.185 - - [05/Dec/2023:16:57:25 -0300] "POST /cormun/servlet/trpermisosadjuntos?50260da04ae428d91726fb077fd90e45,16205424,20231205164640,P,,gx-no-cache=1701806169869 HTTP/1.1" 200 90
181.212.40.185 - - [05/Dec/2023:16:57:25 -0300] "GET /cormun/servlet/hpexe_link HTTP/1.1" 200 1003
181.212.40.185 - - [05/Dec/2023:16:57:27 -0300] "GET /cormun/servlet/trpermisosgoce?gx-no-cache=1701805195904 HTTP/1.1" 200 19215
190.171.149.82 - - [05/Dec/2023:16:57:28 -0300] "POST /cormun/servlet/permisosadjuntos?acd926fccf5d7a91e5d9caf864ada5bb,INS,16251438,P,20231115105318,, HTTP/1.1" 200 116
190.171.149.82 - - [05/Dec/2023:16:57:28 -0300] "GET /cormun/servlet/hpexe_return? HTTP/1.1" 200 1038
190.171.149.82 - - [05/Dec/2023:16:57:28 -0300] "GET /cormun/servlet/trpermisosadjuntos?16251438,20231115105318,P, HTTP/1.1" 200 6724
190.171.149.82 - - [05/Dec/2023:16:57:30 -0300] "POST /cormun/servlet/trpermisosadjuntos?acd926fccf5d7a91e5d9caf864ada5bb,16251438,20231115105318,P,,gx-no-cache=1701806173959 HTTP/1.1" 200 90
190.171.149.82 - - [05/Dec/2023:16:57:30 -0300] "GET /cormun/servlet/hpexe_link HTTP/1.1" 200 1006
190.171.149.82 - - [05/Dec/2023:16:57:30 -0300] "GET /cormun/servlet/trpermisosgoce?gx-no-cache=1701806043290 HTTP/1.1" 200 11835
200.54.237.82 - - [05/Dec/2023:16:57:33 -0300] "POST /cormun/servlet/permisogoce?be9735f7a9748e2fdeb53721bb217e7c,INS,0,,,,gx-no-cache=1701806176613 HTTP/1.1" 200 93
200.54.237.82 - - [05/Dec/2023:16:57:33 -0300] "GET /cormun/servlet/hpexe_return? HTTP/1.1" 200 1004
200.54.237.82 - - [05/Dec/2023:16:57:33 -0300] "GET /cormun/servlet/trpermisosgoce? HTTP/1.1" 200 8143
190.171.149.82 - - [05/Dec/2023:16:57:34 -0300] "POST /cormun/servlet/trpermisosgoce?acd926fccf5d7a91e5d9caf864ada5bb,gx-no-cache=1701806043290,gx-no-cache=1701806177873 HTTP/1.1" 200 9092
190.171.149.82 - - [05/Dec/2023:16:57:39 -0300] "GET /cormun/servlet/trpermisosadjuntos?20372747,20231115153508,P, HTTP/1.1" 200 6275
190.171.149.82 - - [05/Dec/2023:16:57:40 -0300] "GET /cormun/servlet/permisosadjuntos?INS,20372747,P,20231115153508,, HTTP/1.1" 200 5579
190.171.149.82 - - [05/Dec/2023:16:57:41 -0300] "GET /cormun/static/about:blank HTTP/1.1" 404 1011
181.212.40.185 - - [05/Dec/2023:16:57:45 -0300] "POST /cormun/servlet/trpermisosgoce?50260da04ae428d91726fb077fd90e45,gx-no-cache=1701805195904,gx-no-cache=1701806188783 HTTP/1.1" 200 16558
190.171.149.82 - - [05/Dec/2023:16:57:50 -0300] "POST /cormun/servlet/permisosadjuntos?acd926fccf5d7a91e5d9caf864ada5bb,INS,20372747,P,20231115153508,, HTTP/1.1" 200 116
190.171.149.82 - - [05/Dec/2023:16:57:50 -0300] "GET /cormun/servlet/hpexe_return? HTTP/1.1" 200 1039
190.171.149.82 - - [05/Dec/2023:16:57:50 -0300] "GET /cormun/servlet/trpermisosadjuntos?20372747,20231115153508,P, HTTP/1.1" 200 6727
190.171.149.82 - - [05/Dec/2023:16:57:53 -0300] "POST /cormun/servlet/trpermisosadjuntos?acd926fccf5d7a91e5d9caf864ada5bb,20372747,20231115153508,P,,gx-no-cache=1701806196215 HTTP/1.1" 200 90
190.171.149.82 - - [05/Dec/2023:16:57:53 -0300] "GET /cormun/servlet/hpexe_link HTTP/1.1" 200 1006
190.171.149.82 - - [05/Dec/2023:16:57:53 -0300] "GET /cormun/servlet/trpermisosgoce?gx-no-cache=1701806043290 HTTP/1.1" 200 11829
190.171.149.82 - - [05/Dec/2023:16:57:58 -0300] "POST /cormun/servlet/trpermisosgoce?acd926fccf5d7a91e5d9caf864ada5bb,gx-no-cache=1701806043290,gx-no-cache=1701806201201 HTTP/1.1" 200 9104
190.171.149.82 - - [05/Dec/2023:16:58:01 -0300] "GET /cormun/servlet/trpermisosadjuntos?27614396,20231115153552,P, HTTP/1.1" 200 6279
190.171.149.82 - - [05/Dec/2023:16:58:03 -0300] "GET /cormun/servlet/permisosadjuntos?INS,27614396,P,20231115153552,, HTTP/1.1" 200 5579
190.171.149.82 - - [05/Dec/2023:16:58:03 -0300] "GET /cormun/static/about:blank HTTP/1.1" 404 1011
190.171.149.82 - - [05/Dec/2023:16:58:10 -0300] "POST /cormun/servlet/permisosadjuntos?acd926fccf5d7a91e5d9caf864ada5bb,INS,27614396,P,20231115153552,, HTTP/1.1" 200 116
190.171.149.82 - - [05/Dec/2023:16:58:10 -0300] "GET /cormun/servlet/hpexe_return? HTTP/1.1" 200 1038
190.171.149.82 - - [05/Dec/2023:16:58:11 -0300] "GET /cormun/servlet/trpermisosadjuntos?27614396,20231115153552,P, HTTP/1.1" 200 6729
181.212.40.185 - - [05/Dec/2023:16:58:12 -0300] "GET /cormun/servlet/permisogoce?INS,0,,, HTTP/1.1" 200 7100
190.171.149.82 - - [05/Dec/2023:16:58:14 -0300] "POST /cormun/servlet/trpermisosadjuntos?acd926fccf5d7a91e5d9caf864ada5bb,27614396,20231115153552,P,,gx-no-cache=1701806217647 HTTP/1.1" 200 90
190.171.149.82 - - [05/Dec/2023:16:58:14 -0300] "GET /cormun/servlet/hpexe_link HTTP/1.1" 200 1006
190.171.149.82 - - [05/Dec/2023:16:58:14 -0300] "GET /cormun/servlet/trpermisosgoce?gx-no-cache=1701806043290 HTTP/1.1" 200 11826
190.171.149.82 - - [05/Dec/2023:16:58:18 -0300] "POST /cormun/servlet/trpermisosgoce?acd926fccf5d7a91e5d9caf864ada5bb,gx-no-cache=1701806043290,gx-no-cache=1701806221024 HTTP/1.1" 200 9096
190.171.149.82 - - [05/Dec/2023:16:58:20 -0300] "GET /cormun/servlet/trpermisosadjuntos?17523102,20231115153640,P, HTTP/1.1" 200 6268
190.171.149.82 - - [05/Dec/2023:16:58:22 -0300] "GET /cormun/servlet/permisosadjuntos?INS,17523102,P,20231115153640,, HTTP/1.1" 200 5569
190.171.149.82 - - [05/Dec/2023:16:58:22 -0300] "GET /cormun/static/about:blank HTTP/1.1" 404 1011
181.212.40.185 - - [05/Dec/2023:16:58:27 -0300] "GET /cormun/servlet/permisogoce?8fb30d78163999d064a141a29e06d2d7df897d4a86fbcc148dd5013b123733fd6c4049996d4aef57e3bf85b038645249ca1a890b916f440f4d06394bea6644e2,gx-no-cache=1701806231196 HTTP/1.1" 200 78
190.171.149.82 - - [05/Dec/2023:16:58:28 -0300] "POST /cormun/servlet/permisosadjuntos?acd926fccf5d7a91e5d9caf864ada5bb,INS,17523102,P,20231115153640,, HTTP/1.1" 200 116
190.171.149.82 - - [05/Dec/2023:16:58:28 -0300] "GET /cormun/servlet/hpexe_return? HTTP/1.1" 200 1039
190.171.149.82 - - [05/Dec/2023:16:58:28 -0300] "GET /cormun/servlet/trpermisosadjuntos?17523102,20231115153640,P, HTTP/1.1" 200 6717
190.171.149.82 - - [05/Dec/2023:16:58:31 -0300] "POST /cormun/servlet/trpermisosadjuntos?acd926fccf5d7a91e5d9caf864ada5bb,17523102,20231115153640,P,,gx-no-cache=1701806234335 HTTP/1.1" 200 90
190.171.149.82 - - [05/Dec/2023:16:58:31 -0300] "GET /cormun/servlet/hpexe_link HTTP/1.1" 200 1006
190.171.149.82 - - [05/Dec/2023:16:58:31 -0300] "GET /cormun/servlet/trpermisosgoce?gx-no-cache=1701806043290 HTTP/1.1" 200 11812
190.171.149.82 - - [05/Dec/2023:16:58:35 -0300] "POST /cormun/servlet/trpermisosgoce?acd926fccf5d7a91e5d9caf864ada5bb,gx-no-cache=1701806043290,gx-no-cache=1701806238144 HTTP/1.1" 200 9080
190.171.149.82 - - [05/Dec/2023:16:58:41 -0300] "POST /cormun/servlet/trpermisosgoce?acd926fccf5d7a91e5d9caf864ada5bb,gx-no-cache=1701806043290,gx-no-cache=1701806244280 HTTP/1.1" 200 90
190.171.149.82 - - [05/Dec/2023:16:58:41 -0300] "GET /cormun/servlet/hpexe_link HTTP/1.1" 200 978
181.212.40.185 - - [05/Dec/2023:16:58:41 -0300] "GET /cormun/servlet/permisogoce?8fb30d78163999d064a141a29e06d2d7ecab8a4122ff4211d2d142f1deef2fbbfad08806bf4c181a717505b23079051bc8d44b70550dc34594bb9044874bfda2,gx-no-cache=1701806245381 HTTP/1.1" 200 46
190.171.149.82 - - [05/Dec/2023:16:58:41 -0300] "GET /cormun/servlet/hhome HTTP/1.1" 200 3932
190.171.149.82 - - [05/Dec/2023:16:58:46 -0300] "GET /cormun/servlet/hlogin HTTP/1.1" 200 1735
181.212.40.185 - - [05/Dec/2023:16:58:47 -0300] "POST /cormun/servlet/permisogoce?50260da04ae428d91726fb077fd90e45,INS,0,,,,gx-no-cache=1701806251613 HTTP/1.1" 200 93
181.212.40.185 - - [05/Dec/2023:16:58:47 -0300] "GET /cormun/servlet/hpexe_return? HTTP/1.1" 200 1029
181.212.40.185 - - [05/Dec/2023:16:58:48 -0300] "GET /cormun/servlet/trpermisosgoce?gx-no-cache=1701805195904 HTTP/1.1" 200 19244
181.212.40.185 - - [05/Dec/2023:16:58:51 -0300] "GET /cormun/servlet/trpermisosadjuntos?17504653,20231205165619,P, HTTP/1.1" 200 6545
181.212.40.185 - - [05/Dec/2023:16:58:53 -0300] "GET /cormun/servlet/permisosadjuntos?INS,17504653,P,20231205165619,, HTTP/1.1" 200 5847
190.171.149.82 - - [05/Dec/2023:16:58:53 -0300] "POST /cormun/servlet/hlogin?acd926fccf5d7a91e5d9caf864ada5bb,gx-no-cache=1701806256821 HTTP/1.1" 200 90
181.212.40.185 - - [05/Dec/2023:16:58:53 -0300] "GET /cormun/static/about:blank HTTP/1.1" 404 1011
190.171.149.82 - - [05/Dec/2023:16:58:54 -0300] "GET /cormun/servlet/hpexe_link HTTP/1.1" 200 953
190.171.149.82 - - [05/Dec/2023:16:58:54 -0300] "GET /cormun/servlet/hhome HTTP/1.1" 200 4274
190.171.149.82 - - [05/Dec/2023:16:58:56 -0300] "GET /cormun/servlet/trautorizarpermisogoce? HTTP/1.1" 200 10016
190.171.149.82 - - [05/Dec/2023:16:58:57 -0300] "GET /cormun/static/gxcfg.js?2020121645532 HTTP/1.1" 200 953
190.171.149.82 - - [05/Dec/2023:16:58:57 -0300] "GET /cormun/static/trautorizarpermisogoce.js?2020121651492 HTTP/1.1" 200 34948
190.171.149.82 - - [05/Dec/2023:16:58:59 -0300] "POST /cormun/servlet/trautorizarpermisogoce?acd926fccf5d7a91e5d9caf864ada5bb,,gx-no-cache=1701806262344 HTTP/1.1" 200 7208
190.171.149.82 - - [05/Dec/2023:16:59:00 -0300] "POST /cormun/servlet/trautorizarpermisogoce?acd926fccf5d7a91e5d9caf864ada5bb,,gx-no-cache=1701806263182 HTTP/1.1" 200 6995
190.171.149.82 - - [05/Dec/2023:16:59:01 -0300] "POST /cormun/servlet/trautorizarpermisogoce?acd926fccf5d7a91e5d9caf864ada5bb,,gx-no-cache=1701806263966 HTTP/1.1" 200 6634
190.171.149.82 - - [05/Dec/2023:16:59:01 -0300] "POST /cormun/servlet/trautorizarpermisogoce?acd926fccf5d7a91e5d9caf864ada5bb,,gx-no-cache=1701806264597 HTTP/1.1" 200 6397
181.212.40.185 - - [05/Dec/2023:16:59:02 -0300] "POST /cormun/servlet/permisosadjuntos?50260da04ae428d91726fb077fd90e45,INS,17504653,P,20231205165619,, HTTP/1.1" 200 116
190.171.149.82 - - [05/Dec/2023:16:59:02 -0300] "POST /cormun/servlet/trautorizarpermisogoce?acd926fccf5d7a91e5d9caf864ada5bb,,gx-no-cache=1701806265337 HTTP/1.1" 200 6196
181.212.40.185 - - [05/Dec/2023:16:59:02 -0300] "GET /cormun/servlet/hpexe_return? HTTP/1.1" 200 1037
181.212.40.185 - - [05/Dec/2023:16:59:02 -0300] "GET /cormun/servlet/trpermisosadjuntos?17504653,20231205165619,P, HTTP/1.1" 200 7027
190.171.149.82 - - [05/Dec/2023:16:59:03 -0300] "POST /cormun/servlet/trautorizarpermisogoce?acd926fccf5d7a91e5d9caf864ada5bb,,gx-no-cache=1701806265997 HTTP/1.1" 200 5969
190.171.149.82 - - [05/Dec/2023:16:59:03 -0300] "POST /cormun/servlet/trautorizarpermisogoce?acd926fccf5d7a91e5d9caf864ada5bb,,gx-no-cache=1701806266710 HTTP/1.1" 200 5743
190.171.149.82 - - [05/Dec/2023:16:59:04 -0300] "POST /cormun/servlet/trautorizarpermisogoce?acd926fccf5d7a91e5d9caf864ada5bb,,gx-no-cache=1701806267341 HTTP/1.1" 200 5532
181.212.40.185 - - [05/Dec/2023:16:59:05 -0300] "POST /cormun/servlet/trpermisosadjuntos?50260da04ae428d91726fb077fd90e45,17504653,20231205165619,P,,gx-no-cache=1701806269557 HTTP/1.1" 200 90
181.212.40.185 - - [05/Dec/2023:16:59:05 -0300] "GET /cormun/servlet/hpexe_link HTTP/1.1" 200 1003
181.212.40.185 - - [05/Dec/2023:16:59:05 -0300] "GET /cormun/servlet/trpermisosgoce?gx-no-cache=1701805195904 HTTP/1.1" 200 19240
190.171.149.82 - - [05/Dec/2023:16:59:06 -0300] "POST /cormun/servlet/trautorizarpermisogoce?acd926fccf5d7a91e5d9caf864ada5bb,,gx-no-cache=1701806268950 HTTP/1.1" 200 5265
190.171.149.82 - - [05/Dec/2023:16:59:06 -0300] "POST /cormun/servlet/trautorizarpermisogoce?acd926fccf5d7a91e5d9caf864ada5bb,,gx-no-cache=1701806269822 HTTP/1.1" 200 4519
181.212.40.185 - - [05/Dec/2023:16:59:15 -0300] "POST /cormun/servlet/trpermisosgoce?50260da04ae428d91726fb077fd90e45,gx-no-cache=1701805195904,gx-no-cache=1701806278935 HTTP/1.1" 200 16590
181.212.40.185 - - [05/Dec/2023:16:59:50 -0300] "GET /cormun/servlet/permisogoce?INS,0,,, HTTP/1.1" 200 7098
181.212.40.185 - - [05/Dec/2023:17:00:01 -0300] "GET /cormun/servlet/permisogoce?8fb30d78163999d064a141a29e06d2d74c2ad2f09a01e459df9d1d3c93290e626c4049996d4aef57e3bf85b038645249ca1a890b916f440f4d06394bea6644e2,gx-no-cache=1701806325476 HTTP/1.1" 200 87
181.212.40.185 - - [05/Dec/2023:17:00:09 -0300] "GET /cormun/servlet/permisogoce?8fb30d78163999d064a141a29e06d2d769898fc661d632fc7d04300cb42f25e7d241814fcf004ce14e20bbc8bc7a66fc20a13238d769542540562cd44ff6cd3b,gx-no-cache=1701806333516 HTTP/1.1" 200 48
181.212.40.185 - - [05/Dec/2023:17:00:16 -0300] "POST /cormun/servlet/permisogoce?50260da04ae428d91726fb077fd90e45,INS,0,,,,gx-no-cache=1701806339974 HTTP/1.1" 200 93
181.212.40.185 - - [05/Dec/2023:17:00:16 -0300] "GET /cormun/servlet/hpexe_return? HTTP/1.1" 200 1029
181.212.40.185 - - [05/Dec/2023:17:00:16 -0300] "GET /cormun/servlet/trpermisosgoce?gx-no-cache=1701805195904 HTTP/1.1" 200 19268
181.212.40.185 - - [05/Dec/2023:17:00:23 -0300] "GET /cormun/servlet/trpermisosadjuntos?18040575,20231205165757,P, HTTP/1.1" 200 6547
181.212.40.185 - - [05/Dec/2023:17:00:25 -0300] "GET /cormun/servlet/permisosadjuntos?INS,18040575,P,20231205165757,, HTTP/1.1" 200 5854
181.212.40.185 - - [05/Dec/2023:17:00:26 -0300] "GET /cormun/static/about:blank HTTP/1.1" 404 1011
181.212.40.185 - - [05/Dec/2023:17:00:33 -0300] "POST /cormun/servlet/permisosadjuntos?50260da04ae428d91726fb077fd90e45,INS,18040575,P,20231205165757,, HTTP/1.1" 200 116
181.212.40.185 - - [05/Dec/2023:17:00:33 -0300] "GET /cormun/servlet/hpexe_return? HTTP/1.1" 200 1035
181.212.40.185 - - [05/Dec/2023:17:00:33 -0300] "GET /cormun/servlet/trpermisosadjuntos?18040575,20231205165757,P, HTTP/1.1" 200 7027
181.212.40.185 - - [05/Dec/2023:17:00:35 -0300] "POST /cormun/servlet/trpermisosadjuntos?50260da04ae428d91726fb077fd90e45,18040575,20231205165757,P,,gx-no-cache=1701806360141 HTTP/1.1" 200 90
181.212.40.185 - - [05/Dec/2023:17:00:36 -0300] "GET /cormun/servlet/hpexe_link HTTP/1.1" 200 1000
181.212.40.185 - - [05/Dec/2023:17:00:36 -0300] "GET /cormun/servlet/trpermisosgoce?gx-no-cache=1701805195904 HTTP/1.1" 200 19265
181.212.40.185 - - [05/Dec/2023:17:00:41 -0300] "POST /cormun/servlet/trpermisosgoce?50260da04ae428d91726fb077fd90e45,gx-no-cache=1701805195904,gx-no-cache=1701806365687 HTTP/1.1" 200 16611
200.54.237.82 - - [05/Dec/2023:17:01:00 -0300] "GET /cormun/servlet/trpermisosadjuntos?20028805,20231205165335,P, HTTP/1.1" 200 6644
200.54.237.82 - - [05/Dec/2023:17:01:02 -0300] "GET /cormun/servlet/permisosadjuntos?INS,20028805,P,20231205165335,, HTTP/1.1" 200 5971
200.54.237.82 - - [05/Dec/2023:17:01:03 -0300] "GET /cormun/static/about:blank HTTP/1.1" 404 1011
181.212.40.185 - - [05/Dec/2023:17:01:03 -0300] "GET /cormun/servlet/permisogoce?INS,0,,, HTTP/1.1" 200 7100
200.54.237.82 - - [05/Dec/2023:17:01:13 -0300] "POST /cormun/servlet/permisosadjuntos?be9735f7a9748e2fdeb53721bb217e7c,INS,20028805,P,20231205165335,, HTTP/1.1" 200 116
200.54.237.82 - - [05/Dec/2023:17:01:13 -0300] "GET /cormun/servlet/hpexe_return? HTTP/1.1" 200 1030
200.54.237.82 - - [05/Dec/2023:17:01:13 -0300] "GET /cormun/servlet/trpermisosadjuntos?20028805,20231205165335,P, HTTP/1.1" 200 7142
181.212.40.185 - - [05/Dec/2023:17:01:15 -0300] "GET /cormun/servlet/permisogoce?8fb30d78163999d064a141a29e06d2d71753749052823ac50466cb26ca93f65d6c4049996d4aef57e3bf85b038645249ca1a890b916f440f4d06394bea6644e2,gx-no-cache=1701806399645 HTTP/1.1" 200 91
200.54.237.82 - - [05/Dec/2023:17:01:20 -0300] "GET /cormun/servlet/trpermisosgoce? HTTP/1.1" 200 8140
200.54.237.82 - - [05/Dec/2023:17:01:28 -0300] "POST /cormun/servlet/trpermisosgoce?be9735f7a9748e2fdeb53721bb217e7c,,gx-no-cache=1701806412299 HTTP/1.1" 200 5338
200.54.237.82 - - [05/Dec/2023:17:01:28 -0300] "GET /cormun/static/Shared/jqueryui/images/ui-bg_highlight-soft_100_c6c2c8_1x100.png HTTP/1.1" 404 1117
200.54.237.82 - - [05/Dec/2023:17:01:28 -0300] "GET /cormun/static/Shared/jqueryui/images/ui-icons_8d78a5_256x240.png HTTP/1.1" 404 1089
200.54.237.82 - - [05/Dec/2023:17:01:28 -0300] "GET /cormun/static/Shared/jqueryui/images/ui-bg_flat_55_fafafa_40x100.png HTTP/1.1" 404 1097
200.54.237.82 - - [05/Dec/2023:17:01:28 -0300] "GET /cormun/static/Shared/jqueryui/images/ui-icons_82798d_256x240.png HTTP/1.1" 404 1089
181.212.40.185 - - [05/Dec/2023:17:01:28 -0300] "GET /cormun/servlet/permisogoce?8fb30d78163999d064a141a29e06d2d7682eaca3e4a9ac53dc23b3c12a1496eff189d31a46815697c799dd714914bdd1c8d44b70550dc34594bb9044874bfda2,gx-no-cache=1701806413083 HTTP/1.1" 200 48
181.212.40.185 - - [05/Dec/2023:17:01:29 -0300] "POST /cormun/servlet/permisogoce?50260da04ae428d91726fb077fd90e45,INS,0,,,,gx-no-cache=1701806413102 HTTP/1.1" 200 93
181.212.40.185 - - [05/Dec/2023:17:01:29 -0300] "GET /cormun/servlet/hpexe_return? HTTP/1.1" 200 1029
181.212.40.185 - - [05/Dec/2023:17:01:29 -0300] "GET /cormun/servlet/trpermisosgoce?gx-no-cache=1701805195904 HTTP/1.1" 200 19201
181.212.40.185 - - [05/Dec/2023:17:01:32 -0300] "GET /cormun/servlet/trpermisosadjuntos?19360063,20231205165910,P, HTTP/1.1" 200 6552
181.212.40.185 - - [05/Dec/2023:17:01:35 -0300] "GET /cormun/servlet/permisosadjuntos?INS,19360063,P,20231205165910,, HTTP/1.1" 200 5857
181.212.40.185 - - [05/Dec/2023:17:01:35 -0300] "GET /cormun/static/about:blank HTTP/1.1" 404 1011
200.54.237.82 - - [05/Dec/2023:17:01:40 -0300] "GET /cormun/servlet/trpermisosingoceautorizar? HTTP/1.1" 200 7120
181.212.40.185 - - [05/Dec/2023:17:01:44 -0300] "POST /cormun/servlet/permisosadjuntos?50260da04ae428d91726fb077fd90e45,INS,19360063,P,20231205165910,, HTTP/1.1" 200 116
181.212.40.185 - - [05/Dec/2023:17:01:44 -0300] "GET /cormun/servlet/hpexe_return? HTTP/1.1" 200 1037
181.212.40.185 - - [05/Dec/2023:17:01:45 -0300] "GET /cormun/servlet/trpermisosadjuntos?19360063,20231205165910,P, HTTP/1.1" 200 7031
181.212.40.185 - - [05/Dec/2023:17:01:49 -0300] "POST /cormun/servlet/trpermisosadjuntos?50260da04ae428d91726fb077fd90e45,19360063,20231205165910,P,,gx-no-cache=1701806433998 HTTP/1.1" 200 90
181.212.40.185 - - [05/Dec/2023:17:01:49 -0300] "GET /cormun/servlet/hpexe_link HTTP/1.1" 200 1003
181.212.40.185 - - [05/Dec/2023:17:01:50 -0300] "GET /cormun/servlet/trpermisosgoce?gx-no-cache=1701805195904 HTTP/1.1" 200 19198
200.54.237.82 - - [05/Dec/2023:17:01:51 -0300] "POST /cormun/servlet/trpermisosingoceautorizar?be9735f7a9748e2fdeb53721bb217e7c,,gx-no-cache=1701806435337 HTTP/1.1" 200 4344
200.54.237.82 - - [05/Dec/2023:17:01:54 -0300] "POST /cormun/servlet/trpermisosingoceautorizar?be9735f7a9748e2fdeb53721bb217e7c,,gx-no-cache=1701806438568 HTTP/1.1" 200 4344
181.212.40.185 - - [05/Dec/2023:17:01:59 -0300] "POST /cormun/servlet/trpermisosgoce?50260da04ae428d91726fb077fd90e45,gx-no-cache=1701805195904,gx-no-cache=1701806442799 HTTP/1.1" 200 16561
200.54.237.82 - - [05/Dec/2023:17:02:00 -0300] "GET /cormun/servlet/trautorizarpermisogoce? HTTP/1.1" 200 8010
200.54.237.82 - - [05/Dec/2023:17:02:03 -0300] "POST /cormun/servlet/trautorizarpermisogoce?be9735f7a9748e2fdeb53721bb217e7c,,gx-no-cache=1701806447570 HTTP/1.1" 200 5272
181.212.40.185 - - [05/Dec/2023:17:02:33 -0300] "GET /cormun/servlet/permisogoce?INS,0,,, HTTP/1.1" 200 7098
181.212.40.185 - - [05/Dec/2023:17:02:47 -0300] "GET /cormun/servlet/permisogoce?8fb30d78163999d064a141a29e06d2d7336b667593649e7c4453f4bb58c856af8bb5f62256e8f0bf0eba5c51141ef95f7446354f695176fbc5901cb39a1cf1dd,gx-no-cache=1701806491972 HTTP/1.1" 200 76
45.128.232.130 - - [05/Dec/2023:17:03:15 -0300] "CONNECT google.com:443 HTTP/1.1" 400 -
181.212.40.185 - - [05/Dec/2023:17:03:27 -0300] "GET /cormun/servlet/permisogoce?8fb30d78163999d064a141a29e06d2d7344df793824aa5a3193004ec8e9988c4a25814dc31b2d42d59f4028fb2cb907ad72a6e6f2328f988ae6bd78f2d27bafd,gx-no-cache=1701806531877 HTTP/1.1" 200 47
181.212.40.185 - - [05/Dec/2023:17:03:43 -0300] "POST /cormun/servlet/permisogoce?50260da04ae428d91726fb077fd90e45,INS,0,,,,gx-no-cache=1701806546965 HTTP/1.1" 200 93
181.212.40.185 - - [05/Dec/2023:17:03:43 -0300] "GET /cormun/servlet/hpexe_return? HTTP/1.1" 200 1029
181.212.40.185 - - [05/Dec/2023:17:03:43 -0300] "GET /cormun/servlet/trpermisosgoce?gx-no-cache=1701805195904 HTTP/1.1" 200 19216
181.212.40.185 - - [05/Dec/2023:17:03:48 -0300] "GET /cormun/servlet/trpermisosadjuntos?9330246,20231205170040,P, HTTP/1.1" 200 6543
181.212.40.185 - - [05/Dec/2023:17:03:51 -0300] "GET /cormun/servlet/permisosadjuntos?INS,9330246,P,20231205170040,, HTTP/1.1" 200 5846
181.212.40.185 - - [05/Dec/2023:17:03:52 -0300] "GET /cormun/static/about:blank HTTP/1.1" 404 1011
181.212.40.185 - - [05/Dec/2023:17:04:00 -0300] "POST /cormun/servlet/permisosadjuntos?50260da04ae428d91726fb077fd90e45,INS,9330246,P,20231205170040,, HTTP/1.1" 200 116
181.212.40.185 - - [05/Dec/2023:17:04:00 -0300] "GET /cormun/servlet/hpexe_return? HTTP/1.1" 200 1036
181.212.40.185 - - [05/Dec/2023:17:04:00 -0300] "GET /cormun/servlet/trpermisosadjuntos?9330246,20231205170040,P, HTTP/1.1" 200 7018
181.212.40.185 - - [05/Dec/2023:17:04:02 -0300] "POST /cormun/servlet/trpermisosadjuntos?50260da04ae428d91726fb077fd90e45,9330246,20231205170040,P,,gx-no-cache=1701806567061 HTTP/1.1" 200 90
181.212.40.185 - - [05/Dec/2023:17:04:02 -0300] "GET /cormun/servlet/hpexe_link HTTP/1.1" 200 1002
181.212.40.185 - - [05/Dec/2023:17:04:04 -0300] "GET /cormun/servlet/trpermisosgoce?gx-no-cache=1701805195904 HTTP/1.1" 200 19213
181.212.40.185 - - [05/Dec/2023:17:04:07 -0300] "POST /cormun/servlet/trpermisosgoce?50260da04ae428d91726fb077fd90e45,gx-no-cache=1701805195904,gx-no-cache=1701806571143 HTTP/1.1" 200 16564
181.212.40.185 - - [05/Dec/2023:17:04:46 -0300] "GET /cormun/servlet/permisogoce?INS,0,,, HTTP/1.1" 200 7099
181.212.40.185 - - [05/Dec/2023:17:04:58 -0300] "GET /cormun/servlet/permisogoce?8fb30d78163999d064a141a29e06d2d75c50b029cd9e4a22c27ef04fa781ee036c4049996d4aef57e3bf85b038645249ca1a890b916f440f4d06394bea6644e2,gx-no-cache=1701806622773 HTTP/1.1" 200 79
181.212.40.185 - - [05/Dec/2023:17:05:07 -0300] "GET /cormun/servlet/permisogoce?8fb30d78163999d064a141a29e06d2d78c2f16473250014224a1d9f909f9cda9d58c4fc36e1252ae4675081b1c566c1920a13238d769542540562cd44ff6cd3b,gx-no-cache=1701806631966 HTTP/1.1" 200 47
181.212.40.185 - - [05/Dec/2023:17:05:10 -0300] "POST /cormun/servlet/permisogoce?50260da04ae428d91726fb077fd90e45,INS,0,,,,gx-no-cache=1701806634541 HTTP/1.1" 200 93
181.212.40.185 - - [05/Dec/2023:17:05:10 -0300] "GET /cormun/servlet/hpexe_return? HTTP/1.1" 200 1029
181.212.40.185 - - [05/Dec/2023:17:05:11 -0300] "GET /cormun/servlet/trpermisosgoce?gx-no-cache=1701805195904 HTTP/1.1" 200 19220
181.212.40.185 - - [05/Dec/2023:17:05:21 -0300] "GET /cormun/servlet/trpermisosadjuntos?19306600,20231205170253,P, HTTP/1.1" 200 6544
181.212.40.185 - - [05/Dec/2023:17:05:25 -0300] "GET /cormun/servlet/permisosadjuntos?INS,19306600,P,20231205170253,, HTTP/1.1" 200 5848
181.212.40.185 - - [05/Dec/2023:17:05:25 -0300] "GET /cormun/static/about:blank HTTP/1.1" 404 1011
181.212.40.185 - - [05/Dec/2023:17:05:32 -0300] "POST /cormun/servlet/permisosadjuntos?50260da04ae428d91726fb077fd90e45,INS,19306600,P,20231205170253,, HTTP/1.1" 200 116
181.212.40.185 - - [05/Dec/2023:17:05:32 -0300] "GET /cormun/servlet/hpexe_return? HTTP/1.1" 200 1035
181.212.40.185 - - [05/Dec/2023:17:05:32 -0300] "GET /cormun/servlet/trpermisosadjuntos?19306600,20231205170253,P, HTTP/1.1" 200 7021
181.212.40.185 - - [05/Dec/2023:17:05:35 -0300] "POST /cormun/servlet/trpermisosadjuntos?50260da04ae428d91726fb077fd90e45,19306600,20231205170253,P,,gx-no-cache=1701806659534 HTTP/1.1" 200 90
181.212.40.185 - - [05/Dec/2023:17:05:35 -0300] "GET /cormun/servlet/hpexe_link HTTP/1.1" 200 1002
181.212.40.185 - - [05/Dec/2023:17:05:35 -0300] "GET /cormun/servlet/trpermisosgoce?gx-no-cache=1701805195904 HTTP/1.1" 200 19216
181.212.40.185 - - [05/Dec/2023:17:05:38 -0300] "POST /cormun/servlet/trpermisosgoce?50260da04ae428d91726fb077fd90e45,gx-no-cache=1701805195904,gx-no-cache=1701806662471 HTTP/1.1" 200 16571
181.212.40.185 - - [05/Dec/2023:17:06:01 -0300] "GET /cormun/servlet/permisogoce?INS,0,,, HTTP/1.1" 200 7099
181.212.40.185 - - [05/Dec/2023:17:06:16 -0300] "GET /cormun/servlet/permisogoce?8fb30d78163999d064a141a29e06d2d728dccb3765e3dce2317c74f6b1ecf90e6c4049996d4aef57e3bf85b038645249ca1a890b916f440f4d06394bea6644e2,gx-no-cache=1701806700292 HTTP/1.1" 200 83
192.155.90.220 - - [05/Dec/2023:17:06:19 -0300] "GET / HTTP/1.1" 200 11217
45.79.128.205 - - [05/Dec/2023:17:06:32 -0300] "GET / HTTP/1.1" 200 11217
181.212.40.185 - - [05/Dec/2023:17:06:34 -0300] "GET /cormun/servlet/permisogoce?8fb30d78163999d064a141a29e06d2d75a5ecf972b7ecec36056355c9bdf7cd9c95b78e4f088e1d32a79981e0690780f20a13238d769542540562cd44ff6cd3b,gx-no-cache=1701806718211 HTTP/1.1" 200 47
172.105.128.13 - - [05/Dec/2023:17:06:45 -0300] "GET / HTTP/1.1" 200 11217
200.54.100.179 - - [05/Dec/2023:17:06:50 -0300] "GET /cormun/servlet/trpermisosadjuntos?15104970,20231205135755,P, HTTP/1.1" 200 5452
200.54.100.179 - - [05/Dec/2023:17:06:50 -0300] "GET /cormun/servlet/hlogin HTTP/1.1" 200 1765
200.54.100.179 - - [05/Dec/2023:17:06:53 -0300] "POST /cormun/servlet/hlogin?9c5525b2b31a10d44a3abfe44d8c6fd3,gx-no-cache=1701806737041 HTTP/1.1" 200 90
200.54.100.179 - - [05/Dec/2023:17:06:53 -0300] "GET /cormun/servlet/hpexe_link HTTP/1.1" 200 983
200.54.100.179 - - [05/Dec/2023:17:06:53 -0300] "GET /cormun/servlet/trpermisosadjuntos?15104970,20231205135755,P, HTTP/1.1" 200 6458
200.54.100.179 - - [05/Dec/2023:17:06:56 -0300] "GET /cormun/servlet/permisosadjuntos?INS,15104970,P,20231205135755,, HTTP/1.1" 200 5962
200.54.100.179 - - [05/Dec/2023:17:06:56 -0300] "GET /cormun/static/gxcfg.js?20201215134212 HTTP/1.1" 200 953
200.54.100.179 - - [05/Dec/2023:17:06:56 -0300] "GET /cormun/static/permisosadjuntos.js?20201215134285 HTTP/1.1" 200 8724
200.54.100.179 - - [05/Dec/2023:17:06:57 -0300] "GET /cormun/static/about:blank HTTP/1.1" 404 1011
45.79.181.179 - - [05/Dec/2023:17:06:58 -0300] "GET / HTTP/1.1" 200 11217
200.54.100.179 - - [05/Dec/2023:17:07:14 -0300] "POST /cormun/servlet/permisosadjuntos?9c5525b2b31a10d44a3abfe44d8c6fd3,INS,15104970,P,20231205135755,, HTTP/1.1" 200 116
200.54.100.179 - - [05/Dec/2023:17:07:14 -0300] "GET /cormun/servlet/hpexe_return? HTTP/1.1" 200 1038
200.54.100.179 - - [05/Dec/2023:17:07:14 -0300] "GET /cormun/servlet/trpermisosadjuntos?15104970,20231205135755,P, HTTP/1.1" 200 7020
45.79.181.179 - - [05/Dec/2023:17:07:16 -0300] "GET / HTTP/1.1" 200 11217
200.54.100.179 - - [05/Dec/2023:17:07:23 -0300] "GET /cormun/servlet/trpermisosgoce? HTTP/1.1" 200 12949
200.54.100.179 - - [05/Dec/2023:17:07:30 -0300] "POST /cormun/servlet/trpermisosgoce?9c5525b2b31a10d44a3abfe44d8c6fd3,,gx-no-cache=1701806773113 HTTP/1.1" 200 10049
200.54.100.179 - - [05/Dec/2023:17:07:30 -0300] "GET /cormun/static/Shared/jqueryui/images/ui-icons_82798d_256x240.png HTTP/1.1" 404 1089
200.54.100.179 - - [05/Dec/2023:17:07:30 -0300] "GET /cormun/static/Shared/jqueryui/images/ui-bg_highlight-soft_100_c6c2c8_1x100.png HTTP/1.1" 404 1117
200.54.100.179 - - [05/Dec/2023:17:07:30 -0300] "GET /cormun/static/Shared/jqueryui/images/ui-bg_flat_55_fafafa_40x100.png HTTP/1.1" 404 1097
200.54.100.179 - - [05/Dec/2023:17:07:30 -0300] "GET /cormun/static/Shared/jqueryui/images/ui-icons_8d78a5_256x240.png HTTP/1.1" 404 1089
200.54.237.82 - - [05/Dec/2023:17:07:34 -0300] "GET /cormun/servlet/trautorizarpermisogoce? HTTP/1.1" 200 8009
192.155.90.220 - - [05/Dec/2023:17:07:35 -0300] "GET / HTTP/1.1" 200 11217
