181.212.42.153 - - [05/Dec/2023:08:53:34 -0300] "GET /cormun/servlet/hpexe_return? HTTP/1.1" 200 1001
181.212.42.153 - - [05/Dec/2023:08:53:34 -0300] "GET /cormun/servlet/trpermisosgoce HTTP/1.1" 200 18574
190.171.152.114 - - [05/Dec/2023:08:53:41 -0300] "GET /cormun/servlet/licenciaspermisos?INS,0,,, HTTP/1.1" 200 7941
181.212.42.153 - - [05/Dec/2023:08:53:48 -0300] "POST /cormun/servlet/trpermisosgoce?a97b9981235606326c68089a38ad5d3e,gx-no-cache=1701777151647 HTTP/1.1" 200 15910
181.212.42.153 - - [05/Dec/2023:08:53:49 -0300] "POST /cormun/servlet/trpermisosgoce?a97b9981235606326c68089a38ad5d3e,gx-no-cache=1701777153978 HTTP/1.1" 200 15886
190.171.152.114 - - [05/Dec/2023:08:53:53 -0300] "GET /cormun/servlet/trlicencias? HTTP/1.1" 200 13841
190.171.143.106 - - [05/Dec/2023:08:53:56 -0300] "GET /cormun/servlet/alicenciaprn?17477468,L,20231205000000,PU HTTP/1.1" 200 1544
181.212.42.153 - - [05/Dec/2023:08:53:58 -0300] "GET /cormun/servlet/permisogoce?INS,0,,, HTTP/1.1" 200 6820
190.171.144.234 - - [05/Dec/2023:08:54:02 -0300] "GET /cormun/servlet/hlogin HTTP/1.1" 200 1724
190.171.144.234 - - [05/Dec/2023:08:54:02 -0300] "GET /cormun/servlet/hlogin HTTP/1.1" 200 1735
181.212.42.153 - - [05/Dec/2023:08:54:07 -0300] "GET /cormun/servlet/permisogoce?fa60ff92d58934fa49dafb406f570aa73e82f0f491cf994cb775abbf34c35c28ad190c4dfc31762820df19710a1187650d5f71bd609685b3aa461aeca9e87e99,gx-no-cache=1701777172227 HTTP/1.1" 200 78
190.171.143.106 - - [05/Dec/2023:08:54:10 -0300] "GET /cormun/servlet/trlicenciaspermisosadjuntos?17477468,20231205000000,L, HTTP/1.1" 200 6353
190.171.143.106 - - [05/Dec/2023:08:54:10 -0300] "GET /cormun/static/gxcfg.js?201991422445549 HTTP/1.1" 200 953
190.171.143.106 - - [05/Dec/2023:08:54:10 -0300] "GET /cormun/static/trlicenciaspermisosadjuntos.js?20199142244593 HTTP/1.1" 200 21036
181.212.42.153 - - [05/Dec/2023:08:54:16 -0300] "GET /cormun/servlet/permisogoce?fa60ff92d58934fa49dafb406f570aa77f3c6eb9a5bbbfc3d71b176d6b7bf7e8800c7530bf89a912c12f40681c6e0f950e3e68e5684363a6dac7c9ed3add5566,gx-no-cache=1701777181099 HTTP/1.1" 200 47
190.171.144.234 - - [05/Dec/2023:08:54:16 -0300] "POST /cormun/servlet/hlogin?89c30a369abcfcfb19ffd8c106414ca3,gx-no-cache=1701777181745 HTTP/1.1" 200 90
190.171.144.234 - - [05/Dec/2023:08:54:16 -0300] "GET /cormun/servlet/hpexe_link HTTP/1.1" 200 956
190.171.144.234 - - [05/Dec/2023:08:54:17 -0300] "GET /cormun/servlet/hhome HTTP/1.1" 200 3996
181.212.42.153 - - [05/Dec/2023:08:54:20 -0300] "POST /cormun/servlet/permisogoce?a97b9981235606326c68089a38ad5d3e,INS,0,,,,gx-no-cache=1701777181964 HTTP/1.1" 200 93
181.212.42.153 - - [05/Dec/2023:08:54:20 -0300] "GET /cormun/servlet/hpexe_return? HTTP/1.1" 200 1023
190.171.143.106 - - [05/Dec/2023:08:54:20 -0300] "GET /cormun/servlet/trlicencias? HTTP/1.1" 200 10442
181.212.42.153 - - [05/Dec/2023:08:54:20 -0300] "GET /cormun/servlet/trpermisosgoce?gx-no-cache=1701777153978 HTTP/1.1" 200 18612
190.171.144.234 - - [05/Dec/2023:08:54:21 -0300] "GET /cormun/servlet/trpermisosgoce? HTTP/1.1" 200 13333
190.171.143.106 - - [05/Dec/2023:08:54:22 -0300] "GET /cormun/servlet/trlicenciaspermisosadjuntos?17477468,20231205000000,L, HTTP/1.1" 200 6353
190.171.144.234 - - [05/Dec/2023:08:54:24 -0300] "GET /cormun/servlet/permisogoce?INS,0,,, HTTP/1.1" 200 6860
190.171.152.114 - - [05/Dec/2023:08:54:24 -0300] "GET /cormun/servlet/trlicenciaspermisosadjuntos?17520432,20231202000000,L, HTTP/1.1" 200 6659
190.171.152.114 - - [05/Dec/2023:08:54:24 -0300] "GET /cormun/static/gxcfg.js?201991422445549 HTTP/1.1" 200 953
190.171.152.114 - - [05/Dec/2023:08:54:24 -0300] "GET /cormun/static/trlicenciaspermisosadjuntos.js?20199142244593 HTTP/1.1" 200 21036
190.171.152.114 - - [05/Dec/2023:08:54:24 -0300] "GET /cormun/static/Resources/Spanish/PXTools.css?2294816 HTTP/1.1" 200 100853
181.212.42.153 - - [05/Dec/2023:08:54:29 -0300] "GET /cormun/servlet/apermisogoceprn?19220262,P,20231205085206,PU HTTP/1.1" 200 1661
190.171.143.106 - - [05/Dec/2023:08:54:32 -0300] "GET /cormun/servlet/licenciaspermisosadjuntos?INS,17477468,L,20231205000000,, HTTP/1.1" 200 5639
190.171.143.106 - - [05/Dec/2023:08:54:32 -0300] "GET /cormun/static/gxcfg.js?20201215114875 HTTP/1.1" 200 953
190.171.143.106 - - [05/Dec/2023:08:54:32 -0300] "GET /cormun/static/licenciaspermisosadjuntos.js?20201215114932 HTTP/1.1" 200 8760
190.171.143.106 - - [05/Dec/2023:08:54:32 -0300] "GET /cormun/static/about:blank HTTP/1.1" 404 1011
190.171.152.114 - - [05/Dec/2023:08:54:38 -0300] "GET /cormun/servlet/trlicencias? HTTP/1.1" 200 13828
190.171.144.234 - - [05/Dec/2023:08:54:41 -0300] "GET /cormun/servlet/permisogoce?d611ae7c36a46f4844fd799b65abdca1f4c608ec961589df14d3fbf74753eaa69aab9d64a845d55d5e88ac476bceba84d7132cdd9018f96dfce6571200cf7252,gx-no-cache=1701777206247 HTTP/1.1" 200 75
190.171.144.234 - - [05/Dec/2023:08:54:41 -0300] "GET /cormun/static/menuarrow.gif HTTP/1.1" 404 1015
181.212.42.153 - - [05/Dec/2023:08:54:47 -0300] "GET /cormun/servlet/permisogoce?INS,0,,, HTTP/1.1" 200 6842
190.171.144.234 - - [05/Dec/2023:08:54:51 -0300] "GET /cormun/servlet/permisogoce?d611ae7c36a46f4844fd799b65abdca1a30459382834794056b498551227de0e3dbd10e5ac1c813c43a1023280e0da92c1d86cba2093c2627bbc80057c4bbda0,gx-no-cache=1701777216136 HTTP/1.1" 200 47
181.212.42.153 - - [05/Dec/2023:08:54:56 -0300] "GET /cormun/servlet/permisogoce?fa60ff92d58934fa49dafb406f570aa73d7a958d3b01e295eac4e6447418361ca3674d503cbb45112c46bd039f71663e0203289ec1413ce169a61999316b5e22,gx-no-cache=1701777221819 HTTP/1.1" 200 90
181.212.42.153 - - [05/Dec/2023:08:55:07 -0300] "GET /cormun/servlet/permisogoce?fa60ff92d58934fa49dafb406f570aa73b1fd831c823800807bee45b1bc11a3f763ac3847d37ca8aea1e37a39790e8d6fa4bc7ba8a9f1e0036773c4fe4377975,gx-no-cache=1701777232989 HTTP/1.1" 200 47
190.171.144.234 - - [05/Dec/2023:08:55:14 -0300] "POST /cormun/servlet/permisogoce?89c30a369abcfcfb19ffd8c106414ca3,INS,0,,,,gx-no-cache=1701777220832 HTTP/1.1" 200 93
190.171.144.234 - - [05/Dec/2023:08:55:15 -0300] "GET /cormun/servlet/hpexe_return? HTTP/1.1" 200 1014
190.171.144.234 - - [05/Dec/2023:08:55:15 -0300] "GET /cormun/servlet/trpermisosgoce HTTP/1.1" 200 13529
190.171.144.234 - - [05/Dec/2023:08:55:18 -0300] "GET /cormun/servlet/apermisogoceprn?17794177,P,20231205085231,PU HTTP/1.1" 200 1657
181.212.42.153 - - [05/Dec/2023:08:55:24 -0300] "POST /cormun/servlet/permisogoce?a97b9981235606326c68089a38ad5d3e,INS,0,,,,gx-no-cache=1701777239816 HTTP/1.1" 200 93
181.212.42.153 - - [05/Dec/2023:08:55:24 -0300] "GET /cormun/servlet/hpexe_return? HTTP/1.1" 200 1023
181.212.42.153 - - [05/Dec/2023:08:55:24 -0300] "GET /cormun/servlet/trpermisosgoce?gx-no-cache=1701777153978 HTTP/1.1" 200 18631
181.212.42.153 - - [05/Dec/2023:08:55:32 -0300] "GET /cormun/servlet/apermisogoceprn?6152035,P,20231205085255,PU HTTP/1.1" 200 1650
190.171.144.234 - - [05/Dec/2023:08:55:34 -0300] "GET /cormun/servlet/permisogoce?INS,0,,, HTTP/1.1" 200 6860
181.212.42.153 - - [05/Dec/2023:08:55:40 -0300] "GET /cormun/servlet/permisogoce?INS,0,,, HTTP/1.1" 200 6843
190.171.144.234 - - [05/Dec/2023:08:55:45 -0300] "GET /cormun/servlet/permisogoce?d611ae7c36a46f4844fd799b65abdca1523cd351898e4e1e822b01c9b462dc709aab9d64a845d55d5e88ac476bceba84d7132cdd9018f96dfce6571200cf7252,gx-no-cache=1701777270694 HTTP/1.1" 200 79
181.212.42.153 - - [05/Dec/2023:08:55:45 -0300] "GET /cormun/servlet/permisogoce?fa60ff92d58934fa49dafb406f570aa70091962bfb5c589cb39cf67b6e3a090cad190c4dfc31762820df19710a1187650d5f71bd609685b3aa461aeca9e87e99,gx-no-cache=1701777270828 HTTP/1.1" 200 79
190.171.144.234 - - [05/Dec/2023:08:55:56 -0300] "GET /cormun/servlet/permisogoce?d611ae7c36a46f4844fd799b65abdca19f6ecd2a75ae6be5dcb4b8e7bcb6c66d8da3ece45a8e8f01f1596f4f2419eb76c1d86cba2093c2627bbc80057c4bbda0,gx-no-cache=1701777281260 HTTP/1.1" 200 47
181.212.42.153 - - [05/Dec/2023:08:55:56 -0300] "GET /cormun/servlet/permisogoce?fa60ff92d58934fa49dafb406f570aa71c370f39bc7e05113841a9bb14f2f1c04a2a39df5fb3a82e3c2b493c9eddb51d0e3e68e5684363a6dac7c9ed3add5566,gx-no-cache=1701777281574 HTTP/1.1" 200 47
181.212.42.153 - - [05/Dec/2023:08:56:08 -0300] "POST /cormun/servlet/permisogoce?a97b9981235606326c68089a38ad5d3e,INS,0,,,,gx-no-cache=1701777282496 HTTP/1.1" 200 93
181.212.42.153 - - [05/Dec/2023:08:56:08 -0300] "GET /cormun/servlet/hpexe_return? HTTP/1.1" 200 1023
181.212.42.153 - - [05/Dec/2023:08:56:08 -0300] "GET /cormun/servlet/trpermisosgoce?gx-no-cache=1701777153978 HTTP/1.1" 200 18628
181.212.42.153 - - [05/Dec/2023:08:56:15 -0300] "GET /cormun/servlet/apermisogoceprn?18872695,P,20231205085348,PU HTTP/1.1" 200 1657
190.171.144.234 - - [05/Dec/2023:08:56:18 -0300] "POST /cormun/servlet/permisogoce?89c30a369abcfcfb19ffd8c106414ca3,INS,0,,,,gx-no-cache=1701777286031 HTTP/1.1" 200 93
190.171.144.234 - - [05/Dec/2023:08:56:18 -0300] "GET /cormun/servlet/hpexe_return? HTTP/1.1" 200 1014
190.171.144.234 - - [05/Dec/2023:08:56:18 -0300] "GET /cormun/servlet/trpermisosgoce HTTP/1.1" 200 13753
181.212.42.153 - - [05/Dec/2023:08:56:21 -0300] "GET /cormun/servlet/permisogoce?INS,0,,, HTTP/1.1" 200 6843
190.171.144.234 - - [05/Dec/2023:08:56:22 -0300] "GET /cormun/servlet/apermisogoceprn?16988200,P,20231205085341,PU HTTP/1.1" 200 1662
178.18.1.175 - - [05/Dec/2023:08:56:25 -0300] "GET / HTTP/1.1" 200 11217
190.171.143.82 - - [05/Dec/2023:08:56:32 -0300] "POST /cormun/servlet/trlicencias?d3f97158a486b4f13acc750baa98440d,gx-no-cache=1701777317455 HTTP/1.1" 440 972
181.212.42.153 - - [05/Dec/2023:08:56:32 -0300] "GET /cormun/servlet/permisogoce?fa60ff92d58934fa49dafb406f570aa77f9d970e68b09839d4e1f228030a5257ad190c4dfc31762820df19710a1187650d5f71bd609685b3aa461aeca9e87e99,gx-no-cache=1701777317634 HTTP/1.1" 200 79
190.171.144.234 - - [05/Dec/2023:08:56:33 -0300] "GET /cormun/servlet/permisogoce?INS,0,,, HTTP/1.1" 200 6860
190.171.143.82 - - [05/Dec/2023:08:56:34 -0300] "GET /cormun/servlet/trlicencias HTTP/1.1" 200 6041
190.171.143.82 - - [05/Dec/2023:08:56:37 -0300] "GET /cormun/servlet/trlicencias HTTP/1.1" 200 6041
190.171.143.82 - - [05/Dec/2023:08:56:37 -0300] "GET /cormun/servlet/hlogin HTTP/1.1" 200 1735
190.171.143.82 - - [05/Dec/2023:08:56:44 -0300] "POST /cormun/servlet/hlogin?41298f85fc583ca5ae210c10a31b66d8,gx-no-cache=1701777329372 HTTP/1.1" 200 90
190.171.143.82 - - [05/Dec/2023:08:56:44 -0300] "GET /cormun/servlet/hpexe_link HTTP/1.1" 200 953
190.171.143.82 - - [05/Dec/2023:08:56:45 -0300] "GET /cormun/servlet/trlicencias HTTP/1.1" 200 11348
190.171.144.234 - - [05/Dec/2023:08:56:46 -0300] "GET /cormun/servlet/permisogoce?d611ae7c36a46f4844fd799b65abdca13a61ee135aaa1fa2994626797bcada599aab9d64a845d55d5e88ac476bceba84d7132cdd9018f96dfce6571200cf7252,gx-no-cache=1701777331095 HTTP/1.1" 200 75
181.212.42.153 - - [05/Dec/2023:08:56:47 -0300] "GET /cormun/servlet/permisogoce?fa60ff92d58934fa49dafb406f570aa719c2c1a83fe88d555f252a8eb2dcb699d04299e22d3fac4b1448c9c7b50bb7360e3e68e5684363a6dac7c9ed3add5566,gx-no-cache=1701777332453 HTTP/1.1" 200 48
181.212.42.153 - - [05/Dec/2023:08:56:53 -0300] "POST /cormun/servlet/permisogoce?a97b9981235606326c68089a38ad5d3e,INS,0,,,,gx-no-cache=1701777333408 HTTP/1.1" 200 93
181.212.42.153 - - [05/Dec/2023:08:56:53 -0300] "GET /cormun/servlet/hpexe_return? HTTP/1.1" 200 1023
181.212.42.153 - - [05/Dec/2023:08:56:53 -0300] "GET /cormun/servlet/trpermisosgoce?gx-no-cache=1701777153978 HTTP/1.1" 200 18620
190.171.144.234 - - [05/Dec/2023:08:56:54 -0300] "GET /cormun/servlet/permisogoce?d611ae7c36a46f4844fd799b65abdca145504c9978a4af7754401a266effebc131ffac690a6c2896e342b197a51a6df2c1d86cba2093c2627bbc80057c4bbda0,gx-no-cache=1701777340027 HTTP/1.1" 200 47
181.212.42.153 - - [05/Dec/2023:08:57:03 -0300] "GET /cormun/servlet/apermisogoceprn?16554422,P,20231205085429,PU HTTP/1.1" 200 1647
190.171.143.82 - - [05/Dec/2023:08:57:07 -0300] "GET /cormun/servlet/trcontratosolicitud? HTTP/1.1" 200 15008
190.171.143.82 - - [05/Dec/2023:08:57:07 -0300] "GET /cormun/static/gxcfg.js?202211298514361 HTTP/1.1" 200 953
190.171.143.82 - - [05/Dec/2023:08:57:07 -0300] "GET /cormun/static/trcontratosolicitud.js?202211298514531 HTTP/1.1" 200 28237
190.171.143.82 - - [05/Dec/2023:08:57:09 -0300] "GET /cormun//static/Resources/PXToolsGridNew.png HTTP/1.1" 200 427
190.171.144.234 - - [05/Dec/2023:08:57:09 -0300] "POST /cormun/servlet/permisogoce?89c30a369abcfcfb19ffd8c106414ca3,INS,0,,,,gx-no-cache=1701777345439 HTTP/1.1" 200 93
190.171.144.234 - - [05/Dec/2023:08:57:09 -0300] "GET /cormun/servlet/hpexe_return? HTTP/1.1" 200 1014
190.171.144.234 - - [05/Dec/2023:08:57:09 -0300] "GET /cormun/servlet/trpermisosgoce HTTP/1.1" 200 13939
181.212.42.153 - - [05/Dec/2023:08:57:10 -0300] "GET /cormun/servlet/permisogoce?INS,0,,, HTTP/1.1" 200 6843
190.171.144.234 - - [05/Dec/2023:08:57:14 -0300] "GET /cormun/servlet/apermisogoceprn?10804638,P,20231205085441,PU HTTP/1.1" 200 1655
181.212.42.153 - - [05/Dec/2023:08:57:14 -0300] "GET /cormun/servlet/permisogoce?fa60ff92d58934fa49dafb406f570aa7d56228b91acc3421aa26d4eb11d019d9a3674d503cbb45112c46bd039f71663e0203289ec1413ce169a61999316b5e22,gx-no-cache=1701777359947 HTTP/1.1" 200 77
181.212.42.153 - - [05/Dec/2023:08:57:20 -0300] "GET /cormun/servlet/permisogoce?fa60ff92d58934fa49dafb406f570aa7054136e0924bd5e2f6e4463b45954749af318bbecaba4ae19c886959df84ced2fa4bc7ba8a9f1e0036773c4fe4377975,gx-no-cache=1701777365066 HTTP/1.1" 200 46
181.212.42.153 - - [05/Dec/2023:08:57:28 -0300] "POST /cormun/servlet/permisogoce?a97b9981235606326c68089a38ad5d3e,INS,0,,,,gx-no-cache=1701777365943 HTTP/1.1" 200 93
181.212.42.153 - - [05/Dec/2023:08:57:28 -0300] "GET /cormun/servlet/hpexe_return? HTTP/1.1" 200 1023
181.212.42.153 - - [05/Dec/2023:08:57:28 -0300] "GET /cormun/servlet/trpermisosgoce?gx-no-cache=1701777153978 HTTP/1.1" 200 18631
190.171.144.234 - - [05/Dec/2023:08:57:30 -0300] "GET /cormun/servlet/permisogoce?INS,0,,, HTTP/1.1" 200 6860
181.212.42.153 - - [05/Dec/2023:08:57:39 -0300] "GET /cormun/servlet/apermisogoceprn?9742137,P,20231205085518,PU HTTP/1.1" 200 1652
190.171.144.234 - - [05/Dec/2023:08:57:43 -0300] "GET /cormun/servlet/permisogoce?d611ae7c36a46f4844fd799b65abdca1c937ebd29abc79336e9bbeb75263c4f3feeb24dba68aefa1b245b0fe403e2707e65c642fd25d705899f7853da9f06aec,gx-no-cache=1701777388618 HTTP/1.1" 200 81
190.171.153.26 - - [05/Dec/2023:08:57:43 -0300] "GET /cormun/static/menuarrow.gif HTTP/1.1" 404 1015
181.212.42.153 - - [05/Dec/2023:08:57:45 -0300] "GET /cormun/servlet/permisogoce?INS,0,,, HTTP/1.1" 200 6842
190.171.143.106 - - [05/Dec/2023:08:57:45 -0300] "POST /cormun/servlet/licenciaspermisosadjuntos?a7c21f90eac0152acf3f170bc0cc6f68,INS,17477468,L,20231205000000,, HTTP/1.1" 200 116
190.171.143.106 - - [05/Dec/2023:08:57:46 -0300] "GET /cormun/servlet/hpexe_return? HTTP/1.1" 200 1044
190.171.143.106 - - [05/Dec/2023:08:57:46 -0300] "GET /cormun/servlet/trlicenciaspermisosadjuntos?17477468,20231205000000,L, HTTP/1.1" 200 6834
190.171.144.234 - - [05/Dec/2023:08:57:52 -0300] "GET /cormun/servlet/permisogoce?d611ae7c36a46f4844fd799b65abdca11b22a79ead9900f0c99233e3e7361566d8283c2cb403cd81afd16d901042e7d8974883cbeccd46ba85931fbd915603d5,gx-no-cache=1701777397656 HTTP/1.1" 200 47
181.212.42.153 - - [05/Dec/2023:08:57:52 -0300] "GET /cormun/servlet/permisogoce?fa60ff92d58934fa49dafb406f570aa75820db12aeec0b2233f498d2b9318d9bad190c4dfc31762820df19710a1187650d5f71bd609685b3aa461aeca9e87e99,gx-no-cache=1701777397910 HTTP/1.1" 200 83
181.212.42.153 - - [05/Dec/2023:08:57:57 -0300] "GET /cormun/servlet/permisogoce?fa60ff92d58934fa49dafb406f570aa7edc920a49bc46e090c3a1353bc4519fb5744dff9e39162c506176d1823fa948e0e3e68e5684363a6dac7c9ed3add5566,gx-no-cache=1701777402212 HTTP/1.1" 200 47
190.171.143.106 - - [05/Dec/2023:08:57:58 -0300] "GET /cormun/servlet/licenciaspermisosadjuntos?INS,17477468,L,20231205000000,, HTTP/1.1" 200 5639
190.171.143.106 - - [05/Dec/2023:08:57:58 -0300] "GET /cormun/static/about:blank HTTP/1.1" 404 1011
190.171.143.106 - - [05/Dec/2023:08:58:00 -0300] "GET /cormun/servlet/trlicenciaspermisosadjuntos?17477468,20231205000000,L, HTTP/1.1" 200 6830
190.171.143.106 - - [05/Dec/2023:08:58:02 -0300] "GET /cormun/servlet/trlicencias? HTTP/1.1" 200 10442
190.171.153.26 - - [05/Dec/2023:08:58:02 -0300] "POST /cormun/servlet/trpermisosgoce?dbfa988aa3c2474e70605a1fbdafa707,gx-no-cache=1701781006803 HTTP/1.1" 200 6089
190.171.144.234 - - [05/Dec/2023:08:58:02 -0300] "POST /cormun/servlet/permisogoce?89c30a369abcfcfb19ffd8c106414ca3,INS,0,,,,gx-no-cache=1701777401474 HTTP/1.1" 200 93
190.171.144.234 - - [05/Dec/2023:08:58:02 -0300] "GET /cormun/servlet/hpexe_return? HTTP/1.1" 200 1014
190.171.144.234 - - [05/Dec/2023:08:58:03 -0300] "GET /cormun/servlet/trpermisosgoce HTTP/1.1" 200 14119
181.212.42.153 - - [05/Dec/2023:08:58:07 -0300] "POST /cormun/servlet/permisogoce?a97b9981235606326c68089a38ad5d3e,INS,0,,,,gx-no-cache=1701777403199 HTTP/1.1" 200 93
181.212.42.153 - - [05/Dec/2023:08:58:07 -0300] "GET /cormun/servlet/hpexe_return? HTTP/1.1" 200 1023
181.212.42.153 - - [05/Dec/2023:08:58:07 -0300] "GET /cormun/servlet/trpermisosgoce?gx-no-cache=1701777153978 HTTP/1.1" 200 18682
190.171.144.234 - - [05/Dec/2023:08:58:08 -0300] "GET /cormun/servlet/apermisogoceprn?7186906,P,20231205085538,PU HTTP/1.1" 200 1659
181.212.42.153 - - [05/Dec/2023:08:58:21 -0300] "POST /cormun/servlet/trpermisosgoce?a97b9981235606326c68089a38ad5d3e,gx-no-cache=1701777153978,gx-no-cache=1701777423538 HTTP/1.1" 200 5052
181.212.42.153 - - [05/Dec/2023:08:58:23 -0300] "GET /cormun/servlet/apermisogoceprn?16884181,P,20231205085552,PU HTTP/1.1" 200 1663
181.212.42.153 - - [05/Dec/2023:08:58:27 -0300] "GET /cormun/servlet/permisogoce?INS,0,,, HTTP/1.1" 200 6842
190.171.143.106 - - [05/Dec/2023:08:58:28 -0300] "GET /cormun/servlet/licenciaspermisos?DSP,17477468,L,20231205000000, HTTP/1.1" 200 7161
190.171.143.106 - - [05/Dec/2023:08:58:31 -0300] "POST /cormun/servlet/licenciaspermisos?a7c21f90eac0152acf3f170bc0cc6f68,DSP,17477468,L,20231205000000,,gx-no-cache=1701777806725 HTTP/1.1" 200 93
190.171.143.106 - - [05/Dec/2023:08:58:31 -0300] "GET /cormun/servlet/hpexe_return? HTTP/1.1" 200 1029
190.171.143.106 - - [05/Dec/2023:08:58:31 -0300] "GET /cormun/servlet/trlicencias HTTP/1.1" 200 10445
181.212.42.153 - - [05/Dec/2023:08:58:35 -0300] "GET /cormun/servlet/permisogoce?fa60ff92d58934fa49dafb406f570aa75820db12aeec0b2233f498d2b9318d9bad190c4dfc31762820df19710a1187650d5f71bd609685b3aa461aeca9e87e99,gx-no-cache=1701777440439 HTTP/1.1" 200 83
181.212.42.153 - - [05/Dec/2023:08:58:39 -0300] "GET /cormun/servlet/permisogoce?fa60ff92d58934fa49dafb406f570aa7edc920a49bc46e090c3a1353bc4519fb95f88153d61ddaf86048e02bb98b8e200e3e68e5684363a6dac7c9ed3add5566,gx-no-cache=1701777444630 HTTP/1.1" 200 47
190.171.143.106 - - [05/Dec/2023:08:58:42 -0300] "GET /cormun/servlet/licenciaspermisos?DLT,17477468,L,20231205000000, HTTP/1.1" 200 7268
190.171.143.106 - - [05/Dec/2023:08:58:42 -0300] "GET /cormun/static/Shared/jqueryui/images/ui-icons_82798d_256x240.png HTTP/1.1" 404 1089
190.171.143.106 - - [05/Dec/2023:08:58:42 -0300] "GET /cormun/static/Shared/jqueryui/images/ui-bg_highlight-soft_100_c6c2c8_1x100.png HTTP/1.1" 404 1117
190.171.143.106 - - [05/Dec/2023:08:58:42 -0300] "GET /cormun/static/Shared/jqueryui/images/ui-bg_flat_55_fafafa_40x100.png HTTP/1.1" 404 1097
190.171.143.106 - - [05/Dec/2023:08:58:42 -0300] "GET /cormun/static/Shared/jqueryui/images/ui-icons_8d78a5_256x240.png HTTP/1.1" 404 1089
181.212.42.153 - - [05/Dec/2023:08:58:51 -0300] "POST /cormun/servlet/permisogoce?a97b9981235606326c68089a38ad5d3e,INS,0,,,,gx-no-cache=1701777445668 HTTP/1.1" 200 93
181.212.42.153 - - [05/Dec/2023:08:58:51 -0300] "GET /cormun/servlet/hpexe_return? HTTP/1.1" 200 1023
181.212.42.153 - - [05/Dec/2023:08:58:51 -0300] "GET /cormun/servlet/trpermisosgoce?gx-no-cache=1701777153978 HTTP/1.1" 200 7980
181.212.42.153 - - [05/Dec/2023:08:58:55 -0300] "GET /cormun/servlet/apermisogoceprn?16884181,P,20231205085635,PU HTTP/1.1" 200 1662
181.212.42.153 - - [05/Dec/2023:08:58:59 -0300] "GET /cormun/servlet/permisogoce?INS,0,,, HTTP/1.1" 200 6842
190.171.143.82 - - [05/Dec/2023:08:59:04 -0300] "POST /cormun/servlet/trcontratosolicitud?41298f85fc583ca5ae210c10a31b66d8,,gx-no-cache=1701777447635 HTTP/1.1" 200 5073
190.171.143.106 - - [05/Dec/2023:08:59:06 -0300] "POST /cormun/servlet/licenciaspermisos?a7c21f90eac0152acf3f170bc0cc6f68,DLT,17477468,L,20231205000000,,gx-no-cache=1701777820172 HTTP/1.1" 200 93
190.171.143.106 - - [05/Dec/2023:08:59:06 -0300] "GET /cormun/servlet/hpexe_return? HTTP/1.1" 200 1029
190.171.143.106 - - [05/Dec/2023:08:59:06 -0300] "GET /cormun/servlet/trlicencias HTTP/1.1" 200 9900
190.171.153.26 - - [05/Dec/2023:08:59:11 -0300] "POST /cormun/servlet/trpermisosgoce?dbfa988aa3c2474e70605a1fbdafa707,gx-no-cache=1701781075013 HTTP/1.1" 200 15878
181.212.42.153 - - [05/Dec/2023:08:59:11 -0300] "GET /cormun/servlet/permisogoce?fa60ff92d58934fa49dafb406f570aa70869fe57e0893003f08ad54b76030a63ad190c4dfc31762820df19710a1187650d5f71bd609685b3aa461aeca9e87e99,gx-no-cache=1701777476834 HTTP/1.1" 200 83
190.171.143.106 - - [05/Dec/2023:08:59:24 -0300] "GET /cormun/servlet/trlicenciaspermisosadjuntos?9913455,20231129000000,L, HTTP/1.1" 200 6335
181.212.42.153 - - [05/Dec/2023:08:59:24 -0300] "GET /cormun/servlet/permisogoce?fa60ff92d58934fa49dafb406f570aa7d8e1909abc8f4583b54f5fe50ba1070450960f2d9be5d4810d312c27acd7a8690e3e68e5684363a6dac7c9ed3add5566,gx-no-cache=1701777489661 HTTP/1.1" 200 48
190.171.143.106 - - [05/Dec/2023:08:59:27 -0300] "GET /cormun/servlet/trlicencias HTTP/1.1" 200 9900
181.212.42.153 - - [05/Dec/2023:08:59:33 -0300] "POST /cormun/servlet/permisogoce?a97b9981235606326c68089a38ad5d3e,INS,0,,,,gx-no-cache=1701777490604 HTTP/1.1" 200 93
181.212.42.153 - - [05/Dec/2023:08:59:33 -0300] "GET /cormun/servlet/hpexe_return? HTTP/1.1" 200 1023
181.212.42.153 - - [05/Dec/2023:08:59:33 -0300] "GET /cormun/servlet/trpermisosgoce?gx-no-cache=1701777153978 HTTP/1.1" 200 7980
181.212.42.153 - - [05/Dec/2023:08:59:45 -0300] "POST /cormun/servlet/trpermisosgoce?a97b9981235606326c68089a38ad5d3e,gx-no-cache=1701777153978,gx-no-cache=1701777508064 HTTP/1.1" 200 5344
181.212.42.153 - - [05/Dec/2023:09:00:03 -0300] "GET /cormun/servlet/apermisogoceprn?13947861,P,20231205085707,PU HTTP/1.1" 200 1656
181.212.42.153 - - [05/Dec/2023:09:00:09 -0300] "GET /cormun/servlet/permisogoce?INS,0,,, HTTP/1.1" 200 6842
181.212.42.153 - - [05/Dec/2023:09:00:21 -0300] "GET /cormun/servlet/permisogoce?fa60ff92d58934fa49dafb406f570aa7d8a58c9a48036c79d73953e2618e98e9ad190c4dfc31762820df19710a1187650d5f71bd609685b3aa461aeca9e87e99,gx-no-cache=1701777546250 HTTP/1.1" 200 81
181.212.42.153 - - [05/Dec/2023:09:00:29 -0300] "GET /cormun/servlet/permisogoce?fa60ff92d58934fa49dafb406f570aa772596024812d48b54ce2592f4ef822531ce68e6cc1891e8a17a3b61bfc9612fd0e3e68e5684363a6dac7c9ed3add5566,gx-no-cache=1701777554798 HTTP/1.1" 200 48
181.212.42.153 - - [05/Dec/2023:09:00:43 -0300] "POST /cormun/servlet/permisogoce?a97b9981235606326c68089a38ad5d3e,INS,0,,,,gx-no-cache=1701777555767 HTTP/1.1" 200 93
181.212.42.153 - - [05/Dec/2023:09:00:43 -0300] "GET /cormun/servlet/hpexe_return? HTTP/1.1" 200 1023
181.212.42.153 - - [05/Dec/2023:09:00:43 -0300] "GET /cormun/servlet/trpermisosgoce?gx-no-cache=1701777153978 HTTP/1.1" 200 8055
181.212.42.153 - - [05/Dec/2023:09:00:50 -0300] "POST /cormun/servlet/trpermisosgoce?a97b9981235606326c68089a38ad5d3e,gx-no-cache=1701777153978,gx-no-cache=1701777575559 HTTP/1.1" 200 5060
181.212.42.153 - - [05/Dec/2023:09:00:52 -0300] "GET /cormun/servlet/apermisogoceprn?20369147,P,20231205085816,PU HTTP/1.1" 200 1655
181.212.42.153 - - [05/Dec/2023:09:00:56 -0300] "GET /cormun/servlet/permisogoce?INS,0,,, HTTP/1.1" 200 6842
181.212.42.153 - - [05/Dec/2023:09:01:02 -0300] "GET /cormun/servlet/permisogoce?fa60ff92d58934fa49dafb406f570aa70556e59d54dfe8fe6c8b8cec371ede0aa3674d503cbb45112c46bd039f71663e0203289ec1413ce169a61999316b5e22,gx-no-cache=1701777587087 HTTP/1.1" 200 226
181.212.42.153 - - [05/Dec/2023:09:01:07 -0300] "GET /cormun/servlet/permisogoce?fa60ff92d58934fa49dafb406f570aa7d8a58c9a48036c79d73953e2618e98e9ad190c4dfc31762820df19710a1187650d5f71bd609685b3aa461aeca9e87e99,gx-no-cache=1701777592373 HTTP/1.1" 200 86
181.212.42.153 - - [05/Dec/2023:09:01:11 -0300] "GET /cormun/servlet/permisogoce?fa60ff92d58934fa49dafb406f570aa772596024812d48b54ce2592f4ef822530849b965fee580349bfe8b3964ab82af0e3e68e5684363a6dac7c9ed3add5566,gx-no-cache=1701777596862 HTTP/1.1" 200 48
181.212.42.153 - - [05/Dec/2023:09:01:22 -0300] "POST /cormun/servlet/permisogoce?a97b9981235606326c68089a38ad5d3e,INS,0,,,,gx-no-cache=1701777597786 HTTP/1.1" 200 93
181.212.42.153 - - [05/Dec/2023:09:01:22 -0300] "GET /cormun/servlet/hpexe_return? HTTP/1.1" 200 1023
181.212.42.153 - - [05/Dec/2023:09:01:22 -0300] "GET /cormun/servlet/trpermisosgoce?gx-no-cache=1701777153978 HTTP/1.1" 200 7992
181.212.42.153 - - [05/Dec/2023:09:01:25 -0300] "GET /cormun/servlet/trpermisosadjuntos?20369147,20231205085904,P, HTTP/1.1" 200 6308
181.212.42.153 - - [05/Dec/2023:09:01:25 -0300] "GET /cormun/static/gxcfg.js?2020121641683 HTTP/1.1" 200 953
181.212.42.153 - - [05/Dec/2023:09:01:25 -0300] "GET /cormun/static/trpermisosadjuntos.js?2020121642996 HTTP/1.1" 200 20158
181.212.42.153 - - [05/Dec/2023:09:01:27 -0300] "GET /cormun/servlet/trpermisosgoce?gx-no-cache=1701777153978 HTTP/1.1" 200 7992
181.212.42.153 - - [05/Dec/2023:09:01:29 -0300] "GET /cormun/servlet/apermisogoceprn?20369147,P,20231205085904,PU HTTP/1.1" 200 1658
181.212.42.153 - - [05/Dec/2023:09:01:36 -0300] "GET /cormun/servlet/permisogoce?INS,0,,, HTTP/1.1" 200 6843
181.212.42.153 - - [05/Dec/2023:09:01:44 -0300] "GET /cormun/servlet/permisogoce?fa60ff92d58934fa49dafb406f570aa7dac5d954c6924e3610e4dc1982ce2054ad190c4dfc31762820df19710a1187650d5f71bd609685b3aa461aeca9e87e99,gx-no-cache=1701777629671 HTTP/1.1" 200 89
190.171.143.82 - - [05/Dec/2023:09:01:51 -0300] "POST /cormun/servlet/trcontratosolicitud?41298f85fc583ca5ae210c10a31b66d8,,gx-no-cache=1701777635660 HTTP/1.1" 200 5073
181.212.42.153 - - [05/Dec/2023:09:01:56 -0300] "GET /cormun/servlet/permisogoce?fa60ff92d58934fa49dafb406f570aa7f50b2d6950536b76eb00ccf61d71022c44cf6c0cd02ac468512951878b8caedb0e3e68e5684363a6dac7c9ed3add5566,gx-no-cache=1701777641160 HTTP/1.1" 200 48
181.212.42.153 - - [05/Dec/2023:09:01:57 -0300] "POST /cormun/servlet/permisogoce?a97b9981235606326c68089a38ad5d3e,INS,0,,,,gx-no-cache=1701777642083 HTTP/1.1" 200 93
181.212.42.153 - - [05/Dec/2023:09:01:57 -0300] "GET /cormun/servlet/hpexe_return? HTTP/1.1" 200 1023
181.212.42.153 - - [05/Dec/2023:09:01:57 -0300] "GET /cormun/servlet/trpermisosgoce?gx-no-cache=1701777153978 HTTP/1.1" 200 7992
181.212.42.153 - - [05/Dec/2023:09:02:03 -0300] "POST /cormun/servlet/trpermisosgoce?a97b9981235606326c68089a38ad5d3e,gx-no-cache=1701777153978,gx-no-cache=1701777648850 HTTP/1.1" 200 5059
181.212.42.153 - - [05/Dec/2023:09:02:05 -0300] "GET /cormun/servlet/apermisogoceprn?17235429,P,20231205085943,PU HTTP/1.1" 200 1654
181.212.42.153 - - [05/Dec/2023:09:02:23 -0300] "GET /cormun/servlet/permisogoce?INS,0,,, HTTP/1.1" 200 6841
181.212.42.153 - - [05/Dec/2023:09:02:29 -0300] "GET /cormun/servlet/permisogoce?fa60ff92d58934fa49dafb406f570aa77e544714067b12913a704a9baa972aa9a3674d503cbb45112c46bd039f71663e0203289ec1413ce169a61999316b5e22,gx-no-cache=1701777674713 HTTP/1.1" 200 84
181.212.42.153 - - [05/Dec/2023:09:02:34 -0300] "GET /cormun/servlet/permisogoce?fa60ff92d58934fa49dafb406f570aa7672df551f0a3c61d25bdf99639e3d3c9bd4040781307a708d7591398b6db2e1bfa4bc7ba8a9f1e0036773c4fe4377975,gx-no-cache=1701777679125 HTTP/1.1" 200 47
200.54.100.179 - - [05/Dec/2023:09:02:34 -0300] "GET /cormun/servlet/hlogin HTTP/1.1" 200 1720
200.54.100.179 - - [05/Dec/2023:09:02:34 -0300] "GET /cormun/servlet/hlogin HTTP/1.1" 200 1731
181.212.42.153 - - [05/Dec/2023:09:02:35 -0300] "POST /cormun/servlet/permisogoce?a97b9981235606326c68089a38ad5d3e,INS,0,,,,gx-no-cache=1701777679946 HTTP/1.1" 200 93
181.212.42.153 - - [05/Dec/2023:09:02:35 -0300] "GET /cormun/servlet/hpexe_return? HTTP/1.1" 200 1023
181.212.42.153 - - [05/Dec/2023:09:02:35 -0300] "GET /cormun/servlet/trpermisosgoce?gx-no-cache=1701777153978 HTTP/1.1" 200 7769
200.54.100.179 - - [05/Dec/2023:09:02:36 -0300] "POST /cormun/servlet/hlogin?06c0b109cfbf580fa2592e5974ad8626,gx-no-cache=1701777681121 HTTP/1.1" 200 90
200.54.100.179 - - [05/Dec/2023:09:02:36 -0300] "GET /cormun/servlet/hpexe_link HTTP/1.1" 200 951
200.54.100.179 - - [05/Dec/2023:09:02:37 -0300] "GET /cormun/servlet/hhome HTTP/1.1" 200 4323
190.171.143.82 - - [05/Dec/2023:09:02:40 -0300] "POST /cormun/servlet/trcontratosolicitud?41298f85fc583ca5ae210c10a31b66d8,,gx-no-cache=1701777685111 HTTP/1.1" 200 5080
200.54.100.179 - - [05/Dec/2023:09:02:40 -0300] "GET /cormun/servlet/trpermisosgoce? HTTP/1.1" 200 12134
181.212.42.153 - - [05/Dec/2023:09:02:43 -0300] "POST /cormun/servlet/trpermisosgoce?a97b9981235606326c68089a38ad5d3e,gx-no-cache=1701777153978,gx-no-cache=1701777688078 HTTP/1.1" 200 5048
181.212.42.153 - - [05/Dec/2023:09:02:44 -0300] "GET /cormun/servlet/apermisogoceprn?8434279,P,20231205090030,PU HTTP/1.1" 200 1656
200.54.100.179 - - [05/Dec/2023:09:02:55 -0300] "GET /cormun/servlet/permisogoce?INS,0,,, HTTP/1.1" 200 7214
181.212.42.153 - - [05/Dec/2023:09:03:01 -0300] "GET /cormun/servlet/permisogoce?INS,0,,, HTTP/1.1" 200 6842
181.212.42.153 - - [05/Dec/2023:09:03:08 -0300] "GET /cormun/servlet/permisogoce?fa60ff92d58934fa49dafb406f570aa793a2b1e0b7362ad4491357d6b6326a54ad190c4dfc31762820df19710a1187650d5f71bd609685b3aa461aeca9e87e99,gx-no-cache=1701777713450 HTTP/1.1" 200 76
181.212.42.153 - - [05/Dec/2023:09:03:14 -0300] "GET /cormun/servlet/permisogoce?fa60ff92d58934fa49dafb406f570aa782e224cadbbfefd5cb0153c64658c8b903a8edd59c8827083d8a209b2273749268e7150e80ca9d4344f7d8db849985b1,gx-no-cache=1701777719346 HTTP/1.1" 200 47
181.212.42.153 - - [05/Dec/2023:09:03:15 -0300] "POST /cormun/servlet/permisogoce?a97b9981235606326c68089a38ad5d3e,INS,0,,,,gx-no-cache=1701777720190 HTTP/1.1" 200 93
181.212.42.153 - - [05/Dec/2023:09:03:15 -0300] "GET /cormun/servlet/hpexe_return? HTTP/1.1" 200 1023
181.212.42.153 - - [05/Dec/2023:09:03:15 -0300] "GET /cormun/servlet/trpermisosgoce?gx-no-cache=1701777153978 HTTP/1.1" 200 7765
181.212.42.153 - - [05/Dec/2023:09:03:21 -0300] "POST /cormun/servlet/trpermisosgoce?a97b9981235606326c68089a38ad5d3e,gx-no-cache=1701777153978,gx-no-cache=1701777726742 HTTP/1.1" 200 5048
181.212.42.153 - - [05/Dec/2023:09:03:29 -0300] "GET /cormun/servlet/apermisogoceprn?10578120,P,20231205090109,PU HTTP/1.1" 200 1646
181.212.42.153 - - [05/Dec/2023:09:03:49 -0300] "GET /cormun/servlet/permisogoce?INS,0,,, HTTP/1.1" 200 6842
181.212.42.153 - - [05/Dec/2023:09:03:57 -0300] "GET /cormun/servlet/permisogoce?fa60ff92d58934fa49dafb406f570aa7f76b596343333571131e923b3e05d9fcad190c4dfc31762820df19710a1187650d5f71bd609685b3aa461aeca9e87e99,gx-no-cache=1701777762694 HTTP/1.1" 200 81
181.212.42.153 - - [05/Dec/2023:09:04:14 -0300] "GET /cormun/servlet/permisogoce?fa60ff92d58934fa49dafb406f570aa730a6920cfe84b9dc93a4f2bc68edf5421043220a7e650831caef87450556fc350e3e68e5684363a6dac7c9ed3add5566,gx-no-cache=1701777778996 HTTP/1.1" 200 47
200.54.100.179 - - [05/Dec/2023:09:04:14 -0300] "GET /cormun/servlet/permisogoce?47621949b357bdc3fa1a7aa59103783c6bb091c221edc86d9c06ed74e7f7c03226dcad87bcb2a814149528c048b9a9548de94d8998c23c9bdcd126142f61c21a,gx-no-cache=1701777778266 HTTP/1.1" 200 77
181.212.42.153 - - [05/Dec/2023:09:04:15 -0300] "POST /cormun/servlet/permisogoce?a97b9981235606326c68089a38ad5d3e,INS,0,,,,gx-no-cache=1701777779990 HTTP/1.1" 200 93
181.212.42.153 - - [05/Dec/2023:09:04:15 -0300] "GET /cormun/servlet/hpexe_return? HTTP/1.1" 200 1023
181.212.42.153 - - [05/Dec/2023:09:04:15 -0300] "GET /cormun/servlet/trpermisosgoce?gx-no-cache=1701777153978 HTTP/1.1" 200 7759
200.54.100.179 - - [05/Dec/2023:09:04:15 -0300] "GET /cormun/static/menuarrow.gif HTTP/1.1" 404 1015
181.212.42.153 - - [05/Dec/2023:09:04:18 -0300] "GET /cormun/servlet/apermisogoceprn?10578120,P,20231205090109,PU HTTP/1.1" 200 1647
181.212.42.153 - - [05/Dec/2023:09:04:37 -0300] "GET /cormun/servlet/permisogoce?INS,0,,, HTTP/1.1" 200 6842
181.212.42.153 - - [05/Dec/2023:09:04:44 -0300] "GET /cormun/servlet/permisogoce?fa60ff92d58934fa49dafb406f570aa76b6595dbeac961d7d1434adf6b5a202dad190c4dfc31762820df19710a1187650d5f71bd609685b3aa461aeca9e87e99,gx-no-cache=1701777809698 HTTP/1.1" 200 81
181.212.42.153 - - [05/Dec/2023:09:04:54 -0300] "GET /cormun/servlet/permisogoce?fa60ff92d58934fa49dafb406f570aa7b6335a7ef489428d2d6f5d708a519462339aa8f8363892caf239e4f7dce0a6b40e3e68e5684363a6dac7c9ed3add5566,gx-no-cache=1701777819965 HTTP/1.1" 200 47
181.212.42.153 - - [05/Dec/2023:09:04:56 -0300] "POST /cormun/servlet/permisogoce?a97b9981235606326c68089a38ad5d3e,INS,0,,,,gx-no-cache=1701777821064 HTTP/1.1" 200 93
181.212.42.153 - - [05/Dec/2023:09:04:56 -0300] "GET /cormun/servlet/hpexe_return? HTTP/1.1" 200 1023
181.212.42.153 - - [05/Dec/2023:09:04:56 -0300] "GET /cormun/servlet/trpermisosgoce?gx-no-cache=1701777153978 HTTP/1.1" 200 7759
200.54.100.179 - - [05/Dec/2023:09:05:00 -0300] "GET /cormun/servlet/permisogoce?47621949b357bdc3fa1a7aa59103783c11210e5f53fd18c79d52b251b873cd7f2e670be7f7c7d84b3a5e5098033fbe035db1d956cd812ef22fd3ea741ee5e228,gx-no-cache=1701777824583 HTTP/1.1" 200 46
200.54.100.179 - - [05/Dec/2023:09:05:04 -0300] "POST /cormun/servlet/permisogoce?06c0b109cfbf580fa2592e5974ad8626,INS,0,,,,gx-no-cache=1701777827615 HTTP/1.1" 200 93
200.54.100.179 - - [05/Dec/2023:09:05:04 -0300] "GET /cormun/servlet/hpexe_return? HTTP/1.1" 200 1011
181.212.42.153 - - [05/Dec/2023:09:05:04 -0300] "POST /cormun/servlet/trpermisosgoce?a97b9981235606326c68089a38ad5d3e,gx-no-cache=1701777153978,gx-no-cache=1701777829506 HTTP/1.1" 200 5053
200.54.100.179 - - [05/Dec/2023:09:05:04 -0300] "GET /cormun/servlet/trpermisosgoce HTTP/1.1" 200 12467
181.212.42.153 - - [05/Dec/2023:09:05:06 -0300] "GET /cormun/servlet/apermisogoceprn?18143626,P,20231205090245,PU HTTP/1.1" 200 1651
200.54.100.179 - - [05/Dec/2023:09:05:09 -0300] "GET /cormun/servlet/apermisogoceprn?8550194,P,20231205090103,PU HTTP/1.1" 200 1658
181.212.42.153 - - [05/Dec/2023:09:05:22 -0300] "GET /cormun/servlet/permisogoce?INS,0,,, HTTP/1.1" 200 6842
181.212.42.153 - - [05/Dec/2023:09:05:28 -0300] "GET /cormun/servlet/permisogoce?fa60ff92d58934fa49dafb406f570aa7059d2acf37cbc40bca26afa9bc084d78ad190c4dfc31762820df19710a1187650d5f71bd609685b3aa461aeca9e87e99,gx-no-cache=1701777853837 HTTP/1.1" 200 82
181.212.42.153 - - [05/Dec/2023:09:05:41 -0300] "GET /cormun/servlet/permisogoce?fa60ff92d58934fa49dafb406f570aa79c7b7f0afcf846b8a6fe725de2af297eb9edbd6fe182b7713173dcb0935d622e0e3e68e5684363a6dac7c9ed3add5566,gx-no-cache=1701777866496 HTTP/1.1" 200 47
181.212.42.153 - - [05/Dec/2023:09:05:44 -0300] "POST /cormun/servlet/permisogoce?a97b9981235606326c68089a38ad5d3e,INS,0,,,,gx-no-cache=1701777868698 HTTP/1.1" 200 93
181.212.42.153 - - [05/Dec/2023:09:05:44 -0300] "GET /cormun/servlet/hpexe_return? HTTP/1.1" 200 1023
181.212.42.153 - - [05/Dec/2023:09:05:44 -0300] "GET /cormun/servlet/trpermisosgoce?gx-no-cache=1701777153978 HTTP/1.1" 200 7767
181.212.42.153 - - [05/Dec/2023:09:05:49 -0300] "POST /cormun/servlet/trpermisosgoce?a97b9981235606326c68089a38ad5d3e,gx-no-cache=1701777153978,gx-no-cache=1701777874846 HTTP/1.1" 200 5329
181.212.42.153 - - [05/Dec/2023:09:05:52 -0300] "GET /cormun/servlet/apermisogoceprn?13503630,P,20231205090329,PU HTTP/1.1" 200 1649
190.95.15.15 - - [05/Dec/2023:09:06:10 -0300] "GET /cormun/servlet/hlogin HTTP/1.1" 200 1719
190.95.15.15 - - [05/Dec/2023:09:06:10 -0300] "GET /cormun/servlet/hlogin HTTP/1.1" 200 1729
200.54.100.179 - - [05/Dec/2023:09:07:17 -0300] "GET /cormun/servlet/permisogoce?INS,0,,, HTTP/1.1" 200 7214
181.212.42.153 - - [05/Dec/2023:09:07:43 -0300] "GET /cormun/servlet/permisogoce?INS,0,,, HTTP/1.1" 200 6842
200.54.100.179 - - [05/Dec/2023:09:07:46 -0300] "GET /cormun/servlet/permisogoce?47621949b357bdc3fa1a7aa59103783c05f1e5b7c2e45b90e87d0b9e6e7c4cbd14a79abc4caa9b68fd235ffaf257bd154db9ca4667e52531364877eb2363eaa4,gx-no-cache=1701777990672 HTTP/1.1" 200 82
200.54.100.179 - - [05/Dec/2023:09:07:57 -0300] "GET /cormun/servlet/permisogoce?47621949b357bdc3fa1a7aa59103783c8d1c8a0c3c8fb46587a813abb2fba03a46c3154775f44d519efd9e38fd5341aed58313d62e41bc624d92e3b0f442334b,gx-no-cache=1701778001812 HTTP/1.1" 200 48
200.54.100.179 - - [05/Dec/2023:09:07:57 -0300] "POST /cormun/servlet/permisogoce?06c0b109cfbf580fa2592e5974ad8626,INS,0,,,,gx-no-cache=1701778001831 HTTP/1.1" 200 93
200.54.100.179 - - [05/Dec/2023:09:07:58 -0300] "GET /cormun/servlet/hpexe_return? HTTP/1.1" 200 1011
200.54.100.179 - - [05/Dec/2023:09:07:58 -0300] "GET /cormun/servlet/trpermisosgoce HTTP/1.1" 200 12724
181.212.42.153 - - [05/Dec/2023:09:07:59 -0300] "GET /cormun/servlet/permisogoce?fa60ff92d58934fa49dafb406f570aa7abb387217b16e47e08a9c43bee9d9774ad190c4dfc31762820df19710a1187650d5f71bd609685b3aa461aeca9e87e99,gx-no-cache=1701778004542 HTTP/1.1" 200 77
200.54.100.179 - - [05/Dec/2023:09:08:03 -0300] "GET /cormun/servlet/apermisogoceprn?10488717,P,20231205090524,PU HTTP/1.1" 200 1648
181.212.42.153 - - [05/Dec/2023:09:08:13 -0300] "GET /cormun/servlet/permisogoce?fa60ff92d58934fa49dafb406f570aa750d77546e02a39d2b7bfd6bfa072c5aaf74c198d27afd5433b05473e5116b98a68e7150e80ca9d4344f7d8db849985b1,gx-no-cache=1701778018167 HTTP/1.1" 200 47
181.212.42.153 - - [05/Dec/2023:09:08:14 -0300] "POST /cormun/servlet/permisogoce?a97b9981235606326c68089a38ad5d3e,INS,0,,,,gx-no-cache=1701778019090 HTTP/1.1" 200 93
181.212.42.153 - - [05/Dec/2023:09:08:14 -0300] "GET /cormun/servlet/hpexe_return? HTTP/1.1" 200 1023
181.212.42.153 - - [05/Dec/2023:09:08:14 -0300] "GET /cormun/servlet/trpermisosgoce?gx-no-cache=1701777153978 HTTP/1.1" 200 8042
181.212.42.153 - - [05/Dec/2023:09:08:21 -0300] "POST /cormun/servlet/trpermisosgoce?a97b9981235606326c68089a38ad5d3e,gx-no-cache=1701777153978,gx-no-cache=1701778026082 HTTP/1.1" 200 5051
181.212.42.153 - - [05/Dec/2023:09:08:22 -0300] "GET /cormun/servlet/apermisogoceprn?18378082,P,20231205090551,PU HTTP/1.1" 200 1651
190.95.15.15 - - [05/Dec/2023:09:08:30 -0300] "POST /cormun/servlet/hlogin?b75bf648510d4f25ad4155b54f3b3aa7,gx-no-cache=1701778034801 HTTP/1.1" 200 90
190.95.15.15 - - [05/Dec/2023:09:08:30 -0300] "GET /cormun/servlet/hpexe_link HTTP/1.1" 200 947
190.95.15.15 - - [05/Dec/2023:09:08:30 -0300] "GET /cormun/servlet/hhome HTTP/1.1" 200 3968
190.95.15.15 - - [05/Dec/2023:09:08:36 -0300] "GET /cormun/servlet/trlicencias? HTTP/1.1" 200 12385
181.212.42.153 - - [05/Dec/2023:09:08:44 -0300] "POST /cormun/servlet/trpermisosgoce?a97b9981235606326c68089a38ad5d3e,gx-no-cache=1701777153978,gx-no-cache=1701778049625 HTTP/1.1" 200 5291
190.171.149.90 - - [05/Dec/2023:09:09:07 -0300] "GET /cormun/servlet/hlogin HTTP/1.1" 200 1721
190.171.149.90 - - [05/Dec/2023:09:09:07 -0300] "GET /cormun/servlet/hlogin HTTP/1.1" 200 1732
181.212.42.153 - - [05/Dec/2023:09:09:07 -0300] "POST /cormun/servlet/trpermisosgoce?a97b9981235606326c68089a38ad5d3e,gx-no-cache=1701777153978,gx-no-cache=1701778072645 HTTP/1.1" 200 5709
190.171.149.90 - - [05/Dec/2023:09:09:10 -0300] "POST /cormun/servlet/hlogin?6078a90d3e08c3fe11fc43c8a5ed7886,gx-no-cache=1701778061518 HTTP/1.1" 200 90
190.171.149.90 - - [05/Dec/2023:09:09:10 -0300] "GET /cormun/servlet/hpexe_link HTTP/1.1" 200 950
190.171.149.90 - - [05/Dec/2023:09:09:10 -0300] "GET /cormun/servlet/hhome HTTP/1.1" 200 3945
190.171.149.90 - - [05/Dec/2023:09:09:12 -0300] "GET /cormun/servlet/trpermisosgoce? HTTP/1.1" 200 14568
190.171.149.90 - - [05/Dec/2023:09:09:15 -0300] "GET /cormun/servlet/permisogoce?INS,0,,, HTTP/1.1" 200 6812
190.171.149.90 - - [05/Dec/2023:09:09:22 -0300] "GET /cormun/servlet/permisogoce?643965a1cf71918774e0c2f8721b6c7b28ff5c81e49b22ad9094a956ae5716ffb27211d5c5df198a9f32d8f33ddabca4b70735956d34c00b1a8701f0b167ecac,gx-no-cache=1701778073616 HTTP/1.1" 200 82
190.171.149.90 - - [05/Dec/2023:09:09:24 -0300] "GET /cormun/static/menuarrow.gif HTTP/1.1" 404 1015
190.171.149.90 - - [05/Dec/2023:09:09:28 -0300] "GET /cormun/servlet/permisogoce?643965a1cf71918774e0c2f8721b6c7b3d00fe10b1bd70ba0160ae04d47098643a49177aa66e8c71268dfa52b8fe142ee70cbddbc801bc2e37d9f44259cccf57,gx-no-cache=1701778079870 HTTP/1.1" 200 47
190.171.149.90 - - [05/Dec/2023:09:09:31 -0300] "POST /cormun/servlet/permisogoce?6078a90d3e08c3fe11fc43c8a5ed7886,INS,0,,,,gx-no-cache=1701778081563 HTTP/1.1" 200 93
190.171.149.90 - - [05/Dec/2023:09:09:31 -0300] "GET /cormun/servlet/hpexe_return? HTTP/1.1" 200 1009
190.171.149.90 - - [05/Dec/2023:09:09:31 -0300] "GET /cormun/servlet/trpermisosgoce HTTP/1.1" 200 14790
190.95.15.15 - - [05/Dec/2023:09:09:33 -0300] "GET /cormun/servlet/licenciaspermisos?DSP,12694232,L,20231121000000, HTTP/1.1" 200 7103
190.171.149.90 - - [05/Dec/2023:09:09:34 -0300] "GET /cormun/servlet/apermisogoceprn?18647240,P,20231205090722,PU HTTP/1.1" 200 1654
190.95.15.15 - - [05/Dec/2023:09:09:46 -0300] "POST /cormun/servlet/licenciaspermisos?b75bf648510d4f25ad4155b54f3b3aa7,DSP,12694232,L,20231121000000,,gx-no-cache=1701778110811 HTTP/1.1" 200 93
190.95.15.15 - - [05/Dec/2023:09:09:46 -0300] "GET /cormun/servlet/hpexe_return? HTTP/1.1" 200 1024
190.95.15.15 - - [05/Dec/2023:09:09:46 -0300] "GET /cormun/servlet/trlicencias HTTP/1.1" 200 12387
190.95.15.15 - - [05/Dec/2023:09:09:49 -0300] "GET /cormun/servlet/licenciaspermisos?DSP,12694232,L,20231128000000, HTTP/1.1" 200 7096
190.95.15.15 - - [05/Dec/2023:09:09:59 -0300] "POST /cormun/servlet/licenciaspermisos?b75bf648510d4f25ad4155b54f3b3aa7,DSP,12694232,L,20231128000000,,gx-no-cache=1701778123451 HTTP/1.1" 200 93
190.95.15.15 - - [05/Dec/2023:09:09:59 -0300] "GET /cormun/servlet/hpexe_return? HTTP/1.1" 200 1023
190.95.15.15 - - [05/Dec/2023:09:09:59 -0300] "GET /cormun/servlet/trlicencias HTTP/1.1" 200 12387
181.212.43.89 - - [05/Dec/2023:09:10:07 -0300] "GET /cormun/servlet/hlogin HTTP/1.1" 200 1723
181.212.43.89 - - [05/Dec/2023:09:10:07 -0300] "GET /cormun/static/gxtimezone.js?85251 HTTP/1.1" 200 5781
181.212.43.89 - - [05/Dec/2023:09:10:07 -0300] "GET /cormun/static/gxcfg.js?2022112219184450 HTTP/1.1" 200 953
181.212.43.89 - - [05/Dec/2023:09:10:08 -0300] "GET /cormun/static/Resources/Spanish/PXTools.css?1759030 HTTP/1.1" 200 100853
181.212.43.89 - - [05/Dec/2023:09:10:08 -0300] "GET /cormun/static/messages.spa.js?85251 HTTP/1.1" 200 30736
181.212.43.89 - - [05/Dec/2023:09:10:08 -0300] "GET /cormun/static/hlogin.js?2022112219184458 HTTP/1.1" 200 2156
181.212.43.89 - - [05/Dec/2023:09:10:08 -0300] "GET /cormun/static/Resources/CormunLogin.png HTTP/1.1" 200 19132
181.212.43.89 - - [05/Dec/2023:09:10:08 -0300] "GET /cormun/static/gxgral.js?85251 HTTP/1.1" 200 384558
181.212.43.89 - - [05/Dec/2023:09:10:08 -0300] "GET /cormun/static/Resources/PXToolsButtonLeft.png HTTP/1.1" 200 1310
181.212.43.89 - - [05/Dec/2023:09:10:08 -0300] "GET /cormun/static/Resources/PXToolsLoginTop.png HTTP/1.1" 200 1337
181.212.43.89 - - [05/Dec/2023:09:10:08 -0300] "GET /cormun/static/Resources/PXToolsLoginBackground.png HTTP/1.1" 200 1164
181.212.43.89 - - [05/Dec/2023:09:10:08 -0300] "GET /cormun/static/Resources/PXToolsButtonRight.png HTTP/1.1" 200 1294
181.212.43.89 - - [05/Dec/2023:09:10:08 -0300] "GET /cormun/static/Resources/PXToolsLoginBottom.png HTTP/1.1" 200 1389
181.212.43.89 - - [05/Dec/2023:09:10:08 -0300] "GET /cormun/static/Resources/PXToolsButtonBackground.png HTTP/1.1" 200 1176
181.212.43.89 - - [05/Dec/2023:09:10:08 -0300] "GET /cormun/servlet/hlogin HTTP/1.1" 200 1734
181.212.43.89 - - [05/Dec/2023:09:10:08 -0300] "GET /cormun/static/Resources/indicator.gif HTTP/1.1" 200 1553
181.212.43.89 - - [05/Dec/2023:09:10:08 -0300] "GET /favicon.ico HTTP/1.1" 200 21630
181.212.43.89 - - [05/Dec/2023:09:10:30 -0300] "POST /cormun/servlet/hlogin?4d67a0be2657a2dae88329c6c52c9091,gx-no-cache=1701778154685 HTTP/1.1" 200 452
190.208.14.6 - - [05/Dec/2023:09:10:33 -0300] "GET /cormun/servlet/hlogin HTTP/1.1" 200 1727
190.208.14.6 - - [05/Dec/2023:09:10:34 -0300] "GET /cormun/static/gxtimezone.js?85251 HTTP/1.1" 200 5781
190.208.14.6 - - [05/Dec/2023:09:10:34 -0300] "GET /cormun/static/gxcfg.js?2022112219184450 HTTP/1.1" 200 953
190.208.14.6 - - [05/Dec/2023:09:10:34 -0300] "GET /cormun/static/Resources/Spanish/PXTools.css?1759030 HTTP/1.1" 200 100853
190.208.14.6 - - [05/Dec/2023:09:10:35 -0300] "GET /cormun/static/gxgral.js?85251 HTTP/1.1" 200 384558
190.208.14.6 - - [05/Dec/2023:09:10:35 -0300] "GET /cormun/static/messages.spa.js?85251 HTTP/1.1" 200 30736
190.208.14.6 - - [05/Dec/2023:09:10:35 -0300] "GET /cormun/static/hlogin.js?2022112219184458 HTTP/1.1" 200 2156
190.208.14.6 - - [05/Dec/2023:09:10:36 -0300] "GET /cormun/static/Resources/CormunLogin.png HTTP/1.1" 200 19132
190.208.14.6 - - [05/Dec/2023:09:10:37 -0300] "GET /cormun/static/Resources/PXToolsButtonRight.png HTTP/1.1" 200 1294
190.208.14.6 - - [05/Dec/2023:09:10:37 -0300] "GET /cormun/static/Resources/PXToolsButtonLeft.png HTTP/1.1" 200 1310
190.208.14.6 - - [05/Dec/2023:09:10:37 -0300] "GET /cormun/static/Resources/PXToolsLoginBackground.png HTTP/1.1" 200 1164
190.208.14.6 - - [05/Dec/2023:09:10:37 -0300] "GET /cormun/static/Resources/PXToolsLoginTop.png HTTP/1.1" 200 1337
190.208.14.6 - - [05/Dec/2023:09:10:37 -0300] "GET /cormun/static/Resources/PXToolsButtonBackground.png HTTP/1.1" 200 1176
190.208.14.6 - - [05/Dec/2023:09:10:37 -0300] "GET /cormun/static/Resources/PXToolsLoginBottom.png HTTP/1.1" 200 1389
190.208.14.6 - - [05/Dec/2023:09:10:38 -0300] "GET /cormun/static/Resources/indicator.gif HTTP/1.1" 200 1553
190.208.14.6 - - [05/Dec/2023:09:10:38 -0300] "GET /cormun/servlet/hlogin HTTP/1.1" 200 1736
190.171.143.90 - - [05/Dec/2023:09:10:41 -0300] "GET /cormun/servlet/hlogin HTTP/1.1" 200 1719
190.171.143.90 - - [05/Dec/2023:09:10:42 -0300] "GET /cormun/servlet/hlogin HTTP/1.1" 200 1729
181.212.43.89 - - [05/Dec/2023:09:10:47 -0300] "POST /cormun/servlet/hlogin?4d67a0be2657a2dae88329c6c52c9091,gx-no-cache=1701778171687 HTTP/1.1" 200 449
190.171.143.90 - - [05/Dec/2023:09:10:49 -0300] "POST /cormun/servlet/hlogin?0e926211f0a9f359e0e4f44f59841529,gx-no-cache=1701778173275 HTTP/1.1" 200 90
190.171.143.90 - - [05/Dec/2023:09:10:49 -0300] "GET /cormun/servlet/hpexe_link HTTP/1.1" 200 950
190.171.143.90 - - [05/Dec/2023:09:10:49 -0300] "GET /cormun/servlet/hhome HTTP/1.1" 200 4322
181.212.43.89 - - [05/Dec/2023:09:10:50 -0300] "POST /cormun/servlet/hlogin?4d67a0be2657a2dae88329c6c52c9091,gx-no-cache=1701778174362 HTTP/1.1" 200 447
190.171.143.90 - - [05/Dec/2023:09:10:52 -0300] "GET /cormun/servlet/trlicencias? HTTP/1.1" 200 12396
190.95.15.15 - - [05/Dec/2023:09:11:01 -0300] "GET /cormun/servlet/trpermisosgoce? HTTP/1.1" 200 13384
190.95.15.15 - - [05/Dec/2023:09:11:07 -0300] "GET /cormun/servlet/hlogin HTTP/1.1" 200 1737
190.95.15.15 - - [05/Dec/2023:09:11:15 -0300] "POST /cormun/servlet/hlogin?b75bf648510d4f25ad4155b54f3b3aa7,gx-no-cache=1701778200211 HTTP/1.1" 200 90
190.95.15.15 - - [05/Dec/2023:09:11:16 -0300] "GET /cormun/servlet/hpexe_link HTTP/1.1" 200 947
190.95.15.15 - - [05/Dec/2023:09:11:16 -0300] "GET /cormun/servlet/hhome HTTP/1.1" 200 4207
190.95.15.15 - - [05/Dec/2023:09:11:16 -0300] "GET /cormun/static/SmoothNavMenu/resources/images/right.gif HTTP/1.1" 200 860
190.95.15.15 - - [05/Dec/2023:09:11:22 -0300] "GET /cormun/servlet/trautorizarpermisogoce? HTTP/1.1" 200 9461
190.95.15.15 - - [05/Dec/2023:09:11:22 -0300] "GET /cormun/static/gxcfg.js?2020121645532 HTTP/1.1" 200 953
190.95.15.15 - - [05/Dec/2023:09:11:22 -0300] "GET /cormun/static/trautorizarpermisogoce.js?2020121651492 HTTP/1.1" 200 34948
190.95.15.15 - - [05/Dec/2023:09:11:47 -0300] "POST /cormun/servlet/trautorizarpermisogoce?b75bf648510d4f25ad4155b54f3b3aa7,,gx-no-cache=1701778210316 HTTP/1.1" 200 6627
190.95.15.15 - - [05/Dec/2023:09:11:47 -0300] "GET /cormun/static/Shared/jqueryui/images/ui-icons_82798d_256x240.png HTTP/1.1" 404 1089
190.95.15.15 - - [05/Dec/2023:09:11:47 -0300] "GET /cormun/static/Shared/jqueryui/images/ui-bg_highlight-soft_100_c6c2c8_1x100.png HTTP/1.1" 404 1117
190.95.15.15 - - [05/Dec/2023:09:11:47 -0300] "GET /cormun/static/Shared/jqueryui/images/ui-icons_8d78a5_256x240.png HTTP/1.1" 404 1089
190.95.15.15 - - [05/Dec/2023:09:11:48 -0300] "GET /cormun/static/Shared/jqueryui/images/ui-bg_flat_55_fafafa_40x100.png HTTP/1.1" 404 1097
190.95.15.15 - - [05/Dec/2023:09:11:56 -0300] "POST /cormun/servlet/trautorizarpermisogoce?b75bf648510d4f25ad4155b54f3b3aa7,,gx-no-cache=1701778241014 HTTP/1.1" 200 6424
190.95.15.15 - - [05/Dec/2023:09:11:58 -0300] "POST /cormun/servlet/trautorizarpermisogoce?b75bf648510d4f25ad4155b54f3b3aa7,,gx-no-cache=1701778242408 HTTP/1.1" 200 6209
190.95.15.15 - - [05/Dec/2023:09:11:59 -0300] "POST /cormun/servlet/trautorizarpermisogoce?b75bf648510d4f25ad4155b54f3b3aa7,,gx-no-cache=1701778243463 HTTP/1.1" 200 6005
190.95.15.15 - - [05/Dec/2023:09:12:00 -0300] "POST /cormun/servlet/trautorizarpermisogoce?b75bf648510d4f25ad4155b54f3b3aa7,,gx-no-cache=1701778244428 HTTP/1.1" 200 5772
190.95.15.15 - - [05/Dec/2023:09:12:01 -0300] "POST /cormun/servlet/trautorizarpermisogoce?b75bf648510d4f25ad4155b54f3b3aa7,,gx-no-cache=1701778245356 HTTP/1.1" 200 5553
190.95.15.15 - - [05/Dec/2023:09:12:02 -0300] "POST /cormun/servlet/trautorizarpermisogoce?b75bf648510d4f25ad4155b54f3b3aa7,,gx-no-cache=1701778246322 HTTP/1.1" 200 5278
190.95.15.15 - - [05/Dec/2023:09:12:03 -0300] "POST /cormun/servlet/trautorizarpermisogoce?b75bf648510d4f25ad4155b54f3b3aa7,,gx-no-cache=1701778247272 HTTP/1.1" 200 4522
190.95.15.15 - - [05/Dec/2023:09:12:15 -0300] "GET /cormun/servlet/hlogin HTTP/1.1" 200 1743
190.95.15.15 - - [05/Dec/2023:09:12:24 -0300] "POST /cormun/servlet/hlogin?b75bf648510d4f25ad4155b54f3b3aa7,gx-no-cache=1701778268486 HTTP/1.1" 200 90
190.95.15.15 - - [05/Dec/2023:09:12:24 -0300] "GET /cormun/servlet/hpexe_link HTTP/1.1" 200 947
190.95.15.15 - - [05/Dec/2023:09:12:24 -0300] "GET /cormun/servlet/hhome HTTP/1.1" 200 3968
