190.171.152.234 - - [14/Nov/2023:09:26:48 -0300] "GET /cormun//static/Resources/PXToolsGridDelete.png HTTP/1.1" 200 538
190.171.152.234 - - [14/Nov/2023:09:27:10 -0300] "GET /cormun/servlet/permisogoce?INS,0,,, HTTP/1.1" 200 7172
190.171.152.234 - - [14/Nov/2023:09:27:10 -0300] "GET /cormun/static/gxcfg.js?20201215124560 HTTP/1.1" 200 953
190.171.152.234 - - [14/Nov/2023:09:27:10 -0300] "GET /cormun/static/permisogoce.js?20201215124939 HTTP/1.1" 200 27790
190.171.152.234 - - [14/Nov/2023:09:27:10 -0300] "GET /cormun/static/Resources/prompt.gif HTTP/1.1" 200 902
190.171.152.234 - - [14/Nov/2023:09:27:21 -0300] "GET /cormun/servlet/permisogoce?27be6b89391245ded7a830672fda64283cf368d6def8bdd3484970ec27cf06c4f331285c10db7a5c7d9cd50f0322cbf1abde7412dc183a1732deb8bd241a58e1,gx-no-cache=1699964968751 HTTP/1.1" 200 226
190.171.152.234 - - [14/Nov/2023:09:27:21 -0300] "GET /cormun/static/Shared/jqueryui/images/ui-bg_highlight-soft_100_c6c2c8_1x100.png HTTP/1.1" 404 1117
190.171.152.234 - - [14/Nov/2023:09:27:21 -0300] "GET /cormun/static/Shared/jqueryui/images/ui-icons_82798d_256x240.png HTTP/1.1" 404 1089
190.171.152.234 - - [14/Nov/2023:09:27:21 -0300] "GET /cormun/static/Shared/jqueryui/images/ui-bg_flat_55_994d53_40x100.png HTTP/1.1" 404 1097
190.171.152.234 - - [14/Nov/2023:09:27:21 -0300] "GET /cormun/static/Shared/jqueryui/images/ui-icons_ebccce_256x240.png HTTP/1.1" 404 1089
84.54.51.190 - - [14/Nov/2023:09:28:48 -0300] "CONNECT google.com:443 HTTP/1.1" 400 -
190.171.152.234 - - [14/Nov/2023:09:28:50 -0300] "GET /cormun/static/Resources/PXTools/ClosePrompt.png HTTP/1.1" 200 1036
190.171.152.234 - - [14/Nov/2023:09:28:50 -0300] "GET /cormun/static/Resources/resize.gif HTTP/1.1" 200 77
190.171.152.234 - - [14/Nov/2023:09:28:51 -0300] "GET /cormun/servlet/prfichaempleado?,MD,,gxPopupLevel%3D0%3B HTTP/1.1" 200 9293
190.171.152.234 - - [14/Nov/2023:09:28:51 -0300] "GET /cormun/static/gxcfg.js?20201215571085 HTTP/1.1" 200 953
190.171.152.234 - - [14/Nov/2023:09:28:51 -0300] "GET /cormun/static/Resources/PXToolsMenuSearch.png HTTP/1.1" 200 336
190.171.152.234 - - [14/Nov/2023:09:28:51 -0300] "GET /cormun/static/prfichaempleado.js?20201215572193 HTTP/1.1" 200 16005
190.171.152.234 - - [14/Nov/2023:09:28:51 -0300] "GET /cormun/static/menusearch.js?20201214473581 HTTP/1.1" 200 1424
190.171.152.234 - - [14/Nov/2023:09:28:51 -0300] "GET /cormun/static/hmpwkw011.js?202211298443482 HTTP/1.1" 200 1968
190.171.152.234 - - [14/Nov/2023:09:28:51 -0300] "GET /cormun/static/Resources/PXToolsMenuSearchCancel.png HTTP/1.1" 200 306
190.171.152.234 - - [14/Nov/2023:09:28:56 -0300] "GET /cormun/servlet/permisogoce?27be6b89391245ded7a830672fda6428dd7b962b534f95fcccccc65bc885e47df331285c10db7a5c7d9cd50f0322cbf1abde7412dc183a1732deb8bd241a58e1,gx-no-cache=1699965063957 HTTP/1.1" 200 79
190.171.152.234 - - [14/Nov/2023:09:29:02 -0300] "GET /cormun/static/menuarrow.gif HTTP/1.1" 404 1015
190.171.152.234 - - [14/Nov/2023:09:29:17 -0300] "GET /cormun/servlet/permisogoce?27be6b89391245ded7a830672fda642813d3556fecf031147bc1adce79241060e1dede9c9dc32b16c55e6a20a20c6ac39683c4145b6b330c9b2047edc41edd41,gx-no-cache=1699965085005 HTTP/1.1" 200 47
190.171.152.234 - - [14/Nov/2023:09:29:21 -0300] "POST /cormun/servlet/permisogoce?bf7761fe832b2301067a9495f830c459,INS,0,,,,gx-no-cache=1699965088617 HTTP/1.1" 200 93
190.171.152.234 - - [14/Nov/2023:09:29:21 -0300] "GET /cormun/servlet/hpexe_return? HTTP/1.1" 200 1011
190.171.152.234 - - [14/Nov/2023:09:29:22 -0300] "GET /cormun/static/gxcfg.js?20221129846035 HTTP/1.1" 200 953
190.171.152.234 - - [14/Nov/2023:09:29:22 -0300] "GET /cormun/static/hpexe_return.js?20221129846037 HTTP/1.1" 200 1633
190.171.152.234 - - [14/Nov/2023:09:29:22 -0300] "GET /cormun/servlet/trpermisosgoce HTTP/1.1" 200 18654
190.171.152.234 - - [14/Nov/2023:09:30:12 -0300] "GET /cormun/servlet/permisogoce?INS,0,,, HTTP/1.1" 200 7172
190.171.152.234 - - [14/Nov/2023:09:30:20 -0300] "GET /cormun/servlet/permisogoce?27be6b89391245ded7a830672fda64287a63ca5bdc445314479bc4442fff307df331285c10db7a5c7d9cd50f0322cbf1abde7412dc183a1732deb8bd241a58e1,gx-no-cache=1699965147367 HTTP/1.1" 200 85
190.171.152.234 - - [14/Nov/2023:09:30:26 -0300] "GET /cormun/static/menuarrow.gif HTTP/1.1" 404 1015
190.171.152.234 - - [14/Nov/2023:09:30:34 -0300] "GET /cormun/servlet/permisogoce?27be6b89391245ded7a830672fda6428d99ec9aec1ddb2b538aa10568f3f77862cff381ab6d28aa531a21f9e474a892f9683c4145b6b330c9b2047edc41edd41,gx-no-cache=1699965161677 HTTP/1.1" 200 47
190.171.152.234 - - [14/Nov/2023:09:30:40 -0300] "POST /cormun/servlet/permisogoce?bf7761fe832b2301067a9495f830c459,INS,0,,,,gx-no-cache=1699965167344 HTTP/1.1" 200 93
190.171.152.234 - - [14/Nov/2023:09:30:40 -0300] "GET /cormun/servlet/hpexe_return? HTTP/1.1" 200 1011
190.171.152.234 - - [14/Nov/2023:09:30:40 -0300] "GET /cormun/servlet/trpermisosgoce HTTP/1.1" 200 18660
190.171.152.234 - - [14/Nov/2023:09:30:48 -0300] "GET /cormun/servlet/permisogoce?INS,0,,, HTTP/1.1" 200 7172
190.171.152.234 - - [14/Nov/2023:09:30:56 -0300] "GET /cormun/servlet/permisogoce?27be6b89391245ded7a830672fda64284ba8ec8d24ca036ea65527bc4d4952f30016365a6ac4ad8b08e1767afec76fabbcec5411d7a5656e0d9ad5a3da8180ff,gx-no-cache=1699965183558 HTTP/1.1" 200 83
190.171.152.234 - - [14/Nov/2023:09:30:59 -0300] "GET /cormun/static/menuarrow.gif HTTP/1.1" 404 1015
190.171.152.234 - - [14/Nov/2023:09:31:08 -0300] "GET /cormun/servlet/permisogoce?27be6b89391245ded7a830672fda642851db7ce10c6804f6a786398010fbd8d71908f9b21309fa089e00ce1e6778e4d5fe58ec8b4204dd35645c74947fc9471b,gx-no-cache=1699965195508 HTTP/1.1" 200 47
190.171.152.234 - - [14/Nov/2023:09:31:26 -0300] "POST /cormun/servlet/permisogoce?bf7761fe832b2301067a9495f830c459,INS,0,,,,gx-no-cache=1699965213015 HTTP/1.1" 200 93
190.171.152.234 - - [14/Nov/2023:09:31:26 -0300] "GET /cormun/servlet/hpexe_return? HTTP/1.1" 200 1011
190.171.152.234 - - [14/Nov/2023:09:31:26 -0300] "GET /cormun/servlet/trpermisosgoce HTTP/1.1" 200 18611
190.171.152.234 - - [14/Nov/2023:09:31:54 -0300] "GET /cormun/servlet/permisogoce?INS,0,,, HTTP/1.1" 200 7172
190.171.152.234 - - [14/Nov/2023:09:32:01 -0300] "GET /cormun/servlet/permisogoce?27be6b89391245ded7a830672fda6428df2e16722177ae5027538cb884015732f331285c10db7a5c7d9cd50f0322cbf1abde7412dc183a1732deb8bd241a58e1,gx-no-cache=1699965248526 HTTP/1.1" 200 69
190.171.152.234 - - [14/Nov/2023:09:32:05 -0300] "GET /cormun/static/menuarrow.gif HTTP/1.1" 404 1015
190.171.152.234 - - [14/Nov/2023:09:32:35 -0300] "GET /cormun/servlet/permisogoce?27be6b89391245ded7a830672fda64282966e3626f16fe7fbc374b2ec03503155a2ce376c8a0cf24c6533fa0889997d2cf001e8c3a35cbd067da431ed39a104b,gx-no-cache=1699965282981 HTTP/1.1" 200 47
190.171.142.50 - - [14/Nov/2023:09:34:20 -0300] "GET /cormun/servlet/permisogoce?INS,0,,, HTTP/1.1" 200 6029
190.171.142.50 - - [14/Nov/2023:09:34:20 -0300] "GET /cormun/servlet/hlogin HTTP/1.1" 200 1745
190.171.142.50 - - [14/Nov/2023:09:34:20 -0300] "GET /cormun/servlet/permisogoce?INS,0,,, HTTP/1.1" 200 6023
190.171.142.50 - - [14/Nov/2023:09:34:28 -0300] "POST /cormun/servlet/hlogin?2ae055976b3d1bec259f13cc75d7d84f,gx-no-cache=1699965221104 HTTP/1.1" 200 90
190.171.142.50 - - [14/Nov/2023:09:34:28 -0300] "GET /cormun/servlet/hpexe_link HTTP/1.1" 200 963
190.171.142.50 - - [14/Nov/2023:09:34:28 -0300] "GET /cormun/servlet/permisogoce?INS,0,,, HTTP/1.1" 200 6664
190.171.142.50 - - [14/Nov/2023:09:34:37 -0300] "GET /cormun/servlet/permisogoce?2eb95a3f8da2e142c939d283889acf48865506df224882ac7e3e3ea6656187d60db6239234ac94cc5d81020877597a99fc630cdc48e6bcdcbf35933f9fa41c41,gx-no-cache=1699965230508 HTTP/1.1" 200 80
190.171.142.50 - - [14/Nov/2023:09:34:37 -0300] "GET /cormun/static/menuarrow.gif HTTP/1.1" 404 1015
190.171.142.50 - - [14/Nov/2023:09:34:42 -0300] "GET /cormun/servlet/permisogoce?2eb95a3f8da2e142c939d283889acf48ab05d5049205c284c43eab9157122bdef6668432b622ddebc01e482836b6b9bfebfa42b3195467ee7fb63fa2c730fb6c,gx-no-cache=1699965235304 HTTP/1.1" 200 47
190.171.142.50 - - [14/Nov/2023:09:34:44 -0300] "POST /cormun/servlet/permisogoce?2ae055976b3d1bec259f13cc75d7d84f,INS,0,,,,gx-no-cache=1699965236907 HTTP/1.1" 200 93
190.171.142.50 - - [14/Nov/2023:09:34:44 -0300] "GET /cormun/servlet/hpexe_return? HTTP/1.1" 200 1005
190.171.142.50 - - [14/Nov/2023:09:34:44 -0300] "GET /cormun/servlet/hhome HTTP/1.1" 200 3971
190.171.142.50 - - [14/Nov/2023:09:34:48 -0300] "GET /cormun/servlet/trpermisosgoce? HTTP/1.1" 200 13571
190.171.142.50 - - [14/Nov/2023:09:34:51 -0300] "GET /cormun/servlet/apermisogoceprn?16291838,P,20231114093323,PU HTTP/1.1" 200 1659
165.232.177.124 - - [14/Nov/2023:09:36:19 -0300] "CONNECT google.com:443 HTTP/1.1" 400 -
190.171.152.234 - - [14/Nov/2023:09:37:50 -0300] "POST /cormun/servlet/permisogoce?bf7761fe832b2301067a9495f830c459,INS,0,,,,gx-no-cache=1699965597250 HTTP/1.1" 200 93
190.171.152.234 - - [14/Nov/2023:09:37:50 -0300] "GET /cormun/servlet/hpexe_return? HTTP/1.1" 200 1011
190.171.152.234 - - [14/Nov/2023:09:37:50 -0300] "GET /cormun/servlet/trpermisosgoce HTTP/1.1" 200 18573
190.171.152.234 - - [14/Nov/2023:09:37:55 -0300] "GET /cormun/servlet/permisogoce?INS,0,,, HTTP/1.1" 200 7171
190.171.152.234 - - [14/Nov/2023:09:38:10 -0300] "GET /cormun/servlet/permisogoce?27be6b89391245ded7a830672fda642830104e5858bef7847038ceac742a6daff331285c10db7a5c7d9cd50f0322cbf1abde7412dc183a1732deb8bd241a58e1,gx-no-cache=1699965618119 HTTP/1.1" 200 226
190.171.152.234 - - [14/Nov/2023:09:38:10 -0300] "GET /cormun/static/Shared/jqueryui/images/ui-bg_highlight-soft_100_c6c2c8_1x100.png HTTP/1.1" 404 1117
190.171.152.234 - - [14/Nov/2023:09:38:10 -0300] "GET /cormun/static/Shared/jqueryui/images/ui-icons_82798d_256x240.png HTTP/1.1" 404 1089
190.171.152.234 - - [14/Nov/2023:09:38:10 -0300] "GET /cormun/static/Shared/jqueryui/images/ui-bg_flat_55_994d53_40x100.png HTTP/1.1" 404 1097
190.171.152.234 - - [14/Nov/2023:09:38:10 -0300] "GET /cormun/static/Shared/jqueryui/images/ui-icons_ebccce_256x240.png HTTP/1.1" 404 1089
190.171.152.234 - - [14/Nov/2023:09:38:22 -0300] "GET /cormun/servlet/permisogoce?27be6b89391245ded7a830672fda64283c9670ef1f8e0b3581bba9926d75258df331285c10db7a5c7d9cd50f0322cbf1abde7412dc183a1732deb8bd241a58e1,gx-no-cache=1699965629269 HTTP/1.1" 200 75
190.171.152.234 - - [14/Nov/2023:09:38:26 -0300] "GET /cormun/static/menuarrow.gif HTTP/1.1" 404 1015
190.171.152.234 - - [14/Nov/2023:09:38:37 -0300] "GET /cormun/servlet/permisogoce?27be6b89391245ded7a830672fda64281d08298a0db6a8d41242b7eb7ca1ea998fc4a1045a6e00e4b8a93e39f386c6999683c4145b6b330c9b2047edc41edd41,gx-no-cache=1699965644300 HTTP/1.1" 200 47
190.171.152.234 - - [14/Nov/2023:09:38:40 -0300] "POST /cormun/servlet/permisogoce?bf7761fe832b2301067a9495f830c459,INS,0,,,,gx-no-cache=1699965647512 HTTP/1.1" 200 93
190.171.152.234 - - [14/Nov/2023:09:38:40 -0300] "GET /cormun/servlet/hpexe_return? HTTP/1.1" 200 1011
190.171.152.234 - - [14/Nov/2023:09:38:40 -0300] "GET /cormun/servlet/trpermisosgoce HTTP/1.1" 200 18593
190.171.152.234 - - [14/Nov/2023:09:39:02 -0300] "GET /cormun/servlet/permisogoce?INS,0,,, HTTP/1.1" 200 7172
190.171.152.234 - - [14/Nov/2023:09:39:16 -0300] "GET /cormun/servlet/permisogoce?27be6b89391245ded7a830672fda64287dccd5257e6f869062662af89b6b7419f331285c10db7a5c7d9cd50f0322cbf1abde7412dc183a1732deb8bd241a58e1,gx-no-cache=1699965683566 HTTP/1.1" 200 79
190.171.152.234 - - [14/Nov/2023:09:39:19 -0300] "GET /cormun/static/menuarrow.gif HTTP/1.1" 404 1015
190.171.152.234 - - [14/Nov/2023:09:39:33 -0300] "GET /cormun/servlet/permisogoce?27be6b89391245ded7a830672fda6428694b90fda8ca1592a9e0fc887dcdcfe2d1f0f44c41821c37b2278c6a8a340c6f9683c4145b6b330c9b2047edc41edd41,gx-no-cache=1699965701140 HTTP/1.1" 200 47
190.171.152.234 - - [14/Nov/2023:09:39:43 -0300] "POST /cormun/servlet/permisogoce?bf7761fe832b2301067a9495f830c459,INS,0,,,,gx-no-cache=1699965710599 HTTP/1.1" 200 93
190.171.152.234 - - [14/Nov/2023:09:39:43 -0300] "GET /cormun/servlet/hpexe_return? HTTP/1.1" 200 1011
190.171.152.234 - - [14/Nov/2023:09:39:44 -0300] "GET /cormun/servlet/trpermisosgoce HTTP/1.1" 200 18537
190.171.152.234 - - [14/Nov/2023:09:39:47 -0300] "GET /cormun/servlet/permisogoce?INS,0,,, HTTP/1.1" 200 7172
190.171.153.26 - - [14/Nov/2023:09:39:56 -0300] "GET /cormun/servlet/hlogin HTTP/1.1" 200 1716
190.171.153.26 - - [14/Nov/2023:09:39:57 -0300] "GET /cormun/servlet/hlogin HTTP/1.1" 200 1727
190.171.153.26 - - [14/Nov/2023:09:40:08 -0300] "POST /cormun/servlet/hlogin?93c137e1f9b9347a62ca669c360b676f,gx-no-cache=1699965563311 HTTP/1.1" 200 90
190.171.153.26 - - [14/Nov/2023:09:40:08 -0300] "GET /cormun/servlet/hpexe_link HTTP/1.1" 200 947
190.171.153.26 - - [14/Nov/2023:09:40:08 -0300] "GET /cormun/servlet/hhome HTTP/1.1" 200 3964
190.171.153.26 - - [14/Nov/2023:09:40:09 -0300] "GET /cormun/servlet/hhome HTTP/1.1" 200 3961
190.171.153.26 - - [14/Nov/2023:09:40:11 -0300] "GET /cormun/servlet/trpermisosgoce? HTTP/1.1" 200 13000
190.171.153.26 - - [14/Nov/2023:09:40:12 -0300] "GET /cormun/servlet/trpermisosgoce? HTTP/1.1" 200 12999
190.171.153.26 - - [14/Nov/2023:09:40:15 -0300] "GET /cormun/servlet/trpermisosgoce? HTTP/1.1" 200 12999
190.171.153.26 - - [14/Nov/2023:09:40:15 -0300] "GET /cormun/servlet/trpermisosgoce? HTTP/1.1" 200 12999
190.171.152.234 - - [14/Nov/2023:09:40:16 -0300] "GET /cormun/servlet/permisogoce?27be6b89391245ded7a830672fda64282b5dfdc7409722c9f676ca3fb52cbc77f331285c10db7a5c7d9cd50f0322cbf1abde7412dc183a1732deb8bd241a58e1,gx-no-cache=1699965743614 HTTP/1.1" 200 79
190.171.153.26 - - [14/Nov/2023:09:40:18 -0300] "GET /cormun/servlet/permisogoce?INS,0,,, HTTP/1.1" 200 6828
190.171.153.26 - - [14/Nov/2023:09:40:19 -0300] "GET /cormun/servlet/permisogoce?INS,0,,, HTTP/1.1" 200 6827
190.171.152.234 - - [14/Nov/2023:09:40:27 -0300] "GET /cormun/static/menuarrow.gif HTTP/1.1" 404 1015
190.171.152.234 - - [14/Nov/2023:09:40:37 -0300] "GET /cormun/servlet/permisogoce?27be6b89391245ded7a830672fda6428aace62407ec0b71aae2c7d272d695e863bed7cc2b9c61b93f04e491dce0801c09683c4145b6b330c9b2047edc41edd41,gx-no-cache=1699965764420 HTTP/1.1" 200 47
190.171.152.234 - - [14/Nov/2023:09:40:41 -0300] "POST /cormun/servlet/permisogoce?bf7761fe832b2301067a9495f830c459,INS,0,,,,gx-no-cache=1699965768720 HTTP/1.1" 200 93
190.171.152.234 - - [14/Nov/2023:09:40:41 -0300] "GET /cormun/servlet/hpexe_return? HTTP/1.1" 200 1011
190.171.152.234 - - [14/Nov/2023:09:40:42 -0300] "GET /cormun/servlet/trpermisosgoce HTTP/1.1" 200 18535
190.171.152.234 - - [14/Nov/2023:09:40:49 -0300] "GET /cormun/servlet/permisogoce?INS,0,,, HTTP/1.1" 200 7172
190.171.152.234 - - [14/Nov/2023:09:40:56 -0300] "GET /cormun/servlet/permisogoce?27be6b89391245ded7a830672fda6428cdbe86219e53d3b90852c32c3e6de3aaf331285c10db7a5c7d9cd50f0322cbf1abde7412dc183a1732deb8bd241a58e1,gx-no-cache=1699965784086 HTTP/1.1" 200 84
190.171.152.234 - - [14/Nov/2023:09:41:02 -0300] "GET /cormun/static/menuarrow.gif HTTP/1.1" 404 1015
190.171.153.26 - - [14/Nov/2023:09:41:07 -0300] "GET /cormun/servlet/permisogoce?9429c73148dba2ca7f2fcfbd63a61d6671cb6717dfbc360c913722852cc8c7680dbc4b045b9737a86fef35d5fa2615b9d223f0b2516bcae721787972bed90777,gx-no-cache=1699965621878 HTTP/1.1" 200 83
190.171.153.26 - - [14/Nov/2023:09:41:09 -0300] "GET /cormun/static/menuarrow.gif HTTP/1.1" 404 1015
190.171.152.234 - - [14/Nov/2023:09:41:10 -0300] "GET /cormun/servlet/permisogoce?27be6b89391245ded7a830672fda64288a45eb1c28fba3dd9a8a16a1f108246dac2ba5b1023cbb2aec646c89a8fab8359683c4145b6b330c9b2047edc41edd41,gx-no-cache=1699965797276 HTTP/1.1" 200 48
190.171.152.234 - - [14/Nov/2023:09:41:12 -0300] "POST /cormun/servlet/permisogoce?bf7761fe832b2301067a9495f830c459,INS,0,,,,gx-no-cache=1699965799600 HTTP/1.1" 200 93
190.171.152.234 - - [14/Nov/2023:09:41:12 -0300] "GET /cormun/servlet/hpexe_return? HTTP/1.1" 200 1011
190.171.152.234 - - [14/Nov/2023:09:41:13 -0300] "GET /cormun/servlet/trpermisosgoce HTTP/1.1" 200 18534
190.171.153.26 - - [14/Nov/2023:09:41:15 -0300] "GET /cormun/servlet/permisogoce?9429c73148dba2ca7f2fcfbd63a61d6683871c03605557ea81f55ce9b396c3ff8bdc04f9f84f6fa59690e8a1e166025582c2c75aa76d34063e9befbf2caff511,gx-no-cache=1699965629542 HTTP/1.1" 200 49
190.171.153.26 - - [14/Nov/2023:09:41:20 -0300] "POST /cormun/servlet/permisogoce?93c137e1f9b9347a62ca669c360b676f,INS,0,,,,gx-no-cache=1699965634394 HTTP/1.1" 200 93
190.171.153.26 - - [14/Nov/2023:09:41:20 -0300] "GET /cormun/servlet/hpexe_return? HTTP/1.1" 200 1005
190.171.153.26 - - [14/Nov/2023:09:41:20 -0300] "GET /cormun/servlet/trpermisosgoce HTTP/1.1" 200 13268
190.171.153.26 - - [14/Nov/2023:09:41:21 -0300] "GET /cormun/servlet/trpermisosgoce HTTP/1.1" 200 13256
190.171.152.234 - - [14/Nov/2023:09:41:23 -0300] "GET /cormun/servlet/permisogoce?INS,0,,, HTTP/1.1" 200 7172
190.171.153.26 - - [14/Nov/2023:09:41:23 -0300] "GET /cormun/servlet/apermisogoceprn?9636722,P,20231114093913,PU HTTP/1.1" 200 1658
190.171.152.234 - - [14/Nov/2023:09:41:30 -0300] "GET /cormun/servlet/permisogoce?27be6b89391245ded7a830672fda6428d376fbcf8bceaaa398fcba8714fc90b5f331285c10db7a5c7d9cd50f0322cbf1abde7412dc183a1732deb8bd241a58e1,gx-no-cache=1699965817311 HTTP/1.1" 200 64
193.35.18.33 - - [14/Nov/2023:09:41:30 -0300] "CONNECT google.com:443 HTTP/1.1" 400 -
190.171.152.234 - - [14/Nov/2023:09:41:33 -0300] "GET /cormun/static/menuarrow.gif HTTP/1.1" 404 1015
190.171.152.234 - - [14/Nov/2023:09:41:43 -0300] "GET /cormun/servlet/permisogoce?27be6b89391245ded7a830672fda6428d99ec9aec1ddb2b538aa10568f3f7786c830d84b318dfc91065fe53397f31e169683c4145b6b330c9b2047edc41edd41,gx-no-cache=1699965830173 HTTP/1.1" 200 47
190.171.152.234 - - [14/Nov/2023:09:41:45 -0300] "POST /cormun/servlet/permisogoce?bf7761fe832b2301067a9495f830c459,INS,0,,,,gx-no-cache=1699965832423 HTTP/1.1" 200 93
190.171.152.234 - - [14/Nov/2023:09:41:45 -0300] "GET /cormun/servlet/hpexe_return? HTTP/1.1" 200 1011
190.171.152.234 - - [14/Nov/2023:09:41:45 -0300] "GET /cormun/servlet/trpermisosgoce HTTP/1.1" 200 18554
190.171.152.234 - - [14/Nov/2023:09:41:48 -0300] "GET /cormun/servlet/permisogoce?INS,0,,, HTTP/1.1" 200 7172
190.171.152.234 - - [14/Nov/2023:09:42:18 -0300] "GET /cormun/servlet/permisogoce?27be6b89391245ded7a830672fda64282b5dfdc7409722c9f676ca3fb52cbc77f331285c10db7a5c7d9cd50f0322cbf1abde7412dc183a1732deb8bd241a58e1,gx-no-cache=1699965865414 HTTP/1.1" 200 81
190.171.152.234 - - [14/Nov/2023:09:42:21 -0300] "GET /cormun/static/menuarrow.gif HTTP/1.1" 404 1015
190.171.152.234 - - [14/Nov/2023:09:42:27 -0300] "GET /cormun/servlet/permisogoce?27be6b89391245ded7a830672fda6428aace62407ec0b71aae2c7d272d695e8684af9e09b3d2cba9ab7e8ae3b43ddc7d9683c4145b6b330c9b2047edc41edd41,gx-no-cache=1699965874549 HTTP/1.1" 200 47
190.171.152.234 - - [14/Nov/2023:09:42:35 -0300] "POST /cormun/servlet/permisogoce?bf7761fe832b2301067a9495f830c459,INS,0,,,,gx-no-cache=1699965882447 HTTP/1.1" 200 93
190.171.152.234 - - [14/Nov/2023:09:42:35 -0300] "GET /cormun/servlet/hpexe_return? HTTP/1.1" 200 1011
190.171.152.234 - - [14/Nov/2023:09:42:35 -0300] "GET /cormun/servlet/trpermisosgoce HTTP/1.1" 200 18533
190.171.152.234 - - [14/Nov/2023:09:42:41 -0300] "POST /cormun/servlet/trpermisosgoce?bf7761fe832b2301067a9495f830c459,gx-no-cache=1699965888747 HTTP/1.1" 200 104
190.171.152.234 - - [14/Nov/2023:09:42:41 -0300] "GET /cormun/PermisosGoce-1828.xls HTTP/1.1" 200 29184
190.171.153.26 - - [14/Nov/2023:09:43:06 -0300] "GET /cormun/static/menuarrow.gif HTTP/1.1" 404 1015
190.171.153.26 - - [14/Nov/2023:09:43:12 -0300] "POST /cormun/servlet/trpermisosgoce?93c137e1f9b9347a62ca669c360b676f,gx-no-cache=1699965746974 HTTP/1.1" 200 5519
190.171.141.114 - - [14/Nov/2023:09:44:17 -0300] "GET /cormun/servlet/hlogin HTTP/1.1" 200 1725
190.171.141.114 - - [14/Nov/2023:09:44:17 -0300] "GET /cormun/servlet/hlogin HTTP/1.1" 200 1734
190.171.141.114 - - [14/Nov/2023:09:44:27 -0300] "POST /cormun/servlet/hlogin?f5036c1167fa59dc5b6b95c5f0326667,gx-no-cache=1699965820209 HTTP/1.1" 200 90
190.171.141.114 - - [14/Nov/2023:09:44:27 -0300] "GET /cormun/servlet/hpexe_link HTTP/1.1" 200 954
190.171.141.114 - - [14/Nov/2023:09:44:27 -0300] "GET /cormun/servlet/hhome HTTP/1.1" 200 4009
190.171.141.114 - - [14/Nov/2023:09:44:27 -0300] "GET /cormun/static/gxcfg.js?20201215495537 HTTP/1.1" 200 953
190.171.141.114 - - [14/Nov/2023:09:44:27 -0300] "GET /cormun/static/hhome.js?20201215495544 HTTP/1.1" 200 777
190.171.153.26 - - [14/Nov/2023:09:46:15 -0300] "GET /cormun/servlet/trlicencias? HTTP/1.1" 200 11074
190.171.153.26 - - [14/Nov/2023:09:46:16 -0300] "GET /cormun/servlet/trlicencias? HTTP/1.1" 200 11073
190.171.153.26 - - [14/Nov/2023:09:46:20 -0300] "POST /cormun/servlet/trlicencias?93c137e1f9b9347a62ca669c360b676f,,gx-no-cache=1699965934412 HTTP/1.1" 200 8613
190.171.153.26 - - [14/Nov/2023:09:46:23 -0300] "POST /cormun/servlet/trlicencias?93c137e1f9b9347a62ca669c360b676f,,gx-no-cache=1699965937600 HTTP/1.1" 200 8613
190.171.153.26 - - [14/Nov/2023:09:46:26 -0300] "POST /cormun/servlet/trlicencias?93c137e1f9b9347a62ca669c360b676f,,gx-no-cache=1699965941397 HTTP/1.1" 200 8614
181.212.43.89 - - [14/Nov/2023:09:48:16 -0300] "GET /cormun/servlet/hlogin HTTP/1.1" 200 1719
181.212.43.89 - - [14/Nov/2023:09:48:22 -0300] "POST /cormun/servlet/hlogin?7a3ea434955c24d870e7b25f9782e296,gx-no-cache=1699966054899 HTTP/1.1" 200 90
181.212.43.89 - - [14/Nov/2023:09:48:22 -0300] "GET /cormun/servlet/hpexe_link HTTP/1.1" 200 951
181.212.43.89 - - [14/Nov/2023:09:48:22 -0300] "GET /cormun/servlet/hhome HTTP/1.1" 200 4014
181.212.43.89 - - [14/Nov/2023:09:48:26 -0300] "GET /cormun/servlet/trlicencias? HTTP/1.1" 200 12941
190.171.141.114 - - [14/Nov/2023:09:48:48 -0300] "GET /cormun/servlet/hlogin HTTP/1.1" 200 1725
181.212.43.89 - - [14/Nov/2023:09:48:50 -0300] "GET /cormun/servlet/trsolicitudot? HTTP/1.1" 200 8651
190.171.141.114 - - [14/Nov/2023:09:49:00 -0300] "GET /cormun/servlet/hlogin HTTP/1.1" 200 1725
190.171.141.114 - - [14/Nov/2023:09:49:08 -0300] "POST /cormun/servlet/hlogin?f5036c1167fa59dc5b6b95c5f0326667,gx-no-cache=1699966101184 HTTP/1.1" 200 90
190.171.141.114 - - [14/Nov/2023:09:49:08 -0300] "GET /cormun/servlet/hpexe_link HTTP/1.1" 200 954
190.171.141.114 - - [14/Nov/2023:09:49:08 -0300] "GET /cormun/servlet/hhome HTTP/1.1" 200 4009
181.212.43.89 - - [14/Nov/2023:09:49:11 -0300] "GET /cormun/servlet/solicitudot?INS,0,0,false, HTTP/1.1" 200 15964
190.171.141.114 - - [14/Nov/2023:09:49:14 -0300] "GET /cormun/servlet/trpermisosgoce? HTTP/1.1" 200 10010
190.171.141.114 - - [14/Nov/2023:09:49:19 -0300] "GET /cormun/servlet/trpermisosadjuntos?15525037,20231113075715,P, HTTP/1.1" 200 6325
190.171.141.114 - - [14/Nov/2023:09:49:20 -0300] "GET /cormun/static/gxcfg.js?2020121641683 HTTP/1.1" 200 953
190.171.141.114 - - [14/Nov/2023:09:49:20 -0300] "GET /cormun/static/trpermisosadjuntos.js?2020121642996 HTTP/1.1" 200 20158
190.171.141.114 - - [14/Nov/2023:09:49:22 -0300] "GET /cormun/servlet/permisosadjuntos?INS,15525037,P,20231113075715,, HTTP/1.1" 200 5646
181.212.43.89 - - [14/Nov/2023:09:49:22 -0300] "POST /cormun/servlet/solicitudot?gx-no-cache=1699966115258 HTTP/1.1" 200 3993
190.171.141.114 - - [14/Nov/2023:09:49:22 -0300] "GET /cormun/static/gxcfg.js?20201215134212 HTTP/1.1" 200 953
190.171.141.114 - - [14/Nov/2023:09:49:22 -0300] "GET /cormun/static/permisosadjuntos.js?20201215134285 HTTP/1.1" 200 8724
181.212.43.89 - - [14/Nov/2023:09:49:22 -0300] "POST /cormun/servlet/solicitudot?7a3ea434955c24d870e7b25f9782e296,INS,0,0,false,,gx-no-cache=1699966115387 HTTP/1.1" 200 12549
190.171.141.114 - - [14/Nov/2023:09:49:23 -0300] "GET /cormun/static/about:blank HTTP/1.1" 404 1011
181.212.43.89 - - [14/Nov/2023:09:49:23 -0300] "GET /cormun/servlet/solicitudot?413f0c7d638b1c23507738f9ccfb073e10c72f7517925fd5b9bfabe315767058d9b082f99deab0a9765766eab2d6a2bc,gx-no-cache=1699966116111 HTTP/1.1" 200 30
190.171.141.114 - - [14/Nov/2023:09:49:38 -0300] "POST /cormun/servlet/permisosadjuntos?f5036c1167fa59dc5b6b95c5f0326667,INS,15525037,P,20231113075715,, HTTP/1.1" 200 116
190.171.141.114 - - [14/Nov/2023:09:49:38 -0300] "GET /cormun/servlet/hpexe_return? HTTP/1.1" 200 1041
190.171.141.114 - - [14/Nov/2023:09:49:38 -0300] "GET /cormun/servlet/trpermisosadjuntos?15525037,20231113075715,P, HTTP/1.1" 200 6819
190.171.141.114 - - [14/Nov/2023:09:49:41 -0300] "POST /cormun/servlet/trpermisosadjuntos?f5036c1167fa59dc5b6b95c5f0326667,15525037,20231113075715,P,,gx-no-cache=1699966134604 HTTP/1.1" 200 90
190.171.141.114 - - [14/Nov/2023:09:49:41 -0300] "GET /cormun/servlet/hpexe_link HTTP/1.1" 200 986
190.171.141.114 - - [14/Nov/2023:09:49:41 -0300] "GET /cormun/servlet/trpermisosgoce HTTP/1.1" 200 10010
190.171.141.114 - - [14/Nov/2023:09:49:44 -0300] "POST /cormun/servlet/trpermisosgoce?f5036c1167fa59dc5b6b95c5f0326667,gx-no-cache=1699966137698 HTTP/1.1" 200 7278
190.171.141.114 - - [14/Nov/2023:09:49:44 -0300] "GET /cormun/static/Shared/jqueryui/images/ui-bg_highlight-soft_100_c6c2c8_1x100.png HTTP/1.1" 404 1117
190.171.141.114 - - [14/Nov/2023:09:49:44 -0300] "GET /cormun/static/Shared/jqueryui/images/ui-icons_82798d_256x240.png HTTP/1.1" 404 1089
190.171.141.114 - - [14/Nov/2023:09:49:44 -0300] "GET /cormun/static/Shared/jqueryui/images/ui-bg_flat_55_fafafa_40x100.png HTTP/1.1" 404 1097
190.171.141.114 - - [14/Nov/2023:09:49:44 -0300] "GET /cormun/static/Shared/jqueryui/images/ui-icons_8d78a5_256x240.png HTTP/1.1" 404 1089
190.171.141.114 - - [14/Nov/2023:09:49:54 -0300] "GET /cormun/servlet/trpermisosadjuntos?7178861,20231109074407,P, HTTP/1.1" 200 6330
190.171.141.114 - - [14/Nov/2023:09:49:58 -0300] "GET /cormun/servlet/permisosadjuntos?INS,7178861,P,20231109074407,, HTTP/1.1" 200 5651
190.171.141.114 - - [14/Nov/2023:09:49:58 -0300] "GET /cormun/static/about:blank HTTP/1.1" 404 1011
190.171.152.234 - - [14/Nov/2023:09:49:58 -0300] "POST /cormun/servlet/trpermisosgoce?bf7761fe832b2301067a9495f830c459,gx-no-cache=1699966325858 HTTP/1.1" 200 15821
190.171.152.234 - - [14/Nov/2023:09:49:59 -0300] "GET /cormun/static/Resources/PXToolsGridNext.gif HTTP/1.1" 200 369
190.171.152.234 - - [14/Nov/2023:09:49:59 -0300] "GET /cormun/static/Resources/PXToolsGridLast.gif HTTP/1.1" 200 370
190.171.141.114 - - [14/Nov/2023:09:50:14 -0300] "POST /cormun/servlet/permisosadjuntos?f5036c1167fa59dc5b6b95c5f0326667,INS,7178861,P,20231109074407,, HTTP/1.1" 200 116
190.171.141.114 - - [14/Nov/2023:09:50:14 -0300] "GET /cormun/servlet/hpexe_return? HTTP/1.1" 200 1040
190.171.141.114 - - [14/Nov/2023:09:50:14 -0300] "GET /cormun/servlet/trpermisosadjuntos?7178861,20231109074407,P, HTTP/1.1" 200 6829
190.171.152.234 - - [14/Nov/2023:09:50:15 -0300] "POST /cormun/servlet/trpermisosgoce?bf7761fe832b2301067a9495f830c459,gx-no-cache=1699966342331 HTTP/1.1" 200 15822
190.171.141.114 - - [14/Nov/2023:09:50:15 -0300] "POST /cormun/servlet/trpermisosadjuntos?f5036c1167fa59dc5b6b95c5f0326667,7178861,20231109074407,P,,gx-no-cache=1699966169012 HTTP/1.1" 200 90
190.171.141.114 - - [14/Nov/2023:09:50:15 -0300] "GET /cormun/servlet/hpexe_link HTTP/1.1" 200 1007
190.171.141.114 - - [14/Nov/2023:09:50:15 -0300] "GET /cormun/servlet/trpermisosgoce?gx-no-cache=1699966137698 HTTP/1.1" 200 10017
190.171.141.114 - - [14/Nov/2023:09:50:20 -0300] "POST /cormun/servlet/trpermisosgoce?f5036c1167fa59dc5b6b95c5f0326667,gx-no-cache=1699966137698,gx-no-cache=1699966173219 HTTP/1.1" 200 7276
190.171.141.114 - - [14/Nov/2023:09:50:25 -0300] "GET /cormun/servlet/trpermisosadjuntos?7778577,20231107112256,P, HTTP/1.1" 200 6352
190.171.141.114 - - [14/Nov/2023:09:50:27 -0300] "GET /cormun/servlet/permisosadjuntos?INS,7778577,P,20231107112256,, HTTP/1.1" 200 5650
190.171.141.114 - - [14/Nov/2023:09:50:27 -0300] "GET /cormun/static/about:blank HTTP/1.1" 404 1011
181.212.43.89 - - [14/Nov/2023:09:50:36 -0300] "GET /cormun/servlet/prbanco?,MD,,gxPopupLevel%3D0%3B HTTP/1.1" 200 6619
181.212.43.89 - - [14/Nov/2023:09:50:40 -0300] "GET /cormun/servlet/solicitudot?413f0c7d638b1c23507738f9ccfb073eeb043c234427f7dd4290be19ae3b140eadc92aec41f2d66b0b54c5f855741570457e38b065a5281986e8319863863d59,gx-no-cache=1699966192934 HTTP/1.1" 200 30
181.212.43.89 - - [14/Nov/2023:09:50:41 -0300] "GET /cormun/servlet/solicitudot?413f0c7d638b1c23507738f9ccfb073e8a5aff18daaa5fc6a553a282b496b2af,gx-no-cache=1699966194039 HTTP/1.1" 200 53
181.212.43.89 - - [14/Nov/2023:09:50:55 -0300] "POST /cormun/servlet/solicitudot?gx-no-cache=1699966208407 HTTP/1.1" 200 240
190.171.152.234 - - [14/Nov/2023:09:50:57 -0300] "POST /cormun/servlet/trpermisosgoce?bf7761fe832b2301067a9495f830c459,gx-no-cache=1699966383994 HTTP/1.1" 200 15824
181.212.43.89 - - [14/Nov/2023:09:50:58 -0300] "GET /cormun/servlet/solicitudot?413f0c7d638b1c23507738f9ccfb073e1e50abeb59999b3d78f257a069eace5ac70a8f574d772db54624e972092571bb361a1e89f92eb0cb451811c36884e27b8bb187d08253711ab823063a66de0539e2da069e95b984e7d4db26eb2911b65239a3c7b31c829671d83c13ffbc28c0722e67e42ad7d40d2b12b9d2c9d7d7e144baa7c321b3c0acbd5437801f22b32b8ce8bc6d03bf7f5349a456342240efe7f3926ac61da99502a37f3b3efc7a2c3ab7db6c7747d1a6657c3ea6ae6046fa2532631067cc2f7169eb33c473c257bcfe768b3fc4ffa6c9def2a71ad2a7bc2637f506cf19011f8ee639f64da4b14271d7479767f8d0390fc79d3337dbd07b6a751989905eb370d60ccc9f13f7df5bc2d3ba36645eac3662bbc2f97ffd71f57fe1b069f764a1b95169b199a4d2541cb37508db6f4a076ffa8ddeb235a1fb678b6c42f2354246da98a94812e9496f8efd68d22ba9995578bf46c15b2f9321fe9c72f55622293b6f2a3b594aee89dc455026675d703e2f28f276e3190ac2b54abe03d6,gx-no-cache=1699966210649 HTTP/1.1" 200 30
190.171.141.90 - - [14/Nov/2023:09:51:00 -0300] "GET /cormun/servlet/hlogin HTTP/1.1" 200 1720
190.171.141.90 - - [14/Nov/2023:09:51:00 -0300] "GET /cormun/static/gxtimezone.js?85251 HTTP/1.1" 200 5781
190.171.141.90 - - [14/Nov/2023:09:51:00 -0300] "GET /cormun/static/messages.spa.js?85251 HTTP/1.1" 200 30736
190.171.141.90 - - [14/Nov/2023:09:51:00 -0300] "GET /cormun/static/gxgral.js?85251 HTTP/1.1" 200 384558
190.171.141.90 - - [14/Nov/2023:09:51:00 -0300] "GET /cormun/servlet/hlogin HTTP/1.1" 200 1730
181.212.43.89 - - [14/Nov/2023:09:51:02 -0300] "POST /cormun/servlet/solicitudot?gx-no-cache=1699966215479 HTTP/1.1" 200 30
190.171.141.90 - - [14/Nov/2023:09:51:03 -0300] "POST /cormun/servlet/hlogin?b1c614e2b1e6aaaff75edc0f887e2b49,gx-no-cache=1699966361054 HTTP/1.1" 200 90
190.171.141.90 - - [14/Nov/2023:09:51:03 -0300] "GET /cormun/servlet/hpexe_link HTTP/1.1" 200 953
190.171.141.90 - - [14/Nov/2023:09:51:03 -0300] "GET /cormun/static/Resources/Spanish/PXTools.css?8354383 HTTP/1.1" 200 100853
190.171.141.90 - - [14/Nov/2023:09:51:03 -0300] "GET /cormun/servlet/hhome HTTP/1.1" 200 3969
190.171.141.90 - - [14/Nov/2023:09:51:03 -0300] "GET /cormun/static/Shared/jqueryui/jquery-ui.min.css?1345370 HTTP/1.1" 200 30288
190.171.141.90 - - [14/Nov/2023:09:51:03 -0300] "GET /cormun/static/SmoothNavMenu/resources/ddsmoothmenu.css?1112540 HTTP/1.1" 200 2223
190.171.141.90 - - [14/Nov/2023:09:51:03 -0300] "GET /cormun/static/SmoothNavMenu/resources/ddsmoothmenu-v.css?1112540 HTTP/1.1" 200 1188
190.171.141.90 - - [14/Nov/2023:09:51:03 -0300] "GET /cormun/static/scaMessage/css/jquery.pnotify.default.css?1816380 HTTP/1.1" 200 1707
190.171.141.90 - - [14/Nov/2023:09:51:03 -0300] "GET /cormun/static/gxcfg.js?20201215495537 HTTP/1.1" 200 953
190.171.141.90 - - [14/Nov/2023:09:51:03 -0300] "GET /cormun/static/PXToolsJavascripts/pexe_autoreload.js HTTP/1.1" 200 1762
190.171.141.90 - - [14/Nov/2023:09:51:03 -0300] "GET /cormun/static/PXToolsJavascripts/pexe_cookies.js HTTP/1.1" 200 792
190.171.141.90 - - [14/Nov/2023:09:51:03 -0300] "GET /cormun/static/PXToolsJavascripts/pexe_grid.js HTTP/1.1" 200 7559
190.171.141.90 - - [14/Nov/2023:09:51:03 -0300] "GET /cormun/static/PXToolsJavascripts/pexe_link.js HTTP/1.1" 200 5671
190.171.141.90 - - [14/Nov/2023:09:51:03 -0300] "GET /cormun/static/PXToolsJavascripts/pexe_griddivfix.js HTTP/1.1" 200 6946
190.171.141.90 - - [14/Nov/2023:09:51:03 -0300] "GET /cormun/static/PXToolsJavascripts/pexe_menudivfix.js HTTP/1.1" 200 333
190.171.141.90 - - [14/Nov/2023:09:51:03 -0300] "GET /cormun/static/PXToolsJavascripts/pexe_windows.js HTTP/1.1" 200 15249
190.171.141.90 - - [14/Nov/2023:09:51:03 -0300] "GET /cormun/static/PXToolsJavascripts/pexe_menus.js HTTP/1.1" 200 1286
190.171.141.90 - - [14/Nov/2023:09:51:03 -0300] "GET /cormun/static/PXToolsJavascripts/pexe_oav.js HTTP/1.1" 200 645
190.171.141.90 - - [14/Nov/2023:09:51:03 -0300] "GET /cormun/static/PXToolsJavascripts/pexe_oavdivfix.js HTTP/1.1" 200 639
190.171.141.90 - - [14/Nov/2023:09:51:03 -0300] "GET /cormun/static/PXToolsJavascripts/pexe_layers.js HTTP/1.1" 200 4114
190.171.141.90 - - [14/Nov/2023:09:51:03 -0300] "GET /cormun/static/PXToolsJavascripts/pexe_picture.js HTTP/1.1" 200 689
190.171.141.90 - - [14/Nov/2023:09:51:03 -0300] "GET /cormun/static/PXToolsJavascripts/pexe_scrolldiv.js HTTP/1.1" 200 4138
190.171.141.90 - - [14/Nov/2023:09:51:03 -0300] "GET /cormun/static/PXToolsJavascripts/pexe_tabdivfix.js HTTP/1.1" 200 898
190.171.141.90 - - [14/Nov/2023:09:51:03 -0300] "GET /cormun/static/PXToolsJavascripts/pexe_tabs.js HTTP/1.1" 200 3748
190.171.141.90 - - [14/Nov/2023:09:51:03 -0300] "GET /cormun/static/PXToolsJavascripts/pexe_upload.js HTTP/1.1" 200 1423
190.171.141.90 - - [14/Nov/2023:09:51:03 -0300] "GET /cormun/static/PXToolsJavascripts/PXToolsJavascriptsRender.js HTTP/1.1" 200 367
190.171.141.90 - - [14/Nov/2023:09:51:03 -0300] "GET /cormun/static/PXToolsJavascripts/pexe_popup.js HTTP/1.1" 200 15149
190.171.141.90 - - [14/Nov/2023:09:51:03 -0300] "GET /cormun/static/Resources/ImgHome.png HTTP/1.1" 200 1364
190.171.141.90 - - [14/Nov/2023:09:51:03 -0300] "GET /cormun/static/Resources/CormunMP2.png HTTP/1.1" 200 6878
190.171.141.90 - - [14/Nov/2023:09:51:03 -0300] "GET /cormun/static/RunJS/RunJS.js HTTP/1.1" 200 288
190.171.141.90 - - [14/Nov/2023:09:51:03 -0300] "GET /cormun/static/Resources/Llave.png HTTP/1.1" 200 1395
190.171.141.90 - - [14/Nov/2023:09:51:03 -0300] "GET /cormun/static/Resources/ImgLogin.png HTTP/1.1" 200 1432
190.171.141.90 - - [14/Nov/2023:09:51:03 -0300] "GET /cormun/static/Shared/ext/locale/ext-lang-en.js HTTP/1.1" 200 10940
190.171.141.90 - - [14/Nov/2023:09:51:03 -0300] "GET /cormun/static/hhome.js?20201215495544 HTTP/1.1" 200 777
190.171.141.90 - - [14/Nov/2023:09:51:03 -0300] "GET /cormun/static/hwchdr01.js?2022112219251119 HTTP/1.1" 200 996
190.171.141.90 - - [14/Nov/2023:09:51:03 -0300] "GET /cormun/static/hpexe_recentlink.js?20201214471090 HTTP/1.1" 200 2144
190.171.141.90 - - [14/Nov/2023:09:51:03 -0300] "GET /cormun/static/hpexe_scripts.js?20201214471411 HTTP/1.1" 200 1544
190.171.141.90 - - [14/Nov/2023:09:51:03 -0300] "GET /cormun/static/hpexe_messagecontroller.js?202211298371222 HTTP/1.1" 200 870
190.171.141.90 - - [14/Nov/2023:09:51:03 -0300] "GET /cormun/static/hpexe_messagepopupcomponent.js?2020121447232 HTTP/1.1" 200 605
190.171.141.90 - - [14/Nov/2023:09:51:03 -0300] "GET /cormun/static/gxui/gxui-all.js HTTP/1.1" 200 107772
190.171.141.90 - - [14/Nov/2023:09:51:03 -0300] "GET /cormun/static/hpexe_messagegenexuscomponent.js?20221129836373 HTTP/1.1" 200 587
190.171.141.90 - - [14/Nov/2023:09:51:03 -0300] "GET /cormun/static/cmcontrolpreferences.js?20199141926336 HTTP/1.1" 200 1375
190.171.141.90 - - [14/Nov/2023:09:51:03 -0300] "GET /cormun/static/SmoothNavMenu/resources/ddsmoothmenu.js HTTP/1.1" 200 12712
190.171.141.90 - - [14/Nov/2023:09:51:03 -0300] "GET /cormun/static/SmoothNavMenu/resources/SmoothNavMenuRender.js HTTP/1.1" 200 5951
190.171.141.90 - - [14/Nov/2023:09:51:03 -0300] "GET /cormun/static/scaMessage/js/jquery.pnotify.min.js HTTP/1.1" 200 13038
190.171.141.90 - - [14/Nov/2023:09:51:03 -0300] "GET /cormun/static/scaMessage/scaMessageRender.js HTTP/1.1" 200 11977
190.171.141.90 - - [14/Nov/2023:09:51:03 -0300] "GET /cormun/static/hmpwkw03.js?20221129844354 HTTP/1.1" 200 3971
190.171.141.90 - - [14/Nov/2023:09:51:03 -0300] "GET /cormun/static/Resources/PXToolsDataTitle.png HTTP/1.1" 200 1173
190.171.141.90 - - [14/Nov/2023:09:51:03 -0300] "GET /cormun/static/Shared/jqueryui/jquery-ui.min.js HTTP/1.1" 200 240427
190.171.141.90 - - [14/Nov/2023:09:51:03 -0300] "GET /cormun/static/Shared/jquery/jquery-1.10.2.min.js HTTP/1.1" 200 273199
190.171.141.90 - - [14/Nov/2023:09:51:03 -0300] "GET /cormun/static/Shared/ext/ext-all.js HTTP/1.1" 200 1289687
190.171.141.90 - - [14/Nov/2023:09:51:03 -0300] "GET /cormun/static/Shared/jquery/jquery-1.4.2.min.js HTTP/1.1" 200 72174
190.171.141.90 - - [14/Nov/2023:09:51:04 -0300] "GET /cormun/static/SmoothNavMenu/resources/images/down.gif HTTP/1.1" 200 854
190.171.141.90 - - [14/Nov/2023:09:51:05 -0300] "GET /cormun/servlet/trlicencias? HTTP/1.1" 200 14674
190.171.141.90 - - [14/Nov/2023:09:51:06 -0300] "GET /cormun/static/gxcfg.js?202211298463625 HTTP/1.1" 200 953
190.171.141.90 - - [14/Nov/2023:09:51:06 -0300] "GET /cormun/static/calendar.js?85251 HTTP/1.1" 200 26246
190.171.141.90 - - [14/Nov/2023:09:51:06 -0300] "GET /cormun/static/calendar-setup.js?85251 HTTP/1.1" 200 2588
190.171.141.90 - - [14/Nov/2023:09:51:06 -0300] "GET /cormun/static/calendar-es.js?85251 HTTP/1.1" 200 1901
190.171.141.90 - - [14/Nov/2023:09:51:06 -0300] "GET /cormun/static/Resources/PXTools/calendar.png HTTP/1.1" 200 1306
190.171.141.90 - - [14/Nov/2023:09:51:06 -0300] "GET /cormun/static/gxdec.js?85251 HTTP/1.1" 200 19579
190.171.141.90 - - [14/Nov/2023:09:51:06 -0300] "GET /cormun/static/trlicencias.js?202211298463889 HTTP/1.1" 200 41883
190.171.141.90 - - [14/Nov/2023:09:51:06 -0300] "GET /cormun/static/Resources/PXToolsGridNextDisabled.gif HTTP/1.1" 200 90
190.171.141.90 - - [14/Nov/2023:09:51:06 -0300] "GET /cormun/static/Resources/PXToolsDataSearch.png HTTP/1.1" 200 435
190.171.141.90 - - [14/Nov/2023:09:51:06 -0300] "GET /cormun/static/Resources/PXToolsGridFirstDisabled.gif HTTP/1.1" 200 100
190.171.141.90 - - [14/Nov/2023:09:51:06 -0300] "GET /cormun/static/Resources/PXToolsGridPage.gif HTTP/1.1" 200 725
190.171.141.90 - - [14/Nov/2023:09:51:06 -0300] "GET /cormun/static/Resources/PXToolsGridLastDisabled.gif HTTP/1.1" 200 98
190.171.141.90 - - [14/Nov/2023:09:51:06 -0300] "GET /cormun/static/Resources/PXToolsGridPreviousDisabled.gif HTTP/1.1" 200 90
190.171.141.90 - - [14/Nov/2023:09:51:06 -0300] "GET /cormun/static/Resources/PXToolsActionExcel.png HTTP/1.1" 200 727
190.171.141.90 - - [14/Nov/2023:09:51:06 -0300] "GET /cormun/static/Resources/PXToolsAddAllAction.png HTTP/1.1" 200 495
190.171.141.90 - - [14/Nov/2023:09:51:06 -0300] "GET /cormun//static/Resources/PXToolsActionDisabled.gif HTTP/1.1" 200 53
190.171.141.90 - - [14/Nov/2023:09:51:06 -0300] "GET /cormun//static/Resources/PXTools/ActionInsert.png HTTP/1.1" 200 1482
190.171.141.90 - - [14/Nov/2023:09:51:06 -0300] "GET /cormun//static/Resources/PXToolsActionPrint.png HTTP/1.1" 200 404
190.171.141.90 - - [14/Nov/2023:09:51:06 -0300] "GET /cormun//static/Resources/PXToolsGridDisplay.png HTTP/1.1" 200 525
190.171.141.90 - - [14/Nov/2023:09:51:06 -0300] "GET /cormun//static/Resources/PXToolsHeaderHelp.png HTTP/1.1" 200 1333
190.171.141.90 - - [14/Nov/2023:09:51:06 -0300] "GET /cormun//static/Resources/PXToolsHeaderFavorites.png HTTP/1.1" 200 1414
190.171.141.90 - - [14/Nov/2023:09:51:06 -0300] "GET /cormun/static/Shared/ext/resources/themes/images/default/panel/bg-headersPanel.png HTTP/1.1" 200 255
190.171.141.90 - - [14/Nov/2023:09:51:06 -0300] "GET /cormun/static/Shared/ext/resources/themes/images/default/tools/tool-sprites.gif HTTP/1.1" 200 5434
181.212.43.89 - - [14/Nov/2023:09:51:15 -0300] "GET /cormun/servlet/trautorizarsolicitud? HTTP/1.1" 200 6225
181.212.43.89 - - [14/Nov/2023:09:51:16 -0300] "GET /cormun/servlet/hlogin HTTP/1.1" 200 1745
181.212.43.89 - - [14/Nov/2023:09:51:20 -0300] "POST /cormun/servlet/hlogin?d130271206c90fbc1268e28f6f910324,gx-no-cache=1699966232442 HTTP/1.1" 200 90
181.212.43.89 - - [14/Nov/2023:09:51:20 -0300] "GET /cormun/servlet/hpexe_link HTTP/1.1" 200 963
181.212.43.89 - - [14/Nov/2023:09:51:20 -0300] "GET /cormun/servlet/trautorizarsolicitud HTTP/1.1" 200 7187
181.212.43.89 - - [14/Nov/2023:09:51:21 -0300] "POST /cormun/servlet/solicitudot?gx-no-cache=1699966233431 HTTP/1.1" 200 1468
181.212.43.89 - - [14/Nov/2023:09:51:23 -0300] "GET /cormun/servlet/prlicenciaspermisos?9343812,L,,MD,,gxPopupLevel%3D0%3B HTTP/1.1" 200 6785
190.171.152.234 - - [14/Nov/2023:09:51:27 -0300] "POST /cormun/servlet/trpermisosgoce?bf7761fe832b2301067a9495f830c459,gx-no-cache=1699966414321 HTTP/1.1" 200 15833
181.212.43.89 - - [14/Nov/2023:09:51:46 -0300] "POST /cormun/servlet/solicitudot?gx-no-cache=1699966258609 HTTP/1.1" 200 41
190.171.152.234 - - [14/Nov/2023:09:51:52 -0300] "POST /cormun/servlet/trpermisosgoce?bf7761fe832b2301067a9495f830c459,gx-no-cache=1699966439601 HTTP/1.1" 200 9201
181.212.43.89 - - [14/Nov/2023:09:52:01 -0300] "GET /cormun/servlet/trautorizarsolicitud? HTTP/1.1" 200 7186
181.212.43.89 - - [14/Nov/2023:09:52:06 -0300] "GET /cormun/servlet/trautorizarsolicitud? HTTP/1.1" 200 7186
181.212.43.89 - - [14/Nov/2023:09:52:18 -0300] "GET /cormun/servlet/trautorizarpermisogoce? HTTP/1.1" 200 18407
181.212.43.89 - - [14/Nov/2023:09:52:18 -0300] "GET /cormun/static/gxcfg.js?2020121645532 HTTP/1.1" 200 953
181.212.43.89 - - [14/Nov/2023:09:52:19 -0300] "GET /cormun/static/trautorizarpermisogoce.js?2020121651492 HTTP/1.1" 200 34948
190.171.141.114 - - [14/Nov/2023:09:52:24 -0300] "POST /cormun/servlet/permisosadjuntos?f5036c1167fa59dc5b6b95c5f0326667,INS,7778577,P,20231107112256,, HTTP/1.1" 200 116
190.171.141.114 - - [14/Nov/2023:09:52:24 -0300] "GET /cormun/servlet/hpexe_return? HTTP/1.1" 200 1040
190.171.141.114 - - [14/Nov/2023:09:52:24 -0300] "GET /cormun/servlet/trpermisosadjuntos?7778577,20231107112256,P, HTTP/1.1" 200 6839
190.171.141.114 - - [14/Nov/2023:09:52:26 -0300] "POST /cormun/servlet/trpermisosadjuntos?f5036c1167fa59dc5b6b95c5f0326667,7778577,20231107112256,P,,gx-no-cache=1699966299450 HTTP/1.1" 200 90
190.171.141.114 - - [14/Nov/2023:09:52:26 -0300] "GET /cormun/servlet/hpexe_link HTTP/1.1" 200 1007
190.171.141.114 - - [14/Nov/2023:09:52:26 -0300] "GET /cormun/servlet/trpermisosgoce?gx-no-cache=1699966137698 HTTP/1.1" 200 10013
181.212.43.89 - - [14/Nov/2023:09:52:27 -0300] "POST /cormun/servlet/trautorizarpermisogoce?d130271206c90fbc1268e28f6f910324,,gx-no-cache=1699966298738 HTTP/1.1" 200 15746
181.212.43.89 - - [14/Nov/2023:09:52:27 -0300] "GET /cormun/static/Shared/jqueryui/images/ui-icons_82798d_256x240.png HTTP/1.1" 404 1089
181.212.43.89 - - [14/Nov/2023:09:52:27 -0300] "GET /cormun/static/Shared/jqueryui/images/ui-bg_highlight-soft_100_c6c2c8_1x100.png HTTP/1.1" 404 1117
181.212.43.89 - - [14/Nov/2023:09:52:27 -0300] "GET /cormun/static/Shared/jqueryui/images/ui-icons_8d78a5_256x240.png HTTP/1.1" 404 1089
181.212.43.89 - - [14/Nov/2023:09:52:27 -0300] "GET /cormun/static/Shared/jqueryui/images/ui-bg_flat_55_fafafa_40x100.png HTTP/1.1" 404 1097
181.212.43.89 - - [14/Nov/2023:09:52:28 -0300] "POST /cormun/servlet/trautorizarpermisogoce?d130271206c90fbc1268e28f6f910324,,gx-no-cache=1699966300301 HTTP/1.1" 200 15741
181.212.43.89 - - [14/Nov/2023:09:52:30 -0300] "POST /cormun/servlet/trautorizarpermisogoce?d130271206c90fbc1268e28f6f910324,,gx-no-cache=1699966301955 HTTP/1.1" 200 15736
181.212.43.89 - - [14/Nov/2023:09:52:31 -0300] "POST /cormun/servlet/trautorizarpermisogoce?d130271206c90fbc1268e28f6f910324,,gx-no-cache=1699966303327 HTTP/1.1" 200 15674
181.212.43.89 - - [14/Nov/2023:09:52:33 -0300] "POST /cormun/servlet/trautorizarpermisogoce?d130271206c90fbc1268e28f6f910324,,gx-no-cache=1699966304780 HTTP/1.1" 200 15701
181.212.43.89 - - [14/Nov/2023:09:52:34 -0300] "POST /cormun/servlet/trautorizarpermisogoce?d130271206c90fbc1268e28f6f910324,,gx-no-cache=1699966306229 HTTP/1.1" 200 15776
190.171.141.114 - - [14/Nov/2023:09:52:36 -0300] "POST /cormun/servlet/trpermisosgoce?f5036c1167fa59dc5b6b95c5f0326667,gx-no-cache=1699966137698,gx-no-cache=1699966309155 HTTP/1.1" 200 7272
181.212.43.89 - - [14/Nov/2023:09:52:36 -0300] "POST /cormun/servlet/trautorizarpermisogoce?d130271206c90fbc1268e28f6f910324,,gx-no-cache=1699966307706 HTTP/1.1" 200 15730
181.212.43.89 - - [14/Nov/2023:09:52:37 -0300] "POST /cormun/servlet/trautorizarpermisogoce?d130271206c90fbc1268e28f6f910324,,gx-no-cache=1699966309340 HTTP/1.1" 200 15649
190.171.141.114 - - [14/Nov/2023:09:52:39 -0300] "GET /cormun/servlet/trpermisosadjuntos?7778577,20231107112351,P, HTTP/1.1" 200 6350
181.212.43.89 - - [14/Nov/2023:09:52:40 -0300] "POST /cormun/servlet/trautorizarpermisogoce?d130271206c90fbc1268e28f6f910324,,gx-no-cache=1699966311476 HTTP/1.1" 200 15449
181.212.43.89 - - [14/Nov/2023:09:52:42 -0300] "POST /cormun/servlet/trautorizarpermisogoce?d130271206c90fbc1268e28f6f910324,,gx-no-cache=1699966314125 HTTP/1.1" 200 15271
181.212.43.89 - - [14/Nov/2023:09:52:44 -0300] "POST /cormun/servlet/trautorizarpermisogoce?d130271206c90fbc1268e28f6f910324,,gx-no-cache=1699966315775 HTTP/1.1" 200 15062
181.212.43.89 - - [14/Nov/2023:09:52:46 -0300] "POST /cormun/servlet/trautorizarpermisogoce?d130271206c90fbc1268e28f6f910324,,gx-no-cache=1699966317404 HTTP/1.1" 200 14885
190.171.152.234 - - [14/Nov/2023:09:52:46 -0300] "POST /cormun/servlet/trpermisosgoce?bf7761fe832b2301067a9495f830c459,gx-no-cache=1699966493462 HTTP/1.1" 200 9189
181.212.43.89 - - [14/Nov/2023:09:52:47 -0300] "POST /cormun/servlet/trautorizarpermisogoce?d130271206c90fbc1268e28f6f910324,,gx-no-cache=1699966319134 HTTP/1.1" 200 14703
181.212.43.89 - - [14/Nov/2023:09:52:49 -0300] "POST /cormun/servlet/trautorizarpermisogoce?d130271206c90fbc1268e28f6f910324,,gx-no-cache=1699966320958 HTTP/1.1" 200 14559
190.171.152.234 - - [14/Nov/2023:09:52:50 -0300] "POST /cormun/servlet/trpermisosgoce?bf7761fe832b2301067a9495f830c459,gx-no-cache=1699966497656 HTTP/1.1" 200 104
190.171.152.234 - - [14/Nov/2023:09:52:50 -0300] "GET /cormun/PermisosGoce-6295.xls HTTP/1.1" 200 27648
181.212.43.89 - - [14/Nov/2023:09:52:54 -0300] "POST /cormun/servlet/trautorizarpermisogoce?d130271206c90fbc1268e28f6f910324,,gx-no-cache=1699966325695 HTTP/1.1" 200 14378
181.212.43.89 - - [14/Nov/2023:09:52:56 -0300] "POST /cormun/servlet/trautorizarpermisogoce?d130271206c90fbc1268e28f6f910324,,gx-no-cache=1699966327880 HTTP/1.1" 200 14139
181.212.43.89 - - [14/Nov/2023:09:52:58 -0300] "POST /cormun/servlet/trautorizarpermisogoce?d130271206c90fbc1268e28f6f910324,,gx-no-cache=1699966329735 HTTP/1.1" 200 13590
181.212.43.89 - - [14/Nov/2023:09:52:59 -0300] "POST /cormun/servlet/trautorizarpermisogoce?d130271206c90fbc1268e28f6f910324,,gx-no-cache=1699966331340 HTTP/1.1" 200 13212
190.171.141.90 - - [14/Nov/2023:09:53:00 -0300] "POST /cormun/servlet/trlicencias?b1c614e2b1e6aaaff75edc0f887e2b49,,gx-no-cache=1699966478761 HTTP/1.1" 200 12547
181.212.43.89 - - [14/Nov/2023:09:53:01 -0300] "POST /cormun/servlet/trautorizarpermisogoce?d130271206c90fbc1268e28f6f910324,,gx-no-cache=1699966332959 HTTP/1.1" 200 12988
181.212.43.89 - - [14/Nov/2023:09:53:03 -0300] "POST /cormun/servlet/trautorizarpermisogoce?d130271206c90fbc1268e28f6f910324,,gx-no-cache=1699966335391 HTTP/1.1" 200 12709
181.212.43.89 - - [14/Nov/2023:09:53:06 -0300] "POST /cormun/servlet/trautorizarpermisogoce?d130271206c90fbc1268e28f6f910324,,gx-no-cache=1699966338033 HTTP/1.1" 200 12361
181.212.43.89 - - [14/Nov/2023:09:53:08 -0300] "POST /cormun/servlet/trautorizarpermisogoce?d130271206c90fbc1268e28f6f910324,,gx-no-cache=1699966340089 HTTP/1.1" 200 12148
181.212.43.89 - - [14/Nov/2023:09:53:10 -0300] "POST /cormun/servlet/trautorizarpermisogoce?d130271206c90fbc1268e28f6f910324,,gx-no-cache=1699966341933 HTTP/1.1" 200 11925
181.212.43.89 - - [14/Nov/2023:09:53:15 -0300] "POST /cormun/servlet/trautorizarpermisogoce?d130271206c90fbc1268e28f6f910324,,gx-no-cache=1699966347116 HTTP/1.1" 200 11556
181.212.43.89 - - [14/Nov/2023:09:53:18 -0300] "POST /cormun/servlet/trautorizarpermisogoce?d130271206c90fbc1268e28f6f910324,,gx-no-cache=1699966349517 HTTP/1.1" 200 11079
181.212.43.89 - - [14/Nov/2023:09:53:19 -0300] "POST /cormun/servlet/trautorizarpermisogoce?d130271206c90fbc1268e28f6f910324,,gx-no-cache=1699966351338 HTTP/1.1" 200 10822
181.212.43.89 - - [14/Nov/2023:09:53:21 -0300] "POST /cormun/servlet/trautorizarpermisogoce?d130271206c90fbc1268e28f6f910324,,gx-no-cache=1699966352894 HTTP/1.1" 200 10506
181.212.43.89 - - [14/Nov/2023:09:53:23 -0300] "POST /cormun/servlet/trautorizarpermisogoce?d130271206c90fbc1268e28f6f910324,,gx-no-cache=1699966354564 HTTP/1.1" 200 9944
181.212.43.89 - - [14/Nov/2023:09:53:39 -0300] "POST /cormun/servlet/trautorizarpermisogoce?d130271206c90fbc1268e28f6f910324,,gx-no-cache=1699966371036 HTTP/1.1" 200 9702
190.171.141.114 - - [14/Nov/2023:09:53:43 -0300] "GET /cormun/servlet/permisosadjuntos?INS,7778577,P,20231107112351,, HTTP/1.1" 200 5650
190.171.141.114 - - [14/Nov/2023:09:53:43 -0300] "GET /cormun/static/about:blank HTTP/1.1" 404 1011
181.212.43.89 - - [14/Nov/2023:09:53:54 -0300] "POST /cormun/servlet/trautorizarpermisogoce?d130271206c90fbc1268e28f6f910324,,gx-no-cache=1699966373538 HTTP/1.1" 200 9486
181.212.43.89 - - [14/Nov/2023:09:54:09 -0300] "POST /cormun/servlet/trautorizarpermisogoce?d130271206c90fbc1268e28f6f910324,,gx-no-cache=1699966400549 HTTP/1.1" 200 9267
181.212.43.89 - - [14/Nov/2023:09:54:14 -0300] "POST /cormun/servlet/trautorizarpermisogoce?d130271206c90fbc1268e28f6f910324,,gx-no-cache=1699966405925 HTTP/1.1" 200 9061
181.212.43.89 - - [14/Nov/2023:09:54:17 -0300] "POST /cormun/servlet/trautorizarpermisogoce?d130271206c90fbc1268e28f6f910324,,gx-no-cache=1699966409228 HTTP/1.1" 200 8809
181.212.43.89 - - [14/Nov/2023:09:54:30 -0300] "POST /cormun/servlet/trautorizarpermisogoce?d130271206c90fbc1268e28f6f910324,,gx-no-cache=1699966422308 HTTP/1.1" 200 8583
190.171.141.114 - - [14/Nov/2023:09:54:38 -0300] "POST /cormun/servlet/permisosadjuntos?f5036c1167fa59dc5b6b95c5f0326667,INS,7778577,P,20231107112351,, HTTP/1.1" 200 116
190.171.141.114 - - [14/Nov/2023:09:54:38 -0300] "GET /cormun/servlet/hpexe_return? HTTP/1.1" 200 1040
190.171.141.114 - - [14/Nov/2023:09:54:39 -0300] "GET /cormun/servlet/trpermisosadjuntos?7778577,20231107112351,P, HTTP/1.1" 200 6829
