190.171.149.82 - - [02/Nov/2023:16:11:41 -0300] "POST /cormun/servlet/trpermisosadjuntos?9b1e996d755ad43b54b0d8e2e21b077d,17503682,20231102153157,P,,gx-no-cache=1698952270267 HTTP/1.1" 200 90
190.171.149.82 - - [02/Nov/2023:16:11:41 -0300] "GET /cormun/servlet/hpexe_link HTTP/1.1" 200 980
190.171.149.82 - - [02/Nov/2023:16:11:41 -0300] "GET /cormun/servlet/trpermisosgoce HTTP/1.1" 200 10250
181.212.43.89 - - [02/Nov/2023:16:11:43 -0300] "GET /cormun/servlet/trpermisosgoce? HTTP/1.1" 200 14377
190.171.149.82 - - [02/Nov/2023:16:11:44 -0300] "POST /cormun/servlet/trpermisosgoce?9b1e996d755ad43b54b0d8e2e21b077d,gx-no-cache=1698952273076 HTTP/1.1" 200 7661
190.171.149.82 - - [02/Nov/2023:16:11:44 -0300] "GET /cormun/static/Shared/jqueryui/images/ui-icons_82798d_256x240.png HTTP/1.1" 404 1089
190.171.149.82 - - [02/Nov/2023:16:11:44 -0300] "GET /cormun/static/Shared/jqueryui/images/ui-bg_highlight-soft_100_c6c2c8_1x100.png HTTP/1.1" 404 1117
190.171.149.82 - - [02/Nov/2023:16:11:44 -0300] "GET /cormun/static/Shared/jqueryui/images/ui-bg_flat_55_fafafa_40x100.png HTTP/1.1" 404 1097
190.171.149.82 - - [02/Nov/2023:16:11:44 -0300] "GET /cormun/static/Shared/jqueryui/images/ui-icons_8d78a5_256x240.png HTTP/1.1" 404 1089
190.171.149.82 - - [02/Nov/2023:16:11:46 -0300] "GET /cormun/servlet/trpermisosadjuntos?16271586,20231102153356,P, HTTP/1.1" 200 6245
190.171.149.82 - - [02/Nov/2023:16:11:48 -0300] "GET /cormun/servlet/permisosadjuntos?INS,16271586,P,20231102153356,, HTTP/1.1" 200 5564
190.171.149.82 - - [02/Nov/2023:16:11:48 -0300] "GET /cormun/static/about:blank HTTP/1.1" 404 1011
181.212.43.89 - - [02/Nov/2023:16:11:52 -0300] "POST /cormun/servlet/trpermisosgoce?1ceccb3b4dcafe444b24df930d4fd2f9,,gx-no-cache=1698952280414 HTTP/1.1" 200 11661
181.212.43.89 - - [02/Nov/2023:16:11:52 -0300] "GET /cormun/static/Shared/jqueryui/images/ui-bg_highlight-soft_100_c6c2c8_1x100.png HTTP/1.1" 404 1117
181.212.43.89 - - [02/Nov/2023:16:11:52 -0300] "GET /cormun/static/Shared/jqueryui/images/ui-icons_82798d_256x240.png HTTP/1.1" 404 1089
181.212.43.89 - - [02/Nov/2023:16:11:52 -0300] "GET /cormun/static/Shared/jqueryui/images/ui-bg_flat_55_fafafa_40x100.png HTTP/1.1" 404 1097
181.212.43.89 - - [02/Nov/2023:16:11:52 -0300] "GET /cormun/static/Shared/jqueryui/images/ui-icons_8d78a5_256x240.png HTTP/1.1" 404 1089
181.212.43.89 - - [02/Nov/2023:16:11:55 -0300] "GET /cormun/servlet/permisogoce?INS,0,,, HTTP/1.1" 200 6876
190.171.149.82 - - [02/Nov/2023:16:11:58 -0300] "POST /cormun/servlet/permisosadjuntos?9b1e996d755ad43b54b0d8e2e21b077d,INS,16271586,P,20231102153356,, HTTP/1.1" 200 116
190.171.149.82 - - [02/Nov/2023:16:11:58 -0300] "GET /cormun/servlet/hpexe_return? HTTP/1.1" 200 1036
190.171.149.82 - - [02/Nov/2023:16:11:58 -0300] "GET /cormun/servlet/trpermisosadjuntos?16271586,20231102153356,P, HTTP/1.1" 200 6704
181.212.43.89 - - [02/Nov/2023:16:11:59 -0300] "GET /cormun/servlet/permisogoce?bf979d27e1ea3b7d1470f7293880ea94232fed0ca6c93383df93b5703bc7c1e505fa984724cf68e004e70050a6d6d274d1a9efb1dffcda0c24b46fc59223e4c7,gx-no-cache=1698952287834 HTTP/1.1" 200 82
190.171.149.82 - - [02/Nov/2023:16:12:00 -0300] "POST /cormun/servlet/trpermisosadjuntos?9b1e996d755ad43b54b0d8e2e21b077d,16271586,20231102153356,P,,gx-no-cache=1698952289387 HTTP/1.1" 200 90
190.171.149.82 - - [02/Nov/2023:16:12:00 -0300] "GET /cormun/servlet/hpexe_link HTTP/1.1" 200 1002
190.171.149.82 - - [02/Nov/2023:16:12:00 -0300] "GET /cormun/servlet/trpermisosgoce?gx-no-cache=1698952273076 HTTP/1.1" 200 10268
190.171.149.82 - - [02/Nov/2023:16:12:03 -0300] "POST /cormun/servlet/trpermisosgoce?9b1e996d755ad43b54b0d8e2e21b077d,gx-no-cache=1698952273076,gx-no-cache=1698952292419 HTTP/1.1" 200 7658
181.212.43.89 - - [02/Nov/2023:16:12:04 -0300] "GET /cormun/static/menuarrow.gif HTTP/1.1" 404 1015
190.171.149.82 - - [02/Nov/2023:16:12:06 -0300] "GET /cormun/servlet/trpermisosadjuntos?9069250,20231102153418,P, HTTP/1.1" 200 6275
190.171.149.82 - - [02/Nov/2023:16:12:08 -0300] "GET /cormun/servlet/permisosadjuntos?INS,9069250,P,20231102153418,, HTTP/1.1" 200 5569
190.171.149.82 - - [02/Nov/2023:16:12:08 -0300] "GET /cormun/static/about:blank HTTP/1.1" 404 1011
181.212.43.89 - - [02/Nov/2023:16:12:10 -0300] "GET /cormun/servlet/permisogoce?bf979d27e1ea3b7d1470f7293880ea94973929e39a2630a94137970b7d14dffcd3d07f76aa82ddd77426b988fdeedfa6b931539685fe59d0dad33fad6bf41780,gx-no-cache=1698952298059 HTTP/1.1" 200 48
190.171.149.82 - - [02/Nov/2023:16:12:16 -0300] "POST /cormun/servlet/permisosadjuntos?9b1e996d755ad43b54b0d8e2e21b077d,INS,9069250,P,20231102153418,, HTTP/1.1" 200 116
190.171.149.82 - - [02/Nov/2023:16:12:16 -0300] "GET /cormun/servlet/hpexe_return? HTTP/1.1" 200 1035
190.171.149.82 - - [02/Nov/2023:16:12:16 -0300] "GET /cormun/servlet/trpermisosadjuntos?9069250,20231102153418,P, HTTP/1.1" 200 6715
190.171.149.82 - - [02/Nov/2023:16:12:19 -0300] "POST /cormun/servlet/trpermisosadjuntos?9b1e996d755ad43b54b0d8e2e21b077d,9069250,20231102153418,P,,gx-no-cache=1698952307675 HTTP/1.1" 200 90
190.171.149.82 - - [02/Nov/2023:16:12:19 -0300] "GET /cormun/servlet/hpexe_link HTTP/1.1" 200 1001
190.171.149.82 - - [02/Nov/2023:16:12:19 -0300] "GET /cormun/servlet/trpermisosgoce?gx-no-cache=1698952273076 HTTP/1.1" 200 10267
190.171.149.82 - - [02/Nov/2023:16:12:22 -0300] "POST /cormun/servlet/trpermisosgoce?9b1e996d755ad43b54b0d8e2e21b077d,gx-no-cache=1698952273076,gx-no-cache=1698952310564 HTTP/1.1" 200 7656
181.212.43.89 - - [02/Nov/2023:16:12:23 -0300] "POST /cormun/servlet/permisogoce?1ceccb3b4dcafe444b24df930d4fd2f9,INS,0,,,,gx-no-cache=1698952311506 HTTP/1.1" 200 93
181.212.43.89 - - [02/Nov/2023:16:12:23 -0300] "GET /cormun/servlet/hpexe_return? HTTP/1.1" 200 1011
181.212.43.89 - - [02/Nov/2023:16:12:24 -0300] "GET /cormun/servlet/trpermisosgoce? HTTP/1.1" 200 14629
190.171.149.82 - - [02/Nov/2023:16:12:25 -0300] "GET /cormun/servlet/trpermisosadjuntos?10337394,20231016132546,P, HTTP/1.1" 200 6273
190.171.149.82 - - [02/Nov/2023:16:12:26 -0300] "GET /cormun/servlet/permisosadjuntos?INS,10337394,P,20231016132546,, HTTP/1.1" 200 5573
190.171.149.82 - - [02/Nov/2023:16:12:26 -0300] "GET /cormun/static/about:blank HTTP/1.1" 404 1011
181.212.43.89 - - [02/Nov/2023:16:12:30 -0300] "GET /cormun/servlet/apermisogoceprn?16251768,P,20231102161117,PU HTTP/1.1" 200 1685
190.171.149.82 - - [02/Nov/2023:16:12:34 -0300] "POST /cormun/servlet/permisosadjuntos?9b1e996d755ad43b54b0d8e2e21b077d,INS,10337394,P,20231016132546,, HTTP/1.1" 200 116
190.171.149.82 - - [02/Nov/2023:16:12:34 -0300] "GET /cormun/servlet/hpexe_return? HTTP/1.1" 200 1036
190.171.149.82 - - [02/Nov/2023:16:12:34 -0300] "GET /cormun/servlet/trpermisosadjuntos?10337394,20231016132546,P, HTTP/1.1" 200 6718
181.212.43.89 - - [02/Nov/2023:16:12:34 -0300] "GET /cormun/servlet/trpermisosadjuntos?16251768,20231102161117,P, HTTP/1.1" 200 6155
190.171.149.82 - - [02/Nov/2023:16:12:35 -0300] "POST /cormun/servlet/trpermisosadjuntos?9b1e996d755ad43b54b0d8e2e21b077d,10337394,20231016132546,P,,gx-no-cache=1698952324499 HTTP/1.1" 200 90
190.171.149.82 - - [02/Nov/2023:16:12:35 -0300] "GET /cormun/servlet/hpexe_link HTTP/1.1" 200 1003
190.171.149.82 - - [02/Nov/2023:16:12:36 -0300] "GET /cormun/servlet/trpermisosgoce?gx-no-cache=1698952273076 HTTP/1.1" 200 10266
181.212.43.89 - - [02/Nov/2023:16:12:36 -0300] "GET /cormun/servlet/permisosadjuntos?INS,16251768,P,20231102161117,, HTTP/1.1" 200 5652
181.212.43.89 - - [02/Nov/2023:16:12:36 -0300] "GET /cormun/static/about:blank HTTP/1.1" 404 1011
190.171.149.82 - - [02/Nov/2023:16:12:39 -0300] "POST /cormun/servlet/trpermisosgoce?9b1e996d755ad43b54b0d8e2e21b077d,gx-no-cache=1698952273076,gx-no-cache=1698952327804 HTTP/1.1" 200 7649
190.171.149.82 - - [02/Nov/2023:16:12:41 -0300] "GET /cormun/servlet/trpermisosadjuntos?20372747,20231016132628,P, HTTP/1.1" 200 6274
190.171.149.82 - - [02/Nov/2023:16:12:43 -0300] "GET /cormun/servlet/permisosadjuntos?INS,20372747,P,20231016132628,, HTTP/1.1" 200 5574
190.171.149.82 - - [02/Nov/2023:16:12:43 -0300] "GET /cormun/static/about:blank HTTP/1.1" 404 1011
190.171.149.82 - - [02/Nov/2023:16:12:49 -0300] "POST /cormun/servlet/permisosadjuntos?9b1e996d755ad43b54b0d8e2e21b077d,INS,20372747,P,20231016132628,, HTTP/1.1" 200 116
190.171.149.82 - - [02/Nov/2023:16:12:49 -0300] "GET /cormun/servlet/hpexe_return? HTTP/1.1" 200 1036
190.171.149.82 - - [02/Nov/2023:16:12:49 -0300] "GET /cormun/servlet/trpermisosadjuntos?20372747,20231016132628,P, HTTP/1.1" 200 6718
181.212.43.89 - - [02/Nov/2023:16:12:50 -0300] "POST /cormun/servlet/permisosadjuntos?1ceccb3b4dcafe444b24df930d4fd2f9,INS,16251768,P,20231102161117,, HTTP/1.1" 200 116
181.212.43.89 - - [02/Nov/2023:16:12:50 -0300] "GET /cormun/servlet/hpexe_return? HTTP/1.1" 200 1039
181.212.43.89 - - [02/Nov/2023:16:12:50 -0300] "GET /cormun/servlet/trpermisosadjuntos?16251768,20231102161117,P, HTTP/1.1" 200 6712
190.171.149.82 - - [02/Nov/2023:16:12:52 -0300] "POST /cormun/servlet/trpermisosadjuntos?9b1e996d755ad43b54b0d8e2e21b077d,20372747,20231016132628,P,,gx-no-cache=1698952340771 HTTP/1.1" 200 90
190.171.149.82 - - [02/Nov/2023:16:12:52 -0300] "GET /cormun/servlet/hpexe_link HTTP/1.1" 200 1001
190.171.149.82 - - [02/Nov/2023:16:12:52 -0300] "GET /cormun/servlet/trpermisosgoce?gx-no-cache=1698952273076 HTTP/1.1" 200 10260
181.212.43.89 - - [02/Nov/2023:16:12:54 -0300] "GET /cormun/servlet/trpermisosgoce? HTTP/1.1" 200 14625
190.171.149.82 - - [02/Nov/2023:16:12:55 -0300] "POST /cormun/servlet/trpermisosgoce?9b1e996d755ad43b54b0d8e2e21b077d,gx-no-cache=1698952273076,gx-no-cache=1698952343604 HTTP/1.1" 200 7639
190.171.149.82 - - [02/Nov/2023:16:12:56 -0300] "GET /cormun/servlet/trpermisosadjuntos?17137150,20231003125326,P, HTTP/1.1" 200 6268
181.212.43.89 - - [02/Nov/2023:16:12:57 -0300] "POST /cormun/servlet/trpermisosgoce?1ceccb3b4dcafe444b24df930d4fd2f9,,gx-no-cache=1698952345672 HTTP/1.1" 200 11838
190.171.149.82 - - [02/Nov/2023:16:12:58 -0300] "GET /cormun/servlet/permisosadjuntos?INS,17137150,P,20231003125326,, HTTP/1.1" 200 5568
190.171.149.82 - - [02/Nov/2023:16:12:58 -0300] "GET /cormun/static/about:blank HTTP/1.1" 404 1011
190.171.149.82 - - [02/Nov/2023:16:13:04 -0300] "POST /cormun/servlet/permisosadjuntos?9b1e996d755ad43b54b0d8e2e21b077d,INS,17137150,P,20231003125326,, HTTP/1.1" 200 116
190.171.149.82 - - [02/Nov/2023:16:13:04 -0300] "GET /cormun/servlet/hpexe_return? HTTP/1.1" 200 1035
190.171.149.82 - - [02/Nov/2023:16:13:04 -0300] "GET /cormun/servlet/trpermisosadjuntos?17137150,20231003125326,P, HTTP/1.1" 200 6712
190.171.149.82 - - [02/Nov/2023:16:13:05 -0300] "POST /cormun/servlet/trpermisosadjuntos?9b1e996d755ad43b54b0d8e2e21b077d,17137150,20231003125326,P,,gx-no-cache=1698952354507 HTTP/1.1" 200 90
190.171.149.82 - - [02/Nov/2023:16:13:05 -0300] "GET /cormun/servlet/hpexe_link HTTP/1.1" 200 1002
190.171.149.82 - - [02/Nov/2023:16:13:06 -0300] "GET /cormun/servlet/trpermisosgoce?gx-no-cache=1698952273076 HTTP/1.1" 200 10252
181.212.43.89 - - [02/Nov/2023:16:13:07 -0300] "GET /cormun/servlet/permisogoce?INS,0,,, HTTP/1.1" 200 6876
190.171.149.82 - - [02/Nov/2023:16:13:08 -0300] "POST /cormun/servlet/trpermisosgoce?9b1e996d755ad43b54b0d8e2e21b077d,gx-no-cache=1698952273076,gx-no-cache=1698952356749 HTTP/1.1" 200 7632
190.171.149.82 - - [02/Nov/2023:16:13:11 -0300] "POST /cormun/servlet/trpermisosgoce?9b1e996d755ad43b54b0d8e2e21b077d,gx-no-cache=1698952273076,gx-no-cache=1698952360579 HTTP/1.1" 200 90
190.171.149.82 - - [02/Nov/2023:16:13:11 -0300] "GET /cormun/servlet/hpexe_link HTTP/1.1" 200 974
190.171.149.82 - - [02/Nov/2023:16:13:12 -0300] "GET /cormun/servlet/hhome HTTP/1.1" 200 3927
181.212.43.89 - - [02/Nov/2023:16:13:12 -0300] "GET /cormun/servlet/permisogoce?bf979d27e1ea3b7d1470f7293880ea949c2166490bd212c6f7a88b24202dd03f05fa984724cf68e004e70050a6d6d274d1a9efb1dffcda0c24b46fc59223e4c7,gx-no-cache=1698952360064 HTTP/1.1" 200 83
190.171.149.82 - - [02/Nov/2023:16:13:14 -0300] "GET /cormun/servlet/hlogin HTTP/1.1" 200 1730
190.171.149.82 - - [02/Nov/2023:16:13:17 -0300] "POST /cormun/servlet/hlogin?9b1e996d755ad43b54b0d8e2e21b077d,gx-no-cache=1698952366033 HTTP/1.1" 200 90
190.171.149.82 - - [02/Nov/2023:16:13:17 -0300] "GET /cormun/servlet/hpexe_link HTTP/1.1" 200 949
190.171.149.82 - - [02/Nov/2023:16:13:17 -0300] "GET /cormun/servlet/hhome HTTP/1.1" 200 4270
190.171.149.82 - - [02/Nov/2023:16:13:17 -0300] "GET /cormun/static/SmoothNavMenu/resources/images/right.gif HTTP/1.1" 200 860
181.212.43.89 - - [02/Nov/2023:16:13:22 -0300] "GET /cormun/servlet/permisogoce?bf979d27e1ea3b7d1470f7293880ea94e5a96f1e4d5b2eaba22bc630e114bb8d1054434505883cc6f58bfac5e2f1d54db931539685fe59d0dad33fad6bf41780,gx-no-cache=1698952370178 HTTP/1.1" 200 48
190.171.149.82 - - [02/Nov/2023:16:13:23 -0300] "GET /cormun/servlet/trautorizarpermisogoce? HTTP/1.1" 200 9105
190.171.149.82 - - [02/Nov/2023:16:13:23 -0300] "GET /cormun/static/gxcfg.js?2020121645532 HTTP/1.1" 200 953
190.171.149.82 - - [02/Nov/2023:16:13:23 -0300] "GET /cormun/static/trautorizarpermisogoce.js?2020121651492 HTTP/1.1" 200 34948
181.212.43.89 - - [02/Nov/2023:16:13:25 -0300] "POST /cormun/servlet/permisogoce?1ceccb3b4dcafe444b24df930d4fd2f9,INS,0,,,,gx-no-cache=1698952373083 HTTP/1.1" 200 93
181.212.43.89 - - [02/Nov/2023:16:13:25 -0300] "GET /cormun/servlet/hpexe_return? HTTP/1.1" 200 1011
181.212.43.89 - - [02/Nov/2023:16:13:25 -0300] "GET /cormun/servlet/trpermisosgoce? HTTP/1.1" 200 14833
190.171.149.82 - - [02/Nov/2023:16:13:26 -0300] "POST /cormun/servlet/trautorizarpermisogoce?9b1e996d755ad43b54b0d8e2e21b077d,,gx-no-cache=1698952374524 HTTP/1.1" 200 6193
190.171.149.82 - - [02/Nov/2023:16:13:26 -0300] "POST /cormun/servlet/trautorizarpermisogoce?9b1e996d755ad43b54b0d8e2e21b077d,,gx-no-cache=1698952375315 HTTP/1.1" 200 5984
190.171.149.82 - - [02/Nov/2023:16:13:27 -0300] "POST /cormun/servlet/trautorizarpermisogoce?9b1e996d755ad43b54b0d8e2e21b077d,,gx-no-cache=1698952376075 HTTP/1.1" 200 5740
190.171.149.82 - - [02/Nov/2023:16:13:28 -0300] "POST /cormun/servlet/trautorizarpermisogoce?9b1e996d755ad43b54b0d8e2e21b077d,,gx-no-cache=1698952376746 HTTP/1.1" 200 5529
190.171.149.82 - - [02/Nov/2023:16:13:28 -0300] "POST /cormun/servlet/trautorizarpermisogoce?9b1e996d755ad43b54b0d8e2e21b077d,,gx-no-cache=1698952377434 HTTP/1.1" 200 5271
190.171.149.82 - - [02/Nov/2023:16:13:29 -0300] "POST /cormun/servlet/trautorizarpermisogoce?9b1e996d755ad43b54b0d8e2e21b077d,,gx-no-cache=1698952378185 HTTP/1.1" 200 4518
181.212.43.89 - - [02/Nov/2023:16:13:30 -0300] "GET /cormun/servlet/apermisogoceprn?17107771,P,20231102161229,PU HTTP/1.1" 200 1684
181.212.43.89 - - [02/Nov/2023:16:13:35 -0300] "GET /cormun/servlet/trpermisosadjuntos?17107771,20231102161229,P, HTTP/1.1" 200 6155
181.212.43.89 - - [02/Nov/2023:16:13:37 -0300] "GET /cormun/servlet/permisosadjuntos?INS,17107771,P,20231102161229,, HTTP/1.1" 200 5653
181.212.43.89 - - [02/Nov/2023:16:13:37 -0300] "GET /cormun/static/about:blank HTTP/1.1" 404 1011
181.212.43.89 - - [02/Nov/2023:16:13:50 -0300] "POST /cormun/servlet/permisosadjuntos?1ceccb3b4dcafe444b24df930d4fd2f9,INS,17107771,P,20231102161229,, HTTP/1.1" 200 116
181.212.43.89 - - [02/Nov/2023:16:13:50 -0300] "GET /cormun/servlet/hpexe_return? HTTP/1.1" 200 1037
181.212.43.89 - - [02/Nov/2023:16:13:50 -0300] "GET /cormun/servlet/trpermisosadjuntos?17107771,20231102161229,P, HTTP/1.1" 200 6714
181.212.43.89 - - [02/Nov/2023:16:13:53 -0300] "GET /cormun/servlet/trpermisosgoce? HTTP/1.1" 200 14841
181.212.43.89 - - [02/Nov/2023:16:13:57 -0300] "POST /cormun/servlet/trpermisosgoce?1ceccb3b4dcafe444b24df930d4fd2f9,,gx-no-cache=1698952405496 HTTP/1.1" 200 12042
181.212.43.89 - - [02/Nov/2023:16:14:02 -0300] "GET /cormun/servlet/permisogoce?INS,0,,, HTTP/1.1" 200 6876
181.212.43.89 - - [02/Nov/2023:16:14:07 -0300] "GET /cormun/servlet/permisogoce?bf979d27e1ea3b7d1470f7293880ea949c2166490bd212c6f7a88b24202dd03f05fa984724cf68e004e70050a6d6d274d1a9efb1dffcda0c24b46fc59223e4c7,gx-no-cache=1698952414945 HTTP/1.1" 200 84
185.36.81.33 - - [02/Nov/2023:16:15:28 -0300] "GET / HTTP/1.1" 200 11217
190.171.153.26 - - [02/Nov/2023:16:18:12 -0300] "GET /cormun/servlet/hlogin HTTP/1.1" 200 1718
190.171.153.26 - - [02/Nov/2023:16:18:12 -0300] "GET /cormun/servlet/hlogin HTTP/1.1" 200 1729
190.171.153.26 - - [02/Nov/2023:16:18:12 -0300] "GET /favicon.ico HTTP/1.1" 200 21630
190.171.153.26 - - [02/Nov/2023:16:18:25 -0300] "POST /cormun/servlet/hlogin?ffe9f10fae696bedd9718a47626b905e,gx-no-cache=1698956267432 HTTP/1.1" 200 446
190.171.153.26 - - [02/Nov/2023:16:18:29 -0300] "POST /cormun/servlet/hlogin?ffe9f10fae696bedd9718a47626b905e,gx-no-cache=1698956271328 HTTP/1.1" 200 90
190.171.153.26 - - [02/Nov/2023:16:18:29 -0300] "GET /cormun/servlet/hpexe_link HTTP/1.1" 200 950
190.171.153.26 - - [02/Nov/2023:16:18:29 -0300] "GET /cormun/servlet/hhome HTTP/1.1" 200 4292
190.171.153.26 - - [02/Nov/2023:16:18:44 -0300] "GET /cormun/servlet/trlicencias? HTTP/1.1" 200 12547
190.171.149.74 - - [02/Nov/2023:16:18:51 -0300] "POST /cormun/servlet/trlicencias?ea4dcf92797dde8ddc706a27d5b63912,gx-no-cache=1698952699628 HTTP/1.1" 440 972
190.171.149.74 - - [02/Nov/2023:16:18:53 -0300] "GET /cormun/servlet/trlicencias HTTP/1.1" 200 6044
190.171.149.74 - - [02/Nov/2023:16:18:53 -0300] "GET /cormun/servlet/hlogin HTTP/1.1" 200 1731
190.171.149.74 - - [02/Nov/2023:16:19:00 -0300] "POST /cormun/servlet/hlogin?e2ece06cca7beae7f68d37e7c0dd2d89,gx-no-cache=1698952708237 HTTP/1.1" 200 90
190.171.149.74 - - [02/Nov/2023:16:19:00 -0300] "GET /cormun/servlet/hpexe_link HTTP/1.1" 200 950
190.171.149.74 - - [02/Nov/2023:16:19:00 -0300] "GET /cormun/servlet/trlicencias HTTP/1.1" 200 11765
181.212.40.185 - - [02/Nov/2023:16:19:46 -0300] "POST /cormun/servlet/trlicencias?1eeba11782e74a8d024842a225a43f52,,gx-no-cache=1698952755161 HTTP/1.1" 200 12907
181.212.43.89 - - [02/Nov/2023:16:20:47 -0300] "GET /cormun/servlet/permisogoce?bf979d27e1ea3b7d1470f7293880ea94e5a96f1e4d5b2eaba22bc630e114bb8da94e75a6834394b48ca76cfd37cde21db931539685fe59d0dad33fad6bf41780,gx-no-cache=1698952815738 HTTP/1.1" 200 47
181.212.43.89 - - [02/Nov/2023:16:20:53 -0300] "POST /cormun/servlet/permisogoce?1ceccb3b4dcafe444b24df930d4fd2f9,INS,0,,,,gx-no-cache=1698952820651 HTTP/1.1" 200 93
181.212.43.89 - - [02/Nov/2023:16:20:53 -0300] "GET /cormun/servlet/hpexe_return? HTTP/1.1" 200 1011
181.212.43.89 - - [02/Nov/2023:16:20:53 -0300] "GET /cormun/servlet/trpermisosgoce? HTTP/1.1" 200 15006
181.212.43.89 - - [02/Nov/2023:16:20:57 -0300] "GET /cormun/servlet/apermisogoceprn?17107771,P,20231102161325,PU HTTP/1.1" 200 1674
181.212.43.89 - - [02/Nov/2023:16:21:02 -0300] "GET /cormun/servlet/trpermisosadjuntos?17107771,20231102161325,P, HTTP/1.1" 200 6155
181.212.43.89 - - [02/Nov/2023:16:21:08 -0300] "GET /cormun/servlet/permisosadjuntos?INS,17107771,P,20231102161325,, HTTP/1.1" 200 5655
181.212.43.89 - - [02/Nov/2023:16:21:08 -0300] "GET /cormun/static/about:blank HTTP/1.1" 404 1011
181.212.43.89 - - [02/Nov/2023:16:22:15 -0300] "POST /cormun/servlet/permisosadjuntos?1ceccb3b4dcafe444b24df930d4fd2f9,INS,17107771,P,20231102161325,, HTTP/1.1" 200 116
181.212.43.89 - - [02/Nov/2023:16:22:15 -0300] "GET /cormun/servlet/hpexe_return? HTTP/1.1" 200 1038
181.212.43.89 - - [02/Nov/2023:16:22:15 -0300] "GET /cormun/servlet/trpermisosadjuntos?17107771,20231102161325,P, HTTP/1.1" 200 6715
190.95.15.15 - - [02/Nov/2023:16:22:22 -0300] "GET /cormun/servlet/trlicencias? HTTP/1.1" 200 13594
181.212.43.89 - - [02/Nov/2023:16:22:45 -0300] "GET /cormun/servlet/trpermisosgoce? HTTP/1.1" 200 15003
181.212.43.89 - - [02/Nov/2023:16:22:52 -0300] "GET /cormun/servlet/apermisogoceprn?17107771,P,20231102161325,PU HTTP/1.1" 200 1677
181.212.43.89 - - [02/Nov/2023:16:22:59 -0300] "GET /cormun/servlet/trpermisosadjuntos?17107771,20231102161325,P, HTTP/1.1" 200 6712
181.212.43.89 - - [02/Nov/2023:16:23:08 -0300] "GET /cormun/servlet/trpermisosgoce? HTTP/1.1" 200 15003
181.212.43.89 - - [02/Nov/2023:16:23:11 -0300] "POST /cormun/servlet/trpermisosgoce?1ceccb3b4dcafe444b24df930d4fd2f9,,gx-no-cache=1698952959526 HTTP/1.1" 200 12212
181.212.43.89 - - [02/Nov/2023:16:23:11 -0300] "GET /cormun/static/Shared/jqueryui/images/ui-icons_82798d_256x240.png HTTP/1.1" 404 1089
181.212.43.89 - - [02/Nov/2023:16:23:11 -0300] "GET /cormun/static/Shared/jqueryui/images/ui-bg_highlight-soft_100_c6c2c8_1x100.png HTTP/1.1" 404 1117
181.212.43.89 - - [02/Nov/2023:16:23:11 -0300] "GET /cormun/static/Shared/jqueryui/images/ui-icons_8d78a5_256x240.png HTTP/1.1" 404 1089
181.212.43.89 - - [02/Nov/2023:16:23:11 -0300] "GET /cormun/static/Shared/jqueryui/images/ui-bg_flat_55_fafafa_40x100.png HTTP/1.1" 404 1097
181.212.43.89 - - [02/Nov/2023:16:23:35 -0300] "GET /cormun/servlet/permisogoce?INS,0,,, HTTP/1.1" 200 6875
181.212.43.89 - - [02/Nov/2023:16:23:44 -0300] "GET /cormun/servlet/permisogoce?bf979d27e1ea3b7d1470f7293880ea94be01baf9fb79d5ffa8f8b408c42df91e05fa984724cf68e004e70050a6d6d274d1a9efb1dffcda0c24b46fc59223e4c7,gx-no-cache=1698952992618 HTTP/1.1" 200 84
181.212.43.89 - - [02/Nov/2023:16:23:48 -0300] "GET /cormun/static/menuarrow.gif HTTP/1.1" 404 1015
181.212.43.89 - - [02/Nov/2023:16:23:54 -0300] "GET /cormun/servlet/permisogoce?bf979d27e1ea3b7d1470f7293880ea94de6758dbfd76e42add779a529938c73f7b1d8d7b82ad305f80c8b2593cbdc7151a3710a859b555f4aa51017341854f8d,gx-no-cache=1698953002920 HTTP/1.1" 200 46
181.212.43.89 - - [02/Nov/2023:16:24:08 -0300] "POST /cormun/servlet/permisogoce?1ceccb3b4dcafe444b24df930d4fd2f9,INS,0,,,,gx-no-cache=1698953015698 HTTP/1.1" 200 93
181.212.43.89 - - [02/Nov/2023:16:24:08 -0300] "GET /cormun/servlet/hpexe_return? HTTP/1.1" 200 1011
181.212.43.89 - - [02/Nov/2023:16:24:08 -0300] "GET /cormun/servlet/trpermisosgoce? HTTP/1.1" 200 15231
181.212.43.89 - - [02/Nov/2023:16:24:16 -0300] "GET /cormun/servlet/apermisogoceprn?16494232,P,20231102162258,PU HTTP/1.1" 200 1674
181.212.43.89 - - [02/Nov/2023:16:25:06 -0300] "GET /cormun/servlet/trpermisosadjuntos?16494232,20231102162258,P, HTTP/1.1" 200 6157
181.212.43.89 - - [02/Nov/2023:16:25:08 -0300] "GET /cormun/servlet/permisosadjuntos?INS,16494232,P,20231102162258,, HTTP/1.1" 200 5654
181.212.43.89 - - [02/Nov/2023:16:25:08 -0300] "GET /cormun/static/about:blank HTTP/1.1" 404 1011
181.212.43.89 - - [02/Nov/2023:16:25:24 -0300] "POST /cormun/servlet/permisosadjuntos?1ceccb3b4dcafe444b24df930d4fd2f9,INS,16494232,P,20231102162258,, HTTP/1.1" 200 116
181.212.43.89 - - [02/Nov/2023:16:25:24 -0300] "GET /cormun/servlet/hpexe_return? HTTP/1.1" 200 1038
181.212.43.89 - - [02/Nov/2023:16:25:24 -0300] "GET /cormun/servlet/trpermisosadjuntos?16494232,20231102162258,P, HTTP/1.1" 200 6717
181.212.43.89 - - [02/Nov/2023:16:25:28 -0300] "GET /cormun/servlet/trpermisosgoce? HTTP/1.1" 200 15251
181.212.43.89 - - [02/Nov/2023:16:25:33 -0300] "POST /cormun/servlet/trpermisosgoce?1ceccb3b4dcafe444b24df930d4fd2f9,,gx-no-cache=1698953100939 HTTP/1.1" 200 12444
181.212.43.89 - - [02/Nov/2023:16:25:41 -0300] "GET /cormun/servlet/permisogoce?INS,0,,, HTTP/1.1" 200 6876
181.212.43.89 - - [02/Nov/2023:16:25:46 -0300] "GET /cormun/servlet/permisogoce?bf979d27e1ea3b7d1470f7293880ea94d7092b06f47b2b41dd32a920eb32f33205fa984724cf68e004e70050a6d6d274d1a9efb1dffcda0c24b46fc59223e4c7,gx-no-cache=1698953114304 HTTP/1.1" 200 81
181.212.43.89 - - [02/Nov/2023:16:26:12 -0300] "GET /cormun/servlet/permisogoce?bf979d27e1ea3b7d1470f7293880ea948a3e56cf793ba99a5a43c55d80bfcbce087c63419783942f32cacde84b29d4f5b931539685fe59d0dad33fad6bf41780,gx-no-cache=1698953140140 HTTP/1.1" 200 129
181.212.43.89 - - [02/Nov/2023:16:26:12 -0300] "GET /cormun/static/Shared/jqueryui/images/ui-bg_flat_55_994d53_40x100.png HTTP/1.1" 404 1097
181.212.43.89 - - [02/Nov/2023:16:26:12 -0300] "GET /cormun/static/Shared/jqueryui/images/ui-icons_ebccce_256x240.png HTTP/1.1" 404 1089
181.212.43.89 - - [02/Nov/2023:16:26:12 -0300] "POST /cormun/servlet/permisogoce?1ceccb3b4dcafe444b24df930d4fd2f9,INS,0,,,,gx-no-cache=1698953140317 HTTP/1.1" 200 4504
190.171.149.74 - - [02/Nov/2023:16:26:15 -0300] "POST /cormun/servlet/trlicencias?e2ece06cca7beae7f68d37e7c0dd2d89,gx-no-cache=1698953143690 HTTP/1.1" 200 9120
190.171.149.74 - - [02/Nov/2023:16:26:18 -0300] "POST /cormun/servlet/trlicencias?e2ece06cca7beae7f68d37e7c0dd2d89,gx-no-cache=1698953146035 HTTP/1.1" 200 9123
190.171.149.74 - - [02/Nov/2023:16:26:25 -0300] "POST /cormun/servlet/trlicencias?e2ece06cca7beae7f68d37e7c0dd2d89,gx-no-cache=1698953152868 HTTP/1.1" 200 9125
181.212.43.89 - - [02/Nov/2023:16:26:34 -0300] "GET /cormun/servlet/permisogoce?bf979d27e1ea3b7d1470f7293880ea948a3e56cf793ba99a5a43c55d80bfcbce45c9a8e0546bb45156c6da01878a2138b931539685fe59d0dad33fad6bf41780,gx-no-cache=1698953162362 HTTP/1.1" 200 47
181.212.43.89 - - [02/Nov/2023:16:26:38 -0300] "POST /cormun/servlet/permisogoce?1ceccb3b4dcafe444b24df930d4fd2f9,INS,0,,,,gx-no-cache=1698953166234 HTTP/1.1" 200 93
181.212.43.89 - - [02/Nov/2023:16:26:38 -0300] "GET /cormun/servlet/hpexe_return? HTTP/1.1" 200 1011
181.212.43.89 - - [02/Nov/2023:16:26:39 -0300] "GET /cormun/servlet/trpermisosgoce? HTTP/1.1" 200 15457
181.212.43.89 - - [02/Nov/2023:16:26:43 -0300] "GET /cormun/servlet/apermisogoceprn?16492398,P,20231102162503,PU HTTP/1.1" 200 1673
181.212.43.89 - - [02/Nov/2023:16:26:49 -0300] "GET /cormun/servlet/trpermisosadjuntos?16492398,20231102162503,P, HTTP/1.1" 200 6154
181.212.43.89 - - [02/Nov/2023:16:26:50 -0300] "GET /cormun/servlet/permisosadjuntos?INS,16492398,P,20231102162503,, HTTP/1.1" 200 5651
181.212.43.89 - - [02/Nov/2023:16:26:51 -0300] "GET /cormun/static/about:blank HTTP/1.1" 404 1011
181.212.43.89 - - [02/Nov/2023:16:27:10 -0300] "POST /cormun/servlet/permisosadjuntos?1ceccb3b4dcafe444b24df930d4fd2f9,INS,16492398,P,20231102162503,, HTTP/1.1" 200 116
181.212.43.89 - - [02/Nov/2023:16:27:10 -0300] "GET /cormun/servlet/hpexe_return? HTTP/1.1" 200 1037
181.212.43.89 - - [02/Nov/2023:16:27:10 -0300] "GET /cormun/servlet/trpermisosadjuntos?16492398,20231102162503,P, HTTP/1.1" 200 6714
181.212.43.89 - - [02/Nov/2023:16:27:14 -0300] "GET /cormun/servlet/trpermisosgoce? HTTP/1.1" 200 15438
181.212.43.89 - - [02/Nov/2023:16:27:29 -0300] "GET /cormun/servlet/apermisogoceprn?16492398,P,20231102162503,PU HTTP/1.1" 200 1676
181.212.43.89 - - [02/Nov/2023:16:27:35 -0300] "GET /cormun/servlet/trpermisosadjuntos?16492398,20231102162503,P, HTTP/1.1" 200 6710
181.212.43.89 - - [02/Nov/2023:16:27:41 -0300] "GET /cormun/servlet/trpermisosgoce? HTTP/1.1" 200 15453
181.212.43.89 - - [02/Nov/2023:16:27:48 -0300] "POST /cormun/servlet/trpermisosgoce?1ceccb3b4dcafe444b24df930d4fd2f9,,gx-no-cache=1698953236621 HTTP/1.1" 200 12692
181.212.43.89 - - [02/Nov/2023:16:28:04 -0300] "GET /cormun/servlet/permisogoce?INS,0,,, HTTP/1.1" 200 6875
181.212.43.89 - - [02/Nov/2023:16:28:09 -0300] "GET /cormun/servlet/permisogoce?bf979d27e1ea3b7d1470f7293880ea942c7b8612bd849a2666ce6d652ff3d4d705fa984724cf68e004e70050a6d6d274d1a9efb1dffcda0c24b46fc59223e4c7,gx-no-cache=1698953257266 HTTP/1.1" 200 84
181.212.43.89 - - [02/Nov/2023:16:28:23 -0300] "GET /cormun/servlet/permisogoce?bf979d27e1ea3b7d1470f7293880ea9480295a49180df7b34c9077268513e5347a0922859e44be99435be4d482d062711a3710a859b555f4aa51017341854f8d,gx-no-cache=1698953271288 HTTP/1.1" 200 47
181.212.43.89 - - [02/Nov/2023:16:28:26 -0300] "POST /cormun/servlet/permisogoce?1ceccb3b4dcafe444b24df930d4fd2f9,INS,0,,,,gx-no-cache=1698953274343 HTTP/1.1" 200 93
181.212.43.89 - - [02/Nov/2023:16:28:26 -0300] "GET /cormun/servlet/hpexe_return? HTTP/1.1" 200 1011
181.212.43.89 - - [02/Nov/2023:16:28:26 -0300] "GET /cormun/servlet/trpermisosgoce? HTTP/1.1" 200 15676
181.212.43.89 - - [02/Nov/2023:16:28:31 -0300] "GET /cormun/servlet/apermisogoceprn?18044023,P,20231102162727,PU HTTP/1.1" 200 1673
181.212.43.89 - - [02/Nov/2023:16:28:36 -0300] "GET /cormun/servlet/trpermisosadjuntos?18044023,20231102162727,P, HTTP/1.1" 200 6153
181.212.43.89 - - [02/Nov/2023:16:28:38 -0300] "GET /cormun/servlet/permisosadjuntos?INS,18044023,P,20231102162727,, HTTP/1.1" 200 5653
181.212.43.89 - - [02/Nov/2023:16:28:38 -0300] "GET /cormun/static/about:blank HTTP/1.1" 404 1011
181.212.43.89 - - [02/Nov/2023:16:28:55 -0300] "POST /cormun/servlet/permisosadjuntos?1ceccb3b4dcafe444b24df930d4fd2f9,INS,18044023,P,20231102162727,, HTTP/1.1" 200 116
181.212.43.89 - - [02/Nov/2023:16:28:55 -0300] "GET /cormun/servlet/hpexe_return? HTTP/1.1" 200 1037
181.212.43.89 - - [02/Nov/2023:16:28:55 -0300] "GET /cormun/servlet/trpermisosadjuntos?18044023,20231102162727,P, HTTP/1.1" 200 6713
181.212.43.89 - - [02/Nov/2023:16:28:58 -0300] "GET /cormun/servlet/trpermisosgoce? HTTP/1.1" 200 15651
181.212.43.89 - - [02/Nov/2023:16:29:05 -0300] "POST /cormun/servlet/trpermisosgoce?1ceccb3b4dcafe444b24df930d4fd2f9,,gx-no-cache=1698953312950 HTTP/1.1" 200 12820
181.212.42.153 - - [02/Nov/2023:16:29:17 -0300] "GET /cormun/servlet/trlicencias? HTTP/1.1" 200 6077
181.212.42.153 - - [02/Nov/2023:16:29:17 -0300] "GET /cormun/servlet/hlogin HTTP/1.1" 200 1735
181.212.43.89 - - [02/Nov/2023:16:29:18 -0300] "GET /cormun/servlet/permisogoce?INS,0,,, HTTP/1.1" 200 6876
181.212.42.153 - - [02/Nov/2023:16:29:21 -0300] "POST /cormun/servlet/hlogin?f306ea0402bd358fc2a1351c337c51c3,gx-no-cache=1698953331657 HTTP/1.1" 200 90
181.212.42.153 - - [02/Nov/2023:16:29:21 -0300] "GET /cormun/servlet/hpexe_link HTTP/1.1" 200 956
181.212.42.153 - - [02/Nov/2023:16:29:22 -0300] "GET /cormun/servlet/trlicencias HTTP/1.1" 200 15179
181.212.43.89 - - [02/Nov/2023:16:29:23 -0300] "GET /cormun/servlet/permisogoce?bf979d27e1ea3b7d1470f7293880ea94420b6356f95954c900509e75ffd15c1605fa984724cf68e004e70050a6d6d274d1a9efb1dffcda0c24b46fc59223e4c7,gx-no-cache=1698953331249 HTTP/1.1" 200 78
181.212.43.89 - - [02/Nov/2023:16:29:33 -0300] "GET /cormun/servlet/permisogoce?bf979d27e1ea3b7d1470f7293880ea94652776bfc37d93dfe506ae42fdee55ea295c69780318d94b754cb413cf3f85e7b931539685fe59d0dad33fad6bf41780,gx-no-cache=1698953341882 HTTP/1.1" 200 48
181.212.43.89 - - [02/Nov/2023:16:29:36 -0300] "POST /cormun/servlet/permisogoce?1ceccb3b4dcafe444b24df930d4fd2f9,INS,0,,,,gx-no-cache=1698953344428 HTTP/1.1" 200 93
181.212.43.89 - - [02/Nov/2023:16:29:36 -0300] "GET /cormun/servlet/hpexe_return? HTTP/1.1" 200 1011
181.212.43.89 - - [02/Nov/2023:16:29:37 -0300] "GET /cormun/servlet/trpermisosgoce? HTTP/1.1" 200 15879
181.212.43.89 - - [02/Nov/2023:16:29:42 -0300] "GET /cormun/servlet/apermisogoceprn?16804595,P,20231102162840,PU HTTP/1.1" 200 1675
181.212.43.89 - - [02/Nov/2023:16:29:47 -0300] "GET /cormun/servlet/trpermisosadjuntos?16804595,20231102162840,P, HTTP/1.1" 200 6151
181.212.43.89 - - [02/Nov/2023:16:29:50 -0300] "GET /cormun/servlet/permisosadjuntos?INS,16804595,P,20231102162840,, HTTP/1.1" 200 5652
181.212.43.89 - - [02/Nov/2023:16:29:50 -0300] "GET /cormun/static/about:blank HTTP/1.1" 404 1011
181.212.43.89 - - [02/Nov/2023:16:30:08 -0300] "POST /cormun/servlet/permisosadjuntos?1ceccb3b4dcafe444b24df930d4fd2f9,INS,16804595,P,20231102162840,, HTTP/1.1" 200 116
181.212.43.89 - - [02/Nov/2023:16:30:08 -0300] "GET /cormun/servlet/hpexe_return? HTTP/1.1" 200 1038
181.212.43.89 - - [02/Nov/2023:16:30:08 -0300] "GET /cormun/servlet/trpermisosadjuntos?16804595,20231102162840,P, HTTP/1.1" 200 6705
181.212.43.89 - - [02/Nov/2023:16:30:11 -0300] "GET /cormun/servlet/trpermisosgoce? HTTP/1.1" 200 15888
181.212.43.89 - - [02/Nov/2023:16:30:15 -0300] "POST /cormun/servlet/trpermisosgoce?1ceccb3b4dcafe444b24df930d4fd2f9,,gx-no-cache=1698953383042 HTTP/1.1" 200 13139
54.184.159.16 - - [02/Nov/2023:16:31:27 -0300] "GET /robots.txt HTTP/1.1" 404 981
181.212.40.185 - - [02/Nov/2023:16:31:42 -0300] "POST /cormun/servlet/trlicencias?1eeba11782e74a8d024842a225a43f52,,gx-no-cache=1698953471080 HTTP/1.1" 200 12903
45.128.232.125 - - [02/Nov/2023:16:31:51 -0300] "CONNECT google.com:443 HTTP/1.1" 400 -
181.212.43.89 - - [02/Nov/2023:16:42:26 -0300] "GET /cormun/servlet/permisogoce?INS,0,,, HTTP/1.1" 200 6876
181.212.43.89 - - [02/Nov/2023:16:42:31 -0300] "GET /cormun/servlet/permisogoce?bf979d27e1ea3b7d1470f7293880ea94e588c251a9505dc9d658eaf5b7601c4e054de13d0d787601a7ae190cdcda6997cf57391eacbbea3fb1d4db5cf006abd6,gx-no-cache=1698954119257 HTTP/1.1" 200 84
181.212.43.89 - - [02/Nov/2023:16:42:35 -0300] "GET /cormun/static/menuarrow.gif HTTP/1.1" 404 1015
181.212.43.89 - - [02/Nov/2023:16:42:42 -0300] "GET /cormun/servlet/permisogoce?bf979d27e1ea3b7d1470f7293880ea944e526f10645f06c52b4fe8086ba31e744c023d43b4669633e6ece06a2aee711aac6103add471d69a2fe99804a707c5a1,gx-no-cache=1698954129867 HTTP/1.1" 200 48
181.212.43.89 - - [02/Nov/2023:16:42:44 -0300] "POST /cormun/servlet/permisogoce?1ceccb3b4dcafe444b24df930d4fd2f9,INS,0,,,,gx-no-cache=1698954131999 HTTP/1.1" 200 93
181.212.43.89 - - [02/Nov/2023:16:42:44 -0300] "GET /cormun/servlet/hpexe_return? HTTP/1.1" 200 1011
181.212.43.89 - - [02/Nov/2023:16:42:44 -0300] "GET /cormun/servlet/trpermisosgoce? HTTP/1.1" 200 16112
181.212.43.89 - - [02/Nov/2023:16:42:49 -0300] "GET /cormun/servlet/apermisogoceprn?5955876,P,20231102164149,PU HTTP/1.1" 200 1678
181.212.43.89 - - [02/Nov/2023:16:42:55 -0300] "GET /cormun/servlet/trpermisosadjuntos?5955876,20231102164149,P, HTTP/1.1" 200 6152
181.212.43.89 - - [02/Nov/2023:16:42:58 -0300] "GET /cormun/servlet/permisosadjuntos?INS,5955876,P,20231102164149,, HTTP/1.1" 200 5652
181.212.43.89 - - [02/Nov/2023:16:42:58 -0300] "GET /cormun/static/about:blank HTTP/1.1" 404 1011
181.212.43.89 - - [02/Nov/2023:16:43:08 -0300] "POST /cormun/servlet/permisosadjuntos?1ceccb3b4dcafe444b24df930d4fd2f9,INS,5955876,P,20231102164149,, HTTP/1.1" 200 116
181.212.43.89 - - [02/Nov/2023:16:43:08 -0300] "GET /cormun/servlet/hpexe_return? HTTP/1.1" 200 1037
181.212.43.89 - - [02/Nov/2023:16:43:09 -0300] "GET /cormun/servlet/trpermisosadjuntos?5955876,20231102164149,P, HTTP/1.1" 200 6710
181.212.43.89 - - [02/Nov/2023:16:43:11 -0300] "GET /cormun/servlet/trpermisosgoce? HTTP/1.1" 200 16108
181.212.43.89 - - [02/Nov/2023:16:43:16 -0300] "GET /cormun/servlet/trpermisosadjuntos?5955876,20231102164149,P, HTTP/1.1" 200 6706
181.212.43.89 - - [02/Nov/2023:16:43:20 -0300] "GET /cormun/servlet/trpermisosgoce? HTTP/1.1" 200 16096
181.212.43.89 - - [02/Nov/2023:16:43:25 -0300] "POST /cormun/servlet/trpermisosgoce?1ceccb3b4dcafe444b24df930d4fd2f9,,gx-no-cache=1698954173595 HTTP/1.1" 200 13325
181.212.43.89 - - [02/Nov/2023:16:43:26 -0300] "GET /cormun/static/Shared/jqueryui/images/ui-bg_highlight-soft_100_c6c2c8_1x100.png HTTP/1.1" 404 1117
181.212.43.89 - - [02/Nov/2023:16:43:26 -0300] "GET /cormun/static/Shared/jqueryui/images/ui-icons_82798d_256x240.png HTTP/1.1" 404 1089
181.212.43.89 - - [02/Nov/2023:16:43:26 -0300] "GET /cormun/static/Shared/jqueryui/images/ui-bg_flat_55_fafafa_40x100.png HTTP/1.1" 404 1097
181.212.43.89 - - [02/Nov/2023:16:43:26 -0300] "GET /cormun/static/Shared/jqueryui/images/ui-icons_8d78a5_256x240.png HTTP/1.1" 404 1089
181.212.43.89 - - [02/Nov/2023:16:43:34 -0300] "GET /cormun/servlet/permisogoce?INS,0,,, HTTP/1.1" 200 6876
181.212.43.89 - - [02/Nov/2023:16:43:39 -0300] "GET /cormun/servlet/permisogoce?bf979d27e1ea3b7d1470f7293880ea94bcb4cf0061a5e4436908ee9005b7bd0505fa984724cf68e004e70050a6d6d274d1a9efb1dffcda0c24b46fc59223e4c7,gx-no-cache=1698954187361 HTTP/1.1" 200 84
181.212.43.89 - - [02/Nov/2023:16:43:50 -0300] "GET /cormun/servlet/permisogoce?bf979d27e1ea3b7d1470f7293880ea940107f5d9d4f5327d8fde946a8ea366227c5de28c045da63cee8d9cbbbdfb046fb931539685fe59d0dad33fad6bf41780,gx-no-cache=1698954198754 HTTP/1.1" 200 48
181.212.43.89 - - [02/Nov/2023:16:43:53 -0300] "POST /cormun/servlet/permisogoce?1ceccb3b4dcafe444b24df930d4fd2f9,INS,0,,,,gx-no-cache=1698954200946 HTTP/1.1" 200 93
181.212.43.89 - - [02/Nov/2023:16:43:53 -0300] "GET /cormun/servlet/hpexe_return? HTTP/1.1" 200 1011
181.212.43.89 - - [02/Nov/2023:16:43:53 -0300] "GET /cormun/servlet/trpermisosgoce? HTTP/1.1" 200 16253
181.212.43.89 - - [02/Nov/2023:16:43:59 -0300] "GET /cormun/servlet/apermisogoceprn?15804580,P,20231102164256,PU HTTP/1.1" 200 1678
181.212.43.89 - - [02/Nov/2023:16:44:04 -0300] "GET /cormun/servlet/trpermisosadjuntos?15804580,20231102164256,P, HTTP/1.1" 200 6154
181.212.43.89 - - [02/Nov/2023:16:44:06 -0300] "GET /cormun/servlet/permisosadjuntos?INS,15804580,P,20231102164256,, HTTP/1.1" 200 5654
181.212.43.89 - - [02/Nov/2023:16:44:06 -0300] "GET /cormun/static/about:blank HTTP/1.1" 404 1011
181.212.43.89 - - [02/Nov/2023:16:44:19 -0300] "POST /cormun/servlet/permisosadjuntos?1ceccb3b4dcafe444b24df930d4fd2f9,INS,15804580,P,20231102164256,, HTTP/1.1" 200 116
181.212.43.89 - - [02/Nov/2023:16:44:19 -0300] "GET /cormun/servlet/hpexe_return? HTTP/1.1" 200 1039
181.212.43.89 - - [02/Nov/2023:16:44:19 -0300] "GET /cormun/servlet/trpermisosadjuntos?15804580,20231102164256,P, HTTP/1.1" 200 6714
181.212.43.89 - - [02/Nov/2023:16:44:22 -0300] "GET /cormun/servlet/trpermisosgoce? HTTP/1.1" 200 16267
181.212.43.89 - - [02/Nov/2023:16:44:28 -0300] "POST /cormun/servlet/trpermisosgoce?1ceccb3b4dcafe444b24df930d4fd2f9,,gx-no-cache=1698954235674 HTTP/1.1" 200 13490
181.212.43.89 - - [02/Nov/2023:16:44:35 -0300] "GET /cormun/servlet/permisogoce?INS,0,,, HTTP/1.1" 200 6875
181.212.43.89 - - [02/Nov/2023:16:44:40 -0300] "GET /cormun/servlet/permisogoce?bf979d27e1ea3b7d1470f7293880ea9426a7e5620a9719193071b211c8780b4605fa984724cf68e004e70050a6d6d274d1a9efb1dffcda0c24b46fc59223e4c7,gx-no-cache=1698954248346 HTTP/1.1" 200 226
181.212.43.89 - - [02/Nov/2023:16:44:40 -0300] "GET /cormun/static/Shared/jqueryui/images/ui-bg_flat_55_994d53_40x100.png HTTP/1.1" 404 1097
181.212.43.89 - - [02/Nov/2023:16:44:40 -0300] "GET /cormun/static/Shared/jqueryui/images/ui-icons_ebccce_256x240.png HTTP/1.1" 404 1089
181.212.43.89 - - [02/Nov/2023:16:52:22 -0300] "GET /cormun/servlet/permisogoce?bf979d27e1ea3b7d1470f7293880ea941292d1813f82d5afb690b692665494b705fa984724cf68e004e70050a6d6d274d1a9efb1dffcda0c24b46fc59223e4c7,gx-no-cache=1698954710674 HTTP/1.1" 200 226
181.43.224.196 - - [02/Nov/2023:16:52:40 -0300] "GET /cormun/servlet/hlogin HTTP/1.1" 200 1722
181.43.224.196 - - [02/Nov/2023:16:52:40 -0300] "GET /cormun/servlet/hlogin HTTP/1.1" 200 1733
181.212.43.89 - - [02/Nov/2023:16:52:40 -0300] "GET /cormun/servlet/permisogoce?bf979d27e1ea3b7d1470f7293880ea944a4906d6de8cbac31608086fd573429505fa984724cf68e004e70050a6d6d274d1a9efb1dffcda0c24b46fc59223e4c7,gx-no-cache=1698954728681 HTTP/1.1" 200 76
181.212.43.89 - - [02/Nov/2023:16:52:49 -0300] "GET /cormun/servlet/permisogoce?bf979d27e1ea3b7d1470f7293880ea94412abeddaa6e926e7a015e4053c8e8471dbc20dc02e7be9b8a2ecb749170bb1ab931539685fe59d0dad33fad6bf41780,gx-no-cache=1698954737578 HTTP/1.1" 200 47
190.208.14.71 - - [02/Nov/2023:16:52:55 -0300] "GET /cormun/servlet/hlogin HTTP/1.1" 200 1721
181.212.43.89 - - [02/Nov/2023:16:52:56 -0300] "POST /cormun/servlet/permisogoce?1ceccb3b4dcafe444b24df930d4fd2f9,INS,0,,,,gx-no-cache=1698954743638 HTTP/1.1" 200 93
181.212.43.89 - - [02/Nov/2023:16:52:56 -0300] "GET /cormun/servlet/hpexe_return? HTTP/1.1" 200 1011
181.212.43.89 - - [02/Nov/2023:16:52:56 -0300] "GET /cormun/servlet/trpermisosgoce? HTTP/1.1" 200 16505
190.208.14.71 - - [02/Nov/2023:16:52:56 -0300] "GET /cormun/static/gxcfg.js?2022112219184450 HTTP/1.1" 200 953
190.208.14.71 - - [02/Nov/2023:16:52:56 -0300] "GET /cormun/static/gxtimezone.js?85251 HTTP/1.1" 200 5781
190.208.14.71 - - [02/Nov/2023:16:52:56 -0300] "GET /cormun/static/Resources/Spanish/PXTools.css?1759030 HTTP/1.1" 200 100853
190.208.14.71 - - [02/Nov/2023:16:52:57 -0300] "GET /cormun/static/gxgral.js?85251 HTTP/1.1" 200 384558
190.208.14.71 - - [02/Nov/2023:16:52:58 -0300] "GET /cormun/static/messages.spa.js?85251 HTTP/1.1" 200 30736
190.208.14.71 - - [02/Nov/2023:16:52:58 -0300] "GET /cormun/static/hlogin.js?2022112219184458 HTTP/1.1" 200 2156
190.208.14.71 - - [02/Nov/2023:16:53:00 -0300] "GET /cormun/static/Resources/CormunLogin.png HTTP/1.1" 200 19132
181.212.43.89 - - [02/Nov/2023:16:53:00 -0300] "GET /cormun/servlet/apermisogoceprn?17652488,P,20231102164358,PU HTTP/1.1" 200 1676
190.208.14.71 - - [02/Nov/2023:16:53:01 -0300] "GET /cormun/static/Resources/PXToolsButtonBackground.png HTTP/1.1" 200 1176
190.208.14.71 - - [02/Nov/2023:16:53:01 -0300] "GET /cormun/static/Resources/PXToolsButtonRight.png HTTP/1.1" 200 1294
190.208.14.71 - - [02/Nov/2023:16:53:01 -0300] "GET /cormun/static/Resources/PXToolsLoginBottom.png HTTP/1.1" 200 1389
190.208.14.71 - - [02/Nov/2023:16:53:01 -0300] "GET /cormun/static/Resources/PXToolsLoginTop.png HTTP/1.1" 200 1337
190.208.14.71 - - [02/Nov/2023:16:53:01 -0300] "GET /cormun/static/Resources/PXToolsButtonLeft.png HTTP/1.1" 200 1310
190.208.14.71 - - [02/Nov/2023:16:53:01 -0300] "GET /cormun/static/Resources/PXToolsLoginBackground.png HTTP/1.1" 200 1164
190.208.14.71 - - [02/Nov/2023:16:53:02 -0300] "GET /cormun/servlet/hlogin HTTP/1.1" 200 1730
190.208.14.71 - - [02/Nov/2023:16:53:02 -0300] "GET /cormun/static/Resources/indicator.gif HTTP/1.1" 200 1553
181.43.224.196 - - [02/Nov/2023:16:53:03 -0300] "POST /cormun/servlet/hlogin?015872848cc9c65d28f5b0c9544f91e6,gx-no-cache=1698954950196 HTTP/1.1" 200 446
190.208.14.71 - - [02/Nov/2023:16:53:03 -0300] "GET /cormun/static/Resources/indicator.gif HTTP/1.1" 200 1553
181.212.43.89 - - [02/Nov/2023:16:53:05 -0300] "GET /cormun/servlet/trpermisosadjuntos?17652488,20231102164358,P, HTTP/1.1" 200 6152
181.212.43.89 - - [02/Nov/2023:16:53:06 -0300] "GET /cormun/servlet/permisosadjuntos?INS,17652488,P,20231102164358,, HTTP/1.1" 200 5652
181.212.43.89 - - [02/Nov/2023:16:53:06 -0300] "GET /cormun/static/about:blank HTTP/1.1" 404 1011
181.212.43.89 - - [02/Nov/2023:16:53:17 -0300] "POST /cormun/servlet/permisosadjuntos?1ceccb3b4dcafe444b24df930d4fd2f9,INS,17652488,P,20231102164358,, HTTP/1.1" 200 116
181.212.43.89 - - [02/Nov/2023:16:53:18 -0300] "GET /cormun/servlet/hpexe_return? HTTP/1.1" 200 1038
181.212.43.89 - - [02/Nov/2023:16:53:18 -0300] "GET /cormun/servlet/trpermisosadjuntos?17652488,20231102164358,P, HTTP/1.1" 200 6709
181.212.43.89 - - [02/Nov/2023:16:53:21 -0300] "GET /cormun/servlet/trpermisosgoce? HTTP/1.1" 200 16502
181.212.43.89 - - [02/Nov/2023:16:53:26 -0300] "POST /cormun/servlet/trpermisosgoce?1ceccb3b4dcafe444b24df930d4fd2f9,,gx-no-cache=1698954773996 HTTP/1.1" 200 13760
181.212.43.89 - - [02/Nov/2023:16:53:26 -0300] "GET /cormun/static/Shared/jqueryui/images/ui-bg_highlight-soft_100_c6c2c8_1x100.png HTTP/1.1" 404 1117
181.212.43.89 - - [02/Nov/2023:16:53:26 -0300] "GET /cormun/static/Shared/jqueryui/images/ui-icons_82798d_256x240.png HTTP/1.1" 404 1089
181.212.43.89 - - [02/Nov/2023:16:53:26 -0300] "GET /cormun/static/Shared/jqueryui/images/ui-bg_flat_55_fafafa_40x100.png HTTP/1.1" 404 1097
181.212.43.89 - - [02/Nov/2023:16:53:26 -0300] "GET /cormun/static/Shared/jqueryui/images/ui-icons_8d78a5_256x240.png HTTP/1.1" 404 1089
181.212.43.89 - - [02/Nov/2023:16:53:29 -0300] "GET /cormun/servlet/permisogoce?INS,0,,, HTTP/1.1" 200 6875
181.212.43.89 - - [02/Nov/2023:16:53:33 -0300] "GET /cormun/servlet/permisogoce?bf979d27e1ea3b7d1470f7293880ea944a4906d6de8cbac31608086fd573429505fa984724cf68e004e70050a6d6d274d1a9efb1dffcda0c24b46fc59223e4c7,gx-no-cache=1698954781692 HTTP/1.1" 200 78
181.212.43.89 - - [02/Nov/2023:16:53:37 -0300] "GET /cormun/static/menuarrow.gif HTTP/1.1" 404 1015
181.212.43.89 - - [02/Nov/2023:16:53:44 -0300] "GET /cormun/servlet/permisogoce?bf979d27e1ea3b7d1470f7293880ea94412abeddaa6e926e7a015e4053c8e8475a04c27db7bad167e0f001ac0bb33b39b931539685fe59d0dad33fad6bf41780,gx-no-cache=1698954792573 HTTP/1.1" 200 47
181.212.43.89 - - [02/Nov/2023:16:53:47 -0300] "POST /cormun/servlet/permisogoce?1ceccb3b4dcafe444b24df930d4fd2f9,INS,0,,,,gx-no-cache=1698954794958 HTTP/1.1" 200 93
181.212.43.89 - - [02/Nov/2023:16:53:47 -0300] "GET /cormun/servlet/hpexe_return? HTTP/1.1" 200 1011
181.212.43.89 - - [02/Nov/2023:16:53:47 -0300] "GET /cormun/servlet/trpermisosgoce? HTTP/1.1" 200 16647
10.40.40.2 - - [02/Nov/2023:16:53:51 -0300] "GET /cormun/servlet/hlogin HTTP/1.1" 200 1725
10.40.40.2 - - [02/Nov/2023:16:53:51 -0300] "GET /cormun/static/gxtimezone.js?85251 HTTP/1.1" 200 5781
10.40.40.2 - - [02/Nov/2023:16:53:51 -0300] "GET /cormun/static/gxcfg.js?2022112219184450 HTTP/1.1" 200 953
10.40.40.2 - - [02/Nov/2023:16:53:51 -0300] "GET /cormun/static/hlogin.js?2022112219184458 HTTP/1.1" 200 2156
10.40.40.2 - - [02/Nov/2023:16:53:51 -0300] "GET /cormun/static/messages.spa.js?85251 HTTP/1.1" 200 30736
10.40.40.2 - - [02/Nov/2023:16:53:51 -0300] "GET /cormun/static/Resources/Spanish/PXTools.css?1759030 HTTP/1.1" 200 100853
10.40.40.2 - - [02/Nov/2023:16:53:52 -0300] "GET /cormun/static/gxgral.js?85251 HTTP/1.1" 200 384558
10.40.40.2 - - [02/Nov/2023:16:53:52 -0300] "GET /cormun/static/Resources/CormunLogin.png HTTP/1.1" 200 19132
10.40.40.2 - - [02/Nov/2023:16:53:52 -0300] "GET /cormun/static/Resources/PXToolsLoginTop.png HTTP/1.1" 200 1337
10.40.40.2 - - [02/Nov/2023:16:53:52 -0300] "GET /cormun/static/Resources/PXToolsLoginBackground.png HTTP/1.1" 200 1164
10.40.40.2 - - [02/Nov/2023:16:53:52 -0300] "GET /cormun/static/Resources/PXToolsButtonLeft.png HTTP/1.1" 200 1310
10.40.40.2 - - [02/Nov/2023:16:53:52 -0300] "GET /cormun/static/Resources/PXToolsButtonRight.png HTTP/1.1" 200 1294
10.40.40.2 - - [02/Nov/2023:16:53:52 -0300] "GET /cormun/static/Resources/PXToolsButtonBackground.png HTTP/1.1" 200 1176
10.40.40.2 - - [02/Nov/2023:16:53:52 -0300] "GET /cormun/static/Resources/PXToolsLoginBottom.png HTTP/1.1" 200 1389
10.40.40.2 - - [02/Nov/2023:16:53:52 -0300] "GET /cormun/static/Resources/indicator.gif HTTP/1.1" 200 1553
10.40.40.2 - - [02/Nov/2023:16:53:52 -0300] "GET /cormun/servlet/hlogin HTTP/1.1" 200 1734
10.40.40.2 - - [02/Nov/2023:16:53:52 -0300] "GET /favicon.ico HTTP/1.1" 200 21630
181.212.43.89 - - [02/Nov/2023:16:53:52 -0300] "GET /cormun/servlet/apermisogoceprn?17652488,P,20231102165252,PU HTTP/1.1" 200 1673
181.212.43.89 - - [02/Nov/2023:16:53:56 -0300] "GET /cormun/servlet/trpermisosadjuntos?17652488,20231102165252,P, HTTP/1.1" 200 6152
181.212.43.89 - - [02/Nov/2023:16:53:58 -0300] "GET /cormun/servlet/permisosadjuntos?INS,17652488,P,20231102165252,, HTTP/1.1" 200 5649
181.212.43.89 - - [02/Nov/2023:16:53:58 -0300] "GET /cormun/static/about:blank HTTP/1.1" 404 1011
181.212.43.89 - - [02/Nov/2023:16:54:07 -0300] "POST /cormun/servlet/permisosadjuntos?1ceccb3b4dcafe444b24df930d4fd2f9,INS,17652488,P,20231102165252,, HTTP/1.1" 200 116
181.212.43.89 - - [02/Nov/2023:16:54:07 -0300] "GET /cormun/servlet/hpexe_return? HTTP/1.1" 200 1038
181.212.43.89 - - [02/Nov/2023:16:54:07 -0300] "GET /cormun/servlet/trpermisosadjuntos?17652488,20231102165252,P, HTTP/1.1" 200 6707
10.40.40.2 - - [02/Nov/2023:16:54:09 -0300] "POST /cormun/servlet/hlogin?8f619393eff5862b492e36f67d68b0fc,gx-no-cache=1698954789743 HTTP/1.1" 200 447
181.212.43.89 - - [02/Nov/2023:16:54:09 -0300] "GET /cormun/servlet/trpermisosgoce? HTTP/1.1" 200 16643
10.40.40.2 - - [02/Nov/2023:16:54:11 -0300] "POST /cormun/servlet/hlogin?8f619393eff5862b492e36f67d68b0fc,gx-no-cache=1698954791238 HTTP/1.1" 200 447
181.212.43.89 - - [02/Nov/2023:16:54:13 -0300] "POST /cormun/servlet/trpermisosgoce?1ceccb3b4dcafe444b24df930d4fd2f9,,gx-no-cache=1698954820890 HTTP/1.1" 200 13895
181.212.43.89 - - [02/Nov/2023:16:54:17 -0300] "GET /cormun/servlet/permisogoce?INS,0,,, HTTP/1.1" 200 6876
181.212.43.89 - - [02/Nov/2023:16:54:21 -0300] "GET /cormun/servlet/permisogoce?bf979d27e1ea3b7d1470f7293880ea944a4906d6de8cbac31608086fd573429505fa984724cf68e004e70050a6d6d274d1a9efb1dffcda0c24b46fc59223e4c7,gx-no-cache=1698954829749 HTTP/1.1" 200 79
10.40.40.2 - - [02/Nov/2023:16:54:23 -0300] "POST /cormun/servlet/hlogin?8f619393eff5862b492e36f67d68b0fc,gx-no-cache=1698954803381 HTTP/1.1" 200 447
10.40.40.2 - - [02/Nov/2023:16:54:24 -0300] "POST /cormun/servlet/hlogin?8f619393eff5862b492e36f67d68b0fc,gx-no-cache=1698954804606 HTTP/1.1" 200 447
181.212.43.89 - - [02/Nov/2023:16:54:32 -0300] "GET /cormun/servlet/permisogoce?bf979d27e1ea3b7d1470f7293880ea94412abeddaa6e926e7a015e4053c8e84718afeb2c479394847e4f7588f4c98125b931539685fe59d0dad33fad6bf41780,gx-no-cache=1698954839982 HTTP/1.1" 200 47
181.212.43.89 - - [02/Nov/2023:16:54:38 -0300] "POST /cormun/servlet/permisogoce?1ceccb3b4dcafe444b24df930d4fd2f9,INS,0,,,,gx-no-cache=1698954846059 HTTP/1.1" 200 93
181.212.43.89 - - [02/Nov/2023:16:54:38 -0300] "GET /cormun/servlet/hpexe_return? HTTP/1.1" 200 1011
181.212.43.89 - - [02/Nov/2023:16:54:38 -0300] "GET /cormun/servlet/trpermisosgoce? HTTP/1.1" 200 16814
181.212.43.89 - - [02/Nov/2023:16:54:43 -0300] "GET /cormun/servlet/apermisogoceprn?17652488,P,20231102165340,PU HTTP/1.1" 200 1678
181.212.43.89 - - [02/Nov/2023:16:54:51 -0300] "GET /cormun/servlet/trpermisosadjuntos?17652488,20231102165340,P, HTTP/1.1" 200 6153
181.212.43.89 - - [02/Nov/2023:16:54:54 -0300] "GET /cormun/servlet/permisosadjuntos?INS,17652488,P,20231102165340,, HTTP/1.1" 200 5652
181.212.43.89 - - [02/Nov/2023:16:54:54 -0300] "GET /cormun/static/about:blank HTTP/1.1" 404 1011
181.212.43.89 - - [02/Nov/2023:16:55:06 -0300] "POST /cormun/servlet/permisosadjuntos?1ceccb3b4dcafe444b24df930d4fd2f9,INS,17652488,P,20231102165340,, HTTP/1.1" 200 116
181.212.43.89 - - [02/Nov/2023:16:55:06 -0300] "GET /cormun/servlet/hpexe_return? HTTP/1.1" 200 1038
181.212.43.89 - - [02/Nov/2023:16:55:06 -0300] "GET /cormun/servlet/trpermisosadjuntos?17652488,20231102165340,P, HTTP/1.1" 200 6709
181.212.43.89 - - [02/Nov/2023:16:55:08 -0300] "GET /cormun/servlet/trpermisosgoce? HTTP/1.1" 200 16810
181.212.43.89 - - [02/Nov/2023:16:55:15 -0300] "POST /cormun/servlet/trpermisosgoce?1ceccb3b4dcafe444b24df930d4fd2f9,,gx-no-cache=1698954883201 HTTP/1.1" 200 14049
181.212.43.89 - - [02/Nov/2023:16:58:58 -0300] "GET /cormun/servlet/hhome HTTP/1.1" 200 4008
190.95.15.15 - - [02/Nov/2023:17:06:20 -0300] "GET /cormun/servlet/trlicencias? HTTP/1.1" 200 6053
190.95.15.15 - - [02/Nov/2023:17:06:21 -0300] "GET /cormun/servlet/hlogin HTTP/1.1" 200 1736
190.95.15.15 - - [02/Nov/2023:17:06:28 -0300] "POST /cormun/servlet/hlogin?c5942cb9af7df18a43b2069e55080417,gx-no-cache=1698955557286 HTTP/1.1" 200 90
