181.212.40.185 - - [02/Nov/2023:09:30:28 -0300] "POST /cormun/servlet/trpermisosadjuntos?ba36f7a779fe50d45280f2c5ca476b7e,12163890,20231102092849,P,,gx-no-cache=1698928196874 HTTP/1.1" 200 90
181.212.40.185 - - [02/Nov/2023:09:30:28 -0300] "GET /cormun/servlet/hpexe_link HTTP/1.1" 200 987
181.212.40.185 - - [02/Nov/2023:09:30:28 -0300] "GET /cormun/servlet/trpermisosgoce HTTP/1.1" 200 19531
181.212.40.185 - - [02/Nov/2023:09:30:30 -0300] "POST /cormun/servlet/trpermisosgoce?ba36f7a779fe50d45280f2c5ca476b7e,gx-no-cache=1698928198677 HTTP/1.1" 200 16809
181.212.40.185 - - [02/Nov/2023:09:30:30 -0300] "GET /cormun/static/Shared/jqueryui/images/ui-bg_highlight-soft_100_c6c2c8_1x100.png HTTP/1.1" 404 1117
181.212.40.185 - - [02/Nov/2023:09:30:30 -0300] "GET /cormun/static/Shared/jqueryui/images/ui-icons_82798d_256x240.png HTTP/1.1" 404 1089
181.212.40.185 - - [02/Nov/2023:09:30:30 -0300] "GET /cormun/static/Shared/jqueryui/images/ui-icons_8d78a5_256x240.png HTTP/1.1" 404 1089
181.212.40.185 - - [02/Nov/2023:09:30:30 -0300] "GET /cormun/static/Shared/jqueryui/images/ui-bg_flat_55_fafafa_40x100.png HTTP/1.1" 404 1097
190.171.149.74 - - [02/Nov/2023:09:31:40 -0300] "POST /cormun/servlet/trlicencias?c973ce33179c1b9e4b4321136f0726d6,,gx-no-cache=1698928268641 HTTP/1.1" 200 9176
200.54.103.162 - - [02/Nov/2023:09:34:22 -0300] "GET /cormun/servlet/hlogin HTTP/1.1" 200 1727
200.54.103.162 - - [02/Nov/2023:09:34:22 -0300] "GET /cormun/servlet/hlogin HTTP/1.1" 200 1737
200.54.103.162 - - [02/Nov/2023:09:34:22 -0300] "GET /favicon.ico HTTP/1.1" 200 21630
200.54.103.162 - - [02/Nov/2023:09:34:28 -0300] "POST /cormun/servlet/hlogin?fad926e8c7f466e95f038913fdc389b6,gx-no-cache=1698928436927 HTTP/1.1" 200 90
200.54.103.162 - - [02/Nov/2023:09:34:28 -0300] "GET /cormun/servlet/hpexe_link HTTP/1.1" 200 956
200.54.103.162 - - [02/Nov/2023:09:34:28 -0300] "GET /cormun/servlet/hhome HTTP/1.1" 200 4349
200.54.103.162 - - [02/Nov/2023:09:34:30 -0300] "GET /cormun/servlet/trlicencias? HTTP/1.1" 200 14008
181.212.40.185 - - [02/Nov/2023:09:34:59 -0300] "GET /cormun/servlet/trautorizarpermisogoce? HTTP/1.1" 200 7885
181.212.40.185 - - [02/Nov/2023:09:35:03 -0300] "POST /cormun/servlet/trautorizarpermisogoce?ba36f7a779fe50d45280f2c5ca476b7e,,gx-no-cache=1698928472554 HTTP/1.1" 200 4539
181.212.40.185 - - [02/Nov/2023:09:35:06 -0300] "GET /cormun/servlet/trlicencias? HTTP/1.1" 200 16876
181.212.42.153 - - [02/Nov/2023:09:35:29 -0300] "GET /cormun/servlet/trlicencias? HTTP/1.1" 200 6045
181.212.42.153 - - [02/Nov/2023:09:35:29 -0300] "GET /cormun/servlet/hlogin HTTP/1.1" 200 1733
181.212.42.153 - - [02/Nov/2023:09:35:29 -0300] "GET /cormun/servlet/trlicencias? HTTP/1.1" 200 6045
181.212.42.153 - - [02/Nov/2023:09:35:34 -0300] "POST /cormun/servlet/hlogin?67aff9d374a4d94c0c07bd630a9ce03b,gx-no-cache=1698928504214 HTTP/1.1" 200 90
181.212.42.153 - - [02/Nov/2023:09:35:34 -0300] "GET /cormun/servlet/hpexe_link HTTP/1.1" 200 951
181.212.42.153 - - [02/Nov/2023:09:35:34 -0300] "GET /cormun/servlet/trlicencias HTTP/1.1" 200 14723
190.171.149.74 - - [02/Nov/2023:09:37:19 -0300] "POST /cormun/servlet/trlicencias?c973ce33179c1b9e4b4321136f0726d6,,gx-no-cache=1698928608171 HTTP/1.1" 200 9175
190.171.149.74 - - [02/Nov/2023:09:37:20 -0300] "POST /cormun/servlet/trlicencias?c973ce33179c1b9e4b4321136f0726d6,,gx-no-cache=1698928609161 HTTP/1.1" 200 9182
190.171.149.74 - - [02/Nov/2023:09:37:25 -0300] "GET /cormun/servlet/trlicencias? HTTP/1.1" 200 11674
190.171.142.42 - - [02/Nov/2023:09:38:41 -0300] "GET /cormun/servlet/permisogoce?5b4da6d413e3e3560bba52c7d5e2e6d55221c2cfa8a71b89d899bebd8239f906a2eebb323f4d22f0774a6453992a442d03bebb73c64f2921c86ac970a99095c489e36c356cb9737ff1d124ec3f5bc94d7e7c67eb05cd8f59c064e7743477ce9e160f56a30a1212097ecf451fc29a0914d5d28cbe41ba57c09998fd7641750e12,gx-no-cache=1698928690590 HTTP/1.1" 200 80
190.171.142.42 - - [02/Nov/2023:09:38:59 -0300] "GET /cormun/servlet/permisogoce?5b4da6d413e3e3560bba52c7d5e2e6d52ab52e4c506e16b9b43260a43e0ccc18409800c7c37477ae47d82dbce8dee81c5f96af1f194b562fa40fa4cfcd7836590c2b0b7162f6df11988e85146bbd7ac993f6556eb96c17eb12e115cb3c67228b,gx-no-cache=1698928708575 HTTP/1.1" 200 82
190.171.142.42 - - [02/Nov/2023:09:40:20 -0300] "GET /cormun/servlet/permisogoce?5b4da6d413e3e3560bba52c7d5e2e6d57bfbc9eedd68a8a398a9d6dc320ab6a64e3f607d4a92c43da659350af189e0adab89c50da28c080928ef44be7047ed203c9d82c3e3b48cb456b9b56d9c92f961c0fb8708588701a3814a3fb046028455b273695b689550024a1f727fc27ceffd,gx-no-cache=1698928788745 HTTP/1.1" 200 81
190.171.142.42 - - [02/Nov/2023:09:40:41 -0300] "GET /cormun/servlet/permisogoce?5b4da6d413e3e3560bba52c7d5e2e6d56347e43830da7c6da02e0bb21264dbc8e1a9198e79d4b9ef43331d2bcf29bb7a7ab1d84292a1ff28f032fdea1bd2a08226883d36a6370cd8150102accd1c6f46ab015ebe8fd7d2e80af31376a07a1589950f23f28ad75c6570e83a65f21c990d,gx-no-cache=1698928809931 HTTP/1.1" 200 89
190.171.142.42 - - [02/Nov/2023:09:41:17 -0300] "GET /cormun/servlet/permisogoce?5b4da6d413e3e3560bba52c7d5e2e6d50fd67bb8c3433ba9b65a8e2e73f50fb1fbcbd4753b3f6c22a68a5c4f89fa32370969b63afc60d0ee7f93ab5ecf872cceddc228c97231700ab9310a9d2cc70a0feaeafec1b343ea1512011ef2bee23322c516f68a8ffc1a453f81db5464c5ebbf,gx-no-cache=1698928846156 HTTP/1.1" 200 92
190.171.142.42 - - [02/Nov/2023:09:41:33 -0300] "GET /cormun/servlet/permisogoce?5b4da6d413e3e3560bba52c7d5e2e6d5347ace94366f310b73e27f42569d9ab3b5b7a499f5a68352374c08fcbb66c8f8073c285cdd4e243093a2a353ec2ec70a843ef36a670bfbc9c45256b71dedb000292e7bc6c95c906cbf7803a2d4b3f869eb2ac50f29afeb927535c8eb7fcf3030,gx-no-cache=1698928862441 HTTP/1.1" 200 89
190.171.142.42 - - [02/Nov/2023:09:42:10 -0300] "GET /cormun/servlet/permisogoce?5b4da6d413e3e3560bba52c7d5e2e6d588cfc888a8d02c8b527906ecb6855d92951356de210a32dfac98daa9cd9a908cf2469b39506e52dcf70e9bb8022113d8642fe016a3cdf92a5e94fafbdce2e0d6614409e3497f742f4fd6ed32d9793386a85e1b82f9939e820a26dbf09adc87a8,gx-no-cache=1698928899003 HTTP/1.1" 200 69
190.171.142.42 - - [02/Nov/2023:09:42:26 -0300] "GET /cormun/servlet/permisogoce?5b4da6d413e3e3560bba52c7d5e2e6d5ef53e980da7a6e9cbe67f6b8e1f7a29a4ae6aada58f387727146eeb7bbbac985da8a7d3363ac7835f1678436b11ce949b73abfa47d6f41c0ed80df54d07d538b49ceadcc3a845571f1f7a47f14d80d13,gx-no-cache=1698928915159 HTTP/1.1" 200 173
190.171.142.42 - - [02/Nov/2023:09:42:36 -0300] "POST /cormun/servlet/permisogoce?55b99f953df3ebbfa34ecbd81ebc1bd0,INS,0,,,,gx-no-cache=1698928925486 HTTP/1.1" 200 4778
190.171.142.42 - - [02/Nov/2023:09:42:41 -0300] "GET /cormun/servlet/permisogoce?5b4da6d413e3e3560bba52c7d5e2e6d5c31f05e7061cc3443e0b958376ee0eced24fde19823d596299f62d34197f74d9d1e66c6a9e5a4362f1c876ab0cb9ede5f10cb44a5b9d47b1b316feb05909091056a35430a88dd5e6b361ca735cc1676446ae4dc9f8ac332b91c81b310484e3ae92be95fc421b2904b5b8716c3eb242f4d1e66c6a9e5a4362f1c876ab0cb9ede5288ecdf942d99409c9c949f55e4d28709c3d2558427a6233023aafd981de1d89edf90aca3e76fe636a867f370df553faf98befd03e7401b4b69a950bd812eafe821d879df09018c155a5770f4df226a9,gx-no-cache=1698928929795 HTTP/1.1" 200 87
190.171.142.42 - - [02/Nov/2023:09:42:59 -0300] "GET /cormun/servlet/permisogoce?5b4da6d413e3e3560bba52c7d5e2e6d58244f5471d68f71e08af7b3757402421bc2c86e5d2a24c08cd79f6859f70ad641b06685bdaea7b50ccf1695ad5ee1fcac388f20238266012e2b4325027ede9b7d41e49f46119849b8249ae2a1222689b78ede31e2ee74d1032236b0c668730e7,gx-no-cache=1698928948330 HTTP/1.1" 200 84
190.171.142.42 - - [02/Nov/2023:09:43:24 -0300] "GET /cormun/servlet/permisogoce?5b4da6d413e3e3560bba52c7d5e2e6d598d1602a6f8dc0520c8b8a17308aade36c351cd19af795a50ea05ead3f5ca2c57a0c9e3428fc5304505554bdc25e26ac28f2c6d8c792def079b3db05400962a30f7823b29a48b505cf3de482c6a38cd8821d879df09018c155a5770f4df226a9,gx-no-cache=1698928973356 HTTP/1.1" 200 74
190.171.142.42 - - [02/Nov/2023:09:43:40 -0300] "GET /cormun/servlet/permisogoce?5b4da6d413e3e3560bba52c7d5e2e6d566b39b1dfeeb245a859e7e23f83f01d84d50a56fc0c54a64c3d6660797be1c26c7c920e444226368dcf9894a907425ab00197c3a410d83f9265939f51c7fbbe5a9d4de2cf02ff7fc822f122c06caf2e0,gx-no-cache=1698928988826 HTTP/1.1" 200 79
190.95.15.15 - - [02/Nov/2023:09:43:53 -0300] "GET /favicon.ico HTTP/1.1" 200 21630
190.95.15.15 - - [02/Nov/2023:09:43:54 -0300] "GET /cormun/servlet/trlicencias? HTTP/1.1" 200 6049
190.95.15.15 - - [02/Nov/2023:09:43:54 -0300] "GET /cormun/servlet/hlogin HTTP/1.1" 200 1738
190.95.15.15 - - [02/Nov/2023:09:44:02 -0300] "POST /cormun/servlet/hlogin?1961e2bd460e08ffb7e747e36a560a14,gx-no-cache=1698929009181 HTTP/1.1" 200 90
190.95.15.15 - - [02/Nov/2023:09:44:02 -0300] "GET /cormun/servlet/hpexe_link HTTP/1.1" 200 958
190.95.15.15 - - [02/Nov/2023:09:44:02 -0300] "GET /cormun/servlet/trlicencias HTTP/1.1" 200 13109
190.171.142.42 - - [02/Nov/2023:09:45:59 -0300] "GET /cormun/servlet/permisogoce?5b4da6d413e3e3560bba52c7d5e2e6d5833cd9a647d488f7ff50ddc79a01cf044bc2fec8c05a728150f12b587b8eacb27f0026af87e7b3af148589ff563181ad2cdc6e06c3929840b3bd124ea81ba152212609b0094bd4cde8b415c6885661a6942282285b6d45db534669e439c96aad,gx-no-cache=1698929128563 HTTP/1.1" 200 85
190.171.153.26 - - [02/Nov/2023:09:46:34 -0300] "POST /cormun/servlet/trlicencias?e1783d20afd2b623e6495f64c369d15f,,gx-no-cache=1698929168811 HTTP/1.1" 440 972
190.171.153.26 - - [02/Nov/2023:09:46:36 -0300] "GET /cormun/servlet/trlicencias? HTTP/1.1" 200 6044
190.171.153.26 - - [02/Nov/2023:09:46:38 -0300] "GET /cormun/servlet/hlogin HTTP/1.1" 200 1736
190.171.153.26 - - [02/Nov/2023:09:46:38 -0300] "GET /cormun/servlet/trlicencias? HTTP/1.1" 200 6044
190.171.142.42 - - [02/Nov/2023:09:49:45 -0300] "POST /cormun/servlet/permisogoce?55b99f953df3ebbfa34ecbd81ebc1bd0,INS,0,,,,gx-no-cache=1698929353756 HTTP/1.1" 200 4776
190.171.142.42 - - [02/Nov/2023:09:49:48 -0300] "GET /cormun/servlet/permisogoce?5b4da6d413e3e3560bba52c7d5e2e6d52e5dd6080ce323fa46d7f047c9098341df3dedbb15be72014e8eca0538acbc0ad1e66c6a9e5a4362f1c876ab0cb9ede5f10cb44a5b9d47b1b316feb05909091092be95fc421b2904b5b8716c3eb242f445cf51b0224e65810a558ac72c8c1149d1e66c6a9e5a4362f1c876ab0cb9ede5f10cb44a5b9d47b1b316feb05909091040dd0a9a4f57d73658fb2d3af1a7f0902fd4b3726f744a6d48488a1c424bf45b542810387bf7551b73a710ee9b0d311310495f5e12aba427a01e083d4c0b5eb1,gx-no-cache=1698929356981 HTTP/1.1" 200 80
190.171.142.42 - - [02/Nov/2023:09:50:46 -0300] "GET /cormun/servlet/permisogoce?5b4da6d413e3e3560bba52c7d5e2e6d595f7e2ce1c217b961a6614fb88d0e6194f9b1afb1927e1ad6f668cd5b32cbac7daf45b93ee3338ecbda8e198dd7b861971c8b239f6779abd998285b317daba0c74c83d68b6848c58a4c6e354a8365bc6bf211817522c7627d1f66f6b133b8093,gx-no-cache=1698929411606 HTTP/1.1" 200 76
190.171.142.42 - - [02/Nov/2023:09:51:08 -0300] "GET /cormun/servlet/permisogoce?5b4da6d413e3e3560bba52c7d5e2e6d55c571d9ae9823d8ccfc5c1312c5192070567642e11219781fda00e632e0742e3ebad4c4ac50a02cb0bdbb34848b4a53739acfd7a69a13cc4125b300b075da4694f51f74a417e108d99617c6be45433a2,gx-no-cache=1698929436887 HTTP/1.1" 200 81
190.171.142.42 - - [02/Nov/2023:09:51:20 -0300] "GET /cormun/servlet/permisogoce?5b4da6d413e3e3560bba52c7d5e2e6d546a82d0115adede2d7d3eb4b92af4f035718ee504b5edf39c6e363888a0e8bf9428b96362aeac28e9e8a44215eedce999de06c3d7b632f28fb5f45ec99d910ddca051ab3eaccf7c97cb21c9de7afb4e32a5e8764be27c0b8a328f1e866c8d34d,gx-no-cache=1698929449556 HTTP/1.1" 200 74
190.171.142.42 - - [02/Nov/2023:09:52:22 -0300] "GET /cormun/servlet/permisogoce?5b4da6d413e3e3560bba52c7d5e2e6d5c4e91db96950f6fc9f267e5d4e58c5a46e2de9f05b5d1a0725d3a90cbe51724dfe6072e1f17b777e8c28e5ce9e5d0bdd38e5167fcc581d1ef8a91a44038c18986b934fc1876f4428dcfb72df6842aa17,gx-no-cache=1698929511105 HTTP/1.1" 200 85
190.171.142.42 - - [02/Nov/2023:09:52:48 -0300] "GET /cormun/servlet/permisogoce?5b4da6d413e3e3560bba52c7d5e2e6d52de95bdca317b62454a7a822f718010e85a9596866ed14fcb2b1e334d85428e9e292770b2b53d3338deb3617261672c1c6da3fac5b80a33ac983344c3df6ffa2f1b8b488bc066ead65c3252eea294abae11aaf8511b0d0ba0d778c0ebec01a1a,gx-no-cache=1698929536751 HTTP/1.1" 200 84
190.171.142.42 - - [02/Nov/2023:09:53:37 -0300] "GET /cormun/servlet/permisogoce?5b4da6d413e3e3560bba52c7d5e2e6d5d10eb88b5bd2881cde74d82b040cfcb0df7dc7361a240f84539312fddde30b9433a28596707dfc7db8fe2e18c34eef31ea0c5a16024550e3b8dfe3223e9e415bf3ba7ffd7937e440ea48d5267ce0d9ca08a12c6392895ce6bde7be674b1c7738,gx-no-cache=1698929586176 HTTP/1.1" 200 81
67.217.57.54 - - [02/Nov/2023:09:53:42 -0300] "GET / HTTP/1.1" 200 11217
190.171.142.42 - - [02/Nov/2023:09:53:53 -0300] "GET /cormun/servlet/permisogoce?5b4da6d413e3e3560bba52c7d5e2e6d5fb4cc0b5f91c7c737ab147c6cea88efc1e3139f4abc46be40de19d058eb30367906335365fa0db294ac1398f7678c8f0145508e4d49438a31ea879c89bad38cea0d62539a2f64009a30c2b86c23affa0413dea342028e4c2fb0541a38da4cd4d,gx-no-cache=1698929602192 HTTP/1.1" 200 86
190.171.142.42 - - [02/Nov/2023:09:54:08 -0300] "GET /cormun/servlet/permisogoce?5b4da6d413e3e3560bba52c7d5e2e6d5893064b769a8132a5871e4a1a393f91e832dd54dea7ca0f51ceebadc65c8fece699b4cc0c2a68c7ae810527141897d8eb9ad025565cf2708fb1eaae9ddc7ce72af457572e138c25587ff07129012dd9f9729b9d972b5b2819ce0193fe242aab5,gx-no-cache=1698929616860 HTTP/1.1" 200 85
190.171.142.42 - - [02/Nov/2023:09:54:25 -0300] "GET /cormun/servlet/permisogoce?5b4da6d413e3e3560bba52c7d5e2e6d5474a6d5715bffb5e983cddd75576dfa24889f59d0ac2c71141c436186de565a7bcff9104420510966e5bc78ae5be0e576bfbb7abb1612cd589a6f2ca8335bdff4f773be94a8808e45395a28b4ee3bff178e212fb03b93842dabe8099290cbddc,gx-no-cache=1698929634116 HTTP/1.1" 200 85
190.171.152.234 - - [02/Nov/2023:09:55:02 -0300] "GET /cormun/servlet/hlogin HTTP/1.1" 200 1720
190.171.152.234 - - [02/Nov/2023:09:55:03 -0300] "GET /cormun/servlet/hlogin HTTP/1.1" 200 1730
190.171.152.234 - - [02/Nov/2023:09:55:03 -0300] "GET /cormun/static/Resources/indicator.gif HTTP/1.1" 200 1553
190.171.152.234 - - [02/Nov/2023:09:55:12 -0300] "POST /cormun/servlet/hlogin?301d1a4570e5de481d15a06e06799863,gx-no-cache=1698929852684 HTTP/1.1" 200 90
190.171.152.234 - - [02/Nov/2023:09:55:12 -0300] "GET /cormun/servlet/hpexe_link HTTP/1.1" 200 950
190.171.152.234 - - [02/Nov/2023:09:55:12 -0300] "GET /cormun/servlet/hhome HTTP/1.1" 200 4278
190.171.152.234 - - [02/Nov/2023:09:55:16 -0300] "GET /cormun/servlet/trlicencias? HTTP/1.1" 200 10819
190.171.142.42 - - [02/Nov/2023:09:57:01 -0300] "GET /cormun/servlet/permisogoce?5b4da6d413e3e3560bba52c7d5e2e6d52fe0d4f50add081144304ad2007f96e9de7f9f5c5e3cbf92e170d1a9752298dc2087462cf4aa48ff3ea967f8969d6d8e31dd5dc9123b9205b18ecb8f8355ff8f2057b7929e44a2f97684d943dadb1610d6734c971d636195bc176caa552374a4,gx-no-cache=1698929786538 HTTP/1.1" 200 83
190.171.149.74 - - [02/Nov/2023:09:57:03 -0300] "POST /cormun/servlet/trlicencias?c973ce33179c1b9e4b4321136f0726d6,,gx-no-cache=1698929791828 HTTP/1.1" 200 9176
190.171.142.42 - - [02/Nov/2023:09:57:27 -0300] "GET /cormun/servlet/permisogoce?5b4da6d413e3e3560bba52c7d5e2e6d569ddbb686d0cd2a49a5cb8eac78f5a98f2d4176b5066273a8bf821858e44c88811b5102e47e41a98bbac985c0be97d2ee7d74619de7f52d5af48f71ef4ed51329f601216b26af2d43d00e8b4b7bacbb212d5a8ca79fc890d25216d1c58864c37,gx-no-cache=1698929816023 HTTP/1.1" 200 80
190.171.142.42 - - [02/Nov/2023:09:57:37 -0300] "GET /cormun/servlet/permisogoce?5b4da6d413e3e3560bba52c7d5e2e6d5871855293440214ad0eb209e2fb0beabd6abe757d157a644b45afd37251620a10094c75391b07e2f100e0ba87674825aa3821e3ccddcc5b6203e1c96cb23c152111b4af981199fe1e54a39e55764e98fc7cdd5e1a979b8ab478681d1970a39a3,gx-no-cache=1698929826514 HTTP/1.1" 200 86
190.171.142.42 - - [02/Nov/2023:09:57:59 -0300] "GET /cormun/servlet/permisogoce?5b4da6d413e3e3560bba52c7d5e2e6d5af9078a8fa33918e07d58cf98a51ee0c7f979468d3c219366f5ef272c967f9c50804414bb8e8cfa91f6f1214b0ae6a12fbbf9bf745962f0741a320ea84b30b1baeac611cd4ed64af820e6eac2f092591d20f622ea29605f5cb9bb4db41f4a780,gx-no-cache=1698929847645 HTTP/1.1" 200 85
190.171.142.42 - - [02/Nov/2023:09:58:19 -0300] "GET /cormun/servlet/permisogoce?5b4da6d413e3e3560bba52c7d5e2e6d59284849c3ba3f7ed5923ed89ffe9b86a9d85c4665a425e492473a9d4ccade3a0c51b5365abc4fcea99cc98c29c258653cb5fe8f59b0a94ea57e35496a111a710200889f1e1283c28c71272a34db24a2d6568a3d3c6b680770fd1a1a022f2147b,gx-no-cache=1698929868138 HTTP/1.1" 200 81
190.171.141.106 - - [02/Nov/2023:09:58:37 -0300] "GET /cormun/servlet/hlogin HTTP/1.1" 200 1719
190.171.141.106 - - [02/Nov/2023:09:58:38 -0300] "GET /cormun/servlet/hlogin HTTP/1.1" 200 1729
190.171.141.106 - - [02/Nov/2023:09:58:42 -0300] "POST /cormun/servlet/hlogin?0a404009f73d56c59ba50d86ba247da7,gx-no-cache=1698929893018 HTTP/1.1" 200 90
190.171.141.106 - - [02/Nov/2023:09:58:42 -0300] "GET /cormun/servlet/hpexe_link HTTP/1.1" 200 951
190.171.141.106 - - [02/Nov/2023:09:58:42 -0300] "GET /cormun/servlet/hhome HTTP/1.1" 200 4235
190.171.142.42 - - [02/Nov/2023:09:58:46 -0300] "GET /cormun/servlet/permisogoce?5b4da6d413e3e3560bba52c7d5e2e6d5f1b3e4fde700285e324806f269029c541f3803deefea2da3edf953e4732bc618634bbcd368ef4952141fd5a58032d6093634247fc7a8df7f2a0dbbe69fcc8cda1b1079acd7b1696c07536c19f8b8b753821d879df09018c155a5770f4df226a9,gx-no-cache=1698929894946 HTTP/1.1" 200 78
190.171.141.106 - - [02/Nov/2023:09:58:50 -0300] "GET /cormun/servlet/trsolicitudot? HTTP/1.1" 200 7453
190.171.141.106 - - [02/Nov/2023:09:58:50 -0300] "GET /cormun/static/gxcfg.js?20221129846531 HTTP/1.1" 200 953
190.171.141.106 - - [02/Nov/2023:09:58:50 -0300] "GET /cormun/static/trsolicitudot.js?202211298465651 HTTP/1.1" 200 54040
190.171.141.106 - - [02/Nov/2023:09:58:58 -0300] "GET /cormun/servlet/solicitudot?INS,0,0,false, HTTP/1.1" 200 16179
190.171.141.106 - - [02/Nov/2023:09:58:58 -0300] "GET /cormun/static/gxcfg.js?20221129840861 HTTP/1.1" 200 953
190.171.141.106 - - [02/Nov/2023:09:58:58 -0300] "GET /cormun/static/Resources/prompt.gif HTTP/1.1" 200 902
190.171.141.106 - - [02/Nov/2023:09:58:58 -0300] "GET /cormun/static/solicitudot.js?20221129840983 HTTP/1.1" 200 74072
190.171.142.42 - - [02/Nov/2023:09:59:05 -0300] "GET /cormun/servlet/permisogoce?5b4da6d413e3e3560bba52c7d5e2e6d587a015eed2e4518df1b67ca54468b4195ec6f8e7daacb0521ee6761894ccd373893fa4a11ba9c7bde1c3cb37b4beebaa4f2d1f0a567d0d83ba7744cdf70b81ab2047df3869d86289bb93b241ceb64edd,gx-no-cache=1698929914288 HTTP/1.1" 200 77
190.171.141.106 - - [02/Nov/2023:09:59:11 -0300] "GET /cormun/servlet/hlogin HTTP/1.1" 200 1719
190.171.141.106 - - [02/Nov/2023:09:59:15 -0300] "POST /cormun/servlet/hlogin?0a404009f73d56c59ba50d86ba247da7,gx-no-cache=1698929926917 HTTP/1.1" 200 90
190.171.141.106 - - [02/Nov/2023:09:59:16 -0300] "GET /cormun/servlet/hpexe_link HTTP/1.1" 200 964
190.171.141.106 - - [02/Nov/2023:09:59:16 -0300] "GET /cormun/servlet/solicitudot?INS,0,0,false, HTTP/1.1" 200 16181
190.171.141.106 - - [02/Nov/2023:09:59:20 -0300] "GET /cormun/servlet/trlicencias? HTTP/1.1" 200 10258
190.171.142.42 - - [02/Nov/2023:09:59:29 -0300] "GET /cormun/servlet/permisogoce?5b4da6d413e3e3560bba52c7d5e2e6d59a89af4e6db9d23d7a3b3e9c3cad9087807ec85798c8928be3506919468873f201ed764539aa2086abdfb166018ccc0d9e76e4ae9cf046fc96635169591362f46f03cf1477aa12396884c6ab8b4cd526,gx-no-cache=1698929937962 HTTP/1.1" 200 87
190.171.142.42 - - [02/Nov/2023:09:59:46 -0300] "GET /cormun/servlet/permisogoce?5b4da6d413e3e3560bba52c7d5e2e6d5a100537e6748a3bfbda04fafd14b29fa987183083fbc07d13e030ac151524c49783451b0e222fb8934eb1c49cf8e350d9ea68435c5ab7aa0bd079d744629715d7901ecf66b3f52933dec3a3a6746602e7ce984135402df7e2286561ffcc69d80,gx-no-cache=1698929954970 HTTP/1.1" 200 78
190.171.142.42 - - [02/Nov/2023:10:00:08 -0300] "GET /cormun/servlet/permisogoce?5b4da6d413e3e3560bba52c7d5e2e6d5321f3c6f48cda230ec7b94e1c11e988212d19cb637a95c37fde500d916a9b4b0d342eed5f62d225bcf106201e3620363b883c8cc2fcd54db87878f90503cc69ff3595db244128eeba90178a4012e294f,gx-no-cache=1698929976809 HTTP/1.1" 200 81
190.171.142.42 - - [02/Nov/2023:10:00:28 -0300] "GET /cormun/servlet/permisogoce?5b4da6d413e3e3560bba52c7d5e2e6d502bc33bd1e1b539ee328bce6459cc1d1baadf536c61e9d56f4d7c81e54a519dcabb8e6f99b8b2bdbea243f3ff0b09c062bde9bbf504ea105fc51c557a00e5befd4d475a9fdd24ac96bc9a148b655e0e512d5a8ca79fc890d25216d1c58864c37,gx-no-cache=1698929996798 HTTP/1.1" 200 83
190.171.142.42 - - [02/Nov/2023:10:00:58 -0300] "GET /cormun/servlet/permisogoce?5b4da6d413e3e3560bba52c7d5e2e6d504cb2ad502fcfedb47d3f8f99b79bc3d1d112da5cfd45384316fb3f67e626aaba8372889ef4b3ba54a6ae706d4e5ba89b215300a65c4a55efdd16ed887797a8c76a8c396e37688a80c1a02a3654895ea4ca51b4f58ca024249638fab9cb5bba6,gx-no-cache=1698930027054 HTTP/1.1" 200 88
190.171.141.106 - - [02/Nov/2023:10:01:02 -0300] "GET /cormun/servlet/solicitudot?INS,0,0,false, HTTP/1.1" 200 16181
190.171.142.42 - - [02/Nov/2023:10:01:13 -0300] "GET /cormun/servlet/permisogoce?5b4da6d413e3e3560bba52c7d5e2e6d5613ad0c6f160de931a0b8aeed0f841154be91c2e4c1e31ca7fb3f478c2676bedc8b058d3c8a577a1e2c94ee348fd5b42f2adefb42a6a87b164fe4c4331bc5b8f5f100ec51e77d9b549e303006b44b5b06f03cf1477aa12396884c6ab8b4cd526,gx-no-cache=1698930042090 HTTP/1.1" 200 83
190.171.142.42 - - [02/Nov/2023:10:01:27 -0300] "GET /cormun/servlet/permisogoce?5b4da6d413e3e3560bba52c7d5e2e6d5f32708a416112708d1dd9724aaf418765def6d0505b9a94ad2142e76bcb30153a47c63d9b593072a3907b34f064e296663962ddbfdc0ce6f794b35cb63abaa6808be7d5ebe2a9cb7101663776a98c04e413dea342028e4c2fb0541a38da4cd4d,gx-no-cache=1698930056224 HTTP/1.1" 200 84
190.171.141.106 - - [02/Nov/2023:10:02:58 -0300] "GET /cormun/servlet/hlogin HTTP/1.1" 200 1719
190.171.141.106 - - [02/Nov/2023:10:03:02 -0300] "POST /cormun/servlet/hlogin?0a404009f73d56c59ba50d86ba247da7,gx-no-cache=1698930153077 HTTP/1.1" 200 90
190.171.141.106 - - [02/Nov/2023:10:03:02 -0300] "GET /cormun/servlet/hpexe_link HTTP/1.1" 200 964
190.171.141.106 - - [02/Nov/2023:10:03:02 -0300] "GET /cormun/servlet/solicitudot?INS,0,0,false, HTTP/1.1" 200 16181
190.171.141.106 - - [02/Nov/2023:10:03:37 -0300] "POST /cormun/servlet/solicitudot?gx-no-cache=1698930188429 HTTP/1.1" 200 3993
190.171.141.106 - - [02/Nov/2023:10:03:37 -0300] "POST /cormun/servlet/solicitudot?0a404009f73d56c59ba50d86ba247da7,INS,0,0,false,,gx-no-cache=1698930188571 HTTP/1.1" 200 12838
190.171.141.106 - - [02/Nov/2023:10:03:40 -0300] "GET /cormun/servlet/solicitudot?85de77b3a524cf536f9b524edc0d83c0e023f14db1118af5131aceda5635437e76da05bc052fcf13c3bdf23abc68d616,gx-no-cache=1698930191158 HTTP/1.1" 200 30
190.171.142.42 - - [02/Nov/2023:10:07:20 -0300] "GET /cormun/servlet/permisogoce?5b4da6d413e3e3560bba52c7d5e2e6d58df749ad9e522b3c85bdb4bc29833b7ef8583564126b0ed4cab8c67e371fb2daa9cf58e3ce38ac08c08acb61b380def8dcab205f0847b59dc8af8ec30a349691419e1c2bf3749f5f874d6864c72bc418b77faa77129b8ff364f9e4643eca22f8,gx-no-cache=1698930408721 HTTP/1.1" 200 79
190.171.142.42 - - [02/Nov/2023:10:07:45 -0300] "GET /cormun/servlet/permisogoce?5b4da6d413e3e3560bba52c7d5e2e6d53e3732fdfc6eea45515b70c845c0d8d5bc51e1e2d239941c9451513dd31f2be15191b511905f553309eee9247fa2b8b671f9dcafe8d711c870275a759b9d6008f3595db244128eeba90178a4012e294f,gx-no-cache=1698930433798 HTTP/1.1" 200 85
190.171.142.42 - - [02/Nov/2023:10:08:04 -0300] "GET /cormun/servlet/permisogoce?5b4da6d413e3e3560bba52c7d5e2e6d58b9bfab8cfe732ea829d2c4fb24355407088684e74630ce02d15e50a3472f2edabf8284ca883c9abae61e39f9ceb47a36e9fe6596a3490e09e2d09a3fac085c29170733bb63fb0aee5659c39bcf2bd64c5b902d3ddc96e99759a254bffaf2e64,gx-no-cache=1698930452864 HTTP/1.1" 200 83
190.171.142.42 - - [02/Nov/2023:10:08:20 -0300] "GET /cormun/servlet/permisogoce?5b4da6d413e3e3560bba52c7d5e2e6d525c07847cc6d9c636f40df73958c527e389c93ddc7b0aff913f0ad5ec86df2239f7a4e4ecb936f9437cf9e882303a24f9c9c5df196b98ed6bf3bb6f4af3fe5a074c4d2f66bff63fc90006ca2dc0124b78280fb8b95a8a2899a9eb8351257ac1e,gx-no-cache=1698930469578 HTTP/1.1" 200 78
190.171.141.106 - - [02/Nov/2023:10:08:29 -0300] "GET /cormun/servlet/solicitudot?85de77b3a524cf536f9b524edc0d83c0051dbf1dea71f7e5764e696f56f06a2a97096073ab3dc1c7a972736de6283bd7796cf7bdc91cae573385b1c8a8e58cd6,gx-no-cache=1698930480274 HTTP/1.1" 200 30
190.171.141.106 - - [02/Nov/2023:10:08:33 -0300] "GET /cormun/servlet/solicitudot?85de77b3a524cf536f9b524edc0d83c09e41dac78d59d4d4e5aeaa2e9f76483c,gx-no-cache=1698930484109 HTTP/1.1" 200 53
190.171.142.42 - - [02/Nov/2023:10:08:46 -0300] "GET /cormun/servlet/permisogoce?5b4da6d413e3e3560bba52c7d5e2e6d5837a6efd7b492d3b0e52dc0edf978f8792caece0ae48767c4b7bd0afa1de8e6c8056f0f684254df089b6eaedcab610db96b671409337cc38af1ad8abb60f40ddb858807d4cebf87c5fc5d90ea764efcb,gx-no-cache=1698930495280 HTTP/1.1" 200 85
190.171.142.42 - - [02/Nov/2023:10:09:08 -0300] "GET /cormun/servlet/permisogoce?5b4da6d413e3e3560bba52c7d5e2e6d5913c8e13087e8135d2ce1315a03f2bfdbfe68c0647aea3f65f3dc0d00eafa9d9adf78b67e9c4a9a0d33ad6f48cab21e820bda8b30aa250974ca574435c4371d5428ef09dedc179d4e0b937132a3cc168c6ec55341458571c3fa5e89406ad0ec4,gx-no-cache=1698930516795 HTTP/1.1" 200 86
190.171.141.106 - - [02/Nov/2023:10:09:11 -0300] "POST /cormun/servlet/solicitudot?gx-no-cache=1698930522406 HTTP/1.1" 200 255
190.171.141.106 - - [02/Nov/2023:10:09:15 -0300] "GET /cormun/servlet/solicitudot?85de77b3a524cf536f9b524edc0d83c05578c006664a9ac864f4a05bc75e52402b25883da8180397940e0185a65ad7746139260dec67a6aee81f1005b095705a0e21c4db9fde9c8a402a14ebcec9fdbea92dd6b1f183e579cc423be1cc4eeb13fadad73efcab94e652cd0fe942575af01d9dc9d67ae1ec882bb50a4515b98cc9c79d2c8791e6d92113cfa0a72c6f90b685b4b4856f3105c380fb04149b2d4d1a41c606b90caa0ba7e4659bbe069cd585d186a86071f82959ed6dfdba7d43bdb8726e5dd20a549836e6ba8f90ebf663eda5490c6386dd847539c19ecb336d485743c07508219b482b95123361ee4a76aa933e08f654f608f38b3451b67785a843d9320c82a545c6ecb972e566b17b6fdf7e75b3c6c4343f13796d3e938fa5e1e3b8d8bd4429f11a7a7ee8fedfed9c618c1b5259d6ca54bbfdf57d3eadaab3f89424bc33de5d6d76f68bc3bf6fd7e84ca8d6cf8665b2290704b8580ed1c163b40ad8de3cd07d5f2e736499fb6da17f06c342a4c8e006987610d1c1f67d7b040f00,gx-no-cache=1698930526551 HTTP/1.1" 200 30
190.171.141.106 - - [02/Nov/2023:10:09:37 -0300] "POST /cormun/servlet/solicitudot?gx-no-cache=1698930548918 HTTP/1.1" 200 30
190.171.142.42 - - [02/Nov/2023:10:09:38 -0300] "GET /cormun/servlet/permisogoce?5b4da6d413e3e3560bba52c7d5e2e6d5e4ceeaab841b46334ed2922d1a0f07781d6d01ed925e2fd0f17fc76e15fd9e6ac20eb792aeaf9cd63b8c85406deea063ef798fcbd5e0ed84d60af7ed53c8a60331901a40b6a541717e7dd9dce23f7227b91dd88258769a64d97b741a86692fa1,gx-no-cache=1698930547316 HTTP/1.1" 200 83
190.171.141.106 - - [02/Nov/2023:10:09:40 -0300] "POST /cormun/servlet/solicitudot?gx-no-cache=1698930551427 HTTP/1.1" 200 1466
190.171.141.106 - - [02/Nov/2023:10:09:40 -0300] "POST /cormun/servlet/solicitudot?gx-no-cache=1698930551467 HTTP/1.1" 200 38
190.171.142.42 - - [02/Nov/2023:10:10:53 -0300] "GET /cormun/servlet/permisogoce?5b4da6d413e3e3560bba52c7d5e2e6d50ee6604c0efec3edc080691761e2cf2821968bfcd35bc159f10c091618700053e4f93373dcc9043311599ecb30daacab3ea57422097a9766931a97511dd66c2f403ac27cac83c99d4b0387f7ea3667a38331d48dd1ca55adc9db4d56996cf26e,gx-no-cache=1698930622089 HTTP/1.1" 200 81
190.171.141.106 - - [02/Nov/2023:10:12:03 -0300] "GET /cormun/servlet/solicitudot?85de77b3a524cf536f9b524edc0d83c087c6a93808dbbba6c9537da3a6159c2e0d6d8e7462bc1a5355bfc055b42f018ad5ebee464feb3fe8ad518e1b463700fe0fefc323955e242805581eb78890ef7f74c49a82899b4b5eb5b9799858aae5d49aaafda5f09009ef347a588af9f1e89c,gx-no-cache=1698930694523 HTTP/1.1" 200 110
190.171.141.106 - - [02/Nov/2023:10:12:14 -0300] "POST /cormun/servlet/solicitudot?gx-no-cache=1698930705823 HTTP/1.1" 200 97
190.171.141.106 - - [02/Nov/2023:10:13:34 -0300] "GET /cormun/servlet/solicitudot?85de77b3a524cf536f9b524edc0d83c0e8a9964a96c97f2fd8548dc85f3ee4869668a23fcb4bb80e2342c5949cb38f68cfc51ebdc24549741014c8a0c53e970d0698229c783eac33014e5675acfa25da8e8b91764f95c842d52428670560b255141240768993c3631b2c5b1385753a25,gx-no-cache=1698930785889 HTTP/1.1" 200 29
190.171.142.42 - - [02/Nov/2023:10:15:33 -0300] "GET /cormun/servlet/permisogoce?5b4da6d413e3e3560bba52c7d5e2e6d56a43439a560a8d95f87b9f0db1c143d4522f1aa4b049b96cf0b74c703064fcc16880cc677c258250f91fd918a50f7751193cae261689caa5ece7b1ae0dfa931cf0b38173387c2a311cffe9341b03beb96568a3d3c6b680770fd1a1a022f2147b,gx-no-cache=1698930898446 HTTP/1.1" 200 82
190.171.142.42 - - [02/Nov/2023:10:15:56 -0300] "GET /cormun/servlet/permisogoce?5b4da6d413e3e3560bba52c7d5e2e6d5bcf506c90d59cfa58bb6d515d08fdfae34f8b97d8f50a244b4804aa9b0357dc94ec9ff19316015708c62bdd23366d4893f42a97c6b9d763964d7da43141bdbb44f8dbd31a625015a941636c81e86ba25a349d2f0c0188a22e596bfe1eeb7627c,gx-no-cache=1698930925098 HTTP/1.1" 200 74
190.171.142.42 - - [02/Nov/2023:10:16:17 -0300] "GET /cormun/servlet/permisogoce?5b4da6d413e3e3560bba52c7d5e2e6d55221c2cfa8a71b89d899bebd8239f906a2eebb323f4d22f0774a6453992a442d03bebb73c64f2921c86ac970a99095c489e36c356cb9737ff1d124ec3f5bc94d7e7c67eb05cd8f59c064e7743477ce9e160f56a30a1212097ecf451fc29a0914d5d28cbe41ba57c09998fd7641750e12,gx-no-cache=1698930945599 HTTP/1.1" 200 80
190.171.142.42 - - [02/Nov/2023:10:16:31 -0300] "GET /cormun/servlet/permisogoce?5b4da6d413e3e3560bba52c7d5e2e6d52ab52e4c506e16b9b43260a43e0ccc18409800c7c37477ae47d82dbce8dee81c5f96af1f194b562fa40fa4cfcd7836590c2b0b7162f6df11988e85146bbd7ac993f6556eb96c17eb12e115cb3c67228b,gx-no-cache=1698930960348 HTTP/1.1" 200 82
192.168.10.17 - - [02/Nov/2023:10:16:36 -0300] "GET /cormun/servlet/hlogin HTTP/1.1" 200 1722
192.168.10.17 - - [02/Nov/2023:10:16:36 -0300] "GET /cormun/static/Resources/Spanish/PXTools.css?1759030 HTTP/1.1" 200 100853
192.168.10.17 - - [02/Nov/2023:10:16:36 -0300] "GET /cormun/static/gxtimezone.js?85251 HTTP/1.1" 200 5781
192.168.10.17 - - [02/Nov/2023:10:16:36 -0300] "GET /cormun/static/gxcfg.js?2022112219184450 HTTP/1.1" 200 953
192.168.10.17 - - [02/Nov/2023:10:16:36 -0300] "GET /cormun/static/messages.spa.js?85251 HTTP/1.1" 200 30736
192.168.10.17 - - [02/Nov/2023:10:16:36 -0300] "GET /cormun/static/Resources/CormunLogin.png HTTP/1.1" 200 19132
192.168.10.17 - - [02/Nov/2023:10:16:36 -0300] "GET /cormun/static/hlogin.js?2022112219184458 HTTP/1.1" 200 2156
192.168.10.17 - - [02/Nov/2023:10:16:36 -0300] "GET /cormun/static/gxgral.js?85251 HTTP/1.1" 200 384558
192.168.10.17 - - [02/Nov/2023:10:16:36 -0300] "GET /cormun/static/Resources/PXToolsLoginTop.png HTTP/1.1" 200 1337
192.168.10.17 - - [02/Nov/2023:10:16:36 -0300] "GET /cormun/static/Resources/PXToolsLoginBackground.png HTTP/1.1" 200 1164
192.168.10.17 - - [02/Nov/2023:10:16:36 -0300] "GET /cormun/static/Resources/PXToolsButtonLeft.png HTTP/1.1" 200 1310
192.168.10.17 - - [02/Nov/2023:10:16:36 -0300] "GET /cormun/static/Resources/PXToolsButtonRight.png HTTP/1.1" 200 1294
192.168.10.17 - - [02/Nov/2023:10:16:36 -0300] "GET /cormun/static/Resources/PXToolsButtonBackground.png HTTP/1.1" 200 1176
192.168.10.17 - - [02/Nov/2023:10:16:36 -0300] "GET /cormun/static/Resources/PXToolsLoginBottom.png HTTP/1.1" 200 1389
192.168.10.17 - - [02/Nov/2023:10:16:36 -0300] "GET /cormun/servlet/hlogin HTTP/1.1" 200 1733
192.168.10.17 - - [02/Nov/2023:10:16:36 -0300] "GET /cormun/static/Resources/indicator.gif HTTP/1.1" 200 1553
192.168.10.17 - - [02/Nov/2023:10:16:41 -0300] "POST /cormun/servlet/hlogin?2d7cd44e6ddb1551ebd40e8c4dc42870,gx-no-cache=1698930964834 HTTP/1.1" 200 90
192.168.10.17 - - [02/Nov/2023:10:16:41 -0300] "GET /cormun/servlet/hpexe_link HTTP/1.1" 200 954
192.168.10.17 - - [02/Nov/2023:10:16:41 -0300] "GET /cormun/static/gxcfg.js?20221129847421 HTTP/1.1" 200 953
192.168.10.17 - - [02/Nov/2023:10:16:41 -0300] "GET /cormun/static/hpexe_link.js?20221129847423 HTTP/1.1" 200 625
192.168.10.17 - - [02/Nov/2023:10:16:41 -0300] "GET /cormun/static/Resources/Spanish/PXTools.css?8354383 HTTP/1.1" 200 100853
192.168.10.17 - - [02/Nov/2023:10:16:42 -0300] "GET /cormun/servlet/hhome HTTP/1.1" 200 3824
192.168.10.17 - - [02/Nov/2023:10:16:42 -0300] "GET /cormun/static/SmoothNavMenu/resources/ddsmoothmenu.css?1112540 HTTP/1.1" 200 2223
192.168.10.17 - - [02/Nov/2023:10:16:42 -0300] "GET /cormun/static/gxcfg.js?20201215495537 HTTP/1.1" 200 953
192.168.10.17 - - [02/Nov/2023:10:16:42 -0300] "GET /cormun/static/SmoothNavMenu/resources/ddsmoothmenu-v.css?1112540 HTTP/1.1" 200 1188
192.168.10.17 - - [02/Nov/2023:10:16:42 -0300] "GET /cormun/static/scaMessage/css/jquery.pnotify.default.css?1816380 HTTP/1.1" 200 1707
192.168.10.17 - - [02/Nov/2023:10:16:42 -0300] "GET /cormun/static/Shared/jqueryui/jquery-ui.min.css?1345370 HTTP/1.1" 200 30288
192.168.10.17 - - [02/Nov/2023:10:16:42 -0300] "GET /cormun/static/Resources/Spanish/PXTools.css?14345360 HTTP/1.1" 200 100853
192.168.10.17 - - [02/Nov/2023:10:16:42 -0300] "GET /cormun/static/PXToolsJavascripts/pexe_autoreload.js HTTP/1.1" 200 1762
192.168.10.17 - - [02/Nov/2023:10:16:42 -0300] "GET /cormun/static/PXToolsJavascripts/pexe_cookies.js HTTP/1.1" 200 792
192.168.10.17 - - [02/Nov/2023:10:16:42 -0300] "GET /cormun/static/PXToolsJavascripts/pexe_windows.js HTTP/1.1" 200 15249
192.168.10.17 - - [02/Nov/2023:10:16:42 -0300] "GET /cormun/static/PXToolsJavascripts/pexe_grid.js HTTP/1.1" 200 7559
192.168.10.17 - - [02/Nov/2023:10:16:42 -0300] "GET /cormun/static/PXToolsJavascripts/pexe_griddivfix.js HTTP/1.1" 200 6946
192.168.10.17 - - [02/Nov/2023:10:16:42 -0300] "GET /cormun/static/PXToolsJavascripts/pexe_link.js HTTP/1.1" 200 5671
192.168.10.17 - - [02/Nov/2023:10:16:42 -0300] "GET /cormun/static/PXToolsJavascripts/pexe_menus.js HTTP/1.1" 200 1286
192.168.10.17 - - [02/Nov/2023:10:16:42 -0300] "GET /cormun/static/PXToolsJavascripts/pexe_menudivfix.js HTTP/1.1" 200 333
192.168.10.17 - - [02/Nov/2023:10:16:42 -0300] "GET /cormun/static/PXToolsJavascripts/pexe_layers.js HTTP/1.1" 200 4114
192.168.10.17 - - [02/Nov/2023:10:16:42 -0300] "GET /cormun/static/PXToolsJavascripts/pexe_oavdivfix.js HTTP/1.1" 200 639
192.168.10.17 - - [02/Nov/2023:10:16:42 -0300] "GET /cormun/static/PXToolsJavascripts/pexe_oav.js HTTP/1.1" 200 645
192.168.10.17 - - [02/Nov/2023:10:16:42 -0300] "GET /cormun/static/PXToolsJavascripts/pexe_picture.js HTTP/1.1" 200 689
192.168.10.17 - - [02/Nov/2023:10:16:42 -0300] "GET /cormun/static/PXToolsJavascripts/pexe_scrolldiv.js HTTP/1.1" 200 4138
192.168.10.17 - - [02/Nov/2023:10:16:42 -0300] "GET /cormun/static/PXToolsJavascripts/pexe_tabs.js HTTP/1.1" 200 3748
192.168.10.17 - - [02/Nov/2023:10:16:42 -0300] "GET /cormun/static/PXToolsJavascripts/pexe_upload.js HTTP/1.1" 200 1423
192.168.10.17 - - [02/Nov/2023:10:16:42 -0300] "GET /cormun/static/PXToolsJavascripts/pexe_popup.js HTTP/1.1" 200 15149
192.168.10.17 - - [02/Nov/2023:10:16:42 -0300] "GET /cormun/static/PXToolsJavascripts/pexe_tabdivfix.js HTTP/1.1" 200 898
192.168.10.17 - - [02/Nov/2023:10:16:42 -0300] "GET /cormun/static/PXToolsJavascripts/PXToolsJavascriptsRender.js HTTP/1.1" 200 367
192.168.10.17 - - [02/Nov/2023:10:16:42 -0300] "GET /cormun/static/Resources/CormunMP2.png HTTP/1.1" 200 6878
192.168.10.17 - - [02/Nov/2023:10:16:42 -0300] "GET /cormun/static/Resources/ImgHome.png HTTP/1.1" 200 1364
192.168.10.17 - - [02/Nov/2023:10:16:42 -0300] "GET /cormun/static/Resources/Llave.png HTTP/1.1" 200 1395
192.168.10.17 - - [02/Nov/2023:10:16:42 -0300] "GET /cormun/static/Resources/ImgLogin.png HTTP/1.1" 200 1432
192.168.10.17 - - [02/Nov/2023:10:16:42 -0300] "GET /cormun/static/RunJS/RunJS.js HTTP/1.1" 200 288
192.168.10.17 - - [02/Nov/2023:10:16:42 -0300] "GET /cormun/static/Shared/ext/locale/ext-lang-en.js HTTP/1.1" 200 10940
192.168.10.17 - - [02/Nov/2023:10:16:42 -0300] "GET /cormun/static/hhome.js?20201215495544 HTTP/1.1" 200 777
192.168.10.17 - - [02/Nov/2023:10:16:42 -0300] "GET /cormun/static/hwchdr01.js?2022112219251119 HTTP/1.1" 200 996
192.168.10.17 - - [02/Nov/2023:10:16:42 -0300] "GET /cormun/static/hpexe_recentlink.js?20201214471090 HTTP/1.1" 200 2144
192.168.10.17 - - [02/Nov/2023:10:16:42 -0300] "GET /cormun/static/hpexe_scripts.js?20201214471411 HTTP/1.1" 200 1544
192.168.10.17 - - [02/Nov/2023:10:16:42 -0300] "GET /cormun/static/Resources/PXToolsDataTitle.png HTTP/1.1" 200 1173
192.168.10.17 - - [02/Nov/2023:10:16:42 -0300] "GET /cormun/static/gxui/gxui-all.js HTTP/1.1" 200 107772
192.168.10.17 - - [02/Nov/2023:10:16:42 -0300] "GET /cormun/static/hpexe_messagecontroller.js?202211298371222 HTTP/1.1" 200 870
192.168.10.17 - - [02/Nov/2023:10:16:42 -0300] "GET /cormun/static/hpexe_messagepopupcomponent.js?2020121447232 HTTP/1.1" 200 605
192.168.10.17 - - [02/Nov/2023:10:16:42 -0300] "GET /cormun/static/hpexe_messagegenexuscomponent.js?20221129836373 HTTP/1.1" 200 587
192.168.10.17 - - [02/Nov/2023:10:16:42 -0300] "GET /cormun/static/cmcontrolpreferences.js?20199141926336 HTTP/1.1" 200 1375
192.168.10.17 - - [02/Nov/2023:10:16:42 -0300] "GET /cormun/static/SmoothNavMenu/resources/ddsmoothmenu.js HTTP/1.1" 200 12712
192.168.10.17 - - [02/Nov/2023:10:16:42 -0300] "GET /cormun/static/Shared/jquery/jquery-1.4.2.min.js HTTP/1.1" 200 72174
192.168.10.17 - - [02/Nov/2023:10:16:42 -0300] "GET /cormun/static/SmoothNavMenu/resources/SmoothNavMenuRender.js HTTP/1.1" 200 5951
192.168.10.17 - - [02/Nov/2023:10:16:42 -0300] "GET /cormun/static/scaMessage/js/jquery.pnotify.min.js HTTP/1.1" 200 13038
192.168.10.17 - - [02/Nov/2023:10:16:42 -0300] "GET /cormun/static/scaMessage/scaMessageRender.js HTTP/1.1" 200 11977
192.168.10.17 - - [02/Nov/2023:10:16:42 -0300] "GET /cormun/static/hmpwkw03.js?20221129844354 HTTP/1.1" 200 3971
192.168.10.17 - - [02/Nov/2023:10:16:42 -0300] "GET /cormun/static/Shared/jqueryui/jquery-ui.min.js HTTP/1.1" 200 240427
192.168.10.17 - - [02/Nov/2023:10:16:42 -0300] "GET /cormun/static/Shared/jquery/jquery-1.10.2.min.js HTTP/1.1" 200 273199
192.168.10.17 - - [02/Nov/2023:10:16:42 -0300] "GET /cormun/static/Shared/ext/ext-all.js HTTP/1.1" 200 1289687
192.168.10.17 - - [02/Nov/2023:10:16:42 -0300] "GET /cormun/static/SmoothNavMenu/resources/images/down.gif HTTP/1.1" 200 854
192.168.10.17 - - [02/Nov/2023:10:16:46 -0300] "GET /cormun/servlet/trsolicitudgral? HTTP/1.1" 200 11368
192.168.10.17 - - [02/Nov/2023:10:16:46 -0300] "GET /cormun/static/gxcfg.js?20191021621534 HTTP/1.1" 200 953
192.168.10.17 - - [02/Nov/2023:10:16:46 -0300] "GET /cormun/static/gxui/gxui-all.css?110300 HTTP/1.1" 200 2179
192.168.10.17 - - [02/Nov/2023:10:16:46 -0300] "GET /cormun/static/calendar.js?85251 HTTP/1.1" 200 26246
192.168.10.17 - - [02/Nov/2023:10:16:46 -0300] "GET /cormun/static/calendar-system.css?75620 HTTP/1.1" 200 5572
192.168.10.17 - - [02/Nov/2023:10:16:46 -0300] "GET /cormun/static/calendar-setup.js?85251 HTTP/1.1" 200 2588
192.168.10.17 - - [02/Nov/2023:10:16:46 -0300] "GET /cormun/static/calendar-es.js?85251 HTTP/1.1" 200 1901
192.168.10.17 - - [02/Nov/2023:10:16:46 -0300] "GET /cormun/static/Resources/PXTools/calendar.png HTTP/1.1" 200 1306
192.168.10.17 - - [02/Nov/2023:10:16:46 -0300] "GET /cormun/static/gxdec.js?85251 HTTP/1.1" 200 19579
192.168.10.17 - - [02/Nov/2023:10:16:46 -0300] "GET /cormun/static/Shared/ext/resources/css/ext-all.css?205870 HTTP/1.1" 200 416045
192.168.10.17 - - [02/Nov/2023:10:16:46 -0300] "GET /cormun/static/Resources/Spanish/PXTools.css?2294816 HTTP/1.1" 200 100853
192.168.10.17 - - [02/Nov/2023:10:16:46 -0300] "GET /cormun/static/trsolicitudgral.js?20191021621224 HTTP/1.1" 200 55166
192.168.10.17 - - [02/Nov/2023:10:16:46 -0300] "GET /cormun/static/Resources/PXToolsDataSearch.png HTTP/1.1" 200 435
192.168.10.17 - - [02/Nov/2023:10:16:46 -0300] "GET /cormun/static/Resources/PXToolsGridFirstDisabled.gif HTTP/1.1" 200 100
192.168.10.17 - - [02/Nov/2023:10:16:46 -0300] "GET /cormun/static/Resources/PXToolsGridPreviousDisabled.gif HTTP/1.1" 200 90
192.168.10.17 - - [02/Nov/2023:10:16:46 -0300] "GET /cormun/static/Resources/PXToolsActionExcel.png HTTP/1.1" 200 727
192.168.10.17 - - [02/Nov/2023:10:16:46 -0300] "GET /cormun/static/Resources/PXToolsAddAllStandardAction.png HTTP/1.1" 200 628
192.168.10.17 - - [02/Nov/2023:10:16:46 -0300] "GET /cormun/static/Resources/PXToolsRemoveAllStandardAction.png HTTP/1.1" 200 495
192.168.10.17 - - [02/Nov/2023:10:16:46 -0300] "GET /cormun/static/Resources/PXToolsGridPage.gif HTTP/1.1" 200 725
192.168.10.17 - - [02/Nov/2023:10:16:46 -0300] "GET /cormun/static/Resources/PXToolsGridNextDisabled.gif HTTP/1.1" 200 90
192.168.10.17 - - [02/Nov/2023:10:16:46 -0300] "GET /cormun/static/Resources/PXToolsGridLastDisabled.gif HTTP/1.1" 200 98
192.168.10.17 - - [02/Nov/2023:10:16:47 -0300] "GET /cormun/static/Resources/asc.gif HTTP/1.1" 200 67
192.168.10.17 - - [02/Nov/2023:10:16:47 -0300] "GET /cormun//static/Resources/PXToolsGridUpdate.png HTTP/1.1" 200 470
192.168.10.17 - - [02/Nov/2023:10:16:47 -0300] "GET /cormun//static/Resources/PXToolsGridDelete.png HTTP/1.1" 200 538
192.168.10.17 - - [02/Nov/2023:10:16:47 -0300] "GET /cormun/static/Resources/desc.gif HTTP/1.1" 200 65
192.168.10.17 - - [02/Nov/2023:10:16:47 -0300] "GET /cormun/static/Shared/ext/resources/themes/images/default/tools/tool-sprites.gif HTTP/1.1" 200 5434
192.168.10.17 - - [02/Nov/2023:10:16:47 -0300] "GET /cormun/static/Shared/ext/resources/themes/images/default/panel/bg-headersPanel.png HTTP/1.1" 200 255
190.171.141.106 - - [02/Nov/2023:10:16:49 -0300] "GET /cormun/servlet/solicitudot?85de77b3a524cf536f9b524edc0d83c01c7690a4d07caf8d1fc51333d174adc4ac45c3e057666c558deb858eda70a4c5,gx-no-cache=1698930980844 HTTP/1.1" 200 134
190.171.141.106 - - [02/Nov/2023:10:16:49 -0300] "GET /cormun/static/Shared/jqueryui/images/ui-bg_highlight-soft_100_c6c2c8_1x100.png HTTP/1.1" 404 1117
190.171.141.106 - - [02/Nov/2023:10:16:49 -0300] "GET /cormun/static/Shared/jqueryui/images/ui-icons_82798d_256x240.png HTTP/1.1" 404 1089
190.171.141.106 - - [02/Nov/2023:10:16:49 -0300] "GET /cormun/static/Shared/jqueryui/images/ui-bg_flat_55_994d53_40x100.png HTTP/1.1" 404 1097
190.171.141.106 - - [02/Nov/2023:10:16:49 -0300] "GET /cormun/static/Shared/jqueryui/images/ui-icons_ebccce_256x240.png HTTP/1.1" 404 1089
190.171.141.106 - - [02/Nov/2023:10:17:04 -0300] "POST /cormun/servlet/solicitudot?gx-no-cache=1698930995172 HTTP/1.1" 200 30
192.168.10.17 - - [02/Nov/2023:10:17:21 -0300] "POST /cormun/servlet/trsolicitudgral?2d7cd44e6ddb1551ebd40e8c4dc42870,,gx-no-cache=1698931004502 HTTP/1.1" 200 8094
192.168.10.17 - - [02/Nov/2023:10:17:21 -0300] "GET /cormun/static/Shared/jqueryui/images/ui-bg_highlight-soft_100_c6c2c8_1x100.png HTTP/1.1" 404 1117
192.168.10.17 - - [02/Nov/2023:10:17:21 -0300] "GET /cormun/static/Shared/jqueryui/images/ui-icons_82798d_256x240.png HTTP/1.1" 404 1089
192.168.10.17 - - [02/Nov/2023:10:17:21 -0300] "GET /cormun/static/Shared/jqueryui/images/ui-bg_flat_55_fafafa_40x100.png HTTP/1.1" 404 1097
192.168.10.17 - - [02/Nov/2023:10:17:21 -0300] "GET /cormun/static/Shared/jqueryui/images/ui-icons_8d78a5_256x240.png HTTP/1.1" 404 1089
192.168.10.17 - - [02/Nov/2023:10:17:24 -0300] "POST /cormun/servlet/trsolicitudgral?2d7cd44e6ddb1551ebd40e8c4dc42870,,gx-no-cache=1698931006995 HTTP/1.1" 200 7628
190.171.142.42 - - [02/Nov/2023:10:17:37 -0300] "GET /cormun/servlet/permisogoce?5b4da6d413e3e3560bba52c7d5e2e6d57bfbc9eedd68a8a398a9d6dc320ab6a64e3f607d4a92c43da659350af189e0adab89c50da28c080928ef44be7047ed203c9d82c3e3b48cb456b9b56d9c92f961c0fb8708588701a3814a3fb046028455b273695b689550024a1f727fc27ceffd,gx-no-cache=1698931026198 HTTP/1.1" 200 81
190.171.142.42 - - [02/Nov/2023:10:19:35 -0300] "GET /cormun/servlet/permisogoce?5b4da6d413e3e3560bba52c7d5e2e6d50ee6604c0efec3edc080691761e2cf28e1a9198e79d4b9ef43331d2bcf29bb7a7ab1d84292a1ff28f032fdea1bd2a08226883d36a6370cd8150102accd1c6f46ab015ebe8fd7d2e80af31376a07a1589950f23f28ad75c6570e83a65f21c990d,gx-no-cache=1698931144318 HTTP/1.1" 200 81
190.171.142.42 - - [02/Nov/2023:10:19:48 -0300] "GET /cormun/servlet/permisogoce?5b4da6d413e3e3560bba52c7d5e2e6d52ab52e4c506e16b9b43260a43e0ccc18522f1aa4b049b96cf0b74c703064fcc16880cc677c258250f91fd918a50f7751193cae261689caa5ece7b1ae0dfa931cf0b38173387c2a311cffe9341b03beb96568a3d3c6b680770fd1a1a022f2147b,gx-no-cache=1698931156952 HTTP/1.1" 200 82
190.171.142.26 - - [02/Nov/2023:10:20:20 -0300] "GET /cormun/servlet/trlicencias? HTTP/1.1" 200 6050
190.171.142.26 - - [02/Nov/2023:10:20:21 -0300] "GET /cormun/servlet/hlogin HTTP/1.1" 200 1737
190.171.142.42 - - [02/Nov/2023:10:20:24 -0300] "GET /cormun/servlet/permisogoce?5b4da6d413e3e3560bba52c7d5e2e6d56347e43830da7c6da02e0bb21264dbc84e3f607d4a92c43da659350af189e0adab89c50da28c080928ef44be7047ed203c9d82c3e3b48cb456b9b56d9c92f961c0fb8708588701a3814a3fb046028455b273695b689550024a1f727fc27ceffd,gx-no-cache=1698931192656 HTTP/1.1" 200 89
190.171.142.26 - - [02/Nov/2023:10:20:30 -0300] "POST /cormun/servlet/hlogin?730a5d1538bc637c5cd61a9de82d3964,gx-no-cache=1698931199398 HTTP/1.1" 200 90
190.171.142.26 - - [02/Nov/2023:10:20:30 -0300] "GET /cormun/servlet/hpexe_link HTTP/1.1" 200 957
190.171.142.26 - - [02/Nov/2023:10:20:30 -0300] "GET /cormun/servlet/trlicencias HTTP/1.1" 200 12452
190.171.142.26 - - [02/Nov/2023:10:20:40 -0300] "GET /cormun/static/menuarrow.gif HTTP/1.1" 404 1015
190.171.142.42 - - [02/Nov/2023:10:20:43 -0300] "GET /cormun/servlet/permisogoce?5b4da6d413e3e3560bba52c7d5e2e6d50fd67bb8c3433ba9b65a8e2e73f50fb1fbcbd4753b3f6c22a68a5c4f89fa32370969b63afc60d0ee7f93ab5ecf872cceddc228c97231700ab9310a9d2cc70a0feaeafec1b343ea1512011ef2bee23322c516f68a8ffc1a453f81db5464c5ebbf,gx-no-cache=1698931212148 HTTP/1.1" 200 92
190.171.142.42 - - [02/Nov/2023:10:21:02 -0300] "GET /cormun/servlet/permisogoce?5b4da6d413e3e3560bba52c7d5e2e6d5347ace94366f310b73e27f42569d9ab3b5b7a499f5a68352374c08fcbb66c8f8073c285cdd4e243093a2a353ec2ec70a843ef36a670bfbc9c45256b71dedb000292e7bc6c95c906cbf7803a2d4b3f869eb2ac50f29afeb927535c8eb7fcf3030,gx-no-cache=1698931231059 HTTP/1.1" 200 89
190.171.142.42 - - [02/Nov/2023:10:21:18 -0300] "GET /cormun/servlet/permisogoce?5b4da6d413e3e3560bba52c7d5e2e6d588cfc888a8d02c8b527906ecb6855d92951356de210a32dfac98daa9cd9a908cf2469b39506e52dcf70e9bb8022113d8642fe016a3cdf92a5e94fafbdce2e0d6614409e3497f742f4fd6ed32d9793386a85e1b82f9939e820a26dbf09adc87a8,gx-no-cache=1698931246652 HTTP/1.1" 200 69
190.171.142.42 - - [02/Nov/2023:10:21:31 -0300] "GET /cormun/servlet/permisogoce?5b4da6d413e3e3560bba52c7d5e2e6d5c31f05e7061cc3443e0b958376ee0ecea683eb6d11b2e7a91c7a7aa276bf58ca91fb550aeb54cd6e8e8f9c2b34c60570f190d769752ca86e08f70e6559d6012c04bf1e034d869cf6b6f47808d7465373,gx-no-cache=1698931260270 HTTP/1.1" 200 87
190.171.142.42 - - [02/Nov/2023:10:22:22 -0300] "GET /cormun/servlet/permisogoce?5b4da6d413e3e3560bba52c7d5e2e6d58244f5471d68f71e08af7b3757402421bc2c86e5d2a24c08cd79f6859f70ad641b06685bdaea7b50ccf1695ad5ee1fcac388f20238266012e2b4325027ede9b7d41e49f46119849b8249ae2a1222689b78ede31e2ee74d1032236b0c668730e7,gx-no-cache=1698931311024 HTTP/1.1" 200 84
190.171.142.42 - - [02/Nov/2023:10:22:37 -0300] "GET /cormun/servlet/permisogoce?5b4da6d413e3e3560bba52c7d5e2e6d598d1602a6f8dc0520c8b8a17308aade36c351cd19af795a50ea05ead3f5ca2c57a0c9e3428fc5304505554bdc25e26ac28f2c6d8c792def079b3db05400962a30f7823b29a48b505cf3de482c6a38cd8821d879df09018c155a5770f4df226a9,gx-no-cache=1698931326150 HTTP/1.1" 200 74
190.171.141.106 - - [02/Nov/2023:10:22:47 -0300] "GET /cormun/servlet/hlogin HTTP/1.1" 200 1719
190.171.141.106 - - [02/Nov/2023:10:22:51 -0300] "POST /cormun/servlet/hlogin?0a404009f73d56c59ba50d86ba247da7,gx-no-cache=1698931342327 HTTP/1.1" 200 90
190.171.141.106 - - [02/Nov/2023:10:22:51 -0300] "GET /cormun/servlet/hpexe_link HTTP/1.1" 200 964
190.171.141.106 - - [02/Nov/2023:10:22:51 -0300] "GET /cormun/servlet/solicitudot?INS,0,0,false, HTTP/1.1" 200 16181
190.171.142.42 - - [02/Nov/2023:10:22:52 -0300] "GET /cormun/servlet/permisogoce?5b4da6d413e3e3560bba52c7d5e2e6d566b39b1dfeeb245a859e7e23f83f01d84d50a56fc0c54a64c3d6660797be1c26c7c920e444226368dcf9894a907425ab00197c3a410d83f9265939f51c7fbbe5a9d4de2cf02ff7fc822f122c06caf2e0,gx-no-cache=1698931341068 HTTP/1.1" 200 79
190.171.141.106 - - [02/Nov/2023:10:23:14 -0300] "POST /cormun/servlet/solicitudot?gx-no-cache=1698931365726 HTTP/1.1" 200 3993
190.171.141.106 - - [02/Nov/2023:10:23:14 -0300] "POST /cormun/servlet/solicitudot?0a404009f73d56c59ba50d86ba247da7,INS,0,0,false,,gx-no-cache=1698931365856 HTTP/1.1" 200 12839
190.171.141.106 - - [02/Nov/2023:10:23:18 -0300] "GET /cormun/servlet/solicitudot?85de77b3a524cf536f9b524edc0d83c0e023f14db1118af5131aceda5635437e76da05bc052fcf13c3bdf23abc68d616,gx-no-cache=1698931369191 HTTP/1.1" 200 30
190.171.141.90 - - [02/Nov/2023:10:23:33 -0300] "GET /cormun/servlet/hlogin HTTP/1.1" 200 1718
192.168.10.17 - - [02/Nov/2023:10:23:34 -0300] "GET /cormun/servlet/trautorizarot? HTTP/1.1" 200 9899
192.168.10.17 - - [02/Nov/2023:10:23:34 -0300] "GET /cormun/static/gxui/gxui-all.css?120300 HTTP/1.1" 200 2179
192.168.10.17 - - [02/Nov/2023:10:23:34 -0300] "GET /cormun/static/gxcfg.js?202012169508 HTTP/1.1" 200 953
192.168.10.17 - - [02/Nov/2023:10:23:34 -0300] "GET /cormun/static/calendar-system.css?85620 HTTP/1.1" 200 5572
192.168.10.17 - - [02/Nov/2023:10:23:35 -0300] "GET /cormun/static/trautorizarot.js?2020121695965 HTTP/1.1" 200 53844
192.168.10.17 - - [02/Nov/2023:10:23:35 -0300] "GET /cormun/static/Shared/ext/resources/css/ext-all.css?215870 HTTP/1.1" 200 416045
190.171.141.90 - - [02/Nov/2023:10:23:35 -0300] "POST /cormun/servlet/hlogin?8af406a9424245d9c9fa460ef9db9e0b,gx-no-cache=1698931520412 HTTP/1.1" 200 90
192.168.10.17 - - [02/Nov/2023:10:23:35 -0300] "GET /cormun//static/Resources/PXToolsDataSearchRemember.gif HTTP/1.1" 200 1153
190.171.141.90 - - [02/Nov/2023:10:23:35 -0300] "GET /cormun/servlet/hpexe_link HTTP/1.1" 200 949
190.171.141.90 - - [02/Nov/2023:10:23:35 -0300] "GET /cormun/servlet/hhome HTTP/1.1" 200 3968
190.171.141.90 - - [02/Nov/2023:10:23:38 -0300] "GET /cormun/servlet/trlicencias? HTTP/1.1" 200 14479
192.168.10.17 - - [02/Nov/2023:10:23:38 -0300] "POST /cormun/servlet/trautorizarot?2d7cd44e6ddb1551ebd40e8c4dc42870,,gx-no-cache=1698931381529 HTTP/1.1" 200 5355
190.171.141.106 - - [02/Nov/2023:10:25:01 -0300] "GET /cormun/servlet/solicitudot?85de77b3a524cf536f9b524edc0d83c0051dbf1dea71f7e5764e696f56f06a2a97096073ab3dc1c7a972736de6283bd7796cf7bdc91cae573385b1c8a8e58cd6,gx-no-cache=1698931472326 HTTP/1.1" 200 30
190.171.141.106 - - [02/Nov/2023:10:25:04 -0300] "GET /cormun/servlet/solicitudot?85de77b3a524cf536f9b524edc0d83c09e41dac78d59d4d4e5aeaa2e9f76483c,gx-no-cache=1698931475143 HTTP/1.1" 200 53
190.171.149.74 - - [02/Nov/2023:10:25:28 -0300] "POST /cormun/servlet/trlicencias?c973ce33179c1b9e4b4321136f0726d6,,gx-no-cache=1698931496596 HTTP/1.1" 200 9175
