205.210.31.41 - - [25/Oct/2023:00:06:57 -0300] "îêc¨ÇÒpªj¦Mo÷nìdˆÁv¡:1§¹ J¹(‚ÓAˆûÏ%q„Ë_iÿè( " 400 -
190.171.141.90 - - [25/Oct/2023:10:55:46 -0300] "GET /cormun/servlet/trsolicitudot? HTTP/1.1" 200 7183
190.171.141.90 - - [25/Oct/2023:10:55:46 -0300] "GET /cormun/static/gxcfg.js?20221129846531 HTTP/1.1" 200 953
190.171.141.90 - - [25/Oct/2023:10:55:46 -0300] "GET /cormun/static/trsolicitudot.js?202211298465651 HTTP/1.1" 200 54040
190.171.141.90 - - [25/Oct/2023:10:55:53 -0300] "POST /cormun/servlet/trsolicitudot?aa33b89d54de05a9536b05feb568b675,,gx-no-cache=1698242265061 HTTP/1.1" 200 4346
190.171.141.90 - - [25/Oct/2023:10:55:59 -0300] "POST /cormun/servlet/trsolicitudot?aa33b89d54de05a9536b05feb568b675,,gx-no-cache=1698242271115 HTTP/1.1" 200 4350
190.171.141.90 - - [25/Oct/2023:10:56:02 -0300] "POST /cormun/servlet/trsolicitudot?aa33b89d54de05a9536b05feb568b675,,gx-no-cache=1698242273307 HTTP/1.1" 200 4349
190.171.141.90 - - [25/Oct/2023:10:56:04 -0300] "POST /cormun/servlet/trsolicitudot?aa33b89d54de05a9536b05feb568b675,,gx-no-cache=1698242275338 HTTP/1.1" 200 4350
190.171.141.90 - - [25/Oct/2023:10:56:08 -0300] "POST /cormun/servlet/trsolicitudot?aa33b89d54de05a9536b05feb568b675,,gx-no-cache=1698242280179 HTTP/1.1" 200 4349
190.171.141.90 - - [25/Oct/2023:10:56:12 -0300] "POST /cormun/servlet/trsolicitudot?aa33b89d54de05a9536b05feb568b675,,gx-no-cache=1698242283804 HTTP/1.1" 200 4348
190.171.141.90 - - [25/Oct/2023:10:56:20 -0300] "POST /cormun/servlet/trsolicitudot?aa33b89d54de05a9536b05feb568b675,,gx-no-cache=1698242291620 HTTP/1.1" 200 4349
190.171.141.90 - - [25/Oct/2023:10:56:26 -0300] "POST /cormun/servlet/trsolicitudot?aa33b89d54de05a9536b05feb568b675,,gx-no-cache=1698242297643 HTTP/1.1" 200 10717
190.171.141.90 - - [25/Oct/2023:10:56:26 -0300] "GET /cormun//static/Resources/PXToolsActionView.png HTTP/1.1" 200 398
190.171.141.90 - - [25/Oct/2023:10:56:26 -0300] "GET /cormun//static/Resources/PXToolsRemoveAllAction.png HTTP/1.1" 200 487
190.171.149.74 - - [25/Oct/2023:10:59:57 -0300] "GET /cormun/servlet/trpermisosgoce? HTTP/1.1" 200 6026
190.171.149.74 - - [25/Oct/2023:10:59:57 -0300] "GET /cormun/servlet/hlogin HTTP/1.1" 200 1737
190.171.149.74 - - [25/Oct/2023:11:00:02 -0300] "POST /cormun/servlet/hlogin?240f9f906998b7679b485bc3a9d4b176,gx-no-cache=1698242380621 HTTP/1.1" 200 90
190.171.149.74 - - [25/Oct/2023:11:00:02 -0300] "GET /cormun/servlet/hpexe_link HTTP/1.1" 200 953
190.171.149.74 - - [25/Oct/2023:11:00:03 -0300] "GET /cormun/servlet/trpermisosgoce HTTP/1.1" 200 18690
190.171.149.74 - - [25/Oct/2023:11:00:07 -0300] "GET /cormun/servlet/permisogoce?INS,0,,, HTTP/1.1" 200 6841
190.171.149.74 - - [25/Oct/2023:11:01:13 -0300] "GET /cormun/servlet/permisogoce?17e7c539f1c21ea601e24d9e225caa8ab87ae9f4af278a8709d3a55f774b066baee077bacc19dab81e9db438b71fe3a7a6155d52ef0f5cd6649092a86caf7654,gx-no-cache=1698242451501 HTTP/1.1" 200 80
190.171.149.74 - - [25/Oct/2023:11:01:15 -0300] "GET /cormun/static/menuarrow.gif HTTP/1.1" 404 1015
190.171.149.74 - - [25/Oct/2023:11:01:21 -0300] "GET /cormun/servlet/permisogoce?17e7c539f1c21ea601e24d9e225caa8a4fa058d23646dfe6b16c457d85670c0a13b4d74153448cc987b0eb1d7573bde4945f5d29c0ea923d974d0e4015b44c2a,gx-no-cache=1698242459154 HTTP/1.1" 200 49
190.171.149.74 - - [25/Oct/2023:11:01:25 -0300] "POST /cormun/servlet/permisogoce?240f9f906998b7679b485bc3a9d4b176,INS,0,,,,gx-no-cache=1698242462887 HTTP/1.1" 500 10
190.171.149.74 - - [25/Oct/2023:11:01:50 -0300] "GET /cormun/servlet/permisogoce?INS,0,,, HTTP/1.1" 200 6830
190.171.149.74 - - [25/Oct/2023:11:01:53 -0300] "POST /cormun/servlet/permisogoce?240f9f906998b7679b485bc3a9d4b176,INS,0,,,,gx-no-cache=1698242491087 HTTP/1.1" 200 93
190.171.149.74 - - [25/Oct/2023:11:01:53 -0300] "GET /cormun/servlet/hpexe_return? HTTP/1.1" 200 1006
190.171.149.74 - - [25/Oct/2023:11:01:53 -0300] "GET /cormun/servlet/trpermisosgoce HTTP/1.1" 200 18673
190.171.149.74 - - [25/Oct/2023:11:01:59 -0300] "GET /cormun/servlet/trlicencias? HTTP/1.1" 200 12369
181.212.40.185 - - [25/Oct/2023:11:04:14 -0300] "GET /cormun/servlet/hlogin HTTP/1.1" 200 1719
181.212.40.185 - - [25/Oct/2023:11:04:22 -0300] "POST /cormun/servlet/hlogin?7bf4045793baaea28151becbe1a8054c,gx-no-cache=1698242641850 HTTP/1.1" 200 90
181.212.40.185 - - [25/Oct/2023:11:04:22 -0300] "GET /cormun/servlet/hpexe_link HTTP/1.1" 200 950
181.212.40.185 - - [25/Oct/2023:11:04:23 -0300] "GET /cormun/servlet/hhome HTTP/1.1" 200 4210
181.212.40.185 - - [25/Oct/2023:11:04:26 -0300] "GET /cormun/servlet/trlicencias? HTTP/1.1" 200 18869
181.212.40.185 - - [25/Oct/2023:11:04:37 -0300] "GET /cormun/servlet/trpermisosgoce? HTTP/1.1" 200 19626
181.212.40.185 - - [25/Oct/2023:11:04:49 -0300] "GET /cormun/servlet/permisogoce?INS,0,,, HTTP/1.1" 200 7064
181.212.40.185 - - [25/Oct/2023:11:05:19 -0300] "GET /cormun/servlet/permisogoce?11b9ee0c9559d7ae8b27431d555874f3d5895aef26639f6f1b53c5f20a85eed0b4d320240f08656e7e7c85b36588dd28529b289ef14746bdad514dfd1298afff,gx-no-cache=1698242698832 HTTP/1.1" 200 84
181.212.40.185 - - [25/Oct/2023:11:05:20 -0300] "GET /cormun/static/menuarrow.gif HTTP/1.1" 404 1015
181.212.40.185 - - [25/Oct/2023:11:05:30 -0300] "GET /cormun/servlet/permisogoce?11b9ee0c9559d7ae8b27431d555874f38f58f8c325d21b6f21e5abb472d33b53cbfed69326543c86dcd4940deb167972f9d02e25e22bbfe903b54da135563476,gx-no-cache=1698242709854 HTTP/1.1" 200 48
181.212.40.185 - - [25/Oct/2023:11:05:32 -0300] "POST /cormun/servlet/permisogoce?7bf4045793baaea28151becbe1a8054c,INS,0,,,,gx-no-cache=1698242711956 HTTP/1.1" 500 10
181.212.40.185 - - [25/Oct/2023:11:06:59 -0300] "GET /cormun/servlet/trpermisosgoce? HTTP/1.1" 200 19626
181.212.40.185 - - [25/Oct/2023:11:07:03 -0300] "GET /cormun/servlet/trlicencias? HTTP/1.1" 200 18868
190.171.149.74 - - [25/Oct/2023:11:09:36 -0300] "POST /cormun/servlet/trlicencias?240f9f906998b7679b485bc3a9d4b176,,gx-no-cache=1698242954371 HTTP/1.1" 200 10022
190.171.141.106 - - [25/Oct/2023:11:10:10 -0300] "POST /cormun/servlet/trlicencias?20fe115b4c23694f15562917ee1bb3c2,,gx-no-cache=1698242989937 HTTP/1.1" 200 8659
190.171.141.106 - - [25/Oct/2023:11:10:11 -0300] "POST /cormun/servlet/trlicencias?20fe115b4c23694f15562917ee1bb3c2,,gx-no-cache=1698242991039 HTTP/1.1" 200 8659
190.171.141.106 - - [25/Oct/2023:11:10:12 -0300] "POST /cormun/servlet/trlicencias?20fe115b4c23694f15562917ee1bb3c2,,gx-no-cache=1698242991309 HTTP/1.1" 200 8659
190.171.141.106 - - [25/Oct/2023:11:10:12 -0300] "POST /cormun/servlet/trlicencias?20fe115b4c23694f15562917ee1bb3c2,,gx-no-cache=1698242991630 HTTP/1.1" 200 8659
190.171.149.74 - - [25/Oct/2023:11:11:25 -0300] "POST /cormun/servlet/trlicencias?240f9f906998b7679b485bc3a9d4b176,,gx-no-cache=1698243063593 HTTP/1.1" 200 10022
190.171.141.90 - - [25/Oct/2023:11:14:07 -0300] "POST /cormun/servlet/trsolicitudot?aa33b89d54de05a9536b05feb568b675,,gx-no-cache=1698243358972 HTTP/1.1" 200 4362
190.171.141.90 - - [25/Oct/2023:11:14:15 -0300] "POST /cormun/servlet/trsolicitudot?aa33b89d54de05a9536b05feb568b675,,gx-no-cache=1698243366324 HTTP/1.1" 200 4362
190.171.141.90 - - [25/Oct/2023:11:14:19 -0300] "POST /cormun/servlet/trsolicitudot?aa33b89d54de05a9536b05feb568b675,,gx-no-cache=1698243371162 HTTP/1.1" 200 4362
190.171.141.90 - - [25/Oct/2023:11:14:22 -0300] "GET /cormun/servlet/trlicencias? HTTP/1.1" 200 20028
190.171.141.90 - - [25/Oct/2023:11:14:47 -0300] "POST /cormun/servlet/trlicencias?aa33b89d54de05a9536b05feb568b675,,gx-no-cache=1698243398887 HTTP/1.1" 200 7345
190.171.141.90 - - [25/Oct/2023:11:14:51 -0300] "GET /cormun/servlet/licenciaspermisos?DSP,17824559,L,20230926000000, HTTP/1.1" 200 7063
190.171.141.90 - - [25/Oct/2023:11:14:51 -0300] "GET /cormun/static/gxcfg.js?202012153173 HTTP/1.1" 200 953
190.171.141.90 - - [25/Oct/2023:11:14:51 -0300] "GET /cormun/static/Resources/prompt.gif HTTP/1.1" 200 902
190.171.141.90 - - [25/Oct/2023:11:14:51 -0300] "GET /cormun/static/licenciaspermisos.js?2020121532136 HTTP/1.1" 200 38753
190.171.141.90 - - [25/Oct/2023:11:14:58 -0300] "GET /cormun/servlet/trlicencias? HTTP/1.1" 200 9963
190.171.141.90 - - [25/Oct/2023:11:15:06 -0300] "GET /cormun/servlet/trlicenciaspermisosadjuntos?17824559,20231001000000,L, HTTP/1.1" 200 6299
190.171.141.90 - - [25/Oct/2023:11:15:08 -0300] "GET /cormun/servlet/trlicencias? HTTP/1.1" 200 9963
190.171.141.90 - - [25/Oct/2023:11:15:12 -0300] "GET /cormun/servlet/licenciaspermisos?DSP,17824559,L,20231001000000, HTTP/1.1" 200 7044
190.171.141.90 - - [25/Oct/2023:11:15:19 -0300] "GET /cormun/servlet/trlicencias? HTTP/1.1" 200 9963
190.171.149.74 - - [25/Oct/2023:11:17:07 -0300] "GET /cormun/servlet/trpermisosgoce? HTTP/1.1" 200 18688
109.205.213.94 - - [25/Oct/2023:11:20:46 -0300] "GET / HTTP/1.1" 200 11217
190.171.142.42 - - [25/Oct/2023:11:20:48 -0300] "GET /cormun/servlet/hlogin HTTP/1.1" 200 1743
190.171.152.138 - - [25/Oct/2023:11:22:06 -0300] "GET /cormun/servlet/hlogin HTTP/1.1" 200 1720
190.171.152.138 - - [25/Oct/2023:11:22:08 -0300] "GET /cormun/servlet/hlogin HTTP/1.1" 200 1731
190.171.152.138 - - [25/Oct/2023:11:22:21 -0300] "POST /cormun/servlet/hlogin?41448a76dceb001521f0ef943c722298,gx-no-cache=1698243720816 HTTP/1.1" 200 90
190.171.152.138 - - [25/Oct/2023:11:22:21 -0300] "GET /cormun/servlet/hpexe_link HTTP/1.1" 200 948
190.171.152.138 - - [25/Oct/2023:11:22:23 -0300] "GET /cormun/servlet/hhome HTTP/1.1" 200 3850
190.171.152.138 - - [25/Oct/2023:11:22:30 -0300] "GET /cormun/servlet/trlicencias? HTTP/1.1" 200 13647
190.171.152.138 - - [25/Oct/2023:11:22:43 -0300] "GET /cormun/servlet/licenciaspermisos?INS,0,,, HTTP/1.1" 200 7462
190.171.152.138 - - [25/Oct/2023:11:23:37 -0300] "GET /cormun/servlet/licenciaspermisos?748c3d0a296e26d4c74b41ede025892ce6cc583e238b911eef0fc12638f5e77d8a02479bfc9d71f8507733413124989e3365babade6f94996d358ade0064fd33,gx-no-cache=1698243796804 HTTP/1.1" 200 78
190.171.152.138 - - [25/Oct/2023:11:23:37 -0300] "POST /cormun/servlet/licenciaspermisos?41448a76dceb001521f0ef943c722298,INS,0,,,,gx-no-cache=1698243796860 HTTP/1.1" 200 4813
190.171.152.138 - - [25/Oct/2023:11:24:40 -0300] "GET /cormun/static/menuarrow.gif HTTP/1.1" 404 1015
190.171.141.106 - - [25/Oct/2023:11:30:02 -0300] "POST /cormun/servlet/trlicencias?20fe115b4c23694f15562917ee1bb3c2,,gx-no-cache=1698244181335 HTTP/1.1" 200 8659
190.171.141.106 - - [25/Oct/2023:11:30:02 -0300] "POST /cormun/servlet/trlicencias?20fe115b4c23694f15562917ee1bb3c2,,gx-no-cache=1698244182263 HTTP/1.1" 200 8659
190.171.152.138 - - [25/Oct/2023:11:30:26 -0300] "GET /cormun/servlet/licenciaspermisos?748c3d0a296e26d4c74b41ede025892c8b528b48a1318b3eae4a968f7286ba9d99c7d835ab76d511d5ec28a0395f6965db0ff9968094669ba1ea26f987927c82ddbcc7d6551922b10d71dc6d5886d773f7499669afe5b45c6deb59d42176d1f812e6d875b53e65b20aa1eab893ee955a069f0f3e0afe97f8fe41d091ba9a0786dc288f35da90fe78fd5d7841b7eaf0dfcb91137adda0be09193c5a2f4abf42d41c367eca45eacad4ad61250fbf6ab70a,gx-no-cache=1698244205865 HTTP/1.1" 200 30
190.171.152.138 - - [25/Oct/2023:11:30:26 -0300] "GET /cormun/servlet/licenciaspermisos?748c3d0a296e26d4c74b41ede025892cb4bc6ccec234a4f3c8cae05dfdad8b989487239db9235082c0a655a14ec76b7ea1ab754498dcc051ef0b2a49eb10d2fde5fbe7694a8faf642f0debf04e1f00c6ec976cccd8ca4c204685f4f6beea43b35d1ea696ff59c3129b201c9f182810bf4bd9288e9b6f5d21fcbd74bf9d06d4ed554cca94ebc24e933c67bb60c6c1e269e680249e2e8fa77ff5db458271fb2450823ccbdd925dbb073618275f9bc8ac83,gx-no-cache=1698244205898 HTTP/1.1" 200 29
190.171.152.138 - - [25/Oct/2023:11:30:26 -0300] "POST /cormun/servlet/licenciaspermisos?41448a76dceb001521f0ef943c722298,INS,0,,,,gx-no-cache=1698244205914 HTTP/1.1" 500 10
190.171.152.138 - - [25/Oct/2023:11:30:43 -0300] "GET /cormun/servlet/hlogin HTTP/1.1" 200 1720
190.171.152.138 - - [25/Oct/2023:11:30:59 -0300] "POST /cormun/servlet/hlogin?41448a76dceb001521f0ef943c722298,gx-no-cache=1698244238905 HTTP/1.1" 200 90
190.171.152.138 - - [25/Oct/2023:11:30:59 -0300] "GET /cormun/servlet/hpexe_link HTTP/1.1" 200 964
190.171.152.138 - - [25/Oct/2023:11:30:59 -0300] "GET /cormun/servlet/licenciaspermisos?INS,0,,, HTTP/1.1" 200 7463
190.171.152.138 - - [25/Oct/2023:11:31:31 -0300] "GET /cormun/servlet/licenciaspermisos?748c3d0a296e26d4c74b41ede025892ce6cc583e238b911eef0fc12638f5e77d8a02479bfc9d71f8507733413124989e3365babade6f94996d358ade0064fd33,gx-no-cache=1698244270752 HTTP/1.1" 200 78
190.171.152.138 - - [25/Oct/2023:11:31:31 -0300] "POST /cormun/servlet/licenciaspermisos?41448a76dceb001521f0ef943c722298,INS,0,,,,gx-no-cache=1698244270807 HTTP/1.1" 200 4810
190.171.152.138 - - [25/Oct/2023:11:32:29 -0300] "GET /cormun/static/menuarrow.gif HTTP/1.1" 404 1015
45.128.232.183 - - [25/Oct/2023:11:34:47 -0300] "CONNECT google.com:443 HTTP/1.1" 400 -
190.171.152.138 - - [25/Oct/2023:11:37:24 -0300] "GET /cormun/servlet/licenciaspermisos?748c3d0a296e26d4c74b41ede025892c8b528b48a1318b3eae4a968f7286ba9d99c7d835ab76d511d5ec28a0395f6965db0ff9968094669ba1ea26f987927c82ddbcc7d6551922b10d71dc6d5886d773f7499669afe5b45c6deb59d42176d1f812e6d875b53e65b20aa1eab893ee955a069f0f3e0afe97f8fe41d091ba9a0786dc288f35da90fe78fd5d7841b7eaf0dfcb91137adda0be09193c5a2f4abf42d41c367eca45eacad4ad61250fbf6ab70a,gx-no-cache=1698244623912 HTTP/1.1" 200 30
190.171.152.138 - - [25/Oct/2023:11:37:24 -0300] "GET /cormun/servlet/licenciaspermisos?748c3d0a296e26d4c74b41ede025892cb4bc6ccec234a4f3c8cae05dfdad8b989487239db9235082c0a655a14ec76b7ea1ab754498dcc051ef0b2a49eb10d2fde5fbe7694a8faf642f0debf04e1f00c6ec976cccd8ca4c204685f4f6beea43b35d1ea696ff59c3129b201c9f182810bf4bd9288e9b6f5d21fcbd74bf9d06d4ed554cca94ebc24e933c67bb60c6c1e269e680249e2e8fa77ff5db458271fb2450823ccbdd925dbb073618275f9bc8ac83,gx-no-cache=1698244623938 HTTP/1.1" 200 29
190.171.152.138 - - [25/Oct/2023:11:37:24 -0300] "POST /cormun/servlet/licenciaspermisos?41448a76dceb001521f0ef943c722298,INS,0,,,,gx-no-cache=1698244623955 HTTP/1.1" 500 10
190.171.152.138 - - [25/Oct/2023:11:41:19 -0300] "GET /cormun/servlet/hlogin HTTP/1.1" 200 1720
190.171.152.138 - - [25/Oct/2023:11:41:38 -0300] "POST /cormun/servlet/hlogin?41448a76dceb001521f0ef943c722298,gx-no-cache=1698244878400 HTTP/1.1" 200 90
190.171.152.138 - - [25/Oct/2023:11:41:38 -0300] "GET /cormun/servlet/hpexe_link HTTP/1.1" 200 964
190.171.152.138 - - [25/Oct/2023:11:41:38 -0300] "GET /cormun/servlet/licenciaspermisos?INS,0,,, HTTP/1.1" 200 7463
190.171.152.138 - - [25/Oct/2023:11:41:45 -0300] "GET /cormun/servlet/licenciaspermisos?748c3d0a296e26d4c74b41ede025892c3dc1f3f850e68a3f5b9ad46cff99d79ec8499dd1341c3b421464eaa355949b001c367eca45eacad4ad61250fbf6ab70a,gx-no-cache=1698244884809 HTTP/1.1" 200 155
190.171.152.138 - - [25/Oct/2023:11:41:45 -0300] "GET /cormun/static/Shared/jqueryui/images/ui-bg_highlight-soft_100_c6c2c8_1x100.png HTTP/1.1" 404 1117
190.171.152.138 - - [25/Oct/2023:11:41:45 -0300] "GET /cormun/static/Shared/jqueryui/images/ui-icons_82798d_256x240.png HTTP/1.1" 404 1089
190.171.152.138 - - [25/Oct/2023:11:41:45 -0300] "GET /cormun/static/Shared/jqueryui/images/ui-icons_ebccce_256x240.png HTTP/1.1" 404 1089
190.171.152.138 - - [25/Oct/2023:11:41:45 -0300] "GET /cormun/static/Shared/jqueryui/images/ui-bg_flat_55_994d53_40x100.png HTTP/1.1" 404 1097
190.171.152.138 - - [25/Oct/2023:11:41:45 -0300] "GET /cormun/servlet/licenciaspermisos?748c3d0a296e26d4c74b41ede025892c8b528b48a1318b3eae4a968f7286ba9d99c7d835ab76d511d5ec28a0395f6965db0ff9968094669ba1ea26f987927c82ddbcc7d6551922b10d71dc6d5886d773f7499669afe5b45c6deb59d42176d1f874d073599b35de45150054b4aff13097069f0f3e0afe97f8fe41d091ba9a078605fca9fdeb582eacd4b8daffaea1a083b976cabc4b3209de3c1d43aba0780fd234589802205674d3594d608751b9065d6a5448289f4137f3a9fea5a19e0d8db54cbc63d864cb75c2a7cee2d80be1a587f5ecded7aecbe0b41509882d364df78b,gx-no-cache=1698244884948 HTTP/1.1" 200 30
190.171.152.138 - - [25/Oct/2023:11:41:45 -0300] "GET /cormun/servlet/licenciaspermisos?748c3d0a296e26d4c74b41ede025892cb4bc6ccec234a4f3c8cae05dfdad8b989487239db9235082c0a655a14ec76b7ea1ab754498dcc051ef0b2a49eb10d2fde5fbe7694a8faf642f0debf04e1f00c6ec976cccd8ca4c204685f4f6beea43b33d4e12d77cdeb939ba4b99d0611fce5a4bd9288e9b6f5d21fcbd74bf9d06d4ed98ba2787bdd3d95860537a0978b36e0d6f51460bd22432eaaeb105d4818755ea2604f3bf6642c8afcb1f58e09a6db89c83f94ef7acd3b0d2896358bc1123d25e6c48f3ad712104e672767e58dc6e2032b630f82c8d5fac1920b54b85a2c4d03d,gx-no-cache=1698244884963 HTTP/1.1" 200 29
190.171.152.138 - - [25/Oct/2023:11:41:45 -0300] "POST /cormun/servlet/licenciaspermisos?41448a76dceb001521f0ef943c722298,INS,0,,,,gx-no-cache=1698244884989 HTTP/1.1" 200 5052
190.171.152.138 - - [25/Oct/2023:11:42:08 -0300] "GET /cormun/servlet/licenciaspermisos?748c3d0a296e26d4c74b41ede025892ce6cc583e238b911eef0fc12638f5e77da2f0eb2daf2b9e03b6bf3d9e4aa74b4bd617ee5996a3caadfde9611ba8046897a5e3ac809e3e76e47b9d8488004f0ad63024f27e2633a95e0b63ebd37891d3cca8757d0dd451ed9574e4b8fefb1a6722d617ee5996a3caadfde9611ba8046897a5e3ac809e3e76e47b9d8488004f0ad63024f27e2633a95e0b63ebd37891d3cc3bb6621642f67ba20781d8fffadd1fa7075435a9fc23f9f92995ae06d2ce4f64,gx-no-cache=1698244907819 HTTP/1.1" 200 78
190.171.152.138 - - [25/Oct/2023:11:42:08 -0300] "POST /cormun/servlet/licenciaspermisos?41448a76dceb001521f0ef943c722298,INS,0,,,,gx-no-cache=1698244907862 HTTP/1.1" 200 4810
190.171.152.138 - - [25/Oct/2023:11:42:31 -0300] "GET /cormun/static/menuarrow.gif HTTP/1.1" 404 1015
185.233.19.197 - - [25/Oct/2023:11:43:04 -0300] "GET / HTTP/1.1" 200 11217
190.95.15.15 - - [25/Oct/2023:11:43:17 -0300] "GET /cormun/servlet/trpermisosgoce? HTTP/1.1" 200 6033
190.95.15.15 - - [25/Oct/2023:11:43:17 -0300] "GET /cormun/servlet/hlogin HTTP/1.1" 200 1740
190.95.15.15 - - [25/Oct/2023:11:43:23 -0300] "POST /cormun/servlet/hlogin?09f4eb549532df43ab6b7c224ad66fdd,gx-no-cache=1698244983911 HTTP/1.1" 200 90
190.95.15.15 - - [25/Oct/2023:11:43:23 -0300] "GET /cormun/servlet/hpexe_link HTTP/1.1" 200 958
190.95.15.15 - - [25/Oct/2023:11:43:24 -0300] "GET /cormun/servlet/trpermisosgoce HTTP/1.1" 200 11113
190.95.15.15 - - [25/Oct/2023:11:43:26 -0300] "GET /cormun/servlet/permisogoce?INS,0,,, HTTP/1.1" 200 6830
190.95.15.15 - - [25/Oct/2023:11:43:36 -0300] "GET /cormun/servlet/permisogoce?d609c78955ad06f0447db4f94df25979adea0542c64d390433550f5484327d949519efad313e1e92127f88a2e64dc25eef334eec502a8a659223b4934acd7bdd,gx-no-cache=1698244996369 HTTP/1.1" 200 87
190.95.15.15 - - [25/Oct/2023:11:43:36 -0300] "GET /cormun/static/menuarrow.gif HTTP/1.1" 404 1015
190.95.15.15 - - [25/Oct/2023:11:43:42 -0300] "GET /cormun/servlet/permisogoce?d609c78955ad06f0447db4f94df2597935bf836f4520bb344ca2542d7768d4ae7cca89178c323ddce38c7728cafb9a9ce8408c66158f688ea93e1e8fa58b2468,gx-no-cache=1698245002782 HTTP/1.1" 200 47
181.212.42.153 - - [25/Oct/2023:11:43:43 -0300] "GET /cormun/servlet/trpermisosgoce? HTTP/1.1" 200 6028
181.212.42.153 - - [25/Oct/2023:11:43:43 -0300] "GET /cormun/servlet/hlogin HTTP/1.1" 200 1736
190.95.15.15 - - [25/Oct/2023:11:43:44 -0300] "POST /cormun/servlet/permisogoce?09f4eb549532df43ab6b7c224ad66fdd,INS,0,,,,gx-no-cache=1698245004181 HTTP/1.1" 500 10
181.212.42.153 - - [25/Oct/2023:11:43:48 -0300] "POST /cormun/servlet/hlogin?ca5bd613c3c0a2d6ea7150349715ef48,gx-no-cache=1698245009011 HTTP/1.1" 200 90
181.212.42.153 - - [25/Oct/2023:11:43:48 -0300] "GET /cormun/servlet/hpexe_link HTTP/1.1" 200 954
190.95.15.15 - - [25/Oct/2023:11:43:48 -0300] "GET /cormun/servlet/trpermisosgoce HTTP/1.1" 200 11113
181.212.42.153 - - [25/Oct/2023:11:43:48 -0300] "GET /cormun/servlet/trpermisosgoce HTTP/1.1" 200 18367
181.212.42.153 - - [25/Oct/2023:11:43:53 -0300] "GET /cormun/servlet/trpermisosgoce? HTTP/1.1" 200 18365
181.212.42.153 - - [25/Oct/2023:11:43:59 -0300] "POST /cormun/servlet/trpermisosgoce?ca5bd613c3c0a2d6ea7150349715ef48,,gx-no-cache=1698245019598 HTTP/1.1" 200 4844
181.212.42.153 - - [25/Oct/2023:11:44:01 -0300] "GET /cormun/servlet/permisogoce?UPD,19274884,P,20231023111414, HTTP/1.1" 200 6887
181.212.42.153 - - [25/Oct/2023:11:44:02 -0300] "GET /cormun/servlet/permisogoce?b39d570ceb238ae33630d1cba52e907032ea7ec19a99aa632fee659fece757a9df2be5c1c02654533343aa3ed733e4167996c8f0236e993fba62380acfac9205af7b23146983aec8b811c3e3bc9278bf,gx-no-cache=1698245022735 HTTP/1.1" 200 80
190.95.15.15 - - [25/Oct/2023:11:44:03 -0300] "GET /cormun/servlet/hlogin HTTP/1.1" 200 1720
181.212.42.153 - - [25/Oct/2023:11:44:06 -0300] "GET /cormun/servlet/permisogoce?b39d570ceb238ae33630d1cba52e90700dac8609e4b63a3dba311522d0fa49020a759d7bb39b54db1ff7630d6d58d37bac9e5bbe8c7aeab4105a8da07a01343e,gx-no-cache=1698245027135 HTTP/1.1" 200 48
181.212.42.153 - - [25/Oct/2023:11:44:06 -0300] "POST /cormun/servlet/permisogoce?ca5bd613c3c0a2d6ea7150349715ef48,UPD,19274884,P,20231023111414,,gx-no-cache=1698245027159 HTTP/1.1" 200 93
181.212.42.153 - - [25/Oct/2023:11:44:06 -0300] "GET /cormun/servlet/hpexe_return? HTTP/1.1" 200 1024
181.212.42.153 - - [25/Oct/2023:11:44:07 -0300] "GET /cormun/servlet/trpermisosgoce? HTTP/1.1" 200 7653
181.212.42.153 - - [25/Oct/2023:11:44:09 -0300] "GET /cormun/servlet/apermisogoceprn?19274884,P,20231023111414,PU HTTP/1.1" 200 1636
190.95.15.15 - - [25/Oct/2023:11:44:09 -0300] "POST /cormun/servlet/hlogin?09f4eb549532df43ab6b7c224ad66fdd,gx-no-cache=1698245029351 HTTP/1.1" 200 425
190.95.15.15 - - [25/Oct/2023:11:44:15 -0300] "POST /cormun/servlet/hlogin?09f4eb549532df43ab6b7c224ad66fdd,gx-no-cache=1698245035251 HTTP/1.1" 200 90
190.95.15.15 - - [25/Oct/2023:11:44:15 -0300] "GET /cormun/servlet/hpexe_link HTTP/1.1" 200 958
190.95.15.15 - - [25/Oct/2023:11:44:15 -0300] "GET /cormun/servlet/trpermisosgoce HTTP/1.1" 200 11113
190.171.153.26 - - [25/Oct/2023:11:44:17 -0300] "GET /cormun/servlet/hlogin HTTP/1.1" 200 1713
190.95.15.15 - - [25/Oct/2023:11:44:18 -0300] "GET /cormun/servlet/permisogoce?INS,0,,, HTTP/1.1" 200 6830
190.171.153.26 - - [25/Oct/2023:11:44:28 -0300] "POST /cormun/servlet/hlogin?ccbce09ee75d223cee5d6ab57e8565d3,gx-no-cache=1698248649745 HTTP/1.1" 200 420
190.95.15.15 - - [25/Oct/2023:11:44:30 -0300] "GET /cormun/servlet/permisogoce?d609c78955ad06f0447db4f94df25979adea0542c64d390433550f5484327d949519efad313e1e92127f88a2e64dc25eef334eec502a8a659223b4934acd7bdd,gx-no-cache=1698245049921 HTTP/1.1" 200 87
190.95.15.15 - - [25/Oct/2023:11:44:30 -0300] "GET /cormun/static/menuarrow.gif HTTP/1.1" 404 1015
190.95.15.15 - - [25/Oct/2023:11:44:35 -0300] "GET /cormun/servlet/permisogoce?d609c78955ad06f0447db4f94df2597935bf836f4520bb344ca2542d7768d4ae7cca89178c323ddce38c7728cafb9a9ce8408c66158f688ea93e1e8fa58b2468,gx-no-cache=1698245055384 HTTP/1.1" 200 47
190.95.15.15 - - [25/Oct/2023:11:44:36 -0300] "POST /cormun/servlet/permisogoce?09f4eb549532df43ab6b7c224ad66fdd,INS,0,,,,gx-no-cache=1698245056582 HTTP/1.1" 500 10
190.171.153.26 - - [25/Oct/2023:11:44:40 -0300] "POST /cormun/servlet/hlogin?ccbce09ee75d223cee5d6ab57e8565d3,gx-no-cache=1698248662080 HTTP/1.1" 200 420
190.95.15.15 - - [25/Oct/2023:11:44:51 -0300] "GET /cormun/servlet/hlogin HTTP/1.1" 200 1720
190.95.15.15 - - [25/Oct/2023:11:44:57 -0300] "POST /cormun/servlet/hlogin?09f4eb549532df43ab6b7c224ad66fdd,gx-no-cache=1698245077126 HTTP/1.1" 200 425
190.95.15.15 - - [25/Oct/2023:11:45:02 -0300] "POST /cormun/servlet/hlogin?09f4eb549532df43ab6b7c224ad66fdd,gx-no-cache=1698245082728 HTTP/1.1" 200 90
190.95.15.15 - - [25/Oct/2023:11:45:02 -0300] "GET /cormun/servlet/hpexe_link HTTP/1.1" 200 964
190.95.15.15 - - [25/Oct/2023:11:45:03 -0300] "GET /cormun/servlet/permisogoce?INS,0,,, HTTP/1.1" 200 6831
190.171.153.26 - - [25/Oct/2023:11:45:09 -0300] "POST /cormun/servlet/hlogin?ccbce09ee75d223cee5d6ab57e8565d3,gx-no-cache=1698248690946 HTTP/1.1" 200 90
190.171.153.26 - - [25/Oct/2023:11:45:09 -0300] "GET /cormun/servlet/hpexe_link HTTP/1.1" 200 945
190.171.153.26 - - [25/Oct/2023:11:45:09 -0300] "GET /cormun/servlet/hhome HTTP/1.1" 200 3962
190.95.15.15 - - [25/Oct/2023:11:45:10 -0300] "GET /cormun/servlet/trlicencias? HTTP/1.1" 200 15106
190.171.153.26 - - [25/Oct/2023:11:45:10 -0300] "GET /cormun/servlet/hhome HTTP/1.1" 200 3959
190.171.152.138 - - [25/Oct/2023:11:45:15 -0300] "GET /cormun/servlet/licenciaspermisos?748c3d0a296e26d4c74b41ede025892c8b528b48a1318b3eae4a968f7286ba9d99c7d835ab76d511d5ec28a0395f6965db0ff9968094669ba1ea26f987927c82ddbcc7d6551922b10d71dc6d5886d773f7499669afe5b45c6deb59d42176d1f812e6d875b53e65b20aa1eab893ee955a069f0f3e0afe97f8fe41d091ba9a0786dc288f35da90fe78fd5d7841b7eaf0dfcb91137adda0be09193c5a2f4abf42d41c367eca45eacad4ad61250fbf6ab70a,gx-no-cache=1698245094632 HTTP/1.1" 200 30
190.171.152.138 - - [25/Oct/2023:11:45:15 -0300] "GET /cormun/servlet/licenciaspermisos?748c3d0a296e26d4c74b41ede025892cb4bc6ccec234a4f3c8cae05dfdad8b989487239db9235082c0a655a14ec76b7ea1ab754498dcc051ef0b2a49eb10d2fde5fbe7694a8faf642f0debf04e1f00c6ec976cccd8ca4c204685f4f6beea43b35d1ea696ff59c3129b201c9f182810bf4bd9288e9b6f5d21fcbd74bf9d06d4ed554cca94ebc24e933c67bb60c6c1e269e680249e2e8fa77ff5db458271fb2450823ccbdd925dbb073618275f9bc8ac83,gx-no-cache=1698245094662 HTTP/1.1" 200 29
190.171.152.138 - - [25/Oct/2023:11:45:15 -0300] "POST /cormun/servlet/licenciaspermisos?41448a76dceb001521f0ef943c722298,INS,0,,,,gx-no-cache=1698245094681 HTTP/1.1" 500 10
190.171.153.26 - - [25/Oct/2023:11:45:16 -0300] "GET /cormun/servlet/trpermisosgoce? HTTP/1.1" 200 12628
190.171.153.26 - - [25/Oct/2023:11:45:17 -0300] "GET /cormun/servlet/trpermisosgoce? HTTP/1.1" 200 12627
190.171.153.26 - - [25/Oct/2023:11:45:19 -0300] "GET /cormun/servlet/permisogoce?INS,0,,, HTTP/1.1" 200 6829
190.171.153.26 - - [25/Oct/2023:11:45:19 -0300] "GET /cormun/servlet/permisogoce?INS,0,,, HTTP/1.1" 200 6828
190.171.153.26 - - [25/Oct/2023:11:45:28 -0300] "GET /cormun/servlet/permisogoce?7217629f5d8e8089061fde02740fee492829c9c3117752ef24d395924e0f7d110504c70eccd68347dc55a4a1a8c6c9d82baf5b850f6efe6ea95eaa41d6780e82,gx-no-cache=1698248709564 HTTP/1.1" 200 88
190.171.153.26 - - [25/Oct/2023:11:45:30 -0300] "GET /cormun/static/menuarrow.gif HTTP/1.1" 404 1015
190.171.153.26 - - [25/Oct/2023:11:45:34 -0300] "GET /cormun/servlet/permisogoce?7217629f5d8e8089061fde02740fee49c88e82c7063696cfb17c2a6ed52ef8deba4ab140f78b30dfd03fcc5f8e54215184804b37d09ad4776ba083349bd5fe2a,gx-no-cache=1698248716395 HTTP/1.1" 200 48
190.171.153.26 - - [25/Oct/2023:11:45:36 -0300] "POST /cormun/servlet/permisogoce?ccbce09ee75d223cee5d6ab57e8565d3,INS,0,,,,gx-no-cache=1698248718180 HTTP/1.1" 500 10
190.171.152.138 - - [25/Oct/2023:11:45:41 -0300] "GET /cormun/servlet/hlogin HTTP/1.1" 200 1720
190.171.152.138 - - [25/Oct/2023:11:45:55 -0300] "POST /cormun/servlet/hlogin?41448a76dceb001521f0ef943c722298,gx-no-cache=1698245134751 HTTP/1.1" 200 90
190.171.152.138 - - [25/Oct/2023:11:45:55 -0300] "GET /cormun/servlet/hpexe_link HTTP/1.1" 200 964
190.171.152.138 - - [25/Oct/2023:11:45:55 -0300] "GET /cormun/servlet/licenciaspermisos?INS,0,,, HTTP/1.1" 200 7463
190.171.152.138 - - [25/Oct/2023:11:45:59 -0300] "GET /cormun/servlet/trlicencias? HTTP/1.1" 200 13653
190.171.152.138 - - [25/Oct/2023:11:46:05 -0300] "GET /cormun/servlet/trlicenciaspermisosadjuntos?16492844,20231025000000,L, HTTP/1.1" 200 6213
190.171.152.138 - - [25/Oct/2023:11:46:08 -0300] "GET /cormun/servlet/licenciaspermisosadjuntos?INS,16492844,L,20231025000000,, HTTP/1.1" 200 5499
190.171.152.138 - - [25/Oct/2023:11:46:08 -0300] "GET /cormun/static/about:blank HTTP/1.1" 404 1011
190.171.153.26 - - [25/Oct/2023:11:46:18 -0300] "GET /cormun/servlet/hlogin HTTP/1.1" 200 1713
190.171.153.26 - - [25/Oct/2023:11:46:26 -0300] "POST /cormun/servlet/hlogin?ccbce09ee75d223cee5d6ab57e8565d3,gx-no-cache=1698248767684 HTTP/1.1" 200 90
190.171.153.26 - - [25/Oct/2023:11:46:26 -0300] "GET /cormun/servlet/hpexe_link HTTP/1.1" 200 958
190.171.153.26 - - [25/Oct/2023:11:46:26 -0300] "GET /cormun/servlet/permisogoce?INS,0,,, HTTP/1.1" 200 6830
190.171.153.26 - - [25/Oct/2023:11:46:26 -0300] "GET /cormun/servlet/permisogoce?INS,0,,, HTTP/1.1" 200 6829
190.171.153.26 - - [25/Oct/2023:11:46:41 -0300] "GET /cormun/servlet/permisogoce?7217629f5d8e8089061fde02740fee492829c9c3117752ef24d395924e0f7d110504c70eccd68347dc55a4a1a8c6c9d82baf5b850f6efe6ea95eaa41d6780e82,gx-no-cache=1698248783349 HTTP/1.1" 200 88
190.171.153.26 - - [25/Oct/2023:11:46:44 -0300] "GET /cormun/static/menuarrow.gif HTTP/1.1" 404 1015
190.171.153.26 - - [25/Oct/2023:11:46:47 -0300] "GET /cormun/servlet/permisogoce?7217629f5d8e8089061fde02740fee49c88e82c7063696cfb17c2a6ed52ef8deba4ab140f78b30dfd03fcc5f8e54215184804b37d09ad4776ba083349bd5fe2a,gx-no-cache=1698248788836 HTTP/1.1" 200 48
190.171.153.26 - - [25/Oct/2023:11:46:49 -0300] "POST /cormun/servlet/permisogoce?ccbce09ee75d223cee5d6ab57e8565d3,INS,0,,,,gx-no-cache=1698248790795 HTTP/1.1" 500 10
190.171.152.138 - - [25/Oct/2023:11:46:52 -0300] "POST /cormun/servlet/licenciaspermisosadjuntos?41448a76dceb001521f0ef943c722298,INS,16492844,L,20231025000000,, HTTP/1.1" 500 10
190.171.149.74 - - [25/Oct/2023:11:47:00 -0300] "GET /cormun/servlet/trlicencias? HTTP/1.1" 200 12369
190.171.152.138 - - [25/Oct/2023:11:47:08 -0300] "GET /cormun/servlet/hlogin HTTP/1.1" 200 1720
190.171.149.74 - - [25/Oct/2023:11:47:10 -0300] "POST /cormun/servlet/trlicencias?240f9f906998b7679b485bc3a9d4b176,,gx-no-cache=1698245208236 HTTP/1.1" 200 10024
190.171.149.74 - - [25/Oct/2023:11:47:13 -0300] "POST /cormun/servlet/trlicencias?240f9f906998b7679b485bc3a9d4b176,,gx-no-cache=1698245211129 HTTP/1.1" 200 10024
190.171.149.74 - - [25/Oct/2023:11:47:14 -0300] "POST /cormun/servlet/trlicencias?240f9f906998b7679b485bc3a9d4b176,,gx-no-cache=1698245212554 HTTP/1.1" 200 10025
190.171.152.138 - - [25/Oct/2023:11:47:20 -0300] "POST /cormun/servlet/hlogin?41448a76dceb001521f0ef943c722298,gx-no-cache=1698245219920 HTTP/1.1" 200 90
190.171.152.138 - - [25/Oct/2023:11:47:20 -0300] "GET /cormun/servlet/hpexe_link HTTP/1.1" 200 988
190.171.152.138 - - [25/Oct/2023:11:47:20 -0300] "GET /cormun/servlet/licenciaspermisosadjuntos?INS,16492844,L,20231025000000,, HTTP/1.1" 200 5490
190.171.152.138 - - [25/Oct/2023:11:47:20 -0300] "GET /cormun/static/about:blank HTTP/1.1" 404 1011
190.171.152.138 - - [25/Oct/2023:11:47:33 -0300] "GET /cormun/servlet/trlicencias? HTTP/1.1" 200 13653
190.171.152.138 - - [25/Oct/2023:11:47:46 -0300] "GET /cormun/servlet/licenciaspermisos?INS,0,,, HTTP/1.1" 200 7462
10.40.40.2 - - [25/Oct/2023:11:48:12 -0300] "GET /cormun/servlet/hlogin HTTP/1.1" 200 1722
10.40.40.2 - - [25/Oct/2023:11:48:12 -0300] "GET /cormun/static/gxtimezone.js?85251 HTTP/1.1" 200 5781
10.40.40.2 - - [25/Oct/2023:11:48:12 -0300] "GET /cormun/static/gxcfg.js?2022112219184450 HTTP/1.1" 200 953
10.40.40.2 - - [25/Oct/2023:11:48:12 -0300] "GET /cormun/static/messages.spa.js?85251 HTTP/1.1" 200 30736
10.40.40.2 - - [25/Oct/2023:11:48:12 -0300] "GET /cormun/static/hlogin.js?2022112219184458 HTTP/1.1" 200 2156
10.40.40.2 - - [25/Oct/2023:11:48:12 -0300] "GET /cormun/static/Resources/Spanish/PXTools.css?1759030 HTTP/1.1" 200 100853
10.40.40.2 - - [25/Oct/2023:11:48:12 -0300] "GET /cormun/static/gxgral.js?85251 HTTP/1.1" 200 384558
10.40.40.2 - - [25/Oct/2023:11:48:12 -0300] "GET /cormun/static/Resources/CormunLogin.png HTTP/1.1" 200 19132
10.40.40.2 - - [25/Oct/2023:11:48:12 -0300] "GET /cormun/static/Resources/PXToolsLoginTop.png HTTP/1.1" 200 1337
10.40.40.2 - - [25/Oct/2023:11:48:12 -0300] "GET /cormun/static/Resources/PXToolsLoginBackground.png HTTP/1.1" 200 1164
10.40.40.2 - - [25/Oct/2023:11:48:12 -0300] "GET /cormun/static/Resources/PXToolsButtonLeft.png HTTP/1.1" 200 1310
10.40.40.2 - - [25/Oct/2023:11:48:12 -0300] "GET /cormun/static/Resources/PXToolsButtonRight.png HTTP/1.1" 200 1294
10.40.40.2 - - [25/Oct/2023:11:48:12 -0300] "GET /cormun/static/Resources/PXToolsButtonBackground.png HTTP/1.1" 200 1176
10.40.40.2 - - [25/Oct/2023:11:48:12 -0300] "GET /cormun/static/Resources/PXToolsLoginBottom.png HTTP/1.1" 200 1389
10.40.40.2 - - [25/Oct/2023:11:48:12 -0300] "GET /cormun/servlet/hlogin HTTP/1.1" 200 1732
10.40.40.2 - - [25/Oct/2023:11:48:12 -0300] "GET /cormun/static/Resources/indicator.gif HTTP/1.1" 200 1553
10.40.40.2 - - [25/Oct/2023:11:48:12 -0300] "GET /favicon.ico HTTP/1.1" 200 21630
190.171.152.138 - - [25/Oct/2023:11:48:13 -0300] "GET /cormun/servlet/licenciaspermisos?748c3d0a296e26d4c74b41ede025892ce6cc583e238b911eef0fc12638f5e77d8a02479bfc9d71f8507733413124989e3365babade6f94996d358ade0064fd33,gx-no-cache=1698245272746 HTTP/1.1" 200 78
190.171.152.138 - - [25/Oct/2023:11:48:13 -0300] "POST /cormun/servlet/licenciaspermisos?41448a76dceb001521f0ef943c722298,INS,0,,,,gx-no-cache=1698245272780 HTTP/1.1" 200 4813
10.40.40.2 - - [25/Oct/2023:11:48:36 -0300] "POST /cormun/servlet/hlogin?ed1c8cffd10d9943f3015eeb040895b5,gx-no-cache=1698245287867 HTTP/1.1" 200 447
190.171.152.138 - - [25/Oct/2023:11:48:42 -0300] "GET /cormun/static/menuarrow.gif HTTP/1.1" 404 1015
45.88.90.120 - - [25/Oct/2023:11:48:52 -0300] "CONNECT google.com:443 HTTP/1.1" 400 -
10.40.40.2 - - [25/Oct/2023:11:49:01 -0300] "POST /cormun/servlet/hlogin?ed1c8cffd10d9943f3015eeb040895b5,gx-no-cache=1698245312968 HTTP/1.1" 200 450
190.171.153.26 - - [25/Oct/2023:11:49:23 -0300] "GET /cormun/servlet/hlogin HTTP/1.1" 200 1713
190.171.153.26 - - [25/Oct/2023:11:49:32 -0300] "POST /cormun/servlet/hlogin?ccbce09ee75d223cee5d6ab57e8565d3,gx-no-cache=1698248954307 HTTP/1.1" 200 90
190.171.153.26 - - [25/Oct/2023:11:49:32 -0300] "GET /cormun/servlet/hpexe_link HTTP/1.1" 200 958
190.171.153.26 - - [25/Oct/2023:11:49:33 -0300] "GET /cormun/servlet/permisogoce?INS,0,,, HTTP/1.1" 200 6830
190.171.153.26 - - [25/Oct/2023:11:49:33 -0300] "GET /cormun/servlet/permisogoce?INS,0,,, HTTP/1.1" 200 6829
190.171.153.26 - - [25/Oct/2023:11:49:48 -0300] "GET /cormun/servlet/permisogoce?7217629f5d8e8089061fde02740fee492829c9c3117752ef24d395924e0f7d110504c70eccd68347dc55a4a1a8c6c9d82baf5b850f6efe6ea95eaa41d6780e82,gx-no-cache=1698248970274 HTTP/1.1" 200 88
190.171.153.26 - - [25/Oct/2023:11:49:50 -0300] "GET /cormun/static/menuarrow.gif HTTP/1.1" 404 1015
190.171.153.26 - - [25/Oct/2023:11:49:55 -0300] "GET /cormun/servlet/permisogoce?7217629f5d8e8089061fde02740fee49c88e82c7063696cfb17c2a6ed52ef8deba4ab140f78b30dfd03fcc5f8e54215184804b37d09ad4776ba083349bd5fe2a,gx-no-cache=1698248976483 HTTP/1.1" 200 48
190.171.153.26 - - [25/Oct/2023:11:49:58 -0300] "POST /cormun/servlet/permisogoce?ccbce09ee75d223cee5d6ab57e8565d3,INS,0,,,,gx-no-cache=1698248979290 HTTP/1.1" 500 10
181.212.40.185 - - [25/Oct/2023:11:50:23 -0300] "GET /cormun/servlet/trpermisosgoce? HTTP/1.1" 200 6036
181.212.40.185 - - [25/Oct/2023:11:50:23 -0300] "GET /cormun/servlet/hlogin HTTP/1.1" 200 1742
181.212.40.185 - - [25/Oct/2023:11:50:32 -0300] "POST /cormun/servlet/hlogin?f3be559caf6c9eb4d7451c9fe563bd80,gx-no-cache=1698245412202 HTTP/1.1" 200 90
181.212.40.185 - - [25/Oct/2023:11:50:32 -0300] "GET /cormun/servlet/hpexe_link HTTP/1.1" 200 959
181.212.40.185 - - [25/Oct/2023:11:50:33 -0300] "GET /cormun/servlet/trpermisosgoce HTTP/1.1" 200 19482
190.171.141.106 - - [25/Oct/2023:11:51:05 -0300] "POST /cormun/servlet/trlicencias?20fe115b4c23694f15562917ee1bb3c2,,gx-no-cache=1698245444560 HTTP/1.1" 200 8659
190.171.152.138 - - [25/Oct/2023:11:52:20 -0300] "GET /cormun/servlet/licenciaspermisos?748c3d0a296e26d4c74b41ede025892c8b528b48a1318b3eae4a968f7286ba9d99c7d835ab76d511d5ec28a0395f6965db0ff9968094669ba1ea26f987927c82ddbcc7d6551922b10d71dc6d5886d773f7499669afe5b45c6deb59d42176d1f812e6d875b53e65b20aa1eab893ee955a069f0f3e0afe97f8fe41d091ba9a0786dc288f35da90fe78fd5d7841b7eaf0dfcb91137adda0be09193c5a2f4abf42d41c367eca45eacad4ad61250fbf6ab70a,gx-no-cache=1698245519615 HTTP/1.1" 200 30
190.171.152.138 - - [25/Oct/2023:11:52:20 -0300] "GET /cormun/servlet/licenciaspermisos?748c3d0a296e26d4c74b41ede025892cb4bc6ccec234a4f3c8cae05dfdad8b989487239db9235082c0a655a14ec76b7ea1ab754498dcc051ef0b2a49eb10d2fde5fbe7694a8faf642f0debf04e1f00c6ec976cccd8ca4c204685f4f6beea43b35d1ea696ff59c3129b201c9f182810bf4bd9288e9b6f5d21fcbd74bf9d06d4ed554cca94ebc24e933c67bb60c6c1e269e680249e2e8fa77ff5db458271fb2450823ccbdd925dbb073618275f9bc8ac83,gx-no-cache=1698245519646 HTTP/1.1" 200 29
190.171.152.138 - - [25/Oct/2023:11:52:20 -0300] "POST /cormun/servlet/licenciaspermisos?41448a76dceb001521f0ef943c722298,INS,0,,,,gx-no-cache=1698245519662 HTTP/1.1" 500 10
190.171.153.26 - - [25/Oct/2023:11:54:28 -0300] "GET /cormun/servlet/hlogin HTTP/1.1" 200 1713
190.171.153.26 - - [25/Oct/2023:11:54:36 -0300] "POST /cormun/servlet/hlogin?ccbce09ee75d223cee5d6ab57e8565d3,gx-no-cache=1698249258050 HTTP/1.1" 200 90
190.171.153.26 - - [25/Oct/2023:11:54:36 -0300] "GET /cormun/servlet/hpexe_link HTTP/1.1" 200 958
190.171.153.26 - - [25/Oct/2023:11:54:36 -0300] "GET /cormun/servlet/permisogoce?INS,0,,, HTTP/1.1" 200 6830
190.171.153.26 - - [25/Oct/2023:11:54:37 -0300] "GET /cormun/servlet/permisogoce?INS,0,,, HTTP/1.1" 200 6829
190.171.153.26 - - [25/Oct/2023:11:54:47 -0300] "GET /cormun/servlet/permisogoce?7217629f5d8e8089061fde02740fee492829c9c3117752ef24d395924e0f7d110504c70eccd68347dc55a4a1a8c6c9d82baf5b850f6efe6ea95eaa41d6780e82,gx-no-cache=1698249268923 HTTP/1.1" 200 88
190.171.153.26 - - [25/Oct/2023:11:54:50 -0300] "GET /cormun/static/menuarrow.gif HTTP/1.1" 404 1015
190.171.153.26 - - [25/Oct/2023:11:54:54 -0300] "GET /cormun/servlet/permisogoce?7217629f5d8e8089061fde02740fee49c88e82c7063696cfb17c2a6ed52ef8deba4ab140f78b30dfd03fcc5f8e54215184804b37d09ad4776ba083349bd5fe2a,gx-no-cache=1698249275863 HTTP/1.1" 200 48
190.171.153.26 - - [25/Oct/2023:11:54:59 -0300] "POST /cormun/servlet/permisogoce?ccbce09ee75d223cee5d6ab57e8565d3,INS,0,,,,gx-no-cache=1698249280494 HTTP/1.1" 500 10
190.171.149.74 - - [25/Oct/2023:11:59:46 -0300] "POST /cormun/servlet/trlicencias?240f9f906998b7679b485bc3a9d4b176,,gx-no-cache=1698245964098 HTTP/1.1" 200 10024
190.171.149.74 - - [25/Oct/2023:11:59:47 -0300] "POST /cormun/servlet/trlicencias?240f9f906998b7679b485bc3a9d4b176,,gx-no-cache=1698245965374 HTTP/1.1" 200 10025
190.171.149.74 - - [25/Oct/2023:11:59:48 -0300] "POST /cormun/servlet/trlicencias?240f9f906998b7679b485bc3a9d4b176,,gx-no-cache=1698245966509 HTTP/1.1" 200 10024
190.171.149.74 - - [25/Oct/2023:11:59:50 -0300] "POST /cormun/servlet/trlicencias?240f9f906998b7679b485bc3a9d4b176,,gx-no-cache=1698245967717 HTTP/1.1" 200 10024
192.168.10.17 - - [25/Oct/2023:12:02:07 -0300] "GET /cormun/servlet/hlogin HTTP/1.1" 200 1723
192.168.10.17 - - [25/Oct/2023:12:02:07 -0300] "GET /cormun/static/Resources/Spanish/PXTools.css?1759030 HTTP/1.1" 200 100853
192.168.10.17 - - [25/Oct/2023:12:02:07 -0300] "GET /cormun/static/gxcfg.js?2022112219184450 HTTP/1.1" 200 953
192.168.10.17 - - [25/Oct/2023:12:02:07 -0300] "GET /cormun/static/Resources/CormunLogin.png HTTP/1.1" 200 19132
192.168.10.17 - - [25/Oct/2023:12:02:07 -0300] "GET /cormun/static/hlogin.js?2022112219184458 HTTP/1.1" 200 2156
192.168.10.17 - - [25/Oct/2023:12:02:07 -0300] "GET /cormun/static/Resources/PXToolsLoginBackground.png HTTP/1.1" 200 1164
192.168.10.17 - - [25/Oct/2023:12:02:07 -0300] "GET /cormun/static/Resources/PXToolsLoginTop.png HTTP/1.1" 200 1337
192.168.10.17 - - [25/Oct/2023:12:02:07 -0300] "GET /cormun/static/Resources/PXToolsLoginBottom.png HTTP/1.1" 200 1389
192.168.10.17 - - [25/Oct/2023:12:02:07 -0300] "GET /cormun/servlet/hlogin HTTP/1.1" 200 1734
192.168.10.17 - - [25/Oct/2023:12:02:13 -0300] "POST /cormun/servlet/hlogin?36ed1eb0dce1bf24cc485196cdf708c8,gx-no-cache=1698246114474 HTTP/1.1" 200 90
192.168.10.17 - - [25/Oct/2023:12:02:13 -0300] "GET /cormun/servlet/hpexe_link HTTP/1.1" 200 952
192.168.10.17 - - [25/Oct/2023:12:02:13 -0300] "GET /cormun/static/gxcfg.js?20221129847421 HTTP/1.1" 200 953
192.168.10.17 - - [25/Oct/2023:12:02:13 -0300] "GET /cormun/static/hpexe_link.js?20221129847423 HTTP/1.1" 200 625
192.168.10.17 - - [25/Oct/2023:12:02:13 -0300] "GET /cormun/static/Resources/Spanish/PXTools.css?8354383 HTTP/1.1" 200 100853
192.168.10.17 - - [25/Oct/2023:12:02:13 -0300] "GET /cormun/servlet/hhome HTTP/1.1" 200 3820
192.168.10.17 - - [25/Oct/2023:12:02:13 -0300] "GET /cormun/static/gxcfg.js?20201215495537 HTTP/1.1" 200 953
192.168.10.17 - - [25/Oct/2023:12:02:13 -0300] "GET /cormun/static/hhome.js?20201215495544 HTTP/1.1" 200 777
192.168.10.17 - - [25/Oct/2023:12:02:15 -0300] "GET /cormun/servlet/trsolicitudgral? HTTP/1.1" 200 9715
192.168.10.17 - - [25/Oct/2023:12:02:15 -0300] "GET /cormun//static/Resources/PXToolsGridUpdate.png HTTP/1.1" 200 470
192.168.10.17 - - [25/Oct/2023:12:02:30 -0300] "GET /cormun/servlet/vesolicitudgral?2023,20601,, HTTP/1.1" 200 8386
192.168.10.17 - - [25/Oct/2023:12:02:30 -0300] "GET /cormun/pexe_scrolldiv.js HTTP/1.1" 404 1009
200.14.138.137 - - [25/Oct/2023:12:06:50 -0300] "GET /cormun/servlet/hlogin HTTP/1.1" 200 1721
200.14.137.137 - - [25/Oct/2023:12:06:50 -0300] "GET /cormun/static/gxtimezone.js?85251 HTTP/1.1" 200 5781
164.77.168.243 - - [25/Oct/2023:12:06:50 -0300] "GET /cormun/static/gxcfg.js?2022112219184450 HTTP/1.1" 200 953
200.14.138.137 - - [25/Oct/2023:12:06:50 -0300] "GET /cormun/static/Resources/Spanish/PXTools.css?1759030 HTTP/1.1" 200 100853
200.14.138.137 - - [25/Oct/2023:12:06:50 -0300] "GET /cormun/static/messages.spa.js?85251 HTTP/1.1" 200 30736
200.14.138.137 - - [25/Oct/2023:12:06:50 -0300] "GET /cormun/static/hlogin.js?2022112219184458 HTTP/1.1" 200 2156
200.14.138.137 - - [25/Oct/2023:12:06:50 -0300] "GET /cormun/static/Resources/CormunLogin.png HTTP/1.1" 200 19132
200.14.137.137 - - [25/Oct/2023:12:06:50 -0300] "GET /cormun/static/gxgral.js?85251 HTTP/1.1" 200 384558
200.14.138.137 - - [25/Oct/2023:12:06:50 -0300] "GET /cormun/static/Resources/PXToolsLoginBackground.png HTTP/1.1" 200 1164
200.14.137.137 - - [25/Oct/2023:12:06:50 -0300] "GET /cormun/static/Resources/PXToolsLoginTop.png HTTP/1.1" 200 1337
164.77.168.243 - - [25/Oct/2023:12:06:50 -0300] "GET /cormun/static/Resources/PXToolsButtonBackground.png HTTP/1.1" 200 1176
200.14.138.137 - - [25/Oct/2023:12:06:50 -0300] "GET /cormun/static/Resources/PXToolsButtonRight.png HTTP/1.1" 200 1294
200.14.137.137 - - [25/Oct/2023:12:06:50 -0300] "GET /cormun/static/Resources/PXToolsButtonLeft.png HTTP/1.1" 200 1310
200.14.137.137 - - [25/Oct/2023:12:06:50 -0300] "GET /cormun/static/Resources/PXToolsLoginBottom.png HTTP/1.1" 200 1389
200.14.138.137 - - [25/Oct/2023:12:06:50 -0300] "GET /cormun/servlet/hlogin HTTP/1.1" 200 1731
164.77.168.243 - - [25/Oct/2023:12:06:50 -0300] "GET /cormun/static/Resources/indicator.gif HTTP/1.1" 200 1553
164.77.168.243 - - [25/Oct/2023:12:06:50 -0300] "GET /favicon.ico HTTP/1.1" 200 21630
181.203.159.111 - - [25/Oct/2023:12:08:20 -0300] "GET /cormun/servlet/hlogin HTTP/1.1" 200 1785
164.77.168.243 - - [25/Oct/2023:12:09:08 -0300] "POST /cormun/servlet/hlogin?b50cda678e7a9572bf23fc8194307c59,gx-no-cache=1698246494089 HTTP/1.1" 200 446
164.77.168.243 - - [25/Oct/2023:12:09:17 -0300] "POST /cormun/servlet/hlogin?b50cda678e7a9572bf23fc8194307c59,gx-no-cache=1698246502940 HTTP/1.1" 200 448
190.171.141.106 - - [25/Oct/2023:12:15:22 -0300] "POST /cormun/servlet/trlicencias?20fe115b4c23694f15562917ee1bb3c2,,gx-no-cache=1698246901881 HTTP/1.1" 200 8659
190.171.141.106 - - [25/Oct/2023:12:15:24 -0300] "POST /cormun/servlet/trlicencias?20fe115b4c23694f15562917ee1bb3c2,,gx-no-cache=1698246903857 HTTP/1.1" 200 8659
190.171.141.106 - - [25/Oct/2023:12:40:28 -0300] "GET /cormun/servlet/trlicencias? HTTP/1.1" 200 11061
190.171.141.106 - - [25/Oct/2023:12:40:33 -0300] "POST /cormun/servlet/trlicencias?20fe115b4c23694f15562917ee1bb3c2,,gx-no-cache=1698248412892 HTTP/1.1" 200 8659
192.168.10.17 - - [25/Oct/2023:12:40:51 -0300] "POST /cormun/servlet/vesolicitudgral?36ed1eb0dce1bf24cc485196cdf708c8,2023,20601,,,gx-no-cache=1698248432603 HTTP/1.1" 440 972
192.168.10.17 - - [25/Oct/2023:12:40:52 -0300] "GET /cormun/servlet/vesolicitudgral?2023,20601,, HTTP/1.1" 200 7754
192.168.10.17 - - [25/Oct/2023:12:40:52 -0300] "GET /cormun/pexe_scrolldiv.js HTTP/1.1" 404 1009
192.168.10.17 - - [25/Oct/2023:12:40:53 -0300] "GET /cormun/servlet/hlogin HTTP/1.1" 200 1753
192.168.10.17 - - [25/Oct/2023:12:40:58 -0300] "POST /cormun/servlet/hlogin?6bd4d521de1bfdd1ff0221b28c2cfeb4,gx-no-cache=1698248439534 HTTP/1.1" 200 90
192.168.10.17 - - [25/Oct/2023:12:40:58 -0300] "GET /cormun/servlet/hpexe_link HTTP/1.1" 200 971
192.168.10.17 - - [25/Oct/2023:12:40:58 -0300] "GET /cormun/servlet/vesolicitudgral?2023,20601,, HTTP/1.1" 200 8273
192.168.10.17 - - [25/Oct/2023:12:40:58 -0300] "GET /cormun/pexe_scrolldiv.js HTTP/1.1" 404 1009
192.168.10.17 - - [25/Oct/2023:12:41:01 -0300] "POST /cormun/servlet/vesolicitudgral?6bd4d521de1bfdd1ff0221b28c2cfeb4,2023,20601,,,gx-no-cache=1698248442529 HTTP/1.1" 200 12063
192.168.10.17 - - [25/Oct/2023:12:41:01 -0300] "GET /cormun/static/Shared/jqueryui/images/ui-icons_82798d_256x240.png HTTP/1.1" 404 1089
192.168.10.17 - - [25/Oct/2023:12:41:01 -0300] "GET /cormun/static/Shared/jqueryui/images/ui-bg_highlight-soft_100_c6c2c8_1x100.png HTTP/1.1" 404 1117
192.168.10.17 - - [25/Oct/2023:12:41:01 -0300] "GET /cormun/static/Shared/jqueryui/images/ui-bg_flat_55_fafafa_40x100.png HTTP/1.1" 404 1097
192.168.10.17 - - [25/Oct/2023:12:41:01 -0300] "GET /cormun/static/Shared/jqueryui/images/ui-icons_8d78a5_256x240.png HTTP/1.1" 404 1089
192.168.10.17 - - [25/Oct/2023:12:41:01 -0300] "POST /cormun/servlet/vesolicitudgral?6bd4d521de1bfdd1ff0221b28c2cfeb4,2023,20601,,,gx-no-cache=1698248442669 HTTP/1.1" 200 11996
192.168.10.17 - - [25/Oct/2023:12:41:01 -0300] "GET /cormun//static/Resources/PXToolsTabLastUnselected.png HTTP/1.1" 200 1297
192.168.10.17 - - [25/Oct/2023:12:41:04 -0300] "GET /cormun/servlet/trautorizarot? HTTP/1.1" 200 9583
192.168.10.17 - - [25/Oct/2023:12:41:04 -0300] "GET /cormun/static/gxui/gxui-all.css?120300 HTTP/1.1" 200 2179
192.168.10.17 - - [25/Oct/2023:12:41:04 -0300] "GET /cormun/static/calendar-system.css?85620 HTTP/1.1" 200 5572
192.168.10.17 - - [25/Oct/2023:12:41:04 -0300] "GET /cormun/static/gxcfg.js?202012169508 HTTP/1.1" 200 953
192.168.10.17 - - [25/Oct/2023:12:41:04 -0300] "GET /cormun/static/trautorizarot.js?2020121695965 HTTP/1.1" 200 53844
192.168.10.17 - - [25/Oct/2023:12:41:04 -0300] "GET /cormun/static/Shared/ext/resources/css/ext-all.css?215870 HTTP/1.1" 200 416045
192.168.10.17 - - [25/Oct/2023:12:41:05 -0300] "GET /cormun//static/Resources/PXToolsDataSearchRemember.gif HTTP/1.1" 200 1153
192.168.10.17 - - [25/Oct/2023:12:41:07 -0300] "POST /cormun/servlet/trautorizarot?6bd4d521de1bfdd1ff0221b28c2cfeb4,,gx-no-cache=1698248448042 HTTP/1.1" 200 5357
192.168.10.17 - - [25/Oct/2023:12:41:08 -0300] "GET /cormun/servlet/trsolicitudgral? HTTP/1.1" 200 8312
192.168.10.17 - - [25/Oct/2023:12:41:12 -0300] "POST /cormun/servlet/trsolicitudgral?6bd4d521de1bfdd1ff0221b28c2cfeb4,,gx-no-cache=1698248453727 HTTP/1.1" 200 6663
192.168.10.17 - - [25/Oct/2023:12:41:18 -0300] "GET /cormun/servlet/vesolicitudgral?2023,20601,, HTTP/1.1" 200 8275
192.168.10.17 - - [25/Oct/2023:12:41:18 -0300] "GET /cormun/pexe_scrolldiv.js HTTP/1.1" 404 1009
181.212.42.153 - - [25/Oct/2023:12:50:02 -0300] "GET /cormun/servlet/trlicencias? HTTP/1.1" 200 6050
181.212.42.153 - - [25/Oct/2023:12:50:03 -0300] "GET /cormun/servlet/hlogin HTTP/1.1" 200 1736
181.212.42.153 - - [25/Oct/2023:12:50:08 -0300] "POST /cormun/servlet/hlogin?0c875a2bb167c735e062ac027ef3e63e,gx-no-cache=1698248988781 HTTP/1.1" 200 90
181.212.42.153 - - [25/Oct/2023:12:50:08 -0300] "GET /cormun/servlet/hpexe_link HTTP/1.1" 200 953
181.212.42.153 - - [25/Oct/2023:12:50:08 -0300] "GET /cormun/servlet/trlicencias HTTP/1.1" 200 15465
192.168.10.17 - - [25/Oct/2023:12:53:23 -0300] "GET /cormun/servlet/trsolicitudgral? HTTP/1.1" 200 8323
192.168.10.17 - - [25/Oct/2023:12:53:27 -0300] "POST /cormun/servlet/trsolicitudgral?6bd4d521de1bfdd1ff0221b28c2cfeb4,,gx-no-cache=1698249188484 HTTP/1.1" 200 5259
190.171.149.74 - - [25/Oct/2023:12:54:15 -0300] "GET /cormun/servlet/trpermisosgoce? HTTP/1.1" 200 6028
190.171.149.74 - - [25/Oct/2023:12:54:15 -0300] "GET /cormun/servlet/hlogin HTTP/1.1" 200 1735
181.203.129.237 - - [25/Oct/2023:12:54:18 -0300] "GET /cormun/servlet/hlogin HTTP/1.1" 200 1721
190.171.149.74 - - [25/Oct/2023:12:54:20 -0300] "POST /cormun/servlet/hlogin?d85af7641e96369ed1e07a421469dd16,gx-no-cache=1698249237784 HTTP/1.1" 200 90
190.171.149.74 - - [25/Oct/2023:12:54:20 -0300] "GET /cormun/servlet/hpexe_link HTTP/1.1" 200 951
190.171.149.74 - - [25/Oct/2023:12:54:20 -0300] "GET /cormun/servlet/trpermisosgoce HTTP/1.1" 200 18684
190.171.149.74 - - [25/Oct/2023:12:54:23 -0300] "GET /cormun/servlet/permisogoce?INS,0,,, HTTP/1.1" 200 6841
181.203.129.237 - - [25/Oct/2023:12:54:25 -0300] "POST /cormun/servlet/hlogin?c0565bfa37c7485b0cd9a15587e80eaa,gx-no-cache=1698249244294 HTTP/1.1" 200 90
181.203.129.237 - - [25/Oct/2023:12:54:25 -0300] "GET /cormun/servlet/hpexe_link HTTP/1.1" 200 952
181.203.129.237 - - [25/Oct/2023:12:54:26 -0300] "GET /cormun/servlet/hhome HTTP/1.1" 200 3910
181.203.129.237 - - [25/Oct/2023:12:54:28 -0300] "GET /cormun/servlet/trpermisosgoce? HTTP/1.1" 200 11541
190.171.149.74 - - [25/Oct/2023:12:54:29 -0300] "GET /cormun/servlet/permisogoce?92bd4397889237bad9d887b08acd441eb5409af702175b692a63c02c3f8b25ba89aa297415c999c82151cc03a4a312ed0d819ae0dc7a8e4700c75b3d20359261,gx-no-cache=1698249247301 HTTP/1.1" 200 75
190.171.149.74 - - [25/Oct/2023:12:54:31 -0300] "GET /cormun/static/menuarrow.gif HTTP/1.1" 404 1015
190.171.149.74 - - [25/Oct/2023:12:54:35 -0300] "GET /cormun/servlet/permisogoce?92bd4397889237bad9d887b08acd441e3405bf294537dbdb84c57cacafbe78dab5a47f5757a93633ca4cc5636f56f3f07adea41ce8c741bb99876ac34ac8a3d3,gx-no-cache=1698249253336 HTTP/1.1" 200 49
190.171.149.74 - - [25/Oct/2023:12:54:39 -0300] "POST /cormun/servlet/permisogoce?d85af7641e96369ed1e07a421469dd16,INS,0,,,,gx-no-cache=1698249256827 HTTP/1.1" 500 10
190.171.149.74 - - [25/Oct/2023:12:54:47 -0300] "GET /cormun/servlet/permisogoce?INS,0,,, HTTP/1.1" 200 6828
190.171.149.74 - - [25/Oct/2023:12:54:49 -0300] "POST /cormun/servlet/permisogoce?d85af7641e96369ed1e07a421469dd16,INS,0,,,,gx-no-cache=1698249267233 HTTP/1.1" 200 93
190.171.149.74 - - [25/Oct/2023:12:54:49 -0300] "GET /cormun/servlet/hpexe_return? HTTP/1.1" 200 1006
190.171.149.74 - - [25/Oct/2023:12:54:49 -0300] "GET /cormun/servlet/trpermisosgoce HTTP/1.1" 200 18677
