200.54.103.162 - - [27/Sep/2023:12:21:55 -0300] "GET /cormun/static/permisogoce.js?20201215124939 HTTP/1.1" 200 27790
200.54.103.162 - - [27/Sep/2023:12:21:55 -0300] "GET /cormun/servlet/permisogoce?INS,0,,, HTTP/1.1" 200 7234
190.171.152.242 - - [27/Sep/2023:12:22:01 -0300] "GET /cormun/servlet/hlogin HTTP/1.1" 200 1736
200.54.103.162 - - [27/Sep/2023:12:22:05 -0300] "GET /cormun/servlet/permisogoce?9a7472a0bc4788ec43e5bc81b032f28b629aab7650f8b19c4119274746fcb9e311c43080ae015d47b6d1294cc7cb8183a7d5619d7e73e8e29c4b0e153451f6fa,gx-no-cache=1695827134163 HTTP/1.1" 200 80
200.54.103.162 - - [27/Sep/2023:12:22:05 -0300] "GET /cormun/static/menuarrow.gif HTTP/1.1" 404 1015
190.171.142.42 - - [27/Sep/2023:12:22:12 -0300] "GET /cormun/servlet/apermisogoceprn?19746885,P,20230519091243,PU HTTP/1.1" 200 1662
200.54.103.162 - - [27/Sep/2023:12:22:15 -0300] "GET /cormun/servlet/permisogoce?9a7472a0bc4788ec43e5bc81b032f28bc74e25e934d9a76b671d72b2106cffd5d15e1044b7e9f8c66629900b32fa0fc0a2fdd52a484a978e53f1517c7e373a5c,gx-no-cache=1695827143736 HTTP/1.1" 200 48
200.54.103.162 - - [27/Sep/2023:12:22:19 -0300] "POST /cormun/servlet/permisogoce?04054d49933150670223762ed5de26cc,INS,0,,,,gx-no-cache=1695827146499 HTTP/1.1" 200 93
200.54.103.162 - - [27/Sep/2023:12:22:19 -0300] "GET /cormun/servlet/hpexe_return? HTTP/1.1" 200 1010
200.54.103.162 - - [27/Sep/2023:12:22:19 -0300] "GET /cormun/static/gxcfg.js?20221129846035 HTTP/1.1" 200 953
200.54.103.162 - - [27/Sep/2023:12:22:19 -0300] "GET /cormun/static/hpexe_return.js?20221129846037 HTTP/1.1" 200 1633
200.54.103.162 - - [27/Sep/2023:12:22:19 -0300] "GET /cormun/servlet/trpermisosgoce HTTP/1.1" 200 8153
200.54.103.162 - - [27/Sep/2023:12:22:19 -0300] "GET /cormun//static/Resources/PXToolsGridUpdate.png HTTP/1.1" 200 470
200.54.103.162 - - [27/Sep/2023:12:22:19 -0300] "GET /cormun//static/Resources/PXToolsGridDelete.png HTTP/1.1" 200 538
200.54.103.162 - - [27/Sep/2023:12:22:19 -0300] "GET /cormun/servlet/trpermisosgoce HTTP/1.1" 200 8150
190.171.142.42 - - [27/Sep/2023:12:22:22 -0300] "GET /cormun/servlet/apermisogoceprn?19746885,P,20230425130228,PU HTTP/1.1" 200 1654
190.171.142.42 - - [27/Sep/2023:12:22:32 -0300] "GET /cormun/servlet/apermisogoceprn?19746885,P,20230404143408,PU HTTP/1.1" 200 1651
200.54.103.162 - - [27/Sep/2023:12:22:36 -0300] "GET /cormun/servlet/permisogoce?INS,0,,, HTTP/1.1" 200 7234
200.54.103.162 - - [27/Sep/2023:12:22:36 -0300] "GET /cormun/servlet/permisogoce?INS,0,,, HTTP/1.1" 200 7235
190.171.142.42 - - [27/Sep/2023:12:22:40 -0300] "GET /cormun/servlet/apermisogoceprn?19746885,P,20230403130109,PU HTTP/1.1" 200 1650
200.54.103.162 - - [27/Sep/2023:12:22:45 -0300] "GET /cormun/servlet/permisogoce?9a7472a0bc4788ec43e5bc81b032f28b740283c95ae79bb0ca76bcd0bc0cfe2e11c43080ae015d47b6d1294cc7cb8183a7d5619d7e73e8e29c4b0e153451f6fa,gx-no-cache=1695827174290 HTTP/1.1" 200 84
200.54.103.162 - - [27/Sep/2023:12:22:52 -0300] "GET /cormun/servlet/permisogoce?9a7472a0bc4788ec43e5bc81b032f28bb639279aa1a9921dc017e2fc394febae126c73d2bc4b41fac5d66e79c875274ba2fdd52a484a978e53f1517c7e373a5c,gx-no-cache=1695827181328 HTTP/1.1" 200 47
200.54.103.162 - - [27/Sep/2023:12:22:55 -0300] "POST /cormun/servlet/permisogoce?04054d49933150670223762ed5de26cc,INS,0,,,,gx-no-cache=1695827183187 HTTP/1.1" 200 93
200.54.103.162 - - [27/Sep/2023:12:22:55 -0300] "GET /cormun/servlet/hpexe_return? HTTP/1.1" 200 1010
200.54.103.162 - - [27/Sep/2023:12:22:55 -0300] "GET /cormun/servlet/trpermisosgoce HTTP/1.1" 200 8442
200.54.103.162 - - [27/Sep/2023:12:22:55 -0300] "GET /cormun/servlet/trpermisosgoce HTTP/1.1" 200 8439
200.54.103.162 - - [27/Sep/2023:12:23:02 -0300] "GET /cormun/servlet/permisogoce?INS,0,,, HTTP/1.1" 200 7235
200.54.103.162 - - [27/Sep/2023:12:23:02 -0300] "GET /cormun/servlet/permisogoce?INS,0,,, HTTP/1.1" 200 7235
200.54.103.162 - - [27/Sep/2023:12:23:11 -0300] "GET /cormun/servlet/permisogoce?9a7472a0bc4788ec43e5bc81b032f28b7d9ddc5e7a60046a1b154e7cfb00e97611c43080ae015d47b6d1294cc7cb8183a7d5619d7e73e8e29c4b0e153451f6fa,gx-no-cache=1695827199739 HTTP/1.1" 200 91
200.54.103.162 - - [27/Sep/2023:12:23:44 -0300] "GET /cormun/servlet/permisogoce?9a7472a0bc4788ec43e5bc81b032f28b1a59ef6d8fee6c89b55591c32e8a6af2e28b9d39a88f141f19eb534dce6c3c8ea2fdd52a484a978e53f1517c7e373a5c,gx-no-cache=1695827232880 HTTP/1.1" 200 47
200.54.103.162 - - [27/Sep/2023:12:23:48 -0300] "POST /cormun/servlet/permisogoce?04054d49933150670223762ed5de26cc,INS,0,,,,gx-no-cache=1695827235796 HTTP/1.1" 200 93
200.54.103.162 - - [27/Sep/2023:12:23:48 -0300] "GET /cormun/servlet/hpexe_return? HTTP/1.1" 200 1010
200.54.103.162 - - [27/Sep/2023:12:23:48 -0300] "GET /cormun/servlet/trpermisosgoce HTTP/1.1" 200 8680
200.54.103.162 - - [27/Sep/2023:12:23:48 -0300] "GET /cormun/servlet/trpermisosgoce HTTP/1.1" 200 8676
205.210.31.55 - - [27/Sep/2023:12:23:50 -0300] "GET / HTTP/1.1" 200 11217
200.54.103.162 - - [27/Sep/2023:12:23:54 -0300] "GET /cormun/servlet/permisogoce?INS,0,,, HTTP/1.1" 200 7235
200.54.103.162 - - [27/Sep/2023:12:23:54 -0300] "GET /cormun/servlet/permisogoce?INS,0,,, HTTP/1.1" 200 7235
200.54.103.162 - - [27/Sep/2023:12:24:02 -0300] "GET /cormun/servlet/permisogoce?9a7472a0bc4788ec43e5bc81b032f28beff009540f61491a4a225da65471c3a3d87f5b3362bc0b36949e4c4b6ed801b9d487902b9fcc426f4bed365e7de9d6ab,gx-no-cache=1695827251307 HTTP/1.1" 200 75
190.171.142.42 - - [27/Sep/2023:12:24:04 -0300] "POST /cormun/servlet/trpermisosgoce?24b2cd42b09966b5462eabc0493fea94,,gx-no-cache=1695827247560 HTTP/1.1" 200 4489
200.54.103.162 - - [27/Sep/2023:12:24:13 -0300] "GET /cormun/servlet/permisogoce?9a7472a0bc4788ec43e5bc81b032f28b3b82a0cc68a95d7374a8b64858861c614ce3e1dbcc06480ffc95ba92d945a0f4a9a839818e53383d76a85ebe663d1b51,gx-no-cache=1695827262208 HTTP/1.1" 200 47
200.54.103.162 - - [27/Sep/2023:12:24:16 -0300] "POST /cormun/servlet/permisogoce?04054d49933150670223762ed5de26cc,INS,0,,,,gx-no-cache=1695827264580 HTTP/1.1" 200 93
200.54.103.162 - - [27/Sep/2023:12:24:16 -0300] "GET /cormun/servlet/hpexe_return? HTTP/1.1" 200 1010
200.54.103.162 - - [27/Sep/2023:12:24:16 -0300] "GET /cormun/servlet/trpermisosgoce HTTP/1.1" 200 8906
200.54.103.162 - - [27/Sep/2023:12:24:17 -0300] "GET /cormun/servlet/trpermisosgoce HTTP/1.1" 200 8902
200.54.103.162 - - [27/Sep/2023:12:24:23 -0300] "GET /cormun/servlet/permisogoce?INS,0,,, HTTP/1.1" 200 7236
200.54.103.162 - - [27/Sep/2023:12:24:23 -0300] "GET /cormun/servlet/permisogoce?INS,0,,, HTTP/1.1" 200 7235
200.54.103.162 - - [27/Sep/2023:12:24:31 -0300] "GET /cormun/servlet/permisogoce?9a7472a0bc4788ec43e5bc81b032f28b21d606a228821ff9c06117dacd607d34d87f5b3362bc0b36949e4c4b6ed801b9d487902b9fcc426f4bed365e7de9d6ab,gx-no-cache=1695827280211 HTTP/1.1" 200 84
157.55.39.200 - - [27/Sep/2023:12:24:33 -0300] "GET /cormun/servlet/permisogoce?INS,0,,, HTTP/1.1" 200 6019
200.54.103.162 - - [27/Sep/2023:12:24:42 -0300] "GET /cormun/servlet/permisogoce?9a7472a0bc4788ec43e5bc81b032f28bde2200d977d1ca5dea9dec68bb53cba36fdc278ea72ca5248f221122784a6b21a9a839818e53383d76a85ebe663d1b51,gx-no-cache=1695827290832 HTTP/1.1" 200 48
200.54.103.162 - - [27/Sep/2023:12:24:45 -0300] "POST /cormun/servlet/permisogoce?04054d49933150670223762ed5de26cc,INS,0,,,,gx-no-cache=1695827293276 HTTP/1.1" 200 93
200.54.103.162 - - [27/Sep/2023:12:24:45 -0300] "GET /cormun/servlet/hpexe_return? HTTP/1.1" 200 1010
200.54.103.162 - - [27/Sep/2023:12:24:45 -0300] "GET /cormun/servlet/trpermisosgoce HTTP/1.1" 200 9131
200.54.103.162 - - [27/Sep/2023:12:24:46 -0300] "GET /cormun/servlet/trpermisosgoce HTTP/1.1" 200 9126
190.171.142.42 - - [27/Sep/2023:12:24:50 -0300] "POST /cormun/servlet/trpermisosgoce?24b2cd42b09966b5462eabc0493fea94,,gx-no-cache=1695827293018 HTTP/1.1" 200 5581
200.54.103.162 - - [27/Sep/2023:12:24:50 -0300] "GET /cormun/servlet/permisogoce?INS,0,,, HTTP/1.1" 200 7235
200.54.103.162 - - [27/Sep/2023:12:24:51 -0300] "GET /cormun/servlet/permisogoce?INS,0,,, HTTP/1.1" 200 7235
190.171.142.42 - - [27/Sep/2023:12:24:51 -0300] "GET /cormun/servlet/apermisogoceprn?10409420,P,20230526092002,PU HTTP/1.1" 200 1660
190.171.142.42 - - [27/Sep/2023:12:24:58 -0300] "GET /cormun/servlet/apermisogoceprn?10409420,P,20230410150307,PU HTTP/1.1" 200 1665
200.54.103.162 - - [27/Sep/2023:12:25:02 -0300] "GET /cormun/servlet/permisogoce?9a7472a0bc4788ec43e5bc81b032f28b1ea4b3a0f738b3475f7713c9bf266d9d11c43080ae015d47b6d1294cc7cb8183a7d5619d7e73e8e29c4b0e153451f6fa,gx-no-cache=1695827310819 HTTP/1.1" 200 83
200.54.103.162 - - [27/Sep/2023:12:25:13 -0300] "GET /cormun/servlet/permisogoce?9a7472a0bc4788ec43e5bc81b032f28b5e25bf51b711b8bfd9904689a54bc3928082bb1559425be6a0a52c0f64c3f022a2fdd52a484a978e53f1517c7e373a5c,gx-no-cache=1695827322032 HTTP/1.1" 200 47
200.54.103.162 - - [27/Sep/2023:12:25:16 -0300] "POST /cormun/servlet/permisogoce?04054d49933150670223762ed5de26cc,INS,0,,,,gx-no-cache=1695827324028 HTTP/1.1" 200 93
200.54.103.162 - - [27/Sep/2023:12:25:16 -0300] "GET /cormun/servlet/hpexe_return? HTTP/1.1" 200 1010
200.54.103.162 - - [27/Sep/2023:12:25:16 -0300] "GET /cormun/servlet/trpermisosgoce HTTP/1.1" 200 9338
200.54.103.162 - - [27/Sep/2023:12:25:16 -0300] "GET /cormun/servlet/trpermisosgoce HTTP/1.1" 200 9333
200.54.103.162 - - [27/Sep/2023:12:25:26 -0300] "GET /cormun/servlet/permisogoce?INS,0,,, HTTP/1.1" 200 7235
200.54.103.162 - - [27/Sep/2023:12:25:26 -0300] "GET /cormun/servlet/permisogoce?INS,0,,, HTTP/1.1" 200 7235
200.54.103.162 - - [27/Sep/2023:12:25:34 -0300] "GET /cormun/servlet/permisogoce?9a7472a0bc4788ec43e5bc81b032f28bb558ab5af0c7613bebeec5a84b4327c411c43080ae015d47b6d1294cc7cb8183a7d5619d7e73e8e29c4b0e153451f6fa,gx-no-cache=1695827342611 HTTP/1.1" 200 75
200.54.103.162 - - [27/Sep/2023:12:25:43 -0300] "GET /cormun/servlet/permisogoce?9a7472a0bc4788ec43e5bc81b032f28b281c91fe5c5b8ff6b94610d31c84482550f226d5b2fa393be2312d70e5fec3eba2fdd52a484a978e53f1517c7e373a5c,gx-no-cache=1695827351447 HTTP/1.1" 200 47
200.54.103.162 - - [27/Sep/2023:12:25:45 -0300] "POST /cormun/servlet/permisogoce?04054d49933150670223762ed5de26cc,INS,0,,,,gx-no-cache=1695827353411 HTTP/1.1" 200 93
200.54.103.162 - - [27/Sep/2023:12:25:45 -0300] "GET /cormun/servlet/hpexe_return? HTTP/1.1" 200 1010
200.54.103.162 - - [27/Sep/2023:12:25:45 -0300] "GET /cormun/servlet/trpermisosgoce HTTP/1.1" 200 9547
200.54.103.162 - - [27/Sep/2023:12:25:46 -0300] "GET /cormun/servlet/trpermisosgoce HTTP/1.1" 200 9543
200.54.103.162 - - [27/Sep/2023:12:25:50 -0300] "GET /cormun/servlet/permisogoce?INS,0,,, HTTP/1.1" 200 7237
200.54.103.162 - - [27/Sep/2023:12:25:50 -0300] "GET /cormun/servlet/permisogoce?INS,0,,, HTTP/1.1" 200 7235
200.54.103.162 - - [27/Sep/2023:12:26:04 -0300] "GET /cormun/servlet/permisogoce?9a7472a0bc4788ec43e5bc81b032f28b6508f57c62c3e5cb691cb300198af48311c43080ae015d47b6d1294cc7cb8183a7d5619d7e73e8e29c4b0e153451f6fa,gx-no-cache=1695827372491 HTTP/1.1" 200 75
200.54.103.162 - - [27/Sep/2023:12:26:13 -0300] "GET /cormun/servlet/permisogoce?9a7472a0bc4788ec43e5bc81b032f28b30318be886a8c97be6831bc86705304d46cdc9a8db9dd3b1ade97e74fcf7b843a2fdd52a484a978e53f1517c7e373a5c,gx-no-cache=1695827381471 HTTP/1.1" 200 47
200.54.103.162 - - [27/Sep/2023:12:26:15 -0300] "POST /cormun/servlet/permisogoce?04054d49933150670223762ed5de26cc,INS,0,,,,gx-no-cache=1695827383347 HTTP/1.1" 200 93
200.54.103.162 - - [27/Sep/2023:12:26:15 -0300] "GET /cormun/servlet/hpexe_return? HTTP/1.1" 200 1010
200.54.103.162 - - [27/Sep/2023:12:26:15 -0300] "GET /cormun/servlet/trpermisosgoce HTTP/1.1" 200 9756
200.54.103.162 - - [27/Sep/2023:12:26:16 -0300] "GET /cormun/servlet/trpermisosgoce HTTP/1.1" 200 9751
200.54.103.162 - - [27/Sep/2023:12:26:24 -0300] "GET /cormun/servlet/permisogoce?INS,0,,, HTTP/1.1" 200 7235
200.54.103.162 - - [27/Sep/2023:12:26:24 -0300] "GET /cormun/servlet/permisogoce?INS,0,,, HTTP/1.1" 200 7235
200.54.103.162 - - [27/Sep/2023:12:26:32 -0300] "GET /cormun/servlet/permisogoce?9a7472a0bc4788ec43e5bc81b032f28b2a154aa7a42062685ef4314b3347605f11c43080ae015d47b6d1294cc7cb8183a7d5619d7e73e8e29c4b0e153451f6fa,gx-no-cache=1695827401218 HTTP/1.1" 200 176
200.54.103.162 - - [27/Sep/2023:12:26:32 -0300] "GET /cormun/static/Shared/jqueryui/images/ui-bg_highlight-soft_100_c6c2c8_1x100.png HTTP/1.1" 404 1117
200.54.103.162 - - [27/Sep/2023:12:26:32 -0300] "GET /cormun/static/Shared/jqueryui/images/ui-icons_82798d_256x240.png HTTP/1.1" 404 1089
200.54.103.162 - - [27/Sep/2023:12:26:32 -0300] "GET /cormun/static/Shared/jqueryui/images/ui-bg_flat_55_994d53_40x100.png HTTP/1.1" 404 1097
200.54.103.162 - - [27/Sep/2023:12:26:32 -0300] "GET /cormun/static/Shared/jqueryui/images/ui-icons_ebccce_256x240.png HTTP/1.1" 404 1089
200.54.103.162 - - [27/Sep/2023:12:26:50 -0300] "GET /cormun/servlet/permisogoce?9a7472a0bc4788ec43e5bc81b032f28b1e11293ca292c64a261c1efa25b178cd11c43080ae015d47b6d1294cc7cb8183a7d5619d7e73e8e29c4b0e153451f6fa,gx-no-cache=1695827418680 HTTP/1.1" 200 83
190.171.142.42 - - [27/Sep/2023:12:26:51 -0300] "POST /cormun/servlet/trpermisosgoce?24b2cd42b09966b5462eabc0493fea94,,gx-no-cache=1695827414343 HTTP/1.1" 200 6327
190.171.142.42 - - [27/Sep/2023:12:26:56 -0300] "GET /cormun/servlet/apermisogoceprn?16253114,P,20230503080202,PU HTTP/1.1" 200 1659
200.54.103.162 - - [27/Sep/2023:12:26:58 -0300] "GET /cormun/servlet/permisogoce?9a7472a0bc4788ec43e5bc81b032f28bb1f4973626f038a4eb11b31ab6db2389c2ab1f0b5e711754fa48386dac68985ca2fdd52a484a978e53f1517c7e373a5c,gx-no-cache=1695827426728 HTTP/1.1" 200 48
200.54.103.162 - - [27/Sep/2023:12:27:00 -0300] "POST /cormun/servlet/permisogoce?04054d49933150670223762ed5de26cc,INS,0,,,,gx-no-cache=1695827428724 HTTP/1.1" 200 93
200.54.103.162 - - [27/Sep/2023:12:27:00 -0300] "GET /cormun/servlet/hpexe_return? HTTP/1.1" 200 1010
200.54.103.162 - - [27/Sep/2023:12:27:01 -0300] "GET /cormun/servlet/trpermisosgoce HTTP/1.1" 200 9980
200.54.103.162 - - [27/Sep/2023:12:27:01 -0300] "GET /cormun/servlet/trpermisosgoce HTTP/1.1" 200 9976
190.171.142.42 - - [27/Sep/2023:12:27:04 -0300] "GET /cormun/servlet/apermisogoceprn?16253114,P,20230525140542,PU HTTP/1.1" 200 1661
200.54.103.162 - - [27/Sep/2023:12:27:05 -0300] "GET /cormun/servlet/permisogoce?INS,0,,, HTTP/1.1" 200 7235
200.54.103.162 - - [27/Sep/2023:12:27:05 -0300] "GET /cormun/servlet/permisogoce?INS,0,,, HTTP/1.1" 200 7234
200.54.103.162 - - [27/Sep/2023:12:27:12 -0300] "GET /cormun/servlet/permisogoce?9a7472a0bc4788ec43e5bc81b032f28b536e368b9efbe992d4566dbd7a1b356211c43080ae015d47b6d1294cc7cb8183a7d5619d7e73e8e29c4b0e153451f6fa,gx-no-cache=1695827441051 HTTP/1.1" 200 80
200.54.103.162 - - [27/Sep/2023:12:27:20 -0300] "GET /cormun/servlet/permisogoce?9a7472a0bc4788ec43e5bc81b032f28b00c0720270f7b8fdc5491757dba7a66d11fa746a2fb5f39ffd42dad68a57e22aa2fdd52a484a978e53f1517c7e373a5c,gx-no-cache=1695827448768 HTTP/1.1" 200 47
200.54.103.162 - - [27/Sep/2023:12:27:22 -0300] "POST /cormun/servlet/permisogoce?04054d49933150670223762ed5de26cc,INS,0,,,,gx-no-cache=1695827450284 HTTP/1.1" 200 93
200.54.103.162 - - [27/Sep/2023:12:27:22 -0300] "GET /cormun/servlet/hpexe_return? HTTP/1.1" 200 1010
200.54.103.162 - - [27/Sep/2023:12:27:22 -0300] "GET /cormun/servlet/trpermisosgoce HTTP/1.1" 200 10232
200.54.103.162 - - [27/Sep/2023:12:27:23 -0300] "GET /cormun/servlet/trpermisosgoce HTTP/1.1" 200 10227
200.54.103.162 - - [27/Sep/2023:12:27:27 -0300] "GET /cormun/servlet/permisogoce?INS,0,,, HTTP/1.1" 200 7234
200.54.103.162 - - [27/Sep/2023:12:27:27 -0300] "GET /cormun/servlet/permisogoce?INS,0,,, HTTP/1.1" 200 7234
200.54.103.162 - - [27/Sep/2023:12:27:37 -0300] "GET /cormun/servlet/permisogoce?9a7472a0bc4788ec43e5bc81b032f28b9dfbbdb2b96c695e427f0c90df678c5e11c43080ae015d47b6d1294cc7cb8183a7d5619d7e73e8e29c4b0e153451f6fa,gx-no-cache=1695827466139 HTTP/1.1" 200 75
200.54.103.162 - - [27/Sep/2023:12:27:46 -0300] "GET /cormun/servlet/permisogoce?9a7472a0bc4788ec43e5bc81b032f28b4f1009aa1f78d5e5ee6d0cc410ba160349ae74d48c41dc156e5865af12483eefa2fdd52a484a978e53f1517c7e373a5c,gx-no-cache=1695827475305 HTTP/1.1" 200 48
200.54.103.162 - - [27/Sep/2023:12:27:49 -0300] "POST /cormun/servlet/permisogoce?04054d49933150670223762ed5de26cc,INS,0,,,,gx-no-cache=1695827476980 HTTP/1.1" 200 93
200.54.103.162 - - [27/Sep/2023:12:27:49 -0300] "GET /cormun/servlet/hpexe_return? HTTP/1.1" 200 1010
200.54.103.162 - - [27/Sep/2023:12:27:49 -0300] "GET /cormun/servlet/trpermisosgoce HTTP/1.1" 200 10454
200.54.103.162 - - [27/Sep/2023:12:27:50 -0300] "GET /cormun/servlet/trpermisosgoce HTTP/1.1" 200 10449
190.171.142.42 - - [27/Sep/2023:12:27:52 -0300] "GET /cormun/servlet/apermisogoceprn?16253114,P,20230725081221,PU HTTP/1.1" 200 1655
200.54.103.162 - - [27/Sep/2023:12:27:58 -0300] "GET /cormun/servlet/permisogoce?INS,0,,, HTTP/1.1" 200 7235
200.54.103.162 - - [27/Sep/2023:12:27:58 -0300] "GET /cormun/servlet/permisogoce?INS,0,,, HTTP/1.1" 200 7235
190.171.142.42 - - [27/Sep/2023:12:28:03 -0300] "GET /cormun/servlet/apermisogoceprn?16253114,P,20230725081119,PU HTTP/1.1" 200 1663
190.171.142.42 - - [27/Sep/2023:12:28:25 -0300] "GET /cormun/servlet/apermisogoceprn?16253114,P,20230808133955,PU HTTP/1.1" 200 1662
190.171.142.42 - - [27/Sep/2023:12:28:33 -0300] "GET /cormun/servlet/apermisogoceprn?16253114,P,20230829142743,PU HTTP/1.1" 200 1660
141.98.7.19 - - [27/Sep/2023:12:28:36 -0300] "CONNECT google.com:443 HTTP/1.1" 400 -
200.54.103.162 - - [27/Sep/2023:12:29:18 -0300] "GET /cormun/servlet/permisogoce?9a7472a0bc4788ec43e5bc81b032f28b4f31e972a1ac4fa3680384ffcd0df6fe11c43080ae015d47b6d1294cc7cb8183a7d5619d7e73e8e29c4b0e153451f6fa,gx-no-cache=1695827566899 HTTP/1.1" 200 81
190.171.142.42 - - [27/Sep/2023:12:29:26 -0300] "POST /cormun/servlet/trpermisosgoce?24b2cd42b09966b5462eabc0493fea94,,gx-no-cache=1695827568915 HTTP/1.1" 200 5754
190.171.142.42 - - [27/Sep/2023:12:29:28 -0300] "GET /cormun/servlet/apermisogoceprn?17135367,P,20230523121527,PU HTTP/1.1" 200 1648
200.54.103.162 - - [27/Sep/2023:12:29:32 -0300] "GET /cormun/servlet/permisogoce?9a7472a0bc4788ec43e5bc81b032f28b3b1c2930a2aa1bad7e38224865b1706862c83d0523383e7d7add0066e43576c6a2fdd52a484a978e53f1517c7e373a5c,gx-no-cache=1695827580424 HTTP/1.1" 200 46
190.171.142.42 - - [27/Sep/2023:12:29:34 -0300] "GET /cormun/servlet/apermisogoceprn?17135367,P,20230522090344,PU HTTP/1.1" 200 1662
200.54.103.162 - - [27/Sep/2023:12:29:36 -0300] "POST /cormun/servlet/permisogoce?04054d49933150670223762ed5de26cc,INS,0,,,,gx-no-cache=1695827584501 HTTP/1.1" 200 93
200.54.103.162 - - [27/Sep/2023:12:29:36 -0300] "GET /cormun/servlet/hpexe_return? HTTP/1.1" 200 1010
200.54.103.162 - - [27/Sep/2023:12:29:36 -0300] "GET /cormun/servlet/trpermisosgoce HTTP/1.1" 200 10722
200.54.103.162 - - [27/Sep/2023:12:29:37 -0300] "GET /cormun/servlet/trpermisosgoce HTTP/1.1" 200 10717
190.171.142.42 - - [27/Sep/2023:12:29:40 -0300] "GET /cormun/servlet/apermisogoceprn?17135367,P,20230419095504,PU HTTP/1.1" 200 1659
200.54.103.162 - - [27/Sep/2023:12:29:43 -0300] "GET /cormun/servlet/permisogoce?INS,0,,, HTTP/1.1" 200 7234
200.54.103.162 - - [27/Sep/2023:12:29:43 -0300] "GET /cormun/servlet/permisogoce?INS,0,,, HTTP/1.1" 200 7234
200.54.103.162 - - [27/Sep/2023:12:29:58 -0300] "GET /cormun/servlet/permisogoce?9a7472a0bc4788ec43e5bc81b032f28b1ea4b3a0f738b3475f7713c9bf266d9d11c43080ae015d47b6d1294cc7cb8183a7d5619d7e73e8e29c4b0e153451f6fa,gx-no-cache=1695827607083 HTTP/1.1" 200 83
200.54.103.162 - - [27/Sep/2023:12:30:06 -0300] "GET /cormun/servlet/permisogoce?9a7472a0bc4788ec43e5bc81b032f28b5e25bf51b711b8bfd9904689a54bc3926acee0ec94c4d3cf416ba3a178c38a0ba2fdd52a484a978e53f1517c7e373a5c,gx-no-cache=1695827615344 HTTP/1.1" 200 47
190.171.142.42 - - [27/Sep/2023:12:30:07 -0300] "POST /cormun/servlet/trpermisosgoce?24b2cd42b09966b5462eabc0493fea94,,gx-no-cache=1695827606616 HTTP/1.1" 200 5573
200.54.103.162 - - [27/Sep/2023:12:30:09 -0300] "POST /cormun/servlet/permisogoce?04054d49933150670223762ed5de26cc,INS,0,,,,gx-no-cache=1695827617621 HTTP/1.1" 200 93
200.54.103.162 - - [27/Sep/2023:12:30:09 -0300] "GET /cormun/servlet/hpexe_return? HTTP/1.1" 200 1010
190.171.142.42 - - [27/Sep/2023:12:30:10 -0300] "GET /cormun/servlet/apermisogoceprn?13501372,P,20230731085512,PU HTTP/1.1" 200 1652
200.54.103.162 - - [27/Sep/2023:12:30:10 -0300] "GET /cormun/servlet/trpermisosgoce HTTP/1.1" 200 10895
200.54.103.162 - - [27/Sep/2023:12:30:11 -0300] "GET /cormun/servlet/trpermisosgoce HTTP/1.1" 200 10892
200.54.103.162 - - [27/Sep/2023:12:30:16 -0300] "GET /cormun/servlet/permisogoce?INS,0,,, HTTP/1.1" 200 7235
200.54.103.162 - - [27/Sep/2023:12:30:16 -0300] "GET /cormun/servlet/permisogoce?INS,0,,, HTTP/1.1" 200 7235
190.171.142.42 - - [27/Sep/2023:12:30:20 -0300] "GET /cormun/servlet/apermisogoceprn?13501372,P,20230725081240,PU HTTP/1.1" 200 1653
200.54.103.162 - - [27/Sep/2023:12:30:32 -0300] "GET /cormun/servlet/permisogoce?9a7472a0bc4788ec43e5bc81b032f28bd34298098dcab2fa55ebbbf7c83c31bf11c43080ae015d47b6d1294cc7cb8183a7d5619d7e73e8e29c4b0e153451f6fa,gx-no-cache=1695827640491 HTTP/1.1" 200 76
200.54.103.162 - - [27/Sep/2023:12:30:40 -0300] "GET /cormun/servlet/permisogoce?9a7472a0bc4788ec43e5bc81b032f28b71c86184db8f184193f3702c08f8220860b2de91830c060c32dbfaa11baf812ca2fdd52a484a978e53f1517c7e373a5c,gx-no-cache=1695827648376 HTTP/1.1" 200 47
200.54.103.162 - - [27/Sep/2023:12:30:42 -0300] "POST /cormun/servlet/permisogoce?04054d49933150670223762ed5de26cc,INS,0,,,,gx-no-cache=1695827650028 HTTP/1.1" 200 93
200.54.103.162 - - [27/Sep/2023:12:30:42 -0300] "GET /cormun/servlet/hpexe_return? HTTP/1.1" 200 1010
200.54.103.162 - - [27/Sep/2023:12:30:42 -0300] "GET /cormun/servlet/trpermisosgoce HTTP/1.1" 200 11096
200.54.103.162 - - [27/Sep/2023:12:30:42 -0300] "GET /cormun/servlet/trpermisosgoce HTTP/1.1" 200 11093
190.171.142.42 - - [27/Sep/2023:12:30:44 -0300] "POST /cormun/servlet/trpermisosgoce?24b2cd42b09966b5462eabc0493fea94,,gx-no-cache=1695827646955 HTTP/1.1" 200 5784
200.54.103.162 - - [27/Sep/2023:12:30:47 -0300] "GET /cormun/servlet/permisogoce?INS,0,,, HTTP/1.1" 200 7235
200.54.103.162 - - [27/Sep/2023:12:30:48 -0300] "GET /cormun/servlet/permisogoce?INS,0,,, HTTP/1.1" 200 7235
200.54.103.162 - - [27/Sep/2023:12:30:55 -0300] "GET /cormun/servlet/permisogoce?9a7472a0bc4788ec43e5bc81b032f28b33f7558561f5b24cad30f29e2f05cd9311c43080ae015d47b6d1294cc7cb8183a7d5619d7e73e8e29c4b0e153451f6fa,gx-no-cache=1695827663555 HTTP/1.1" 200 87
200.54.103.162 - - [27/Sep/2023:12:31:07 -0300] "GET /cormun/servlet/permisogoce?9a7472a0bc4788ec43e5bc81b032f28b3dc3cd08242059df897f1517c9ba63345815f580d16f62e5e133305d0e91539ba2fdd52a484a978e53f1517c7e373a5c,gx-no-cache=1695827676056 HTTP/1.1" 200 47
190.171.142.42 - - [27/Sep/2023:12:31:08 -0300] "GET /cormun/servlet/apermisogoceprn?19347484,P,20230808133423,PU HTTP/1.1" 200 1655
200.54.103.162 - - [27/Sep/2023:12:31:10 -0300] "POST /cormun/servlet/permisogoce?04054d49933150670223762ed5de26cc,INS,0,,,,gx-no-cache=1695827678108 HTTP/1.1" 200 93
200.54.103.162 - - [27/Sep/2023:12:31:10 -0300] "GET /cormun/servlet/hpexe_return? HTTP/1.1" 200 1010
200.54.103.162 - - [27/Sep/2023:12:31:10 -0300] "GET /cormun/servlet/trpermisosgoce HTTP/1.1" 200 11312
200.54.103.162 - - [27/Sep/2023:12:31:11 -0300] "GET /cormun/servlet/trpermisosgoce HTTP/1.1" 200 11307
200.54.103.162 - - [27/Sep/2023:12:31:15 -0300] "GET /cormun/servlet/permisogoce?INS,0,,, HTTP/1.1" 200 7235
200.54.103.162 - - [27/Sep/2023:12:31:15 -0300] "GET /cormun/servlet/permisogoce?INS,0,,, HTTP/1.1" 200 7235
190.171.142.42 - - [27/Sep/2023:12:31:15 -0300] "GET /cormun/servlet/apermisogoceprn?19347484,P,20230601125616,PU HTTP/1.1" 200 1650
200.54.103.162 - - [27/Sep/2023:12:31:24 -0300] "GET /cormun/servlet/permisogoce?9a7472a0bc4788ec43e5bc81b032f28b080a5b8a79edd9da3f72ae095511c30c11c43080ae015d47b6d1294cc7cb8183a7d5619d7e73e8e29c4b0e153451f6fa,gx-no-cache=1695827692435 HTTP/1.1" 200 82
200.54.103.162 - - [27/Sep/2023:12:31:32 -0300] "GET /cormun/servlet/permisogoce?9a7472a0bc4788ec43e5bc81b032f28b472badbf856d9bfc27934893b064c62f4b38f4bd85824989f6809ea23c5eb64ca2fdd52a484a978e53f1517c7e373a5c,gx-no-cache=1695827700456 HTTP/1.1" 200 47
200.54.103.162 - - [27/Sep/2023:12:31:34 -0300] "POST /cormun/servlet/permisogoce?04054d49933150670223762ed5de26cc,INS,0,,,,gx-no-cache=1695827702283 HTTP/1.1" 200 93
200.54.103.162 - - [27/Sep/2023:12:31:34 -0300] "GET /cormun/servlet/hpexe_return? HTTP/1.1" 200 1010
200.54.103.162 - - [27/Sep/2023:12:31:34 -0300] "GET /cormun/servlet/trpermisosgoce HTTP/1.1" 200 11580
200.54.103.162 - - [27/Sep/2023:12:31:35 -0300] "GET /cormun/servlet/trpermisosgoce HTTP/1.1" 200 11575
200.54.103.162 - - [27/Sep/2023:12:31:48 -0300] "GET /cormun/servlet/trpermisosadjuntos?14242088,20230927120500,P, HTTP/1.1" 200 6656
200.54.103.162 - - [27/Sep/2023:12:31:48 -0300] "GET /cormun/static/gxcfg.js?2020121641683 HTTP/1.1" 200 953
200.54.103.162 - - [27/Sep/2023:12:31:48 -0300] "GET /cormun/static/trpermisosadjuntos.js?2020121642996 HTTP/1.1" 200 20158
200.54.103.162 - - [27/Sep/2023:12:31:49 -0300] "GET /cormun/servlet/trpermisosadjuntos?14242088,20230927120500,P, HTTP/1.1" 200 6658
190.171.142.42 - - [27/Sep/2023:12:31:56 -0300] "POST /cormun/servlet/trpermisosgoce?24b2cd42b09966b5462eabc0493fea94,,gx-no-cache=1695827719023 HTTP/1.1" 200 5750
190.171.142.42 - - [27/Sep/2023:12:31:58 -0300] "GET /cormun/servlet/apermisogoceprn?16433852,P,20230828112328,PU HTTP/1.1" 200 1651
190.171.142.42 - - [27/Sep/2023:12:32:05 -0300] "GET /cormun/servlet/apermisogoceprn?16433852,P,20230613092043,PU HTTP/1.1" 200 1649
190.171.142.42 - - [27/Sep/2023:12:32:11 -0300] "GET /cormun/servlet/apermisogoceprn?16433852,P,20230613092307,PU HTTP/1.1" 200 1650
200.54.103.162 - - [27/Sep/2023:12:33:31 -0300] "GET /cormun/servlet/permisosadjuntos?INS,14242088,P,20230927120500,, HTTP/1.1" 200 5986
200.54.103.162 - - [27/Sep/2023:12:33:31 -0300] "GET /cormun/static/gxcfg.js?20201215134212 HTTP/1.1" 200 953
200.54.103.162 - - [27/Sep/2023:12:33:31 -0300] "GET /cormun/static/permisosadjuntos.js?20201215134285 HTTP/1.1" 200 8724
200.54.103.162 - - [27/Sep/2023:12:33:31 -0300] "GET /cormun/static/about:blank HTTP/1.1" 404 1011
200.54.103.162 - - [27/Sep/2023:12:33:31 -0300] "GET /cormun/servlet/permisosadjuntos?INS,14242088,P,20230927120500,, HTTP/1.1" 200 5975
200.54.103.162 - - [27/Sep/2023:12:33:44 -0300] "POST /cormun/servlet/permisosadjuntos?04054d49933150670223762ed5de26cc,INS,14242088,P,20230927120500,, HTTP/1.1" 200 116
200.54.103.162 - - [27/Sep/2023:12:33:44 -0300] "GET /cormun/servlet/hpexe_return? HTTP/1.1" 200 1036
200.54.103.162 - - [27/Sep/2023:12:33:45 -0300] "GET /cormun/servlet/trpermisosadjuntos?14242088,20230927120500,P, HTTP/1.1" 200 7162
200.54.103.162 - - [27/Sep/2023:12:33:45 -0300] "GET /cormun/servlet/trpermisosadjuntos?14242088,20230927120500,P, HTTP/1.1" 200 7159
200.54.103.162 - - [27/Sep/2023:12:33:50 -0300] "POST /cormun/servlet/trpermisosadjuntos?04054d49933150670223762ed5de26cc,14242088,20230927120500,P,,gx-no-cache=1695827838349 HTTP/1.1" 200 90
200.54.103.162 - - [27/Sep/2023:12:33:50 -0300] "GET /cormun/servlet/hpexe_link HTTP/1.1" 200 983
200.54.103.162 - - [27/Sep/2023:12:33:50 -0300] "GET /cormun/servlet/trpermisosgoce HTTP/1.1" 200 11577
200.54.103.162 - - [27/Sep/2023:12:33:50 -0300] "GET /cormun/servlet/trpermisosgoce HTTP/1.1" 200 11575
200.54.103.162 - - [27/Sep/2023:12:33:54 -0300] "GET /cormun/servlet/trpermisosadjuntos?18376408,20230927120540,P, HTTP/1.1" 200 6662
200.54.103.162 - - [27/Sep/2023:12:33:54 -0300] "GET /cormun/servlet/trpermisosadjuntos?18376408,20230927120540,P, HTTP/1.1" 200 6662
200.54.103.162 - - [27/Sep/2023:12:33:56 -0300] "GET /cormun/servlet/permisosadjuntos?INS,18376408,P,20230927120540,, HTTP/1.1" 200 5991
200.54.103.162 - - [27/Sep/2023:12:33:56 -0300] "GET /cormun/static/about:blank HTTP/1.1" 404 1011
200.54.103.162 - - [27/Sep/2023:12:33:56 -0300] "GET /cormun/servlet/permisosadjuntos?INS,18376408,P,20230927120540,, HTTP/1.1" 200 5981
200.54.103.162 - - [27/Sep/2023:12:34:07 -0300] "POST /cormun/servlet/permisosadjuntos?04054d49933150670223762ed5de26cc,INS,18376408,P,20230927120540,, HTTP/1.1" 200 116
200.54.103.162 - - [27/Sep/2023:12:34:07 -0300] "GET /cormun/servlet/hpexe_return? HTTP/1.1" 200 1037
200.54.103.162 - - [27/Sep/2023:12:34:07 -0300] "GET /cormun/servlet/trpermisosadjuntos?18376408,20230927120540,P, HTTP/1.1" 200 7174
200.54.103.162 - - [27/Sep/2023:12:34:08 -0300] "GET /cormun/servlet/trpermisosadjuntos?18376408,20230927120540,P, HTTP/1.1" 200 7171
200.54.103.162 - - [27/Sep/2023:12:34:12 -0300] "POST /cormun/servlet/trpermisosadjuntos?04054d49933150670223762ed5de26cc,18376408,20230927120540,P,,gx-no-cache=1695827860708 HTTP/1.1" 200 90
200.54.103.162 - - [27/Sep/2023:12:34:12 -0300] "GET /cormun/servlet/hpexe_link HTTP/1.1" 200 984
200.54.103.162 - - [27/Sep/2023:12:34:12 -0300] "GET /cormun/servlet/trpermisosgoce HTTP/1.1" 200 11577
200.54.103.162 - - [27/Sep/2023:12:34:13 -0300] "GET /cormun/servlet/trpermisosgoce HTTP/1.1" 200 11575
200.54.103.162 - - [27/Sep/2023:12:34:17 -0300] "GET /cormun/servlet/trpermisosadjuntos?17399914,20230927120607,P, HTTP/1.1" 200 6669
200.54.103.162 - - [27/Sep/2023:12:34:17 -0300] "GET /cormun/servlet/trpermisosadjuntos?17399914,20230927120607,P, HTTP/1.1" 200 6671
200.54.103.162 - - [27/Sep/2023:12:34:18 -0300] "GET /cormun/servlet/permisosadjuntos?INS,17399914,P,20230927120607,, HTTP/1.1" 200 5996
200.54.103.162 - - [27/Sep/2023:12:34:18 -0300] "GET /cormun/static/about:blank HTTP/1.1" 404 1011
200.54.103.162 - - [27/Sep/2023:12:34:19 -0300] "GET /cormun/servlet/permisosadjuntos?INS,17399914,P,20230927120607,, HTTP/1.1" 200 5986
200.54.103.162 - - [27/Sep/2023:12:34:25 -0300] "POST /cormun/servlet/permisosadjuntos?04054d49933150670223762ed5de26cc,INS,17399914,P,20230927120607,, HTTP/1.1" 200 116
200.54.103.162 - - [27/Sep/2023:12:34:25 -0300] "GET /cormun/servlet/hpexe_return? HTTP/1.1" 200 1036
200.54.103.162 - - [27/Sep/2023:12:34:25 -0300] "GET /cormun/servlet/trpermisosadjuntos?17399914,20230927120607,P, HTTP/1.1" 200 7175
200.54.103.162 - - [27/Sep/2023:12:34:26 -0300] "GET /cormun/servlet/trpermisosadjuntos?17399914,20230927120607,P, HTTP/1.1" 200 7173
200.54.103.162 - - [27/Sep/2023:12:34:30 -0300] "POST /cormun/servlet/trpermisosadjuntos?04054d49933150670223762ed5de26cc,17399914,20230927120607,P,,gx-no-cache=1695827878692 HTTP/1.1" 200 90
200.54.103.162 - - [27/Sep/2023:12:34:30 -0300] "GET /cormun/servlet/hpexe_link HTTP/1.1" 200 984
200.54.103.162 - - [27/Sep/2023:12:34:30 -0300] "GET /cormun/servlet/trpermisosgoce HTTP/1.1" 200 11577
200.54.103.162 - - [27/Sep/2023:12:34:31 -0300] "GET /cormun/servlet/trpermisosgoce HTTP/1.1" 200 11575
200.54.103.162 - - [27/Sep/2023:12:34:39 -0300] "GET /cormun/servlet/trpermisosadjuntos?7124117,20230927120659,P, HTTP/1.1" 200 6658
200.54.103.162 - - [27/Sep/2023:12:34:39 -0300] "GET /cormun/servlet/trpermisosadjuntos?7124117,20230927120659,P, HTTP/1.1" 200 6658
200.54.103.162 - - [27/Sep/2023:12:34:43 -0300] "GET /cormun/servlet/permisosadjuntos?INS,7124117,P,20230927120659,, HTTP/1.1" 200 5981
200.54.103.162 - - [27/Sep/2023:12:34:43 -0300] "GET /cormun/static/about:blank HTTP/1.1" 404 1011
200.54.103.162 - - [27/Sep/2023:12:34:43 -0300] "GET /cormun/servlet/permisosadjuntos?INS,7124117,P,20230927120659,, HTTP/1.1" 200 5971
200.54.103.162 - - [27/Sep/2023:12:34:53 -0300] "POST /cormun/servlet/permisosadjuntos?04054d49933150670223762ed5de26cc,INS,7124117,P,20230927120659,, HTTP/1.1" 200 116
200.54.103.162 - - [27/Sep/2023:12:34:53 -0300] "GET /cormun/servlet/hpexe_return? HTTP/1.1" 200 1037
200.54.103.162 - - [27/Sep/2023:12:34:53 -0300] "GET /cormun/servlet/trpermisosadjuntos?7124117,20230927120659,P, HTTP/1.1" 200 7159
200.54.103.162 - - [27/Sep/2023:12:34:54 -0300] "GET /cormun/servlet/trpermisosadjuntos?7124117,20230927120659,P, HTTP/1.1" 200 7156
200.54.103.162 - - [27/Sep/2023:12:35:02 -0300] "POST /cormun/servlet/trpermisosadjuntos?04054d49933150670223762ed5de26cc,7124117,20230927120659,P,,gx-no-cache=1695827910668 HTTP/1.1" 200 90
200.54.103.162 - - [27/Sep/2023:12:35:02 -0300] "GET /cormun/servlet/hpexe_link HTTP/1.1" 200 982
200.54.103.162 - - [27/Sep/2023:12:35:02 -0300] "GET /cormun/servlet/trpermisosgoce HTTP/1.1" 200 11577
200.54.103.162 - - [27/Sep/2023:12:35:03 -0300] "GET /cormun/servlet/trpermisosgoce HTTP/1.1" 200 11575
200.54.103.162 - - [27/Sep/2023:12:35:06 -0300] "GET /cormun/servlet/trpermisosadjuntos?9067815,20230927120727,P, HTTP/1.1" 200 6665
200.54.103.162 - - [27/Sep/2023:12:35:06 -0300] "GET /cormun/servlet/trpermisosadjuntos?9067815,20230927120727,P, HTTP/1.1" 200 6666
200.54.103.162 - - [27/Sep/2023:12:35:08 -0300] "GET /cormun/servlet/permisosadjuntos?INS,9067815,P,20230927120727,, HTTP/1.1" 200 5989
200.54.103.162 - - [27/Sep/2023:12:35:08 -0300] "GET /cormun/static/about:blank HTTP/1.1" 404 1011
200.54.103.162 - - [27/Sep/2023:12:35:08 -0300] "GET /cormun/servlet/permisosadjuntos?INS,9067815,P,20230927120727,, HTTP/1.1" 200 5979
200.54.103.162 - - [27/Sep/2023:12:35:19 -0300] "POST /cormun/servlet/permisosadjuntos?04054d49933150670223762ed5de26cc,INS,9067815,P,20230927120727,, HTTP/1.1" 200 116
200.54.103.162 - - [27/Sep/2023:12:35:19 -0300] "GET /cormun/servlet/hpexe_return? HTTP/1.1" 200 1036
200.54.103.162 - - [27/Sep/2023:12:35:19 -0300] "GET /cormun/servlet/trpermisosadjuntos?9067815,20230927120727,P, HTTP/1.1" 200 7172
200.54.103.162 - - [27/Sep/2023:12:35:19 -0300] "GET /cormun/servlet/trpermisosadjuntos?9067815,20230927120727,P, HTTP/1.1" 200 7170
200.54.103.162 - - [27/Sep/2023:12:35:23 -0300] "POST /cormun/servlet/trpermisosadjuntos?04054d49933150670223762ed5de26cc,9067815,20230927120727,P,,gx-no-cache=1695827932004 HTTP/1.1" 200 90
200.54.103.162 - - [27/Sep/2023:12:35:23 -0300] "GET /cormun/servlet/hpexe_link HTTP/1.1" 200 983
200.54.103.162 - - [27/Sep/2023:12:35:24 -0300] "GET /cormun/servlet/trpermisosgoce HTTP/1.1" 200 11577
200.54.103.162 - - [27/Sep/2023:12:35:24 -0300] "GET /cormun/servlet/trpermisosgoce HTTP/1.1" 200 11575
200.54.103.162 - - [27/Sep/2023:12:35:31 -0300] "GET /cormun/servlet/trpermisosadjuntos?12913525,20230927120755,P, HTTP/1.1" 200 6657
200.54.103.162 - - [27/Sep/2023:12:35:31 -0300] "GET /cormun/servlet/trpermisosadjuntos?12913525,20230927120755,P, HTTP/1.1" 200 6658
200.54.103.162 - - [27/Sep/2023:12:35:34 -0300] "GET /cormun/servlet/permisosadjuntos?INS,12913525,P,20230927120755,, HTTP/1.1" 200 5987
200.54.103.162 - - [27/Sep/2023:12:35:34 -0300] "GET /cormun/static/about:blank HTTP/1.1" 404 1011
200.54.103.162 - - [27/Sep/2023:12:35:34 -0300] "GET /cormun/servlet/permisosadjuntos?INS,12913525,P,20230927120755,, HTTP/1.1" 200 5976
200.54.103.162 - - [27/Sep/2023:12:35:42 -0300] "POST /cormun/servlet/permisosadjuntos?04054d49933150670223762ed5de26cc,INS,12913525,P,20230927120755,, HTTP/1.1" 200 116
200.54.103.162 - - [27/Sep/2023:12:35:42 -0300] "GET /cormun/servlet/hpexe_return? HTTP/1.1" 200 1038
200.54.103.162 - - [27/Sep/2023:12:35:42 -0300] "GET /cormun/servlet/trpermisosadjuntos?12913525,20230927120755,P, HTTP/1.1" 200 7165
200.54.103.162 - - [27/Sep/2023:12:35:43 -0300] "GET /cormun/servlet/trpermisosadjuntos?12913525,20230927120755,P, HTTP/1.1" 200 7163
200.54.103.162 - - [27/Sep/2023:12:35:48 -0300] "POST /cormun/servlet/trpermisosadjuntos?04054d49933150670223762ed5de26cc,12913525,20230927120755,P,,gx-no-cache=1695827956749 HTTP/1.1" 200 90
200.54.103.162 - - [27/Sep/2023:12:35:48 -0300] "GET /cormun/servlet/hpexe_link HTTP/1.1" 200 983
200.54.103.162 - - [27/Sep/2023:12:35:48 -0300] "GET /cormun/servlet/trpermisosgoce HTTP/1.1" 200 11577
200.54.103.162 - - [27/Sep/2023:12:35:49 -0300] "GET /cormun/servlet/trpermisosgoce HTTP/1.1" 200 11575
200.54.103.162 - - [27/Sep/2023:12:35:52 -0300] "GET /cormun/servlet/trpermisosadjuntos?15807616,20230927120831,P, HTTP/1.1" 200 6660
200.54.103.162 - - [27/Sep/2023:12:35:52 -0300] "GET /cormun/servlet/trpermisosadjuntos?15807616,20230927120831,P, HTTP/1.1" 200 6661
200.54.103.162 - - [27/Sep/2023:12:35:54 -0300] "GET /cormun/servlet/permisosadjuntos?INS,15807616,P,20230927120831,, HTTP/1.1" 200 5987
200.54.103.162 - - [27/Sep/2023:12:35:54 -0300] "GET /cormun/static/about:blank HTTP/1.1" 404 1011
200.54.103.162 - - [27/Sep/2023:12:35:54 -0300] "GET /cormun/servlet/permisosadjuntos?INS,15807616,P,20230927120831,, HTTP/1.1" 200 5977
200.54.103.162 - - [27/Sep/2023:12:36:04 -0300] "POST /cormun/servlet/permisosadjuntos?04054d49933150670223762ed5de26cc,INS,15807616,P,20230927120831,, HTTP/1.1" 200 116
200.54.103.162 - - [27/Sep/2023:12:36:04 -0300] "GET /cormun/servlet/hpexe_return? HTTP/1.1" 200 1037
200.54.103.162 - - [27/Sep/2023:12:36:04 -0300] "GET /cormun/servlet/trpermisosadjuntos?15807616,20230927120831,P, HTTP/1.1" 200 7167
200.54.103.162 - - [27/Sep/2023:12:36:04 -0300] "GET /cormun/servlet/trpermisosadjuntos?15807616,20230927120831,P, HTTP/1.1" 200 7166
200.54.103.162 - - [27/Sep/2023:12:36:06 -0300] "POST /cormun/servlet/trpermisosadjuntos?04054d49933150670223762ed5de26cc,15807616,20230927120831,P,,gx-no-cache=1695827975084 HTTP/1.1" 200 90
200.54.103.162 - - [27/Sep/2023:12:36:06 -0300] "GET /cormun/servlet/hpexe_link HTTP/1.1" 200 984
200.54.103.162 - - [27/Sep/2023:12:36:07 -0300] "GET /cormun/servlet/trpermisosgoce HTTP/1.1" 200 11577
200.54.103.162 - - [27/Sep/2023:12:36:07 -0300] "GET /cormun/servlet/trpermisosgoce HTTP/1.1" 200 11575
200.54.103.162 - - [27/Sep/2023:12:36:13 -0300] "GET /cormun/servlet/trpermisosadjuntos?16180303,20230927120855,P, HTTP/1.1" 200 6657
200.54.103.162 - - [27/Sep/2023:12:36:13 -0300] "GET /cormun/servlet/trpermisosadjuntos?16180303,20230927120855,P, HTTP/1.1" 200 6659
200.54.103.162 - - [27/Sep/2023:12:36:14 -0300] "GET /cormun/servlet/permisosadjuntos?INS,16180303,P,20230927120855,, HTTP/1.1" 200 5983
200.54.103.162 - - [27/Sep/2023:12:36:15 -0300] "GET /cormun/static/about:blank HTTP/1.1" 404 1011
200.54.103.162 - - [27/Sep/2023:12:36:15 -0300] "GET /cormun/servlet/permisosadjuntos?INS,16180303,P,20230927120855,, HTTP/1.1" 200 5973
200.54.103.162 - - [27/Sep/2023:12:36:22 -0300] "POST /cormun/servlet/permisosadjuntos?04054d49933150670223762ed5de26cc,INS,16180303,P,20230927120855,, HTTP/1.1" 200 116
200.54.103.162 - - [27/Sep/2023:12:36:22 -0300] "GET /cormun/servlet/hpexe_return? HTTP/1.1" 200 1037
200.54.103.162 - - [27/Sep/2023:12:36:22 -0300] "GET /cormun/servlet/trpermisosadjuntos?16180303,20230927120855,P, HTTP/1.1" 200 7163
200.54.103.162 - - [27/Sep/2023:12:36:22 -0300] "GET /cormun/servlet/trpermisosadjuntos?16180303,20230927120855,P, HTTP/1.1" 200 7160
200.54.103.162 - - [27/Sep/2023:12:36:27 -0300] "POST /cormun/servlet/trpermisosadjuntos?04054d49933150670223762ed5de26cc,16180303,20230927120855,P,,gx-no-cache=1695827995778 HTTP/1.1" 200 90
200.54.103.162 - - [27/Sep/2023:12:36:27 -0300] "GET /cormun/servlet/hpexe_link HTTP/1.1" 200 984
200.54.103.162 - - [27/Sep/2023:12:36:27 -0300] "GET /cormun/servlet/trpermisosgoce HTTP/1.1" 200 11577
200.54.103.162 - - [27/Sep/2023:12:36:28 -0300] "GET /cormun/servlet/trpermisosgoce HTTP/1.1" 200 11575
200.54.103.162 - - [27/Sep/2023:12:36:31 -0300] "GET /cormun/servlet/trpermisosadjuntos?17138656,20230927120929,P, HTTP/1.1" 200 6664
200.54.103.162 - - [27/Sep/2023:12:36:32 -0300] "GET /cormun/servlet/trpermisosadjuntos?17138656,20230927120929,P, HTTP/1.1" 200 6666
200.54.103.162 - - [27/Sep/2023:12:36:33 -0300] "GET /cormun/servlet/permisosadjuntos?INS,17138656,P,20230927120929,, HTTP/1.1" 200 5989
200.54.103.162 - - [27/Sep/2023:12:36:33 -0300] "GET /cormun/static/about:blank HTTP/1.1" 404 1011
200.54.103.162 - - [27/Sep/2023:12:36:33 -0300] "GET /cormun/servlet/permisosadjuntos?INS,17138656,P,20230927120929,, HTTP/1.1" 200 5979
200.54.103.162 - - [27/Sep/2023:12:36:42 -0300] "POST /cormun/servlet/permisosadjuntos?04054d49933150670223762ed5de26cc,INS,17138656,P,20230927120929,, HTTP/1.1" 200 116
200.54.103.162 - - [27/Sep/2023:12:36:42 -0300] "GET /cormun/servlet/hpexe_return? HTTP/1.1" 200 1038
200.54.103.162 - - [27/Sep/2023:12:36:42 -0300] "GET /cormun/servlet/trpermisosadjuntos?17138656,20230927120929,P, HTTP/1.1" 200 7171
200.54.103.162 - - [27/Sep/2023:12:36:42 -0300] "GET /cormun/servlet/trpermisosadjuntos?17138656,20230927120929,P, HTTP/1.1" 200 7169
200.54.103.162 - - [27/Sep/2023:12:36:47 -0300] "POST /cormun/servlet/trpermisosadjuntos?04054d49933150670223762ed5de26cc,17138656,20230927120929,P,,gx-no-cache=1695828015837 HTTP/1.1" 200 90
200.54.103.162 - - [27/Sep/2023:12:36:47 -0300] "GET /cormun/servlet/hpexe_link HTTP/1.1" 200 982
200.54.103.162 - - [27/Sep/2023:12:36:47 -0300] "GET /cormun/servlet/trpermisosgoce HTTP/1.1" 200 11577
200.54.103.162 - - [27/Sep/2023:12:36:48 -0300] "GET /cormun/servlet/trpermisosgoce HTTP/1.1" 200 11575
200.54.103.162 - - [27/Sep/2023:12:36:55 -0300] "GET /cormun/servlet/trpermisosadjuntos?15916030,20230927121009,P, HTTP/1.1" 200 6658
200.54.103.162 - - [27/Sep/2023:12:36:56 -0300] "GET /cormun/servlet/trpermisosadjuntos?15916030,20230927121009,P, HTTP/1.1" 200 6660
200.54.103.162 - - [27/Sep/2023:12:36:57 -0300] "GET /cormun/servlet/permisosadjuntos?INS,15916030,P,20230927121009,, HTTP/1.1" 200 5985
200.54.103.162 - - [27/Sep/2023:12:36:57 -0300] "GET /cormun/static/about:blank HTTP/1.1" 404 1011
200.54.103.162 - - [27/Sep/2023:12:36:57 -0300] "GET /cormun/servlet/permisosadjuntos?INS,15916030,P,20230927121009,, HTTP/1.1" 200 5975
190.171.142.42 - - [27/Sep/2023:12:36:57 -0300] "GET /cormun/servlet/apermisogoceprn?16433852,P,20230613092307,PU HTTP/1.1" 200 1647
200.54.103.162 - - [27/Sep/2023:12:37:05 -0300] "POST /cormun/servlet/permisosadjuntos?04054d49933150670223762ed5de26cc,INS,15916030,P,20230927121009,, HTTP/1.1" 200 116
200.54.103.162 - - [27/Sep/2023:12:37:05 -0300] "GET /cormun/servlet/hpexe_return? HTTP/1.1" 200 1038
200.54.103.162 - - [27/Sep/2023:12:37:06 -0300] "GET /cormun/servlet/trpermisosadjuntos?15916030,20230927121009,P, HTTP/1.1" 200 7167
200.54.103.162 - - [27/Sep/2023:12:37:06 -0300] "GET /cormun/servlet/trpermisosadjuntos?15916030,20230927121009,P, HTTP/1.1" 200 7164
200.54.103.162 - - [27/Sep/2023:12:37:10 -0300] "POST /cormun/servlet/trpermisosadjuntos?04054d49933150670223762ed5de26cc,15916030,20230927121009,P,,gx-no-cache=1695828039013 HTTP/1.1" 200 90
200.54.103.162 - - [27/Sep/2023:12:37:10 -0300] "GET /cormun/servlet/hpexe_link HTTP/1.1" 200 983
200.54.103.162 - - [27/Sep/2023:12:37:10 -0300] "GET /cormun/servlet/trpermisosgoce HTTP/1.1" 200 11577
200.54.103.162 - - [27/Sep/2023:12:37:11 -0300] "GET /cormun/servlet/trpermisosgoce HTTP/1.1" 200 11575
200.54.103.162 - - [27/Sep/2023:12:37:16 -0300] "GET /cormun/servlet/trpermisosadjuntos?19083384,20230927121032,P, HTTP/1.1" 200 6654
200.54.103.162 - - [27/Sep/2023:12:37:16 -0300] "GET /cormun/servlet/trpermisosadjuntos?19083384,20230927121032,P, HTTP/1.1" 200 6656
200.54.103.162 - - [27/Sep/2023:12:37:18 -0300] "GET /cormun/servlet/permisosadjuntos?INS,19083384,P,20230927121032,, HTTP/1.1" 200 5982
200.54.103.162 - - [27/Sep/2023:12:37:18 -0300] "GET /cormun/static/about:blank HTTP/1.1" 404 1011
200.54.103.162 - - [27/Sep/2023:12:37:18 -0300] "GET /cormun/servlet/permisosadjuntos?INS,19083384,P,20230927121032,, HTTP/1.1" 200 5972
200.54.103.162 - - [27/Sep/2023:12:37:26 -0300] "POST /cormun/servlet/permisosadjuntos?04054d49933150670223762ed5de26cc,INS,19083384,P,20230927121032,, HTTP/1.1" 200 116
200.54.103.162 - - [27/Sep/2023:12:37:26 -0300] "GET /cormun/servlet/hpexe_return? HTTP/1.1" 200 1037
200.54.103.162 - - [27/Sep/2023:12:37:26 -0300] "GET /cormun/servlet/trpermisosadjuntos?19083384,20230927121032,P, HTTP/1.1" 200 7158
200.54.103.162 - - [27/Sep/2023:12:37:26 -0300] "GET /cormun/servlet/trpermisosadjuntos?19083384,20230927121032,P, HTTP/1.1" 200 7153
200.54.103.162 - - [27/Sep/2023:12:37:29 -0300] "POST /cormun/servlet/trpermisosadjuntos?04054d49933150670223762ed5de26cc,19083384,20230927121032,P,,gx-no-cache=1695828057597 HTTP/1.1" 200 90
200.54.103.162 - - [27/Sep/2023:12:37:29 -0300] "GET /cormun/servlet/hpexe_link HTTP/1.1" 200 983
200.54.103.162 - - [27/Sep/2023:12:37:29 -0300] "GET /cormun/servlet/trpermisosgoce HTTP/1.1" 200 11577
200.54.103.162 - - [27/Sep/2023:12:37:30 -0300] "GET /cormun/servlet/trpermisosgoce HTTP/1.1" 200 11575
200.54.103.162 - - [27/Sep/2023:12:37:34 -0300] "GET /cormun/servlet/trpermisosadjuntos?10357594,20230927121103,P, HTTP/1.1" 200 6661
200.54.103.162 - - [27/Sep/2023:12:37:34 -0300] "GET /cormun/servlet/trpermisosadjuntos?10357594,20230927121103,P, HTTP/1.1" 200 6661
200.54.103.162 - - [27/Sep/2023:12:37:36 -0300] "GET /cormun/servlet/permisosadjuntos?INS,10357594,P,20230927121103,, HTTP/1.1" 200 5985
200.54.103.162 - - [27/Sep/2023:12:37:36 -0300] "GET /cormun/static/about:blank HTTP/1.1" 404 1011
200.54.103.162 - - [27/Sep/2023:12:37:36 -0300] "GET /cormun/servlet/permisosadjuntos?INS,10357594,P,20230927121103,, HTTP/1.1" 200 5974
200.54.103.162 - - [27/Sep/2023:12:37:42 -0300] "POST /cormun/servlet/permisosadjuntos?04054d49933150670223762ed5de26cc,INS,10357594,P,20230927121103,, HTTP/1.1" 200 116
200.54.103.162 - - [27/Sep/2023:12:37:42 -0300] "GET /cormun/servlet/hpexe_return? HTTP/1.1" 200 1038
200.54.103.162 - - [27/Sep/2023:12:37:43 -0300] "GET /cormun/servlet/trpermisosadjuntos?10357594,20230927121103,P, HTTP/1.1" 200 7169
200.54.103.162 - - [27/Sep/2023:12:37:43 -0300] "GET /cormun/servlet/trpermisosadjuntos?10357594,20230927121103,P, HTTP/1.1" 200 7164
190.171.142.42 - - [27/Sep/2023:12:37:45 -0300] "POST /cormun/servlet/trpermisosgoce?24b2cd42b09966b5462eabc0493fea94,,gx-no-cache=1695828068606 HTTP/1.1" 200 5968
200.54.103.162 - - [27/Sep/2023:12:37:46 -0300] "POST /cormun/servlet/trpermisosadjuntos?04054d49933150670223762ed5de26cc,10357594,20230927121103,P,,gx-no-cache=1695828074997 HTTP/1.1" 200 90
200.54.103.162 - - [27/Sep/2023:12:37:46 -0300] "GET /cormun/servlet/hpexe_link HTTP/1.1" 200 984
200.54.103.162 - - [27/Sep/2023:12:37:46 -0300] "GET /cormun/servlet/trpermisosgoce HTTP/1.1" 200 11577
200.54.103.162 - - [27/Sep/2023:12:37:47 -0300] "GET /cormun/servlet/trpermisosgoce HTTP/1.1" 200 11575
190.171.142.42 - - [27/Sep/2023:12:37:54 -0300] "GET /cormun/servlet/apermisogoceprn?17058407,P,20230811100743,PU HTTP/1.1" 200 1656
200.54.103.162 - - [27/Sep/2023:12:37:55 -0300] "GET /cormun/servlet/trpermisosadjuntos?12913525,20230927121247,P, HTTP/1.1" 200 6656
200.54.103.162 - - [27/Sep/2023:12:37:56 -0300] "GET /cormun/servlet/trpermisosadjuntos?12913525,20230927121247,P, HTTP/1.1" 200 6658
200.54.103.162 - - [27/Sep/2023:12:37:57 -0300] "GET /cormun/servlet/permisosadjuntos?INS,12913525,P,20230927121247,, HTTP/1.1" 200 5986
200.54.103.162 - - [27/Sep/2023:12:37:57 -0300] "GET /cormun/static/about:blank HTTP/1.1" 404 1011
200.54.103.162 - - [27/Sep/2023:12:37:57 -0300] "GET /cormun/servlet/permisosadjuntos?INS,12913525,P,20230927121247,, HTTP/1.1" 200 5976
190.171.142.42 - - [27/Sep/2023:12:38:01 -0300] "GET /cormun/servlet/apermisogoceprn?17058407,P,20230808133838,PU HTTP/1.1" 200 1656
200.54.103.162 - - [27/Sep/2023:12:38:06 -0300] "POST /cormun/servlet/permisosadjuntos?04054d49933150670223762ed5de26cc,INS,12913525,P,20230927121247,, HTTP/1.1" 200 116
200.54.103.162 - - [27/Sep/2023:12:38:06 -0300] "GET /cormun/servlet/hpexe_return? HTTP/1.1" 200 1038
200.54.103.162 - - [27/Sep/2023:12:38:07 -0300] "GET /cormun/servlet/trpermisosadjuntos?12913525,20230927121247,P, HTTP/1.1" 200 7168
200.54.103.162 - - [27/Sep/2023:12:38:07 -0300] "GET /cormun/servlet/trpermisosadjuntos?12913525,20230927121247,P, HTTP/1.1" 200 7165
190.171.142.42 - - [27/Sep/2023:12:38:08 -0300] "GET /cormun/servlet/apermisogoceprn?17058407,P,20230727082640,PU HTTP/1.1" 200 1660
200.54.103.162 - - [27/Sep/2023:12:38:10 -0300] "POST /cormun/servlet/trpermisosadjuntos?04054d49933150670223762ed5de26cc,12913525,20230927121247,P,,gx-no-cache=1695828098780 HTTP/1.1" 200 90
200.54.103.162 - - [27/Sep/2023:12:38:10 -0300] "GET /cormun/servlet/hpexe_link HTTP/1.1" 200 983
200.54.103.162 - - [27/Sep/2023:12:38:10 -0300] "GET /cormun/servlet/trpermisosgoce HTTP/1.1" 200 11577
200.54.103.162 - - [27/Sep/2023:12:38:11 -0300] "GET /cormun/servlet/trpermisosgoce HTTP/1.1" 200 11575
200.54.103.162 - - [27/Sep/2023:12:38:15 -0300] "GET /cormun/servlet/trpermisosadjuntos?18224100,20230927121321,P, HTTP/1.1" 200 6659
200.54.103.162 - - [27/Sep/2023:12:38:16 -0300] "GET /cormun/servlet/trpermisosadjuntos?18224100,20230927121321,P, HTTP/1.1" 200 6660
200.54.103.162 - - [27/Sep/2023:12:38:17 -0300] "GET /cormun/servlet/permisosadjuntos?INS,18224100,P,20230927121321,, HTTP/1.1" 200 5985
200.54.103.162 - - [27/Sep/2023:12:38:17 -0300] "GET /cormun/static/about:blank HTTP/1.1" 404 1011
200.54.103.162 - - [27/Sep/2023:12:38:17 -0300] "GET /cormun/servlet/permisosadjuntos?INS,18224100,P,20230927121321,, HTTP/1.1" 200 5975
200.54.103.162 - - [27/Sep/2023:12:38:23 -0300] "POST /cormun/servlet/permisosadjuntos?04054d49933150670223762ed5de26cc,INS,18224100,P,20230927121321,, HTTP/1.1" 200 116
200.54.103.162 - - [27/Sep/2023:12:38:23 -0300] "GET /cormun/servlet/hpexe_return? HTTP/1.1" 200 1036
200.54.103.162 - - [27/Sep/2023:12:38:23 -0300] "GET /cormun/servlet/trpermisosadjuntos?18224100,20230927121321,P, HTTP/1.1" 200 7165
200.54.103.162 - - [27/Sep/2023:12:38:23 -0300] "GET /cormun/servlet/trpermisosadjuntos?18224100,20230927121321,P, HTTP/1.1" 200 7161
200.54.103.162 - - [27/Sep/2023:12:38:29 -0300] "POST /cormun/servlet/trpermisosadjuntos?04054d49933150670223762ed5de26cc,18224100,20230927121321,P,,gx-no-cache=1695828117685 HTTP/1.1" 200 90
200.54.103.162 - - [27/Sep/2023:12:38:29 -0300] "GET /cormun/servlet/hpexe_link HTTP/1.1" 200 983
200.54.103.162 - - [27/Sep/2023:12:38:29 -0300] "GET /cormun/servlet/trpermisosgoce HTTP/1.1" 200 11577
200.54.103.162 - - [27/Sep/2023:12:38:30 -0300] "GET /cormun/servlet/trpermisosgoce HTTP/1.1" 200 11575
200.54.103.162 - - [27/Sep/2023:12:38:36 -0300] "GET /cormun/servlet/trpermisosadjuntos?15259664,20230927121352,P, HTTP/1.1" 200 6665
200.54.103.162 - - [27/Sep/2023:12:38:36 -0300] "GET /cormun/servlet/trpermisosadjuntos?15259664,20230927121352,P, HTTP/1.1" 200 6667
