190.171.152.234 - - [14/Sep/2023:11:38:49 -0300] "GET /cormun/servlet/trsolicitudadjuntos?2023,20576, HTTP/1.1" 200 9552
190.171.152.234 - - [14/Sep/2023:11:38:51 -0300] "GET /cormun/servlet/solicitudotadjuntos?INS,2023,20576,,1, HTTP/1.1" 200 6324
190.171.152.234 - - [14/Sep/2023:11:38:51 -0300] "GET /cormun/static/about:blank HTTP/1.1" 404 1011
190.171.152.234 - - [14/Sep/2023:11:38:51 -0300] "GET /cormun/servlet/solicitudotadjuntos?INS,2023,20576,,1, HTTP/1.1" 200 6318
190.171.152.234 - - [14/Sep/2023:11:38:52 -0300] "GET /cormun/servlet/solicitudotadjuntos?4de6f36804c1371fe1f72e3a0886d84eb470d73ae4cf33dbe25aea188ddae20b62feada6f4f4ed24aacb8f5c818d7c4c,gx-no-cache=1694701500649 HTTP/1.1" 200 30
190.171.152.234 - - [14/Sep/2023:11:38:52 -0300] "POST /cormun/servlet/solicitudotadjuntos?d82804915885279274c5b71299a37e92,INS,2023,20576,,1,,gx-no-cache=1694701500667 HTTP/1.1" 200 4153
190.171.143.82 - - [14/Sep/2023:11:38:54 -0300] "POST /cormun/servlet/permisosadjuntos?98703210b365de6b7ab1e37084c4352d,INS,17134240,P,20230907133158,, HTTP/1.1" 200 116
190.171.143.82 - - [14/Sep/2023:11:38:54 -0300] "GET /cormun/servlet/hpexe_return? HTTP/1.1" 200 1032
190.171.143.82 - - [14/Sep/2023:11:38:54 -0300] "GET /cormun/servlet/trpermisosadjuntos?17134240,20230907133158,P, HTTP/1.1" 200 7192
190.171.143.82 - - [14/Sep/2023:11:38:55 -0300] "GET /cormun/servlet/trpermisosadjuntos?17134240,20230907133158,P, HTTP/1.1" 200 7188
190.171.152.234 - - [14/Sep/2023:11:38:58 -0300] "POST /cormun/servlet/solicitudotadjuntos?gx-no-cache=1694701507116 HTTP/1.1" 200 26
190.171.154.42 - - [14/Sep/2023:11:38:59 -0300] "GET /cormun/servlet/hlogin HTTP/1.1" 200 1723
190.171.154.42 - - [14/Sep/2023:11:38:59 -0300] "GET /cormun/static/gxtimezone.js?85251 HTTP/1.1" 200 5781
190.171.154.42 - - [14/Sep/2023:11:38:59 -0300] "GET /cormun/static/gxcfg.js?2022112219184450 HTTP/1.1" 200 953
190.171.154.42 - - [14/Sep/2023:11:38:59 -0300] "GET /cormun/static/Resources/CormunLogin.png HTTP/1.1" 200 19132
190.171.154.42 - - [14/Sep/2023:11:38:59 -0300] "GET /cormun/static/gxgral.js?85251 HTTP/1.1" 200 384558
190.171.154.42 - - [14/Sep/2023:11:38:59 -0300] "GET /cormun/static/Resources/Spanish/PXTools.css?1759030 HTTP/1.1" 200 100853
190.171.154.42 - - [14/Sep/2023:11:38:59 -0300] "GET /cormun/static/messages.spa.js?85251 HTTP/1.1" 200 30736
190.171.154.42 - - [14/Sep/2023:11:38:59 -0300] "GET /cormun/static/Resources/PXToolsLoginTop.png HTTP/1.1" 200 1337
190.171.154.42 - - [14/Sep/2023:11:39:00 -0300] "GET /cormun/static/Resources/PXToolsButtonLeft.png HTTP/1.1" 200 1310
190.171.154.42 - - [14/Sep/2023:11:39:00 -0300] "GET /cormun/static/Resources/PXToolsButtonRight.png HTTP/1.1" 200 1294
190.171.154.42 - - [14/Sep/2023:11:38:59 -0300] "GET /cormun/static/Resources/PXToolsLoginBackground.png HTTP/1.1" 200 1164
190.171.154.42 - - [14/Sep/2023:11:39:00 -0300] "GET /cormun/static/Resources/PXToolsButtonBackground.png HTTP/1.1" 200 1176
190.171.154.42 - - [14/Sep/2023:11:39:00 -0300] "GET /cormun/static/hlogin.js?2022112219184458 HTTP/1.1" 200 2156
190.171.154.42 - - [14/Sep/2023:11:39:00 -0300] "GET /cormun/static/Resources/PXToolsLoginBottom.png HTTP/1.1" 200 1389
190.171.154.42 - - [14/Sep/2023:11:39:00 -0300] "GET /cormun/servlet/hlogin HTTP/1.1" 200 1734
190.171.143.82 - - [14/Sep/2023:11:39:00 -0300] "GET /cormun/servlet/trpermisosgoce? HTTP/1.1" 200 14925
190.171.154.42 - - [14/Sep/2023:11:39:00 -0300] "GET /cormun/static/Resources/indicator.gif HTTP/1.1" 200 1553
190.171.154.42 - - [14/Sep/2023:11:39:00 -0300] "GET /cormun/static/Resources/indicator.gif HTTP/1.1" 200 1553
190.171.154.42 - - [14/Sep/2023:11:39:00 -0300] "GET /favicon.ico HTTP/1.1" 200 21630
190.171.143.82 - - [14/Sep/2023:11:39:01 -0300] "GET /cormun/servlet/trpermisosgoce? HTTP/1.1" 200 14911
190.171.152.234 - - [14/Sep/2023:11:39:03 -0300] "GET /cormun/servlet/solicitudotadjuntos?4de6f36804c1371fe1f72e3a0886d84e12767d669e6bc3c1268023ffd840d6c1,gx-no-cache=1694701512084 HTTP/1.1" 200 30
190.171.152.234 - - [14/Sep/2023:11:39:03 -0300] "GET /cormun/servlet/solicitudotadjuntos?4de6f36804c1371fe1f72e3a0886d84e12767d669e6bc3c1268023ffd840d6c1,gx-no-cache=1694701512098 HTTP/1.1" 200 30
190.171.152.234 - - [14/Sep/2023:11:39:04 -0300] "POST /cormun/servlet/solicitudotadjuntos?d82804915885279274c5b71299a37e92,INS,2023,20576,,1, HTTP/1.1" 200 116
190.171.152.234 - - [14/Sep/2023:11:39:04 -0300] "GET /cormun/servlet/hpexe_return? HTTP/1.1" 200 1020
190.171.152.234 - - [14/Sep/2023:11:39:04 -0300] "GET /cormun/servlet/trsolicitudadjuntos?2023,20576, HTTP/1.1" 200 9801
190.171.152.234 - - [14/Sep/2023:11:39:05 -0300] "GET /cormun/servlet/trsolicitudadjuntos?2023,20576, HTTP/1.1" 200 9800
190.171.143.82 - - [14/Sep/2023:11:39:05 -0300] "POST /cormun/servlet/trpermisosgoce?98703210b365de6b7ab1e37084c4352d,,gx-no-cache=1694701357118 HTTP/1.1" 200 12108
190.171.152.234 - - [14/Sep/2023:11:39:07 -0300] "GET /cormun/servlet/solicitudotadjuntos?INS,2023,20576,,1, HTTP/1.1" 200 6324
190.171.152.234 - - [14/Sep/2023:11:39:07 -0300] "GET /cormun/static/about:blank HTTP/1.1" 404 1011
190.171.152.234 - - [14/Sep/2023:11:39:07 -0300] "GET /cormun/servlet/solicitudotadjuntos?INS,2023,20576,,1, HTTP/1.1" 200 6318
190.171.152.234 - - [14/Sep/2023:11:39:07 -0300] "GET /cormun/servlet/solicitudotadjuntos?4de6f36804c1371fe1f72e3a0886d84eb470d73ae4cf33dbe25aea188ddae20b62feada6f4f4ed24aacb8f5c818d7c4c,gx-no-cache=1694701516565 HTTP/1.1" 200 30
190.171.152.234 - - [14/Sep/2023:11:39:08 -0300] "POST /cormun/servlet/solicitudotadjuntos?d82804915885279274c5b71299a37e92,INS,2023,20576,,1,,gx-no-cache=1694701516581 HTTP/1.1" 200 4153
190.171.143.82 - - [14/Sep/2023:11:39:09 -0300] "GET /cormun/servlet/trautorizarpermisogoce? HTTP/1.1" 200 11745
190.171.143.82 - - [14/Sep/2023:11:39:11 -0300] "GET /cormun/servlet/trautorizarpermisogoce? HTTP/1.1" 200 11745
190.171.154.42 - - [14/Sep/2023:11:39:11 -0300] "POST /cormun/servlet/hlogin?8a964579ba1ddd9944defef39dec98a5,gx-no-cache=1694701363202 HTTP/1.1" 200 452
190.171.154.42 - - [14/Sep/2023:11:39:13 -0300] "POST /cormun/servlet/hlogin?8a964579ba1ddd9944defef39dec98a5,gx-no-cache=1694701364953 HTTP/1.1" 200 450
190.171.143.82 - - [14/Sep/2023:11:39:15 -0300] "POST /cormun/servlet/trautorizarpermisogoce?98703210b365de6b7ab1e37084c4352d,,gx-no-cache=1694701367014 HTTP/1.1" 200 8787
190.171.152.234 - - [14/Sep/2023:11:39:15 -0300] "POST /cormun/servlet/solicitudotadjuntos?gx-no-cache=1694701524420 HTTP/1.1" 200 26
190.171.143.82 - - [14/Sep/2023:11:39:16 -0300] "POST /cormun/servlet/trautorizarpermisogoce?98703210b365de6b7ab1e37084c4352d,,gx-no-cache=1694701367963 HTTP/1.1" 200 8563
190.171.154.42 - - [14/Sep/2023:11:39:16 -0300] "üFc׋Ïh翟m¦’Èv[Ãep@:Áк㦂9Êä8o '®¯Ðÿþ4f<ÐÓSœ0x0›—:¡bò†k`¦Ób) ªª̨̩À+À/À,À0ÀÀœ/5“šš h2http/1.1" 400 -
190.171.143.82 - - [14/Sep/2023:11:39:17 -0300] "POST /cormun/servlet/trautorizarpermisogoce?98703210b365de6b7ab1e37084c4352d,,gx-no-cache=1694701369094 HTTP/1.1" 200 8346
190.171.143.82 - - [14/Sep/2023:11:39:18 -0300] "POST /cormun/servlet/trautorizarpermisogoce?98703210b365de6b7ab1e37084c4352d,,gx-no-cache=1694701370114 HTTP/1.1" 200 8116
190.171.143.82 - - [14/Sep/2023:11:39:20 -0300] "POST /cormun/servlet/trautorizarpermisogoce?98703210b365de6b7ab1e37084c4352d,,gx-no-cache=1694701371615 HTTP/1.1" 200 7905
190.171.143.82 - - [14/Sep/2023:11:39:21 -0300] "POST /cormun/servlet/trautorizarpermisogoce?98703210b365de6b7ab1e37084c4352d,,gx-no-cache=1694701372911 HTTP/1.1" 200 7679
190.171.143.82 - - [14/Sep/2023:11:39:22 -0300] "POST /cormun/servlet/trautorizarpermisogoce?98703210b365de6b7ab1e37084c4352d,,gx-no-cache=1694701374104 HTTP/1.1" 200 7484
190.171.152.234 - - [14/Sep/2023:11:39:23 -0300] "GET /cormun/servlet/solicitudotadjuntos?4de6f36804c1371fe1f72e3a0886d84e12767d669e6bc3c1268023ffd840d6c1,gx-no-cache=1694701531620 HTTP/1.1" 200 30
190.171.152.234 - - [14/Sep/2023:11:39:23 -0300] "GET /cormun/servlet/solicitudotadjuntos?4de6f36804c1371fe1f72e3a0886d84e12767d669e6bc3c1268023ffd840d6c1,gx-no-cache=1694701531634 HTTP/1.1" 200 30
190.171.152.234 - - [14/Sep/2023:11:39:23 -0300] "POST /cormun/servlet/solicitudotadjuntos?d82804915885279274c5b71299a37e92,INS,2023,20576,,1, HTTP/1.1" 200 116
190.171.152.234 - - [14/Sep/2023:11:39:23 -0300] "GET /cormun/servlet/hpexe_return? HTTP/1.1" 200 1020
190.171.152.234 - - [14/Sep/2023:11:39:23 -0300] "GET /cormun/servlet/trsolicitudadjuntos?2023,20576, HTTP/1.1" 200 10010
190.171.143.82 - - [14/Sep/2023:11:39:23 -0300] "POST /cormun/servlet/trautorizarpermisogoce?98703210b365de6b7ab1e37084c4352d,,gx-no-cache=1694701375281 HTTP/1.1" 200 7042
190.171.152.234 - - [14/Sep/2023:11:39:24 -0300] "GET /cormun/servlet/trsolicitudadjuntos?2023,20576, HTTP/1.1" 200 10010
190.171.143.82 - - [14/Sep/2023:11:39:24 -0300] "POST /cormun/servlet/trautorizarpermisogoce?98703210b365de6b7ab1e37084c4352d,,gx-no-cache=1694701376547 HTTP/1.1" 200 6823
190.171.143.82 - - [14/Sep/2023:11:39:26 -0300] "POST /cormun/servlet/trautorizarpermisogoce?98703210b365de6b7ab1e37084c4352d,,gx-no-cache=1694701377763 HTTP/1.1" 200 6601
190.171.143.82 - - [14/Sep/2023:11:39:27 -0300] "POST /cormun/servlet/trautorizarpermisogoce?98703210b365de6b7ab1e37084c4352d,,gx-no-cache=1694701378889 HTTP/1.1" 200 6387
190.171.143.82 - - [14/Sep/2023:11:39:28 -0300] "POST /cormun/servlet/trautorizarpermisogoce?98703210b365de6b7ab1e37084c4352d,,gx-no-cache=1694701380007 HTTP/1.1" 200 6009
190.171.143.82 - - [14/Sep/2023:11:39:29 -0300] "POST /cormun/servlet/trautorizarpermisogoce?98703210b365de6b7ab1e37084c4352d,,gx-no-cache=1694701380961 HTTP/1.1" 200 5760
190.171.143.82 - - [14/Sep/2023:11:39:30 -0300] "POST /cormun/servlet/trautorizarpermisogoce?98703210b365de6b7ab1e37084c4352d,,gx-no-cache=1694701382127 HTTP/1.1" 200 5542
190.171.143.82 - - [14/Sep/2023:11:39:31 -0300] "POST /cormun/servlet/trautorizarpermisogoce?98703210b365de6b7ab1e37084c4352d,,gx-no-cache=1694701383158 HTTP/1.1" 200 5268
190.171.143.82 - - [14/Sep/2023:11:39:33 -0300] "POST /cormun/servlet/trautorizarpermisogoce?98703210b365de6b7ab1e37084c4352d,,gx-no-cache=1694701385095 HTTP/1.1" 200 4512
190.171.154.42 - - [14/Sep/2023:11:39:50 -0300] "GET /cormun/servlet/hlogin HTTP/1.1" 200 1723
190.171.154.42 - - [14/Sep/2023:11:39:59 -0300] "POST /cormun/servlet/hlogin?8a964579ba1ddd9944defef39dec98a5,gx-no-cache=1694701411826 HTTP/1.1" 200 432
190.171.143.82 - - [14/Sep/2023:11:40:20 -0300] "POST /cormun/servlet/trautorizarpermisogoce?98703210b365de6b7ab1e37084c4352d,,gx-no-cache=1694701431685 HTTP/1.1" 200 11844
200.54.107.2 - - [14/Sep/2023:11:41:29 -0300] "POST /cormun/servlet/solicitudot?gx-no-cache=1694701500844 HTTP/1.1" 200 3995
200.54.107.2 - - [14/Sep/2023:11:41:29 -0300] "POST /cormun/servlet/solicitudot?3530b77b13e9eabd8ebc97e143e5c864,INS,0,0,false,,gx-no-cache=1694701501020 HTTP/1.1" 200 12830
190.171.143.82 - - [14/Sep/2023:11:41:32 -0300] "GET /cormun/servlet/trpermisosadjuntos?12515149,20230911083958,P, HTTP/1.1" 200 7198
190.171.143.82 - - [14/Sep/2023:11:41:33 -0300] "GET /cormun/servlet/trpermisosadjuntos?12515149,20230911083958,P, HTTP/1.1" 200 7196
200.54.107.2 - - [14/Sep/2023:11:41:33 -0300] "GET /cormun/servlet/solicitudot?5fb5aad5d4faa3c20c9ab01e51f789b7eeeb6041cdbfe27086e9ccf32a8f76befb8055797d4d6cdcfbb2739922d28f81,gx-no-cache=1694701505391 HTTP/1.1" 200 30
190.171.143.82 - - [14/Sep/2023:11:41:42 -0300] "GET /cormun/servlet/trpermisosgoce? HTTP/1.1" 200 14877
190.171.143.82 - - [14/Sep/2023:11:41:44 -0300] "GET /cormun/servlet/trpermisosgoce? HTTP/1.1" 200 14862
190.171.143.82 - - [14/Sep/2023:11:42:05 -0300] "GET /cormun/servlet/trautorizarpermisogoce? HTTP/1.1" 200 14575
190.171.143.82 - - [14/Sep/2023:11:42:07 -0300] "GET /cormun/servlet/trautorizarpermisogoce? HTTP/1.1" 200 14575
190.171.143.82 - - [14/Sep/2023:11:42:36 -0300] "POST /cormun/servlet/trautorizarpermisogoce?98703210b365de6b7ab1e37084c4352d,,gx-no-cache=1694701567917 HTTP/1.1" 200 4401
190.171.152.234 - - [14/Sep/2023:11:42:40 -0300] "GET /cormun/servlet/solicitudotadjuntos?INS,2023,20576,,1, HTTP/1.1" 200 6323
190.171.152.234 - - [14/Sep/2023:11:42:40 -0300] "GET /cormun/static/about:blank HTTP/1.1" 404 1011
190.171.152.234 - - [14/Sep/2023:11:42:40 -0300] "GET /cormun/servlet/solicitudotadjuntos?INS,2023,20576,,1, HTTP/1.1" 200 6317
190.171.152.234 - - [14/Sep/2023:11:42:40 -0300] "GET /cormun/servlet/solicitudotadjuntos?4de6f36804c1371fe1f72e3a0886d84eb470d73ae4cf33dbe25aea188ddae20b62feada6f4f4ed24aacb8f5c818d7c4c,gx-no-cache=1694701729441 HTTP/1.1" 200 30
190.171.152.234 - - [14/Sep/2023:11:42:40 -0300] "POST /cormun/servlet/solicitudotadjuntos?d82804915885279274c5b71299a37e92,INS,2023,20576,,1,,gx-no-cache=1694701729458 HTTP/1.1" 200 4152
200.54.107.2 - - [14/Sep/2023:11:42:40 -0300] "GET /cormun/servlet/solicitudot?5fb5aad5d4faa3c20c9ab01e51f789b73f9891656541fa7604bcd9e0747545e8,gx-no-cache=1694701572733 HTTP/1.1" 200 94
200.54.107.2 - - [14/Sep/2023:11:42:41 -0300] "GET /cormun/servlet/solicitudot?5fb5aad5d4faa3c20c9ab01e51f789b772c19d1b5fbfc9d5fa3dd27f909cdc68,gx-no-cache=1694701572818 HTTP/1.1" 200 29
200.54.107.2 - - [14/Sep/2023:11:42:41 -0300] "GET /cormun/static/Shared/jqueryui/images/ui-bg_highlight-soft_100_c6c2c8_1x100.png HTTP/1.1" 404 1117
200.54.107.2 - - [14/Sep/2023:11:42:41 -0300] "GET /cormun/static/Shared/jqueryui/images/ui-icons_82798d_256x240.png HTTP/1.1" 404 1089
200.54.107.2 - - [14/Sep/2023:11:42:41 -0300] "GET /cormun/static/Shared/jqueryui/images/ui-bg_flat_55_994d53_40x100.png HTTP/1.1" 404 1097
200.54.107.2 - - [14/Sep/2023:11:42:41 -0300] "GET /cormun/static/Shared/jqueryui/images/ui-icons_ebccce_256x240.png HTTP/1.1" 404 1089
190.171.143.82 - - [14/Sep/2023:11:42:43 -0300] "POST /cormun/servlet/trautorizarpermisogoce?98703210b365de6b7ab1e37084c4352d,,gx-no-cache=1694701574640 HTTP/1.1" 200 11843
190.171.152.234 - - [14/Sep/2023:11:42:45 -0300] "POST /cormun/servlet/solicitudotadjuntos?gx-no-cache=1694701733924 HTTP/1.1" 200 26
190.171.152.234 - - [14/Sep/2023:11:42:51 -0300] "GET /cormun/servlet/solicitudotadjuntos?4de6f36804c1371fe1f72e3a0886d84e12767d669e6bc3c1268023ffd840d6c1,gx-no-cache=1694701740027 HTTP/1.1" 200 30
190.171.152.234 - - [14/Sep/2023:11:42:51 -0300] "GET /cormun/servlet/solicitudotadjuntos?4de6f36804c1371fe1f72e3a0886d84e12767d669e6bc3c1268023ffd840d6c1,gx-no-cache=1694701740059 HTTP/1.1" 200 30
190.171.152.234 - - [14/Sep/2023:11:42:51 -0300] "POST /cormun/servlet/solicitudotadjuntos?d82804915885279274c5b71299a37e92,INS,2023,20576,,1, HTTP/1.1" 200 116
190.171.152.234 - - [14/Sep/2023:11:42:51 -0300] "GET /cormun/servlet/hpexe_return? HTTP/1.1" 200 1020
190.171.152.234 - - [14/Sep/2023:11:42:52 -0300] "GET /cormun/servlet/trsolicitudadjuntos?2023,20576, HTTP/1.1" 200 10288
190.171.152.234 - - [14/Sep/2023:11:42:52 -0300] "GET /cormun/servlet/trsolicitudadjuntos?2023,20576, HTTP/1.1" 200 10285
190.171.152.234 - - [14/Sep/2023:11:42:59 -0300] "GET /cormun/servlet/solicitudotadjuntos?INS,2023,20576,,1, HTTP/1.1" 200 6323
190.171.152.234 - - [14/Sep/2023:11:42:59 -0300] "GET /cormun/static/about:blank HTTP/1.1" 404 1011
190.171.152.234 - - [14/Sep/2023:11:42:59 -0300] "GET /cormun/servlet/solicitudotadjuntos?INS,2023,20576,,1, HTTP/1.1" 200 6317
200.54.107.2 - - [14/Sep/2023:11:43:00 -0300] "GET /cormun/servlet/solicitudot?5fb5aad5d4faa3c20c9ab01e51f789b70289e4f93db951e74b7684abb1f44b656d11e9eb2b8113e48ea41f58aad830444917814de27c45d803edbcd1c4f26557,gx-no-cache=1694701592104 HTTP/1.1" 200 30
190.171.152.234 - - [14/Sep/2023:11:43:00 -0300] "GET /cormun/servlet/solicitudotadjuntos?4de6f36804c1371fe1f72e3a0886d84eb470d73ae4cf33dbe25aea188ddae20b62feada6f4f4ed24aacb8f5c818d7c4c,gx-no-cache=1694701748944 HTTP/1.1" 200 30
190.171.152.234 - - [14/Sep/2023:11:43:00 -0300] "POST /cormun/servlet/solicitudotadjuntos?d82804915885279274c5b71299a37e92,INS,2023,20576,,1,,gx-no-cache=1694701748961 HTTP/1.1" 200 4152
200.54.107.2 - - [14/Sep/2023:11:43:02 -0300] "GET /cormun/servlet/solicitudot?5fb5aad5d4faa3c20c9ab01e51f789b74770247de2a22e483344dfb7c6f2bb07,gx-no-cache=1694701594429 HTTP/1.1" 200 53
190.171.152.234 - - [14/Sep/2023:11:43:02 -0300] "POST /cormun/servlet/solicitudotadjuntos?gx-no-cache=1694701751364 HTTP/1.1" 200 26
190.171.152.234 - - [14/Sep/2023:11:43:06 -0300] "GET /cormun/servlet/solicitudotadjuntos?4de6f36804c1371fe1f72e3a0886d84e12767d669e6bc3c1268023ffd840d6c1,gx-no-cache=1694701755563 HTTP/1.1" 200 30
190.171.152.234 - - [14/Sep/2023:11:43:06 -0300] "GET /cormun/servlet/solicitudotadjuntos?4de6f36804c1371fe1f72e3a0886d84e12767d669e6bc3c1268023ffd840d6c1,gx-no-cache=1694701755575 HTTP/1.1" 200 30
190.171.152.234 - - [14/Sep/2023:11:43:07 -0300] "POST /cormun/servlet/solicitudotadjuntos?d82804915885279274c5b71299a37e92,INS,2023,20576,,1, HTTP/1.1" 200 116
190.171.152.234 - - [14/Sep/2023:11:43:07 -0300] "GET /cormun/servlet/hpexe_return? HTTP/1.1" 200 1020
190.171.152.234 - - [14/Sep/2023:11:43:07 -0300] "GET /cormun/servlet/trsolicitudadjuntos?2023,20576, HTTP/1.1" 200 10445
190.171.152.234 - - [14/Sep/2023:11:43:08 -0300] "GET /cormun/servlet/trsolicitudadjuntos?2023,20576, HTTP/1.1" 200 10444
200.54.107.2 - - [14/Sep/2023:11:43:14 -0300] "POST /cormun/servlet/solicitudot?gx-no-cache=1694701605901 HTTP/1.1" 200 257
200.54.107.2 - - [14/Sep/2023:11:43:15 -0300] "GET /cormun/servlet/solicitudot?5fb5aad5d4faa3c20c9ab01e51f789b7cc35080c8500e9968af748167f07f4e5115ebb057ad195a4118952320708319d35185d4f3cae3beb52a5bd5318f07101a23c138c5031ab15ad7b5e7eedd56f21d3ab917c7234e9e15eb2c61d2e2156805c95617fe4a02e7e54386999e4f7ddb9c7b3731d75c2d833a106dc6665a7440491b36213ff454976eead9834c033463a4e588d71e7d4a2155cbdffdcd55b7dbcddb57af8875e80ec07a1dd3348e3dd492c17e5bcb58be5e16b99b9ea7bdbbd3488ac0a47b4dcaeae04b4941b5b192ee717ded220c72f9cda97c6c0d6eed8e4e45ff5b4efb86198e404620e0ab5cb70d3be6a656d5cc482b0e23bc602559189135217166e3f0ef4a1392f584316ad28b8212ab5b7f67c800f3d9256984819ce0eca503b8710b22f4498d776e1b16efe6161bfa401d7aa0600252ad07115ff2dee30a1455ce3ef430c866e08a01e0c270b,gx-no-cache=1694701607634 HTTP/1.1" 200 30
200.54.107.2 - - [14/Sep/2023:11:43:18 -0300] "POST /cormun/servlet/solicitudot?gx-no-cache=1694701610493 HTTP/1.1" 200 30
200.54.107.2 - - [14/Sep/2023:11:43:55 -0300] "GET /cormun/servlet/prlicenciaspermisos?19262713,L,,MD,,gxPopupLevel%3D0%3B HTTP/1.1" 200 6280
200.54.107.2 - - [14/Sep/2023:11:43:58 -0300] "POST /cormun/servlet/solicitudot?gx-no-cache=1694701650435 HTTP/1.1" 200 1470
200.54.107.2 - - [14/Sep/2023:11:44:00 -0300] "POST /cormun/servlet/solicitudot?gx-no-cache=1694701652643 HTTP/1.1" 200 41
190.171.152.234 - - [14/Sep/2023:11:44:18 -0300] "GET /cormun/servlet/trsolicitudot? HTTP/1.1" 200 8880
190.171.152.234 - - [14/Sep/2023:11:44:18 -0300] "GET /cormun/servlet/trsolicitudot? HTTP/1.1" 200 8873
190.171.152.234 - - [14/Sep/2023:11:44:33 -0300] "POST /cormun/servlet/trsolicitudot?d82804915885279274c5b71299a37e92,,gx-no-cache=1694701841839 HTTP/1.1" 200 107
190.171.152.234 - - [14/Sep/2023:11:44:33 -0300] "GET /cormun/servlet/trsolicitudadjuntos?2023,20576, HTTP/1.1" 200 10441
190.171.152.234 - - [14/Sep/2023:11:44:34 -0300] "GET /cormun/servlet/trsolicitudadjuntos?2023,20576, HTTP/1.1" 200 10442
190.171.152.234 - - [14/Sep/2023:11:44:47 -0300] "GET /cormun/servlet/trsolicitudot? HTTP/1.1" 200 8880
190.171.152.234 - - [14/Sep/2023:11:44:48 -0300] "GET /cormun/servlet/trsolicitudot? HTTP/1.1" 200 8873
200.54.107.2 - - [14/Sep/2023:11:44:57 -0300] "GET /cormun/servlet/solicitudot?5fb5aad5d4faa3c20c9ab01e51f789b7b49454240f0e9fd8cd1cd7db2de5eb06988283527be34ef919d84d4ee5df08c312cdeb9be8b1d8c99722d6a4b1d1cc25348ea120eb9a0532324bf3573ad4636492cc31c4cb115c123e3cce096888dcad036f7af2ab30bd202f1e4db91eb27617,gx-no-cache=1694701709108 HTTP/1.1" 200 110
200.54.107.2 - - [14/Sep/2023:11:44:57 -0300] "POST /cormun/servlet/solicitudot?gx-no-cache=1694701709161 HTTP/1.1" 200 83
190.171.152.234 - - [14/Sep/2023:11:44:59 -0300] "POST /cormun/servlet/trsolicitudot?d82804915885279274c5b71299a37e92,,gx-no-cache=1694701868087 HTTP/1.1" 200 4868
190.171.152.234 - - [14/Sep/2023:11:44:59 -0300] "GET /cormun/static/Shared/jqueryui/images/ui-bg_highlight-soft_100_c6c2c8_1x100.png HTTP/1.1" 404 1117
190.171.152.234 - - [14/Sep/2023:11:44:59 -0300] "GET /cormun/static/Shared/jqueryui/images/ui-icons_82798d_256x240.png HTTP/1.1" 404 1089
190.171.152.234 - - [14/Sep/2023:11:44:59 -0300] "GET /cormun/static/Shared/jqueryui/images/ui-icons_8d78a5_256x240.png HTTP/1.1" 404 1089
190.171.152.234 - - [14/Sep/2023:11:44:59 -0300] "GET /cormun/static/Shared/jqueryui/images/ui-bg_flat_55_fafafa_40x100.png HTTP/1.1" 404 1097
190.171.152.234 - - [14/Sep/2023:11:45:00 -0300] "POST /cormun/servlet/trsolicitudot?d82804915885279274c5b71299a37e92,,gx-no-cache=1694701868467 HTTP/1.1" 200 4633
200.54.107.2 - - [14/Sep/2023:11:45:01 -0300] "GET /cormun/servlet/solicitudot?5fb5aad5d4faa3c20c9ab01e51f789b7219eafee485ffb8419fbf69d456b34bdd30fe5c5a8f85e0bb74b4f822ce9537bda952989ffad751a2708e74e492b77148cf039a76fa00fa7cec1fed868b862f38246c4a442222bd525a88d9543b8a48fc906c5aadfbf192f3d7b5260b1125052,gx-no-cache=1694701712835 HTTP/1.1" 200 29
200.54.107.2 - - [14/Sep/2023:11:45:01 -0300] "GET /cormun/static/menuarrow.gif HTTP/1.1" 404 1015
190.171.152.234 - - [14/Sep/2023:11:45:06 -0300] "GET /cormun/servlet/solicitudot?INS,0,0,false, HTTP/1.1" 200 16209
190.171.152.234 - - [14/Sep/2023:11:45:06 -0300] "GET /cormun/servlet/solicitudot?INS,0,0,false, HTTP/1.1" 200 16217
190.171.152.234 - - [14/Sep/2023:11:45:09 -0300] "GET /cormun/servlet/trsolicitudot? HTTP/1.1" 200 7489
190.171.152.234 - - [14/Sep/2023:11:45:10 -0300] "GET /cormun/servlet/trsolicitudot? HTTP/1.1" 200 7488
190.171.152.234 - - [14/Sep/2023:11:45:13 -0300] "GET /cormun/servlet/trautorizarsolicitud? HTTP/1.1" 200 8768
190.171.152.234 - - [14/Sep/2023:11:45:13 -0300] "GET /cormun/static/gxcfg.js?202211298474254 HTTP/1.1" 200 953
190.171.152.234 - - [14/Sep/2023:11:45:13 -0300] "GET /cormun/static/trautorizarsolicitud.js?202211298474588 HTTP/1.1" 200 53909
190.171.152.234 - - [14/Sep/2023:11:45:13 -0300] "GET /cormun/servlet/trautorizarsolicitud? HTTP/1.1" 200 8767
200.54.107.2 - - [14/Sep/2023:11:47:31 -0300] "GET /cormun/servlet/solicitudot?5fb5aad5d4faa3c20c9ab01e51f789b7a80b1f1a55a3466c61abb72553ce51c378beb7f52a052bf4cf130d865256e1f7,gx-no-cache=1694701862777 HTTP/1.1" 200 30
200.54.107.2 - - [14/Sep/2023:11:47:31 -0300] "POST /cormun/servlet/solicitudot?gx-no-cache=1694701862853 HTTP/1.1" 200 34
200.54.107.2 - - [14/Sep/2023:11:48:16 -0300] "POST /cormun/servlet/solicitudot?3530b77b13e9eabd8ebc97e143e5c864,INS,0,0,false,,gx-no-cache=1694701907494 HTTP/1.1" 200 93
200.54.107.2 - - [14/Sep/2023:11:48:16 -0300] "GET /cormun/servlet/hpexe_return? HTTP/1.1" 200 1012
200.54.107.2 - - [14/Sep/2023:11:48:16 -0300] "GET /cormun/servlet/trsolicitudot HTTP/1.1" 200 9432
200.54.107.2 - - [14/Sep/2023:11:48:17 -0300] "GET /cormun/servlet/trsolicitudot HTTP/1.1" 200 9427
200.54.107.2 - - [14/Sep/2023:11:48:25 -0300] "POST /cormun/servlet/trsolicitudot?3530b77b13e9eabd8ebc97e143e5c864,gx-no-cache=1694701917486 HTTP/1.1" 200 6081
200.54.107.2 - - [14/Sep/2023:11:48:25 -0300] "GET /cormun/static/Shared/jqueryui/images/ui-bg_highlight-soft_100_c6c2c8_1x100.png HTTP/1.1" 404 1117
200.54.107.2 - - [14/Sep/2023:11:48:25 -0300] "GET /cormun/static/Shared/jqueryui/images/ui-icons_82798d_256x240.png HTTP/1.1" 404 1089
200.54.107.2 - - [14/Sep/2023:11:48:25 -0300] "GET /cormun/static/Shared/jqueryui/images/ui-bg_flat_55_fafafa_40x100.png HTTP/1.1" 404 1097
200.54.107.2 - - [14/Sep/2023:11:48:26 -0300] "GET /cormun/static/Shared/jqueryui/images/ui-icons_8d78a5_256x240.png HTTP/1.1" 404 1089
200.54.107.2 - - [14/Sep/2023:11:48:26 -0300] "POST /cormun/servlet/trsolicitudot?3530b77b13e9eabd8ebc97e143e5c864,gx-no-cache=1694701917740 HTTP/1.1" 200 6025
200.54.107.2 - - [14/Sep/2023:11:48:39 -0300] "POST /cormun/servlet/trsolicitudot?3530b77b13e9eabd8ebc97e143e5c864,gx-no-cache=1694701931003 HTTP/1.1" 200 4870
200.54.107.2 - - [14/Sep/2023:11:48:39 -0300] "POST /cormun/servlet/trsolicitudot?3530b77b13e9eabd8ebc97e143e5c864,gx-no-cache=1694701931296 HTTP/1.1" 200 4618
200.54.107.2 - - [14/Sep/2023:11:48:56 -0300] "GET /cormun/servlet/trautorizarsolicitud? HTTP/1.1" 200 10179
200.54.107.2 - - [14/Sep/2023:11:48:56 -0300] "GET /cormun/servlet/trautorizarsolicitud? HTTP/1.1" 200 10179
200.54.107.2 - - [14/Sep/2023:11:49:50 -0300] "POST /cormun/servlet/trautorizarsolicitud?3530b77b13e9eabd8ebc97e143e5c864,,gx-no-cache=1694702001639 HTTP/1.1" 200 114
200.54.107.2 - - [14/Sep/2023:11:49:54 -0300] "GET /cormun/servlet/solicitudotlog?INS,2023,20577,0,ANU, HTTP/1.1" 200 6189
200.54.107.2 - - [14/Sep/2023:11:49:54 -0300] "GET /cormun/static/gxcfg.js?202211298384126 HTTP/1.1" 200 953
200.54.107.2 - - [14/Sep/2023:11:49:54 -0300] "GET /cormun/static/solicitudotlog.js?202211298384130 HTTP/1.1" 200 8934
200.54.107.2 - - [14/Sep/2023:11:49:55 -0300] "GET /cormun/servlet/solicitudotlog?INS,2023,20577,0,ANU, HTTP/1.1" 200 6189
200.54.107.2 - - [14/Sep/2023:11:49:55 -0300] "GET /cormun/servlet/solicitudotlog?5fb5aad5d4faa3c20c9ab01e51f789b70ddef869dff6624ffa3207c417241a8e1315337d080d8bada31f932e942dd1f8f334c37401bc352ef4e734aeb42c6d90592a7619c8e78cdf500ef823e5536eadd77b08f898d1ae36ca3c756c9bfc9874470d93fc1acfec6bd4813f95ee2edc7c36a1ba8d8e6a8d0fac638c215eef2d95ee0370272b6591e610246c47f41a47ae87d9654f85220a1aa7626f93b32474a9,gx-no-cache=1694702007355 HTTP/1.1" 200 94
200.54.107.2 - - [14/Sep/2023:11:50:09 -0300] "POST /cormun/servlet/solicitudotlog?3530b77b13e9eabd8ebc97e143e5c864,INS,2023,20577,0,ANU,,gx-no-cache=1694702020605 HTTP/1.1" 200 4076
200.54.107.2 - - [14/Sep/2023:11:50:09 -0300] "GET /cormun/static/Shared/jqueryui/images/ui-icons_82798d_256x240.png HTTP/1.1" 404 1089
200.54.107.2 - - [14/Sep/2023:11:50:09 -0300] "GET /cormun/static/Shared/jqueryui/images/ui-bg_flat_55_994d53_40x100.png HTTP/1.1" 404 1097
200.54.107.2 - - [14/Sep/2023:11:50:09 -0300] "GET /cormun/static/Shared/jqueryui/images/ui-bg_highlight-soft_100_c6c2c8_1x100.png HTTP/1.1" 404 1117
200.54.107.2 - - [14/Sep/2023:11:50:09 -0300] "GET /cormun/static/Shared/jqueryui/images/ui-icons_ebccce_256x240.png HTTP/1.1" 404 1089
200.54.107.2 - - [14/Sep/2023:11:50:19 -0300] "GET /cormun/servlet/trautorizarsolicitud? HTTP/1.1" 200 10179
200.54.107.2 - - [14/Sep/2023:11:50:20 -0300] "GET /cormun/servlet/trautorizarsolicitud? HTTP/1.1" 200 10179
40.77.167.64 - - [14/Sep/2023:11:51:13 -0300] "GET /cormun/servlet/hpexe_return HTTP/1.1" 200 987
190.171.142.50 - - [14/Sep/2023:11:51:55 -0300] "GET /cormun/servlet/trpermisosgoce? HTTP/1.1" 200 6025
190.171.142.50 - - [14/Sep/2023:11:51:55 -0300] "GET /cormun/static/Resources/CormunMP2.png HTTP/1.1" 304 -
190.171.142.50 - - [14/Sep/2023:11:51:55 -0300] "GET /cormun/servlet/hlogin HTTP/1.1" 200 1732
190.171.142.50 - - [14/Sep/2023:11:51:56 -0300] "GET /cormun/static/Resources/CormunLogin.png HTTP/1.1" 304 -
190.171.142.50 - - [14/Sep/2023:11:51:56 -0300] "GET /cormun/servlet/trpermisosgoce? HTTP/1.1" 200 6023
190.171.142.50 - - [14/Sep/2023:11:52:03 -0300] "POST /cormun/servlet/hlogin?acc4ab53e93151507ebadc273fbb22d0,gx-no-cache=1694702135315 HTTP/1.1" 200 90
190.171.142.50 - - [14/Sep/2023:11:52:03 -0300] "GET /cormun/servlet/hpexe_link HTTP/1.1" 200 950
190.171.142.50 - - [14/Sep/2023:11:52:04 -0300] "GET /cormun/servlet/trpermisosgoce HTTP/1.1" 200 11922
190.171.142.50 - - [14/Sep/2023:11:52:04 -0300] "GET /cormun/servlet/trpermisosgoce HTTP/1.1" 200 11920
190.171.142.50 - - [14/Sep/2023:11:52:08 -0300] "GET /cormun/servlet/trlicencias? HTTP/1.1" 200 13689
190.171.142.50 - - [14/Sep/2023:11:52:09 -0300] "GET /cormun/servlet/trlicencias? HTTP/1.1" 200 13687
190.171.152.234 - - [14/Sep/2023:11:54:18 -0300] "GET /cormun/servlet/trautorizarsolicitud? HTTP/1.1" 200 8767
190.171.152.234 - - [14/Sep/2023:11:54:18 -0300] "GET /cormun/servlet/trautorizarsolicitud? HTTP/1.1" 200 8767
190.171.152.234 - - [14/Sep/2023:11:54:22 -0300] "POST /cormun/servlet/trautorizarsolicitud?d82804915885279274c5b71299a37e92,,gx-no-cache=1694702430437 HTTP/1.1" 200 4783
190.171.152.234 - - [14/Sep/2023:11:54:22 -0300] "GET /cormun/static/Shared/jqueryui/images/ui-bg_highlight-soft_100_c6c2c8_1x100.png HTTP/1.1" 404 1117
190.171.152.234 - - [14/Sep/2023:11:54:22 -0300] "GET /cormun/static/Shared/jqueryui/images/ui-icons_82798d_256x240.png HTTP/1.1" 404 1089
190.171.152.234 - - [14/Sep/2023:11:54:22 -0300] "GET /cormun/static/Shared/jqueryui/images/ui-icons_8d78a5_256x240.png HTTP/1.1" 404 1089
190.171.152.234 - - [14/Sep/2023:11:54:22 -0300] "GET /cormun/static/Shared/jqueryui/images/ui-bg_flat_55_fafafa_40x100.png HTTP/1.1" 404 1097
190.171.152.234 - - [14/Sep/2023:11:54:22 -0300] "POST /cormun/servlet/trautorizarsolicitud?d82804915885279274c5b71299a37e92,,gx-no-cache=1694702430712 HTTP/1.1" 200 4546
190.171.152.234 - - [14/Sep/2023:11:56:52 -0300] "GET /cormun/servlet/trlicencias? HTTP/1.1" 200 11615
190.171.152.234 - - [14/Sep/2023:11:56:53 -0300] "GET /cormun/servlet/trlicencias? HTTP/1.1" 200 11615
200.54.107.2 - - [14/Sep/2023:12:05:32 -0300] "GET /cormun/servlet/hlogin HTTP/1.1" 200 1725
200.54.107.2 - - [14/Sep/2023:12:05:32 -0300] "GET /cormun/servlet/hlogin HTTP/1.1" 200 1725
200.54.107.2 - - [14/Sep/2023:12:05:38 -0300] "POST /cormun/servlet/hlogin?3530b77b13e9eabd8ebc97e143e5c864,gx-no-cache=1694702947378 HTTP/1.1" 200 90
200.54.107.2 - - [14/Sep/2023:12:05:38 -0300] "GET /cormun/servlet/hpexe_link HTTP/1.1" 200 965
52.167.144.138 - - [14/Sep/2023:12:05:41 -0300] "GET /cormun/servlet/trsolicitudot HTTP/1.1" 200 6311
200.54.107.2 - - [14/Sep/2023:12:05:41 -0300] "GET /cormun/servlet/trautorizarsolicitud HTTP/1.1" 200 10180
200.54.107.2 - - [14/Sep/2023:12:05:42 -0300] "GET /cormun/servlet/trautorizarsolicitud HTTP/1.1" 200 10179
181.226.196.9 - - [14/Sep/2023:12:11:41 -0300] "GET /cormun/servlet/hlogin HTTP/1.1" 200 1723
181.226.196.9 - - [14/Sep/2023:12:11:42 -0300] "GET /cormun/static/gxtimezone.js?85251 HTTP/1.1" 200 5781
181.226.196.9 - - [14/Sep/2023:12:11:42 -0300] "GET /cormun/static/gxcfg.js?2022112219184450 HTTP/1.1" 200 953
181.226.196.9 - - [14/Sep/2023:12:11:42 -0300] "GET /cormun/static/messages.spa.js?85251 HTTP/1.1" 200 30736
181.226.196.9 - - [14/Sep/2023:12:11:42 -0300] "GET /cormun/static/Resources/CormunLogin.png HTTP/1.1" 200 19132
181.226.196.9 - - [14/Sep/2023:12:11:42 -0300] "GET /cormun/static/Resources/Spanish/PXTools.css?1759030 HTTP/1.1" 200 100853
181.226.196.9 - - [14/Sep/2023:12:11:42 -0300] "GET /cormun/static/hlogin.js?2022112219184458 HTTP/1.1" 200 2156
181.226.196.9 - - [14/Sep/2023:12:11:42 -0300] "GET /cormun/static/gxgral.js?85251 HTTP/1.1" 200 384558
181.226.196.9 - - [14/Sep/2023:12:11:43 -0300] "GET /cormun/static/Resources/PXToolsLoginBackground.png HTTP/1.1" 200 1164
181.226.196.9 - - [14/Sep/2023:12:11:43 -0300] "GET /cormun/static/Resources/PXToolsLoginTop.png HTTP/1.1" 200 1337
181.226.196.9 - - [14/Sep/2023:12:11:43 -0300] "GET /cormun/static/Resources/PXToolsButtonBackground.png HTTP/1.1" 200 1176
181.226.196.9 - - [14/Sep/2023:12:11:43 -0300] "GET /cormun/static/Resources/PXToolsButtonLeft.png HTTP/1.1" 200 1310
181.226.196.9 - - [14/Sep/2023:12:11:43 -0300] "GET /cormun/static/Resources/PXToolsLoginBottom.png HTTP/1.1" 200 1389
181.226.196.9 - - [14/Sep/2023:12:11:43 -0300] "GET /cormun/servlet/hlogin HTTP/1.1" 200 1734
181.226.196.9 - - [14/Sep/2023:12:11:43 -0300] "GET /cormun/static/Resources/indicator.gif HTTP/1.1" 200 1553
181.226.196.9 - - [14/Sep/2023:12:11:43 -0300] "GET /cormun/static/Resources/PXToolsButtonRight.png HTTP/1.1" 200 1294
181.226.196.9 - - [14/Sep/2023:12:11:43 -0300] "GET /favicon.ico HTTP/1.1" 200 21630
190.171.142.50 - - [14/Sep/2023:12:14:41 -0300] "GET /cormun/servlet/trlicencias? HTTP/1.1" 200 13689
190.171.142.50 - - [14/Sep/2023:12:14:42 -0300] "GET /cormun/servlet/trlicencias? HTTP/1.1" 200 13687
192.168.10.96 - - [14/Sep/2023:12:19:31 -0300] "GET /cormun/servlet/vesolicitudgral?2023,20575,, HTTP/1.1" 200 7811
192.168.10.96 - - [14/Sep/2023:12:19:32 -0300] "GET /cormun/pexe_scrolldiv.js HTTP/1.1" 404 1009
192.168.10.96 - - [14/Sep/2023:12:19:32 -0300] "GET /cormun/servlet/hlogin HTTP/1.1" 200 1746
192.168.10.96 - - [14/Sep/2023:12:19:32 -0300] "GET /cormun/servlet/vesolicitudgral?2023,20575,, HTTP/1.1" 200 7809
192.168.10.96 - - [14/Sep/2023:12:19:35 -0300] "POST /cormun/servlet/hlogin?1855f1b2835bcc3f012f8499042310e0,gx-no-cache=1694703778819 HTTP/1.1" 200 90
192.168.10.96 - - [14/Sep/2023:12:19:35 -0300] "GET /cormun/servlet/hpexe_link HTTP/1.1" 200 964
192.168.10.96 - - [14/Sep/2023:12:19:35 -0300] "GET /cormun/servlet/vesolicitudgral?2023,20575,, HTTP/1.1" 200 8328
192.168.10.96 - - [14/Sep/2023:12:19:35 -0300] "GET /cormun/pexe_scrolldiv.js HTTP/1.1" 404 1009
192.168.10.96 - - [14/Sep/2023:12:19:37 -0300] "GET /cormun/servlet/vesolicitudgral?2023,20575,, HTTP/1.1" 200 8326
192.168.10.96 - - [14/Sep/2023:12:19:43 -0300] "GET /cormun/servlet/trsolicitudgral? HTTP/1.1" 200 21752
192.168.10.96 - - [14/Sep/2023:12:19:44 -0300] "GET /cormun/servlet/trsolicitudgral? HTTP/1.1" 200 21750
192.168.10.96 - - [14/Sep/2023:12:19:51 -0300] "GET /cormun/servlet/vesolicitudgral?2023,20576,, HTTP/1.1" 200 8271
192.168.10.96 - - [14/Sep/2023:12:19:51 -0300] "GET /cormun/pexe_scrolldiv.js HTTP/1.1" 404 1009
192.168.10.96 - - [14/Sep/2023:12:19:51 -0300] "GET /cormun/servlet/vesolicitudgral?2023,20576,, HTTP/1.1" 200 8270
192.168.10.96 - - [14/Sep/2023:12:20:30 -0300] "POST /cormun/servlet/vesolicitudgral?1855f1b2835bcc3f012f8499042310e0,2023,20576,,,gx-no-cache=1694703833239 HTTP/1.1" 200 12013
192.168.10.96 - - [14/Sep/2023:12:20:30 -0300] "GET /cormun/static/Shared/jqueryui/images/ui-icons_82798d_256x240.png HTTP/1.1" 404 1089
192.168.10.96 - - [14/Sep/2023:12:20:30 -0300] "GET /cormun/static/Shared/jqueryui/images/ui-bg_flat_55_fafafa_40x100.png HTTP/1.1" 404 1097
192.168.10.96 - - [14/Sep/2023:12:20:30 -0300] "GET /cormun/static/Shared/jqueryui/images/ui-icons_8d78a5_256x240.png HTTP/1.1" 404 1089
192.168.10.96 - - [14/Sep/2023:12:20:30 -0300] "GET /cormun/static/Shared/jqueryui/images/ui-bg_highlight-soft_100_c6c2c8_1x100.png HTTP/1.1" 404 1117
192.168.10.96 - - [14/Sep/2023:12:20:31 -0300] "POST /cormun/servlet/vesolicitudgral?1855f1b2835bcc3f012f8499042310e0,2023,20576,,,gx-no-cache=1694703834072 HTTP/1.1" 200 11946
192.168.10.96 - - [14/Sep/2023:12:20:33 -0300] "GET /cormun/servlet/trsolicitudgral? HTTP/1.1" 200 21388
192.168.10.96 - - [14/Sep/2023:12:20:34 -0300] "GET /cormun/servlet/trsolicitudgral? HTTP/1.1" 200 21384
181.42.42.28 - - [14/Sep/2023:12:20:40 -0300] "GET /cormun/servlet/hlogin HTTP/1.1" 200 1725
181.42.42.28 - - [14/Sep/2023:12:20:44 -0300] "GET /cormun/static/gxtimezone.js?85251 HTTP/1.1" 200 5781
181.42.42.28 - - [14/Sep/2023:12:20:44 -0300] "GET /cormun/static/gxcfg.js?2022112219184450 HTTP/1.1" 200 953
181.42.42.28 - - [14/Sep/2023:12:20:46 -0300] "GET /cormun/static/Resources/Spanish/PXTools.css?1759030 HTTP/1.1" 200 100853
181.42.42.28 - - [14/Sep/2023:12:20:47 -0300] "GET /cormun/static/messages.spa.js?85251 HTTP/1.1" 200 30736
181.42.42.28 - - [14/Sep/2023:12:20:48 -0300] "GET /cormun/static/hlogin.js?2022112219184458 HTTP/1.1" 200 2156
181.42.42.28 - - [14/Sep/2023:12:20:49 -0300] "GET /cormun/static/Resources/CormunLogin.png HTTP/1.1" 200 19132
181.42.42.28 - - [14/Sep/2023:12:20:55 -0300] "GET /cormun/static/gxgral.js?85251 HTTP/1.1" 200 384558
181.42.42.28 - - [14/Sep/2023:12:20:58 -0300] "GET /cormun/static/Resources/PXToolsLoginTop.png HTTP/1.1" 200 1337
181.42.42.28 - - [14/Sep/2023:12:20:58 -0300] "GET /cormun/static/Resources/PXToolsLoginBackground.png HTTP/1.1" 200 1164
181.42.42.28 - - [14/Sep/2023:12:20:58 -0300] "GET /cormun/static/Resources/PXToolsButtonRight.png HTTP/1.1" 200 1294
181.42.42.28 - - [14/Sep/2023:12:20:58 -0300] "GET /cormun/static/Resources/PXToolsButtonLeft.png HTTP/1.1" 200 1310
181.42.42.28 - - [14/Sep/2023:12:20:58 -0300] "GET /cormun/static/Resources/PXToolsButtonBackground.png HTTP/1.1" 200 1176
181.42.42.28 - - [14/Sep/2023:12:20:58 -0300] "GET /cormun/static/Resources/PXToolsLoginBottom.png HTTP/1.1" 200 1389
181.42.42.28 - - [14/Sep/2023:12:20:58 -0300] "GET /cormun/static/Resources/indicator.gif HTTP/1.1" 200 1553
181.42.42.28 - - [14/Sep/2023:12:20:58 -0300] "GET /cormun/servlet/hlogin HTTP/1.1" 200 1735
181.42.42.28 - - [14/Sep/2023:12:20:59 -0300] "GET /favicon.ico HTTP/1.1" 200 21630
192.168.10.96 - - [14/Sep/2023:12:21:03 -0300] "POST /cormun/servlet/trsolicitudgral?1855f1b2835bcc3f012f8499042310e0,,gx-no-cache=1694703866720 HTTP/1.1" 200 18073
192.168.10.96 - - [14/Sep/2023:12:21:03 -0300] "GET /cormun/static/Shared/jqueryui/images/ui-bg_highlight-soft_100_c6c2c8_1x100.png HTTP/1.1" 404 1117
192.168.10.96 - - [14/Sep/2023:12:21:03 -0300] "GET /cormun/static/Shared/jqueryui/images/ui-icons_82798d_256x240.png HTTP/1.1" 404 1089
192.168.10.96 - - [14/Sep/2023:12:21:04 -0300] "GET /cormun/static/Shared/jqueryui/images/ui-icons_8d78a5_256x240.png HTTP/1.1" 404 1089
192.168.10.96 - - [14/Sep/2023:12:21:04 -0300] "GET /cormun/static/Shared/jqueryui/images/ui-bg_flat_55_fafafa_40x100.png HTTP/1.1" 404 1097
192.168.10.96 - - [14/Sep/2023:12:21:05 -0300] "GET /cormun/servlet/trautorizarot? HTTP/1.1" 200 12324
192.168.10.96 - - [14/Sep/2023:12:21:05 -0300] "GET /cormun/servlet/trautorizarot? HTTP/1.1" 200 12324
181.42.42.28 - - [14/Sep/2023:12:21:17 -0300] "POST /cormun/servlet/hlogin?37d7bf175fc1322318845f19019c7a52,gx-no-cache=1694703902088 HTTP/1.1" 200 452
192.168.10.96 - - [14/Sep/2023:12:21:19 -0300] "POST /cormun/servlet/trautorizarot?1855f1b2835bcc3f012f8499042310e0,,gx-no-cache=1694703883149 HTTP/1.1" 200 8317
181.42.42.28 - - [14/Sep/2023:12:21:24 -0300] "POST /cormun/servlet/hlogin?37d7bf175fc1322318845f19019c7a52,gx-no-cache=1694703908454 HTTP/1.1" 200 90
181.42.42.28 - - [14/Sep/2023:12:21:24 -0300] "GET /cormun/servlet/hpexe_link HTTP/1.1" 200 955
181.42.42.28 - - [14/Sep/2023:12:21:24 -0300] "GET /cormun/static/gxcfg.js?20221129847421 HTTP/1.1" 200 953
181.42.42.28 - - [14/Sep/2023:12:21:24 -0300] "GET /cormun/static/hpexe_link.js?20221129847423 HTTP/1.1" 200 625
181.42.42.28 - - [14/Sep/2023:12:21:24 -0300] "GET /cormun/static/Resources/Spanish/PXTools.css?8354383 HTTP/1.1" 200 100853
181.42.42.28 - - [14/Sep/2023:12:21:24 -0300] "GET /cormun/servlet/hhome HTTP/1.1" 200 4084
181.42.42.28 - - [14/Sep/2023:12:21:25 -0300] "GET /cormun/static/SmoothNavMenu/resources/ddsmoothmenu.css?1112540 HTTP/1.1" 200 2223
181.42.42.28 - - [14/Sep/2023:12:21:25 -0300] "GET /cormun/static/SmoothNavMenu/resources/ddsmoothmenu-v.css?1112540 HTTP/1.1" 200 1188
181.42.42.28 - - [14/Sep/2023:12:21:25 -0300] "GET /cormun/static/gxcfg.js?20201215495537 HTTP/1.1" 200 953
181.42.42.28 - - [14/Sep/2023:12:21:25 -0300] "GET /cormun/static/Resources/Spanish/PXTools.css?14345360 HTTP/1.1" 200 100853
181.42.42.28 - - [14/Sep/2023:12:21:25 -0300] "GET /cormun/static/Shared/jqueryui/jquery-ui.min.css?1345370 HTTP/1.1" 200 30288
181.42.42.28 - - [14/Sep/2023:12:21:25 -0300] "GET /cormun/static/scaMessage/css/jquery.pnotify.default.css?1816380 HTTP/1.1" 200 1707
181.42.42.28 - - [14/Sep/2023:12:21:25 -0300] "GET /cormun/static/PXToolsJavascripts/pexe_autoreload.js HTTP/1.1" 200 1762
181.42.42.28 - - [14/Sep/2023:12:21:25 -0300] "GET /cormun/static/PXToolsJavascripts/pexe_cookies.js HTTP/1.1" 200 792
181.42.42.28 - - [14/Sep/2023:12:21:25 -0300] "GET /cormun/static/PXToolsJavascripts/pexe_menus.js HTTP/1.1" 200 1286
181.42.42.28 - - [14/Sep/2023:12:21:25 -0300] "GET /cormun/static/PXToolsJavascripts/pexe_menudivfix.js HTTP/1.1" 200 333
181.42.42.28 - - [14/Sep/2023:12:21:25 -0300] "GET /cormun/static/PXToolsJavascripts/pexe_link.js HTTP/1.1" 200 5671
181.42.42.28 - - [14/Sep/2023:12:21:25 -0300] "GET /cormun/static/PXToolsJavascripts/pexe_grid.js HTTP/1.1" 200 7559
181.42.42.28 - - [14/Sep/2023:12:21:25 -0300] "GET /cormun/static/PXToolsJavascripts/pexe_griddivfix.js HTTP/1.1" 200 6946
181.42.42.28 - - [14/Sep/2023:12:21:25 -0300] "GET /cormun/static/PXToolsJavascripts/pexe_windows.js HTTP/1.1" 200 15249
181.42.42.28 - - [14/Sep/2023:12:21:25 -0300] "GET /cormun/static/PXToolsJavascripts/pexe_layers.js HTTP/1.1" 200 4114
181.42.42.28 - - [14/Sep/2023:12:21:25 -0300] "GET /cormun/static/PXToolsJavascripts/pexe_oav.js HTTP/1.1" 200 645
181.42.42.28 - - [14/Sep/2023:12:21:25 -0300] "GET /cormun/static/PXToolsJavascripts/pexe_oavdivfix.js HTTP/1.1" 200 639
181.42.42.28 - - [14/Sep/2023:12:21:25 -0300] "GET /cormun/static/PXToolsJavascripts/pexe_picture.js HTTP/1.1" 200 689
181.42.42.28 - - [14/Sep/2023:12:21:25 -0300] "GET /cormun/static/PXToolsJavascripts/pexe_popup.js HTTP/1.1" 200 15149
181.42.42.28 - - [14/Sep/2023:12:21:25 -0300] "GET /cormun/static/PXToolsJavascripts/pexe_scrolldiv.js HTTP/1.1" 200 4138
181.42.42.28 - - [14/Sep/2023:12:21:25 -0300] "GET /cormun/static/PXToolsJavascripts/pexe_tabdivfix.js HTTP/1.1" 200 898
181.42.42.28 - - [14/Sep/2023:12:21:25 -0300] "GET /cormun/static/PXToolsJavascripts/pexe_tabs.js HTTP/1.1" 200 3748
181.42.42.28 - - [14/Sep/2023:12:21:25 -0300] "GET /cormun/static/PXToolsJavascripts/pexe_upload.js HTTP/1.1" 200 1423
181.42.42.28 - - [14/Sep/2023:12:21:25 -0300] "GET /cormun/static/PXToolsJavascripts/PXToolsJavascriptsRender.js HTTP/1.1" 200 367
181.42.42.28 - - [14/Sep/2023:12:21:25 -0300] "GET /cormun/static/RunJS/RunJS.js HTTP/1.1" 200 288
181.42.42.28 - - [14/Sep/2023:12:21:25 -0300] "GET /cormun/static/Shared/ext/locale/ext-lang-en.js HTTP/1.1" 200 10940
181.42.42.28 - - [14/Sep/2023:12:21:25 -0300] "GET /cormun/static/hhome.js?20201215495544 HTTP/1.1" 200 777
181.42.42.28 - - [14/Sep/2023:12:21:26 -0300] "GET /cormun/static/hwchdr01.js?2022112219251119 HTTP/1.1" 200 996
181.42.42.28 - - [14/Sep/2023:12:21:26 -0300] "GET /cormun/static/Resources/PXToolsDataTitle.png HTTP/1.1" 200 1173
181.42.42.28 - - [14/Sep/2023:12:21:26 -0300] "GET /cormun/static/Resources/CormunMP2.png HTTP/1.1" 200 6878
181.42.42.28 - - [14/Sep/2023:12:21:26 -0300] "GET /cormun/static/Resources/ImgLogin.png HTTP/1.1" 200 1432
181.42.42.28 - - [14/Sep/2023:12:21:26 -0300] "GET /cormun/static/Resources/Llave.png HTTP/1.1" 200 1395
181.42.42.28 - - [14/Sep/2023:12:21:26 -0300] "GET /cormun/static/gxui/gxui-all.js HTTP/1.1" 200 107772
181.42.42.28 - - [14/Sep/2023:12:21:26 -0300] "GET /cormun/static/Resources/ImgHome.png HTTP/1.1" 200 1364
181.42.42.28 - - [14/Sep/2023:12:21:26 -0300] "GET /cormun/static/hpexe_recentlink.js?20201214471090 HTTP/1.1" 200 2144
181.42.42.28 - - [14/Sep/2023:12:21:26 -0300] "GET /cormun/static/hpexe_scripts.js?20201214471411 HTTP/1.1" 200 1544
181.42.42.28 - - [14/Sep/2023:12:21:26 -0300] "GET /cormun/static/hpexe_messagecontroller.js?202211298371222 HTTP/1.1" 200 870
181.42.42.28 - - [14/Sep/2023:12:21:26 -0300] "GET /cormun/static/hpexe_messagepopupcomponent.js?2020121447232 HTTP/1.1" 200 605
181.42.42.28 - - [14/Sep/2023:12:21:27 -0300] "GET /cormun/static/hpexe_messagegenexuscomponent.js?20221129836373 HTTP/1.1" 200 587
181.42.42.28 - - [14/Sep/2023:12:21:27 -0300] "GET /cormun/static/cmcontrolpreferences.js?20199141926336 HTTP/1.1" 200 1375
181.42.42.28 - - [14/Sep/2023:12:21:27 -0300] "GET /cormun/static/SmoothNavMenu/resources/ddsmoothmenu.js HTTP/1.1" 200 12712
181.42.42.28 - - [14/Sep/2023:12:21:27 -0300] "GET /cormun/static/SmoothNavMenu/resources/SmoothNavMenuRender.js HTTP/1.1" 200 5951
181.42.42.28 - - [14/Sep/2023:12:21:27 -0300] "GET /cormun/static/scaMessage/js/jquery.pnotify.min.js HTTP/1.1" 200 13038
181.42.42.28 - - [14/Sep/2023:12:21:27 -0300] "GET /cormun/static/scaMessage/scaMessageRender.js HTTP/1.1" 200 11977
181.42.42.28 - - [14/Sep/2023:12:21:27 -0300] "GET /cormun/static/Shared/jquery/jquery-1.4.2.min.js HTTP/1.1" 200 72174
181.42.42.28 - - [14/Sep/2023:12:21:28 -0300] "GET /cormun/static/hmpwkw03.js?20221129844354 HTTP/1.1" 200 3971
181.42.42.28 - - [14/Sep/2023:12:21:30 -0300] "GET /cormun/static/Shared/jqueryui/jquery-ui.min.js HTTP/1.1" 200 240427
181.42.42.28 - - [14/Sep/2023:12:21:30 -0300] "GET /cormun/static/Shared/jquery/jquery-1.10.2.min.js HTTP/1.1" 200 273199
181.42.42.28 - - [14/Sep/2023:12:21:35 -0300] "GET /cormun/static/Shared/ext/ext-all.js HTTP/1.1" 200 1289687
181.42.42.28 - - [14/Sep/2023:12:21:40 -0300] "GET /cormun/static/SmoothNavMenu/resources/images/down.gif HTTP/1.1" 200 854
181.42.42.28 - - [14/Sep/2023:12:21:40 -0300] "GET /cormun/servlet/hhome HTTP/1.1" 200 4080
181.42.42.28 - - [14/Sep/2023:12:21:40 -0300] "GET /cormun/static/SmoothNavMenu/resources/images/right.gif HTTP/1.1" 200 860
192.168.10.96 - - [14/Sep/2023:12:22:33 -0300] "POST /cormun/servlet/trautorizarot?1855f1b2835bcc3f012f8499042310e0,,gx-no-cache=1694703957029 HTTP/1.1" 200 7892
192.168.10.96 - - [14/Sep/2023:12:22:38 -0300] "GET /cormun/servlet/trautorizarot? HTTP/1.1" 200 10890
192.168.10.96 - - [14/Sep/2023:12:22:38 -0300] "GET /cormun/servlet/trautorizarot? HTTP/1.1" 200 10890
192.168.10.96 - - [14/Sep/2023:12:22:40 -0300] "GET /cormun/servlet/trsolicitudgral? HTTP/1.1" 200 20997
192.168.10.96 - - [14/Sep/2023:12:22:41 -0300] "GET /cormun/servlet/trsolicitudgral? HTTP/1.1" 200 20997
190.171.141.114 - - [14/Sep/2023:12:22:59 -0300] "GET /cormun/servlet/hlogin HTTP/1.1" 200 1718
190.171.141.114 - - [14/Sep/2023:12:22:59 -0300] "GET /cormun/servlet/hlogin HTTP/1.1" 200 1718
190.171.141.114 - - [14/Sep/2023:12:23:08 -0300] "POST /cormun/servlet/hlogin?cbe03d0a925ddc8539564d5bd99c9aa0,gx-no-cache=1694704000777 HTTP/1.1" 200 90
190.171.141.114 - - [14/Sep/2023:12:23:08 -0300] "GET /cormun/servlet/hpexe_link HTTP/1.1" 200 949
190.171.141.114 - - [14/Sep/2023:12:23:09 -0300] "GET /cormun/servlet/hhome HTTP/1.1" 200 4004
190.171.141.114 - - [14/Sep/2023:12:23:09 -0300] "GET /cormun/servlet/hhome HTTP/1.1" 200 4000
190.171.141.114 - - [14/Sep/2023:12:23:16 -0300] "GET /cormun/servlet/trpermisosgoce? HTTP/1.1" 200 11787
190.171.141.114 - - [14/Sep/2023:12:23:17 -0300] "GET /cormun/servlet/trpermisosgoce? HTTP/1.1" 200 11784
192.168.10.96 - - [14/Sep/2023:12:23:19 -0300] "POST /cormun/servlet/trsolicitudgral?1855f1b2835bcc3f012f8499042310e0,,gx-no-cache=1694704002337 HTTP/1.1" 200 17596
192.168.10.96 - - [14/Sep/2023:12:23:19 -0300] "GET /cormun/static/Shared/jqueryui/images/ui-bg_highlight-soft_100_c6c2c8_1x100.png HTTP/1.1" 404 1117
192.168.10.96 - - [14/Sep/2023:12:23:19 -0300] "GET /cormun/static/Shared/jqueryui/images/ui-icons_82798d_256x240.png HTTP/1.1" 404 1089
192.168.10.96 - - [14/Sep/2023:12:23:19 -0300] "GET /cormun/static/Shared/jqueryui/images/ui-bg_flat_55_fafafa_40x100.png HTTP/1.1" 404 1097
192.168.10.96 - - [14/Sep/2023:12:23:19 -0300] "GET /cormun/static/Shared/jqueryui/images/ui-icons_8d78a5_256x240.png HTTP/1.1" 404 1089
192.168.10.96 - - [14/Sep/2023:12:23:20 -0300] "GET /cormun/servlet/trautorizarot? HTTP/1.1" 200 11342
192.168.10.96 - - [14/Sep/2023:12:23:21 -0300] "GET /cormun/servlet/trautorizarot? HTTP/1.1" 200 11341
190.171.141.114 - - [14/Sep/2023:12:23:21 -0300] "GET /cormun/servlet/permisogoce?INS,0,,, HTTP/1.1" 200 6875
190.171.141.114 - - [14/Sep/2023:12:23:22 -0300] "GET /cormun/servlet/permisogoce?INS,0,,, HTTP/1.1" 200 6875
192.168.10.96 - - [14/Sep/2023:12:23:25 -0300] "POST /cormun/servlet/trautorizarot?1855f1b2835bcc3f012f8499042310e0,,gx-no-cache=1694704008445 HTTP/1.1" 200 7892
190.171.141.114 - - [14/Sep/2023:12:23:34 -0300] "GET /cormun/servlet/permisogoce?eece8099d51fd98acd2e2e61944b8b61ca7e29e031a9c628eb948f136784a6b9f8030d765bbbfe27b286faa021fc7793828eea2f1e8a93034be74f9db4c19ce7,gx-no-cache=1694704026794 HTTP/1.1" 200 65
190.171.141.114 - - [14/Sep/2023:12:23:34 -0300] "GET /cormun/static/menuarrow.gif HTTP/1.1" 404 1015
190.171.141.114 - - [14/Sep/2023:12:23:44 -0300] "GET /cormun/servlet/permisogoce?eece8099d51fd98acd2e2e61944b8b6149f2a9fe87db8dafdcdf04c490ca3ccac36882efe25dd9036606527083c4748ec7a812806b344d087fe570f7a1bc3fdb,gx-no-cache=1694704036032 HTTP/1.1" 200 47
192.168.10.96 - - [14/Sep/2023:12:23:55 -0300] "GET /cormun/servlet/trsolicitudgral? HTTP/1.1" 200 20609
192.168.10.96 - - [14/Sep/2023:12:23:56 -0300] "GET /cormun/servlet/trsolicitudgral? HTTP/1.1" 200 20609
192.168.10.96 - - [14/Sep/2023:12:24:08 -0300] "GET /cormun/servlet/vesolicitudgral?2023,20523,, HTTP/1.1" 200 8299
192.168.10.96 - - [14/Sep/2023:12:24:08 -0300] "GET /cormun/pexe_scrolldiv.js HTTP/1.1" 404 1009
192.168.10.96 - - [14/Sep/2023:12:24:08 -0300] "GET /cormun/servlet/vesolicitudgral?2023,20523,, HTTP/1.1" 200 8299
190.171.141.114 - - [14/Sep/2023:12:24:13 -0300] "POST /cormun/servlet/permisogoce?cbe03d0a925ddc8539564d5bd99c9aa0,INS,0,,,,gx-no-cache=1694704064507 HTTP/1.1" 200 93
190.171.141.114 - - [14/Sep/2023:12:24:13 -0300] "GET /cormun/servlet/hpexe_return? HTTP/1.1" 200 1007
190.171.141.114 - - [14/Sep/2023:12:24:14 -0300] "GET /cormun/servlet/trpermisosgoce HTTP/1.1" 200 12039
190.171.141.114 - - [14/Sep/2023:12:24:14 -0300] "GET /cormun/servlet/trpermisosgoce HTTP/1.1" 200 12034
190.171.141.114 - - [14/Sep/2023:12:24:20 -0300] "GET /cormun/servlet/apermisogoceprn?16816825,P,20230914120645,PU HTTP/1.1" 200 1648
192.168.10.96 - - [14/Sep/2023:12:25:19 -0300] "GET /cormun/servlet/trsolicitudgral? HTTP/1.1" 200 20610
192.168.10.96 - - [14/Sep/2023:12:25:20 -0300] "GET /cormun/servlet/trsolicitudgral? HTTP/1.1" 200 20609
190.171.153.50 - - [14/Sep/2023:12:35:15 -0300] "GET /cormun/servlet/hlogin HTTP/1.1" 200 1724
190.171.153.50 - - [14/Sep/2023:12:35:15 -0300] "GET /cormun/servlet/hlogin HTTP/1.1" 200 1734
190.171.153.50 - - [14/Sep/2023:12:35:24 -0300] "POST /cormun/servlet/hlogin?ad6c2d9676b400cf59f0effb3d50af76,gx-no-cache=1694704737993 HTTP/1.1" 200 90
190.171.153.50 - - [14/Sep/2023:12:35:24 -0300] "GET /cormun/servlet/hpexe_link HTTP/1.1" 200 953
190.171.153.50 - - [14/Sep/2023:12:35:24 -0300] "GET /cormun/servlet/hhome HTTP/1.1" 200 4279
190.171.153.50 - - [14/Sep/2023:12:35:25 -0300] "GET /cormun/servlet/hhome HTTP/1.1" 200 4276
190.171.153.50 - - [14/Sep/2023:12:35:29 -0300] "GET /cormun/servlet/trpermisosgoce? HTTP/1.1" 200 10844
