190.171.141.82 - - [13/Sep/2023:12:27:22 -0300] "GET /cormun/servlet/hpexe_return? HTTP/1.1" 200 1039
190.171.141.82 - - [13/Sep/2023:12:27:22 -0300] "GET /cormun/servlet/trpermisosadjuntos?15805592,20230912081919,P, HTTP/1.1" 200 6767
190.171.141.82 - - [13/Sep/2023:12:27:23 -0300] "GET /cormun/servlet/trpermisosadjuntos?15805592,20230912081919,P, HTTP/1.1" 200 6762
181.212.40.185 - - [13/Sep/2023:12:27:25 -0300] "GET /cormun/servlet/permisogoce?d795df2ec04868daafb38f2ea602870fb6a42678edcd3d94d9ceb08b06088ffe4b8084d8f1245ae028ff96fed82b5a0da27231e5ffb6c3daa7ff1d706f09f52e,gx-no-cache=1694617857739 HTTP/1.1" 200 47
195.140.227.163 - - [13/Sep/2023:12:27:28 -0300] "GET /manager/html HTTP/1.1" 401 2474
190.171.141.82 - - [13/Sep/2023:12:27:33 -0300] "GET /cormun/servlet/trpermisosgoce? HTTP/1.1" 200 12994
190.171.141.82 - - [13/Sep/2023:12:27:33 -0300] "GET /cormun/servlet/trpermisosgoce? HTTP/1.1" 200 12997
181.212.40.185 - - [13/Sep/2023:12:27:34 -0300] "POST /cormun/servlet/permisogoce?1312510a8dd62502157783e858f09c58,INS,0,,,,gx-no-cache=1694617866383 HTTP/1.1" 200 93
181.212.40.185 - - [13/Sep/2023:12:27:34 -0300] "GET /cormun/servlet/hpexe_return? HTTP/1.1" 200 1029
181.212.40.185 - - [13/Sep/2023:12:27:34 -0300] "GET /cormun/servlet/trpermisosgoce?gx-no-cache=1694617644979 HTTP/1.1" 200 19313
181.212.40.185 - - [13/Sep/2023:12:27:35 -0300] "GET /cormun/servlet/trpermisosgoce?gx-no-cache=1694617644979 HTTP/1.1" 200 19329
190.171.141.82 - - [13/Sep/2023:12:27:39 -0300] "GET /cormun/servlet/trpermisosadjuntos?13950076,20230911115809,P, HTTP/1.1" 200 6283
190.171.141.82 - - [13/Sep/2023:12:27:40 -0300] "GET /cormun/servlet/trpermisosadjuntos?13950076,20230911115809,P, HTTP/1.1" 200 6284
190.171.141.82 - - [13/Sep/2023:12:27:41 -0300] "GET /cormun/servlet/permisosadjuntos?INS,13950076,P,20230911115809,, HTTP/1.1" 200 5606
190.171.141.82 - - [13/Sep/2023:12:27:41 -0300] "GET /cormun/static/about:blank HTTP/1.1" 404 1011
190.171.141.82 - - [13/Sep/2023:12:27:42 -0300] "GET /cormun/servlet/permisosadjuntos?INS,13950076,P,20230911115809,, HTTP/1.1" 200 5596
181.212.40.185 - - [13/Sep/2023:12:27:45 -0300] "GET /cormun/servlet/trpermisosadjuntos?15994569,20230913121034,P, HTTP/1.1" 200 6543
181.212.40.185 - - [13/Sep/2023:12:27:45 -0300] "GET /cormun/servlet/trpermisosadjuntos?15994569,20230913121034,P, HTTP/1.1" 200 6523
190.171.141.82 - - [13/Sep/2023:12:27:45 -0300] "POST /cormun/servlet/permisosadjuntos?a6e913133e093ed5bb05e72f6e2b58e0,INS,13950076,P,20230911115809,, HTTP/1.1" 200 116
190.171.141.82 - - [13/Sep/2023:12:27:46 -0300] "GET /cormun/servlet/hpexe_return? HTTP/1.1" 200 1039
190.171.141.82 - - [13/Sep/2023:12:27:46 -0300] "GET /cormun/servlet/trpermisosadjuntos?13950076,20230911115809,P, HTTP/1.1" 200 6763
190.171.141.82 - - [13/Sep/2023:12:27:46 -0300] "GET /cormun/servlet/trpermisosadjuntos?13950076,20230911115809,P, HTTP/1.1" 200 6759
181.212.40.185 - - [13/Sep/2023:12:27:47 -0300] "GET /cormun/servlet/permisosadjuntos?INS,15994569,P,20230913121034,, HTTP/1.1" 200 5846
181.212.40.185 - - [13/Sep/2023:12:27:47 -0300] "GET /cormun/static/about:blank HTTP/1.1" 404 1011
181.212.40.185 - - [13/Sep/2023:12:27:47 -0300] "GET /cormun/servlet/permisosadjuntos?INS,15994569,P,20230913121034,, HTTP/1.1" 200 5836
190.171.141.82 - - [13/Sep/2023:12:27:50 -0300] "POST /cormun/servlet/trpermisosadjuntos?a6e913133e093ed5bb05e72f6e2b58e0,13950076,20230911115809,P,,gx-no-cache=1694617882574 HTTP/1.1" 200 90
190.171.141.82 - - [13/Sep/2023:12:27:50 -0300] "GET /cormun/servlet/hpexe_link HTTP/1.1" 200 984
190.171.141.82 - - [13/Sep/2023:12:27:51 -0300] "GET /cormun/servlet/trpermisosgoce HTTP/1.1" 200 12999
190.171.141.82 - - [13/Sep/2023:12:27:52 -0300] "GET /cormun/servlet/trpermisosgoce HTTP/1.1" 200 12994
181.212.40.185 - - [13/Sep/2023:12:27:56 -0300] "POST /cormun/servlet/permisosadjuntos?1312510a8dd62502157783e858f09c58,INS,15994569,P,20230913121034,, HTTP/1.1" 200 116
181.212.40.185 - - [13/Sep/2023:12:27:56 -0300] "GET /cormun/servlet/hpexe_return? HTTP/1.1" 200 1036
181.212.40.185 - - [13/Sep/2023:12:27:56 -0300] "GET /cormun/servlet/trpermisosadjuntos?15994569,20230913121034,P, HTTP/1.1" 200 7053
181.212.40.185 - - [13/Sep/2023:12:27:56 -0300] "GET /cormun/servlet/trpermisosadjuntos?15994569,20230913121034,P, HTTP/1.1" 200 7049
190.171.141.82 - - [13/Sep/2023:12:27:58 -0300] "GET /cormun/servlet/trpermisosadjuntos?13950076,20230911115922,P, HTTP/1.1" 200 6284
190.171.141.82 - - [13/Sep/2023:12:27:58 -0300] "GET /cormun/servlet/trpermisosadjuntos?13950076,20230911115922,P, HTTP/1.1" 200 6284
190.171.141.82 - - [13/Sep/2023:12:28:00 -0300] "GET /cormun/servlet/permisosadjuntos?INS,13950076,P,20230911115922,, HTTP/1.1" 200 5607
190.171.141.82 - - [13/Sep/2023:12:28:00 -0300] "GET /cormun/static/about:blank HTTP/1.1" 404 1011
190.171.141.82 - - [13/Sep/2023:12:28:00 -0300] "GET /cormun/servlet/permisosadjuntos?INS,13950076,P,20230911115922,, HTTP/1.1" 200 5597
190.171.141.82 - - [13/Sep/2023:12:28:06 -0300] "POST /cormun/servlet/permisosadjuntos?a6e913133e093ed5bb05e72f6e2b58e0,INS,13950076,P,20230911115922,, HTTP/1.1" 200 116
190.171.141.82 - - [13/Sep/2023:12:28:06 -0300] "GET /cormun/servlet/hpexe_return? HTTP/1.1" 200 1038
190.171.141.82 - - [13/Sep/2023:12:28:06 -0300] "GET /cormun/servlet/trpermisosadjuntos?13950076,20230911115922,P, HTTP/1.1" 200 6764
190.171.141.82 - - [13/Sep/2023:12:28:06 -0300] "GET /cormun/servlet/trpermisosadjuntos?13950076,20230911115922,P, HTTP/1.1" 200 6761
190.171.141.82 - - [13/Sep/2023:12:28:09 -0300] "POST /cormun/servlet/trpermisosadjuntos?a6e913133e093ed5bb05e72f6e2b58e0,13950076,20230911115922,P,,gx-no-cache=1694617900934 HTTP/1.1" 200 90
190.171.141.82 - - [13/Sep/2023:12:28:09 -0300] "GET /cormun/servlet/hpexe_link HTTP/1.1" 200 983
190.171.141.82 - - [13/Sep/2023:12:28:09 -0300] "GET /cormun/servlet/trpermisosgoce HTTP/1.1" 200 12991
190.171.141.82 - - [13/Sep/2023:12:28:09 -0300] "GET /cormun/servlet/trpermisosgoce HTTP/1.1" 200 12980
195.140.227.163 - - [13/Sep/2023:12:29:10 -0300] "GET /manager/html HTTP/1.1" 401 2474
190.171.141.82 - - [13/Sep/2023:12:29:26 -0300] "GET /cormun/servlet/trpermisosadjuntos?15125556,20230911120623,P, HTTP/1.1" 200 6290
190.171.141.82 - - [13/Sep/2023:12:29:27 -0300] "GET /cormun/servlet/trpermisosadjuntos?15125556,20230911120623,P, HTTP/1.1" 200 6291
190.171.141.82 - - [13/Sep/2023:12:29:38 -0300] "GET /cormun/servlet/permisosadjuntos?INS,15125556,P,20230911120623,, HTTP/1.1" 200 5612
190.171.141.82 - - [13/Sep/2023:12:29:39 -0300] "GET /cormun/static/about:blank HTTP/1.1" 404 1011
190.171.141.82 - - [13/Sep/2023:12:29:39 -0300] "GET /cormun/servlet/permisosadjuntos?INS,15125556,P,20230911120623,, HTTP/1.1" 200 5601
190.171.141.82 - - [13/Sep/2023:12:29:44 -0300] "POST /cormun/servlet/permisosadjuntos?a6e913133e093ed5bb05e72f6e2b58e0,INS,15125556,P,20230911120623,, HTTP/1.1" 200 116
190.171.141.82 - - [13/Sep/2023:12:29:44 -0300] "GET /cormun/servlet/hpexe_return? HTTP/1.1" 200 1039
190.171.141.82 - - [13/Sep/2023:12:29:44 -0300] "GET /cormun/servlet/trpermisosadjuntos?15125556,20230911120623,P, HTTP/1.1" 200 6764
190.171.141.82 - - [13/Sep/2023:12:29:44 -0300] "GET /cormun/servlet/trpermisosadjuntos?15125556,20230911120623,P, HTTP/1.1" 200 6762
190.171.141.82 - - [13/Sep/2023:12:29:46 -0300] "POST /cormun/servlet/trpermisosadjuntos?a6e913133e093ed5bb05e72f6e2b58e0,15125556,20230911120623,P,,gx-no-cache=1694617998815 HTTP/1.1" 200 90
190.171.141.82 - - [13/Sep/2023:12:29:46 -0300] "GET /cormun/servlet/hpexe_link HTTP/1.1" 200 983
190.171.141.82 - - [13/Sep/2023:12:29:47 -0300] "GET /cormun/servlet/trpermisosgoce HTTP/1.1" 200 13000
190.171.141.82 - - [13/Sep/2023:12:29:47 -0300] "GET /cormun/servlet/trpermisosgoce HTTP/1.1" 200 12998
190.171.141.82 - - [13/Sep/2023:12:29:56 -0300] "GET /cormun/servlet/trpermisosadjuntos?18040959,20230911120113,P, HTTP/1.1" 200 6281
190.171.141.82 - - [13/Sep/2023:12:29:57 -0300] "GET /cormun/servlet/trpermisosadjuntos?18040959,20230911120113,P, HTTP/1.1" 200 6282
190.171.141.82 - - [13/Sep/2023:12:29:59 -0300] "GET /cormun/servlet/permisosadjuntos?INS,18040959,P,20230911120113,, HTTP/1.1" 200 5606
190.171.141.82 - - [13/Sep/2023:12:29:59 -0300] "GET /cormun/static/about:blank HTTP/1.1" 404 1011
190.171.141.82 - - [13/Sep/2023:12:29:59 -0300] "GET /cormun/servlet/permisosadjuntos?INS,18040959,P,20230911120113,, HTTP/1.1" 200 5595
10.40.40.2 - - [13/Sep/2023:12:30:01 -0300] "GET /cormun/servlet/hlogin HTTP/1.1" 200 1724
10.40.40.2 - - [13/Sep/2023:12:30:01 -0300] "GET /cormun/static/Resources/Spanish/PXTools.css?1759030 HTTP/1.1" 200 100853
190.171.141.82 - - [13/Sep/2023:12:30:04 -0300] "POST /cormun/servlet/permisosadjuntos?a6e913133e093ed5bb05e72f6e2b58e0,INS,18040959,P,20230911120113,, HTTP/1.1" 200 116
190.171.141.82 - - [13/Sep/2023:12:30:04 -0300] "GET /cormun/servlet/hpexe_return? HTTP/1.1" 200 1040
190.171.141.82 - - [13/Sep/2023:12:30:04 -0300] "GET /cormun/servlet/trpermisosadjuntos?18040959,20230911120113,P, HTTP/1.1" 200 6760
190.171.141.82 - - [13/Sep/2023:12:30:05 -0300] "GET /cormun/servlet/trpermisosadjuntos?18040959,20230911120113,P, HTTP/1.1" 200 6759
190.171.141.82 - - [13/Sep/2023:12:30:07 -0300] "POST /cormun/servlet/trpermisosadjuntos?a6e913133e093ed5bb05e72f6e2b58e0,18040959,20230911120113,P,,gx-no-cache=1694618019463 HTTP/1.1" 200 90
190.171.141.82 - - [13/Sep/2023:12:30:07 -0300] "GET /cormun/servlet/hpexe_link HTTP/1.1" 200 985
190.171.141.82 - - [13/Sep/2023:12:30:07 -0300] "GET /cormun/servlet/trpermisosgoce HTTP/1.1" 200 12991
190.171.141.82 - - [13/Sep/2023:12:30:08 -0300] "GET /cormun/servlet/trpermisosgoce HTTP/1.1" 200 12998
200.54.100.179 - - [13/Sep/2023:12:30:10 -0300] "GET /cormun/servlet/hhome HTTP/1.1" 200 3323
200.54.100.179 - - [13/Sep/2023:12:30:11 -0300] "GET /cormun/servlet/hlogin HTTP/1.1" 200 1735
200.54.100.179 - - [13/Sep/2023:12:30:11 -0300] "GET /cormun/servlet/hhome HTTP/1.1" 200 3333
200.54.100.179 - - [13/Sep/2023:12:30:14 -0300] "POST /cormun/servlet/hlogin?ecdcd068bfd3fbf695be7ef71e274964,gx-no-cache=1694618024596 HTTP/1.1" 200 90
200.54.100.179 - - [13/Sep/2023:12:30:14 -0300] "GET /cormun/servlet/hpexe_link HTTP/1.1" 200 950
200.54.100.179 - - [13/Sep/2023:12:30:14 -0300] "GET /cormun/servlet/hhome HTTP/1.1" 200 4323
200.54.100.179 - - [13/Sep/2023:12:30:14 -0300] "GET /cormun/servlet/hhome HTTP/1.1" 200 4319
200.54.100.179 - - [13/Sep/2023:12:30:17 -0300] "GET /cormun/servlet/trpermisosgoce? HTTP/1.1" 200 10355
200.54.100.179 - - [13/Sep/2023:12:30:18 -0300] "GET /cormun/servlet/trpermisosgoce? HTTP/1.1" 200 10353
190.171.141.82 - - [13/Sep/2023:12:30:20 -0300] "GET /cormun/servlet/trpermisosadjuntos?18040959,20230911115651,P, HTTP/1.1" 200 6282
200.54.100.179 - - [13/Sep/2023:12:30:20 -0300] "GET /cormun/servlet/trpermisosadjuntos?16881347,20230913114958,P, HTTP/1.1" 200 6642
200.54.100.179 - - [13/Sep/2023:12:30:21 -0300] "GET /cormun/servlet/trpermisosadjuntos?16881347,20230913114958,P, HTTP/1.1" 200 6642
190.171.141.82 - - [13/Sep/2023:12:30:21 -0300] "GET /cormun/servlet/trpermisosadjuntos?18040959,20230911115651,P, HTTP/1.1" 200 6283
190.171.141.82 - - [13/Sep/2023:12:30:22 -0300] "GET /cormun/servlet/permisosadjuntos?INS,18040959,P,20230911115651,, HTTP/1.1" 200 5605
200.54.100.179 - - [13/Sep/2023:12:30:22 -0300] "GET /cormun/servlet/permisosadjuntos?INS,16881347,P,20230913114958,, HTTP/1.1" 200 5971
200.54.100.179 - - [13/Sep/2023:12:30:22 -0300] "GET /cormun/static/about:blank HTTP/1.1" 404 1011
200.54.100.179 - - [13/Sep/2023:12:30:22 -0300] "GET /cormun/servlet/permisosadjuntos?INS,16881347,P,20230913114958,, HTTP/1.1" 200 5961
190.171.141.82 - - [13/Sep/2023:12:30:23 -0300] "GET /cormun/static/about:blank HTTP/1.1" 404 1011
190.171.141.82 - - [13/Sep/2023:12:30:23 -0300] "GET /cormun/servlet/permisosadjuntos?INS,18040959,P,20230911115651,, HTTP/1.1" 200 5595
190.171.141.82 - - [13/Sep/2023:12:30:27 -0300] "POST /cormun/servlet/permisosadjuntos?a6e913133e093ed5bb05e72f6e2b58e0,INS,18040959,P,20230911115651,, HTTP/1.1" 200 116
190.171.141.82 - - [13/Sep/2023:12:30:27 -0300] "GET /cormun/servlet/hpexe_return? HTTP/1.1" 200 1039
190.171.141.82 - - [13/Sep/2023:12:30:27 -0300] "GET /cormun/servlet/trpermisosadjuntos?18040959,20230911115651,P, HTTP/1.1" 200 6764
190.171.141.82 - - [13/Sep/2023:12:30:27 -0300] "GET /cormun/servlet/trpermisosadjuntos?18040959,20230911115651,P, HTTP/1.1" 200 6761
190.171.141.82 - - [13/Sep/2023:12:30:28 -0300] "POST /cormun/servlet/trpermisosadjuntos?a6e913133e093ed5bb05e72f6e2b58e0,18040959,20230911115651,P,,gx-no-cache=1694618040910 HTTP/1.1" 200 90
190.171.141.82 - - [13/Sep/2023:12:30:29 -0300] "GET /cormun/servlet/hpexe_link HTTP/1.1" 200 984
190.171.141.82 - - [13/Sep/2023:12:30:29 -0300] "GET /cormun/servlet/trpermisosgoce HTTP/1.1" 200 13000
190.171.141.82 - - [13/Sep/2023:12:30:29 -0300] "GET /cormun/servlet/trpermisosgoce HTTP/1.1" 200 12980
10.40.40.2 - - [13/Sep/2023:12:30:31 -0300] "GET /cormun/static/gxtimezone.js?85251 HTTP/1.1" 200 5781
10.40.40.2 - - [13/Sep/2023:12:30:31 -0300] "GET /cormun/static/gxcfg.js?2022112219184450 HTTP/1.1" 200 953
10.40.40.2 - - [13/Sep/2023:12:30:31 -0300] "GET /cormun/static/hlogin.js?2022112219184458 HTTP/1.1" 200 2156
10.40.40.2 - - [13/Sep/2023:12:30:31 -0300] "GET /cormun/static/messages.spa.js?85251 HTTP/1.1" 200 30736
10.40.40.2 - - [13/Sep/2023:12:30:31 -0300] "GET /cormun/static/gxgral.js?85251 HTTP/1.1" 200 384558
10.40.40.2 - - [13/Sep/2023:12:30:31 -0300] "GET /cormun/static/Resources/CormunLogin.png HTTP/1.1" 200 19132
10.40.40.2 - - [13/Sep/2023:12:30:32 -0300] "GET /favicon.ico HTTP/1.1" 200 21630
10.40.40.2 - - [13/Sep/2023:12:30:32 -0300] "GET /cormun/static/Resources/PXToolsLoginTop.png HTTP/1.1" 200 1337
10.40.40.2 - - [13/Sep/2023:12:30:32 -0300] "GET /cormun/static/Resources/PXToolsLoginBackground.png HTTP/1.1" 200 1164
10.40.40.2 - - [13/Sep/2023:12:30:32 -0300] "GET /cormun/static/Resources/PXToolsButtonLeft.png HTTP/1.1" 200 1310
10.40.40.2 - - [13/Sep/2023:12:30:32 -0300] "GET /cormun/static/Resources/PXToolsButtonRight.png HTTP/1.1" 200 1294
10.40.40.2 - - [13/Sep/2023:12:30:32 -0300] "GET /cormun/static/Resources/PXToolsButtonBackground.png HTTP/1.1" 200 1176
10.40.40.2 - - [13/Sep/2023:12:30:32 -0300] "GET /cormun/static/Resources/PXToolsLoginBottom.png HTTP/1.1" 200 1389
10.40.40.2 - - [13/Sep/2023:12:30:33 -0300] "GET /cormun/servlet/hlogin HTTP/1.1" 200 1733
10.40.40.2 - - [13/Sep/2023:12:30:33 -0300] "GET /cormun/static/Resources/indicator.gif HTTP/1.1" 200 1553
10.40.40.2 - - [13/Sep/2023:12:30:34 -0300] "GET /favicon.ico HTTP/1.1" 200 21630
190.171.141.82 - - [13/Sep/2023:12:30:41 -0300] "GET /cormun/servlet/trpermisosadjuntos?18040959,20230911115443,P, HTTP/1.1" 200 6282
190.171.141.82 - - [13/Sep/2023:12:30:41 -0300] "GET /cormun/servlet/trpermisosadjuntos?18040959,20230911115443,P, HTTP/1.1" 200 6282
190.171.141.82 - - [13/Sep/2023:12:30:43 -0300] "GET /cormun/servlet/permisosadjuntos?INS,18040959,P,20230911115443,, HTTP/1.1" 200 5605
190.171.141.82 - - [13/Sep/2023:12:30:43 -0300] "GET /cormun/static/about:blank HTTP/1.1" 404 1011
190.171.141.82 - - [13/Sep/2023:12:30:43 -0300] "GET /cormun/servlet/permisosadjuntos?INS,18040959,P,20230911115443,, HTTP/1.1" 200 5595
190.171.141.82 - - [13/Sep/2023:12:30:48 -0300] "POST /cormun/servlet/permisosadjuntos?a6e913133e093ed5bb05e72f6e2b58e0,INS,18040959,P,20230911115443,, HTTP/1.1" 200 116
190.171.141.82 - - [13/Sep/2023:12:30:49 -0300] "GET /cormun/servlet/hpexe_return? HTTP/1.1" 200 1039
190.171.141.82 - - [13/Sep/2023:12:30:49 -0300] "GET /cormun/servlet/trpermisosadjuntos?18040959,20230911115443,P, HTTP/1.1" 200 6763
190.171.141.82 - - [13/Sep/2023:12:30:49 -0300] "GET /cormun/servlet/trpermisosadjuntos?18040959,20230911115443,P, HTTP/1.1" 200 6759
190.171.141.82 - - [13/Sep/2023:12:30:51 -0300] "POST /cormun/servlet/trpermisosadjuntos?a6e913133e093ed5bb05e72f6e2b58e0,18040959,20230911115443,P,,gx-no-cache=1694618063304 HTTP/1.1" 200 90
190.171.141.82 - - [13/Sep/2023:12:30:51 -0300] "GET /cormun/servlet/hpexe_link HTTP/1.1" 200 984
190.171.141.82 - - [13/Sep/2023:12:30:51 -0300] "GET /cormun/servlet/trpermisosgoce HTTP/1.1" 200 12991
195.140.227.163 - - [13/Sep/2023:12:30:52 -0300] "GET /manager/html HTTP/1.1" 401 2474
190.171.141.82 - - [13/Sep/2023:12:30:52 -0300] "GET /cormun/servlet/trpermisosgoce HTTP/1.1" 200 12998
190.171.149.90 - - [13/Sep/2023:12:30:58 -0300] "POST /cormun/servlet/trsolicitudot?f0ff36a8bb1ea3adcf06b1dca413961e,gx-no-cache=1694618037561 HTTP/1.1" 200 5988
190.171.149.90 - - [13/Sep/2023:12:30:58 -0300] "GET /cormun/static/Shared/jqueryui/images/ui-bg_highlight-soft_100_c6c2c8_1x100.png HTTP/1.1" 404 1117
190.171.149.90 - - [13/Sep/2023:12:30:58 -0300] "GET /cormun/static/Shared/jqueryui/images/ui-icons_82798d_256x240.png HTTP/1.1" 404 1089
190.171.149.90 - - [13/Sep/2023:12:30:58 -0300] "GET /cormun/static/Shared/jqueryui/images/ui-icons_8d78a5_256x240.png HTTP/1.1" 404 1089
190.171.149.90 - - [13/Sep/2023:12:30:58 -0300] "GET /cormun/static/Shared/jqueryui/images/ui-bg_flat_55_fafafa_40x100.png HTTP/1.1" 404 1097
190.171.141.82 - - [13/Sep/2023:12:31:02 -0300] "GET /cormun/servlet/trpermisosadjuntos?18040959,20230911120518,P, HTTP/1.1" 200 6282
190.171.141.82 - - [13/Sep/2023:12:31:03 -0300] "GET /cormun/servlet/trpermisosadjuntos?18040959,20230911120518,P, HTTP/1.1" 200 6283
190.171.141.82 - - [13/Sep/2023:12:31:04 -0300] "GET /cormun/servlet/permisosadjuntos?INS,18040959,P,20230911120518,, HTTP/1.1" 200 5605
190.171.141.82 - - [13/Sep/2023:12:31:04 -0300] "GET /cormun/static/about:blank HTTP/1.1" 404 1011
190.171.141.82 - - [13/Sep/2023:12:31:04 -0300] "GET /cormun/servlet/permisosadjuntos?INS,18040959,P,20230911120518,, HTTP/1.1" 200 5594
190.171.141.82 - - [13/Sep/2023:12:31:08 -0300] "POST /cormun/servlet/permisosadjuntos?a6e913133e093ed5bb05e72f6e2b58e0,INS,18040959,P,20230911120518,, HTTP/1.1" 200 116
190.171.141.82 - - [13/Sep/2023:12:31:08 -0300] "GET /cormun/servlet/hpexe_return? HTTP/1.1" 200 1039
190.171.141.82 - - [13/Sep/2023:12:31:08 -0300] "GET /cormun/servlet/trpermisosadjuntos?18040959,20230911120518,P, HTTP/1.1" 200 6762
190.171.141.82 - - [13/Sep/2023:12:31:09 -0300] "GET /cormun/servlet/trpermisosadjuntos?18040959,20230911120518,P, HTTP/1.1" 200 6759
190.171.141.82 - - [13/Sep/2023:12:31:11 -0300] "POST /cormun/servlet/trpermisosadjuntos?a6e913133e093ed5bb05e72f6e2b58e0,18040959,20230911120518,P,,gx-no-cache=1694618083191 HTTP/1.1" 200 90
190.171.141.82 - - [13/Sep/2023:12:31:11 -0300] "GET /cormun/servlet/hpexe_link HTTP/1.1" 200 985
190.171.141.82 - - [13/Sep/2023:12:31:11 -0300] "GET /cormun/servlet/trpermisosgoce HTTP/1.1" 200 12982
190.171.141.82 - - [13/Sep/2023:12:31:12 -0300] "GET /cormun/servlet/trpermisosgoce HTTP/1.1" 200 12997
190.171.141.82 - - [13/Sep/2023:12:31:17 -0300] "GET /cormun/servlet/trpermisosadjuntos?18042341,20230911115955,P, HTTP/1.1" 200 6288
190.171.141.82 - - [13/Sep/2023:12:31:18 -0300] "GET /cormun/servlet/trpermisosadjuntos?18042341,20230911115955,P, HTTP/1.1" 200 6289
190.171.141.82 - - [13/Sep/2023:12:31:19 -0300] "GET /cormun/servlet/permisosadjuntos?INS,18042341,P,20230911115955,, HTTP/1.1" 200 5612
190.171.141.82 - - [13/Sep/2023:12:31:20 -0300] "GET /cormun/static/about:blank HTTP/1.1" 404 1011
190.171.141.82 - - [13/Sep/2023:12:31:20 -0300] "GET /cormun/servlet/permisosadjuntos?INS,18042341,P,20230911115955,, HTTP/1.1" 200 5602
10.40.40.2 - - [13/Sep/2023:12:31:21 -0300] "POST /cormun/servlet/hlogin?039839b798436c36287fff94f2fd3fe9,gx-no-cache=1694618044064 HTTP/1.1" 200 451
190.171.141.82 - - [13/Sep/2023:12:31:25 -0300] "POST /cormun/servlet/permisosadjuntos?a6e913133e093ed5bb05e72f6e2b58e0,INS,18042341,P,20230911115955,, HTTP/1.1" 200 116
190.171.141.82 - - [13/Sep/2023:12:31:25 -0300] "GET /cormun/servlet/hpexe_return? HTTP/1.1" 200 1038
190.171.141.82 - - [13/Sep/2023:12:31:25 -0300] "GET /cormun/servlet/trpermisosadjuntos?18042341,20230911115955,P, HTTP/1.1" 200 6760
190.171.141.82 - - [13/Sep/2023:12:31:25 -0300] "GET /cormun/servlet/trpermisosadjuntos?18042341,20230911115955,P, HTTP/1.1" 200 6757
190.171.141.82 - - [13/Sep/2023:12:31:26 -0300] "POST /cormun/servlet/trpermisosadjuntos?a6e913133e093ed5bb05e72f6e2b58e0,18042341,20230911115955,P,,gx-no-cache=1694618098879 HTTP/1.1" 200 90
190.171.141.82 - - [13/Sep/2023:12:31:26 -0300] "GET /cormun/servlet/hpexe_link HTTP/1.1" 200 983
190.171.141.82 - - [13/Sep/2023:12:31:27 -0300] "GET /cormun/servlet/trpermisosgoce HTTP/1.1" 200 12999
190.171.141.82 - - [13/Sep/2023:12:31:28 -0300] "GET /cormun/servlet/trpermisosgoce HTTP/1.1" 200 12997
190.171.141.82 - - [13/Sep/2023:12:31:33 -0300] "GET /cormun/servlet/trpermisosadjuntos?10001701,20230911120156,P, HTTP/1.1" 200 6286
190.171.141.82 - - [13/Sep/2023:12:31:34 -0300] "GET /cormun/servlet/trpermisosadjuntos?10001701,20230911120156,P, HTTP/1.1" 200 6287
190.171.141.82 - - [13/Sep/2023:12:31:35 -0300] "GET /cormun/servlet/permisosadjuntos?INS,10001701,P,20230911120156,, HTTP/1.1" 200 5604
190.171.141.82 - - [13/Sep/2023:12:31:36 -0300] "GET /cormun/static/about:blank HTTP/1.1" 404 1011
190.171.141.82 - - [13/Sep/2023:12:31:36 -0300] "GET /cormun/servlet/permisosadjuntos?INS,10001701,P,20230911120156,, HTTP/1.1" 200 5594
200.54.100.179 - - [13/Sep/2023:12:31:39 -0300] "POST /cormun/servlet/permisosadjuntos?ecdcd068bfd3fbf695be7ef71e274964,INS,16881347,P,20230913114958,, HTTP/1.1" 200 116
200.54.100.179 - - [13/Sep/2023:12:31:39 -0300] "GET /cormun/servlet/hpexe_return? HTTP/1.1" 200 1038
200.54.100.179 - - [13/Sep/2023:12:31:39 -0300] "GET /cormun/servlet/trpermisosadjuntos?16881347,20230913114958,P, HTTP/1.1" 200 7177
200.54.100.179 - - [13/Sep/2023:12:31:39 -0300] "GET /cormun/servlet/trpermisosadjuntos?16881347,20230913114958,P, HTTP/1.1" 200 7173
190.171.141.82 - - [13/Sep/2023:12:31:41 -0300] "POST /cormun/servlet/permisosadjuntos?a6e913133e093ed5bb05e72f6e2b58e0,INS,10001701,P,20230911120156,, HTTP/1.1" 200 116
190.171.141.82 - - [13/Sep/2023:12:31:41 -0300] "GET /cormun/servlet/hpexe_return? HTTP/1.1" 200 1039
190.171.141.82 - - [13/Sep/2023:12:31:42 -0300] "GET /cormun/servlet/trpermisosadjuntos?10001701,20230911120156,P, HTTP/1.1" 200 6767
200.54.100.179 - - [13/Sep/2023:12:31:42 -0300] "POST /cormun/servlet/trpermisosadjuntos?ecdcd068bfd3fbf695be7ef71e274964,16881347,20230913114958,P,,gx-no-cache=1694618112902 HTTP/1.1" 200 90
200.54.100.179 - - [13/Sep/2023:12:31:42 -0300] "GET /cormun/servlet/hpexe_link HTTP/1.1" 200 983
200.54.100.179 - - [13/Sep/2023:12:31:42 -0300] "GET /cormun/servlet/trpermisosgoce HTTP/1.1" 200 10354
190.171.141.82 - - [13/Sep/2023:12:31:42 -0300] "GET /cormun/servlet/trpermisosadjuntos?10001701,20230911120156,P, HTTP/1.1" 200 6763
200.54.100.179 - - [13/Sep/2023:12:31:43 -0300] "GET /cormun/servlet/trpermisosgoce HTTP/1.1" 200 10353
190.171.141.82 - - [13/Sep/2023:12:31:44 -0300] "POST /cormun/servlet/trpermisosadjuntos?a6e913133e093ed5bb05e72f6e2b58e0,10001701,20230911120156,P,,gx-no-cache=1694618116153 HTTP/1.1" 200 90
190.171.141.82 - - [13/Sep/2023:12:31:44 -0300] "GET /cormun/servlet/hpexe_link HTTP/1.1" 200 984
190.171.141.82 - - [13/Sep/2023:12:31:44 -0300] "GET /cormun/servlet/trpermisosgoce HTTP/1.1" 200 12982
190.171.141.82 - - [13/Sep/2023:12:31:45 -0300] "GET /cormun/servlet/trpermisosgoce HTTP/1.1" 200 12997
200.54.100.179 - - [13/Sep/2023:12:31:46 -0300] "POST /cormun/servlet/trpermisosgoce?ecdcd068bfd3fbf695be7ef71e274964,gx-no-cache=1694618116384 HTTP/1.1" 200 7573
200.54.100.179 - - [13/Sep/2023:12:31:46 -0300] "GET /cormun/static/Shared/jqueryui/images/ui-icons_82798d_256x240.png HTTP/1.1" 404 1089
200.54.100.179 - - [13/Sep/2023:12:31:46 -0300] "GET /cormun/static/Shared/jqueryui/images/ui-bg_highlight-soft_100_c6c2c8_1x100.png HTTP/1.1" 404 1117
200.54.100.179 - - [13/Sep/2023:12:31:46 -0300] "GET /cormun/static/Shared/jqueryui/images/ui-icons_8d78a5_256x240.png HTTP/1.1" 404 1089
200.54.100.179 - - [13/Sep/2023:12:31:46 -0300] "GET /cormun/static/Shared/jqueryui/images/ui-bg_flat_55_fafafa_40x100.png HTTP/1.1" 404 1097
190.171.141.82 - - [13/Sep/2023:12:31:48 -0300] "GET /cormun/servlet/trpermisosadjuntos?10001701,20230818091324,P, HTTP/1.1" 200 6287
190.171.141.82 - - [13/Sep/2023:12:31:49 -0300] "GET /cormun/servlet/trpermisosadjuntos?10001701,20230818091324,P, HTTP/1.1" 200 6287
190.171.141.82 - - [13/Sep/2023:12:31:50 -0300] "GET /cormun/servlet/permisosadjuntos?INS,10001701,P,20230818091324,, HTTP/1.1" 200 5613
190.171.141.82 - - [13/Sep/2023:12:31:51 -0300] "GET /cormun/static/about:blank HTTP/1.1" 404 1011
190.171.141.82 - - [13/Sep/2023:12:31:51 -0300] "GET /cormun/servlet/permisosadjuntos?INS,10001701,P,20230818091324,, HTTP/1.1" 200 5603
190.171.141.82 - - [13/Sep/2023:12:31:55 -0300] "POST /cormun/servlet/permisosadjuntos?a6e913133e093ed5bb05e72f6e2b58e0,INS,10001701,P,20230818091324,, HTTP/1.1" 200 116
190.171.141.82 - - [13/Sep/2023:12:31:55 -0300] "GET /cormun/servlet/hpexe_return? HTTP/1.1" 200 1039
190.171.141.82 - - [13/Sep/2023:12:31:55 -0300] "GET /cormun/servlet/trpermisosadjuntos?10001701,20230818091324,P, HTTP/1.1" 200 6774
190.171.141.82 - - [13/Sep/2023:12:31:56 -0300] "GET /cormun/servlet/trpermisosadjuntos?10001701,20230818091324,P, HTTP/1.1" 200 6770
190.171.141.82 - - [13/Sep/2023:12:31:57 -0300] "POST /cormun/servlet/trpermisosadjuntos?a6e913133e093ed5bb05e72f6e2b58e0,10001701,20230818091324,P,,gx-no-cache=1694618129336 HTTP/1.1" 200 90
190.171.141.82 - - [13/Sep/2023:12:31:57 -0300] "GET /cormun/servlet/hpexe_link HTTP/1.1" 200 985
190.171.141.82 - - [13/Sep/2023:12:31:57 -0300] "GET /cormun/servlet/trpermisosgoce HTTP/1.1" 200 12982
190.171.141.82 - - [13/Sep/2023:12:31:58 -0300] "GET /cormun/servlet/trpermisosgoce HTTP/1.1" 200 12998
190.171.141.82 - - [13/Sep/2023:12:32:02 -0300] "GET /cormun/servlet/trpermisosadjuntos?18374561,20230911115736,P, HTTP/1.1" 200 6282
190.171.141.82 - - [13/Sep/2023:12:32:02 -0300] "GET /cormun/servlet/trpermisosadjuntos?18374561,20230911115736,P, HTTP/1.1" 200 6282
190.171.141.82 - - [13/Sep/2023:12:32:04 -0300] "GET /cormun/servlet/permisosadjuntos?INS,18374561,P,20230911115736,, HTTP/1.1" 200 5602
190.171.141.82 - - [13/Sep/2023:12:32:04 -0300] "GET /cormun/static/about:blank HTTP/1.1" 404 1011
190.171.141.82 - - [13/Sep/2023:12:32:04 -0300] "GET /cormun/servlet/permisosadjuntos?INS,18374561,P,20230911115736,, HTTP/1.1" 200 5592
190.171.141.82 - - [13/Sep/2023:12:32:12 -0300] "POST /cormun/servlet/permisosadjuntos?a6e913133e093ed5bb05e72f6e2b58e0,INS,18374561,P,20230911115736,, HTTP/1.1" 200 116
190.171.141.82 - - [13/Sep/2023:12:32:12 -0300] "GET /cormun/servlet/hpexe_return? HTTP/1.1" 200 1038
190.171.141.82 - - [13/Sep/2023:12:32:12 -0300] "GET /cormun/servlet/trpermisosadjuntos?18374561,20230911115736,P, HTTP/1.1" 200 6749
190.171.141.82 - - [13/Sep/2023:12:32:13 -0300] "GET /cormun/servlet/trpermisosadjuntos?18374561,20230911115736,P, HTTP/1.1" 200 6747
190.171.141.82 - - [13/Sep/2023:12:32:14 -0300] "POST /cormun/servlet/trpermisosadjuntos?a6e913133e093ed5bb05e72f6e2b58e0,18374561,20230911115736,P,,gx-no-cache=1694618146720 HTTP/1.1" 200 90
190.171.141.82 - - [13/Sep/2023:12:32:14 -0300] "GET /cormun/servlet/hpexe_link HTTP/1.1" 200 982
190.171.141.82 - - [13/Sep/2023:12:32:15 -0300] "GET /cormun/servlet/trpermisosgoce HTTP/1.1" 200 12999
190.171.141.82 - - [13/Sep/2023:12:32:15 -0300] "GET /cormun/servlet/trpermisosgoce HTTP/1.1" 200 12998
190.171.149.90 - - [13/Sep/2023:12:32:22 -0300] "POST /cormun/servlet/trsolicitudot?f0ff36a8bb1ea3adcf06b1dca413961e,gx-no-cache=1694618121744 HTTP/1.1" 200 107
190.171.149.90 - - [13/Sep/2023:12:32:22 -0300] "GET /cormun/servlet/trsolicitudadjuntos?2023,20573, HTTP/1.1" 200 6058
190.171.149.90 - - [13/Sep/2023:12:32:22 -0300] "GET /cormun/static/gxcfg.js?20201215574222 HTTP/1.1" 200 953
190.171.149.90 - - [13/Sep/2023:12:32:22 -0300] "GET /cormun/static/trsolicitudadjuntos.js?20201215574932 HTTP/1.1" 200 17921
190.171.149.90 - - [13/Sep/2023:12:32:22 -0300] "GET /cormun/static/Resources/PXToolsGridNew.png HTTP/1.1" 200 427
190.171.149.90 - - [13/Sep/2023:12:32:23 -0300] "GET /cormun/servlet/trsolicitudadjuntos?2023,20573, HTTP/1.1" 200 6058
190.171.141.82 - - [13/Sep/2023:12:32:23 -0300] "GET /cormun/servlet/trpermisosadjuntos?13343984,20230911120438,P, HTTP/1.1" 200 6286
190.171.141.82 - - [13/Sep/2023:12:32:24 -0300] "GET /cormun/servlet/trpermisosadjuntos?13343984,20230911120438,P, HTTP/1.1" 200 6287
190.171.141.82 - - [13/Sep/2023:12:32:26 -0300] "GET /cormun/servlet/permisosadjuntos?INS,13343984,P,20230911120438,, HTTP/1.1" 200 5608
190.171.141.82 - - [13/Sep/2023:12:32:26 -0300] "GET /cormun/static/about:blank HTTP/1.1" 404 1011
190.171.149.90 - - [13/Sep/2023:12:32:26 -0300] "GET /cormun/servlet/solicitudotadjuntos?INS,2023,20573,,1, HTTP/1.1" 200 5999
190.171.149.90 - - [13/Sep/2023:12:32:26 -0300] "GET /cormun/static/gxcfg.js?202211298385187 HTTP/1.1" 200 953
190.171.141.82 - - [13/Sep/2023:12:32:26 -0300] "GET /cormun/servlet/permisosadjuntos?INS,13343984,P,20230911120438,, HTTP/1.1" 200 5599
190.171.149.90 - - [13/Sep/2023:12:32:26 -0300] "GET /cormun/static/solicitudotadjuntos.js?202211298385196 HTTP/1.1" 200 11771
190.171.149.90 - - [13/Sep/2023:12:32:26 -0300] "GET /cormun/static/about:blank HTTP/1.1" 404 1011
190.171.149.90 - - [13/Sep/2023:12:32:26 -0300] "GET /cormun/servlet/solicitudotadjuntos?INS,2023,20573,,1, HTTP/1.1" 200 5993
190.171.149.90 - - [13/Sep/2023:12:32:27 -0300] "GET /cormun/servlet/solicitudotadjuntos?330badb83eb83200ad8048e7bab38a9d02a4265dd6b2c6e70eca06175282ff6d1dd50d3ce04f5d4fe8e2cfd43e89b845,gx-no-cache=1694618126474 HTTP/1.1" 200 30
190.171.149.90 - - [13/Sep/2023:12:32:27 -0300] "POST /cormun/servlet/solicitudotadjuntos?f0ff36a8bb1ea3adcf06b1dca413961e,INS,2023,20573,,1,,gx-no-cache=1694618126525 HTTP/1.1" 200 3878
190.171.149.90 - - [13/Sep/2023:12:32:28 -0300] "POST /cormun/servlet/solicitudotadjuntos?gx-no-cache=1694618128136 HTTP/1.1" 200 26
190.171.141.82 - - [13/Sep/2023:12:32:32 -0300] "POST /cormun/servlet/permisosadjuntos?a6e913133e093ed5bb05e72f6e2b58e0,INS,13343984,P,20230911120438,, HTTP/1.1" 200 116
190.171.141.82 - - [13/Sep/2023:12:32:32 -0300] "GET /cormun/servlet/hpexe_return? HTTP/1.1" 200 1038
190.171.141.82 - - [13/Sep/2023:12:32:32 -0300] "GET /cormun/servlet/trpermisosadjuntos?13343984,20230911120438,P, HTTP/1.1" 200 6754
190.171.141.82 - - [13/Sep/2023:12:32:33 -0300] "GET /cormun/servlet/trpermisosadjuntos?13343984,20230911120438,P, HTTP/1.1" 200 6752
195.140.227.163 - - [13/Sep/2023:12:32:33 -0300] "GET /manager/html HTTP/1.1" 401 2474
190.171.141.82 - - [13/Sep/2023:12:32:34 -0300] "POST /cormun/servlet/trpermisosadjuntos?a6e913133e093ed5bb05e72f6e2b58e0,13343984,20230911120438,P,,gx-no-cache=1694618166864 HTTP/1.1" 200 90
190.171.141.82 - - [13/Sep/2023:12:32:34 -0300] "GET /cormun/servlet/hpexe_link HTTP/1.1" 200 984
190.171.141.82 - - [13/Sep/2023:12:32:35 -0300] "GET /cormun/servlet/trpermisosgoce HTTP/1.1" 200 13000
190.171.141.82 - - [13/Sep/2023:12:32:35 -0300] "GET /cormun/servlet/trpermisosgoce HTTP/1.1" 200 12980
190.171.141.82 - - [13/Sep/2023:12:32:39 -0300] "GET /cormun/servlet/trpermisosadjuntos?13301971,20230911115607,P, HTTP/1.1" 200 6286
190.171.141.82 - - [13/Sep/2023:12:32:40 -0300] "GET /cormun/servlet/trpermisosadjuntos?13301971,20230911115607,P, HTTP/1.1" 200 6287
190.171.141.82 - - [13/Sep/2023:12:32:41 -0300] "GET /cormun/servlet/permisosadjuntos?INS,13301971,P,20230911115607,, HTTP/1.1" 200 5610
190.171.149.90 - - [13/Sep/2023:12:32:41 -0300] "GET /cormun/servlet/solicitudotadjuntos?330badb83eb83200ad8048e7bab38a9dc2a99a84040349b463cd011d2180fee5,gx-no-cache=1694618141025 HTTP/1.1" 200 30
190.171.149.90 - - [13/Sep/2023:12:32:41 -0300] "GET /cormun/servlet/solicitudotadjuntos?330badb83eb83200ad8048e7bab38a9dc2a99a84040349b463cd011d2180fee5,gx-no-cache=1694618141094 HTTP/1.1" 200 30
190.171.141.82 - - [13/Sep/2023:12:32:42 -0300] "GET /cormun/static/about:blank HTTP/1.1" 404 1011
190.171.141.82 - - [13/Sep/2023:12:32:42 -0300] "GET /cormun/servlet/permisosadjuntos?INS,13301971,P,20230911115607,, HTTP/1.1" 200 5600
190.171.149.90 - - [13/Sep/2023:12:32:42 -0300] "POST /cormun/servlet/solicitudotadjuntos?f0ff36a8bb1ea3adcf06b1dca413961e,INS,2023,20573,,1, HTTP/1.1" 200 116
190.171.149.90 - - [13/Sep/2023:12:32:42 -0300] "GET /cormun/servlet/hpexe_return? HTTP/1.1" 200 1025
190.171.149.90 - - [13/Sep/2023:12:32:43 -0300] "GET /cormun/servlet/trsolicitudadjuntos?2023,20573, HTTP/1.1" 200 8974
190.171.149.90 - - [13/Sep/2023:12:32:43 -0300] "GET /cormun/servlet/trsolicitudadjuntos?2023,20573, HTTP/1.1" 200 8971
190.171.149.90 - - [13/Sep/2023:12:32:45 -0300] "GET /cormun/servlet/solicitudotadjuntos?INS,2023,20573,,1, HTTP/1.1" 200 5999
190.171.149.90 - - [13/Sep/2023:12:32:45 -0300] "GET /cormun/static/about:blank HTTP/1.1" 404 1011
190.171.149.90 - - [13/Sep/2023:12:32:45 -0300] "GET /cormun/servlet/solicitudotadjuntos?INS,2023,20573,,1, HTTP/1.1" 200 5993
190.171.149.90 - - [13/Sep/2023:12:32:46 -0300] "GET /cormun/servlet/solicitudotadjuntos?330badb83eb83200ad8048e7bab38a9d02a4265dd6b2c6e70eca06175282ff6d1dd50d3ce04f5d4fe8e2cfd43e89b845,gx-no-cache=1694618145247 HTTP/1.1" 200 30
190.171.149.90 - - [13/Sep/2023:12:32:46 -0300] "POST /cormun/servlet/solicitudotadjuntos?f0ff36a8bb1ea3adcf06b1dca413961e,INS,2023,20573,,1,,gx-no-cache=1694618145275 HTTP/1.1" 200 3878
190.171.141.82 - - [13/Sep/2023:12:32:46 -0300] "POST /cormun/servlet/permisosadjuntos?a6e913133e093ed5bb05e72f6e2b58e0,INS,13301971,P,20230911115607,, HTTP/1.1" 200 116
190.171.141.82 - - [13/Sep/2023:12:32:46 -0300] "GET /cormun/servlet/hpexe_return? HTTP/1.1" 200 1037
190.171.141.82 - - [13/Sep/2023:12:32:47 -0300] "GET /cormun/servlet/trpermisosadjuntos?13301971,20230911115607,P, HTTP/1.1" 200 6759
190.171.141.82 - - [13/Sep/2023:12:32:47 -0300] "GET /cormun/servlet/trpermisosadjuntos?13301971,20230911115607,P, HTTP/1.1" 200 6756
190.171.149.90 - - [13/Sep/2023:12:32:48 -0300] "POST /cormun/servlet/solicitudotadjuntos?gx-no-cache=1694618147519 HTTP/1.1" 200 26
190.171.141.82 - - [13/Sep/2023:12:32:48 -0300] "POST /cormun/servlet/trpermisosadjuntos?a6e913133e093ed5bb05e72f6e2b58e0,13301971,20230911115607,P,,gx-no-cache=1694618180664 HTTP/1.1" 200 90
190.171.141.82 - - [13/Sep/2023:12:32:48 -0300] "GET /cormun/servlet/hpexe_link HTTP/1.1" 200 982
190.171.141.82 - - [13/Sep/2023:12:32:49 -0300] "GET /cormun/servlet/trpermisosgoce HTTP/1.1" 200 12996
190.171.141.82 - - [13/Sep/2023:12:32:49 -0300] "GET /cormun/servlet/trpermisosgoce HTTP/1.1" 200 12998
190.171.141.82 - - [13/Sep/2023:12:32:53 -0300] "GET /cormun/servlet/trpermisosadjuntos?16882863,20230911120338,P, HTTP/1.1" 200 6285
190.171.141.82 - - [13/Sep/2023:12:32:54 -0300] "GET /cormun/servlet/trpermisosadjuntos?16882863,20230911120338,P, HTTP/1.1" 200 6286
190.171.141.82 - - [13/Sep/2023:12:32:56 -0300] "GET /cormun/servlet/permisosadjuntos?INS,16882863,P,20230911120338,, HTTP/1.1" 200 5603
190.171.141.82 - - [13/Sep/2023:12:32:56 -0300] "GET /cormun/static/about:blank HTTP/1.1" 404 1011
190.171.141.82 - - [13/Sep/2023:12:32:56 -0300] "GET /cormun/servlet/permisosadjuntos?INS,16882863,P,20230911120338,, HTTP/1.1" 200 5594
190.171.141.82 - - [13/Sep/2023:12:33:00 -0300] "POST /cormun/servlet/permisosadjuntos?a6e913133e093ed5bb05e72f6e2b58e0,INS,16882863,P,20230911120338,, HTTP/1.1" 200 116
190.171.141.82 - - [13/Sep/2023:12:33:00 -0300] "GET /cormun/servlet/hpexe_return? HTTP/1.1" 200 1039
190.171.141.82 - - [13/Sep/2023:12:33:01 -0300] "GET /cormun/servlet/trpermisosadjuntos?16882863,20230911120338,P, HTTP/1.1" 200 6752
190.171.141.82 - - [13/Sep/2023:12:33:01 -0300] "GET /cormun/servlet/trpermisosadjuntos?16882863,20230911120338,P, HTTP/1.1" 200 6752
190.171.141.82 - - [13/Sep/2023:12:33:03 -0300] "POST /cormun/servlet/trpermisosadjuntos?a6e913133e093ed5bb05e72f6e2b58e0,16882863,20230911120338,P,,gx-no-cache=1694618195439 HTTP/1.1" 200 90
190.171.141.82 - - [13/Sep/2023:12:33:03 -0300] "GET /cormun/servlet/hpexe_link HTTP/1.1" 200 984
190.171.141.82 - - [13/Sep/2023:12:33:04 -0300] "GET /cormun/servlet/trpermisosgoce HTTP/1.1" 200 12999
190.171.141.82 - - [13/Sep/2023:12:33:04 -0300] "GET /cormun/servlet/trpermisosgoce HTTP/1.1" 200 12980
190.171.141.82 - - [13/Sep/2023:12:33:08 -0300] "GET /cormun/servlet/trlicencias? HTTP/1.1" 200 12627
190.171.141.82 - - [13/Sep/2023:12:33:08 -0300] "GET /cormun/static/gxcfg.js?202211298463625 HTTP/1.1" 200 953
190.171.141.82 - - [13/Sep/2023:12:33:08 -0300] "GET /cormun/static/trlicencias.js?202211298463889 HTTP/1.1" 200 41883
190.171.141.82 - - [13/Sep/2023:12:33:08 -0300] "GET /cormun/servlet/trlicencias? HTTP/1.1" 200 12626
190.171.149.90 - - [13/Sep/2023:12:33:43 -0300] "GET /cormun/servlet/solicitudotadjuntos?330badb83eb83200ad8048e7bab38a9dc2a99a84040349b463cd011d2180fee5,gx-no-cache=1694618202334 HTTP/1.1" 200 30
190.171.149.90 - - [13/Sep/2023:12:33:43 -0300] "GET /cormun/servlet/solicitudotadjuntos?330badb83eb83200ad8048e7bab38a9dc2a99a84040349b463cd011d2180fee5,gx-no-cache=1694618202362 HTTP/1.1" 200 30
190.171.149.90 - - [13/Sep/2023:12:33:43 -0300] "POST /cormun/servlet/solicitudotadjuntos?f0ff36a8bb1ea3adcf06b1dca413961e,INS,2023,20573,,1, HTTP/1.1" 200 116
190.171.149.90 - - [13/Sep/2023:12:33:44 -0300] "GET /cormun/servlet/hpexe_return? HTTP/1.1" 200 1025
190.171.149.90 - - [13/Sep/2023:12:33:44 -0300] "GET /cormun/servlet/trsolicitudadjuntos?2023,20573, HTTP/1.1" 200 9222
190.171.149.90 - - [13/Sep/2023:12:33:44 -0300] "GET /cormun/servlet/trsolicitudadjuntos?2023,20573, HTTP/1.1" 200 9222
190.171.149.90 - - [13/Sep/2023:12:33:46 -0300] "GET /cormun/servlet/solicitudotadjuntos?INS,2023,20573,,1, HTTP/1.1" 200 5999
190.171.149.90 - - [13/Sep/2023:12:33:46 -0300] "GET /cormun/static/about:blank HTTP/1.1" 404 1011
190.171.149.90 - - [13/Sep/2023:12:33:46 -0300] "GET /cormun/servlet/solicitudotadjuntos?INS,2023,20573,,1, HTTP/1.1" 200 5992
190.171.149.90 - - [13/Sep/2023:12:33:47 -0300] "GET /cormun/servlet/solicitudotadjuntos?330badb83eb83200ad8048e7bab38a9d02a4265dd6b2c6e70eca06175282ff6d1dd50d3ce04f5d4fe8e2cfd43e89b845,gx-no-cache=1694618206365 HTTP/1.1" 200 30
190.171.149.90 - - [13/Sep/2023:12:33:47 -0300] "POST /cormun/servlet/solicitudotadjuntos?f0ff36a8bb1ea3adcf06b1dca413961e,INS,2023,20573,,1,,gx-no-cache=1694618206391 HTTP/1.1" 200 3878
190.171.149.90 - - [13/Sep/2023:12:33:49 -0300] "POST /cormun/servlet/solicitudotadjuntos?gx-no-cache=1694618208791 HTTP/1.1" 200 26
190.171.149.90 - - [13/Sep/2023:12:33:55 -0300] "GET /cormun/servlet/solicitudotadjuntos?330badb83eb83200ad8048e7bab38a9dc2a99a84040349b463cd011d2180fee5,gx-no-cache=1694618214351 HTTP/1.1" 200 30
190.171.149.90 - - [13/Sep/2023:12:33:55 -0300] "GET /cormun/servlet/solicitudotadjuntos?330badb83eb83200ad8048e7bab38a9dc2a99a84040349b463cd011d2180fee5,gx-no-cache=1694618214400 HTTP/1.1" 200 30
190.171.149.90 - - [13/Sep/2023:12:33:55 -0300] "POST /cormun/servlet/solicitudotadjuntos?f0ff36a8bb1ea3adcf06b1dca413961e,INS,2023,20573,,1, HTTP/1.1" 200 116
190.171.149.90 - - [13/Sep/2023:12:33:55 -0300] "GET /cormun/servlet/hpexe_return? HTTP/1.1" 200 1025
190.171.149.90 - - [13/Sep/2023:12:33:56 -0300] "GET /cormun/servlet/trsolicitudadjuntos?2023,20573, HTTP/1.1" 200 9414
190.171.149.90 - - [13/Sep/2023:12:33:56 -0300] "GET /cormun/servlet/trsolicitudadjuntos?2023,20573, HTTP/1.1" 200 9412
190.171.149.90 - - [13/Sep/2023:12:33:58 -0300] "GET /cormun/servlet/solicitudotadjuntos?INS,2023,20573,,1, HTTP/1.1" 200 5999
190.171.149.90 - - [13/Sep/2023:12:33:59 -0300] "GET /cormun/static/about:blank HTTP/1.1" 404 1011
190.171.149.90 - - [13/Sep/2023:12:33:59 -0300] "GET /cormun/servlet/solicitudotadjuntos?INS,2023,20573,,1, HTTP/1.1" 200 5992
190.171.149.90 - - [13/Sep/2023:12:33:59 -0300] "GET /cormun/servlet/solicitudotadjuntos?330badb83eb83200ad8048e7bab38a9d02a4265dd6b2c6e70eca06175282ff6d1dd50d3ce04f5d4fe8e2cfd43e89b845,gx-no-cache=1694618218778 HTTP/1.1" 200 30
190.171.149.90 - - [13/Sep/2023:12:33:59 -0300] "POST /cormun/servlet/solicitudotadjuntos?f0ff36a8bb1ea3adcf06b1dca413961e,INS,2023,20573,,1,,gx-no-cache=1694618218798 HTTP/1.1" 200 3878
190.171.149.90 - - [13/Sep/2023:12:34:03 -0300] "POST /cormun/servlet/solicitudotadjuntos?gx-no-cache=1694618222252 HTTP/1.1" 200 26
190.171.149.90 - - [13/Sep/2023:12:34:08 -0300] "GET /cormun/servlet/solicitudotadjuntos?330badb83eb83200ad8048e7bab38a9dc2a99a84040349b463cd011d2180fee5,gx-no-cache=1694618227603 HTTP/1.1" 200 30
190.171.149.90 - - [13/Sep/2023:12:34:08 -0300] "GET /cormun/servlet/solicitudotadjuntos?330badb83eb83200ad8048e7bab38a9dc2a99a84040349b463cd011d2180fee5,gx-no-cache=1694618227624 HTTP/1.1" 200 30
190.171.149.90 - - [13/Sep/2023:12:34:08 -0300] "POST /cormun/servlet/solicitudotadjuntos?f0ff36a8bb1ea3adcf06b1dca413961e,INS,2023,20573,,1, HTTP/1.1" 200 116
190.171.149.90 - - [13/Sep/2023:12:34:08 -0300] "GET /cormun/servlet/hpexe_return? HTTP/1.1" 200 1025
190.171.149.90 - - [13/Sep/2023:12:34:09 -0300] "GET /cormun/servlet/trsolicitudadjuntos?2023,20573, HTTP/1.1" 200 9681
190.171.149.90 - - [13/Sep/2023:12:34:09 -0300] "GET /cormun/servlet/trsolicitudadjuntos?2023,20573, HTTP/1.1" 200 9679
190.171.149.90 - - [13/Sep/2023:12:34:11 -0300] "GET /cormun/servlet/solicitudotadjuntos?INS,2023,20573,,1, HTTP/1.1" 200 5999
190.171.149.90 - - [13/Sep/2023:12:34:11 -0300] "GET /cormun/static/about:blank HTTP/1.1" 404 1011
190.171.149.90 - - [13/Sep/2023:12:34:11 -0300] "GET /cormun/servlet/solicitudotadjuntos?INS,2023,20573,,1, HTTP/1.1" 200 5992
190.171.149.90 - - [13/Sep/2023:12:34:11 -0300] "GET /cormun/servlet/solicitudotadjuntos?330badb83eb83200ad8048e7bab38a9d02a4265dd6b2c6e70eca06175282ff6d1dd50d3ce04f5d4fe8e2cfd43e89b845,gx-no-cache=1694618231116 HTTP/1.1" 200 30
190.171.149.90 - - [13/Sep/2023:12:34:12 -0300] "POST /cormun/servlet/solicitudotadjuntos?f0ff36a8bb1ea3adcf06b1dca413961e,INS,2023,20573,,1,,gx-no-cache=1694618231142 HTTP/1.1" 200 3878
190.171.149.90 - - [13/Sep/2023:12:34:14 -0300] "POST /cormun/servlet/solicitudotadjuntos?gx-no-cache=1694618233537 HTTP/1.1" 200 26
195.140.227.163 - - [13/Sep/2023:12:34:15 -0300] "GET /manager/html HTTP/1.1" 401 2474
190.171.149.90 - - [13/Sep/2023:12:34:20 -0300] "GET /cormun/servlet/solicitudotadjuntos?330badb83eb83200ad8048e7bab38a9dc2a99a84040349b463cd011d2180fee5,gx-no-cache=1694618239527 HTTP/1.1" 200 30
190.171.149.90 - - [13/Sep/2023:12:34:20 -0300] "GET /cormun/servlet/solicitudotadjuntos?330badb83eb83200ad8048e7bab38a9dc2a99a84040349b463cd011d2180fee5,gx-no-cache=1694618239548 HTTP/1.1" 200 30
190.171.149.90 - - [13/Sep/2023:12:34:20 -0300] "POST /cormun/servlet/solicitudotadjuntos?f0ff36a8bb1ea3adcf06b1dca413961e,INS,2023,20573,,1, HTTP/1.1" 200 116
190.171.149.90 - - [13/Sep/2023:12:34:20 -0300] "GET /cormun/servlet/hpexe_return? HTTP/1.1" 200 1025
190.171.149.90 - - [13/Sep/2023:12:34:21 -0300] "GET /cormun/servlet/trsolicitudadjuntos?2023,20573, HTTP/1.1" 200 9987
190.171.149.90 - - [13/Sep/2023:12:34:21 -0300] "GET /cormun/servlet/trsolicitudadjuntos?2023,20573, HTTP/1.1" 200 9987
190.171.149.90 - - [13/Sep/2023:12:34:23 -0300] "GET /cormun/servlet/solicitudotadjuntos?INS,2023,20573,,1, HTTP/1.1" 200 5999
190.171.149.90 - - [13/Sep/2023:12:34:23 -0300] "GET /cormun/static/about:blank HTTP/1.1" 404 1011
190.171.149.90 - - [13/Sep/2023:12:34:23 -0300] "GET /cormun/servlet/solicitudotadjuntos?INS,2023,20573,,1, HTTP/1.1" 200 5992
190.171.149.90 - - [13/Sep/2023:12:34:24 -0300] "GET /cormun/servlet/solicitudotadjuntos?330badb83eb83200ad8048e7bab38a9d02a4265dd6b2c6e70eca06175282ff6d1dd50d3ce04f5d4fe8e2cfd43e89b845,gx-no-cache=1694618243542 HTTP/1.1" 200 30
190.171.149.90 - - [13/Sep/2023:12:34:24 -0300] "POST /cormun/servlet/solicitudotadjuntos?f0ff36a8bb1ea3adcf06b1dca413961e,INS,2023,20573,,1,,gx-no-cache=1694618243571 HTTP/1.1" 200 3878
195.140.227.163 - - [13/Sep/2023:12:35:56 -0300] "GET /manager/html HTTP/1.1" 401 2474
195.140.227.163 - - [13/Sep/2023:12:37:37 -0300] "GET /manager/html HTTP/1.1" 401 2474
181.212.40.185 - - [13/Sep/2023:12:37:59 -0300] "POST /cormun/servlet/trpermisosadjuntos?1312510a8dd62502157783e858f09c58,15994569,20230913121034,P,,gx-no-cache=1694618492401 HTTP/1.1" 200 90
181.212.40.185 - - [13/Sep/2023:12:38:00 -0300] "GET /cormun/servlet/hpexe_link HTTP/1.1" 200 1003
181.212.40.185 - - [13/Sep/2023:12:38:00 -0300] "GET /cormun/servlet/trpermisosgoce?gx-no-cache=1694617644979 HTTP/1.1" 200 19309
181.212.40.185 - - [13/Sep/2023:12:38:01 -0300] "GET /cormun/servlet/trpermisosgoce?gx-no-cache=1694617644979 HTTP/1.1" 200 19329
181.212.40.185 - - [13/Sep/2023:12:38:10 -0300] "GET /cormun/servlet/trpermisosadjuntos?15994569,20230913121034,P, HTTP/1.1" 200 7069
181.212.40.185 - - [13/Sep/2023:12:38:10 -0300] "GET /cormun/servlet/trpermisosadjuntos?15994569,20230913121034,P, HTTP/1.1" 200 7048
181.212.40.185 - - [13/Sep/2023:12:38:12 -0300] "POST /cormun/servlet/trpermisosadjuntos?1312510a8dd62502157783e858f09c58,15994569,20230913121034,P,,gx-no-cache=1694618504729 HTTP/1.1" 200 90
181.212.40.185 - - [13/Sep/2023:12:38:12 -0300] "GET /cormun/servlet/hpexe_link HTTP/1.1" 200 1003
181.212.40.185 - - [13/Sep/2023:12:38:12 -0300] "GET /cormun/servlet/trpermisosgoce?gx-no-cache=1694617644979 HTTP/1.1" 200 19309
181.212.40.185 - - [13/Sep/2023:12:38:13 -0300] "GET /cormun/servlet/trpermisosgoce?gx-no-cache=1694617644979 HTTP/1.1" 200 19329
181.212.40.185 - - [13/Sep/2023:12:38:15 -0300] "POST /cormun/servlet/trpermisosgoce?1312510a8dd62502157783e858f09c58,gx-no-cache=1694617644979,gx-no-cache=1694618507627 HTTP/1.1" 200 16688
181.212.40.185 - - [13/Sep/2023:12:38:21 -0300] "GET /cormun/servlet/trautorizarpermisogoce? HTTP/1.1" 200 8585
181.212.40.185 - - [13/Sep/2023:12:38:21 -0300] "GET /cormun/servlet/trautorizarpermisogoce? HTTP/1.1" 200 8563
181.212.40.185 - - [13/Sep/2023:12:38:23 -0300] "POST /cormun/servlet/trautorizarpermisogoce?1312510a8dd62502157783e858f09c58,,gx-no-cache=1694618516033 HTTP/1.1" 200 5748
181.212.40.185 - - [13/Sep/2023:12:38:24 -0300] "POST /cormun/servlet/trautorizarpermisogoce?1312510a8dd62502157783e858f09c58,,gx-no-cache=1694618516951 HTTP/1.1" 200 5503
181.212.40.185 - - [13/Sep/2023:12:38:26 -0300] "POST /cormun/servlet/trautorizarpermisogoce?1312510a8dd62502157783e858f09c58,,gx-no-cache=1694618518670 HTTP/1.1" 200 4545
181.212.40.185 - - [13/Sep/2023:12:38:35 -0300] "GET /cormun/servlet/trpermisosgoce? HTTP/1.1" 200 19259
181.212.40.185 - - [13/Sep/2023:12:38:36 -0300] "GET /cormun/servlet/trpermisosgoce? HTTP/1.1" 200 19258
195.140.227.163 - - [13/Sep/2023:12:39:19 -0300] "GET /manager/html HTTP/1.1" 401 2474
195.140.227.163 - - [13/Sep/2023:12:41:00 -0300] "GET /manager/html HTTP/1.1" 401 2474
195.140.227.163 - - [13/Sep/2023:12:42:43 -0300] "GET /manager/html HTTP/1.1" 401 2474
78.108.177.52 - - [13/Sep/2023:12:42:52 -0300] "GET / HTTP/1.0" 200 11197
195.140.227.163 - - [13/Sep/2023:12:44:25 -0300] "GET /manager/html HTTP/1.1" 401 2474
190.171.142.26 - - [13/Sep/2023:12:45:46 -0300] "GET /cormun/servlet/hlogin HTTP/1.1" 200 1724
190.171.142.26 - - [13/Sep/2023:12:45:47 -0300] "GET /cormun/static/gxcfg.js?2022112219184450 HTTP/1.1" 304 -
190.171.142.26 - - [13/Sep/2023:12:45:47 -0300] "GET /cormun/static/Resources/Spanish/PXTools.css?1759030 HTTP/1.1" 304 -
190.171.142.26 - - [13/Sep/2023:12:45:47 -0300] "GET /cormun/static/messages.spa.js?85251 HTTP/1.1" 304 -
190.171.142.26 - - [13/Sep/2023:12:45:47 -0300] "GET /cormun/static/hlogin.js?2022112219184458 HTTP/1.1" 304 -
190.171.142.26 - - [13/Sep/2023:12:45:47 -0300] "GET /cormun/static/Resources/CormunLogin.png HTTP/1.1" 304 -
190.171.142.26 - - [13/Sep/2023:12:45:47 -0300] "GET /cormun/servlet/hlogin HTTP/1.1" 200 1734
190.171.152.138 - - [13/Sep/2023:12:45:47 -0300] "GET /cormun/servlet/trpermisosadjuntos?18375139,20230913120442,P, HTTP/1.1" 200 6174
190.171.152.138 - - [13/Sep/2023:12:45:47 -0300] "GET /cormun/static/gxcfg.js?2020121641683 HTTP/1.1" 200 953
190.171.152.138 - - [13/Sep/2023:12:45:47 -0300] "GET /cormun/static/trpermisosadjuntos.js?2020121642996 HTTP/1.1" 200 20158
190.171.152.138 - - [13/Sep/2023:12:45:48 -0300] "GET /cormun/servlet/trpermisosadjuntos?18375139,20230913120442,P, HTTP/1.1" 200 6175
190.171.152.138 - - [13/Sep/2023:12:45:49 -0300] "GET /cormun/servlet/permisosadjuntos?INS,18375139,P,20230913120442,, HTTP/1.1" 200 5493
190.171.152.138 - - [13/Sep/2023:12:45:49 -0300] "GET /cormun/static/gxcfg.js?20201215134212 HTTP/1.1" 200 953
190.171.152.138 - - [13/Sep/2023:12:45:49 -0300] "GET /cormun/static/permisosadjuntos.js?20201215134285 HTTP/1.1" 200 8724
190.171.152.138 - - [13/Sep/2023:12:45:49 -0300] "GET /cormun/static/about:blank HTTP/1.1" 404 1011
190.171.152.138 - - [13/Sep/2023:12:45:50 -0300] "GET /cormun/servlet/permisosadjuntos?INS,18375139,P,20230913120442,, HTTP/1.1" 200 5484
190.171.142.26 - - [13/Sep/2023:12:45:56 -0300] "POST /cormun/servlet/hlogin?3c0269aedba0098dd48ad7be7a74ecaa,gx-no-cache=1694618968940 HTTP/1.1" 200 90
190.171.142.26 - - [13/Sep/2023:12:45:56 -0300] "GET /cormun/servlet/hpexe_link HTTP/1.1" 200 954
190.171.142.26 - - [13/Sep/2023:12:45:56 -0300] "GET /cormun/static/Resources/Spanish/PXTools.css?8354383 HTTP/1.1" 304 -
190.171.142.26 - - [13/Sep/2023:12:45:57 -0300] "GET /cormun/servlet/hhome HTTP/1.1" 200 4261
190.171.142.26 - - [13/Sep/2023:12:45:57 -0300] "GET /cormun/static/Resources/Spanish/PXTools.css?14345360 HTTP/1.1" 304 -
190.171.142.26 - - [13/Sep/2023:12:45:57 -0300] "GET /cormun/servlet/hhome HTTP/1.1" 200 4257
190.171.142.26 - - [13/Sep/2023:12:46:02 -0300] "GET /cormun/servlet/trlicencias? HTTP/1.1" 200 14820
190.171.142.26 - - [13/Sep/2023:12:46:02 -0300] "GET /cormun/static/gxcfg.js?202211298463625 HTTP/1.1" 304 -
190.171.142.26 - - [13/Sep/2023:12:46:02 -0300] "GET /cormun/static/trlicencias.js?202211298463889 HTTP/1.1" 304 -
190.171.142.26 - - [13/Sep/2023:12:46:03 -0300] "GET /cormun/servlet/trlicencias? HTTP/1.1" 200 14796
195.140.227.163 - - [13/Sep/2023:12:46:08 -0300] "GET /manager/html HTTP/1.1" 401 2474
