190.171.149.90 - - [11/Sep/2023:08:48:59 -0300] "GET /cormun/static/calendar-es.js?85251 HTTP/1.1" 200 1901
190.171.149.90 - - [11/Sep/2023:08:48:59 -0300] "GET /cormun/static/gxdec.js?85251 HTTP/1.1" 200 19579
190.171.149.90 - - [11/Sep/2023:08:48:59 -0300] "GET /cormun/static/trlicencias.js?202211298463889 HTTP/1.1" 200 41883
190.171.149.90 - - [11/Sep/2023:08:49:00 -0300] "GET /cormun/static/Resources/PXToolsDataSearch.png HTTP/1.1" 200 435
190.171.149.90 - - [11/Sep/2023:08:49:00 -0300] "GET /cormun/static/Resources/PXToolsGridPreviousDisabled.gif HTTP/1.1" 200 90
190.171.149.90 - - [11/Sep/2023:08:49:00 -0300] "GET /cormun/static/Resources/PXToolsGridLastDisabled.gif HTTP/1.1" 200 98
190.171.149.90 - - [11/Sep/2023:08:49:00 -0300] "GET /cormun/static/Resources/PXToolsGridNextDisabled.gif HTTP/1.1" 200 90
190.171.149.90 - - [11/Sep/2023:08:49:00 -0300] "GET /cormun/static/Resources/PXToolsGridPage.gif HTTP/1.1" 200 725
190.171.149.90 - - [11/Sep/2023:08:49:00 -0300] "GET /cormun/static/Resources/PXToolsAddAllAction.png HTTP/1.1" 200 495
190.171.149.90 - - [11/Sep/2023:08:49:00 -0300] "GET /cormun/static/Resources/PXTools/calendar.png HTTP/1.1" 200 1306
190.171.149.90 - - [11/Sep/2023:08:49:00 -0300] "GET /cormun/static/Resources/PXToolsActionExcel.png HTTP/1.1" 200 727
190.171.149.90 - - [11/Sep/2023:08:49:00 -0300] "GET /cormun/static/Resources/PXToolsGridFirstDisabled.gif HTTP/1.1" 200 100
190.171.149.90 - - [11/Sep/2023:08:49:00 -0300] "GET /favicon.ico HTTP/1.1" 200 21630
190.171.149.90 - - [11/Sep/2023:08:49:00 -0300] "GET /cormun/static/Resources/desc.gif HTTP/1.1" 200 65
190.171.149.90 - - [11/Sep/2023:08:49:01 -0300] "GET /cormun//static/Resources/PXToolsGridDisplay.png HTTP/1.1" 200 525
190.171.149.90 - - [11/Sep/2023:08:49:01 -0300] "GET /cormun//static/Resources/PXToolsActionPrint.png HTTP/1.1" 200 404
190.171.149.90 - - [11/Sep/2023:08:49:01 -0300] "GET /cormun//static/Resources/PXToolsHeaderHelp.png HTTP/1.1" 200 1333
190.171.149.90 - - [11/Sep/2023:08:49:01 -0300] "GET /cormun/static/Resources/asc.gif HTTP/1.1" 200 67
190.171.149.90 - - [11/Sep/2023:08:49:01 -0300] "GET /cormun//static/Resources/PXToolsActionDisabled.gif HTTP/1.1" 200 53
190.171.149.90 - - [11/Sep/2023:08:49:01 -0300] "GET /cormun//static/Resources/PXTools/ActionInsert.png HTTP/1.1" 200 1482
190.171.149.90 - - [11/Sep/2023:08:49:01 -0300] "GET /cormun//static/Resources/PXToolsHeaderFavorites.png HTTP/1.1" 200 1414
190.171.149.90 - - [11/Sep/2023:08:49:01 -0300] "GET /cormun/static/Shared/ext/resources/themes/images/default/panel/bg-headersPanel.png HTTP/1.1" 200 255
190.171.149.90 - - [11/Sep/2023:08:49:01 -0300] "GET /cormun/static/Shared/ext/resources/themes/images/default/tools/tool-sprites.gif HTTP/1.1" 200 5434
181.212.40.185 - - [11/Sep/2023:08:52:21 -0300] "POST /cormun/servlet/trlicencias?5da46c3a019b2c113180e188bf4bbafb,,gx-no-cache=1694432162618 HTTP/1.1" 440 972
190.171.153.50 - - [11/Sep/2023:08:52:58 -0300] "GET /cormun/servlet/hlogin HTTP/1.1" 200 1721
190.171.153.50 - - [11/Sep/2023:08:53:01 -0300] "POST /cormun/servlet/hlogin?f75a4616abdc5028b5a6b41372eb31b4,gx-no-cache=1694432202608 HTTP/1.1" 200 90
190.171.153.50 - - [11/Sep/2023:08:53:01 -0300] "GET /cormun/servlet/hpexe_link HTTP/1.1" 200 956
190.171.153.50 - - [11/Sep/2023:08:53:01 -0300] "GET /cormun/servlet/trlicencias HTTP/1.1" 200 10330
190.171.153.50 - - [11/Sep/2023:08:53:02 -0300] "GET /cormun/servlet/trlicencias HTTP/1.1" 200 10328
190.171.153.50 - - [11/Sep/2023:08:53:28 -0300] "GET /cormun/servlet/trpermisosgoce? HTTP/1.1" 200 9850
190.171.153.50 - - [11/Sep/2023:08:53:28 -0300] "GET /cormun/static/gxcfg.js?2020121631564 HTTP/1.1" 200 953
190.171.153.50 - - [11/Sep/2023:08:53:28 -0300] "GET /cormun/static/trpermisosgoce.js?2020121633681 HTTP/1.1" 200 35904
190.171.153.50 - - [11/Sep/2023:08:53:28 -0300] "GET /cormun//static/Resources/PXToolsGridDelete.png HTTP/1.1" 200 538
190.171.153.50 - - [11/Sep/2023:08:53:29 -0300] "GET /cormun/servlet/trpermisosgoce? HTTP/1.1" 200 9850
181.212.40.185 - - [11/Sep/2023:08:53:31 -0300] "GET /cormun/servlet/hlogin HTTP/1.1" 200 1717
190.171.153.50 - - [11/Sep/2023:08:53:37 -0300] "GET /cormun/servlet/trpermisosgoce? HTTP/1.1" 200 9850
190.171.153.50 - - [11/Sep/2023:08:53:37 -0300] "GET /cormun/servlet/trpermisosgoce? HTTP/1.1" 200 9850
181.212.40.185 - - [11/Sep/2023:08:53:41 -0300] "POST /cormun/servlet/hlogin?cb518e72446a4b02f6482ba213b4c688,gx-no-cache=1694432243008 HTTP/1.1" 200 90
181.212.40.185 - - [11/Sep/2023:08:53:42 -0300] "GET /cormun/servlet/hpexe_link HTTP/1.1" 200 948
181.212.40.185 - - [11/Sep/2023:08:53:42 -0300] "GET /cormun/servlet/hhome HTTP/1.1" 200 4208
181.212.40.185 - - [11/Sep/2023:08:53:43 -0300] "GET /cormun/servlet/hhome HTTP/1.1" 200 4204
181.212.40.185 - - [11/Sep/2023:08:53:47 -0300] "GET /cormun/servlet/trsolicitudot? HTTP/1.1" 200 7422
181.212.40.185 - - [11/Sep/2023:08:53:47 -0300] "GET /cormun/servlet/trsolicitudot? HTTP/1.1" 200 7421
190.171.149.74 - - [11/Sep/2023:08:53:47 -0300] "POST /cormun/servlet/trlicencias?9a6d75c759ec4f9b3d458ff223aa84bf,,gx-no-cache=1694432246040 HTTP/1.1" 440 972
190.171.149.74 - - [11/Sep/2023:08:53:49 -0300] "GET /cormun/servlet/trlicencias? HTTP/1.1" 200 6051
190.171.149.74 - - [11/Sep/2023:08:53:49 -0300] "GET /cormun/servlet/hlogin HTTP/1.1" 200 1740
190.171.149.74 - - [11/Sep/2023:08:53:50 -0300] "GET /cormun/servlet/trlicencias? HTTP/1.1" 200 6051
181.212.40.185 - - [11/Sep/2023:08:53:51 -0300] "GET /cormun/servlet/solicitudot?INS,0,0,false, HTTP/1.1" 200 16119
190.171.153.50 - - [11/Sep/2023:08:53:51 -0300] "POST /cormun/servlet/trpermisosgoce?f75a4616abdc5028b5a6b41372eb31b4,,gx-no-cache=1694432252664 HTTP/1.1" 200 4478
181.212.40.185 - - [11/Sep/2023:08:53:51 -0300] "GET /cormun/servlet/solicitudot?INS,0,0,false, HTTP/1.1" 200 16127
190.171.149.74 - - [11/Sep/2023:08:53:55 -0300] "POST /cormun/servlet/hlogin?5a8d118ec95d8e76c3f2b7386fc0d295,gx-no-cache=1694432253532 HTTP/1.1" 200 90
190.171.149.74 - - [11/Sep/2023:08:53:55 -0300] "GET /cormun/servlet/hpexe_link HTTP/1.1" 200 960
190.171.149.74 - - [11/Sep/2023:08:53:55 -0300] "GET /cormun/servlet/trlicencias HTTP/1.1" 200 9316
190.171.149.74 - - [11/Sep/2023:08:53:56 -0300] "GET /cormun/servlet/trlicencias HTTP/1.1" 200 9314
181.212.40.185 - - [11/Sep/2023:08:54:09 -0300] "POST /cormun/servlet/solicitudot?gx-no-cache=1694432269144 HTTP/1.1" 200 3990
181.212.40.185 - - [11/Sep/2023:08:54:09 -0300] "POST /cormun/servlet/solicitudot?cb518e72446a4b02f6482ba213b4c688,INS,0,0,false,,gx-no-cache=1694432270128 HTTP/1.1" 200 12819
181.212.40.185 - - [11/Sep/2023:08:54:11 -0300] "GET /cormun/servlet/solicitudot?714980125d9fbb3a805ea7a6e4667d02a36d4138fd2fbae1ca12f7668bae744406ceadd3d9a458962b2fa159e421890d,gx-no-cache=1694432272817 HTTP/1.1" 200 30
190.171.143.82 - - [11/Sep/2023:08:54:22 -0300] "GET /cormun/servlet/trlicencias HTTP/1.1" 200 6049
190.171.143.82 - - [11/Sep/2023:08:54:24 -0300] "GET /cormun/servlet/trlicencias HTTP/1.1" 200 6047
190.171.143.82 - - [11/Sep/2023:08:54:24 -0300] "GET /cormun/servlet/hlogin HTTP/1.1" 200 1735
190.171.143.82 - - [11/Sep/2023:08:54:24 -0300] "GET /cormun/servlet/trlicencias HTTP/1.1" 200 6047
190.171.143.82 - - [11/Sep/2023:08:54:26 -0300] "GET /favicon.ico HTTP/1.1" 200 21630
181.212.42.153 - - [11/Sep/2023:08:54:27 -0300] "GET /cormun/servlet/trlicencias? HTTP/1.1" 200 6049
181.212.42.153 - - [11/Sep/2023:08:54:27 -0300] "GET /cormun/servlet/hlogin HTTP/1.1" 200 1739
181.212.42.153 - - [11/Sep/2023:08:54:27 -0300] "GET /cormun/servlet/trlicencias? HTTP/1.1" 200 6050
181.212.42.153 - - [11/Sep/2023:08:54:27 -0300] "GET /cormun/servlet/trlicencias? HTTP/1.1" 200 6050
181.212.42.153 - - [11/Sep/2023:08:54:28 -0300] "GET /cormun/servlet/hlogin HTTP/1.1" 200 1739
181.212.42.153 - - [11/Sep/2023:08:54:28 -0300] "GET /favicon.ico HTTP/1.1" 200 21630
190.171.153.50 - - [11/Sep/2023:08:54:30 -0300] "POST /cormun/servlet/trpermisosgoce?f75a4616abdc5028b5a6b41372eb31b4,,gx-no-cache=1694432291033 HTTP/1.1" 200 5317
181.212.42.153 - - [11/Sep/2023:08:54:32 -0300] "POST /cormun/servlet/hlogin?7a98380e34aab8bdbe2e4067773faa9e,gx-no-cache=1694432294755 HTTP/1.1" 200 90
181.212.42.153 - - [11/Sep/2023:08:54:32 -0300] "GET /cormun/servlet/hpexe_link HTTP/1.1" 200 957
181.212.42.153 - - [11/Sep/2023:08:54:33 -0300] "GET /cormun/servlet/trlicencias HTTP/1.1" 200 16224
181.212.42.153 - - [11/Sep/2023:08:54:33 -0300] "GET /cormun/servlet/trlicencias HTTP/1.1" 200 16222
190.171.143.82 - - [11/Sep/2023:08:54:44 -0300] "POST /cormun/servlet/hlogin?3ff3c3938276fd4ca46c4d658ea1aad4,gx-no-cache=1694432300308 HTTP/1.1" 200 90
190.171.143.82 - - [11/Sep/2023:08:54:44 -0300] "GET /cormun/servlet/hpexe_link HTTP/1.1" 200 955
190.171.143.82 - - [11/Sep/2023:08:54:45 -0300] "GET /cormun/servlet/trlicencias HTTP/1.1" 200 12133
190.171.143.82 - - [11/Sep/2023:08:54:47 -0300] "GET /cormun/servlet/trlicencias HTTP/1.1" 200 12131
190.171.153.50 - - [11/Sep/2023:08:55:02 -0300] "GET /cormun/servlet/trpermisosgoce? HTTP/1.1" 200 8060
190.171.153.50 - - [11/Sep/2023:08:55:02 -0300] "GET /cormun/servlet/trpermisosgoce? HTTP/1.1" 200 8060
181.212.40.185 - - [11/Sep/2023:08:55:04 -0300] "GET /cormun/servlet/solicitudot?714980125d9fbb3a805ea7a6e4667d02fdf4a55eaf9b339303079dbc4e685f02e6ece680261460fe18ab10b764fea6f83fc0d5130a9e22f5de7d95a6c59fce04,gx-no-cache=1694432325483 HTTP/1.1" 200 30
181.203.61.14 - - [11/Sep/2023:08:55:04 -0300] "GET /cormun/servlet/hlogin HTTP/1.1" 200 1723
181.212.40.185 - - [11/Sep/2023:08:55:06 -0300] "GET /cormun/servlet/solicitudot?714980125d9fbb3a805ea7a6e4667d02d4aae73940c0b754b38cf635ec29da84,gx-no-cache=1694432327847 HTTP/1.1" 200 53
181.203.61.14 - - [11/Sep/2023:08:55:08 -0300] "POST /cormun/servlet/hlogin?4a41624ed9d3f7c3ef408a7ccde96b11,gx-no-cache=1694432328712 HTTP/1.1" 200 90
181.203.61.14 - - [11/Sep/2023:08:55:08 -0300] "GET /cormun/servlet/hpexe_link HTTP/1.1" 200 950
181.203.61.14 - - [11/Sep/2023:08:55:08 -0300] "GET /cormun/servlet/hhome HTTP/1.1" 200 3908
181.203.61.14 - - [11/Sep/2023:08:55:09 -0300] "GET /cormun/servlet/hhome HTTP/1.1" 200 3905
190.171.153.50 - - [11/Sep/2023:08:55:13 -0300] "GET /cormun/servlet/trpermisosingoce? HTTP/1.1" 200 7232
190.171.153.50 - - [11/Sep/2023:08:55:13 -0300] "GET /cormun/static/gxcfg.js?2020121653066 HTTP/1.1" 200 953
190.171.153.50 - - [11/Sep/2023:08:55:13 -0300] "GET /cormun/static/trpermisosingoce.js?2020121655097 HTTP/1.1" 200 34472
190.171.153.50 - - [11/Sep/2023:08:55:13 -0300] "GET /cormun/servlet/trpermisosingoce? HTTP/1.1" 200 7232
181.212.40.185 - - [11/Sep/2023:08:55:19 -0300] "POST /cormun/servlet/solicitudot?gx-no-cache=1694432340994 HTTP/1.1" 200 297
181.212.40.185 - - [11/Sep/2023:08:55:19 -0300] "GET /cormun/servlet/solicitudot?714980125d9fbb3a805ea7a6e4667d02aa42a6cabc781d1ceeeca77bd3c553b7bd50dd3dbe6ec9eaad636ef4568307979a2aa579811a512c7f70df6df15ff57cd8c2f227cd9da2f8a54de181cbc808e52d33a52350e20f3acec0e73500c98d1c5a536f9cd2e30e478066d1d223e0324871a98bb96e6c1bfce079fe3d33b7444988dfe72243c869970da4b8de440f510ced17830b0a999b5a856a4b2fa17565fdccc9fa0372243bb8edc92e0029d2b0bd1637656c7cd059bf9f1b626d165c0f08031c97f7498031d6a86ee619cbd422991ff57047af061abf4ed1a36e03b86372d6606f34b801c32bec60c0ca5636707082fc245da62e6a1b85f30face1a7dc9575687afe6840cecebaa4782f58a93a2b97971c0b6506fbf127f8dc44eeca022219b08637e1c182c24f220fb6a080acf5fd25372fba6b46eac7454d73d901c0dbd41332ac2f5fd634745ee68da4dd25bc7e2e9c6391b1338533b6c1c63349106cb86939dbad0f93a6f8e6d0e43754d42e3a2b734ca85a22f907df4627b2e789847a6ecdf1ea50af81673172c296a0ba3b,gx-no-cache=1694432341046 HTTP/1.1" 200 30
181.212.40.185 - - [11/Sep/2023:08:55:21 -0300] "POST /cormun/servlet/solicitudot?gx-no-cache=1694432342735 HTTP/1.1" 200 30
181.212.40.185 - - [11/Sep/2023:08:55:30 -0300] "POST /cormun/servlet/solicitudot?gx-no-cache=1694432351271 HTTP/1.1" 200 1470
181.212.40.185 - - [11/Sep/2023:08:55:30 -0300] "GET /cormun/static/menuarrow.gif HTTP/1.1" 404 1015
190.171.143.82 - - [11/Sep/2023:08:55:30 -0300] "GET /cormun/servlet/trpermisosgoce? HTTP/1.1" 200 13018
190.171.143.82 - - [11/Sep/2023:08:55:31 -0300] "GET /cormun/servlet/trpermisosgoce? HTTP/1.1" 200 13018
190.171.153.50 - - [11/Sep/2023:08:55:38 -0300] "GET /cormun/servlet/trpermisosgoce? HTTP/1.1" 200 8061
190.171.153.50 - - [11/Sep/2023:08:55:38 -0300] "GET /cormun/servlet/trpermisosgoce? HTTP/1.1" 200 8060
190.171.153.50 - - [11/Sep/2023:08:55:46 -0300] "POST /cormun/servlet/trpermisosgoce?f75a4616abdc5028b5a6b41372eb31b4,,gx-no-cache=1694432367071 HTTP/1.1" 200 4485
181.212.40.185 - - [11/Sep/2023:08:55:49 -0300] "GET /cormun/static/Resources/resize.gif HTTP/1.1" 200 77
181.212.40.185 - - [11/Sep/2023:08:55:49 -0300] "GET /cormun/static/Resources/PXTools/ClosePrompt.png HTTP/1.1" 200 1036
181.212.40.185 - - [11/Sep/2023:08:55:49 -0300] "GET /cormun/servlet/prlicenciaspermisos?11758581,L,,MD,,gxPopupLevel%3D0%3B HTTP/1.1" 200 6746
181.212.40.185 - - [11/Sep/2023:08:55:49 -0300] "GET /cormun/static/gxcfg.js?2020121559567 HTTP/1.1" 200 953
181.212.40.185 - - [11/Sep/2023:08:55:49 -0300] "GET /cormun/static/menusearch.js?20201214473581 HTTP/1.1" 200 1424
181.212.40.185 - - [11/Sep/2023:08:55:49 -0300] "GET /cormun/static/prlicenciaspermisos.js?2020121559821 HTTP/1.1" 200 13379
181.212.40.185 - - [11/Sep/2023:08:55:49 -0300] "GET /cormun/static/Resources/PXToolsMenuSearch.png HTTP/1.1" 200 336
181.212.40.185 - - [11/Sep/2023:08:55:49 -0300] "GET /cormun/static/Resources/PXToolsMenuSearchCancel.png HTTP/1.1" 200 306
181.212.40.185 - - [11/Sep/2023:08:55:49 -0300] "GET /cormun/static/hmpwkw011.js?202211298443482 HTTP/1.1" 200 1968
181.212.40.185 - - [11/Sep/2023:08:56:02 -0300] "POST /cormun/servlet/solicitudot?gx-no-cache=1694432383425 HTTP/1.1" 200 41
190.171.153.50 - - [11/Sep/2023:08:56:17 -0300] "GET /cormun/servlet/trpermisosingoce? HTTP/1.1" 200 7232
190.171.153.50 - - [11/Sep/2023:08:56:17 -0300] "GET /cormun/servlet/trpermisosingoce? HTTP/1.1" 200 7232
181.212.40.185 - - [11/Sep/2023:08:56:24 -0300] "GET /cormun/servlet/solicitudot?714980125d9fbb3a805ea7a6e4667d02b90c20f1521a6d5a7cd57d02e18977455bda41d9cdc1539c717a10b99bd7572451f8c6a2a2d37b64b14241cefa0a8c636797e42cff7a503e177a7323daebb075b5cfe1548c796c362646f8efe40e6bfbd5607da688478889a3a301f2e8ed0e4f,gx-no-cache=1694432405309 HTTP/1.1" 200 110
181.212.40.185 - - [11/Sep/2023:08:56:24 -0300] "POST /cormun/servlet/solicitudot?gx-no-cache=1694432405364 HTTP/1.1" 200 79
190.171.143.82 - - [11/Sep/2023:08:56:32 -0300] "GET /cormun/servlet/permisogoce?INS,0,,, HTTP/1.1" 200 7262
190.171.143.82 - - [11/Sep/2023:08:56:34 -0300] "GET /cormun/servlet/permisogoce?INS,0,,, HTTP/1.1" 200 7263
190.171.143.82 - - [11/Sep/2023:08:56:39 -0300] "GET /cormun/servlet/permisogoce?f392020dd1be0d61368304dcda33fa5f4c91877825d00ccfa02171b1acc026932c8550b823cff30d5e36ee01fdc96095ec031532c913437575334079ff6146de,gx-no-cache=1694432415231 HTTP/1.1" 200 82
190.171.143.82 - - [11/Sep/2023:08:56:39 -0300] "GET /cormun/static/menuarrow.gif HTTP/1.1" 404 1015
190.171.143.82 - - [11/Sep/2023:08:56:41 -0300] "GET /cormun/servlet/permisogoce?f392020dd1be0d61368304dcda33fa5f4c91877825d00ccfa02171b1acc026939b4ba82fc29b131f01706004da0520f6cace8f769c3ccc8810d5953980915225bfab18c7c14787088f4b3bf66590ea34ca317d72163634e3d583aa147ca20af18fc8b03736ced696f5be8ef2eb8437b3,gx-no-cache=1694432417225 HTTP/1.1" 200 82
190.171.143.82 - - [11/Sep/2023:08:56:51 -0300] "GET /cormun/servlet/permisogoce?f392020dd1be0d61368304dcda33fa5f783bce718b4987410804ede7d6bab19a9deffbc1bafed94db78dc3c8fbaa592fd5f610d44e771e37295c113f5052b0fe,gx-no-cache=1694432427231 HTTP/1.1" 200 48
190.171.143.82 - - [11/Sep/2023:08:56:54 -0300] "POST /cormun/servlet/permisogoce?3ff3c3938276fd4ca46c4d658ea1aad4,INS,0,,,,gx-no-cache=1694432428687 HTTP/1.1" 200 93
190.171.143.82 - - [11/Sep/2023:08:56:54 -0300] "GET /cormun/servlet/hpexe_return? HTTP/1.1" 200 1008
190.171.143.82 - - [11/Sep/2023:08:56:55 -0300] "GET /cormun/servlet/trpermisosgoce HTTP/1.1" 200 13280
190.171.143.82 - - [11/Sep/2023:08:56:57 -0300] "GET /cormun/servlet/trpermisosgoce HTTP/1.1" 200 13275
190.171.143.82 - - [11/Sep/2023:08:57:00 -0300] "GET /cormun/servlet/permisogoce?INS,0,,, HTTP/1.1" 200 7262
190.171.143.82 - - [11/Sep/2023:08:57:02 -0300] "GET /cormun/servlet/permisogoce?INS,0,,, HTTP/1.1" 200 7262
190.171.143.82 - - [11/Sep/2023:08:57:13 -0300] "GET /cormun/servlet/permisogoce?f392020dd1be0d61368304dcda33fa5f4c91877825d00ccfa02171b1acc026932c8550b823cff30d5e36ee01fdc96095ec031532c913437575334079ff6146de,gx-no-cache=1694432449584 HTTP/1.1" 200 84
190.171.143.82 - - [11/Sep/2023:08:57:15 -0300] "GET /cormun/servlet/permisogoce?f392020dd1be0d61368304dcda33fa5f4c91877825d00ccfa02171b1acc026939b4ba82fc29b131f01706004da0520f6cace8f769c3ccc8810d5953980915225bfab18c7c14787088f4b3bf66590ea34ca317d72163634e3d583aa147ca20af1bf9764bd4743db68aeeaf496b8a7e14a,gx-no-cache=1694432451348 HTTP/1.1" 200 84
190.171.153.50 - - [11/Sep/2023:08:57:22 -0300] "GET /cormun/servlet/trpermisosgoce? HTTP/1.1" 200 7221
190.171.153.50 - - [11/Sep/2023:08:57:22 -0300] "GET /cormun/servlet/trpermisosgoce? HTTP/1.1" 200 7221
190.171.153.50 - - [11/Sep/2023:08:57:26 -0300] "GET /cormun/servlet/permisogoce?INS,0,,, HTTP/1.1" 200 7168
190.171.153.50 - - [11/Sep/2023:08:57:26 -0300] "GET /cormun/static/gxcfg.js?20201215124560 HTTP/1.1" 200 953
190.171.153.50 - - [11/Sep/2023:08:57:26 -0300] "GET /cormun/static/Resources/prompt.gif HTTP/1.1" 200 902
190.171.153.50 - - [11/Sep/2023:08:57:26 -0300] "GET /cormun/static/permisogoce.js?20201215124939 HTTP/1.1" 200 27790
190.171.153.50 - - [11/Sep/2023:08:57:27 -0300] "GET /cormun/servlet/permisogoce?INS,0,,, HTTP/1.1" 200 7170
190.171.143.82 - - [11/Sep/2023:08:57:38 -0300] "GET /cormun/servlet/permisogoce?f392020dd1be0d61368304dcda33fa5f783bce718b4987410804ede7d6bab19a232b5ad24fd5d1c030593be6b2e505bbd5f610d44e771e37295c113f5052b0fe,gx-no-cache=1694432474331 HTTP/1.1" 200 48
190.171.153.50 - - [11/Sep/2023:08:57:47 -0300] "GET /cormun/servlet/permisogoce?555ea2c587db4682db897863284c7eddb94038de682435ad883a0c241fbbe3fe5a1606f2e6478bcea208db9dbac69e4c406210f69c1db5cfa1750d4e78284e8b,gx-no-cache=1694432488113 HTTP/1.1" 200 78
181.212.40.185 - - [11/Sep/2023:08:58:06 -0300] "GET /cormun/servlet/solicitudot?714980125d9fbb3a805ea7a6e4667d02f4937df1a07eafca66233062dc37ae0a4ff41811a7cc72353a284c2918f44af510739fd1ef16d033f7a7e8acff5dc07b060ff546da5f3ddbd64ff1452a4c968d56d25a0fa39b802486e94ee506b9675ba22d23a304f493af7d6c21a18c33f495,gx-no-cache=1694432507503 HTTP/1.1" 200 29
190.171.153.50 - - [11/Sep/2023:08:58:07 -0300] "GET /cormun/servlet/permisogoce?555ea2c587db4682db897863284c7eddbd500449e450b60f140d1db84cae660d7a4728f0065734da44f368514de7d626e08863462230623afb2973e981a684f3,gx-no-cache=1694432508175 HTTP/1.1" 200 47
181.212.40.185 - - [11/Sep/2023:08:58:09 -0300] "GET /cormun/servlet/solicitudot?714980125d9fbb3a805ea7a6e4667d024371981fec87bd6966867fda33fc009444c9e821fb2639f98215e07b1ac7a12b,gx-no-cache=1694432510379 HTTP/1.1" 200 30
181.212.40.185 - - [11/Sep/2023:08:58:09 -0300] "POST /cormun/servlet/solicitudot?gx-no-cache=1694432510428 HTTP/1.1" 200 34
190.171.149.74 - - [11/Sep/2023:08:58:10 -0300] "POST /cormun/servlet/trlicencias?5a8d118ec95d8e76c3f2b7386fc0d295,gx-no-cache=1694432508756 HTTP/1.1" 200 6672
190.171.143.82 - - [11/Sep/2023:08:58:13 -0300] "POST /cormun/servlet/permisogoce?3ff3c3938276fd4ca46c4d658ea1aad4,INS,0,,,,gx-no-cache=1694432509479 HTTP/1.1" 200 93
190.171.143.82 - - [11/Sep/2023:08:58:13 -0300] "GET /cormun/servlet/hpexe_return? HTTP/1.1" 200 1008
190.171.143.82 - - [11/Sep/2023:08:58:14 -0300] "GET /cormun/servlet/trpermisosgoce HTTP/1.1" 200 13436
190.171.143.82 - - [11/Sep/2023:08:58:17 -0300] "GET /cormun/servlet/trpermisosgoce HTTP/1.1" 200 13431
190.171.153.50 - - [11/Sep/2023:08:58:17 -0300] "POST /cormun/servlet/permisogoce?f75a4616abdc5028b5a6b41372eb31b4,INS,0,,,,gx-no-cache=1694432516757 HTTP/1.1" 200 93
190.171.153.50 - - [11/Sep/2023:08:58:17 -0300] "GET /cormun/servlet/hpexe_return? HTTP/1.1" 200 1010
190.171.153.50 - - [11/Sep/2023:08:58:17 -0300] "GET /cormun/static/gxcfg.js?20221129846035 HTTP/1.1" 200 953
190.171.153.50 - - [11/Sep/2023:08:58:17 -0300] "GET /cormun/static/hpexe_return.js?20221129846037 HTTP/1.1" 200 1633
190.171.153.50 - - [11/Sep/2023:08:58:17 -0300] "GET /cormun/servlet/trpermisosgoce HTTP/1.1" 200 8095
190.171.153.50 - - [11/Sep/2023:08:58:18 -0300] "GET /cormun//static/Resources/PXToolsGridUpdate.png HTTP/1.1" 200 470
190.171.153.50 - - [11/Sep/2023:08:58:18 -0300] "GET /cormun/servlet/trpermisosgoce HTTP/1.1" 200 8091
181.212.40.185 - - [11/Sep/2023:08:58:18 -0300] "POST /cormun/servlet/solicitudot?cb518e72446a4b02f6482ba213b4c688,INS,0,0,false,,gx-no-cache=1694432518945 HTTP/1.1" 200 93
181.212.40.185 - - [11/Sep/2023:08:58:18 -0300] "GET /cormun/servlet/hpexe_return? HTTP/1.1" 200 1006
181.212.40.185 - - [11/Sep/2023:08:58:19 -0300] "GET /cormun/servlet/trsolicitudot HTTP/1.1" 200 8820
181.212.40.185 - - [11/Sep/2023:08:58:19 -0300] "GET /cormun/servlet/trsolicitudot HTTP/1.1" 200 8816
190.171.143.82 - - [11/Sep/2023:08:58:26 -0300] "GET /cormun/servlet/apermisogoceprn?12515149,P,20230911084026,PU HTTP/1.1" 200 1652
190.171.153.50 - - [11/Sep/2023:08:58:30 -0300] "GET /cormun/servlet/apermisogoceprn?14331834,P,20230911084052,PU HTTP/1.1" 200 1630
181.212.40.185 - - [11/Sep/2023:08:58:40 -0300] "POST /cormun/servlet/trsolicitudot?cb518e72446a4b02f6482ba213b4c688,gx-no-cache=1694432541368 HTTP/1.1" 200 107
181.212.40.185 - - [11/Sep/2023:08:58:40 -0300] "GET /cormun/servlet/trsolicitudadjuntos?2023,20567, HTTP/1.1" 200 6312
181.212.40.185 - - [11/Sep/2023:08:58:40 -0300] "GET /cormun/servlet/trsolicitudadjuntos?2023,20567, HTTP/1.1" 200 6312
181.212.40.185 - - [11/Sep/2023:08:58:42 -0300] "GET /cormun/servlet/solicitudotadjuntos?INS,2023,20567,,1, HTTP/1.1" 200 6254
181.212.40.185 - - [11/Sep/2023:08:58:43 -0300] "GET /cormun/servlet/solicitudotadjuntos?INS,2023,20567,,1, HTTP/1.1" 200 6247
181.212.40.185 - - [11/Sep/2023:08:58:43 -0300] "GET /cormun/static/about:blank HTTP/1.1" 404 1011
181.212.40.185 - - [11/Sep/2023:08:58:43 -0300] "GET /cormun/servlet/solicitudotadjuntos?714980125d9fbb3a805ea7a6e4667d026941d891d35bff190beeaef911d6690c0b8708040a498df5ac3a1975e66148fc,gx-no-cache=1694432544664 HTTP/1.1" 200 30
181.212.40.185 - - [11/Sep/2023:08:58:43 -0300] "POST /cormun/servlet/solicitudotadjuntos?cb518e72446a4b02f6482ba213b4c688,INS,2023,20567,,1,,gx-no-cache=1694432544733 HTTP/1.1" 200 4152
181.212.40.185 - - [11/Sep/2023:08:58:46 -0300] "POST /cormun/servlet/solicitudotadjuntos?gx-no-cache=1694432547489 HTTP/1.1" 200 26
190.171.142.50 - - [11/Sep/2023:08:58:58 -0300] "GET /cormun/servlet/trlicencias? HTTP/1.1" 200 12839
190.171.142.50 - - [11/Sep/2023:08:58:58 -0300] "GET /cormun/servlet/trlicencias? HTTP/1.1" 200 12837
181.212.40.185 - - [11/Sep/2023:08:59:05 -0300] "GET /cormun/servlet/solicitudotadjuntos?714980125d9fbb3a805ea7a6e4667d02c3c606244f6593f25373626fddbdc5fe,gx-no-cache=1694432566230 HTTP/1.1" 200 30
181.212.40.185 - - [11/Sep/2023:08:59:05 -0300] "GET /cormun/servlet/solicitudotadjuntos?714980125d9fbb3a805ea7a6e4667d02c3c606244f6593f25373626fddbdc5fe,gx-no-cache=1694432566266 HTTP/1.1" 200 30
181.212.40.185 - - [11/Sep/2023:08:59:05 -0300] "POST /cormun/servlet/solicitudotadjuntos?cb518e72446a4b02f6482ba213b4c688,INS,2023,20567,,1, HTTP/1.1" 200 116
181.212.40.185 - - [11/Sep/2023:08:59:05 -0300] "GET /cormun/servlet/hpexe_return? HTTP/1.1" 200 1024
181.212.40.185 - - [11/Sep/2023:08:59:05 -0300] "GET /cormun/servlet/trsolicitudadjuntos?2023,20567, HTTP/1.1" 200 9254
181.212.40.185 - - [11/Sep/2023:08:59:06 -0300] "GET /cormun/servlet/trsolicitudadjuntos?2023,20567, HTTP/1.1" 200 9253
181.212.40.185 - - [11/Sep/2023:08:59:07 -0300] "GET /cormun/servlet/solicitudotadjuntos?INS,2023,20567,,1, HTTP/1.1" 200 6254
181.212.40.185 - - [11/Sep/2023:08:59:07 -0300] "GET /cormun/static/about:blank HTTP/1.1" 404 1011
181.212.40.185 - - [11/Sep/2023:08:59:08 -0300] "GET /cormun/servlet/solicitudotadjuntos?INS,2023,20567,,1, HTTP/1.1" 200 6247
181.212.40.185 - - [11/Sep/2023:08:59:08 -0300] "GET /cormun/servlet/solicitudotadjuntos?714980125d9fbb3a805ea7a6e4667d026941d891d35bff190beeaef911d6690c0b8708040a498df5ac3a1975e66148fc,gx-no-cache=1694432569548 HTTP/1.1" 200 30
181.212.40.185 - - [11/Sep/2023:08:59:08 -0300] "POST /cormun/servlet/solicitudotadjuntos?cb518e72446a4b02f6482ba213b4c688,INS,2023,20567,,1,,gx-no-cache=1694432569570 HTTP/1.1" 200 4152
181.212.40.185 - - [11/Sep/2023:08:59:10 -0300] "POST /cormun/servlet/solicitudotadjuntos?gx-no-cache=1694432571101 HTTP/1.1" 200 26
181.212.40.185 - - [11/Sep/2023:08:59:15 -0300] "GET /cormun/servlet/solicitudotadjuntos?714980125d9fbb3a805ea7a6e4667d02c3c606244f6593f25373626fddbdc5fe,gx-no-cache=1694432576733 HTTP/1.1" 200 30
181.212.40.185 - - [11/Sep/2023:08:59:15 -0300] "GET /cormun/servlet/solicitudotadjuntos?714980125d9fbb3a805ea7a6e4667d02c3c606244f6593f25373626fddbdc5fe,gx-no-cache=1694432577076 HTTP/1.1" 200 30
181.212.40.185 - - [11/Sep/2023:08:59:16 -0300] "POST /cormun/servlet/solicitudotadjuntos?cb518e72446a4b02f6482ba213b4c688,INS,2023,20567,,1, HTTP/1.1" 200 116
181.212.40.185 - - [11/Sep/2023:08:59:16 -0300] "GET /cormun/servlet/hpexe_return? HTTP/1.1" 200 1024
181.212.40.185 - - [11/Sep/2023:08:59:16 -0300] "GET /cormun/servlet/trsolicitudadjuntos?2023,20567, HTTP/1.1" 200 9521
181.212.40.185 - - [11/Sep/2023:08:59:16 -0300] "GET /cormun/servlet/trsolicitudadjuntos?2023,20567, HTTP/1.1" 200 9520
181.212.40.185 - - [11/Sep/2023:08:59:18 -0300] "GET /cormun/servlet/solicitudotadjuntos?INS,2023,20567,,1, HTTP/1.1" 200 6254
181.212.40.185 - - [11/Sep/2023:08:59:18 -0300] "GET /cormun/static/about:blank HTTP/1.1" 404 1011
181.212.40.185 - - [11/Sep/2023:08:59:18 -0300] "GET /cormun/servlet/solicitudotadjuntos?INS,2023,20567,,1, HTTP/1.1" 200 6247
181.212.40.185 - - [11/Sep/2023:08:59:18 -0300] "GET /cormun/servlet/solicitudotadjuntos?714980125d9fbb3a805ea7a6e4667d026941d891d35bff190beeaef911d6690c0b8708040a498df5ac3a1975e66148fc,gx-no-cache=1694432579829 HTTP/1.1" 200 30
181.212.40.185 - - [11/Sep/2023:08:59:18 -0300] "POST /cormun/servlet/solicitudotadjuntos?cb518e72446a4b02f6482ba213b4c688,INS,2023,20567,,1,,gx-no-cache=1694432579849 HTTP/1.1" 200 4152
181.212.40.185 - - [11/Sep/2023:08:59:21 -0300] "POST /cormun/servlet/solicitudotadjuntos?gx-no-cache=1694432582325 HTTP/1.1" 200 26
190.171.153.50 - - [11/Sep/2023:08:59:24 -0300] "POST /cormun/servlet/trpermisosgoce?f75a4616abdc5028b5a6b41372eb31b4,gx-no-cache=1694432585236 HTTP/1.1" 200 4563
190.171.153.50 - - [11/Sep/2023:08:59:24 -0300] "POST /cormun/servlet/trpermisosgoce?f75a4616abdc5028b5a6b41372eb31b4,gx-no-cache=1694432585543 HTTP/1.1" 200 4459
181.212.40.185 - - [11/Sep/2023:08:59:24 -0300] "GET /cormun/servlet/solicitudotadjuntos?714980125d9fbb3a805ea7a6e4667d02c3c606244f6593f25373626fddbdc5fe,gx-no-cache=1694432586021 HTTP/1.1" 200 30
181.212.40.185 - - [11/Sep/2023:08:59:24 -0300] "GET /cormun/servlet/solicitudotadjuntos?714980125d9fbb3a805ea7a6e4667d02c3c606244f6593f25373626fddbdc5fe,gx-no-cache=1694432586032 HTTP/1.1" 200 30
181.212.40.185 - - [11/Sep/2023:08:59:25 -0300] "POST /cormun/servlet/solicitudotadjuntos?cb518e72446a4b02f6482ba213b4c688,INS,2023,20567,,1, HTTP/1.1" 200 116
181.212.40.185 - - [11/Sep/2023:08:59:25 -0300] "GET /cormun/servlet/hpexe_return? HTTP/1.1" 200 1024
181.212.40.185 - - [11/Sep/2023:08:59:25 -0300] "GET /cormun/servlet/trsolicitudadjuntos?2023,20567, HTTP/1.1" 200 9745
181.212.40.185 - - [11/Sep/2023:08:59:26 -0300] "GET /cormun/servlet/trsolicitudadjuntos?2023,20567, HTTP/1.1" 200 9742
181.212.40.185 - - [11/Sep/2023:08:59:27 -0300] "GET /cormun/servlet/solicitudotadjuntos?INS,2023,20567,,1, HTTP/1.1" 200 6254
181.212.40.185 - - [11/Sep/2023:08:59:27 -0300] "GET /cormun/static/about:blank HTTP/1.1" 404 1011
181.212.40.185 - - [11/Sep/2023:08:59:27 -0300] "GET /cormun/servlet/solicitudotadjuntos?INS,2023,20567,,1, HTTP/1.1" 200 6247
181.212.40.185 - - [11/Sep/2023:08:59:28 -0300] "GET /cormun/servlet/solicitudotadjuntos?714980125d9fbb3a805ea7a6e4667d026941d891d35bff190beeaef911d6690c0b8708040a498df5ac3a1975e66148fc,gx-no-cache=1694432589181 HTTP/1.1" 200 30
181.212.40.185 - - [11/Sep/2023:08:59:28 -0300] "POST /cormun/servlet/solicitudotadjuntos?cb518e72446a4b02f6482ba213b4c688,INS,2023,20567,,1,,gx-no-cache=1694432589207 HTTP/1.1" 200 4152
190.171.153.50 - - [11/Sep/2023:08:59:28 -0300] "POST /cormun/servlet/trpermisosgoce?f75a4616abdc5028b5a6b41372eb31b4,gx-no-cache=1694432589323 HTTP/1.1" 200 104
190.171.153.50 - - [11/Sep/2023:08:59:28 -0300] "GET /cormun/PermisosGoce-6245.xls HTTP/1.1" 200 4096
181.212.40.185 - - [11/Sep/2023:08:59:30 -0300] "POST /cormun/servlet/solicitudotadjuntos?gx-no-cache=1694432591677 HTTP/1.1" 200 26
181.212.40.185 - - [11/Sep/2023:08:59:34 -0300] "GET /cormun/servlet/solicitudotadjuntos?714980125d9fbb3a805ea7a6e4667d02c3c606244f6593f25373626fddbdc5fe,gx-no-cache=1694432595533 HTTP/1.1" 200 30
181.212.40.185 - - [11/Sep/2023:08:59:34 -0300] "GET /cormun/servlet/solicitudotadjuntos?714980125d9fbb3a805ea7a6e4667d02c3c606244f6593f25373626fddbdc5fe,gx-no-cache=1694432595545 HTTP/1.1" 200 30
181.212.40.185 - - [11/Sep/2023:08:59:34 -0300] "POST /cormun/servlet/solicitudotadjuntos?cb518e72446a4b02f6482ba213b4c688,INS,2023,20567,,1, HTTP/1.1" 200 116
181.212.40.185 - - [11/Sep/2023:08:59:34 -0300] "GET /cormun/servlet/hpexe_return? HTTP/1.1" 200 1024
181.212.40.185 - - [11/Sep/2023:08:59:35 -0300] "GET /cormun/servlet/trsolicitudadjuntos?2023,20567, HTTP/1.1" 200 9985
181.212.40.185 - - [11/Sep/2023:08:59:35 -0300] "GET /cormun/servlet/trsolicitudadjuntos?2023,20567, HTTP/1.1" 200 9984
181.212.40.185 - - [11/Sep/2023:08:59:37 -0300] "GET /cormun/servlet/solicitudotadjuntos?INS,2023,20567,,1, HTTP/1.1" 200 6255
181.212.40.185 - - [11/Sep/2023:08:59:37 -0300] "GET /cormun/static/about:blank HTTP/1.1" 404 1011
181.212.40.185 - - [11/Sep/2023:08:59:37 -0300] "GET /cormun/servlet/solicitudotadjuntos?INS,2023,20567,,1, HTTP/1.1" 200 6247
181.212.40.185 - - [11/Sep/2023:08:59:37 -0300] "GET /cormun/servlet/solicitudotadjuntos?714980125d9fbb3a805ea7a6e4667d026941d891d35bff190beeaef911d6690c0b8708040a498df5ac3a1975e66148fc,gx-no-cache=1694432598912 HTTP/1.1" 200 30
181.212.40.185 - - [11/Sep/2023:08:59:37 -0300] "POST /cormun/servlet/solicitudotadjuntos?cb518e72446a4b02f6482ba213b4c688,INS,2023,20567,,1,,gx-no-cache=1694432598935 HTTP/1.1" 200 4151
190.171.153.50 - - [11/Sep/2023:08:59:38 -0300] "GET /cormun/servlet/permisogoce?INS,0,,, HTTP/1.1" 200 7168
190.171.153.50 - - [11/Sep/2023:08:59:38 -0300] "GET /cormun/servlet/permisogoce?INS,0,,, HTTP/1.1" 200 7170
181.212.40.185 - - [11/Sep/2023:08:59:41 -0300] "POST /cormun/servlet/solicitudotadjuntos?gx-no-cache=1694432602518 HTTP/1.1" 200 26
181.212.40.185 - - [11/Sep/2023:08:59:46 -0300] "GET /cormun/servlet/solicitudotadjuntos?714980125d9fbb3a805ea7a6e4667d02c3c606244f6593f25373626fddbdc5fe,gx-no-cache=1694432607933 HTTP/1.1" 200 30
181.212.40.185 - - [11/Sep/2023:08:59:46 -0300] "GET /cormun/servlet/solicitudotadjuntos?714980125d9fbb3a805ea7a6e4667d02c3c606244f6593f25373626fddbdc5fe,gx-no-cache=1694432607944 HTTP/1.1" 200 30
181.212.40.185 - - [11/Sep/2023:08:59:47 -0300] "POST /cormun/servlet/solicitudotadjuntos?cb518e72446a4b02f6482ba213b4c688,INS,2023,20567,,1, HTTP/1.1" 200 116
181.212.40.185 - - [11/Sep/2023:08:59:47 -0300] "GET /cormun/servlet/hpexe_return? HTTP/1.1" 200 1024
181.212.40.185 - - [11/Sep/2023:08:59:47 -0300] "GET /cormun/servlet/trsolicitudadjuntos?2023,20567, HTTP/1.1" 200 10327
181.212.40.185 - - [11/Sep/2023:08:59:47 -0300] "GET /cormun/servlet/trsolicitudadjuntos?2023,20567, HTTP/1.1" 200 10330
190.171.143.82 - - [11/Sep/2023:08:59:48 -0300] "GET /cormun/servlet/apermisogoceprn?12515149,P,20230911083958,PU HTTP/1.1" 200 1647
190.171.153.50 - - [11/Sep/2023:08:59:48 -0300] "GET /cormun/servlet/permisogoce?555ea2c587db4682db897863284c7eddb94038de682435ad883a0c241fbbe3fe5a1606f2e6478bcea208db9dbac69e4c406210f69c1db5cfa1750d4e78284e8b,gx-no-cache=1694432609775 HTTP/1.1" 200 78
190.171.153.50 - - [11/Sep/2023:08:59:48 -0300] "GET /cormun/static/menuarrow.gif HTTP/1.1" 404 1015
181.212.40.185 - - [11/Sep/2023:08:59:49 -0300] "GET /cormun/servlet/solicitudotadjuntos?INS,2023,20567,,1, HTTP/1.1" 200 6255
181.212.40.185 - - [11/Sep/2023:08:59:49 -0300] "GET /cormun/static/about:blank HTTP/1.1" 404 1011
181.212.40.185 - - [11/Sep/2023:08:59:49 -0300] "GET /cormun/servlet/solicitudotadjuntos?INS,2023,20567,,1, HTTP/1.1" 200 6247
181.212.40.185 - - [11/Sep/2023:08:59:50 -0300] "GET /cormun/servlet/solicitudotadjuntos?714980125d9fbb3a805ea7a6e4667d026941d891d35bff190beeaef911d6690c0b8708040a498df5ac3a1975e66148fc,gx-no-cache=1694432611181 HTTP/1.1" 200 30
181.212.40.185 - - [11/Sep/2023:08:59:50 -0300] "POST /cormun/servlet/solicitudotadjuntos?cb518e72446a4b02f6482ba213b4c688,INS,2023,20567,,1,,gx-no-cache=1694432611209 HTTP/1.1" 200 4151
181.212.40.185 - - [11/Sep/2023:08:59:52 -0300] "POST /cormun/servlet/solicitudotadjuntos?gx-no-cache=1694432613238 HTTP/1.1" 200 26
190.171.153.50 - - [11/Sep/2023:08:59:53 -0300] "GET /cormun/servlet/permisogoce?555ea2c587db4682db897863284c7eddbd500449e450b60f140d1db84cae660d26851f9af6dae23f7b6b4b274eb63f63e08863462230623afb2973e981a684f3,gx-no-cache=1694432614088 HTTP/1.1" 200 129
190.171.153.50 - - [11/Sep/2023:08:59:53 -0300] "GET /cormun/static/Shared/jqueryui/images/ui-bg_highlight-soft_100_c6c2c8_1x100.png HTTP/1.1" 404 1117
190.171.153.50 - - [11/Sep/2023:08:59:53 -0300] "GET /cormun/static/Shared/jqueryui/images/ui-bg_flat_55_994d53_40x100.png HTTP/1.1" 404 1097
190.171.153.50 - - [11/Sep/2023:08:59:53 -0300] "GET /cormun/static/Shared/jqueryui/images/ui-icons_82798d_256x240.png HTTP/1.1" 404 1089
190.171.153.50 - - [11/Sep/2023:08:59:53 -0300] "GET /cormun/static/Shared/jqueryui/images/ui-icons_ebccce_256x240.png HTTP/1.1" 404 1089
181.212.40.185 - - [11/Sep/2023:08:59:55 -0300] "GET /cormun/servlet/solicitudotadjuntos?714980125d9fbb3a805ea7a6e4667d02c3c606244f6593f25373626fddbdc5fe,gx-no-cache=1694432616966 HTTP/1.1" 200 30
181.212.40.185 - - [11/Sep/2023:08:59:55 -0300] "GET /cormun/servlet/solicitudotadjuntos?714980125d9fbb3a805ea7a6e4667d02c3c606244f6593f25373626fddbdc5fe,gx-no-cache=1694432616977 HTTP/1.1" 200 30
181.212.40.185 - - [11/Sep/2023:08:59:56 -0300] "POST /cormun/servlet/solicitudotadjuntos?cb518e72446a4b02f6482ba213b4c688,INS,2023,20567,,1, HTTP/1.1" 200 116
181.212.40.185 - - [11/Sep/2023:08:59:56 -0300] "GET /cormun/servlet/hpexe_return? HTTP/1.1" 200 1024
181.212.40.185 - - [11/Sep/2023:08:59:56 -0300] "GET /cormun/servlet/trsolicitudadjuntos?2023,20567, HTTP/1.1" 200 10487
181.212.40.185 - - [11/Sep/2023:08:59:57 -0300] "GET /cormun/servlet/trsolicitudadjuntos?2023,20567, HTTP/1.1" 200 10485
190.171.153.50 - - [11/Sep/2023:08:59:57 -0300] "GET /cormun/servlet/permisogoce?555ea2c587db4682db897863284c7eddbd500449e450b60f140d1db84cae660dbdae55ae702c9741dbf391678195227ae08863462230623afb2973e981a684f3,gx-no-cache=1694432618487 HTTP/1.1" 200 47
181.212.40.185 - - [11/Sep/2023:08:59:58 -0300] "POST /cormun/servlet/trsolicitudadjuntos?cb518e72446a4b02f6482ba213b4c688,2023,20567,,gx-no-cache=1694432619831 HTTP/1.1" 200 90
181.212.40.185 - - [11/Sep/2023:08:59:58 -0300] "GET /cormun/servlet/hpexe_link HTTP/1.1" 200 966
181.212.40.185 - - [11/Sep/2023:08:59:59 -0300] "GET /cormun/servlet/trsolicitudot HTTP/1.1" 200 8817
181.212.40.185 - - [11/Sep/2023:08:59:59 -0300] "GET /cormun/servlet/trsolicitudot HTTP/1.1" 200 8816
181.212.40.185 - - [11/Sep/2023:09:00:06 -0300] "POST /cormun/servlet/trsolicitudot?cb518e72446a4b02f6482ba213b4c688,gx-no-cache=1694432627768 HTTP/1.1" 200 4866
181.212.40.185 - - [11/Sep/2023:09:00:06 -0300] "GET /cormun/static/Shared/jqueryui/images/ui-icons_82798d_256x240.png HTTP/1.1" 404 1089
181.212.40.185 - - [11/Sep/2023:09:00:06 -0300] "GET /cormun/static/Shared/jqueryui/images/ui-bg_highlight-soft_100_c6c2c8_1x100.png HTTP/1.1" 404 1117
181.212.40.185 - - [11/Sep/2023:09:00:06 -0300] "GET /cormun/static/Shared/jqueryui/images/ui-icons_8d78a5_256x240.png HTTP/1.1" 404 1089
181.212.40.185 - - [11/Sep/2023:09:00:06 -0300] "GET /cormun/static/Shared/jqueryui/images/ui-bg_flat_55_fafafa_40x100.png HTTP/1.1" 404 1097
181.212.40.185 - - [11/Sep/2023:09:00:06 -0300] "POST /cormun/servlet/trsolicitudot?cb518e72446a4b02f6482ba213b4c688,gx-no-cache=1694432627974 HTTP/1.1" 200 4613
181.212.40.185 - - [11/Sep/2023:09:00:10 -0300] "GET /cormun/servlet/trautorizarsolicitud? HTTP/1.1" 200 8713
181.212.40.185 - - [11/Sep/2023:09:00:10 -0300] "GET /cormun/servlet/trautorizarsolicitud? HTTP/1.1" 200 8713
181.212.40.185 - - [11/Sep/2023:09:00:23 -0300] "GET /cormun/servlet/trlicencias? HTTP/1.1" 200 15029
181.212.40.185 - - [11/Sep/2023:09:00:24 -0300] "GET /cormun/servlet/trlicencias? HTTP/1.1" 200 15028
190.171.142.26 - - [11/Sep/2023:09:00:30 -0300] "GET /cormun/servlet/hlogin HTTP/1.1" 200 1725
190.171.142.26 - - [11/Sep/2023:09:00:30 -0300] "GET /cormun/static/gxtimezone.js?85251 HTTP/1.1" 200 5781
190.171.142.26 - - [11/Sep/2023:09:00:31 -0300] "GET /cormun/static/gxcfg.js?2022112219184450 HTTP/1.1" 200 953
190.171.142.26 - - [11/Sep/2023:09:00:31 -0300] "GET /cormun/static/Resources/CormunLogin.png HTTP/1.1" 200 19132
190.171.142.26 - - [11/Sep/2023:09:00:31 -0300] "GET /cormun/static/Resources/Spanish/PXTools.css?1759030 HTTP/1.1" 200 100853
190.171.142.26 - - [11/Sep/2023:09:00:31 -0300] "GET /cormun/static/messages.spa.js?85251 HTTP/1.1" 200 30736
190.171.142.26 - - [11/Sep/2023:09:00:31 -0300] "GET /cormun/static/hlogin.js?2022112219184458 HTTP/1.1" 200 2156
190.171.142.26 - - [11/Sep/2023:09:00:31 -0300] "GET /cormun/static/gxgral.js?85251 HTTP/1.1" 200 384558
181.212.40.185 - - [11/Sep/2023:09:00:31 -0300] "GET /cormun/servlet/trautorizarsolicitud? HTTP/1.1" 200 8713
190.171.142.26 - - [11/Sep/2023:09:00:31 -0300] "GET /cormun/static/Resources/PXToolsLoginBackground.png HTTP/1.1" 200 1164
190.171.142.26 - - [11/Sep/2023:09:00:31 -0300] "GET /cormun/static/Resources/PXToolsLoginTop.png HTTP/1.1" 200 1337
190.171.142.26 - - [11/Sep/2023:09:00:31 -0300] "GET /cormun/static/Resources/PXToolsLoginBottom.png HTTP/1.1" 200 1389
190.171.142.26 - - [11/Sep/2023:09:00:31 -0300] "GET /cormun/static/Resources/PXToolsButtonLeft.png HTTP/1.1" 200 1310
190.171.142.26 - - [11/Sep/2023:09:00:31 -0300] "GET /cormun/static/Resources/PXToolsButtonRight.png HTTP/1.1" 200 1294
190.171.142.26 - - [11/Sep/2023:09:00:31 -0300] "GET /cormun/static/Resources/PXToolsButtonBackground.png HTTP/1.1" 200 1176
190.171.142.26 - - [11/Sep/2023:09:00:31 -0300] "GET /cormun/static/Resources/indicator.gif HTTP/1.1" 200 1553
190.171.142.26 - - [11/Sep/2023:09:00:31 -0300] "GET /cormun/servlet/hlogin HTTP/1.1" 200 1734
181.212.40.185 - - [11/Sep/2023:09:00:32 -0300] "GET /cormun/servlet/trautorizarsolicitud? HTTP/1.1" 200 8713
190.171.142.26 - - [11/Sep/2023:09:00:32 -0300] "GET /favicon.ico HTTP/1.1" 200 21630
190.171.153.50 - - [11/Sep/2023:09:00:46 -0300] "POST /cormun/servlet/permisogoce?f75a4616abdc5028b5a6b41372eb31b4,INS,0,,,,gx-no-cache=1694432666647 HTTP/1.1" 200 93
190.171.153.50 - - [11/Sep/2023:09:00:46 -0300] "GET /cormun/servlet/hpexe_return? HTTP/1.1" 200 1031
190.171.153.50 - - [11/Sep/2023:09:00:46 -0300] "GET /cormun/servlet/trpermisosgoce?gx-no-cache=1694432585543 HTTP/1.1" 200 8092
190.171.153.50 - - [11/Sep/2023:09:00:46 -0300] "GET /cormun/servlet/trpermisosgoce?gx-no-cache=1694432585543 HTTP/1.1" 200 8108
190.171.153.50 - - [11/Sep/2023:09:00:57 -0300] "GET /cormun/servlet/apermisogoceprn?14331834,P,20230911084304,PU HTTP/1.1" 200 1635
190.171.142.26 - - [11/Sep/2023:09:01:22 -0300] "POST /cormun/servlet/hlogin?46e930ad65b411e714b6c8187c0f66c2,gx-no-cache=1694432703745 HTTP/1.1" 200 450
190.171.153.50 - - [11/Sep/2023:09:01:56 -0300] "GET /cormun/servlet/trpermisosgoce? HTTP/1.1" 200 8108
190.171.153.50 - - [11/Sep/2023:09:01:57 -0300] "GET /cormun/servlet/trpermisosgoce? HTTP/1.1" 200 8088
190.171.142.10 - - [11/Sep/2023:09:02:06 -0300] "GET /cormun/servlet/hlogin HTTP/1.1" 200 1723
190.171.142.10 - - [11/Sep/2023:09:02:10 -0300] "POST /cormun/servlet/hlogin?c082a7b4bb5bb18d1a04173fc4021aeb,gx-no-cache=1694432751057 HTTP/1.1" 200 90
190.171.142.10 - - [11/Sep/2023:09:02:10 -0300] "GET /cormun/servlet/hpexe_link HTTP/1.1" 200 954
190.171.142.10 - - [11/Sep/2023:09:02:10 -0300] "GET /cormun/servlet/hhome HTTP/1.1" 200 4212
190.171.142.10 - - [11/Sep/2023:09:02:11 -0300] "GET /cormun/servlet/hhome HTTP/1.1" 200 4208
190.171.142.10 - - [11/Sep/2023:09:02:13 -0300] "GET /cormun/servlet/trlicencias? HTTP/1.1" 200 12591
190.171.142.10 - - [11/Sep/2023:09:02:13 -0300] "GET /cormun/servlet/trlicencias? HTTP/1.1" 200 12588
190.171.153.50 - - [11/Sep/2023:09:02:16 -0300] "GET /cormun/Manuales/ManualSolicitud.pdf HTTP/1.1" 200 850295
190.171.142.26 - - [11/Sep/2023:09:02:17 -0300] "POST /cormun/servlet/hlogin?46e930ad65b411e714b6c8187c0f66c2,gx-no-cache=1694432758169 HTTP/1.1" 200 449
190.171.142.26 - - [11/Sep/2023:09:02:42 -0300] "POST /cormun/servlet/trlicencias?087a591926006544f51830fe936cb09b,,gx-no-cache=1694432782754 HTTP/1.1" 200 18404
190.171.142.26 - - [11/Sep/2023:09:02:48 -0300] "POST /cormun/servlet/hlogin?46e930ad65b411e714b6c8187c0f66c2,gx-no-cache=1694432789695 HTTP/1.1" 200 449
190.171.142.26 - - [11/Sep/2023:09:02:54 -0300] "POST /cormun/servlet/trlicencias?087a591926006544f51830fe936cb09b,,gx-no-cache=1694432795601 HTTP/1.1" 200 101
190.171.142.26 - - [11/Sep/2023:09:02:54 -0300] "GET /cormun/Licencias-1799.xls HTTP/1.1" 200 24064
181.161.237.116 - - [11/Sep/2023:09:03:00 -0300] "üà®ëZưOmè“ß̔4ŒCuÁXލï]®oÉaû+ †rÀ=ß`îvϛCt÷иW " 400 -
181.161.237.116 - - [11/Sep/2023:09:03:01 -0300] "üªYd´Ä•SäL¦Ž:ÛÊîõ¼w“·)ë†á¤FZJ ×B'QokY‡Þ.U%Q " 400 -
181.161.237.116 - - [11/Sep/2023:09:03:01 -0300] "GET /cormun/static/Resources/Spanish/PXTools.css?1759030 HTTP/1.1" 200 100853
181.161.237.116 - - [11/Sep/2023:09:03:01 -0300] "GET /cormun/servlet/hlogin HTTP/1.1" 200 1721
181.161.237.116 - - [11/Sep/2023:09:03:01 -0300] "GET /cormun/static/gxtimezone.js?85251 HTTP/1.1" 200 5781
181.161.237.116 - - [11/Sep/2023:09:03:01 -0300] "GET /cormun/static/gxcfg.js?2022112219184450 HTTP/1.1" 200 953
181.161.237.116 - - [11/Sep/2023:09:03:01 -0300] "GET /cormun/static/messages.spa.js?85251 HTTP/1.1" 200 30736
181.161.237.116 - - [11/Sep/2023:09:03:01 -0300] "GET /cormun/static/Resources/CormunLogin.png HTTP/1.1" 200 19132
181.161.237.116 - - [11/Sep/2023:09:03:01 -0300] "GET /cormun/static/hlogin.js?2022112219184458 HTTP/1.1" 200 2156
181.161.237.116 - - [11/Sep/2023:09:03:01 -0300] "GET /cormun/static/gxgral.js?85251 HTTP/1.1" 200 384558
181.161.237.116 - - [11/Sep/2023:09:03:01 -0300] "GET /cormun/static/Resources/PXToolsLoginTop.png HTTP/1.1" 200 1337
181.161.237.116 - - [11/Sep/2023:09:03:01 -0300] "GET /cormun/static/Resources/PXToolsButtonLeft.png HTTP/1.1" 200 1310
181.161.237.116 - - [11/Sep/2023:09:03:01 -0300] "GET /cormun/static/Resources/PXToolsLoginBackground.png HTTP/1.1" 200 1164
181.161.237.116 - - [11/Sep/2023:09:03:01 -0300] "GET /cormun/static/Resources/PXToolsLoginBottom.png HTTP/1.1" 200 1389
181.161.237.116 - - [11/Sep/2023:09:03:01 -0300] "GET /cormun/static/Resources/PXToolsButtonBackground.png HTTP/1.1" 200 1176
181.161.237.116 - - [11/Sep/2023:09:03:01 -0300] "GET /cormun/static/Resources/PXToolsButtonRight.png HTTP/1.1" 200 1294
181.161.237.116 - - [11/Sep/2023:09:03:01 -0300] "GET /cormun/static/Resources/indicator.gif HTTP/1.1" 200 1553
181.161.237.116 - - [11/Sep/2023:09:03:01 -0300] "GET /cormun/servlet/hlogin HTTP/1.1" 200 1731
181.161.237.116 - - [11/Sep/2023:09:03:01 -0300] "GET /favicon.ico HTTP/1.1" 200 21630
190.171.143.82 - - [11/Sep/2023:09:03:14 -0300] "GET /cormun/servlet/trinasistencia? HTTP/1.1" 200 8142
190.171.143.82 - - [11/Sep/2023:09:03:14 -0300] "GET /cormun/static/gxui/gxui-all.css?110300 HTTP/1.1" 200 2179
190.171.143.82 - - [11/Sep/2023:09:03:14 -0300] "GET /cormun/static/calendar-system.css?75620 HTTP/1.1" 200 5572
190.171.143.82 - - [11/Sep/2023:09:03:14 -0300] "GET /cormun/static/gxcfg.js?201991422464941 HTTP/1.1" 200 953
190.171.143.82 - - [11/Sep/2023:09:03:14 -0300] "GET /cormun/static/Resources/Spanish/PXTools.css?2294816 HTTP/1.1" 200 100853
190.171.143.82 - - [11/Sep/2023:09:03:14 -0300] "GET /cormun/static/trinasistencia.js?201991422465536 HTTP/1.1" 200 34455
190.171.143.82 - - [11/Sep/2023:09:03:14 -0300] "GET /cormun/static/Shared/ext/resources/css/ext-all.css?205870 HTTP/1.1" 200 416045
190.171.143.82 - - [11/Sep/2023:09:03:15 -0300] "GET /cormun/servlet/trinasistencia? HTTP/1.1" 200 8141
190.171.143.82 - - [11/Sep/2023:09:03:20 -0300] "GET /cormun/servlet/trpermisosingoceadjunto?605,16252974, HTTP/1.1" 200 6465
190.171.143.82 - - [11/Sep/2023:09:03:20 -0300] "GET /cormun/static/gxcfg.js?20221129847873 HTTP/1.1" 200 953
190.171.143.82 - - [11/Sep/2023:09:03:20 -0300] "GET /cormun/static/trpermisosingoceadjunto.js?20221129847996 HTTP/1.1" 200 16925
190.171.143.82 - - [11/Sep/2023:09:03:26 -0300] "GET /cormun/servlet/trpermisosingoceadjunto?605,16252974, HTTP/1.1" 200 6466
190.171.143.82 - - [11/Sep/2023:09:03:28 -0300] "GET /cormun/servlet/permisosingoceadjunto?INS,605,, HTTP/1.1" 200 5788
190.171.143.82 - - [11/Sep/2023:09:03:28 -0300] "GET /cormun/static/gxcfg.js?20201215152332 HTTP/1.1" 200 953
190.171.143.82 - - [11/Sep/2023:09:03:29 -0300] "GET /cormun/static/permisosingoceadjunto.js?20201215152375 HTTP/1.1" 200 6883
190.171.143.82 - - [11/Sep/2023:09:03:29 -0300] "GET /cormun/static/about:blank HTTP/1.1" 404 1011
190.171.142.26 - - [11/Sep/2023:09:03:29 -0300] "POST /cormun/servlet/hlogin?46e930ad65b411e714b6c8187c0f66c2,gx-no-cache=1694432830628 HTTP/1.1" 200 449
190.171.143.82 - - [11/Sep/2023:09:03:29 -0300] "GET /cormun/servlet/permisosingoceadjunto?INS,605,, HTTP/1.1" 200 5773
190.171.143.82 - - [11/Sep/2023:09:03:30 -0300] "GET /cormun/servlet/permisosingoceadjunto?9bde66c399b6b7bc039a534d23114a6edd5041aa367d3dedf2bb39f94b9f9836,gx-no-cache=1694432826426 HTTP/1.1" 200 26
181.161.237.116 - - [11/Sep/2023:09:03:47 -0300] "GET /cormun/servlet/hlogin HTTP/1.1" 200 1721
190.171.143.82 - - [11/Sep/2023:09:03:48 -0300] "POST /cormun/servlet/permisosingoceadjunto?3ff3c3938276fd4ca46c4d658ea1aad4,INS,605,, HTTP/1.1" 200 116
190.171.143.82 - - [11/Sep/2023:09:03:48 -0300] "GET /cormun/servlet/hpexe_return? HTTP/1.1" 200 1026
190.171.143.82 - - [11/Sep/2023:09:03:49 -0300] "GET /cormun/servlet/trpermisosingoceadjunto?605,16252974, HTTP/1.1" 200 6900
190.171.143.82 - - [11/Sep/2023:09:03:50 -0300] "GET /cormun/servlet/trpermisosingoceadjunto?605,16252974, HTTP/1.1" 200 6896
190.171.143.82 - - [11/Sep/2023:09:03:55 -0300] "GET /cormun/servlet/trinasistencia? HTTP/1.1" 200 8142
190.171.143.82 - - [11/Sep/2023:09:03:56 -0300] "GET /cormun/servlet/trinasistencia? HTTP/1.1" 200 8141
190.171.143.82 - - [11/Sep/2023:09:04:03 -0300] "POST /cormun/servlet/trinasistencia?3ff3c3938276fd4ca46c4d658ea1aad4,,gx-no-cache=1694432854975 HTTP/1.1" 200 5360
190.171.143.82 - - [11/Sep/2023:09:04:03 -0300] "GET /cormun/static/Shared/jqueryui/images/ui-bg_highlight-soft_100_c6c2c8_1x100.png HTTP/1.1" 404 1117
190.171.143.82 - - [11/Sep/2023:09:04:03 -0300] "GET /cormun/static/Shared/jqueryui/images/ui-icons_82798d_256x240.png HTTP/1.1" 404 1089
190.171.143.82 - - [11/Sep/2023:09:04:03 -0300] "GET /cormun/static/Shared/jqueryui/images/ui-bg_flat_55_fafafa_40x100.png HTTP/1.1" 404 1097
190.171.143.82 - - [11/Sep/2023:09:04:03 -0300] "GET /cormun/static/Shared/jqueryui/images/ui-icons_8d78a5_256x240.png HTTP/1.1" 404 1089
190.171.143.82 - - [11/Sep/2023:09:04:07 -0300] "GET /cormun/servlet/trinasistenciaautorizar? HTTP/1.1" 200 7903
190.171.143.82 - - [11/Sep/2023:09:04:07 -0300] "GET /cormun/static/gxcfg.js?202211298482744 HTTP/1.1" 200 953
190.171.143.82 - - [11/Sep/2023:09:04:07 -0300] "GET /cormun/static/trinasistenciaautorizar.js?202211298482941 HTTP/1.1" 200 32528
190.171.143.82 - - [11/Sep/2023:09:04:08 -0300] "GET /cormun/servlet/trinasistenciaautorizar? HTTP/1.1" 200 7903
190.171.142.26 - - [11/Sep/2023:09:04:08 -0300] "POST /cormun/servlet/hlogin?46e930ad65b411e714b6c8187c0f66c2,gx-no-cache=1694432869414 HTTP/1.1" 200 449
190.171.143.82 - - [11/Sep/2023:09:04:16 -0300] "POST /cormun/servlet/trinasistenciaautorizar?3ff3c3938276fd4ca46c4d658ea1aad4,,gx-no-cache=1694432872801 HTTP/1.1" 200 4432
190.171.142.26 - - [11/Sep/2023:09:04:17 -0300] "POST /cormun/servlet/hlogin?46e930ad65b411e714b6c8187c0f66c2,gx-no-cache=1694432878160 HTTP/1.1" 200 449
190.171.143.82 - - [11/Sep/2023:09:04:24 -0300] "GET /cormun/servlet/trlicencias? HTTP/1.1" 200 12132
190.171.143.82 - - [11/Sep/2023:09:04:25 -0300] "GET /cormun/servlet/trlicencias? HTTP/1.1" 200 12131
190.171.143.82 - - [11/Sep/2023:09:04:30 -0300] "GET /cormun/servlet/trpermisosgoce? HTTP/1.1" 200 13431
190.171.143.82 - - [11/Sep/2023:09:04:32 -0300] "GET /cormun/servlet/trpermisosgoce? HTTP/1.1" 200 13431
200.54.107.2 - - [11/Sep/2023:09:05:20 -0300] "GET /cormun/servlet/hlogin HTTP/1.1" 200 1720
190.171.142.26 - - [11/Sep/2023:09:05:21 -0300] "POST /cormun/servlet/trlicencias?087a591926006544f51830fe936cb09b,,gx-no-cache=1694432941552 HTTP/1.1" 200 18109
200.54.107.2 - - [11/Sep/2023:09:05:21 -0300] "GET /cormun/servlet/hlogin HTTP/1.1" 200 1729
200.54.107.2 - - [11/Sep/2023:09:05:21 -0300] "GET /favicon.ico HTTP/1.1" 200 21630
200.54.107.2 - - [11/Sep/2023:09:05:25 -0300] "POST /cormun/servlet/hlogin?08ea77a5bd0a70f8d68c4c397a50d07b,gx-no-cache=1694432946477 HTTP/1.1" 200 90
200.54.107.2 - - [11/Sep/2023:09:05:25 -0300] "GET /cormun/servlet/hpexe_link HTTP/1.1" 200 951
200.54.107.2 - - [11/Sep/2023:09:05:25 -0300] "GET /cormun/servlet/hhome HTTP/1.1" 200 4357
200.54.107.2 - - [11/Sep/2023:09:05:26 -0300] "GET /cormun/servlet/hhome HTTP/1.1" 200 4353
200.54.107.2 - - [11/Sep/2023:09:05:32 -0300] "GET /cormun/servlet/trlicencias? HTTP/1.1" 200 9040
