190.171.143.90 - - [05/Sep/2023:13:02:58 -0300] "POST /cormun/servlet/hlogin?2d0dd88bbd47aa210c1dd469efdf0a22,gx-no-cache=1693928800532 HTTP/1.1" 200 90
190.171.143.90 - - [05/Sep/2023:13:02:58 -0300] "GET /cormun/servlet/hpexe_link HTTP/1.1" 200 956
190.171.143.90 - - [05/Sep/2023:13:02:58 -0300] "GET /cormun/servlet/hhome HTTP/1.1" 200 4329
190.171.143.90 - - [05/Sep/2023:13:02:58 -0300] "GET /cormun/servlet/hhome HTTP/1.1" 200 4325
190.171.143.90 - - [05/Sep/2023:13:03:03 -0300] "GET /cormun/servlet/trlicencias? HTTP/1.1" 200 14823
190.171.143.90 - - [05/Sep/2023:13:03:03 -0300] "GET /cormun/servlet/trlicencias? HTTP/1.1" 200 14820
181.161.15.132 - - [05/Sep/2023:13:03:23 -0300] "POST /cormun/servlet/solicitudot?gx-no-cache=1693928825371 HTTP/1.1" 200 41
181.161.15.132 - - [05/Sep/2023:13:03:23 -0300] "GET /cormun/servlet/solicitudot?215741210350560e16a840aadfab527fa59c3987c77d5b1c572661c4e6136c0d3d2534fe8f0209d8f64c4cc8fb71885d261d9c8349a74b417ab2db05c88da790774bdfdc4cfd4cbf1837090c2b0397c19c895c9ba3ecaeae0178de9dbbecc2cbd41055d286cd60cd2865bb0f3d1ba18b,gx-no-cache=1693928825412 HTTP/1.1" 200 110
181.161.15.132 - - [05/Sep/2023:13:03:25 -0300] "GET /cormun/servlet/solicitudot?215741210350560e16a840aadfab527fa59c3987c77d5b1c572661c4e6136c0d3d2534fe8f0209d8f64c4cc8fb71885d261d9c8349a74b417ab2db05c88da790774bdfdc4cfd4cbf1837090c2b0397c19c895c9ba3ecaeae0178de9dbbecc2cbd41055d286cd60cd2865bb0f3d1ba18b,gx-no-cache=1693928827208 HTTP/1.1" 200 110
191.126.60.219 - - [05/Sep/2023:13:04:59 -0300] "GET /cormun/servlet/hlogin HTTP/1.1" 200 1721
191.126.60.219 - - [05/Sep/2023:13:04:59 -0300] "GET /cormun/static/gxtimezone.js?85251 HTTP/1.1" 200 5781
191.126.60.219 - - [05/Sep/2023:13:05:00 -0300] "GET /cormun/static/gxcfg.js?2022112219184450 HTTP/1.1" 200 953
191.126.60.219 - - [05/Sep/2023:13:05:00 -0300] "GET /cormun/static/Resources/CormunLogin.png HTTP/1.1" 200 19132
191.126.60.219 - - [05/Sep/2023:13:05:00 -0300] "GET /cormun/static/messages.spa.js?85251 HTTP/1.1" 200 30736
191.126.60.219 - - [05/Sep/2023:13:05:00 -0300] "GET /cormun/static/hlogin.js?2022112219184458 HTTP/1.1" 200 2156
191.126.60.219 - - [05/Sep/2023:13:05:00 -0300] "GET /cormun/static/Resources/Spanish/PXTools.css?1759030 HTTP/1.1" 200 100853
191.126.60.219 - - [05/Sep/2023:13:05:00 -0300] "GET /cormun/static/gxgral.js?85251 HTTP/1.1" 200 384558
191.126.60.219 - - [05/Sep/2023:13:05:00 -0300] "GET /cormun/static/Resources/PXToolsLoginBottom.png HTTP/1.1" 200 1389
191.126.60.219 - - [05/Sep/2023:13:05:00 -0300] "GET /cormun/static/Resources/PXToolsButtonBackground.png HTTP/1.1" 200 1176
191.126.60.219 - - [05/Sep/2023:13:05:00 -0300] "GET /cormun/static/Resources/PXToolsButtonRight.png HTTP/1.1" 200 1294
191.126.60.219 - - [05/Sep/2023:13:05:00 -0300] "GET /cormun/static/Resources/PXToolsButtonLeft.png HTTP/1.1" 200 1310
191.126.60.219 - - [05/Sep/2023:13:05:00 -0300] "GET /cormun/static/Resources/PXToolsLoginTop.png HTTP/1.1" 200 1337
191.126.60.219 - - [05/Sep/2023:13:05:00 -0300] "GET /cormun/static/Resources/PXToolsLoginBackground.png HTTP/1.1" 200 1164
191.126.60.219 - - [05/Sep/2023:13:05:01 -0300] "GET /cormun/servlet/hlogin HTTP/1.1" 200 1731
191.126.60.219 - - [05/Sep/2023:13:05:01 -0300] "GET /cormun/static/Resources/indicator.gif HTTP/1.1" 200 1553
191.126.60.219 - - [05/Sep/2023:13:05:01 -0300] "GET /favicon.ico HTTP/1.1" 200 21630
181.161.15.132 - - [05/Sep/2023:13:05:38 -0300] "POST /cormun/servlet/solicitudot?gx-no-cache=1693928959878 HTTP/1.1" 200 4192
181.161.15.132 - - [05/Sep/2023:13:05:38 -0300] "GET /cormun/servlet/solicitudot?215741210350560e16a840aadfab527f7cdbe4b7513e6144a5a3467fe78112c43ae6db6c1f02f64eb90f2cc613633f6ddaf1d9638ec5e3380e5113c303ce610d63f9faffa1a24830081c39326a09d5af56696c6078afc72a13f9ba2b548ae1bad54d824837aefebd921ad6ebed5416ddb8d41ba7e9d67933375066e46a0285f3e507bf25a16322983236bb937d79b318c55cc82ee93cf96f65d70a2aaa3f2a879151748acbede1d7eafac20aa2c4936bbb75eb3d4b7945fae6742240b149fb9d2ee27af9130e51d0b37d13ee5ee599d3c1ababba298d5641dc1eb7d9db526f23d868d1a20f078a5e8f4c721610a72e9c7cdf35c7a7c63c775a87216ce4aa352c3b382dcf0607b6916080348f87fca3867ce4a968e27b5252746bf0eb9cfcd78a1bb4836bffdeecaa6d8e8f132f77d8490794209df72fb307a6f010fd593ae4d08b6a81ece565cde16e12c0445d9604a4,gx-no-cache=1693928960086 HTTP/1.1" 200 30
181.161.15.132 - - [05/Sep/2023:13:05:38 -0300] "POST /cormun/servlet/solicitudot?gx-no-cache=1693928960137 HTTP/1.1" 200 30
181.161.15.132 - - [05/Sep/2023:13:05:38 -0300] "POST /cormun/servlet/solicitudot?gx-no-cache=1693928960202 HTTP/1.1" 200 1470
181.161.15.132 - - [05/Sep/2023:13:05:38 -0300] "POST /cormun/servlet/solicitudot?gx-no-cache=1693928960298 HTTP/1.1" 200 41
181.161.15.132 - - [05/Sep/2023:13:05:38 -0300] "GET /cormun/servlet/solicitudot?215741210350560e16a840aadfab527fa59c3987c77d5b1c572661c4e6136c0d3d2534fe8f0209d8f64c4cc8fb71885d261d9c8349a74b417ab2db05c88da790774bdfdc4cfd4cbf1837090c2b0397c19c895c9ba3ecaeae0178de9dbbecc2cbd41055d286cd60cd2865bb0f3d1ba18b,gx-no-cache=1693928960331 HTTP/1.1" 200 110
181.161.15.132 - - [05/Sep/2023:13:05:38 -0300] "POST /cormun/servlet/solicitudot?gx-no-cache=1693928960365 HTTP/1.1" 200 79
181.161.15.132 - - [05/Sep/2023:13:05:38 -0300] "POST /cormun/servlet/solicitudot?gx-no-cache=1693928960410 HTTP/1.1" 200 34
181.161.15.132 - - [05/Sep/2023:13:05:38 -0300] "POST /cormun/servlet/solicitudot?e74f5cb1d4a088916d133b324140d922,INS,0,0,false,,gx-no-cache=1693928960482 HTTP/1.1" 200 13326
40.77.202.106 - - [05/Sep/2023:13:06:43 -0300] "GET /cormun/static/hpexe_messagepopupcomponent.js?2020121447232 HTTP/1.1" 200 605
40.77.202.106 - - [05/Sep/2023:13:06:44 -0300] "GET /cormun/static/Resources/PXToolsDataTitle.png HTTP/1.1" 200 1173
40.77.202.106 - - [05/Sep/2023:13:06:45 -0300] "GET /cormun/servlet/hlogin HTTP/1.1" 200 1739
40.77.202.106 - - [05/Sep/2023:13:06:45 -0300] "GET /cormun/servlet/trvisualizadoreventos HTTP/1.1" 200 5890
40.77.202.106 - - [05/Sep/2023:13:06:45 -0300] "GET /cormun/servlet/trvisualizadoreventos HTTP/1.1" 200 5890
40.77.202.106 - - [05/Sep/2023:13:06:45 -0300] "GET /cormun/static/Resources/indicator.gif HTTP/1.1" 200 1553
40.77.202.106 - - [05/Sep/2023:13:06:46 -0300] "GET /cormun/static/Shared/ext/resources/themes/images/default/panel/bg-headersPanel.png HTTP/1.1" 200 255
40.77.202.106 - - [05/Sep/2023:13:06:46 -0300] "GET /cormun/static/Shared/ext/resources/themes/images/default/tools/tool-sprites.gif HTTP/1.1" 200 5434
40.77.202.106 - - [05/Sep/2023:13:06:47 -0300] "GET /cormun/static/gxcfg.js?2022112219184450 HTTP/1.1" 200 953
40.77.202.106 - - [05/Sep/2023:13:06:47 -0300] "GET /cormun/static/Resources/Spanish/PXTools.css?1759030 HTTP/1.1" 200 100853
40.77.202.106 - - [05/Sep/2023:13:06:47 -0300] "GET /cormun/static/gxgral.js?85251 HTTP/1.1" 200 384558
40.77.202.106 - - [05/Sep/2023:13:06:47 -0300] "GET /cormun/static/hlogin.js?2022112219184458 HTTP/1.1" 200 2156
40.77.202.106 - - [05/Sep/2023:13:06:48 -0300] "GET /cormun/static/Resources/CormunLogin.png HTTP/1.1" 200 19132
40.77.202.106 - - [05/Sep/2023:13:06:48 -0300] "GET /cormun/static/Resources/PXToolsLoginTop.png HTTP/1.1" 200 1337
40.77.202.106 - - [05/Sep/2023:13:06:48 -0300] "GET /cormun/static/Resources/PXToolsButtonLeft.png HTTP/1.1" 200 1310
40.77.202.106 - - [05/Sep/2023:13:06:48 -0300] "GET /cormun/static/Resources/PXToolsLoginBackground.png HTTP/1.1" 200 1164
40.77.202.106 - - [05/Sep/2023:13:06:49 -0300] "GET /cormun/static/Resources/PXToolsButtonRight.png HTTP/1.1" 200 1294
40.77.202.106 - - [05/Sep/2023:13:06:49 -0300] "GET /cormun/static/Resources/PXToolsButtonBackground.png HTTP/1.1" 200 1176
40.77.202.106 - - [05/Sep/2023:13:06:49 -0300] "GET /cormun/static/Resources/PXToolsLoginBottom.png HTTP/1.1" 200 1389
45.235.38.219 - - [05/Sep/2023:13:09:08 -0300] "GET /cormun/servlet/hlogin HTTP/1.1" 200 1713
45.235.38.219 - - [05/Sep/2023:13:09:09 -0300] "GET /cormun/servlet/hlogin HTTP/1.1" 200 1723
45.235.38.219 - - [05/Sep/2023:13:09:30 -0300] "POST /cormun/servlet/hlogin?d54047f7bcd7585465a86dd24fa75273,gx-no-cache=1693929190930 HTTP/1.1" 200 440
45.235.38.219 - - [05/Sep/2023:13:09:59 -0300] "POST /cormun/servlet/hlogin?d54047f7bcd7585465a86dd24fa75273,gx-no-cache=1693929219681 HTTP/1.1" 200 441
45.235.38.219 - - [05/Sep/2023:13:10:10 -0300] "POST /cormun/servlet/hlogin?d54047f7bcd7585465a86dd24fa75273,gx-no-cache=1693929231215 HTTP/1.1" 200 441
45.235.38.219 - - [05/Sep/2023:13:10:22 -0300] "POST /cormun/servlet/hlogin?d54047f7bcd7585465a86dd24fa75273,gx-no-cache=1693929243086 HTTP/1.1" 200 441
190.171.154.42 - - [05/Sep/2023:13:10:23 -0300] "GET /cormun/servlet/trsolicitudot? HTTP/1.1" 200 6328
190.171.154.42 - - [05/Sep/2023:13:10:24 -0300] "GET /cormun/servlet/hlogin HTTP/1.1" 200 1737
190.171.154.42 - - [05/Sep/2023:13:10:24 -0300] "GET /cormun/servlet/trsolicitudot? HTTP/1.1" 200 6322
190.171.149.74 - - [05/Sep/2023:13:10:37 -0300] "GET /cormun/servlet/hlogin HTTP/1.1" 200 1727
190.171.154.42 - - [05/Sep/2023:13:10:41 -0300] "POST /cormun/servlet/hlogin?72883984a57d7a3a2078ae05a7f6cd91,gx-no-cache=1693929262792 HTTP/1.1" 200 90
190.171.154.42 - - [05/Sep/2023:13:10:41 -0300] "GET /cormun/servlet/hpexe_link HTTP/1.1" 200 957
190.171.154.42 - - [05/Sep/2023:13:10:41 -0300] "GET /cormun/servlet/trsolicitudot HTTP/1.1" 200 7292
190.171.154.42 - - [05/Sep/2023:13:10:42 -0300] "GET /cormun/servlet/trsolicitudot HTTP/1.1" 200 7290
190.171.154.42 - - [05/Sep/2023:13:10:44 -0300] "GET /cormun/servlet/trsolicitudot? HTTP/1.1" 200 7290
190.171.154.42 - - [05/Sep/2023:13:10:44 -0300] "GET /cormun/servlet/trsolicitudot? HTTP/1.1" 200 7291
181.161.15.132 - - [05/Sep/2023:13:10:46 -0300] "GET /cormun/servlet/solicitudot?215741210350560e16a840aadfab527fc319cd096ba7de921897fa8f0ef7791dfda37d872a8b80739c40467132037a0ba19c1aff15f67594a7f70d154fb5306e,gx-no-cache=1693929267909 HTTP/1.1" 200 30
181.161.15.132 - - [05/Sep/2023:13:10:46 -0300] "POST /cormun/servlet/solicitudot?gx-no-cache=1693929268113 HTTP/1.1" 200 297
181.161.15.132 - - [05/Sep/2023:13:10:46 -0300] "GET /cormun/servlet/solicitudot?215741210350560e16a840aadfab527f7cdbe4b7513e6144a5a3467fe78112c43ae6db6c1f02f64eb90f2cc613633f6ddaf1d9638ec5e3380e5113c303ce610d63f9faffa1a24830081c39326a09d5af56696c6078afc72a13f9ba2b548ae1bad54d824837aefebd921ad6ebed5416ddb8d41ba7e9d67933375066e46a0285f3e507bf25a16322983236bb937d79b318c55cc82ee93cf96f65d70a2aaa3f2a879151748acbede1d7eafac20aa2c4936bbb75eb3d4b7945fae6742240b149fb9d2ee27af9130e51d0b37d13ee5ee599d3c1ababba298d5641dc1eb7d9db526f23d868d1a20f078a5e8f4c721610a72e9c7cdf35c7a7c63c775a87216ce4aa352c3b382dcf0607b6916080348f87fca386e847475333395ad7141458aa21b9452cd07bdbd9c603697904665421f9e7608c899c145475f3f8f43d37363798ea26239b9dd2ce6540d864829be446b8f44c8fea5260019869648fe4ac220be3c68b6c3354bdb8f869d48bada6e02594e5e7dbf747556eb8a000c737b71f0dd4a4e92ac7f0ea4f35aa7b6a542935feaba643dc,gx-no-cache=1693929268154 HTTP/1.1" 200 30
181.161.15.132 - - [05/Sep/2023:13:10:46 -0300] "POST /cormun/servlet/solicitudot?gx-no-cache=1693929268324 HTTP/1.1" 200 30
190.171.149.74 - - [05/Sep/2023:13:10:46 -0300] "POST /cormun/servlet/hlogin?c09adc78c17fbb37820238bd5ec3d93c,gx-no-cache=1693929267635 HTTP/1.1" 200 90
181.161.15.132 - - [05/Sep/2023:13:10:46 -0300] "POST /cormun/servlet/solicitudot?gx-no-cache=1693929268804 HTTP/1.1" 200 1470
190.171.149.74 - - [05/Sep/2023:13:10:47 -0300] "GET /cormun/servlet/hpexe_link HTTP/1.1" 200 960
190.171.149.74 - - [05/Sep/2023:13:10:47 -0300] "GET /cormun/servlet/trinasistencia HTTP/1.1" 200 6902
190.171.149.74 - - [05/Sep/2023:13:10:48 -0300] "GET /cormun/servlet/trinasistencia HTTP/1.1" 200 6900
45.235.38.219 - - [05/Sep/2023:13:10:49 -0300] "POST /cormun/servlet/hlogin?d54047f7bcd7585465a86dd24fa75273,gx-no-cache=1693929269782 HTTP/1.1" 200 440
190.171.149.74 - - [05/Sep/2023:13:10:49 -0300] "GET /cormun/servlet/trpermisosgoce? HTTP/1.1" 200 14090
190.171.149.74 - - [05/Sep/2023:13:10:50 -0300] "GET /cormun/servlet/trpermisosgoce? HTTP/1.1" 200 14092
190.171.149.74 - - [05/Sep/2023:13:10:52 -0300] "GET /cormun/servlet/permisogoce?INS,0,,, HTTP/1.1" 200 6848
190.171.149.74 - - [05/Sep/2023:13:10:52 -0300] "GET /cormun/servlet/permisogoce?INS,0,,, HTTP/1.1" 200 6848
181.161.15.132 - - [05/Sep/2023:13:10:53 -0300] "POST /cormun/servlet/solicitudot?gx-no-cache=1693929274414 HTTP/1.1" 200 297
181.161.15.132 - - [05/Sep/2023:13:10:53 -0300] "GET /cormun/servlet/solicitudot?215741210350560e16a840aadfab527f7cdbe4b7513e6144a5a3467fe78112c43ae6db6c1f02f64eb90f2cc613633f6ddaf1d9638ec5e3380e5113c303ce610d63f9faffa1a24830081c39326a09d5af56696c6078afc72a13f9ba2b548ae1bad54d824837aefebd921ad6ebed5416ddb8d41ba7e9d67933375066e46a0285f3e507bf25a16322983236bb937d79b318c55cc82ee93cf96f65d70a2aaa3f2a879151748acbede1d7eafac20aa2c4936bbb75eb3d4b7945fae6742240b149fb9d2ee27af9130e51d0b37d13ee5ee599d3c1ababba298d5641dc1eb7d9db526f23d868d1a20f078a5e8f4c721610a72e9c7cdf35c7a7c63c775a87216ce4aa352c3b382dcf0607b6916080348f87fca386e847475333395ad7141458aa21b9452cd07bdbd9c603697904665421f9e7608c899c145475f3f8f43d37363798ea26239b9dd2ce6540d864829be446b8f44c8fea5260019869648fe4ac220be3c68b6c3354bdb8f869d48bada6e02594e5e7dbf747556eb8a000c737b71f0dd4a4e92ac7f0ea4f35aa7b6a542935feaba643dc,gx-no-cache=1693929274993 HTTP/1.1" 200 30
181.161.15.132 - - [05/Sep/2023:13:10:53 -0300] "POST /cormun/servlet/solicitudot?gx-no-cache=1693929275032 HTTP/1.1" 200 30
181.161.15.132 - - [05/Sep/2023:13:10:53 -0300] "POST /cormun/servlet/solicitudot?gx-no-cache=1693929275100 HTTP/1.1" 200 1470
190.171.149.74 - - [05/Sep/2023:13:10:58 -0300] "GET /cormun/servlet/permisogoce?5651bbb8fb78161c978903df4fe7fe33c9104346a76bf0c7d22ae8fda44ae2228456293fae667176e9e378a6a144775891808c42ae09478ed660c14c417f811a,gx-no-cache=1693929279585 HTTP/1.1" 200 77
190.171.149.74 - - [05/Sep/2023:13:10:59 -0300] "GET /cormun/static/menuarrow.gif HTTP/1.1" 404 1015
45.235.38.219 - - [05/Sep/2023:13:11:00 -0300] "GET /cormun/servlet/hlogin HTTP/1.1" 200 1713
190.171.154.42 - - [05/Sep/2023:13:11:04 -0300] "POST /cormun/servlet/trsolicitudot?72883984a57d7a3a2078ae05a7f6cd91,,gx-no-cache=1693929285290 HTTP/1.1" 200 6743
190.171.149.74 - - [05/Sep/2023:13:11:04 -0300] "GET /cormun/servlet/permisogoce?5651bbb8fb78161c978903df4fe7fe339fa32f9204ae5a710d6693101d798b35ab3750808542504cc92f0d88c128f9a8f82b989180a2466197c73f37fc905db5,gx-no-cache=1693929285719 HTTP/1.1" 200 47
190.171.149.74 - - [05/Sep/2023:13:11:07 -0300] "POST /cormun/servlet/permisogoce?c09adc78c17fbb37820238bd5ec3d93c,INS,0,,,,gx-no-cache=1693929288156 HTTP/1.1" 200 93
190.171.149.74 - - [05/Sep/2023:13:11:07 -0300] "GET /cormun/servlet/hpexe_return? HTTP/1.1" 200 1012
181.161.15.132 - - [05/Sep/2023:13:11:07 -0300] "POST /cormun/servlet/solicitudot?gx-no-cache=1693929289662 HTTP/1.1" 200 122
181.161.15.132 - - [05/Sep/2023:13:11:07 -0300] "GET /cormun/servlet/solicitudot?215741210350560e16a840aadfab527fa59c3987c77d5b1c572661c4e6136c0d3d2534fe8f0209d8f64c4cc8fb71885d261d9c8349a74b417ab2db05c88da790774bdfdc4cfd4cbf1837090c2b0397c19c895c9ba3ecaeae0178de9dbbecc2cbd41055d286cd60cd2865bb0f3d1ba18b,gx-no-cache=1693929289878 HTTP/1.1" 200 110
181.161.15.132 - - [05/Sep/2023:13:11:07 -0300] "POST /cormun/servlet/solicitudot?gx-no-cache=1693929289939 HTTP/1.1" 200 79
181.161.15.132 - - [05/Sep/2023:13:11:08 -0300] "GET /cormun/servlet/solicitudot?215741210350560e16a840aadfab527fb80832bc4338f1542fc587944ac0be163e8df745619d969e6a43c39441e87050,gx-no-cache=1693929289972 HTTP/1.1" 200 30
190.171.149.74 - - [05/Sep/2023:13:11:08 -0300] "GET /cormun/servlet/trpermisosgoce HTTP/1.1" 200 14325
181.161.15.132 - - [05/Sep/2023:13:11:08 -0300] "POST /cormun/servlet/solicitudot?gx-no-cache=1693929290030 HTTP/1.1" 200 120
181.161.15.132 - - [05/Sep/2023:13:11:08 -0300] "POST /cormun/servlet/solicitudot?e74f5cb1d4a088916d133b324140d922,INS,0,0,false,,gx-no-cache=1693929290074 HTTP/1.1" 200 13447
190.171.149.74 - - [05/Sep/2023:13:11:09 -0300] "GET /cormun/servlet/trpermisosgoce HTTP/1.1" 200 14320
190.171.149.74 - - [05/Sep/2023:13:11:10 -0300] "GET /cormun/servlet/apermisogoceprn?18650917,P,20230905125424,PU HTTP/1.1" 200 1652
190.171.154.42 - - [05/Sep/2023:13:11:18 -0300] "GET /cormun/servlet/vesolicitudot?2023,19596,, HTTP/1.1" 200 8651
190.171.154.42 - - [05/Sep/2023:13:11:18 -0300] "GET /cormun/pexe_scrolldiv.js HTTP/1.1" 404 1009
190.171.154.42 - - [05/Sep/2023:13:11:18 -0300] "GET /cormun/servlet/vesolicitudot?2023,19596,, HTTP/1.1" 200 8651
190.171.154.42 - - [05/Sep/2023:13:11:31 -0300] "GET /cormun/servlet/trsolicitudot? HTTP/1.1" 200 9649
190.171.154.42 - - [05/Sep/2023:13:11:31 -0300] "GET /cormun/servlet/trsolicitudot? HTTP/1.1" 200 9649
190.171.154.42 - - [05/Sep/2023:13:11:35 -0300] "GET /cormun/servlet/vesolicitudot?2022,19233,, HTTP/1.1" 200 8570
190.171.154.42 - - [05/Sep/2023:13:11:35 -0300] "GET /cormun/pexe_scrolldiv.js HTTP/1.1" 404 1009
190.171.154.42 - - [05/Sep/2023:13:11:35 -0300] "GET /cormun/servlet/vesolicitudot?2022,19233,, HTTP/1.1" 200 8569
181.212.40.185 - - [05/Sep/2023:13:11:36 -0300] "POST /cormun/servlet/trlicencias?c8cbab6b47f64973f6821affc9776313,gx-no-cache=1693929319618 HTTP/1.1" 440 972
181.212.40.185 - - [05/Sep/2023:13:11:38 -0300] "GET /cormun/servlet/trlicencias HTTP/1.1" 200 6050
181.212.40.185 - - [05/Sep/2023:13:11:39 -0300] "GET /cormun/servlet/hlogin HTTP/1.1" 200 1738
181.212.40.185 - - [05/Sep/2023:13:11:39 -0300] "GET /cormun/servlet/trlicencias HTTP/1.1" 200 6050
181.161.15.132 - - [05/Sep/2023:13:11:46 -0300] "GET /cormun/servlet/solicitudot?215741210350560e16a840aadfab527fa59c3987c77d5b1c572661c4e6136c0d3d2534fe8f0209d8f64c4cc8fb71885d261d9c8349a74b417ab2db05c88da790774bdfdc4cfd4cbf1837090c2b0397c19c895c9ba3ecaeae0178de9dbbecc2cbd41055d286cd60cd2865bb0f3d1ba18b,gx-no-cache=1693929328245 HTTP/1.1" 200 110
181.161.15.132 - - [05/Sep/2023:13:11:46 -0300] "POST /cormun/servlet/solicitudot?gx-no-cache=1693929328298 HTTP/1.1" 200 120
181.161.15.132 - - [05/Sep/2023:13:11:46 -0300] "POST /cormun/servlet/solicitudot?e74f5cb1d4a088916d133b324140d922,INS,0,0,false,,gx-no-cache=1693929328343 HTTP/1.1" 200 13509
190.171.149.74 - - [05/Sep/2023:13:11:47 -0300] "GET /cormun/static/menuarrow.gif HTTP/1.1" 404 1015
181.212.40.185 - - [05/Sep/2023:13:11:51 -0300] "POST /cormun/servlet/hlogin?0e07007292bcb5fa902a58aefdb3873a,gx-no-cache=1693929334334 HTTP/1.1" 200 90
181.212.40.185 - - [05/Sep/2023:13:11:51 -0300] "GET /cormun/servlet/hpexe_link HTTP/1.1" 200 956
181.212.40.185 - - [05/Sep/2023:13:11:52 -0300] "GET /cormun/servlet/trlicencias HTTP/1.1" 200 16792
181.212.40.185 - - [05/Sep/2023:13:11:52 -0300] "GET /cormun/servlet/trlicencias HTTP/1.1" 200 16790
181.161.15.132 - - [05/Sep/2023:13:11:57 -0300] "POST /cormun/servlet/solicitudot?gx-no-cache=1693929339209 HTTP/1.1" 200 120
181.161.15.132 - - [05/Sep/2023:13:11:57 -0300] "POST /cormun/servlet/solicitudot?e74f5cb1d4a088916d133b324140d922,INS,0,0,false,,gx-no-cache=1693929339254 HTTP/1.1" 200 13579
45.235.38.219 - - [05/Sep/2023:13:11:58 -0300] "POST /cormun/servlet/hlogin?d54047f7bcd7585465a86dd24fa75273,gx-no-cache=1693929339381 HTTP/1.1" 200 426
190.171.149.74 - - [05/Sep/2023:13:11:59 -0300] "POST /cormun/servlet/trpermisosgoce?c09adc78c17fbb37820238bd5ec3d93c,gx-no-cache=1693929338037 HTTP/1.1" 200 5691
181.161.15.132 - - [05/Sep/2023:13:11:59 -0300] "POST /cormun/servlet/solicitudot?e74f5cb1d4a088916d133b324140d922,INS,0,0,false,,gx-no-cache=1693929341668 HTTP/1.1" 200 13618
181.212.40.185 - - [05/Sep/2023:13:12:13 -0300] "GET /cormun/servlet/trfichaempleadohoras? HTTP/1.1" 500 10
181.212.40.185 - - [05/Sep/2023:13:12:22 -0300] "GET /cormun/servlet/hlogin HTTP/1.1" 200 1720
181.161.15.132 - - [05/Sep/2023:13:12:27 -0300] "GET /cormun/servlet/solicitudot?215741210350560e16a840aadfab527fa59c3987c77d5b1c572661c4e6136c0d3d2534fe8f0209d8f64c4cc8fb71885d261d9c8349a74b417ab2db05c88da790774bdfdc4cfd4cbf1837090c2b0397c19c895c9ba3ecaeae0178de9dbbecc2cbd41055d286cd60cd2865bb0f3d1ba18b,gx-no-cache=1693929369402 HTTP/1.1" 200 110
181.212.40.185 - - [05/Sep/2023:13:12:30 -0300] "POST /cormun/servlet/hlogin?0e07007292bcb5fa902a58aefdb3873a,gx-no-cache=1693929373598 HTTP/1.1" 200 90
181.212.40.185 - - [05/Sep/2023:13:12:30 -0300] "GET /cormun/servlet/hpexe_link HTTP/1.1" 200 962
181.212.40.185 - - [05/Sep/2023:13:12:30 -0300] "GET /cormun/servlet/trfichaempleadohoras HTTP/1.1" 500 10
181.212.40.185 - - [05/Sep/2023:13:12:32 -0300] "GET /cormun/servlet/trfichaempleadohoras HTTP/1.1" 500 10
190.171.142.42 - - [05/Sep/2023:13:12:56 -0300] "GET /cormun/servlet/hlogin HTTP/1.1" 200 1714
181.161.15.132 - - [05/Sep/2023:13:12:58 -0300] "POST /cormun/servlet/solicitudot?gx-no-cache=1693929400186 HTTP/1.1" 200 120
181.161.15.132 - - [05/Sep/2023:13:12:58 -0300] "POST /cormun/servlet/solicitudot?e74f5cb1d4a088916d133b324140d922,INS,0,0,false,,gx-no-cache=1693929400250 HTTP/1.1" 200 13661
181.161.15.132 - - [05/Sep/2023:13:13:02 -0300] "POST /cormun/servlet/solicitudot?e74f5cb1d4a088916d133b324140d922,INS,0,0,false,,gx-no-cache=1693929403740 HTTP/1.1" 200 13697
181.161.15.132 - - [05/Sep/2023:13:13:04 -0300] "POST /cormun/servlet/solicitudot?e74f5cb1d4a088916d133b324140d922,INS,0,0,false,,gx-no-cache=1693929406212 HTTP/1.1" 200 13742
190.171.142.42 - - [05/Sep/2023:13:13:12 -0300] "POST /cormun/servlet/hlogin?159eede4ff352d540a27b3dfbf993e82,gx-no-cache=1693929413883 HTTP/1.1" 200 90
190.171.142.42 - - [05/Sep/2023:13:13:12 -0300] "GET /cormun/servlet/hpexe_link HTTP/1.1" 200 946
190.171.142.42 - - [05/Sep/2023:13:13:12 -0300] "GET /cormun/servlet/hhome HTTP/1.1" 200 4266
190.171.142.42 - - [05/Sep/2023:13:13:13 -0300] "GET /cormun/servlet/hhome HTTP/1.1" 200 4262
190.171.142.42 - - [05/Sep/2023:13:13:15 -0300] "GET /cormun/servlet/trlicencias? HTTP/1.1" 200 13476
190.171.142.42 - - [05/Sep/2023:13:13:15 -0300] "GET /cormun/servlet/trlicencias? HTTP/1.1" 200 13473
190.171.149.90 - - [05/Sep/2023:13:15:57 -0300] "GET /cormun/servlet/trpermisosgoce? HTTP/1.1" 200 6032
190.171.149.90 - - [05/Sep/2023:13:15:57 -0300] "GET /cormun/servlet/hlogin HTTP/1.1" 200 1741
190.171.149.90 - - [05/Sep/2023:13:15:58 -0300] "GET /cormun/servlet/trpermisosgoce? HTTP/1.1" 200 6028
190.171.149.90 - - [05/Sep/2023:13:16:02 -0300] "POST /cormun/servlet/hlogin?383794e3380ce720395ed55538a66211,gx-no-cache=1693929609457 HTTP/1.1" 200 90
190.171.149.90 - - [05/Sep/2023:13:16:02 -0300] "GET /cormun/servlet/hpexe_link HTTP/1.1" 200 956
190.171.149.90 - - [05/Sep/2023:13:16:02 -0300] "GET /cormun/servlet/trpermisosgoce HTTP/1.1" 200 8662
190.171.149.90 - - [05/Sep/2023:13:16:03 -0300] "GET /cormun/servlet/trpermisosgoce HTTP/1.1" 200 8660
190.171.149.90 - - [05/Sep/2023:13:16:05 -0300] "GET /cormun/servlet/permisogoce?INS,0,,, HTTP/1.1" 200 6813
190.171.149.90 - - [05/Sep/2023:13:16:05 -0300] "GET /cormun/servlet/permisogoce?INS,0,,, HTTP/1.1" 200 6813
190.171.149.90 - - [05/Sep/2023:13:16:12 -0300] "GET /cormun/servlet/permisogoce?7dd8d3010886f3870820e05d76e5238a85cb3f7047f3284859bc6aaf0deecb332bc034d61c46759fe5145aa90b000ae8b61d15f84767f77e3dd39cc88d9cfc87,gx-no-cache=1693929618937 HTTP/1.1" 200 77
190.171.149.90 - - [05/Sep/2023:13:16:13 -0300] "GET /cormun/static/menuarrow.gif HTTP/1.1" 404 1015
190.171.149.90 - - [05/Sep/2023:13:16:18 -0300] "GET /cormun/servlet/permisogoce?7dd8d3010886f3870820e05d76e5238a320749dd38af2eb569f83f3be0f67a4fcb9314305d1f3bea2c059ed2b89c74792fbc76b2c9ec251fb3c3c10607648d83,gx-no-cache=1693929625214 HTTP/1.1" 200 48
190.171.149.90 - - [05/Sep/2023:13:16:20 -0300] "POST /cormun/servlet/permisogoce?383794e3380ce720395ed55538a66211,INS,0,,,,gx-no-cache=1693929626715 HTTP/1.1" 200 93
190.171.149.90 - - [05/Sep/2023:13:16:20 -0300] "GET /cormun/servlet/hpexe_return? HTTP/1.1" 200 1009
190.171.149.90 - - [05/Sep/2023:13:16:20 -0300] "GET /cormun/servlet/trpermisosgoce HTTP/1.1" 200 8873
190.171.149.90 - - [05/Sep/2023:13:16:20 -0300] "GET /cormun/servlet/trpermisosgoce HTTP/1.1" 200 8869
190.171.149.90 - - [05/Sep/2023:13:16:23 -0300] "GET /cormun/servlet/apermisogoceprn?7838254,P,20230905125937,PU HTTP/1.1" 200 1653
181.161.15.132 - - [05/Sep/2023:13:18:40 -0300] "POST /cormun/servlet/solicitudot?gx-no-cache=1693929741980 HTTP/1.1" 200 122
181.161.15.132 - - [05/Sep/2023:13:18:40 -0300] "GET /cormun/servlet/solicitudot?215741210350560e16a840aadfab527fa59c3987c77d5b1c572661c4e6136c0d3d2534fe8f0209d8f64c4cc8fb71885d261d9c8349a74b417ab2db05c88da790774bdfdc4cfd4cbf1837090c2b0397c19c895c9ba3ecaeae0178de9dbbecc2cbd41055d286cd60cd2865bb0f3d1ba18b,gx-no-cache=1693929742070 HTTP/1.1" 200 110
181.161.15.132 - - [05/Sep/2023:13:18:43 -0300] "POST /cormun/servlet/solicitudot?gx-no-cache=1693929745846 HTTP/1.1" 200 122
181.161.15.132 - - [05/Sep/2023:13:18:44 -0300] "GET /cormun/servlet/solicitudot?215741210350560e16a840aadfab527fa59c3987c77d5b1c572661c4e6136c0d3d2534fe8f0209d8f64c4cc8fb71885d261d9c8349a74b417ab2db05c88da790774bdfdc4cfd4cbf1837090c2b0397c19c895c9ba3ecaeae0178de9dbbecc2cbd41055d286cd60cd2865bb0f3d1ba18b,gx-no-cache=1693929745889 HTTP/1.1" 200 110
181.161.15.132 - - [05/Sep/2023:13:18:48 -0300] "POST /cormun/servlet/solicitudot?gx-no-cache=1693929750691 HTTP/1.1" 200 120
181.161.15.132 - - [05/Sep/2023:13:18:49 -0300] "POST /cormun/servlet/solicitudot?e74f5cb1d4a088916d133b324140d922,INS,0,0,false,,gx-no-cache=1693929750998 HTTP/1.1" 200 13875
181.161.15.132 - - [05/Sep/2023:13:19:00 -0300] "POST /cormun/servlet/solicitudot?gx-no-cache=1693929762459 HTTP/1.1" 200 122
181.161.15.132 - - [05/Sep/2023:13:19:00 -0300] "GET /cormun/servlet/solicitudot?215741210350560e16a840aadfab527fa59c3987c77d5b1c572661c4e6136c0d3d2534fe8f0209d8f64c4cc8fb71885d261d9c8349a74b417ab2db05c88da790774bdfdc4cfd4cbf1837090c2b0397c19c895c9ba3ecaeae0178de9dbbecc2cbd41055d286cd60cd2865bb0f3d1ba18b,gx-no-cache=1693929762575 HTTP/1.1" 200 110
190.171.149.74 - - [05/Sep/2023:13:19:08 -0300] "GET /cormun/servlet/trlicencias? HTTP/1.1" 200 9941
190.171.149.74 - - [05/Sep/2023:13:19:09 -0300] "GET /cormun/servlet/trlicencias? HTTP/1.1" 200 9940
190.171.154.42 - - [05/Sep/2023:13:21:22 -0300] "GET /cormun/servlet/trlicencias? HTTP/1.1" 200 12091
190.171.154.42 - - [05/Sep/2023:13:21:22 -0300] "GET /cormun/servlet/trlicencias? HTTP/1.1" 200 12093
190.171.142.26 - - [05/Sep/2023:13:22:10 -0300] "GET /cormun/servlet/hlogin HTTP/1.1" 200 1723
190.171.142.26 - - [05/Sep/2023:13:22:14 -0300] "POST /cormun/servlet/hlogin?7d413e6d9d10fcdd476a51b8aa4f4cf0,gx-no-cache=1693930189263 HTTP/1.1" 200 90
190.171.142.26 - - [05/Sep/2023:13:22:15 -0300] "GET /cormun/servlet/hpexe_link HTTP/1.1" 200 952
190.171.142.26 - - [05/Sep/2023:13:22:15 -0300] "GET /cormun/servlet/hhome HTTP/1.1" 200 4260
190.171.142.26 - - [05/Sep/2023:13:22:15 -0300] "GET /cormun/servlet/hhome HTTP/1.1" 200 4256
190.171.142.26 - - [05/Sep/2023:13:22:19 -0300] "GET /cormun/servlet/trlicencias? HTTP/1.1" 200 14263
190.171.142.26 - - [05/Sep/2023:13:22:19 -0300] "GET /cormun/servlet/trlicencias? HTTP/1.1" 200 14260
190.171.142.26 - - [05/Sep/2023:13:22:28 -0300] "GET /cormun/servlet/hlogin HTTP/1.1" 200 1719
190.171.142.26 - - [05/Sep/2023:13:22:28 -0300] "GET /cormun/servlet/hlogin HTTP/1.1" 200 1719
190.171.142.26 - - [05/Sep/2023:13:22:29 -0300] "GET /cormun/servlet/hlogin HTTP/1.1" 200 1728
190.171.142.26 - - [05/Sep/2023:13:22:35 -0300] "POST /cormun/servlet/hlogin?7b3122927985cc8f612a178824a05347,gx-no-cache=1693929977707 HTTP/1.1" 200 90
190.171.142.26 - - [05/Sep/2023:13:22:36 -0300] "GET /cormun/servlet/hpexe_link HTTP/1.1" 200 949
190.171.142.26 - - [05/Sep/2023:13:22:36 -0300] "GET /cormun/servlet/hhome HTTP/1.1" 200 3979
190.171.142.26 - - [05/Sep/2023:13:22:36 -0300] "GET /cormun/servlet/hhome HTTP/1.1" 200 3975
190.171.142.26 - - [05/Sep/2023:13:22:47 -0300] "GET /cormun/servlet/trpermisosgoce? HTTP/1.1" 200 14783
190.171.142.26 - - [05/Sep/2023:13:22:48 -0300] "GET /cormun/static/gxcfg.js?2020121631564 HTTP/1.1" 200 953
190.171.142.26 - - [05/Sep/2023:13:22:48 -0300] "GET /cormun/static/trpermisosgoce.js?2020121633681 HTTP/1.1" 200 35904
190.171.142.26 - - [05/Sep/2023:13:22:48 -0300] "GET /cormun//static/Resources/PXToolsGridUpdate.png HTTP/1.1" 200 470
190.171.142.26 - - [05/Sep/2023:13:22:48 -0300] "GET /cormun//static/Resources/PXToolsGridDelete.png HTTP/1.1" 200 538
190.171.142.26 - - [05/Sep/2023:13:22:48 -0300] "GET /cormun/servlet/trpermisosgoce? HTTP/1.1" 200 14784
190.171.142.26 - - [05/Sep/2023:13:22:50 -0300] "GET /cormun/servlet/trlicencias? HTTP/1.1" 200 14001
190.171.142.26 - - [05/Sep/2023:13:22:50 -0300] "GET /cormun/servlet/trlicencias? HTTP/1.1" 200 14001
190.171.142.26 - - [05/Sep/2023:13:22:51 -0300] "GET /cormun/servlet/trlicencias? HTTP/1.1" 200 13998
190.171.142.26 - - [05/Sep/2023:13:23:00 -0300] "GET /cormun/servlet/trlicencias? HTTP/1.1" 200 14263
190.171.142.26 - - [05/Sep/2023:13:23:00 -0300] "GET /cormun/servlet/trlicencias? HTTP/1.1" 200 14260
190.171.142.26 - - [05/Sep/2023:13:24:36 -0300] "GET /cormun/servlet/hlogin HTTP/1.1" 200 1724
190.171.142.26 - - [05/Sep/2023:13:24:40 -0300] "POST /cormun/servlet/hlogin?81413f4342659af187362bc6c35c676c,gx-no-cache=1693930334587 HTTP/1.1" 200 90
190.171.142.26 - - [05/Sep/2023:13:24:40 -0300] "GET /cormun/servlet/hpexe_link HTTP/1.1" 200 952
190.171.142.26 - - [05/Sep/2023:13:24:40 -0300] "GET /cormun/servlet/hhome HTTP/1.1" 200 4258
190.171.142.26 - - [05/Sep/2023:13:24:40 -0300] "GET /cormun/servlet/hhome HTTP/1.1" 200 4255
181.212.40.185 - - [05/Sep/2023:13:24:59 -0300] "GET /cormun/servlet/hlogin HTTP/1.1" 200 1720
190.171.142.26 - - [05/Sep/2023:13:25:42 -0300] "GET /cormun/servlet/trsolicitudot? HTTP/1.1" 200 6310
190.171.142.26 - - [05/Sep/2023:13:25:42 -0300] "GET /cormun/static/Resources/CormunMP2.png HTTP/1.1" 304 -
190.171.142.26 - - [05/Sep/2023:13:25:42 -0300] "GET /cormun/servlet/hlogin HTTP/1.1" 200 1739
190.171.142.26 - - [05/Sep/2023:13:25:42 -0300] "GET /cormun/static/Resources/CormunLogin.png HTTP/1.1" 304 -
190.171.142.26 - - [05/Sep/2023:13:25:42 -0300] "GET /cormun/servlet/trsolicitudot? HTTP/1.1" 200 6322
190.171.142.26 - - [05/Sep/2023:13:25:49 -0300] "POST /cormun/servlet/hlogin?b43080909f84732723df886e1bcd1aa3,gx-no-cache=1693930171406 HTTP/1.1" 200 90
190.171.142.26 - - [05/Sep/2023:13:25:49 -0300] "GET /cormun/servlet/hpexe_link HTTP/1.1" 200 956
190.171.142.26 - - [05/Sep/2023:13:25:50 -0300] "GET /cormun/servlet/trsolicitudot HTTP/1.1" 200 7299
190.171.142.26 - - [05/Sep/2023:13:25:50 -0300] "GET /cormun/servlet/trsolicitudot HTTP/1.1" 200 7298
181.212.40.185 - - [05/Sep/2023:13:26:02 -0300] "POST /cormun/servlet/hlogin?0e07007292bcb5fa902a58aefdb3873a,gx-no-cache=1693930185654 HTTP/1.1" 200 90
181.212.40.185 - - [05/Sep/2023:13:26:03 -0300] "GET /cormun/servlet/hpexe_link HTTP/1.1" 200 962
181.212.40.185 - - [05/Sep/2023:13:26:04 -0300] "GET /cormun/servlet/trfichaempleadohoras HTTP/1.1" 500 10
190.171.142.26 - - [05/Sep/2023:13:26:06 -0300] "GET /cormun/servlet/trpermisosgoce? HTTP/1.1" 200 14791
181.212.40.185 - - [05/Sep/2023:13:26:06 -0300] "GET /cormun/servlet/trfichaempleadohoras HTTP/1.1" 500 10
190.171.142.26 - - [05/Sep/2023:13:26:06 -0300] "GET /cormun/servlet/trpermisosgoce? HTTP/1.1" 200 14791
190.171.142.26 - - [05/Sep/2023:13:26:09 -0300] "GET /cormun/servlet/trpermisosgoce? HTTP/1.1" 200 14523
190.171.142.26 - - [05/Sep/2023:13:26:09 -0300] "GET /cormun/static/gxcfg.js?2020121631564 HTTP/1.1" 200 953
190.171.142.26 - - [05/Sep/2023:13:26:09 -0300] "GET /cormun/static/trpermisosgoce.js?2020121633681 HTTP/1.1" 200 35904
190.171.142.26 - - [05/Sep/2023:13:26:10 -0300] "GET /cormun//static/Resources/PXToolsGridUpdate.png HTTP/1.1" 200 470
190.171.142.26 - - [05/Sep/2023:13:26:10 -0300] "GET /cormun//static/Resources/PXToolsGridDelete.png HTTP/1.1" 200 538
190.171.142.26 - - [05/Sep/2023:13:26:10 -0300] "GET /cormun/servlet/trpermisosgoce? HTTP/1.1" 200 14523
190.171.142.26 - - [05/Sep/2023:13:26:37 -0300] "GET /cormun/servlet/trlicencias? HTTP/1.1" 200 14001
190.171.142.26 - - [05/Sep/2023:13:26:38 -0300] "GET /cormun/servlet/trlicencias? HTTP/1.1" 200 13998
181.212.40.185 - - [05/Sep/2023:13:26:51 -0300] "GET /cormun/servlet/hlogin HTTP/1.1" 200 1720
181.212.40.185 - - [05/Sep/2023:13:27:01 -0300] "POST /cormun/servlet/hlogin?0e07007292bcb5fa902a58aefdb3873a,gx-no-cache=1693930244670 HTTP/1.1" 200 90
181.212.40.185 - - [05/Sep/2023:13:27:01 -0300] "GET /cormun/servlet/hpexe_link HTTP/1.1" 200 962
181.212.40.185 - - [05/Sep/2023:13:27:02 -0300] "GET /cormun/servlet/trfichaempleadohoras HTTP/1.1" 500 10
181.212.40.185 - - [05/Sep/2023:13:27:04 -0300] "GET /cormun/servlet/trfichaempleadohoras HTTP/1.1" 500 10
190.171.142.26 - - [05/Sep/2023:13:28:09 -0300] "GET /cormun/servlet/trlicencias? HTTP/1.1" 200 14262
190.171.142.26 - - [05/Sep/2023:13:28:10 -0300] "GET /cormun/servlet/trlicencias? HTTP/1.1" 200 14261
190.171.142.26 - - [05/Sep/2023:13:28:38 -0300] "GET /cormun/static/menuarrow.gif HTTP/1.1" 404 1015
190.171.142.26 - - [05/Sep/2023:13:29:40 -0300] "GET /cormun/servlet/trpermisosgoce? HTTP/1.1" 200 14790
190.171.142.26 - - [05/Sep/2023:13:29:40 -0300] "GET /cormun/servlet/trpermisosgoce? HTTP/1.1" 200 14791
190.171.142.26 - - [05/Sep/2023:13:29:43 -0300] "GET /cormun/static/menuarrow.gif HTTP/1.1" 404 1015
190.171.142.26 - - [05/Sep/2023:13:30:06 -0300] "POST /cormun/servlet/trpermisosgoce?b43080909f84732723df886e1bcd1aa3,,gx-no-cache=1693930425925 HTTP/1.1" 200 5776
190.171.142.26 - - [05/Sep/2023:13:31:03 -0300] "POST /cormun/servlet/trpermisosgoce?b43080909f84732723df886e1bcd1aa3,,gx-no-cache=1693930485356 HTTP/1.1" 200 5776
181.212.40.185 - - [05/Sep/2023:13:31:52 -0300] "GET /cormun/servlet/hlogin HTTP/1.1" 200 1720
181.212.40.185 - - [05/Sep/2023:13:32:01 -0300] "POST /cormun/servlet/hlogin?0e07007292bcb5fa902a58aefdb3873a,gx-no-cache=1693930544396 HTTP/1.1" 200 90
181.212.40.185 - - [05/Sep/2023:13:32:01 -0300] "GET /cormun/servlet/hpexe_link HTTP/1.1" 200 962
181.212.40.185 - - [05/Sep/2023:13:32:02 -0300] "GET /cormun/servlet/trfichaempleadohoras HTTP/1.1" 500 10
190.171.142.26 - - [05/Sep/2023:13:32:22 -0300] "POST /cormun/servlet/trpermisosgoce?b43080909f84732723df886e1bcd1aa3,,gx-no-cache=1693930563963 HTTP/1.1" 200 5356
190.171.142.26 - - [05/Sep/2023:13:33:13 -0300] "POST /cormun/servlet/trpermisosgoce?b43080909f84732723df886e1bcd1aa3,,gx-no-cache=1693930615315 HTTP/1.1" 200 5775
190.171.142.26 - - [05/Sep/2023:13:33:39 -0300] "POST /cormun/servlet/trpermisosgoce?b43080909f84732723df886e1bcd1aa3,,gx-no-cache=1693930640650 HTTP/1.1" 200 5600
190.171.142.26 - - [05/Sep/2023:13:34:18 -0300] "POST /cormun/servlet/trpermisosgoce?b43080909f84732723df886e1bcd1aa3,,gx-no-cache=1693930679498 HTTP/1.1" 200 5777
181.212.40.185 - - [05/Sep/2023:13:34:42 -0300] "GET /cormun/servlet/hlogin HTTP/1.1" 200 1720
181.212.40.185 - - [05/Sep/2023:13:34:49 -0300] "POST /cormun/servlet/hlogin?0e07007292bcb5fa902a58aefdb3873a,gx-no-cache=1693930712708 HTTP/1.1" 200 427
181.212.40.185 - - [05/Sep/2023:13:35:00 -0300] "POST /cormun/servlet/hlogin?0e07007292bcb5fa902a58aefdb3873a,gx-no-cache=1693930723196 HTTP/1.1" 200 90
181.212.40.185 - - [05/Sep/2023:13:35:00 -0300] "GET /cormun/servlet/hpexe_link HTTP/1.1" 200 962
181.212.40.185 - - [05/Sep/2023:13:35:00 -0300] "GET /cormun/servlet/trfichaempleadohoras HTTP/1.1" 500 10
181.212.40.185 - - [05/Sep/2023:13:35:05 -0300] "GET /cormun/servlet/trfichaempleadohoras HTTP/1.1" 500 10
187.108.65.209 - - [05/Sep/2023:13:35:35 -0300] "GET / HTTP/1.1" 200 11217
190.171.141.106 - - [05/Sep/2023:13:39:33 -0300] "GET /cormun/servlet/trsolicitudot? HTTP/1.1" 200 6326
190.171.141.106 - - [05/Sep/2023:13:39:34 -0300] "GET /cormun/servlet/trlicencias? HTTP/1.1" 200 6220
190.171.141.106 - - [05/Sep/2023:13:39:37 -0300] "GET /cormun/servlet/hlogin HTTP/1.1" 200 1738
190.171.141.106 - - [05/Sep/2023:13:39:37 -0300] "GET /cormun/servlet/trlicencias? HTTP/1.1" 200 6230
190.171.149.90 - - [05/Sep/2023:13:40:53 -0300] "GET /cormun/servlet/trpermisosgoce? HTTP/1.1" 200 8869
190.171.149.90 - - [05/Sep/2023:13:40:53 -0300] "GET /cormun/servlet/trpermisosgoce? HTTP/1.1" 200 8869
190.171.149.90 - - [05/Sep/2023:13:40:55 -0300] "GET /cormun/servlet/permisogoce?INS,0,,, HTTP/1.1" 200 6813
190.171.149.90 - - [05/Sep/2023:13:40:56 -0300] "GET /cormun/servlet/permisogoce?INS,0,,, HTTP/1.1" 200 6812
190.171.149.90 - - [05/Sep/2023:13:41:00 -0300] "GET /cormun/servlet/permisogoce?7dd8d3010886f3870820e05d76e5238a131a682b459427d7dcc8723ad1849adf199c243b1fdb8e2a116eaafa459bc90668029825fcc4bdcf31764c79c0aa70bf,gx-no-cache=1693931107209 HTTP/1.1" 200 83
190.171.149.90 - - [05/Sep/2023:13:41:02 -0300] "GET /cormun/static/menuarrow.gif HTTP/1.1" 404 1015
190.171.149.90 - - [05/Sep/2023:13:41:06 -0300] "GET /cormun/servlet/permisogoce?7dd8d3010886f3870820e05d76e5238af6a99f8f6ddf44d5785a2af0462b35db4786d75e497c0aa5bd5901aaec52bc92dc3dbd5776bd4fc56735fb2aacc64a3c,gx-no-cache=1693931113415 HTTP/1.1" 200 47
190.171.149.90 - - [05/Sep/2023:13:41:08 -0300] "POST /cormun/servlet/permisogoce?383794e3380ce720395ed55538a66211,INS,0,,,,gx-no-cache=1693931115030 HTTP/1.1" 200 93
190.171.149.90 - - [05/Sep/2023:13:41:08 -0300] "GET /cormun/servlet/hpexe_return? HTTP/1.1" 200 1009
190.171.149.90 - - [05/Sep/2023:13:41:08 -0300] "GET /cormun/servlet/trpermisosgoce HTTP/1.1" 200 9092
190.171.149.90 - - [05/Sep/2023:13:41:09 -0300] "GET /cormun/servlet/trpermisosgoce HTTP/1.1" 200 9087
190.171.149.90 - - [05/Sep/2023:13:41:12 -0300] "GET /cormun/servlet/apermisogoceprn?18379058,P,20230905132428,PU HTTP/1.1" 200 1655
181.203.231.231 - - [05/Sep/2023:13:42:05 -0300] "GET /cormun/servlet/hlogin HTTP/1.1" 200 1765
181.203.231.231 - - [05/Sep/2023:13:42:05 -0300] "GET /cormun/static/gxcfg.js?85251 HTTP/1.1" 200 953
181.203.231.231 - - [05/Sep/2023:13:42:05 -0300] "GET /cormun/static/gxfxSD.js?85251 HTTP/1.1" 200 15384
181.203.231.231 - - [05/Sep/2023:13:42:05 -0300] "GET /cormun/static/gxfrmutlSD.js?85251 HTTP/1.1" 304 -
181.203.231.231 - - [05/Sep/2023:13:42:05 -0300] "GET /cormun/static/hlogin.js?2022112219184458 HTTP/1.1" 200 2156
181.203.231.231 - - [05/Sep/2023:13:42:05 -0300] "GET /cormun/static/messages.spa.js?85251 HTTP/1.1" 200 30736
181.203.231.231 - - [05/Sep/2023:13:42:05 -0300] "GET /cormun/static/gxgralSD.js?85251 HTTP/1.1" 200 20927
181.203.231.231 - - [05/Sep/2023:13:42:05 -0300] "GET /cormun/static/Resources/CormunLogin.png HTTP/1.1" 200 19132
181.203.231.231 - - [05/Sep/2023:13:42:05 -0300] "GET /cormun/static/Resources/PXToolsButtonLeft.png HTTP/1.1" 200 1310
181.203.231.231 - - [05/Sep/2023:13:42:05 -0300] "GET /cormun/static/Resources/PXToolsLoginTop.png HTTP/1.1" 200 1337
181.203.231.231 - - [05/Sep/2023:13:42:05 -0300] "GET /cormun/static/Resources/PXToolsLoginBackground.png HTTP/1.1" 200 1164
181.203.231.231 - - [05/Sep/2023:13:42:05 -0300] "GET /cormun/servlet/hlogin HTTP/1.1" 200 1775
181.203.231.231 - - [05/Sep/2023:13:42:05 -0300] "GET /cormun/static/Resources/PXToolsButtonBackground.png HTTP/1.1" 200 1176
181.203.231.231 - - [05/Sep/2023:13:42:05 -0300] "GET /cormun/static/Resources/CormunLogin.png HTTP/1.1" 200 19132
181.203.231.231 - - [05/Sep/2023:13:42:05 -0300] "GET /cormun/static/Resources/PXToolsLoginTop.png HTTP/1.1" 200 1337
181.203.231.231 - - [05/Sep/2023:13:42:05 -0300] "GET /cormun/static/Resources/PXToolsButtonBackground.png HTTP/1.1" 200 1176
181.203.231.231 - - [05/Sep/2023:13:42:05 -0300] "GET /cormun/static/Resources/PXToolsButtonLeft.png HTTP/1.1" 200 1310
181.203.231.231 - - [05/Sep/2023:13:42:05 -0300] "GET /cormun/static/Resources/PXToolsLoginBackground.png HTTP/1.1" 200 1164
181.203.231.231 - - [05/Sep/2023:13:42:05 -0300] "GET /cormun/static/Resources/PXToolsButtonRight.png HTTP/1.1" 200 1294
181.203.231.231 - - [05/Sep/2023:13:42:14 -0300] "POST /cormun/servlet/hlogin?bc656ea7bb784b4a7ef358e23aeddb85,gx-no-cache=1693931156050 HTTP/1.1" 200 90
181.203.231.231 - - [05/Sep/2023:13:42:14 -0300] "GET /cormun/servlet/hpexe_link HTTP/1.1" 200 1000
181.203.231.231 - - [05/Sep/2023:13:42:14 -0300] "GET /cormun/static/hpexe_link.js?20221129847423 HTTP/1.1" 200 625
181.203.231.231 - - [05/Sep/2023:13:42:15 -0300] "GET /cormun/servlet/hhome HTTP/1.1" 200 4032
181.203.231.231 - - [05/Sep/2023:13:42:15 -0300] "GET /cormun/static/Resources/CormunMP2.png HTTP/1.1" 200 6878
181.203.231.231 - - [05/Sep/2023:13:42:15 -0300] "GET /cormun/static/Resources/ImgHome.png HTTP/1.1" 200 1364
181.203.231.231 - - [05/Sep/2023:13:42:15 -0300] "GET /cormun/static/Resources/ImgLogin.png HTTP/1.1" 200 1432
181.203.231.231 - - [05/Sep/2023:13:42:15 -0300] "GET /cormun/static/PXToolsJavascripts/pexe_layers.js HTTP/1.1" 200 4114
181.203.231.231 - - [05/Sep/2023:13:42:15 -0300] "GET /cormun/static/PXToolsJavascripts/pexe_menudivfix.js HTTP/1.1" 200 333
181.203.231.231 - - [05/Sep/2023:13:42:15 -0300] "GET /cormun/static/hpexe_scripts.js?20201214471411 HTTP/1.1" 200 1544
181.203.231.231 - - [05/Sep/2023:13:42:15 -0300] "GET /cormun/static/hhome.js?20201215495544 HTTP/1.1" 200 777
181.203.231.231 - - [05/Sep/2023:13:42:15 -0300] "GET /cormun/static/hpexe_messagecontroller.js?202211298371222 HTTP/1.1" 200 870
181.203.231.231 - - [05/Sep/2023:13:42:15 -0300] "GET /cormun/static/Resources/Spanish/PXTools.css?14345360 HTTP/1.1" 200 100853
181.203.231.231 - - [05/Sep/2023:13:42:15 -0300] "GET /cormun/static/hpexe_recentlink.js?20201214471090 HTTP/1.1" 200 2144
181.203.231.231 - - [05/Sep/2023:13:42:15 -0300] "GET /cormun/static/hpexe_messagepopupcomponent.js?2020121447232 HTTP/1.1" 200 605
181.203.231.231 - - [05/Sep/2023:13:42:15 -0300] "GET /cormun/static/hpexe_messagegenexuscomponent.js?20221129836373 HTTP/1.1" 200 587
181.203.231.231 - - [05/Sep/2023:13:42:15 -0300] "GET /cormun/static/cmcontrolpreferences.js?20199141926336 HTTP/1.1" 200 1375
181.203.231.231 - - [05/Sep/2023:13:42:15 -0300] "GET /cormun/static/SmoothNavMenu/resources/SmoothNavMenuRender.js HTTP/1.1" 200 5951
181.203.231.231 - - [05/Sep/2023:13:42:15 -0300] "GET /cormun/static/hmpwkw03.js?20221129844354 HTTP/1.1" 200 3971
181.203.231.231 - - [05/Sep/2023:13:42:15 -0300] "GET /cormun/static/Resources/Llave.png HTTP/1.1" 200 1395
181.203.231.231 - - [05/Sep/2023:13:42:16 -0300] "GET /cormun/static/Shared/jquery/jquery-1.10.2.min.js HTTP/1.1" 200 273199
181.203.231.231 - - [05/Sep/2023:13:42:18 -0300] "GET /cormun/static/Shared/ext/ext-all.js HTTP/1.1" 200 1289687
181.203.231.231 - - [05/Sep/2023:13:42:29 -0300] "GET /cormun/servlet/trlicencias? HTTP/1.1" 200 11825
181.203.231.231 - - [05/Sep/2023:13:42:29 -0300] "GET /cormun/static/calendar-system.css?85620 HTTP/1.1" 200 5572
181.203.231.231 - - [05/Sep/2023:13:42:29 -0300] "GET /cormun/static/calendar.js?85251 HTTP/1.1" 200 26246
181.203.231.231 - - [05/Sep/2023:13:42:29 -0300] "GET /cormun/static/calendar-es.js?85251 HTTP/1.1" 200 1901
181.203.231.231 - - [05/Sep/2023:13:42:29 -0300] "GET /cormun/static/gxdec.js?85251 HTTP/1.1" 200 19579
181.203.231.231 - - [05/Sep/2023:13:42:29 -0300] "GET /cormun/static/calendar-setup.js?85251 HTTP/1.1" 304 -
181.203.231.231 - - [05/Sep/2023:13:42:29 -0300] "GET /cormun/static/Resources/PXToolsDataSearch.png HTTP/1.1" 200 435
181.203.231.231 - - [05/Sep/2023:13:42:29 -0300] "GET /cormun/static/trlicencias.js?202211298463889 HTTP/1.1" 200 41883
181.203.231.231 - - [05/Sep/2023:13:42:29 -0300] "GET /cormun/static/Resources/PXToolsGridPreviousDisabled.gif HTTP/1.1" 200 90
181.203.231.231 - - [05/Sep/2023:13:42:29 -0300] "GET /cormun/static/Resources/PXToolsGridNextDisabled.gif HTTP/1.1" 200 90
181.203.231.231 - - [05/Sep/2023:13:42:29 -0300] "GET /cormun/static/Resources/PXToolsActionExcel.png HTTP/1.1" 200 727
181.203.231.231 - - [05/Sep/2023:13:42:29 -0300] "GET /cormun/static/Resources/PXToolsAddAllAction.png HTTP/1.1" 200 495
181.203.231.231 - - [05/Sep/2023:13:42:29 -0300] "GET /cormun//static/Resources/PXToolsActionPrint.png HTTP/1.1" 200 404
181.203.231.231 - - [05/Sep/2023:13:42:29 -0300] "GET /cormun//static/Resources/PXToolsHeaderFavorites.png HTTP/1.1" 200 1414
181.203.231.231 - - [05/Sep/2023:13:42:29 -0300] "GET /cormun//static/Resources/PXToolsHeaderHelp.png HTTP/1.1" 200 1333
181.203.231.231 - - [05/Sep/2023:13:42:29 -0300] "GET /cormun//static/Resources/PXToolsActionDisabled.gif HTTP/1.1" 200 53
181.203.231.231 - - [05/Sep/2023:13:42:29 -0300] "GET /cormun/static/Resources/asc.gif HTTP/1.1" 200 67
181.203.231.231 - - [05/Sep/2023:13:42:29 -0300] "GET /cormun//static/Resources/PXTools/ActionInsert.png HTTP/1.1" 200 1482
181.203.231.231 - - [05/Sep/2023:13:42:29 -0300] "GET /cormun/static/Resources/desc.gif HTTP/1.1" 200 65
190.171.149.74 - - [05/Sep/2023:13:43:19 -0300] "GET /cormun/static/menuarrow.gif HTTP/1.1" 404 1015
190.171.149.74 - - [05/Sep/2023:13:43:33 -0300] "POST /cormun/servlet/trlicencias?c09adc78c17fbb37820238bd5ec3d93c,,gx-no-cache=1693931232636 HTTP/1.1" 200 17928
190.171.149.74 - - [05/Sep/2023:13:43:45 -0300] "POST /cormun/servlet/trlicencias?c09adc78c17fbb37820238bd5ec3d93c,,gx-no-cache=1693931245331 HTTP/1.1" 200 9334
190.171.142.26 - - [05/Sep/2023:13:44:07 -0300] "POST /cormun/servlet/trpermisosgoce?b43080909f84732723df886e1bcd1aa3,,gx-no-cache=1693931268681 HTTP/1.1" 200 5356
190.171.149.74 - - [05/Sep/2023:13:44:29 -0300] "POST /cormun/servlet/trlicencias?c09adc78c17fbb37820238bd5ec3d93c,,gx-no-cache=1693931283593 HTTP/1.1" 200 9607
190.171.149.74 - - [05/Sep/2023:13:44:46 -0300] "POST /cormun/servlet/trlicencias?c09adc78c17fbb37820238bd5ec3d93c,,gx-no-cache=1693931307512 HTTP/1.1" 200 9608
190.171.149.74 - - [05/Sep/2023:13:44:52 -0300] "POST /cormun/servlet/trlicencias?c09adc78c17fbb37820238bd5ec3d93c,,gx-no-cache=1693931313831 HTTP/1.1" 200 9607
190.171.142.26 - - [05/Sep/2023:13:45:16 -0300] "POST /cormun/servlet/trpermisosgoce?b43080909f84732723df886e1bcd1aa3,,gx-no-cache=1693931338369 HTTP/1.1" 200 4488
190.171.142.26 - - [05/Sep/2023:13:45:18 -0300] "POST /cormun/servlet/trpermisosgoce?b43080909f84732723df886e1bcd1aa3,,gx-no-cache=1693931340153 HTTP/1.1" 200 4488
190.171.142.26 - - [05/Sep/2023:13:45:52 -0300] "POST /cormun/servlet/trpermisosgoce?b43080909f84732723df886e1bcd1aa3,,gx-no-cache=1693931374330 HTTP/1.1" 200 5777
181.212.43.89 - - [05/Sep/2023:13:46:03 -0300] "GET /favicon.ico HTTP/1.1" 200 21630
190.171.142.26 - - [05/Sep/2023:13:46:37 -0300] "POST /cormun/servlet/trpermisosgoce?b43080909f84732723df886e1bcd1aa3,,gx-no-cache=1693931418761 HTTP/1.1" 200 4491
190.171.142.26 - - [05/Sep/2023:13:46:41 -0300] "POST /cormun/servlet/trpermisosgoce?b43080909f84732723df886e1bcd1aa3,,gx-no-cache=1693931422560 HTTP/1.1" 200 4490
190.171.142.26 - - [05/Sep/2023:13:47:05 -0300] "GET /cormun/servlet/trpermisosgoce? HTTP/1.1" 200 7201
190.171.142.26 - - [05/Sep/2023:13:47:05 -0300] "GET /cormun/servlet/trpermisosgoce? HTTP/1.1" 200 7201
190.171.142.26 - - [05/Sep/2023:13:47:07 -0300] "GET /cormun/servlet/permisogoce?INS,0,,, HTTP/1.1" 200 7141
190.171.142.26 - - [05/Sep/2023:13:47:08 -0300] "GET /cormun/servlet/permisogoce?INS,0,,, HTTP/1.1" 200 7140
190.171.142.26 - - [05/Sep/2023:13:47:22 -0300] "GET /cormun/servlet/permisogoce?8f1146f75e6f61a0a53effeaa36a1ff4370cd3105b6dad29be81e52328ca682a34b88b3096f866d134ed8b406468b87928ec6667832468a7ff14a74cf6816a50,gx-no-cache=1693931463879 HTTP/1.1" 200 226
190.171.142.26 - - [05/Sep/2023:13:47:22 -0300] "GET /cormun/static/Shared/jqueryui/images/ui-bg_highlight-soft_100_c6c2c8_1x100.png HTTP/1.1" 404 1117
190.171.142.26 - - [05/Sep/2023:13:47:22 -0300] "GET /cormun/static/Shared/jqueryui/images/ui-icons_82798d_256x240.png HTTP/1.1" 404 1089
190.171.142.26 - - [05/Sep/2023:13:47:22 -0300] "GET /cormun/static/Shared/jqueryui/images/ui-bg_flat_55_994d53_40x100.png HTTP/1.1" 404 1097
190.171.142.26 - - [05/Sep/2023:13:47:22 -0300] "GET /cormun/static/Shared/jqueryui/images/ui-icons_ebccce_256x240.png HTTP/1.1" 404 1089
190.171.142.26 - - [05/Sep/2023:13:47:35 -0300] "GET /cormun/servlet/permisogoce?8f1146f75e6f61a0a53effeaa36a1ff4370cd3105b6dad29be81e52328ca682aac3a838b0811a62dba63cb4dcea3eb4bbf8dbcabcfe3eb42a775e06c26a44597,gx-no-cache=1693931476691 HTTP/1.1" 200 74
190.171.142.26 - - [05/Sep/2023:13:47:58 -0300] "POST /cormun/servlet/permisogoce?b43080909f84732723df886e1bcd1aa3,INS,0,,,,gx-no-cache=1693931500419 HTTP/1.1" 200 93
190.171.142.26 - - [05/Sep/2023:13:47:58 -0300] "GET /cormun/servlet/hpexe_return? HTTP/1.1" 200 1008
190.171.142.26 - - [05/Sep/2023:13:47:59 -0300] "GET /cormun/servlet/trpermisosgoce HTTP/1.1" 200 7204
190.171.142.26 - - [05/Sep/2023:13:47:59 -0300] "GET /cormun/servlet/trpermisosgoce HTTP/1.1" 200 7201
190.171.142.26 - - [05/Sep/2023:13:48:04 -0300] "GET /cormun/static/menuarrow.gif HTTP/1.1" 404 1015
190.171.142.26 - - [05/Sep/2023:13:48:15 -0300] "POST /cormun/servlet/trpermisosgoce?b43080909f84732723df886e1bcd1aa3,gx-no-cache=1693931516786 HTTP/1.1" 200 4490
190.171.142.26 - - [05/Sep/2023:13:49:01 -0300] "POST /cormun/servlet/trpermisosgoce?b43080909f84732723df886e1bcd1aa3,gx-no-cache=1693931562361 HTTP/1.1" 200 4495
190.171.142.26 - - [05/Sep/2023:13:49:03 -0300] "POST /cormun/servlet/trpermisosgoce?b43080909f84732723df886e1bcd1aa3,gx-no-cache=1693931564832 HTTP/1.1" 200 4494
190.171.142.26 - - [05/Sep/2023:13:49:38 -0300] "POST /cormun/servlet/trpermisosgoce?b43080909f84732723df886e1bcd1aa3,gx-no-cache=1693931599617 HTTP/1.1" 200 4492
190.171.142.26 - - [05/Sep/2023:13:49:49 -0300] "POST /cormun/servlet/trpermisosgoce?b43080909f84732723df886e1bcd1aa3,gx-no-cache=1693931611162 HTTP/1.1" 200 4491
190.171.142.26 - - [05/Sep/2023:13:51:15 -0300] "GET /cormun/servlet/trsolicitudot? HTTP/1.1" 200 7287
190.171.142.26 - - [05/Sep/2023:13:51:15 -0300] "GET /cormun/servlet/trsolicitudot? HTTP/1.1" 200 7298
190.171.142.26 - - [05/Sep/2023:13:51:35 -0300] "GET /cormun/static/menuarrow.gif HTTP/1.1" 404 1015
190.171.142.26 - - [05/Sep/2023:13:52:03 -0300] "POST /cormun/servlet/trsolicitudot?b43080909f84732723df886e1bcd1aa3,,gx-no-cache=1693931744915 HTTP/1.1" 200 4366
190.171.143.106 - - [05/Sep/2023:14:00:56 -0300] "GET /cormun/servlet/hlogin HTTP/1.1" 200 1719
190.171.143.106 - - [05/Sep/2023:14:01:02 -0300] "POST /cormun/servlet/hlogin?556774a60ebbe78173b37e549b48a39d,gx-no-cache=1693932579005 HTTP/1.1" 200 90
