190.171.141.138 - - [25/Aug/2023:12:26:14 -0300] "GET /cormun/servlet/solicitudotadjuntos?INS,2023,20532,,1, HTTP/1.1" 200 6257
190.171.141.138 - - [25/Aug/2023:12:26:14 -0300] "GET /cormun/static/about:blank HTTP/1.1" 404 1011
190.171.141.138 - - [25/Aug/2023:12:26:14 -0300] "GET /cormun/servlet/solicitudotadjuntos?INS,2023,20532,,1, HTTP/1.1" 200 6251
190.171.141.138 - - [25/Aug/2023:12:26:15 -0300] "GET /cormun/servlet/solicitudotadjuntos?a5e004ee92a08d387a40e0859dec1f0d67225818748549e7d17844a37dfa387a05d2174054611eebe3840155eae62613,gx-no-cache=1692976197971 HTTP/1.1" 200 30
190.171.141.138 - - [25/Aug/2023:12:26:15 -0300] "POST /cormun/servlet/solicitudotadjuntos?bbfcb2726acb2968c318aa8969f0f03b,INS,2023,20532,,1,,gx-no-cache=1692976197985 HTTP/1.1" 200 4144
201.186.225.183 - - [25/Aug/2023:12:26:18 -0300] "POST /cormun/servlet/trpermisosgoce?937ba19de9dee6787eb72b06b02e252f,gx-no-cache=1692976202571 HTTP/1.1" 200 5041
201.186.225.183 - - [25/Aug/2023:12:26:22 -0300] "GET /cormun/servlet/trpermisosadjuntos?7321702,20230824161502,P, HTTP/1.1" 200 6277
201.186.225.183 - - [25/Aug/2023:12:26:23 -0300] "GET /cormun/servlet/trpermisosadjuntos?7321702,20230824161502,P, HTTP/1.1" 200 6277
190.171.141.138 - - [25/Aug/2023:12:26:23 -0300] "POST /cormun/servlet/solicitudotadjuntos?gx-no-cache=1692976206598 HTTP/1.1" 200 26
201.186.225.183 - - [25/Aug/2023:12:26:24 -0300] "GET /cormun/servlet/permisosadjuntos?INS,7321702,P,20230824161502,, HTTP/1.1" 200 5595
201.186.225.183 - - [25/Aug/2023:12:26:24 -0300] "GET /cormun/static/about:blank HTTP/1.1" 404 1011
201.186.225.183 - - [25/Aug/2023:12:26:24 -0300] "GET /cormun/servlet/permisosadjuntos?INS,7321702,P,20230824161502,, HTTP/1.1" 200 5585
201.186.225.183 - - [25/Aug/2023:12:26:32 -0300] "POST /cormun/servlet/permisosadjuntos?937ba19de9dee6787eb72b06b02e252f,INS,7321702,P,20230824161502,, HTTP/1.1" 200 116
201.186.225.183 - - [25/Aug/2023:12:26:32 -0300] "GET /cormun/servlet/hpexe_return? HTTP/1.1" 200 1034
201.186.225.183 - - [25/Aug/2023:12:26:32 -0300] "GET /cormun/servlet/trpermisosadjuntos?7321702,20230824161502,P, HTTP/1.1" 200 6732
201.186.225.183 - - [25/Aug/2023:12:26:32 -0300] "GET /cormun/servlet/trpermisosadjuntos?7321702,20230824161502,P, HTTP/1.1" 200 6729
201.186.225.183 - - [25/Aug/2023:12:26:36 -0300] "GET /cormun/servlet/trpermisosgoce? HTTP/1.1" 200 7752
201.186.225.183 - - [25/Aug/2023:12:26:36 -0300] "GET /cormun/servlet/trpermisosgoce? HTTP/1.1" 200 7751
201.186.225.183 - - [25/Aug/2023:12:26:38 -0300] "POST /cormun/servlet/trpermisosgoce?937ba19de9dee6787eb72b06b02e252f,,gx-no-cache=1692976222084 HTTP/1.1" 200 5049
201.186.225.183 - - [25/Aug/2023:12:26:38 -0300] "GET /cormun/static/Shared/jqueryui/images/ui-bg_highlight-soft_100_c6c2c8_1x100.png HTTP/1.1" 404 1117
201.186.225.183 - - [25/Aug/2023:12:26:38 -0300] "GET /cormun/static/Shared/jqueryui/images/ui-icons_82798d_256x240.png HTTP/1.1" 404 1089
201.186.225.183 - - [25/Aug/2023:12:26:38 -0300] "GET /cormun/static/Shared/jqueryui/images/ui-bg_flat_55_fafafa_40x100.png HTTP/1.1" 404 1097
201.186.225.183 - - [25/Aug/2023:12:26:38 -0300] "GET /cormun/static/Shared/jqueryui/images/ui-icons_8d78a5_256x240.png HTTP/1.1" 404 1089
190.171.141.138 - - [25/Aug/2023:12:26:43 -0300] "GET /cormun/servlet/solicitudotadjuntos?a5e004ee92a08d387a40e0859dec1f0dd923b76acb46d01229607fb83c556091,gx-no-cache=1692976226114 HTTP/1.1" 200 30
190.171.141.138 - - [25/Aug/2023:12:26:43 -0300] "GET /cormun/servlet/solicitudotadjuntos?a5e004ee92a08d387a40e0859dec1f0dd923b76acb46d01229607fb83c556091,gx-no-cache=1692976226140 HTTP/1.1" 200 30
190.171.141.138 - - [25/Aug/2023:12:26:43 -0300] "POST /cormun/servlet/solicitudotadjuntos?bbfcb2726acb2968c318aa8969f0f03b,INS,2023,20532,,1, HTTP/1.1" 200 116
190.171.141.138 - - [25/Aug/2023:12:26:43 -0300] "GET /cormun/servlet/hpexe_return? HTTP/1.1" 200 1026
201.186.225.183 - - [25/Aug/2023:12:26:43 -0300] "POST /cormun/servlet/trpermisosgoce?937ba19de9dee6787eb72b06b02e252f,,gx-no-cache=1692976227682 HTTP/1.1" 200 5320
190.171.141.138 - - [25/Aug/2023:12:26:44 -0300] "GET /cormun/servlet/trsolicitudadjuntos?2023,20532, HTTP/1.1" 200 9746
190.171.141.138 - - [25/Aug/2023:12:26:44 -0300] "GET /cormun/servlet/trsolicitudadjuntos?2023,20532, HTTP/1.1" 200 9746
201.186.225.183 - - [25/Aug/2023:12:26:46 -0300] "GET /cormun/servlet/trpermisosadjuntos?11365302,20230824122118,P, HTTP/1.1" 200 6296
201.186.225.183 - - [25/Aug/2023:12:26:46 -0300] "GET /cormun/servlet/trpermisosadjuntos?11365302,20230824122118,P, HTTP/1.1" 200 6296
190.171.141.138 - - [25/Aug/2023:12:26:46 -0300] "GET /cormun/servlet/solicitudotadjuntos?INS,2023,20532,,1, HTTP/1.1" 200 6258
190.171.141.138 - - [25/Aug/2023:12:26:47 -0300] "GET /cormun/static/about:blank HTTP/1.1" 404 1011
190.171.141.138 - - [25/Aug/2023:12:26:47 -0300] "GET /cormun/servlet/solicitudotadjuntos?INS,2023,20532,,1, HTTP/1.1" 200 6252
190.171.141.138 - - [25/Aug/2023:12:26:47 -0300] "GET /cormun/servlet/solicitudotadjuntos?a5e004ee92a08d387a40e0859dec1f0d67225818748549e7d17844a37dfa387a05d2174054611eebe3840155eae62613,gx-no-cache=1692976230365 HTTP/1.1" 200 30
190.171.141.138 - - [25/Aug/2023:12:26:47 -0300] "POST /cormun/servlet/solicitudotadjuntos?bbfcb2726acb2968c318aa8969f0f03b,INS,2023,20532,,1,,gx-no-cache=1692976230380 HTTP/1.1" 200 4145
201.186.225.183 - - [25/Aug/2023:12:26:47 -0300] "GET /cormun/servlet/permisosadjuntos?INS,11365302,P,20230824122118,, HTTP/1.1" 200 5614
201.186.225.183 - - [25/Aug/2023:12:26:48 -0300] "GET /cormun/static/about:blank HTTP/1.1" 404 1011
201.186.225.183 - - [25/Aug/2023:12:26:48 -0300] "GET /cormun/servlet/permisosadjuntos?INS,11365302,P,20230824122118,, HTTP/1.1" 200 5604
190.171.141.138 - - [25/Aug/2023:12:26:51 -0300] "POST /cormun/servlet/solicitudotadjuntos?gx-no-cache=1692976234038 HTTP/1.1" 200 26
201.186.225.183 - - [25/Aug/2023:12:26:53 -0300] "POST /cormun/servlet/permisosadjuntos?937ba19de9dee6787eb72b06b02e252f,INS,11365302,P,20230824122118,, HTTP/1.1" 200 116
201.186.225.183 - - [25/Aug/2023:12:26:53 -0300] "GET /cormun/servlet/hpexe_return? HTTP/1.1" 200 1035
201.186.225.183 - - [25/Aug/2023:12:26:53 -0300] "GET /cormun/servlet/trpermisosadjuntos?11365302,20230824122118,P, HTTP/1.1" 200 6753
201.186.225.183 - - [25/Aug/2023:12:26:53 -0300] "GET /cormun/servlet/trpermisosadjuntos?11365302,20230824122118,P, HTTP/1.1" 200 6749
201.186.225.183 - - [25/Aug/2023:12:26:54 -0300] "GET /cormun/servlet/trpermisosgoce? HTTP/1.1" 200 8015
201.186.225.183 - - [25/Aug/2023:12:26:55 -0300] "GET /cormun/servlet/trpermisosgoce? HTTP/1.1" 200 8015
201.186.225.183 - - [25/Aug/2023:12:26:56 -0300] "POST /cormun/servlet/trpermisosgoce?937ba19de9dee6787eb72b06b02e252f,,gx-no-cache=1692976240352 HTTP/1.1" 200 5297
190.171.141.138 - - [25/Aug/2023:12:27:01 -0300] "GET /cormun/servlet/solicitudotadjuntos?a5e004ee92a08d387a40e0859dec1f0dd923b76acb46d01229607fb83c556091,gx-no-cache=1692976244322 HTTP/1.1" 200 30
190.171.141.138 - - [25/Aug/2023:12:27:01 -0300] "GET /cormun/servlet/solicitudotadjuntos?a5e004ee92a08d387a40e0859dec1f0dd923b76acb46d01229607fb83c556091,gx-no-cache=1692976244336 HTTP/1.1" 200 30
190.171.141.138 - - [25/Aug/2023:12:27:01 -0300] "POST /cormun/servlet/solicitudotadjuntos?bbfcb2726acb2968c318aa8969f0f03b,INS,2023,20532,,1, HTTP/1.1" 200 116
190.171.141.138 - - [25/Aug/2023:12:27:01 -0300] "GET /cormun/servlet/hpexe_return? HTTP/1.1" 200 1026
190.171.141.138 - - [25/Aug/2023:12:27:02 -0300] "GET /cormun/servlet/trsolicitudadjuntos?2023,20532, HTTP/1.1" 200 9983
190.171.141.138 - - [25/Aug/2023:12:27:02 -0300] "GET /cormun/servlet/trsolicitudadjuntos?2023,20532, HTTP/1.1" 200 9981
201.186.225.183 - - [25/Aug/2023:12:27:04 -0300] "POST /cormun/servlet/trpermisosgoce?937ba19de9dee6787eb72b06b02e252f,,gx-no-cache=1692976248186 HTTP/1.1" 200 6320
190.171.141.138 - - [25/Aug/2023:12:27:06 -0300] "GET /cormun/servlet/solicitudotadjuntos?INS,2023,20532,,1, HTTP/1.1" 200 6258
190.171.141.138 - - [25/Aug/2023:12:27:06 -0300] "GET /cormun/static/about:blank HTTP/1.1" 404 1011
190.171.141.138 - - [25/Aug/2023:12:27:06 -0300] "GET /cormun/servlet/solicitudotadjuntos?INS,2023,20532,,1, HTTP/1.1" 200 6252
190.171.141.138 - - [25/Aug/2023:12:27:06 -0300] "GET /cormun/servlet/solicitudotadjuntos?a5e004ee92a08d387a40e0859dec1f0d67225818748549e7d17844a37dfa387a05d2174054611eebe3840155eae62613,gx-no-cache=1692976249674 HTTP/1.1" 200 30
190.171.141.138 - - [25/Aug/2023:12:27:07 -0300] "POST /cormun/servlet/solicitudotadjuntos?bbfcb2726acb2968c318aa8969f0f03b,INS,2023,20532,,1,,gx-no-cache=1692976249688 HTTP/1.1" 200 4145
192.168.10.17 - - [25/Aug/2023:12:27:08 -0300] "GET /cormun/servlet/trsolicitudgral? HTTP/1.1" 200 13973
192.168.10.17 - - [25/Aug/2023:12:27:08 -0300] "GET /cormun/servlet/trsolicitudgral? HTTP/1.1" 200 13973
201.186.225.183 - - [25/Aug/2023:12:27:09 -0300] "GET /cormun/servlet/trpermisosadjuntos?17296006,20230824090413,P, HTTP/1.1" 200 6287
201.186.225.183 - - [25/Aug/2023:12:27:09 -0300] "GET /cormun/servlet/trpermisosadjuntos?17296006,20230824090413,P, HTTP/1.1" 200 6287
190.171.141.138 - - [25/Aug/2023:12:27:09 -0300] "POST /cormun/servlet/solicitudotadjuntos?gx-no-cache=1692976252715 HTTP/1.1" 200 26
201.186.225.183 - - [25/Aug/2023:12:27:10 -0300] "GET /cormun/servlet/permisosadjuntos?INS,17296006,P,20230824090413,, HTTP/1.1" 200 5607
201.186.225.183 - - [25/Aug/2023:12:27:10 -0300] "GET /cormun/static/about:blank HTTP/1.1" 404 1011
201.186.225.183 - - [25/Aug/2023:12:27:10 -0300] "GET /cormun/servlet/permisosadjuntos?INS,17296006,P,20230824090413,, HTTP/1.1" 200 5597
192.168.10.17 - - [25/Aug/2023:12:27:12 -0300] "POST /cormun/servlet/trsolicitudgral?2bc93658382b0331fe364fabce054eba,,gx-no-cache=1692976256395 HTTP/1.1" 200 6643
192.168.10.17 - - [25/Aug/2023:12:27:14 -0300] "GET /cormun/servlet/vesolicitudgral?2023,20502,, HTTP/1.1" 200 8399
192.168.10.17 - - [25/Aug/2023:12:27:14 -0300] "GET /cormun/pexe_scrolldiv.js HTTP/1.1" 404 1009
201.186.225.183 - - [25/Aug/2023:12:27:14 -0300] "POST /cormun/servlet/permisosadjuntos?937ba19de9dee6787eb72b06b02e252f,INS,17296006,P,20230824090413,, HTTP/1.1" 200 116
201.186.225.183 - - [25/Aug/2023:12:27:14 -0300] "GET /cormun/servlet/hpexe_return? HTTP/1.1" 200 1036
192.168.10.17 - - [25/Aug/2023:12:27:15 -0300] "GET /cormun/servlet/vesolicitudgral?2023,20502,, HTTP/1.1" 200 8399
201.186.225.183 - - [25/Aug/2023:12:27:15 -0300] "GET /cormun/servlet/trpermisosadjuntos?17296006,20230824090413,P, HTTP/1.1" 200 6745
201.186.225.183 - - [25/Aug/2023:12:27:15 -0300] "GET /cormun/servlet/trpermisosadjuntos?17296006,20230824090413,P, HTTP/1.1" 200 6740
190.171.141.138 - - [25/Aug/2023:12:27:16 -0300] "GET /cormun/servlet/solicitudotadjuntos?a5e004ee92a08d387a40e0859dec1f0dd923b76acb46d01229607fb83c556091,gx-no-cache=1692976258995 HTTP/1.1" 200 30
190.171.141.138 - - [25/Aug/2023:12:27:16 -0300] "GET /cormun/servlet/solicitudotadjuntos?a5e004ee92a08d387a40e0859dec1f0dd923b76acb46d01229607fb83c556091,gx-no-cache=1692976259010 HTTP/1.1" 200 30
190.171.141.138 - - [25/Aug/2023:12:27:16 -0300] "POST /cormun/servlet/solicitudotadjuntos?bbfcb2726acb2968c318aa8969f0f03b,INS,2023,20532,,1, HTTP/1.1" 200 116
190.171.141.138 - - [25/Aug/2023:12:27:16 -0300] "GET /cormun/servlet/hpexe_return? HTTP/1.1" 200 1026
192.168.10.17 - - [25/Aug/2023:12:27:16 -0300] "GET /cormun/servlet/vesolicitudgral?2023,20502,,SolicitudOTAdjuntos HTTP/1.1" 200 11054
192.168.10.17 - - [25/Aug/2023:12:27:16 -0300] "GET /cormun/pexe_scrolldiv.js HTTP/1.1" 404 1009
190.171.141.138 - - [25/Aug/2023:12:27:17 -0300] "GET /cormun/servlet/trsolicitudadjuntos?2023,20532, HTTP/1.1" 200 10283
192.168.10.17 - - [25/Aug/2023:12:27:17 -0300] "GET /cormun/servlet/vesolicitudgral?2023,20502,,SolicitudOTAdjuntos HTTP/1.1" 200 11057
201.186.225.183 - - [25/Aug/2023:12:27:17 -0300] "GET /cormun/servlet/trpermisosgoce? HTTP/1.1" 200 9025
192.168.10.17 - - [25/Aug/2023:12:27:17 -0300] "POST /cormun/servlet/acontrolpreferencessavestate?None,RRHH+DANIELA,true HTTP/1.1" 200 35
190.171.141.138 - - [25/Aug/2023:12:27:17 -0300] "GET /cormun/servlet/trsolicitudadjuntos?2023,20532, HTTP/1.1" 200 10280
201.186.225.183 - - [25/Aug/2023:12:27:18 -0300] "GET /cormun/servlet/trpermisosgoce? HTTP/1.1" 200 9024
192.168.10.17 - - [25/Aug/2023:12:27:18 -0300] "GET /cormun/servlet/vesolicitudgral?2023,20502,,General HTTP/1.1" 200 8403
192.168.10.17 - - [25/Aug/2023:12:27:18 -0300] "GET /cormun/pexe_scrolldiv.js HTTP/1.1" 404 1009
192.168.10.17 - - [25/Aug/2023:12:27:19 -0300] "GET /cormun/servlet/vesolicitudgral?2023,20502,,General HTTP/1.1" 200 8403
190.171.141.138 - - [25/Aug/2023:12:27:19 -0300] "GET /cormun/servlet/solicitudotadjuntos?INS,2023,20532,,1, HTTP/1.1" 200 6259
190.171.141.138 - - [25/Aug/2023:12:27:19 -0300] "GET /cormun/static/about:blank HTTP/1.1" 404 1011
190.171.141.138 - - [25/Aug/2023:12:27:19 -0300] "GET /cormun/servlet/solicitudotadjuntos?INS,2023,20532,,1, HTTP/1.1" 200 6252
201.186.225.183 - - [25/Aug/2023:12:27:19 -0300] "POST /cormun/servlet/trpermisosgoce?937ba19de9dee6787eb72b06b02e252f,,gx-no-cache=1692976263435 HTTP/1.1" 200 6317
190.171.141.138 - - [25/Aug/2023:12:27:20 -0300] "GET /cormun/servlet/solicitudotadjuntos?a5e004ee92a08d387a40e0859dec1f0d67225818748549e7d17844a37dfa387a05d2174054611eebe3840155eae62613,gx-no-cache=1692976262997 HTTP/1.1" 200 30
190.171.141.138 - - [25/Aug/2023:12:27:20 -0300] "POST /cormun/servlet/solicitudotadjuntos?bbfcb2726acb2968c318aa8969f0f03b,INS,2023,20532,,1,,gx-no-cache=1692976263011 HTTP/1.1" 200 4145
192.168.10.17 - - [25/Aug/2023:12:27:21 -0300] "POST /cormun/servlet/vesolicitudgral?2bc93658382b0331fe364fabce054eba,2023,20502,,General,gx-no-cache=1692976265139 HTTP/1.1" 200 12199
192.168.10.17 - - [25/Aug/2023:12:27:21 -0300] "GET /cormun/static/Shared/jqueryui/images/ui-bg_highlight-soft_100_c6c2c8_1x100.png HTTP/1.1" 404 1117
192.168.10.17 - - [25/Aug/2023:12:27:21 -0300] "GET /cormun/static/Shared/jqueryui/images/ui-icons_82798d_256x240.png HTTP/1.1" 404 1089
192.168.10.17 - - [25/Aug/2023:12:27:21 -0300] "GET /cormun/static/Shared/jqueryui/images/ui-icons_8d78a5_256x240.png HTTP/1.1" 404 1089
192.168.10.17 - - [25/Aug/2023:12:27:21 -0300] "GET /cormun/static/Shared/jqueryui/images/ui-bg_flat_55_fafafa_40x100.png HTTP/1.1" 404 1097
190.171.141.138 - - [25/Aug/2023:12:27:24 -0300] "POST /cormun/servlet/solicitudotadjuntos?gx-no-cache=1692976267079 HTTP/1.1" 200 26
201.186.225.183 - - [25/Aug/2023:12:27:27 -0300] "POST /cormun/servlet/trpermisosgoce?937ba19de9dee6787eb72b06b02e252f,,gx-no-cache=1692976270878 HTTP/1.1" 200 6012
192.168.10.17 - - [25/Aug/2023:12:27:27 -0300] "GET /cormun/servlet/trautorizarot? HTTP/1.1" 200 9619
192.168.10.17 - - [25/Aug/2023:12:27:27 -0300] "GET /cormun/servlet/trautorizarot? HTTP/1.1" 200 9608
190.171.141.138 - - [25/Aug/2023:12:27:29 -0300] "GET /cormun/servlet/solicitudotadjuntos?a5e004ee92a08d387a40e0859dec1f0dd923b76acb46d01229607fb83c556091,gx-no-cache=1692976272258 HTTP/1.1" 200 30
190.171.141.138 - - [25/Aug/2023:12:27:29 -0300] "GET /cormun/servlet/solicitudotadjuntos?a5e004ee92a08d387a40e0859dec1f0dd923b76acb46d01229607fb83c556091,gx-no-cache=1692976272271 HTTP/1.1" 200 30
190.171.141.138 - - [25/Aug/2023:12:27:29 -0300] "POST /cormun/servlet/solicitudotadjuntos?bbfcb2726acb2968c318aa8969f0f03b,INS,2023,20532,,1, HTTP/1.1" 200 6664
190.171.141.138 - - [25/Aug/2023:12:27:29 -0300] "GET /cormun/static/Shared/jqueryui/images/ui-bg_highlight-soft_100_c6c2c8_1x100.png HTTP/1.1" 404 1117
190.171.141.138 - - [25/Aug/2023:12:27:29 -0300] "GET /cormun/static/Shared/jqueryui/images/ui-icons_82798d_256x240.png HTTP/1.1" 404 1089
190.171.141.138 - - [25/Aug/2023:12:27:29 -0300] "GET /cormun/static/Shared/jqueryui/images/ui-bg_flat_55_994d53_40x100.png HTTP/1.1" 404 1097
190.171.141.138 - - [25/Aug/2023:12:27:29 -0300] "GET /cormun/static/Shared/jqueryui/images/ui-icons_ebccce_256x240.png HTTP/1.1" 404 1089
201.186.225.183 - - [25/Aug/2023:12:27:30 -0300] "GET /cormun/servlet/trpermisosadjuntos?10794042,20230817103756,P, HTTP/1.1" 200 6290
192.168.10.17 - - [25/Aug/2023:12:27:31 -0300] "POST /cormun/servlet/trautorizarot?2bc93658382b0331fe364fabce054eba,,gx-no-cache=1692976274941 HTTP/1.1" 200 5386
201.186.225.183 - - [25/Aug/2023:12:27:31 -0300] "GET /cormun/servlet/trpermisosadjuntos?10794042,20230817103756,P, HTTP/1.1" 200 6291
201.186.225.183 - - [25/Aug/2023:12:27:32 -0300] "GET /cormun/servlet/permisosadjuntos?INS,10794042,P,20230817103756,, HTTP/1.1" 200 5605
201.186.225.183 - - [25/Aug/2023:12:27:32 -0300] "GET /cormun/static/about:blank HTTP/1.1" 404 1011
201.186.225.183 - - [25/Aug/2023:12:27:32 -0300] "GET /cormun/servlet/permisosadjuntos?INS,10794042,P,20230817103756,, HTTP/1.1" 200 5595
201.186.225.183 - - [25/Aug/2023:12:27:37 -0300] "POST /cormun/servlet/permisosadjuntos?937ba19de9dee6787eb72b06b02e252f,INS,10794042,P,20230817103756,, HTTP/1.1" 200 116
201.186.225.183 - - [25/Aug/2023:12:27:37 -0300] "GET /cormun/servlet/hpexe_return? HTTP/1.1" 200 1036
201.186.225.183 - - [25/Aug/2023:12:27:37 -0300] "GET /cormun/servlet/trpermisosadjuntos?10794042,20230817103756,P, HTTP/1.1" 200 6748
201.186.225.183 - - [25/Aug/2023:12:27:37 -0300] "GET /cormun/servlet/trpermisosadjuntos?10794042,20230817103756,P, HTTP/1.1" 200 6744
190.171.141.138 - - [25/Aug/2023:12:27:37 -0300] "GET /cormun/PrivateTempStorage/upload_00002973.pdf HTTP/1.1" 200 486190
201.186.225.183 - - [25/Aug/2023:12:27:40 -0300] "GET /cormun/servlet/trpermisosgoce? HTTP/1.1" 200 8723
201.186.225.183 - - [25/Aug/2023:12:27:40 -0300] "GET /cormun/servlet/trpermisosgoce? HTTP/1.1" 200 8722
201.186.225.183 - - [25/Aug/2023:12:27:42 -0300] "POST /cormun/servlet/trpermisosgoce?937ba19de9dee6787eb72b06b02e252f,,gx-no-cache=1692976285740 HTTP/1.1" 200 5972
201.186.225.183 - - [25/Aug/2023:12:27:49 -0300] "POST /cormun/servlet/trpermisosgoce?937ba19de9dee6787eb72b06b02e252f,,gx-no-cache=1692976293058 HTTP/1.1" 200 5078
201.186.225.183 - - [25/Aug/2023:12:27:51 -0300] "GET /cormun/servlet/trpermisosadjuntos?13501824,20230809121719,P, HTTP/1.1" 200 6290
201.186.225.183 - - [25/Aug/2023:12:27:51 -0300] "GET /cormun/servlet/trpermisosadjuntos?13501824,20230809121719,P, HTTP/1.1" 200 6290
201.186.225.183 - - [25/Aug/2023:12:27:52 -0300] "GET /cormun/servlet/permisosadjuntos?INS,13501824,P,20230809121719,, HTTP/1.1" 200 5611
201.186.225.183 - - [25/Aug/2023:12:27:52 -0300] "GET /cormun/static/about:blank HTTP/1.1" 404 1011
201.186.225.183 - - [25/Aug/2023:12:27:52 -0300] "GET /cormun/servlet/permisosadjuntos?INS,13501824,P,20230809121719,, HTTP/1.1" 200 5601
190.171.141.90 - - [25/Aug/2023:12:27:57 -0300] "POST /cormun/servlet/trlicencias?e4437b96843013880aece022099101e3,,gx-no-cache=1692976388112 HTTP/1.1" 440 972
201.186.225.183 - - [25/Aug/2023:12:27:57 -0300] "POST /cormun/servlet/permisosadjuntos?937ba19de9dee6787eb72b06b02e252f,INS,13501824,P,20230809121719,, HTTP/1.1" 200 116
201.186.225.183 - - [25/Aug/2023:12:27:57 -0300] "GET /cormun/servlet/hpexe_return? HTTP/1.1" 200 1036
201.186.225.183 - - [25/Aug/2023:12:27:58 -0300] "GET /cormun/servlet/trpermisosadjuntos?13501824,20230809121719,P, HTTP/1.1" 200 6745
201.186.225.183 - - [25/Aug/2023:12:27:58 -0300] "GET /cormun/servlet/trpermisosadjuntos?13501824,20230809121719,P, HTTP/1.1" 200 6742
190.171.141.138 - - [25/Aug/2023:12:28:00 -0300] "GET /cormun/servlet/solicitudotadjuntos?a5e004ee92a08d387a40e0859dec1f0dbc46281e5b4bd78847933396935009fde0f43579d84f90d82c8df5b490f87c77,gx-no-cache=1692976302844 HTTP/1.1" 200 30
190.171.141.138 - - [25/Aug/2023:12:28:00 -0300] "GET /cormun/servlet/solicitudotadjuntos?a5e004ee92a08d387a40e0859dec1f0d7a5d73873fcce51565442caf142b6aebe0f43579d84f90d82c8df5b490f87c77,gx-no-cache=1692976302871 HTTP/1.1" 200 30
201.186.225.183 - - [25/Aug/2023:12:28:00 -0300] "GET /cormun/servlet/trpermisosgoce? HTTP/1.1" 200 7774
190.171.141.138 - - [25/Aug/2023:12:28:00 -0300] "POST /cormun/servlet/solicitudotadjuntos?bbfcb2726acb2968c318aa8969f0f03b,INS,2023,20532,,1, HTTP/1.1" 200 6663
190.171.141.90 - - [25/Aug/2023:12:28:00 -0300] "GET /cormun/servlet/trlicencias? HTTP/1.1" 200 6048
201.186.225.183 - - [25/Aug/2023:12:28:00 -0300] "GET /cormun/servlet/trpermisosgoce? HTTP/1.1" 200 7773
190.171.141.90 - - [25/Aug/2023:12:28:00 -0300] "GET /cormun/servlet/hlogin HTTP/1.1" 200 1737
190.171.141.90 - - [25/Aug/2023:12:28:01 -0300] "GET /cormun/servlet/trlicencias? HTTP/1.1" 200 6048
201.186.225.183 - - [25/Aug/2023:12:28:01 -0300] "POST /cormun/servlet/trpermisosgoce?937ba19de9dee6787eb72b06b02e252f,,gx-no-cache=1692976305603 HTTP/1.1" 200 5064
190.171.141.90 - - [25/Aug/2023:12:28:03 -0300] "POST /cormun/servlet/hlogin?15c6103aa01b39899645a99b0ade50a8,gx-no-cache=1692976393992 HTTP/1.1" 200 90
190.171.141.90 - - [25/Aug/2023:12:28:03 -0300] "GET /cormun/servlet/hpexe_link HTTP/1.1" 200 956
190.171.141.90 - - [25/Aug/2023:12:28:04 -0300] "GET /cormun/servlet/trlicencias HTTP/1.1" 200 13296
190.171.141.90 - - [25/Aug/2023:12:28:04 -0300] "GET /cormun/servlet/trlicencias HTTP/1.1" 200 13293
190.171.141.90 - - [25/Aug/2023:12:28:09 -0300] "GET /cormun/servlet/licenciaspermisos?DSP,7877292,L,20230824000000, HTTP/1.1" 200 7047
190.171.141.90 - - [25/Aug/2023:12:28:09 -0300] "GET /cormun/static/gxcfg.js?202012153173 HTTP/1.1" 200 953
190.171.141.90 - - [25/Aug/2023:12:28:09 -0300] "GET /cormun/static/licenciaspermisos.js?2020121532136 HTTP/1.1" 200 38753
190.171.141.90 - - [25/Aug/2023:12:28:10 -0300] "GET /cormun/servlet/licenciaspermisos?DSP,7877292,L,20230824000000, HTTP/1.1" 200 7048
201.186.225.183 - - [25/Aug/2023:12:28:10 -0300] "POST /cormun/servlet/trpermisosgoce?937ba19de9dee6787eb72b06b02e252f,,gx-no-cache=1692976313858 HTTP/1.1" 200 6655
201.186.225.183 - - [25/Aug/2023:12:28:13 -0300] "GET /cormun/servlet/trpermisosadjuntos?18042029,20230809121442,P, HTTP/1.1" 200 6283
201.186.225.183 - - [25/Aug/2023:12:28:13 -0300] "GET /cormun/servlet/trpermisosadjuntos?18042029,20230809121442,P, HTTP/1.1" 200 6284
190.171.141.138 - - [25/Aug/2023:12:28:14 -0300] "GET /cormun/servlet/solicitudotadjuntos?a5e004ee92a08d387a40e0859dec1f0d7a5d73873fcce51565442caf142b6aebe0f43579d84f90d82c8df5b490f87c77,gx-no-cache=1692976317694 HTTP/1.1" 200 30
190.171.141.138 - - [25/Aug/2023:12:28:14 -0300] "GET /cormun/servlet/solicitudotadjuntos?a5e004ee92a08d387a40e0859dec1f0d7a5d73873fcce51565442caf142b6aebe0f43579d84f90d82c8df5b490f87c77,gx-no-cache=1692976317708 HTTP/1.1" 200 30
201.186.225.183 - - [25/Aug/2023:12:28:14 -0300] "GET /cormun/servlet/permisosadjuntos?INS,18042029,P,20230809121442,, HTTP/1.1" 200 5603
201.186.225.183 - - [25/Aug/2023:12:28:15 -0300] "GET /cormun/static/about:blank HTTP/1.1" 404 1011
190.171.141.138 - - [25/Aug/2023:12:28:15 -0300] "POST /cormun/servlet/solicitudotadjuntos?bbfcb2726acb2968c318aa8969f0f03b,INS,2023,20532,,1,,gx-no-cache=1692976317750 HTTP/1.1" 200 4009
201.186.225.183 - - [25/Aug/2023:12:28:15 -0300] "GET /cormun/servlet/permisosadjuntos?INS,18042029,P,20230809121442,, HTTP/1.1" 200 5593
201.186.225.183 - - [25/Aug/2023:12:28:20 -0300] "POST /cormun/servlet/permisosadjuntos?937ba19de9dee6787eb72b06b02e252f,INS,18042029,P,20230809121442,, HTTP/1.1" 200 116
201.186.225.183 - - [25/Aug/2023:12:28:20 -0300] "GET /cormun/servlet/hpexe_return? HTTP/1.1" 200 1035
201.186.225.183 - - [25/Aug/2023:12:28:20 -0300] "GET /cormun/servlet/trpermisosadjuntos?18042029,20230809121442,P, HTTP/1.1" 200 6738
201.186.225.183 - - [25/Aug/2023:12:28:21 -0300] "GET /cormun/servlet/trpermisosadjuntos?18042029,20230809121442,P, HTTP/1.1" 200 6735
190.171.141.138 - - [25/Aug/2023:12:28:23 -0300] "GET /cormun/servlet/solicitudotadjuntos?a5e004ee92a08d387a40e0859dec1f0d7a5d73873fcce51565442caf142b6aebe0f43579d84f90d82c8df5b490f87c77,gx-no-cache=1692976325897 HTTP/1.1" 200 30
190.171.141.138 - - [25/Aug/2023:12:28:23 -0300] "GET /cormun/servlet/solicitudotadjuntos?a5e004ee92a08d387a40e0859dec1f0d7a5d73873fcce51565442caf142b6aebe0f43579d84f90d82c8df5b490f87c77,gx-no-cache=1692976325913 HTTP/1.1" 200 30
201.186.225.183 - - [25/Aug/2023:12:28:23 -0300] "GET /cormun/servlet/trpermisosgoce? HTTP/1.1" 200 9363
190.171.141.138 - - [25/Aug/2023:12:28:23 -0300] "POST /cormun/servlet/solicitudotadjuntos?bbfcb2726acb2968c318aa8969f0f03b,INS,2023,20532,,1,,gx-no-cache=1692976325932 HTTP/1.1" 200 4009
201.186.225.183 - - [25/Aug/2023:12:28:23 -0300] "GET /cormun/servlet/trpermisosgoce? HTTP/1.1" 200 9362
201.186.225.183 - - [25/Aug/2023:12:28:25 -0300] "POST /cormun/servlet/trpermisosgoce?937ba19de9dee6787eb72b06b02e252f,,gx-no-cache=1692976328975 HTTP/1.1" 200 6622
190.171.141.138 - - [25/Aug/2023:12:28:32 -0300] "POST /cormun/servlet/solicitudotadjuntos?bbfcb2726acb2968c318aa8969f0f03b,INS,2023,20532,,1,,gx-no-cache=1692976334930 HTTP/1.1" 200 93
190.171.141.138 - - [25/Aug/2023:12:28:32 -0300] "GET /cormun/servlet/hpexe_return? HTTP/1.1" 200 1026
190.171.141.138 - - [25/Aug/2023:12:28:32 -0300] "GET /cormun/servlet/trsolicitudadjuntos?2023,20532, HTTP/1.1" 200 10284
190.171.141.138 - - [25/Aug/2023:12:28:33 -0300] "GET /cormun/servlet/trsolicitudadjuntos?2023,20532, HTTP/1.1" 200 10280
201.186.225.183 - - [25/Aug/2023:12:28:34 -0300] "POST /cormun/servlet/trpermisosgoce?937ba19de9dee6787eb72b06b02e252f,,gx-no-cache=1692976337994 HTTP/1.1" 200 5898
201.186.225.183 - - [25/Aug/2023:12:28:37 -0300] "GET /cormun/servlet/trpermisosadjuntos?18040976,20230809121246,P, HTTP/1.1" 200 6280
201.186.225.183 - - [25/Aug/2023:12:28:37 -0300] "GET /cormun/servlet/trpermisosadjuntos?18040976,20230809121246,P, HTTP/1.1" 200 6281
201.186.225.183 - - [25/Aug/2023:12:28:38 -0300] "GET /cormun/servlet/permisosadjuntos?INS,18040976,P,20230809121246,, HTTP/1.1" 200 5602
201.186.225.183 - - [25/Aug/2023:12:28:39 -0300] "GET /cormun/static/about:blank HTTP/1.1" 404 1011
201.186.225.183 - - [25/Aug/2023:12:28:39 -0300] "GET /cormun/servlet/permisosadjuntos?INS,18040976,P,20230809121246,, HTTP/1.1" 200 5592
201.186.225.183 - - [25/Aug/2023:12:28:46 -0300] "POST /cormun/servlet/permisosadjuntos?937ba19de9dee6787eb72b06b02e252f,INS,18040976,P,20230809121246,, HTTP/1.1" 200 116
201.186.225.183 - - [25/Aug/2023:12:28:46 -0300] "GET /cormun/servlet/hpexe_return? HTTP/1.1" 200 1036
201.186.225.183 - - [25/Aug/2023:12:28:46 -0300] "GET /cormun/servlet/trpermisosadjuntos?18040976,20230809121246,P, HTTP/1.1" 200 6739
201.186.225.183 - - [25/Aug/2023:12:28:46 -0300] "GET /cormun/servlet/trpermisosadjuntos?18040976,20230809121246,P, HTTP/1.1" 200 6735
201.186.225.183 - - [25/Aug/2023:12:28:48 -0300] "GET /cormun/servlet/trpermisosgoce? HTTP/1.1" 200 8632
201.186.225.183 - - [25/Aug/2023:12:28:49 -0300] "GET /cormun/servlet/trpermisosgoce? HTTP/1.1" 200 8631
201.186.225.183 - - [25/Aug/2023:12:28:50 -0300] "POST /cormun/servlet/trpermisosgoce?937ba19de9dee6787eb72b06b02e252f,,gx-no-cache=1692976354195 HTTP/1.1" 200 5872
201.186.225.183 - - [25/Aug/2023:12:28:55 -0300] "GET /cormun/servlet/trpermisosgoce? HTTP/1.1" 200 8589
201.186.225.183 - - [25/Aug/2023:12:28:55 -0300] "GET /cormun/servlet/trpermisosgoce? HTTP/1.1" 200 8589
190.171.141.138 - - [25/Aug/2023:12:28:56 -0300] "GET /cormun/servlet/solicitudotadjuntos?INS,2023,20532,,1, HTTP/1.1" 200 6258
190.171.141.138 - - [25/Aug/2023:12:28:56 -0300] "GET /cormun/static/about:blank HTTP/1.1" 404 1011
190.171.141.138 - - [25/Aug/2023:12:28:56 -0300] "GET /cormun/servlet/solicitudotadjuntos?INS,2023,20532,,1, HTTP/1.1" 200 6251
190.171.141.138 - - [25/Aug/2023:12:28:57 -0300] "GET /cormun/servlet/solicitudotadjuntos?a5e004ee92a08d387a40e0859dec1f0d67225818748549e7d17844a37dfa387a05d2174054611eebe3840155eae62613,gx-no-cache=1692976360150 HTTP/1.1" 200 30
190.171.141.138 - - [25/Aug/2023:12:28:57 -0300] "POST /cormun/servlet/solicitudotadjuntos?bbfcb2726acb2968c318aa8969f0f03b,INS,2023,20532,,1,,gx-no-cache=1692976360168 HTTP/1.1" 200 4145
201.186.225.183 - - [25/Aug/2023:12:29:00 -0300] "POST /cormun/servlet/trpermisosgoce?937ba19de9dee6787eb72b06b02e252f,,gx-no-cache=1692976364530 HTTP/1.1" 200 5697
201.186.225.183 - - [25/Aug/2023:12:29:06 -0300] "GET /cormun/servlet/trpermisosadjuntos?16879891,20230809121124,P, HTTP/1.1" 200 6282
201.186.225.183 - - [25/Aug/2023:12:29:06 -0300] "GET /cormun/servlet/trpermisosadjuntos?16879891,20230809121124,P, HTTP/1.1" 200 6282
201.186.225.183 - - [25/Aug/2023:12:29:07 -0300] "GET /cormun/servlet/permisosadjuntos?INS,16879891,P,20230809121124,, HTTP/1.1" 200 5600
201.186.225.183 - - [25/Aug/2023:12:29:08 -0300] "GET /cormun/static/about:blank HTTP/1.1" 404 1011
201.186.225.183 - - [25/Aug/2023:12:29:08 -0300] "GET /cormun/servlet/permisosadjuntos?INS,16879891,P,20230809121124,, HTTP/1.1" 200 5590
201.186.225.183 - - [25/Aug/2023:12:29:12 -0300] "POST /cormun/servlet/permisosadjuntos?937ba19de9dee6787eb72b06b02e252f,INS,16879891,P,20230809121124,, HTTP/1.1" 200 116
201.186.225.183 - - [25/Aug/2023:12:29:12 -0300] "GET /cormun/servlet/hpexe_return? HTTP/1.1" 200 1036
201.186.225.183 - - [25/Aug/2023:12:29:12 -0300] "GET /cormun/servlet/trpermisosadjuntos?16879891,20230809121124,P, HTTP/1.1" 200 6738
201.186.225.183 - - [25/Aug/2023:12:29:13 -0300] "GET /cormun/servlet/trpermisosadjuntos?16879891,20230809121124,P, HTTP/1.1" 200 6735
201.186.225.183 - - [25/Aug/2023:12:29:14 -0300] "GET /cormun/servlet/trpermisosgoce? HTTP/1.1" 200 8433
201.186.225.183 - - [25/Aug/2023:12:29:15 -0300] "GET /cormun/servlet/trpermisosgoce? HTTP/1.1" 200 8433
201.186.225.183 - - [25/Aug/2023:12:29:17 -0300] "POST /cormun/servlet/trpermisosgoce?937ba19de9dee6787eb72b06b02e252f,,gx-no-cache=1692976381171 HTTP/1.1" 200 5717
201.186.225.183 - - [25/Aug/2023:12:29:26 -0300] "POST /cormun/servlet/trpermisosgoce?937ba19de9dee6787eb72b06b02e252f,,gx-no-cache=1692976389754 HTTP/1.1" 200 5532
201.186.225.183 - - [25/Aug/2023:12:29:30 -0300] "GET /cormun/servlet/trpermisosadjuntos?10412708,20230807115512,P, HTTP/1.1" 200 6283
201.186.225.183 - - [25/Aug/2023:12:29:30 -0300] "GET /cormun/servlet/trpermisosadjuntos?10412708,20230807115512,P, HTTP/1.1" 200 6284
201.186.225.183 - - [25/Aug/2023:12:29:31 -0300] "GET /cormun/servlet/permisosadjuntos?INS,10412708,P,20230807115512,, HTTP/1.1" 200 5604
201.186.225.183 - - [25/Aug/2023:12:29:31 -0300] "GET /cormun/static/about:blank HTTP/1.1" 404 1011
201.186.225.183 - - [25/Aug/2023:12:29:31 -0300] "GET /cormun/servlet/permisosadjuntos?INS,10412708,P,20230807115512,, HTTP/1.1" 200 5594
201.186.225.183 - - [25/Aug/2023:12:29:36 -0300] "POST /cormun/servlet/permisosadjuntos?937ba19de9dee6787eb72b06b02e252f,INS,10412708,P,20230807115512,, HTTP/1.1" 200 116
201.186.225.183 - - [25/Aug/2023:12:29:36 -0300] "GET /cormun/servlet/hpexe_return? HTTP/1.1" 200 1036
201.186.225.183 - - [25/Aug/2023:12:29:36 -0300] "GET /cormun/servlet/trpermisosadjuntos?10412708,20230807115512,P, HTTP/1.1" 200 6739
201.186.225.183 - - [25/Aug/2023:12:29:36 -0300] "GET /cormun/servlet/trpermisosadjuntos?10412708,20230807115512,P, HTTP/1.1" 200 6737
201.186.225.183 - - [25/Aug/2023:12:29:38 -0300] "GET /cormun/servlet/trpermisosgoce? HTTP/1.1" 200 8251
201.186.225.183 - - [25/Aug/2023:12:29:39 -0300] "GET /cormun/servlet/trpermisosgoce? HTTP/1.1" 200 8249
190.171.141.138 - - [25/Aug/2023:12:29:39 -0300] "POST /cormun/servlet/solicitudotadjuntos?gx-no-cache=1692976401968 HTTP/1.1" 200 26
201.186.225.183 - - [25/Aug/2023:12:29:41 -0300] "POST /cormun/servlet/trpermisosgoce?937ba19de9dee6787eb72b06b02e252f,,gx-no-cache=1692976405531 HTTP/1.1" 200 5540
201.186.225.183 - - [25/Aug/2023:12:29:50 -0300] "POST /cormun/servlet/trpermisosgoce?937ba19de9dee6787eb72b06b02e252f,,gx-no-cache=1692976414654 HTTP/1.1" 200 5899
190.171.141.138 - - [25/Aug/2023:12:29:53 -0300] "GET /cormun/servlet/solicitudotadjuntos?a5e004ee92a08d387a40e0859dec1f0dd923b76acb46d01229607fb83c556091,gx-no-cache=1692976416591 HTTP/1.1" 200 30
190.171.141.138 - - [25/Aug/2023:12:29:53 -0300] "GET /cormun/servlet/solicitudotadjuntos?a5e004ee92a08d387a40e0859dec1f0dd923b76acb46d01229607fb83c556091,gx-no-cache=1692976416606 HTTP/1.1" 200 30
190.171.141.138 - - [25/Aug/2023:12:29:54 -0300] "POST /cormun/servlet/solicitudotadjuntos?bbfcb2726acb2968c318aa8969f0f03b,INS,2023,20532,,1, HTTP/1.1" 200 116
190.171.141.138 - - [25/Aug/2023:12:29:54 -0300] "GET /cormun/servlet/hpexe_return? HTTP/1.1" 200 1026
190.171.141.138 - - [25/Aug/2023:12:29:54 -0300] "GET /cormun/servlet/trsolicitudadjuntos?2023,20532, HTTP/1.1" 200 10439
190.171.141.138 - - [25/Aug/2023:12:29:55 -0300] "GET /cormun/servlet/trsolicitudadjuntos?2023,20532, HTTP/1.1" 200 10438
201.186.225.183 - - [25/Aug/2023:12:29:58 -0300] "GET /cormun/servlet/trpermisosadjuntos?20028060,20230807115411,P, HTTP/1.1" 200 6288
201.186.225.183 - - [25/Aug/2023:12:29:58 -0300] "GET /cormun/servlet/trpermisosadjuntos?20028060,20230807115411,P, HTTP/1.1" 200 6289
201.186.225.183 - - [25/Aug/2023:12:29:59 -0300] "GET /cormun/servlet/permisosadjuntos?INS,20028060,P,20230807115411,, HTTP/1.1" 200 5604
201.186.225.183 - - [25/Aug/2023:12:30:00 -0300] "GET /cormun/static/about:blank HTTP/1.1" 404 1011
201.186.225.183 - - [25/Aug/2023:12:30:00 -0300] "GET /cormun/servlet/permisosadjuntos?INS,20028060,P,20230807115411,, HTTP/1.1" 200 5594
201.186.225.183 - - [25/Aug/2023:12:30:09 -0300] "POST /cormun/servlet/permisosadjuntos?937ba19de9dee6787eb72b06b02e252f,INS,20028060,P,20230807115411,, HTTP/1.1" 200 116
201.186.225.183 - - [25/Aug/2023:12:30:09 -0300] "GET /cormun/servlet/hpexe_return? HTTP/1.1" 200 1034
201.186.225.183 - - [25/Aug/2023:12:30:09 -0300] "GET /cormun/servlet/trpermisosadjuntos?20028060,20230807115411,P, HTTP/1.1" 200 6741
201.186.225.183 - - [25/Aug/2023:12:30:09 -0300] "GET /cormun/servlet/trpermisosadjuntos?20028060,20230807115411,P, HTTP/1.1" 200 6739
201.186.225.183 - - [25/Aug/2023:12:30:10 -0300] "GET /cormun/servlet/trpermisosgoce? HTTP/1.1" 200 8612
201.186.225.183 - - [25/Aug/2023:12:30:11 -0300] "GET /cormun/servlet/trpermisosgoce? HTTP/1.1" 200 8611
201.186.225.183 - - [25/Aug/2023:12:30:13 -0300] "POST /cormun/servlet/trpermisosgoce?937ba19de9dee6787eb72b06b02e252f,,gx-no-cache=1692976437455 HTTP/1.1" 200 5906
201.186.225.183 - - [25/Aug/2023:12:30:26 -0300] "POST /cormun/servlet/trpermisosgoce?937ba19de9dee6787eb72b06b02e252f,,gx-no-cache=1692976450086 HTTP/1.1" 200 5519
201.186.225.183 - - [25/Aug/2023:12:30:29 -0300] "GET /cormun/servlet/trpermisosadjuntos?11143026,20230731152559,P, HTTP/1.1" 200 6290
201.186.225.183 - - [25/Aug/2023:12:30:29 -0300] "GET /cormun/servlet/trpermisosadjuntos?11143026,20230731152559,P, HTTP/1.1" 200 6290
201.186.225.183 - - [25/Aug/2023:12:30:30 -0300] "GET /cormun/servlet/permisosadjuntos?INS,11143026,P,20230731152559,, HTTP/1.1" 200 5613
201.186.225.183 - - [25/Aug/2023:12:30:30 -0300] "GET /cormun/static/about:blank HTTP/1.1" 404 1011
201.186.225.183 - - [25/Aug/2023:12:30:30 -0300] "GET /cormun/servlet/permisosadjuntos?INS,11143026,P,20230731152559,, HTTP/1.1" 200 5603
190.171.141.138 - - [25/Aug/2023:12:30:35 -0300] "GET /cormun/servlet/trautorizarsolicitud? HTTP/1.1" 200 7331
201.186.225.183 - - [25/Aug/2023:12:30:35 -0300] "POST /cormun/servlet/permisosadjuntos?937ba19de9dee6787eb72b06b02e252f,INS,11143026,P,20230731152559,, HTTP/1.1" 200 116
201.186.225.183 - - [25/Aug/2023:12:30:35 -0300] "GET /cormun/servlet/hpexe_return? HTTP/1.1" 200 1035
190.171.141.138 - - [25/Aug/2023:12:30:35 -0300] "GET /cormun/servlet/trautorizarsolicitud? HTTP/1.1" 200 7316
201.186.225.183 - - [25/Aug/2023:12:30:35 -0300] "GET /cormun/servlet/trpermisosadjuntos?11143026,20230731152559,P, HTTP/1.1" 200 6750
201.186.225.183 - - [25/Aug/2023:12:30:36 -0300] "GET /cormun/servlet/trpermisosadjuntos?11143026,20230731152559,P, HTTP/1.1" 200 6746
201.186.225.183 - - [25/Aug/2023:12:30:37 -0300] "GET /cormun/servlet/trpermisosgoce? HTTP/1.1" 200 8245
201.186.225.183 - - [25/Aug/2023:12:30:37 -0300] "GET /cormun/servlet/trpermisosgoce? HTTP/1.1" 200 8245
201.186.225.183 - - [25/Aug/2023:12:30:39 -0300] "POST /cormun/servlet/trpermisosgoce?937ba19de9dee6787eb72b06b02e252f,,gx-no-cache=1692976463527 HTTP/1.1" 200 5485
190.171.141.138 - - [25/Aug/2023:12:30:42 -0300] "GET /cormun/servlet/trsolicitudot? HTTP/1.1" 200 8821
190.171.141.138 - - [25/Aug/2023:12:30:42 -0300] "GET /cormun/servlet/trsolicitudot? HTTP/1.1" 200 8820
190.171.141.138 - - [25/Aug/2023:12:30:46 -0300] "POST /cormun/servlet/trsolicitudot?bbfcb2726acb2968c318aa8969f0f03b,,gx-no-cache=1692976468839 HTTP/1.1" 200 106
190.171.141.138 - - [25/Aug/2023:12:30:46 -0300] "GET /cormun/servlet/trsolicitudadjuntos?2023,20532, HTTP/1.1" 200 10432
190.171.141.138 - - [25/Aug/2023:12:30:47 -0300] "GET /cormun/servlet/trsolicitudadjuntos?2023,20532, HTTP/1.1" 200 10438
201.186.225.183 - - [25/Aug/2023:12:30:49 -0300] "POST /cormun/servlet/trpermisosgoce?937ba19de9dee6787eb72b06b02e252f,,gx-no-cache=1692976473054 HTTP/1.1" 200 5693
201.186.225.183 - - [25/Aug/2023:12:30:52 -0300] "GET /cormun/servlet/trpermisosadjuntos?20369147,20230731152450,P, HTTP/1.1" 200 6294
201.186.225.183 - - [25/Aug/2023:12:30:52 -0300] "GET /cormun/servlet/trpermisosadjuntos?20369147,20230731152450,P, HTTP/1.1" 200 6294
201.186.225.183 - - [25/Aug/2023:12:30:53 -0300] "GET /cormun/servlet/permisosadjuntos?INS,20369147,P,20230731152450,, HTTP/1.1" 200 5617
201.186.225.183 - - [25/Aug/2023:12:30:53 -0300] "GET /cormun/static/about:blank HTTP/1.1" 404 1011
201.186.225.183 - - [25/Aug/2023:12:30:53 -0300] "GET /cormun/servlet/permisosadjuntos?INS,20369147,P,20230731152450,, HTTP/1.1" 200 5607
201.186.225.183 - - [25/Aug/2023:12:30:58 -0300] "POST /cormun/servlet/permisosadjuntos?937ba19de9dee6787eb72b06b02e252f,INS,20369147,P,20230731152450,, HTTP/1.1" 200 116
201.186.225.183 - - [25/Aug/2023:12:30:58 -0300] "GET /cormun/servlet/hpexe_return? HTTP/1.1" 200 1035
201.186.225.183 - - [25/Aug/2023:12:30:58 -0300] "GET /cormun/servlet/trpermisosadjuntos?20369147,20230731152450,P, HTTP/1.1" 200 6752
201.186.225.183 - - [25/Aug/2023:12:30:58 -0300] "GET /cormun/servlet/trpermisosadjuntos?20369147,20230731152450,P, HTTP/1.1" 200 6747
201.186.225.183 - - [25/Aug/2023:12:30:59 -0300] "GET /cormun/servlet/trpermisosgoce? HTTP/1.1" 200 8411
201.186.225.183 - - [25/Aug/2023:12:31:00 -0300] "GET /cormun/servlet/trpermisosgoce? HTTP/1.1" 200 8411
201.186.225.183 - - [25/Aug/2023:12:31:02 -0300] "POST /cormun/servlet/trpermisosgoce?937ba19de9dee6787eb72b06b02e252f,,gx-no-cache=1692976485779 HTTP/1.1" 200 5704
201.186.225.183 - - [25/Aug/2023:12:31:14 -0300] "POST /cormun/servlet/trpermisosgoce?937ba19de9dee6787eb72b06b02e252f,,gx-no-cache=1692976498618 HTTP/1.1" 200 5066
201.186.225.183 - - [25/Aug/2023:12:31:16 -0300] "GET /cormun/servlet/trpermisosadjuntos?16276563,20230731152002,P, HTTP/1.1" 200 6287
201.186.225.183 - - [25/Aug/2023:12:31:16 -0300] "GET /cormun/servlet/trpermisosadjuntos?16276563,20230731152002,P, HTTP/1.1" 200 6287
201.186.225.183 - - [25/Aug/2023:12:31:17 -0300] "GET /cormun/servlet/permisosadjuntos?INS,16276563,P,20230731152002,, HTTP/1.1" 200 5610
201.186.225.183 - - [25/Aug/2023:12:31:18 -0300] "GET /cormun/static/about:blank HTTP/1.1" 404 1011
201.186.225.183 - - [25/Aug/2023:12:31:18 -0300] "GET /cormun/servlet/permisosadjuntos?INS,16276563,P,20230731152002,, HTTP/1.1" 200 5599
201.186.225.183 - - [25/Aug/2023:12:31:22 -0300] "POST /cormun/servlet/permisosadjuntos?937ba19de9dee6787eb72b06b02e252f,INS,16276563,P,20230731152002,, HTTP/1.1" 200 116
201.186.225.183 - - [25/Aug/2023:12:31:22 -0300] "GET /cormun/servlet/hpexe_return? HTTP/1.1" 200 1035
201.186.225.183 - - [25/Aug/2023:12:31:23 -0300] "GET /cormun/servlet/trpermisosadjuntos?16276563,20230731152002,P, HTTP/1.1" 200 6746
201.186.225.183 - - [25/Aug/2023:12:31:23 -0300] "GET /cormun/servlet/trpermisosadjuntos?16276563,20230731152002,P, HTTP/1.1" 200 6743
201.186.225.183 - - [25/Aug/2023:12:31:25 -0300] "GET /cormun/servlet/trpermisosgoce? HTTP/1.1" 200 7768
201.186.225.183 - - [25/Aug/2023:12:31:25 -0300] "GET /cormun/servlet/trpermisosgoce? HTTP/1.1" 200 7767
201.186.225.183 - - [25/Aug/2023:12:31:28 -0300] "POST /cormun/servlet/trpermisosgoce?937ba19de9dee6787eb72b06b02e252f,,gx-no-cache=1692976511675 HTTP/1.1" 200 5057
201.186.225.183 - - [25/Aug/2023:12:31:33 -0300] "GET /cormun/servlet/trlicencias? HTTP/1.1" 200 8166
201.186.225.183 - - [25/Aug/2023:12:31:34 -0300] "GET /cormun/servlet/trlicencias? HTTP/1.1" 200 8165
201.186.225.183 - - [25/Aug/2023:12:31:39 -0300] "POST /cormun/servlet/trlicencias?937ba19de9dee6787eb72b06b02e252f,,gx-no-cache=1692976522902 HTTP/1.1" 200 15652
201.186.225.183 - - [25/Aug/2023:12:31:55 -0300] "GET /cormun/servlet/trpermisosgoce? HTTP/1.1" 200 7747
201.186.225.183 - - [25/Aug/2023:12:31:55 -0300] "GET /cormun/servlet/trpermisosgoce? HTTP/1.1" 200 7747
201.186.225.183 - - [25/Aug/2023:12:32:02 -0300] "POST /cormun/servlet/trpermisosgoce?937ba19de9dee6787eb72b06b02e252f,,gx-no-cache=1692976545566 HTTP/1.1" 200 15782
201.186.225.183 - - [25/Aug/2023:12:32:10 -0300] "POST /cormun/servlet/trpermisosgoce?937ba19de9dee6787eb72b06b02e252f,,gx-no-cache=1692976553329 HTTP/1.1" 200 15783
201.186.225.183 - - [25/Aug/2023:12:32:11 -0300] "POST /cormun/servlet/trpermisosgoce?937ba19de9dee6787eb72b06b02e252f,,gx-no-cache=1692976554306 HTTP/1.1" 200 15759
201.186.225.183 - - [25/Aug/2023:12:32:25 -0300] "POST /cormun/servlet/trpermisosgoce?937ba19de9dee6787eb72b06b02e252f,,gx-no-cache=1692976568587 HTTP/1.1" 200 6145
201.186.225.183 - - [25/Aug/2023:12:32:28 -0300] "GET /cormun/servlet/trpermisosadjuntos?16348726,20230731151657,P, HTTP/1.1" 200 6290
201.186.225.183 - - [25/Aug/2023:12:32:29 -0300] "GET /cormun/servlet/trpermisosadjuntos?16348726,20230731151657,P, HTTP/1.1" 200 6291
201.186.225.183 - - [25/Aug/2023:12:32:29 -0300] "GET /cormun/servlet/permisosadjuntos?INS,16348726,P,20230731151657,, HTTP/1.1" 200 5611
201.186.225.183 - - [25/Aug/2023:12:32:30 -0300] "GET /cormun/static/about:blank HTTP/1.1" 404 1011
201.186.225.183 - - [25/Aug/2023:12:32:30 -0300] "GET /cormun/servlet/permisosadjuntos?INS,16348726,P,20230731151657,, HTTP/1.1" 200 5601
201.186.225.183 - - [25/Aug/2023:12:32:34 -0300] "POST /cormun/servlet/permisosadjuntos?937ba19de9dee6787eb72b06b02e252f,INS,16348726,P,20230731151657,, HTTP/1.1" 200 116
201.186.225.183 - - [25/Aug/2023:12:32:34 -0300] "GET /cormun/servlet/hpexe_return? HTTP/1.1" 200 1036
201.186.225.183 - - [25/Aug/2023:12:32:35 -0300] "GET /cormun/servlet/trpermisosadjuntos?16348726,20230731151657,P, HTTP/1.1" 200 6751
201.186.225.183 - - [25/Aug/2023:12:32:35 -0300] "GET /cormun/servlet/trpermisosadjuntos?16348726,20230731151657,P, HTTP/1.1" 200 6747
201.186.225.183 - - [25/Aug/2023:12:32:36 -0300] "GET /cormun/servlet/trpermisosgoce? HTTP/1.1" 200 8889
201.186.225.183 - - [25/Aug/2023:12:32:37 -0300] "GET /cormun/servlet/trpermisosgoce? HTTP/1.1" 200 8887
201.186.225.183 - - [25/Aug/2023:12:32:40 -0300] "POST /cormun/servlet/trpermisosgoce?937ba19de9dee6787eb72b06b02e252f,,gx-no-cache=1692976583915 HTTP/1.1" 200 6179
201.186.225.183 - - [25/Aug/2023:12:32:49 -0300] "POST /cormun/servlet/trpermisosgoce?937ba19de9dee6787eb72b06b02e252f,,gx-no-cache=1692976593426 HTTP/1.1" 200 5899
201.186.225.183 - - [25/Aug/2023:12:32:52 -0300] "GET /cormun/servlet/trpermisosadjuntos?20028060,20230731150233,P, HTTP/1.1" 200 6287
201.186.225.183 - - [25/Aug/2023:12:32:52 -0300] "GET /cormun/servlet/trpermisosadjuntos?20028060,20230731150233,P, HTTP/1.1" 200 6288
201.186.225.183 - - [25/Aug/2023:12:32:53 -0300] "GET /cormun/servlet/permisosadjuntos?INS,20028060,P,20230731150233,, HTTP/1.1" 200 5607
201.186.225.183 - - [25/Aug/2023:12:32:53 -0300] "GET /cormun/static/about:blank HTTP/1.1" 404 1011
201.186.225.183 - - [25/Aug/2023:12:32:53 -0300] "GET /cormun/servlet/permisosadjuntos?INS,20028060,P,20230731150233,, HTTP/1.1" 200 5597
201.186.225.183 - - [25/Aug/2023:12:32:58 -0300] "POST /cormun/servlet/permisosadjuntos?937ba19de9dee6787eb72b06b02e252f,INS,20028060,P,20230731150233,, HTTP/1.1" 200 116
201.186.225.183 - - [25/Aug/2023:12:32:58 -0300] "GET /cormun/servlet/hpexe_return? HTTP/1.1" 200 1034
201.186.225.183 - - [25/Aug/2023:12:32:58 -0300] "GET /cormun/servlet/trpermisosadjuntos?20028060,20230731150233,P, HTTP/1.1" 200 6747
201.186.225.183 - - [25/Aug/2023:12:32:58 -0300] "GET /cormun/servlet/trpermisosadjuntos?20028060,20230731150233,P, HTTP/1.1" 200 6744
201.186.225.183 - - [25/Aug/2023:12:33:01 -0300] "GET /cormun/servlet/trpermisosgoce? HTTP/1.1" 200 8613
201.186.225.183 - - [25/Aug/2023:12:33:02 -0300] "GET /cormun/servlet/trpermisosgoce? HTTP/1.1" 200 8612
201.186.225.183 - - [25/Aug/2023:12:33:04 -0300] "POST /cormun/servlet/trpermisosgoce?937ba19de9dee6787eb72b06b02e252f,,gx-no-cache=1692976608203 HTTP/1.1" 200 5904
190.95.67.97 - - [25/Aug/2023:12:38:22 -0300] "GET /cormun/servlet/hlogin HTTP/1.1" 200 1728
190.95.67.97 - - [25/Aug/2023:12:38:23 -0300] "GET /cormun/servlet/hlogin HTTP/1.1" 200 1738
190.95.67.97 - - [25/Aug/2023:12:38:26 -0300] "POST /cormun/servlet/hlogin?da5a38783b998f9b169b1912e7944772,gx-no-cache=1692976952457 HTTP/1.1" 200 90
190.95.67.97 - - [25/Aug/2023:12:38:26 -0300] "GET /cormun/servlet/hpexe_link HTTP/1.1" 200 957
190.95.67.97 - - [25/Aug/2023:12:38:26 -0300] "GET /cormun/servlet/hhome HTTP/1.1" 200 3954
190.95.67.97 - - [25/Aug/2023:12:38:26 -0300] "GET /cormun/servlet/hhome HTTP/1.1" 200 3951
190.95.67.97 - - [25/Aug/2023:12:38:34 -0300] "GET /cormun/servlet/trlicencias? HTTP/1.1" 200 11051
190.95.67.97 - - [25/Aug/2023:12:38:35 -0300] "GET /cormun/servlet/trlicencias? HTTP/1.1" 200 11049
190.171.142.42 - - [25/Aug/2023:12:39:56 -0300] "GET /cormun/servlet/hlogin HTTP/1.1" 200 1715
190.171.142.42 - - [25/Aug/2023:12:39:56 -0300] "GET /favicon.ico HTTP/1.1" 200 21630
190.171.142.42 - - [25/Aug/2023:12:40:03 -0300] "POST /cormun/servlet/hlogin?121d0d573296ee8cd02e35e8d514333e,gx-no-cache=1692977024891 HTTP/1.1" 200 90
190.171.142.42 - - [25/Aug/2023:12:40:03 -0300] "GET /cormun/servlet/hpexe_link HTTP/1.1" 200 947
190.171.142.42 - - [25/Aug/2023:12:40:03 -0300] "GET /cormun/servlet/hhome HTTP/1.1" 200 4264
190.171.142.42 - - [25/Aug/2023:12:40:03 -0300] "GET /cormun/servlet/hhome HTTP/1.1" 200 4262
190.171.142.42 - - [25/Aug/2023:12:40:05 -0300] "GET /cormun/servlet/trlicencias? HTTP/1.1" 200 12823
190.171.142.42 - - [25/Aug/2023:12:40:06 -0300] "GET /cormun/servlet/trlicencias? HTTP/1.1" 200 12821
190.171.141.82 - - [25/Aug/2023:12:43:59 -0300] "GET /cormun/servlet/trlicencias? HTTP/1.1" 200 6051
190.171.141.82 - - [25/Aug/2023:12:44:00 -0300] "GET /cormun/servlet/hlogin HTTP/1.1" 200 1739
190.171.141.82 - - [25/Aug/2023:12:44:01 -0300] "GET /cormun/servlet/trlicencias? HTTP/1.1" 200 6053
190.171.141.82 - - [25/Aug/2023:12:44:01 -0300] "GET /cormun/servlet/trlicencias? HTTP/1.1" 200 6053
190.171.141.82 - - [25/Aug/2023:12:44:03 -0300] "POST /cormun/servlet/hlogin?ce8d4bbdaa64e489e5eca7767126ec96,gx-no-cache=1692977266090 HTTP/1.1" 200 90
190.171.141.82 - - [25/Aug/2023:12:44:03 -0300] "GET /cormun/servlet/hpexe_link HTTP/1.1" 200 956
190.171.141.82 - - [25/Aug/2023:12:44:03 -0300] "GET /cormun/servlet/trlicencias HTTP/1.1" 200 11737
190.171.141.82 - - [25/Aug/2023:12:44:04 -0300] "GET /cormun/servlet/trlicencias HTTP/1.1" 200 11734
181.161.14.62 - - [25/Aug/2023:12:45:13 -0300] "GET /cormun/servlet/hlogin HTTP/1.1" 200 1721
181.161.14.62 - - [25/Aug/2023:12:45:13 -0300] "GET /cormun/static/gxtimezone.js?85251 HTTP/1.1" 200 5781
181.161.14.62 - - [25/Aug/2023:12:45:13 -0300] "GET /cormun/static/gxcfg.js?2022112219184450 HTTP/1.1" 200 953
181.161.14.62 - - [25/Aug/2023:12:45:13 -0300] "GET /cormun/static/messages.spa.js?85251 HTTP/1.1" 200 30736
181.161.14.62 - - [25/Aug/2023:12:45:13 -0300] "GET /cormun/static/Resources/CormunLogin.png HTTP/1.1" 200 19132
181.161.14.62 - - [25/Aug/2023:12:45:13 -0300] "GET /cormun/static/Resources/Spanish/PXTools.css?1759030 HTTP/1.1" 200 100853
181.161.14.62 - - [25/Aug/2023:12:45:13 -0300] "GET /cormun/static/hlogin.js?2022112219184458 HTTP/1.1" 200 2156
181.161.14.62 - - [25/Aug/2023:12:45:13 -0300] "GET /cormun/static/gxgral.js?85251 HTTP/1.1" 200 384558
181.161.14.62 - - [25/Aug/2023:12:45:13 -0300] "GET /cormun/static/Resources/PXToolsLoginTop.png HTTP/1.1" 200 1337
181.161.14.62 - - [25/Aug/2023:12:45:13 -0300] "GET /cormun/static/Resources/PXToolsLoginBackground.png HTTP/1.1" 200 1164
181.161.14.62 - - [25/Aug/2023:12:45:13 -0300] "GET /cormun/static/Resources/PXToolsButtonLeft.png HTTP/1.1" 200 1310
181.161.14.62 - - [25/Aug/2023:12:45:13 -0300] "GET /cormun/static/Resources/PXToolsButtonRight.png HTTP/1.1" 200 1294
181.161.14.62 - - [25/Aug/2023:12:45:13 -0300] "GET /cormun/static/Resources/PXToolsButtonBackground.png HTTP/1.1" 200 1176
181.161.14.62 - - [25/Aug/2023:12:45:13 -0300] "GET /cormun/static/Resources/PXToolsLoginBottom.png HTTP/1.1" 200 1389
181.161.14.62 - - [25/Aug/2023:12:45:14 -0300] "GET /cormun/static/Resources/indicator.gif HTTP/1.1" 200 1553
181.161.14.62 - - [25/Aug/2023:12:45:14 -0300] "GET /cormun/servlet/hlogin HTTP/1.1" 200 1731
181.161.14.62 - - [25/Aug/2023:12:45:14 -0300] "GET /favicon.ico HTTP/1.1" 200 21630
190.171.142.42 - - [25/Aug/2023:12:46:32 -0300] "GET /cormun/servlet/hlogin HTTP/1.1" 200 1733
10.40.40.2 - - [25/Aug/2023:12:47:41 -0300] "POST /cormun/servlet/trsolicitudgral?3cfbcf9624ebda84f24500ed5b475bae,,gx-no-cache=1692977485443 HTTP/1.1" 440 972
10.40.40.2 - - [25/Aug/2023:12:47:43 -0300] "GET /cormun/servlet/trsolicitudgral? HTTP/1.1" 500 10
10.40.40.2 - - [25/Aug/2023:12:47:44 -0300] "GET /cormun/servlet/trsolicitudgral? HTTP/1.1" 500 10
10.40.40.2 - - [25/Aug/2023:12:47:51 -0300] "GET /cormun/servlet/hhome HTTP/1.1" 200 3336
10.40.40.2 - - [25/Aug/2023:12:47:51 -0300] "GET /cormun/servlet/hlogin HTTP/1.1" 200 1734
10.40.40.2 - - [25/Aug/2023:12:47:51 -0300] "GET /cormun/servlet/hhome HTTP/1.1" 200 3334
10.40.40.2 - - [25/Aug/2023:12:47:51 -0300] "GET /favicon.ico HTTP/1.1" 200 21630
10.40.40.2 - - [25/Aug/2023:12:48:00 -0300] "POST /cormun/servlet/hlogin?3711ce81064c0e16676d52c5903b90f0,gx-no-cache=1692977504905 HTTP/1.1" 200 90
