190.171.141.138 - - [25/Aug/2023:11:56:35 -0300] "GET /cormun/servlet/solicitudot?c32b4e1ad1d2ce0546482cc389b1e8b606cc9402b5283f225e8a8333843a028add549888e47d556211f82f5ae4a4fe89,gx-no-cache=1692974418409 HTTP/1.1" 200 30
190.171.141.138 - - [25/Aug/2023:11:56:35 -0300] "GET /cormun/servlet/solicitudot?c32b4e1ad1d2ce0546482cc389b1e8b65944088cea7620e1a570fef0f62fb1133424b0189679159292bbe3a2d56872a7dd549888e47d556211f82f5ae4a4fe89,gx-no-cache=1692974418431 HTTP/1.1" 200 30
190.171.141.138 - - [25/Aug/2023:11:56:35 -0300] "GET /cormun/servlet/solicitudot?c32b4e1ad1d2ce0546482cc389b1e8b65867f85bce5a79c606cadf333474548276ed34714118cd0e4ef75d13945f746df3c600c3efdb05517d5c77274690f4f1,gx-no-cache=1692974418459 HTTP/1.1" 200 53
190.171.141.138 - - [25/Aug/2023:11:56:35 -0300] "POST /cormun/servlet/solicitudot?gx-no-cache=1692974418481 HTTP/1.1" 200 257
190.171.141.138 - - [25/Aug/2023:11:56:35 -0300] "GET /cormun/servlet/solicitudot?c32b4e1ad1d2ce0546482cc389b1e8b6e5b66266a1f9c5d463ea5343437d30756559b27e534f6387e3a66fe7a7a8f6e8c8b75a553bb84280ef481df5da4e3a40ef2eed51cfd4246ee412ca47bbba094e343fd909039dbba584388ae03180e92c00d1782cfda4f7f54ffdbd61b2d4e48f88122c348a52e082d9de8b613ada576711af4db408c3617599e21b686900e0c2ce44938ba49ea9b851b6aa7f5f48785469dcdecacbe70f0ce6fbc45aea298b422a05aa0bec2dd2fffb44da3422ce1de21d5642ee0b12ddaa03cf3afe5f725f6239459aa5fec9da7cd2fabb0fb8312e048f2120970af2ad7a80cb766ed08d9b9dad881fe8a1b63c5d0ee789e121e4d384ec85c5217017ec39b94632f3f717af72c2a71c0fff742942f5c2817df9da515d4d6483f13e838a39a48bb0343369c86d72817ff40c5e3a5715f30ab4c75eb7449ff22a8c48e7597da2cbb7bcd45537ebcdd098c671a6500ad2c2ee11b3bf4ceb18fa7e074a5e8e468d031f0e7adc8aca2651125467073b0ef565f10aeb599bd7,gx-no-cache=1692974418506 HTTP/1.1" 200 30
190.171.141.138 - - [25/Aug/2023:11:56:35 -0300] "POST /cormun/servlet/solicitudot?gx-no-cache=1692974418525 HTTP/1.1" 200 30
190.171.141.138 - - [25/Aug/2023:11:56:35 -0300] "POST /cormun/servlet/solicitudot?gx-no-cache=1692974418565 HTTP/1.1" 200 1470
190.171.141.138 - - [25/Aug/2023:11:56:35 -0300] "POST /cormun/servlet/solicitudot?gx-no-cache=1692974418646 HTTP/1.1" 200 41
190.171.141.138 - - [25/Aug/2023:11:56:37 -0300] "GET /cormun/servlet/solicitudot?c32b4e1ad1d2ce0546482cc389b1e8b6293f49e21cd0e98226d7934a9aed3787d231894c35a37ef22387d4d1b9f6343017f1cc85623e200ce9a6c82a6366af0d5040ced274d9b02800a3930e86950690f5eac894e90e3ad47490c38a02055b6c4383f292f1b42838b901082878c0a251,gx-no-cache=1692974419870 HTTP/1.1" 200 110
190.171.141.138 - - [25/Aug/2023:11:56:37 -0300] "POST /cormun/servlet/solicitudot?gx-no-cache=1692974419894 HTTP/1.1" 200 67
45.128.232.183 - - [25/Aug/2023:11:56:37 -0300] "CONNECT google.com:443 HTTP/1.1" 400 -
190.171.141.138 - - [25/Aug/2023:11:56:38 -0300] "GET /cormun/servlet/solicitudot?c32b4e1ad1d2ce0546482cc389b1e8b695e2dc353960eae30fd04836e92f01ba77c82b76b314843abc7f4a1501f93c8caf32d0954826d048ce42337ca6fbdc70fb136d220f890ea56a89e6f506c01159d0530b61583b766b376445a9a75fb6280eebe784bac9418d5548de7e08ed14c146ffa779a146ffa1e4b9073e9f156a5b5cadab531f418294c3f1bfa4404877b4c20ea2a36513b277fce5502c4a66a39d,gx-no-cache=1692974420886 HTTP/1.1" 200 30
190.171.141.138 - - [25/Aug/2023:11:56:42 -0300] "GET /cormun/servlet/solicitudot?c32b4e1ad1d2ce0546482cc389b1e8b67420dc4ac04fb11dccbe8070e48082121a448fdd065f753973f008f3db0d9e4d,gx-no-cache=1692974425829 HTTP/1.1" 200 30
190.171.141.138 - - [25/Aug/2023:11:56:43 -0300] "POST /cormun/servlet/solicitudot?gx-no-cache=1692974425850 HTTP/1.1" 200 32
190.171.141.138 - - [25/Aug/2023:11:56:43 -0300] "POST /cormun/servlet/solicitudot?201de3ff7411aa84cb5df0f1c697f554,UPD,2023,20531,false,,gx-no-cache=1692974425908 HTTP/1.1" 200 93
190.171.141.138 - - [25/Aug/2023:11:56:43 -0300] "GET /cormun/servlet/hpexe_return? HTTP/1.1" 200 1006
190.171.141.138 - - [25/Aug/2023:11:56:43 -0300] "GET /cormun/servlet/trsolicitudot HTTP/1.1" 200 9768
190.171.141.138 - - [25/Aug/2023:11:56:43 -0300] "GET /cormun/servlet/trsolicitudot HTTP/1.1" 200 9764
190.171.153.26 - - [25/Aug/2023:11:56:45 -0300] "POST /cormun/servlet/trvisualizadoreventos?9f409a68f669826434587600f80bbc07,,gx-no-cache=1692974427095 HTTP/1.1" 200 6970
190.171.141.138 - - [25/Aug/2023:11:56:49 -0300] "POST /cormun/servlet/trsolicitudot?201de3ff7411aa84cb5df0f1c697f554,gx-no-cache=1692974431992 HTTP/1.1" 200 110
190.171.141.138 - - [25/Aug/2023:11:56:49 -0300] "GET /cormun/servlet/solicitudot?UPD,2023,20530,false, HTTP/1.1" 200 17003
190.171.141.138 - - [25/Aug/2023:11:56:50 -0300] "GET /cormun/servlet/solicitudot?UPD,2023,20530,false, HTTP/1.1" 200 17015
190.171.141.138 - - [25/Aug/2023:11:56:50 -0300] "POST /cormun/servlet/solicitudot?gx-no-cache=1692974433144 HTTP/1.1" 200 4060
190.171.141.138 - - [25/Aug/2023:11:56:50 -0300] "POST /cormun/servlet/solicitudot?201de3ff7411aa84cb5df0f1c697f554,UPD,2023,20530,false,,gx-no-cache=1692974433301 HTTP/1.1" 200 12975
190.171.141.138 - - [25/Aug/2023:11:56:50 -0300] "GET /cormun/servlet/solicitudot?c32b4e1ad1d2ce0546482cc389b1e8b606cc9402b5283f225e8a8333843a028add549888e47d556211f82f5ae4a4fe89,gx-no-cache=1692974433681 HTTP/1.1" 200 30
190.171.141.138 - - [25/Aug/2023:11:56:50 -0300] "GET /cormun/servlet/solicitudot?c32b4e1ad1d2ce0546482cc389b1e8b65944088cea7620e1a570fef0f62fb1133424b0189679159292bbe3a2d56872a7dd549888e47d556211f82f5ae4a4fe89,gx-no-cache=1692974433701 HTTP/1.1" 200 30
190.171.141.138 - - [25/Aug/2023:11:56:50 -0300] "GET /cormun/servlet/solicitudot?c32b4e1ad1d2ce0546482cc389b1e8b65867f85bce5a79c606cadf333474548276ed34714118cd0e4ef75d13945f746df3c600c3efdb05517d5c77274690f4f1,gx-no-cache=1692974433720 HTTP/1.1" 200 53
190.171.141.138 - - [25/Aug/2023:11:56:50 -0300] "POST /cormun/servlet/solicitudot?gx-no-cache=1692974433741 HTTP/1.1" 200 239
190.171.141.138 - - [25/Aug/2023:11:56:50 -0300] "GET /cormun/servlet/solicitudot?c32b4e1ad1d2ce0546482cc389b1e8b6e5b66266a1f9c5d463ea5343437d3075ff93cad4e8d728e5c52e9472caec6754c8b75a553bb84280ef481df5da4e3a40ef2eed51cfd4246ee412ca47bbba094e343fd909039dbba584388ae03180e92c00d1782cfda4f7f54ffdbd61b2d4e48f88122c348a52e082d9de8b613ada576711af4db408c3617599e21b686900e0c2ce44938ba49ea9b851b6aa7f5f48785469dcdecacbe70f0ce6fbc45aea298b422a05aa0bec2dd2fffb44da3422ce1de21d5642ee0b12ddaa03cf3afe5f725f6239459aa5fec9da7cd2fabb0fb8312e048f2120970af2ad7a80cb766ed08d9b9dad881fe8a1b63c5d0ee789e121e4d384ec85c5217017ec39b94632f3f717af72c2a71c0fff742942f5c2817df9da515d4d6483f13e838a39a48bb0343369c86d72817ff40c5e3a5715f30ab4c75eb7449ff22a8c48e7597da2cbb7bcd45537ebcdd098c671a6500ad2c2ee11b3bf4ceb18fa7e074a5e8e468d031f0e7adc8aca2651125467073b0ef565f10aeb599bd7,gx-no-cache=1692974433767 HTTP/1.1" 200 30
190.171.141.138 - - [25/Aug/2023:11:56:50 -0300] "POST /cormun/servlet/solicitudot?gx-no-cache=1692974433786 HTTP/1.1" 200 30
190.171.141.138 - - [25/Aug/2023:11:56:51 -0300] "POST /cormun/servlet/solicitudot?gx-no-cache=1692974433808 HTTP/1.1" 200 1468
190.171.141.138 - - [25/Aug/2023:11:56:51 -0300] "POST /cormun/servlet/solicitudot?gx-no-cache=1692974433892 HTTP/1.1" 200 41
190.171.141.138 - - [25/Aug/2023:11:56:52 -0300] "GET /cormun/servlet/solicitudot?c32b4e1ad1d2ce0546482cc389b1e8b6293f49e21cd0e98226d7934a9aed3787d231894c35a37ef22387d4d1b9f6343017f1cc85623e200ce9a6c82a6366af0d5040ced274d9b02800a3930e86950690f5eac894e90e3ad47490c38a02055b6c4383f292f1b42838b901082878c0a251,gx-no-cache=1692974434938 HTTP/1.1" 200 110
190.171.141.138 - - [25/Aug/2023:11:56:52 -0300] "POST /cormun/servlet/solicitudot?gx-no-cache=1692974434965 HTTP/1.1" 200 97
190.171.141.138 - - [25/Aug/2023:11:56:53 -0300] "GET /cormun/servlet/solicitudot?c32b4e1ad1d2ce0546482cc389b1e8b695e2dc353960eae30fd04836e92f01ba77c82b76b314843abc7f4a1501f93c8caf32d0954826d048ce42337ca6fbdc70fb136d220f890ea56a89e6f506c01159d0530b61583b766b376445a9a75fb6280eebe784bac9418d5548de7e08ed14c146ffa779a146ffa1e4b9073e9f156a5b5cadab531f418294c3f1bfa4404877b4c20ea2a36513b277fce5502c4a66a39d,gx-no-cache=1692974436317 HTTP/1.1" 200 30
190.171.141.138 - - [25/Aug/2023:11:56:56 -0300] "GET /cormun/servlet/solicitudot?c32b4e1ad1d2ce0546482cc389b1e8b67420dc4ac04fb11dccbe8070e48082121a448fdd065f753973f008f3db0d9e4d,gx-no-cache=1692974438869 HTTP/1.1" 200 30
190.171.141.138 - - [25/Aug/2023:11:56:56 -0300] "POST /cormun/servlet/solicitudot?gx-no-cache=1692974438890 HTTP/1.1" 200 32
190.171.141.138 - - [25/Aug/2023:11:56:56 -0300] "POST /cormun/servlet/solicitudot?201de3ff7411aa84cb5df0f1c697f554,UPD,2023,20530,false,,gx-no-cache=1692974438947 HTTP/1.1" 200 93
190.171.141.138 - - [25/Aug/2023:11:56:56 -0300] "GET /cormun/servlet/hpexe_return? HTTP/1.1" 200 1006
190.171.141.138 - - [25/Aug/2023:11:56:56 -0300] "GET /cormun/servlet/trsolicitudot HTTP/1.1" 200 9755
190.171.141.138 - - [25/Aug/2023:11:56:57 -0300] "GET /cormun/servlet/trsolicitudot HTTP/1.1" 200 9751
190.171.153.26 - - [25/Aug/2023:11:56:57 -0300] "POST /cormun/servlet/trvisualizadoreventos?9f409a68f669826434587600f80bbc07,,gx-no-cache=1692974439535 HTTP/1.1" 200 5456
190.171.153.26 - - [25/Aug/2023:11:57:13 -0300] "POST /cormun/servlet/trvisualizadoreventos?9f409a68f669826434587600f80bbc07,,gx-no-cache=1692974455367 HTTP/1.1" 200 6679
190.171.141.138 - - [25/Aug/2023:11:57:25 -0300] "POST /cormun/servlet/trsolicitudot?201de3ff7411aa84cb5df0f1c697f554,gx-no-cache=1692974468640 HTTP/1.1" 200 107
190.171.141.138 - - [25/Aug/2023:11:57:26 -0300] "GET /cormun/servlet/trsolicitudadjuntos?2023,20527, HTTP/1.1" 200 6569
190.171.141.138 - - [25/Aug/2023:11:57:26 -0300] "GET /cormun/static/gxcfg.js?20201215574222 HTTP/1.1" 200 953
190.171.141.138 - - [25/Aug/2023:11:57:26 -0300] "GET /cormun/static/trsolicitudadjuntos.js?20201215574932 HTTP/1.1" 200 17921
190.171.141.138 - - [25/Aug/2023:11:57:26 -0300] "GET /cormun/static/Resources/PXToolsGridNew.png HTTP/1.1" 200 427
190.171.153.26 - - [25/Aug/2023:11:57:26 -0300] "POST /cormun/servlet/trvisualizadoreventos?9f409a68f669826434587600f80bbc07,,gx-no-cache=1692974468024 HTTP/1.1" 200 6555
190.171.141.138 - - [25/Aug/2023:11:57:26 -0300] "GET /cormun/servlet/trsolicitudadjuntos?2023,20527, HTTP/1.1" 200 6569
190.171.141.138 - - [25/Aug/2023:11:57:30 -0300] "GET /cormun/servlet/solicitudotadjuntos?INS,2023,20527,,1, HTTP/1.1" 200 6511
190.171.141.138 - - [25/Aug/2023:11:57:30 -0300] "GET /cormun/static/gxcfg.js?202211298385187 HTTP/1.1" 200 953
190.171.141.138 - - [25/Aug/2023:11:57:30 -0300] "GET /cormun/static/solicitudotadjuntos.js?202211298385196 HTTP/1.1" 200 11771
190.171.141.138 - - [25/Aug/2023:11:57:31 -0300] "GET /cormun/static/about:blank HTTP/1.1" 404 1011
190.171.141.138 - - [25/Aug/2023:11:57:31 -0300] "GET /cormun/servlet/solicitudotadjuntos?INS,2023,20527,,1, HTTP/1.1" 200 6504
190.171.141.138 - - [25/Aug/2023:11:57:31 -0300] "GET /cormun/servlet/solicitudotadjuntos?c32b4e1ad1d2ce0546482cc389b1e8b69a5cff89055f4f4c13a829b463a217cc8c0e678d8c856b4b52d3f5e717d7aa7e,gx-no-cache=1692974474405 HTTP/1.1" 200 30
190.171.141.138 - - [25/Aug/2023:11:57:31 -0300] "POST /cormun/servlet/solicitudotadjuntos?201de3ff7411aa84cb5df0f1c697f554,INS,2023,20527,,1,,gx-no-cache=1692974474482 HTTP/1.1" 200 4182
84.54.51.27 - - [25/Aug/2023:11:57:33 -0300] "CONNECT google.com:443 HTTP/1.1" 400 -
190.171.153.26 - - [25/Aug/2023:11:57:42 -0300] "GET /cormun/servlet/trautorizarpermisogoce? HTTP/1.1" 200 10040
190.171.153.26 - - [25/Aug/2023:11:57:43 -0300] "GET /cormun/static/gxcfg.js?2020121645532 HTTP/1.1" 200 953
190.171.153.26 - - [25/Aug/2023:11:57:43 -0300] "GET /cormun/static/trautorizarpermisogoce.js?2020121651492 HTTP/1.1" 200 34948
190.171.153.26 - - [25/Aug/2023:11:57:43 -0300] "GET /cormun//static/Resources/PXToolsGridDelete.png HTTP/1.1" 200 538
190.171.153.26 - - [25/Aug/2023:11:57:43 -0300] "GET /cormun/servlet/trautorizarpermisogoce? HTTP/1.1" 200 10040
190.171.141.138 - - [25/Aug/2023:11:57:50 -0300] "POST /cormun/servlet/solicitudotadjuntos?gx-no-cache=1692974493224 HTTP/1.1" 200 26
190.171.153.26 - - [25/Aug/2023:11:57:52 -0300] "GET /cormun/static/menuarrow.gif HTTP/1.1" 404 1015
190.171.153.26 - - [25/Aug/2023:11:58:08 -0300] "POST /cormun/servlet/trautorizarpermisogoce?9f409a68f669826434587600f80bbc07,,gx-no-cache=1692974510139 HTTP/1.1" 200 7846
190.171.141.138 - - [25/Aug/2023:11:58:22 -0300] "GET /cormun/servlet/solicitudotadjuntos?c32b4e1ad1d2ce0546482cc389b1e8b6165c26ce7618de0e4ef7fb25204de84b,gx-no-cache=1692974525333 HTTP/1.1" 200 30
190.171.141.138 - - [25/Aug/2023:11:58:22 -0300] "GET /cormun/servlet/solicitudotadjuntos?c32b4e1ad1d2ce0546482cc389b1e8b6165c26ce7618de0e4ef7fb25204de84b,gx-no-cache=1692974525374 HTTP/1.1" 200 30
190.171.141.138 - - [25/Aug/2023:11:58:23 -0300] "POST /cormun/servlet/solicitudotadjuntos?201de3ff7411aa84cb5df0f1c697f554,INS,2023,20527,,1, HTTP/1.1" 200 116
190.171.141.138 - - [25/Aug/2023:11:58:23 -0300] "GET /cormun/servlet/hpexe_return? HTTP/1.1" 200 1019
190.171.141.138 - - [25/Aug/2023:11:58:23 -0300] "GET /cormun/servlet/trsolicitudadjuntos?2023,20527, HTTP/1.1" 200 9515
190.171.141.138 - - [25/Aug/2023:11:58:23 -0300] "GET /cormun/servlet/trsolicitudadjuntos?2023,20527, HTTP/1.1" 200 9514
190.171.141.138 - - [25/Aug/2023:11:58:25 -0300] "GET /cormun/servlet/solicitudotadjuntos?INS,2023,20527,,1, HTTP/1.1" 200 6511
190.171.141.138 - - [25/Aug/2023:11:58:25 -0300] "GET /cormun/static/about:blank HTTP/1.1" 404 1011
190.171.141.138 - - [25/Aug/2023:11:58:25 -0300] "GET /cormun/servlet/solicitudotadjuntos?INS,2023,20527,,1, HTTP/1.1" 200 6504
190.171.141.138 - - [25/Aug/2023:11:58:26 -0300] "GET /cormun/servlet/solicitudotadjuntos?c32b4e1ad1d2ce0546482cc389b1e8b69a5cff89055f4f4c13a829b463a217cc8c0e678d8c856b4b52d3f5e717d7aa7e,gx-no-cache=1692974529022 HTTP/1.1" 200 30
190.171.141.138 - - [25/Aug/2023:11:58:26 -0300] "POST /cormun/servlet/solicitudotadjuntos?201de3ff7411aa84cb5df0f1c697f554,INS,2023,20527,,1,,gx-no-cache=1692974529047 HTTP/1.1" 200 4183
190.171.141.138 - - [25/Aug/2023:11:58:28 -0300] "POST /cormun/servlet/solicitudotadjuntos?gx-no-cache=1692974530861 HTTP/1.1" 200 26
190.171.153.26 - - [25/Aug/2023:11:58:31 -0300] "POST /cormun/servlet/trautorizarpermisogoce?9f409a68f669826434587600f80bbc07,,gx-no-cache=1692974532721 HTTP/1.1" 200 15886
190.171.153.26 - - [25/Aug/2023:11:58:31 -0300] "GET /cormun/static/Resources/PXToolsGridNext.gif HTTP/1.1" 200 369
190.171.153.26 - - [25/Aug/2023:11:58:31 -0300] "GET /cormun/static/Resources/PXToolsGridLast.gif HTTP/1.1" 200 370
190.171.141.138 - - [25/Aug/2023:11:58:34 -0300] "GET /cormun/servlet/solicitudotadjuntos?c32b4e1ad1d2ce0546482cc389b1e8b6165c26ce7618de0e4ef7fb25204de84b,gx-no-cache=1692974536941 HTTP/1.1" 200 30
190.171.141.138 - - [25/Aug/2023:11:58:34 -0300] "GET /cormun/servlet/solicitudotadjuntos?c32b4e1ad1d2ce0546482cc389b1e8b6165c26ce7618de0e4ef7fb25204de84b,gx-no-cache=1692974536953 HTTP/1.1" 200 30
190.171.141.138 - - [25/Aug/2023:11:58:34 -0300] "POST /cormun/servlet/solicitudotadjuntos?201de3ff7411aa84cb5df0f1c697f554,INS,2023,20527,,1, HTTP/1.1" 200 116
190.171.141.138 - - [25/Aug/2023:11:58:34 -0300] "GET /cormun/servlet/hpexe_return? HTTP/1.1" 200 1019
190.171.141.138 - - [25/Aug/2023:11:58:34 -0300] "GET /cormun/servlet/trsolicitudadjuntos?2023,20527, HTTP/1.1" 200 9772
190.171.141.138 - - [25/Aug/2023:11:58:35 -0300] "GET /cormun/servlet/trsolicitudadjuntos?2023,20527, HTTP/1.1" 200 9771
190.171.141.138 - - [25/Aug/2023:11:58:37 -0300] "GET /cormun/servlet/solicitudotadjuntos?INS,2023,20527,,1, HTTP/1.1" 200 6511
190.171.141.138 - - [25/Aug/2023:11:58:38 -0300] "GET /cormun/static/about:blank HTTP/1.1" 404 1011
190.171.141.138 - - [25/Aug/2023:11:58:38 -0300] "GET /cormun/servlet/solicitudotadjuntos?INS,2023,20527,,1, HTTP/1.1" 200 6504
190.171.141.138 - - [25/Aug/2023:11:58:38 -0300] "GET /cormun/servlet/solicitudotadjuntos?c32b4e1ad1d2ce0546482cc389b1e8b69a5cff89055f4f4c13a829b463a217cc8c0e678d8c856b4b52d3f5e717d7aa7e,gx-no-cache=1692974541359 HTTP/1.1" 200 30
190.171.141.138 - - [25/Aug/2023:11:58:38 -0300] "POST /cormun/servlet/solicitudotadjuntos?201de3ff7411aa84cb5df0f1c697f554,INS,2023,20527,,1,,gx-no-cache=1692974541379 HTTP/1.1" 200 4183
190.171.141.106 - - [25/Aug/2023:11:58:40 -0300] "GET /cormun/servlet/hlogin HTTP/1.1" 200 1718
190.171.141.138 - - [25/Aug/2023:11:58:40 -0300] "POST /cormun/servlet/solicitudotadjuntos?gx-no-cache=1692974543509 HTTP/1.1" 200 26
190.171.141.106 - - [25/Aug/2023:11:58:45 -0300] "POST /cormun/servlet/hlogin?d5a992a1ae3974e557e4dee376b2243e,gx-no-cache=1692974548357 HTTP/1.1" 200 90
190.171.141.106 - - [25/Aug/2023:11:58:45 -0300] "GET /cormun/servlet/hpexe_link HTTP/1.1" 200 948
190.171.141.106 - - [25/Aug/2023:11:58:45 -0300] "GET /cormun/servlet/hhome HTTP/1.1" 200 4207
190.171.141.106 - - [25/Aug/2023:11:58:46 -0300] "GET /cormun/servlet/hhome HTTP/1.1" 200 4204
190.171.141.106 - - [25/Aug/2023:11:58:50 -0300] "GET /cormun/servlet/trlicencias? HTTP/1.1" 200 12378
190.171.141.106 - - [25/Aug/2023:11:58:51 -0300] "GET /cormun/servlet/trlicencias? HTTP/1.1" 200 12376
190.171.141.106 - - [25/Aug/2023:11:58:54 -0300] "GET /cormun/servlet/alicenciaprn?7047536,L,20230824000000,PU HTTP/1.1" 200 1545
190.171.141.138 - - [25/Aug/2023:11:58:58 -0300] "GET /cormun/servlet/solicitudotadjuntos?c32b4e1ad1d2ce0546482cc389b1e8b6165c26ce7618de0e4ef7fb25204de84b,gx-no-cache=1692974561349 HTTP/1.1" 200 30
190.171.141.138 - - [25/Aug/2023:11:58:58 -0300] "GET /cormun/servlet/solicitudotadjuntos?c32b4e1ad1d2ce0546482cc389b1e8b6165c26ce7618de0e4ef7fb25204de84b,gx-no-cache=1692974561362 HTTP/1.1" 200 30
190.171.141.138 - - [25/Aug/2023:11:58:58 -0300] "POST /cormun/servlet/solicitudotadjuntos?201de3ff7411aa84cb5df0f1c697f554,INS,2023,20527,,1, HTTP/1.1" 200 116
190.171.141.138 - - [25/Aug/2023:11:58:58 -0300] "GET /cormun/servlet/hpexe_return? HTTP/1.1" 200 1019
190.171.141.138 - - [25/Aug/2023:11:58:59 -0300] "GET /cormun/servlet/trsolicitudadjuntos?2023,20527, HTTP/1.1" 200 10003
190.171.141.138 - - [25/Aug/2023:11:58:59 -0300] "GET /cormun/servlet/trsolicitudadjuntos?2023,20527, HTTP/1.1" 200 10004
190.171.153.26 - - [25/Aug/2023:11:59:11 -0300] "POST /cormun/servlet/trautorizarpermisogoce?9f409a68f669826434587600f80bbc07,,gx-no-cache=1692974573018 HTTP/1.1" 200 5477
10.40.40.2 - - [25/Aug/2023:11:59:17 -0300] "GET /cormun/servlet/hhome HTTP/1.1" 200 3323
10.40.40.2 - - [25/Aug/2023:11:59:17 -0300] "GET /cormun/static/SmoothNavMenu/resources/ddsmoothmenu.css?1112540 HTTP/1.1" 200 2223
10.40.40.2 - - [25/Aug/2023:11:59:17 -0300] "GET /cormun/static/scaMessage/css/jquery.pnotify.default.css?1816380 HTTP/1.1" 200 1707
10.40.40.2 - - [25/Aug/2023:11:59:17 -0300] "GET /cormun/static/gxcfg.js?20201215495537 HTTP/1.1" 200 953
10.40.40.2 - - [25/Aug/2023:11:59:17 -0300] "GET /cormun/static/Shared/jqueryui/jquery-ui.min.css?1345370 HTTP/1.1" 200 30288
10.40.40.2 - - [25/Aug/2023:11:59:17 -0300] "GET /cormun/static/SmoothNavMenu/resources/ddsmoothmenu-v.css?1112540 HTTP/1.1" 200 1188
10.40.40.2 - - [25/Aug/2023:11:59:17 -0300] "GET /cormun/static/Resources/Spanish/PXTools.css?14345360 HTTP/1.1" 200 100853
10.40.40.2 - - [25/Aug/2023:11:59:17 -0300] "GET /cormun/static/gxtimezone.js?85251 HTTP/1.1" 200 5781
10.40.40.2 - - [25/Aug/2023:11:59:17 -0300] "GET /cormun/static/PXToolsJavascripts/pexe_cookies.js HTTP/1.1" 200 792
10.40.40.2 - - [25/Aug/2023:11:59:17 -0300] "GET /cormun/static/PXToolsJavascripts/pexe_windows.js HTTP/1.1" 200 15249
10.40.40.2 - - [25/Aug/2023:11:59:17 -0300] "GET /cormun/static/PXToolsJavascripts/pexe_griddivfix.js HTTP/1.1" 200 6946
10.40.40.2 - - [25/Aug/2023:11:59:17 -0300] "GET /cormun/static/PXToolsJavascripts/pexe_grid.js HTTP/1.1" 200 7559
10.40.40.2 - - [25/Aug/2023:11:59:17 -0300] "GET /cormun/static/PXToolsJavascripts/pexe_link.js HTTP/1.1" 200 5671
10.40.40.2 - - [25/Aug/2023:11:59:17 -0300] "GET /cormun/static/PXToolsJavascripts/pexe_menudivfix.js HTTP/1.1" 200 333
10.40.40.2 - - [25/Aug/2023:11:59:17 -0300] "GET /cormun/static/PXToolsJavascripts/pexe_autoreload.js HTTP/1.1" 200 1762
10.40.40.2 - - [25/Aug/2023:11:59:17 -0300] "GET /cormun/static/PXToolsJavascripts/pexe_menus.js HTTP/1.1" 200 1286
10.40.40.2 - - [25/Aug/2023:11:59:17 -0300] "GET /cormun/static/PXToolsJavascripts/pexe_oav.js HTTP/1.1" 200 645
10.40.40.2 - - [25/Aug/2023:11:59:17 -0300] "GET /cormun/static/PXToolsJavascripts/pexe_layers.js HTTP/1.1" 200 4114
10.40.40.2 - - [25/Aug/2023:11:59:17 -0300] "GET /cormun/static/PXToolsJavascripts/pexe_oavdivfix.js HTTP/1.1" 200 639
10.40.40.2 - - [25/Aug/2023:11:59:17 -0300] "GET /cormun/static/PXToolsJavascripts/pexe_picture.js HTTP/1.1" 200 689
10.40.40.2 - - [25/Aug/2023:11:59:17 -0300] "GET /cormun/static/PXToolsJavascripts/pexe_scrolldiv.js HTTP/1.1" 200 4138
10.40.40.2 - - [25/Aug/2023:11:59:17 -0300] "GET /cormun/static/PXToolsJavascripts/pexe_popup.js HTTP/1.1" 200 15149
10.40.40.2 - - [25/Aug/2023:11:59:17 -0300] "GET /cormun/static/PXToolsJavascripts/pexe_tabdivfix.js HTTP/1.1" 200 898
10.40.40.2 - - [25/Aug/2023:11:59:17 -0300] "GET /cormun/static/PXToolsJavascripts/pexe_tabs.js HTTP/1.1" 200 3748
10.40.40.2 - - [25/Aug/2023:11:59:17 -0300] "GET /cormun/static/PXToolsJavascripts/pexe_upload.js HTTP/1.1" 200 1423
10.40.40.2 - - [25/Aug/2023:11:59:17 -0300] "GET /cormun/static/PXToolsJavascripts/PXToolsJavascriptsRender.js HTTP/1.1" 200 367
10.40.40.2 - - [25/Aug/2023:11:59:17 -0300] "GET /cormun/static/gxgral.js?85251 HTTP/1.1" 200 384558
10.40.40.2 - - [25/Aug/2023:11:59:17 -0300] "GET /cormun/static/RunJS/RunJS.js HTTP/1.1" 200 288
10.40.40.2 - - [25/Aug/2023:11:59:17 -0300] "GET /cormun/static/gxui/gxui-all.js HTTP/1.1" 200 107772
10.40.40.2 - - [25/Aug/2023:11:59:17 -0300] "GET /cormun/static/Shared/ext/locale/ext-lang-en.js HTTP/1.1" 200 10940
10.40.40.2 - - [25/Aug/2023:11:59:17 -0300] "GET /cormun/static/hhome.js?20201215495544 HTTP/1.1" 200 777
10.40.40.2 - - [25/Aug/2023:11:59:17 -0300] "GET /cormun/static/hwchdr01.js?2022112219251119 HTTP/1.1" 200 996
10.40.40.2 - - [25/Aug/2023:11:59:17 -0300] "GET /cormun/static/hpexe_scripts.js?20201214471411 HTTP/1.1" 200 1544
10.40.40.2 - - [25/Aug/2023:11:59:17 -0300] "GET /cormun/static/hpexe_recentlink.js?20201214471090 HTTP/1.1" 200 2144
10.40.40.2 - - [25/Aug/2023:11:59:17 -0300] "GET /cormun/static/hpexe_messagecontroller.js?202211298371222 HTTP/1.1" 200 870
10.40.40.2 - - [25/Aug/2023:11:59:17 -0300] "GET /cormun/static/Resources/PXToolsDataTitle.png HTTP/1.1" 200 1173
10.40.40.2 - - [25/Aug/2023:11:59:17 -0300] "GET /cormun/static/Resources/CormunMP2.png HTTP/1.1" 200 6878
10.40.40.2 - - [25/Aug/2023:11:59:17 -0300] "GET /cormun/static/Resources/Llave.png HTTP/1.1" 200 1395
10.40.40.2 - - [25/Aug/2023:11:59:17 -0300] "GET /cormun/static/Resources/ImgHome.png HTTP/1.1" 200 1364
10.40.40.2 - - [25/Aug/2023:11:59:17 -0300] "GET /cormun/static/Resources/ImgLogin.png HTTP/1.1" 200 1432
10.40.40.2 - - [25/Aug/2023:11:59:17 -0300] "GET /cormun/static/hpexe_messagepopupcomponent.js?2020121447232 HTTP/1.1" 200 605
10.40.40.2 - - [25/Aug/2023:11:59:17 -0300] "GET /cormun/static/hpexe_messagegenexuscomponent.js?20221129836373 HTTP/1.1" 200 587
10.40.40.2 - - [25/Aug/2023:11:59:17 -0300] "GET /cormun/static/cmcontrolpreferences.js?20199141926336 HTTP/1.1" 200 1375
10.40.40.2 - - [25/Aug/2023:11:59:17 -0300] "GET /cormun/static/Shared/jqueryui/jquery-ui.min.js HTTP/1.1" 200 240427
10.40.40.2 - - [25/Aug/2023:11:59:17 -0300] "GET /cormun/static/SmoothNavMenu/resources/ddsmoothmenu.js HTTP/1.1" 200 12712
10.40.40.2 - - [25/Aug/2023:11:59:17 -0300] "GET /cormun/static/SmoothNavMenu/resources/SmoothNavMenuRender.js HTTP/1.1" 200 5951
10.40.40.2 - - [25/Aug/2023:11:59:18 -0300] "GET /cormun/static/Shared/jquery/jquery-1.10.2.min.js HTTP/1.1" 200 273199
10.40.40.2 - - [25/Aug/2023:11:59:18 -0300] "GET /cormun/static/Shared/jquery/jquery-1.4.2.min.js HTTP/1.1" 200 72174
10.40.40.2 - - [25/Aug/2023:11:59:18 -0300] "GET /cormun/static/scaMessage/scaMessageRender.js HTTP/1.1" 200 11977
10.40.40.2 - - [25/Aug/2023:11:59:18 -0300] "GET /cormun/static/hmpwkw03.js?20221129844354 HTTP/1.1" 200 3971
10.40.40.2 - - [25/Aug/2023:11:59:18 -0300] "GET /cormun/static/scaMessage/js/jquery.pnotify.min.js HTTP/1.1" 200 13038
10.40.40.2 - - [25/Aug/2023:11:59:18 -0300] "GET /cormun/static/Shared/ext/ext-all.js HTTP/1.1" 200 1289687
10.40.40.2 - - [25/Aug/2023:11:59:18 -0300] "GET /cormun/static/messages.spa.js?85251 HTTP/1.1" 200 30736
10.40.40.2 - - [25/Aug/2023:11:59:18 -0300] "GET /cormun/static/Resources/indicator.gif HTTP/1.1" 200 1553
10.40.40.2 - - [25/Aug/2023:11:59:18 -0300] "GET /cormun/servlet/hlogin HTTP/1.1" 200 1735
10.40.40.2 - - [25/Aug/2023:11:59:18 -0300] "GET /cormun/static/Resources/Spanish/PXTools.css?1759030 HTTP/1.1" 200 100853
10.40.40.2 - - [25/Aug/2023:11:59:18 -0300] "GET /cormun/static/gxcfg.js?2022112219184450 HTTP/1.1" 200 953
10.40.40.2 - - [25/Aug/2023:11:59:18 -0300] "GET /cormun/servlet/hhome HTTP/1.1" 200 3333
10.40.40.2 - - [25/Aug/2023:11:59:18 -0300] "GET /cormun/static/hlogin.js?2022112219184458 HTTP/1.1" 200 2156
10.40.40.2 - - [25/Aug/2023:11:59:18 -0300] "GET /cormun/static/Resources/CormunLogin.png HTTP/1.1" 200 19132
10.40.40.2 - - [25/Aug/2023:11:59:18 -0300] "GET /cormun/static/Resources/PXToolsLoginTop.png HTTP/1.1" 200 1337
10.40.40.2 - - [25/Aug/2023:11:59:18 -0300] "GET /cormun/static/Resources/PXToolsLoginBackground.png HTTP/1.1" 200 1164
10.40.40.2 - - [25/Aug/2023:11:59:18 -0300] "GET /cormun/static/Resources/PXToolsButtonLeft.png HTTP/1.1" 200 1310
10.40.40.2 - - [25/Aug/2023:11:59:18 -0300] "GET /cormun/static/Resources/PXToolsButtonRight.png HTTP/1.1" 200 1294
10.40.40.2 - - [25/Aug/2023:11:59:18 -0300] "GET /cormun/static/Resources/PXToolsButtonBackground.png HTTP/1.1" 200 1176
10.40.40.2 - - [25/Aug/2023:11:59:18 -0300] "GET /cormun/static/Resources/PXToolsLoginBottom.png HTTP/1.1" 200 1389
10.40.40.2 - - [25/Aug/2023:11:59:18 -0300] "GET /cormun/servlet/hhome HTTP/1.1" 200 3333
190.171.141.106 - - [25/Aug/2023:11:59:18 -0300] "GET /cormun/servlet/alicenciaprn?19262421,L,20230823000000,PU HTTP/1.1" 200 1546
10.40.40.2 - - [25/Aug/2023:11:59:29 -0300] "POST /cormun/servlet/hlogin?3cfbcf9624ebda84f24500ed5b475bae,gx-no-cache=1692974593515 HTTP/1.1" 200 449
190.171.153.26 - - [25/Aug/2023:11:59:31 -0300] "POST /cormun/servlet/trautorizarpermisogoce?9f409a68f669826434587600f80bbc07,,gx-no-cache=1692974593120 HTTP/1.1" 200 5481
190.208.14.68 - - [25/Aug/2023:11:59:34 -0300] "GET /cormun/servlet/hlogin HTTP/1.1" 200 1720
190.208.14.68 - - [25/Aug/2023:11:59:35 -0300] "GET /cormun/static/gxtimezone.js?85251 HTTP/1.1" 200 5781
190.208.14.68 - - [25/Aug/2023:11:59:35 -0300] "GET /cormun/static/gxcfg.js?2022112219184450 HTTP/1.1" 200 953
190.208.14.68 - - [25/Aug/2023:11:59:35 -0300] "GET /cormun/static/Resources/Spanish/PXTools.css?1759030 HTTP/1.1" 200 100853
190.208.14.68 - - [25/Aug/2023:11:59:35 -0300] "GET /cormun/static/gxgral.js?85251 HTTP/1.1" 200 384558
190.208.14.68 - - [25/Aug/2023:11:59:36 -0300] "GET /cormun/static/messages.spa.js?85251 HTTP/1.1" 200 30736
190.208.14.68 - - [25/Aug/2023:11:59:36 -0300] "GET /cormun/static/hlogin.js?2022112219184458 HTTP/1.1" 200 2156
10.40.40.2 - - [25/Aug/2023:11:59:37 -0300] "POST /cormun/servlet/hlogin?3cfbcf9624ebda84f24500ed5b475bae,gx-no-cache=1692974601499 HTTP/1.1" 200 90
10.40.40.2 - - [25/Aug/2023:11:59:37 -0300] "GET /cormun/servlet/hpexe_link HTTP/1.1" 200 955
10.40.40.2 - - [25/Aug/2023:11:59:37 -0300] "GET /cormun/static/gxcfg.js?20221129847421 HTTP/1.1" 200 953
10.40.40.2 - - [25/Aug/2023:11:59:37 -0300] "GET /cormun/static/hpexe_link.js?20221129847423 HTTP/1.1" 200 625
190.208.14.68 - - [25/Aug/2023:11:59:37 -0300] "GET /cormun/static/Resources/CormunLogin.png HTTP/1.1" 200 19132
10.40.40.2 - - [25/Aug/2023:11:59:37 -0300] "GET /cormun/static/Resources/Spanish/PXTools.css?8354383 HTTP/1.1" 200 100853
10.40.40.2 - - [25/Aug/2023:11:59:37 -0300] "GET /cormun/servlet/hhome HTTP/1.1" 200 3769
10.40.40.2 - - [25/Aug/2023:11:59:37 -0300] "GET /cormun/static/SmoothNavMenu/resources/images/down.gif HTTP/1.1" 200 854
10.40.40.2 - - [25/Aug/2023:11:59:37 -0300] "GET /cormun/servlet/hhome HTTP/1.1" 200 3766
190.208.14.68 - - [25/Aug/2023:11:59:38 -0300] "GET /cormun/static/Resources/PXToolsButtonLeft.png HTTP/1.1" 200 1310
190.208.14.68 - - [25/Aug/2023:11:59:38 -0300] "GET /cormun/static/Resources/PXToolsLoginBottom.png HTTP/1.1" 200 1389
190.208.14.68 - - [25/Aug/2023:11:59:38 -0300] "GET /cormun/static/Resources/PXToolsButtonBackground.png HTTP/1.1" 200 1176
190.208.14.68 - - [25/Aug/2023:11:59:38 -0300] "GET /cormun/static/Resources/PXToolsLoginBackground.png HTTP/1.1" 200 1164
190.208.14.68 - - [25/Aug/2023:11:59:38 -0300] "GET /cormun/static/Resources/PXToolsButtonRight.png HTTP/1.1" 200 1294
190.208.14.68 - - [25/Aug/2023:11:59:38 -0300] "GET /cormun/static/Resources/PXToolsLoginTop.png HTTP/1.1" 200 1337
190.208.14.68 - - [25/Aug/2023:11:59:39 -0300] "GET /cormun/static/Resources/indicator.gif HTTP/1.1" 200 1553
190.208.14.68 - - [25/Aug/2023:11:59:39 -0300] "GET /cormun/servlet/hlogin HTTP/1.1" 200 1730
190.171.153.26 - - [25/Aug/2023:11:59:39 -0300] "POST /cormun/servlet/trautorizarpermisogoce?9f409a68f669826434587600f80bbc07,,gx-no-cache=1692974601207 HTTP/1.1" 200 15748
190.171.153.26 - - [25/Aug/2023:11:59:49 -0300] "POST /cormun/servlet/trautorizarpermisogoce?9f409a68f669826434587600f80bbc07,,gx-no-cache=1692974610401 HTTP/1.1" 200 15886
190.171.141.138 - - [25/Aug/2023:11:59:58 -0300] "GET /cormun/servlet/solicitudotadjuntos?INS,2023,20527,,1, HTTP/1.1" 200 6511
190.171.141.138 - - [25/Aug/2023:11:59:58 -0300] "GET /cormun/static/about:blank HTTP/1.1" 404 1011
190.171.141.138 - - [25/Aug/2023:11:59:58 -0300] "GET /cormun/servlet/solicitudotadjuntos?INS,2023,20527,,1, HTTP/1.1" 200 6504
190.171.141.138 - - [25/Aug/2023:11:59:59 -0300] "GET /cormun/servlet/solicitudotadjuntos?c32b4e1ad1d2ce0546482cc389b1e8b69a5cff89055f4f4c13a829b463a217cc8c0e678d8c856b4b52d3f5e717d7aa7e,gx-no-cache=1692974621953 HTTP/1.1" 200 30
190.171.141.138 - - [25/Aug/2023:11:59:59 -0300] "POST /cormun/servlet/solicitudotadjuntos?201de3ff7411aa84cb5df0f1c697f554,INS,2023,20527,,1,,gx-no-cache=1692974621974 HTTP/1.1" 200 4182
10.40.40.2 - - [25/Aug/2023:12:00:02 -0300] "GET /cormun/servlet/trsolicitudgral? HTTP/1.1" 200 8176
10.40.40.2 - - [25/Aug/2023:12:00:02 -0300] "GET /cormun/static/gxui/gxui-all.css?110300 HTTP/1.1" 200 2179
10.40.40.2 - - [25/Aug/2023:12:00:02 -0300] "GET /cormun/static/calendar-system.css?75620 HTTP/1.1" 200 5572
10.40.40.2 - - [25/Aug/2023:12:00:02 -0300] "GET /cormun/static/calendar-es.js?85251 HTTP/1.1" 200 1901
10.40.40.2 - - [25/Aug/2023:12:00:02 -0300] "GET /cormun/static/gxcfg.js?20191021621534 HTTP/1.1" 200 953
10.40.40.2 - - [25/Aug/2023:12:00:02 -0300] "GET /cormun/static/calendar-setup.js?85251 HTTP/1.1" 200 2588
10.40.40.2 - - [25/Aug/2023:12:00:02 -0300] "GET /cormun/static/calendar.js?85251 HTTP/1.1" 200 26246
10.40.40.2 - - [25/Aug/2023:12:00:02 -0300] "GET /cormun/static/Resources/Spanish/PXTools.css?2294816 HTTP/1.1" 200 100853
10.40.40.2 - - [25/Aug/2023:12:00:02 -0300] "GET /cormun/static/gxdec.js?85251 HTTP/1.1" 200 19579
10.40.40.2 - - [25/Aug/2023:12:00:02 -0300] "GET /cormun/static/trsolicitudgral.js?20191021621224 HTTP/1.1" 200 55166
10.40.40.2 - - [25/Aug/2023:12:00:02 -0300] "GET /cormun/static/Shared/ext/resources/css/ext-all.css?205870 HTTP/1.1" 200 416045
10.40.40.2 - - [25/Aug/2023:12:00:02 -0300] "GET /cormun/static/Resources/PXToolsDataSearch.png HTTP/1.1" 200 435
10.40.40.2 - - [25/Aug/2023:12:00:02 -0300] "GET /cormun/static/Resources/PXTools/calendar.png HTTP/1.1" 200 1306
10.40.40.2 - - [25/Aug/2023:12:00:02 -0300] "GET /cormun/static/Resources/PXToolsActionExcel.png HTTP/1.1" 200 727
10.40.40.2 - - [25/Aug/2023:12:00:02 -0300] "GET /cormun/static/Resources/PXToolsGridNextDisabled.gif HTTP/1.1" 200 90
10.40.40.2 - - [25/Aug/2023:12:00:02 -0300] "GET /cormun/static/Resources/PXToolsGridLastDisabled.gif HTTP/1.1" 200 98
10.40.40.2 - - [25/Aug/2023:12:00:02 -0300] "GET /cormun/static/Resources/PXToolsGridFirstDisabled.gif HTTP/1.1" 200 100
10.40.40.2 - - [25/Aug/2023:12:00:02 -0300] "GET /cormun/static/Resources/PXToolsGridPreviousDisabled.gif HTTP/1.1" 200 90
10.40.40.2 - - [25/Aug/2023:12:00:02 -0300] "GET /cormun/static/Resources/PXToolsGridPage.gif HTTP/1.1" 200 725
10.40.40.2 - - [25/Aug/2023:12:00:02 -0300] "GET /cormun/static/Resources/PXToolsRemoveAllStandardAction.png HTTP/1.1" 200 495
10.40.40.2 - - [25/Aug/2023:12:00:02 -0300] "GET /cormun/static/Resources/PXToolsAddAllStandardAction.png HTTP/1.1" 200 628
10.40.40.2 - - [25/Aug/2023:12:00:02 -0300] "GET /cormun/static/Shared/ext/resources/themes/images/default/tools/tool-sprites.gif HTTP/1.1" 200 5434
10.40.40.2 - - [25/Aug/2023:12:00:02 -0300] "GET /cormun/static/Shared/ext/resources/themes/images/default/panel/bg-headersPanel.png HTTP/1.1" 200 255
10.40.40.2 - - [25/Aug/2023:12:00:02 -0300] "GET /cormun/static/Resources/asc.gif HTTP/1.1" 200 67
10.40.40.2 - - [25/Aug/2023:12:00:02 -0300] "GET /cormun/static/Resources/desc.gif HTTP/1.1" 200 65
10.40.40.2 - - [25/Aug/2023:12:00:02 -0300] "GET /cormun/servlet/trsolicitudgral? HTTP/1.1" 200 8174
190.171.141.138 - - [25/Aug/2023:12:00:03 -0300] "POST /cormun/servlet/solicitudotadjuntos?gx-no-cache=1692974626205 HTTP/1.1" 200 26
190.171.141.138 - - [25/Aug/2023:12:00:10 -0300] "GET /cormun/servlet/solicitudotadjuntos?c32b4e1ad1d2ce0546482cc389b1e8b6165c26ce7618de0e4ef7fb25204de84b,gx-no-cache=1692974632949 HTTP/1.1" 200 30
190.171.141.138 - - [25/Aug/2023:12:00:10 -0300] "GET /cormun/servlet/solicitudotadjuntos?c32b4e1ad1d2ce0546482cc389b1e8b6165c26ce7618de0e4ef7fb25204de84b,gx-no-cache=1692974632962 HTTP/1.1" 200 30
190.171.141.138 - - [25/Aug/2023:12:00:10 -0300] "POST /cormun/servlet/solicitudotadjuntos?201de3ff7411aa84cb5df0f1c697f554,INS,2023,20527,,1, HTTP/1.1" 200 6646
190.171.141.138 - - [25/Aug/2023:12:00:10 -0300] "GET /cormun/static/Shared/jqueryui/images/ui-icons_82798d_256x240.png HTTP/1.1" 404 1089
190.171.141.138 - - [25/Aug/2023:12:00:10 -0300] "GET /cormun/static/Shared/jqueryui/images/ui-bg_highlight-soft_100_c6c2c8_1x100.png HTTP/1.1" 404 1117
190.171.141.138 - - [25/Aug/2023:12:00:10 -0300] "GET /cormun/static/Shared/jqueryui/images/ui-bg_flat_55_994d53_40x100.png HTTP/1.1" 404 1097
190.171.141.138 - - [25/Aug/2023:12:00:10 -0300] "GET /cormun/static/Shared/jqueryui/images/ui-icons_ebccce_256x240.png HTTP/1.1" 404 1089
190.171.141.138 - - [25/Aug/2023:12:00:10 -0300] "GET /cormun/PrivateTempStorage/upload_00002778.pdf HTTP/1.1" 200 71813
190.171.153.26 - - [25/Aug/2023:12:00:15 -0300] "POST /cormun/servlet/trautorizarpermisogoce?9f409a68f669826434587600f80bbc07,,gx-no-cache=1692974636961 HTTP/1.1" 200 7846
190.171.141.138 - - [25/Aug/2023:12:00:23 -0300] "GET /cormun/servlet/trsolicitudot? HTTP/1.1" 200 9764
190.171.141.138 - - [25/Aug/2023:12:00:23 -0300] "GET /cormun/servlet/trsolicitudot? HTTP/1.1" 200 9750
10.40.40.2 - - [25/Aug/2023:12:00:26 -0300] "POST /cormun/servlet/trsolicitudgral?3cfbcf9624ebda84f24500ed5b475bae,,gx-no-cache=1692974650516 HTTP/1.1" 200 5187
190.171.141.138 - - [25/Aug/2023:12:00:27 -0300] "POST /cormun/servlet/trsolicitudot?201de3ff7411aa84cb5df0f1c697f554,,gx-no-cache=1692974650232 HTTP/1.1" 200 107
190.171.141.138 - - [25/Aug/2023:12:00:27 -0300] "GET /cormun/servlet/trsolicitudadjuntos?2023,20527, HTTP/1.1" 200 10001
190.171.141.138 - - [25/Aug/2023:12:00:28 -0300] "GET /cormun/servlet/trsolicitudadjuntos?2023,20527, HTTP/1.1" 200 10003
190.171.141.138 - - [25/Aug/2023:12:00:31 -0300] "GET /cormun/servlet/solicitudotadjuntos?INS,2023,20527,,1, HTTP/1.1" 200 6511
190.171.141.138 - - [25/Aug/2023:12:00:31 -0300] "GET /cormun/static/about:blank HTTP/1.1" 404 1011
190.171.141.138 - - [25/Aug/2023:12:00:31 -0300] "GET /cormun/servlet/solicitudotadjuntos?INS,2023,20527,,1, HTTP/1.1" 200 6504
190.171.141.138 - - [25/Aug/2023:12:00:31 -0300] "GET /cormun/servlet/solicitudotadjuntos?c32b4e1ad1d2ce0546482cc389b1e8b69a5cff89055f4f4c13a829b463a217cc8c0e678d8c856b4b52d3f5e717d7aa7e,gx-no-cache=1692974654564 HTTP/1.1" 200 30
190.171.141.138 - - [25/Aug/2023:12:00:31 -0300] "POST /cormun/servlet/solicitudotadjuntos?201de3ff7411aa84cb5df0f1c697f554,INS,2023,20527,,1,,gx-no-cache=1692974654590 HTTP/1.1" 200 4183
10.40.40.2 - - [25/Aug/2023:12:00:31 -0300] "POST /cormun/servlet/trsolicitudgral?3cfbcf9624ebda84f24500ed5b475bae,,gx-no-cache=1692974655804 HTTP/1.1" 200 5188
190.171.141.138 - - [25/Aug/2023:12:00:34 -0300] "POST /cormun/servlet/solicitudotadjuntos?gx-no-cache=1692974657326 HTTP/1.1" 200 26
10.40.40.2 - - [25/Aug/2023:12:00:37 -0300] "POST /cormun/servlet/trsolicitudgral?3cfbcf9624ebda84f24500ed5b475bae,,gx-no-cache=1692974661851 HTTP/1.1" 200 5188
190.171.144.234 - - [25/Aug/2023:12:00:41 -0300] "GET /cormun/servlet/hlogin HTTP/1.1" 200 1717
190.171.144.234 - - [25/Aug/2023:12:00:41 -0300] "GET /cormun/servlet/hlogin HTTP/1.1" 200 1728
190.171.153.26 - - [25/Aug/2023:12:00:43 -0300] "POST /cormun/servlet/trautorizarpermisogoce?9f409a68f669826434587600f80bbc07,,gx-no-cache=1692974665242 HTTP/1.1" 200 7646
190.171.153.26 - - [25/Aug/2023:12:00:43 -0300] "GET /cormun/static/Shared/jqueryui/images/ui-bg_highlight-soft_100_c6c2c8_1x100.png HTTP/1.1" 404 1117
190.171.153.26 - - [25/Aug/2023:12:00:43 -0300] "GET /cormun/static/Shared/jqueryui/images/ui-icons_82798d_256x240.png HTTP/1.1" 404 1089
190.171.153.26 - - [25/Aug/2023:12:00:43 -0300] "GET /cormun/static/Shared/jqueryui/images/ui-bg_flat_55_fafafa_40x100.png HTTP/1.1" 404 1097
190.171.153.26 - - [25/Aug/2023:12:00:43 -0300] "GET /cormun/static/Shared/jqueryui/images/ui-icons_8d78a5_256x240.png HTTP/1.1" 404 1089
190.171.144.234 - - [25/Aug/2023:12:00:45 -0300] "POST /cormun/servlet/hlogin?68fcd2118c591ef72da1b53957996eb4,gx-no-cache=1692974667759 HTTP/1.1" 200 90
190.171.144.234 - - [25/Aug/2023:12:00:45 -0300] "GET /cormun/servlet/hpexe_link HTTP/1.1" 200 948
190.171.144.234 - - [25/Aug/2023:12:00:46 -0300] "GET /cormun/servlet/hhome HTTP/1.1" 200 3987
190.171.144.234 - - [25/Aug/2023:12:00:46 -0300] "GET /cormun/servlet/hhome HTTP/1.1" 200 3983
190.171.153.26 - - [25/Aug/2023:12:00:48 -0300] "POST /cormun/servlet/trautorizarpermisogoce?9f409a68f669826434587600f80bbc07,,gx-no-cache=1692974669696 HTTP/1.1" 200 7393
190.171.141.138 - - [25/Aug/2023:12:00:48 -0300] "GET /cormun/servlet/solicitudotadjuntos?c32b4e1ad1d2ce0546482cc389b1e8b6165c26ce7618de0e4ef7fb25204de84b,gx-no-cache=1692974670966 HTTP/1.1" 200 30
190.171.141.138 - - [25/Aug/2023:12:00:48 -0300] "GET /cormun/servlet/solicitudotadjuntos?c32b4e1ad1d2ce0546482cc389b1e8b6165c26ce7618de0e4ef7fb25204de84b,gx-no-cache=1692974671017 HTTP/1.1" 200 30
190.171.141.138 - - [25/Aug/2023:12:00:48 -0300] "POST /cormun/servlet/solicitudotadjuntos?201de3ff7411aa84cb5df0f1c697f554,INS,2023,20527,,1, HTTP/1.1" 200 116
190.171.141.138 - - [25/Aug/2023:12:00:48 -0300] "GET /cormun/servlet/hpexe_return? HTTP/1.1" 200 1019
190.171.141.138 - - [25/Aug/2023:12:00:48 -0300] "GET /cormun/servlet/trsolicitudadjuntos?2023,20527, HTTP/1.1" 200 10248
190.171.141.138 - - [25/Aug/2023:12:00:49 -0300] "GET /cormun/servlet/trsolicitudadjuntos?2023,20527, HTTP/1.1" 200 10246
190.171.144.234 - - [25/Aug/2023:12:00:49 -0300] "GET /cormun/servlet/trpermisosgoce? HTTP/1.1" 200 11621
190.171.144.234 - - [25/Aug/2023:12:00:49 -0300] "GET /cormun/servlet/trpermisosgoce? HTTP/1.1" 200 11619
190.171.153.26 - - [25/Aug/2023:12:00:51 -0300] "POST /cormun/servlet/trautorizarpermisogoce?9f409a68f669826434587600f80bbc07,,gx-no-cache=1692974672905 HTTP/1.1" 200 7129
190.171.141.138 - - [25/Aug/2023:12:00:51 -0300] "GET /cormun/servlet/solicitudotadjuntos?INS,2023,20527,,1, HTTP/1.1" 200 6511
190.171.141.138 - - [25/Aug/2023:12:00:51 -0300] "GET /cormun/static/about:blank HTTP/1.1" 404 1011
190.171.141.138 - - [25/Aug/2023:12:00:51 -0300] "GET /cormun/servlet/solicitudotadjuntos?INS,2023,20527,,1, HTTP/1.1" 200 6504
190.171.141.138 - - [25/Aug/2023:12:00:52 -0300] "GET /cormun/servlet/solicitudotadjuntos?c32b4e1ad1d2ce0546482cc389b1e8b69a5cff89055f4f4c13a829b463a217cc8c0e678d8c856b4b52d3f5e717d7aa7e,gx-no-cache=1692974674912 HTTP/1.1" 200 30
190.171.144.234 - - [25/Aug/2023:12:00:52 -0300] "GET /cormun/servlet/apermisogoceprn?17794177,P,20230825093909,PU HTTP/1.1" 200 1653
190.171.141.138 - - [25/Aug/2023:12:00:52 -0300] "POST /cormun/servlet/solicitudotadjuntos?201de3ff7411aa84cb5df0f1c697f554,INS,2023,20527,,1,,gx-no-cache=1692974675033 HTTP/1.1" 200 4183
190.171.153.26 - - [25/Aug/2023:12:00:53 -0300] "POST /cormun/servlet/trautorizarpermisogoce?9f409a68f669826434587600f80bbc07,,gx-no-cache=1692974675584 HTTP/1.1" 200 6902
190.171.141.138 - - [25/Aug/2023:12:00:54 -0300] "POST /cormun/servlet/solicitudotadjuntos?gx-no-cache=1692974677582 HTTP/1.1" 200 26
192.168.10.17 - - [25/Aug/2023:12:00:56 -0300] "POST /cormun/servlet/trsolicitudgral?2bc93658382b0331fe364fabce054eba,,gx-no-cache=1692974677878 HTTP/1.1" 200 105
192.168.10.17 - - [25/Aug/2023:12:00:56 -0300] "GET /cormun/SolicitudGral-6370.xls HTTP/1.1" 200 9216
190.171.153.26 - - [25/Aug/2023:12:00:57 -0300] "POST /cormun/servlet/trautorizarpermisogoce?9f409a68f669826434587600f80bbc07,,gx-no-cache=1692974679105 HTTP/1.1" 200 6689
190.171.144.234 - - [25/Aug/2023:12:01:00 -0300] "GET /cormun/servlet/apermisogoceprn?19820483,P,20230825094014,PU HTTP/1.1" 200 1652
190.171.141.138 - - [25/Aug/2023:12:01:02 -0300] "GET /cormun/servlet/solicitudotadjuntos?c32b4e1ad1d2ce0546482cc389b1e8b6165c26ce7618de0e4ef7fb25204de84b,gx-no-cache=1692974685581 HTTP/1.1" 200 30
190.171.141.138 - - [25/Aug/2023:12:01:02 -0300] "GET /cormun/servlet/solicitudotadjuntos?c32b4e1ad1d2ce0546482cc389b1e8b6165c26ce7618de0e4ef7fb25204de84b,gx-no-cache=1692974685603 HTTP/1.1" 200 30
190.171.141.138 - - [25/Aug/2023:12:01:02 -0300] "POST /cormun/servlet/solicitudotadjuntos?201de3ff7411aa84cb5df0f1c697f554,INS,2023,20527,,1, HTTP/1.1" 200 116
190.171.141.138 - - [25/Aug/2023:12:01:03 -0300] "GET /cormun/servlet/hpexe_return? HTTP/1.1" 200 1019
190.171.141.138 - - [25/Aug/2023:12:01:03 -0300] "GET /cormun/servlet/trsolicitudadjuntos?2023,20527, HTTP/1.1" 200 10568
190.171.141.138 - - [25/Aug/2023:12:01:03 -0300] "GET /cormun/servlet/trsolicitudadjuntos?2023,20527, HTTP/1.1" 200 10566
190.171.153.26 - - [25/Aug/2023:12:01:04 -0300] "POST /cormun/servlet/trautorizarpermisogoce?9f409a68f669826434587600f80bbc07,,gx-no-cache=1692974686575 HTTP/1.1" 200 6476
190.171.144.234 - - [25/Aug/2023:12:01:06 -0300] "GET /cormun/servlet/hlogin HTTP/1.1" 200 1738
190.171.141.138 - - [25/Aug/2023:12:01:07 -0300] "GET /cormun/servlet/solicitudotadjuntos?INS,2023,20527,,1, HTTP/1.1" 200 6511
190.171.141.138 - - [25/Aug/2023:12:01:07 -0300] "GET /cormun/static/about:blank HTTP/1.1" 404 1011
190.171.141.138 - - [25/Aug/2023:12:01:08 -0300] "GET /cormun/servlet/solicitudotadjuntos?INS,2023,20527,,1, HTTP/1.1" 200 6504
190.171.141.138 - - [25/Aug/2023:12:01:08 -0300] "GET /cormun/servlet/solicitudotadjuntos?c32b4e1ad1d2ce0546482cc389b1e8b69a5cff89055f4f4c13a829b463a217cc8c0e678d8c856b4b52d3f5e717d7aa7e,gx-no-cache=1692974691238 HTTP/1.1" 200 30
190.171.141.138 - - [25/Aug/2023:12:01:08 -0300] "POST /cormun/servlet/solicitudotadjuntos?201de3ff7411aa84cb5df0f1c697f554,INS,2023,20527,,1,,gx-no-cache=1692974691252 HTTP/1.1" 200 4183
190.171.153.26 - - [25/Aug/2023:12:01:10 -0300] "POST /cormun/servlet/trautorizarpermisogoce?9f409a68f669826434587600f80bbc07,,gx-no-cache=1692974691832 HTTP/1.1" 200 6266
190.171.141.138 - - [25/Aug/2023:12:01:10 -0300] "POST /cormun/servlet/solicitudotadjuntos?gx-no-cache=1692974693758 HTTP/1.1" 200 26
190.171.153.26 - - [25/Aug/2023:12:01:13 -0300] "POST /cormun/servlet/trautorizarpermisogoce?9f409a68f669826434587600f80bbc07,,gx-no-cache=1692974695008 HTTP/1.1" 200 6050
190.171.153.26 - - [25/Aug/2023:12:01:15 -0300] "POST /cormun/servlet/trautorizarpermisogoce?9f409a68f669826434587600f80bbc07,,gx-no-cache=1692974697264 HTTP/1.1" 200 5820
190.171.153.26 - - [25/Aug/2023:12:01:17 -0300] "POST /cormun/servlet/trautorizarpermisogoce?9f409a68f669826434587600f80bbc07,,gx-no-cache=1692974699024 HTTP/1.1" 200 5579
190.171.153.26 - - [25/Aug/2023:12:01:19 -0300] "POST /cormun/servlet/trautorizarpermisogoce?9f409a68f669826434587600f80bbc07,,gx-no-cache=1692974701488 HTTP/1.1" 200 5285
190.171.153.26 - - [25/Aug/2023:12:01:22 -0300] "POST /cormun/servlet/trautorizarpermisogoce?9f409a68f669826434587600f80bbc07,,gx-no-cache=1692974704184 HTTP/1.1" 200 4526
10.40.40.2 - - [25/Aug/2023:12:01:25 -0300] "POST /cormun/servlet/trsolicitudgral?af31b5f5e5e3d041b0e2699dbb59fa42,,gx-no-cache=1692974709657 HTTP/1.1" 200 9678
10.40.40.2 - - [25/Aug/2023:12:01:25 -0300] "GET /cormun/static/Shared/jqueryui/images/ui-bg_highlight-soft_100_c6c2c8_1x100.png HTTP/1.1" 404 1117
10.40.40.2 - - [25/Aug/2023:12:01:25 -0300] "GET /cormun/static/Shared/jqueryui/images/ui-icons_82798d_256x240.png HTTP/1.1" 404 1089
10.40.40.2 - - [25/Aug/2023:12:01:25 -0300] "GET /cormun/static/Shared/jqueryui/images/ui-bg_flat_55_fafafa_40x100.png HTTP/1.1" 404 1097
10.40.40.2 - - [25/Aug/2023:12:01:25 -0300] "GET /cormun/static/Shared/jqueryui/images/ui-icons_8d78a5_256x240.png HTTP/1.1" 404 1089
190.171.153.26 - - [25/Aug/2023:12:01:35 -0300] "POST /cormun/servlet/trautorizarpermisogoce?9f409a68f669826434587600f80bbc07,,gx-no-cache=1692974717494 HTTP/1.1" 200 5850
190.171.153.26 - - [25/Aug/2023:12:01:58 -0300] "POST /cormun/servlet/trautorizarpermisogoce?9f409a68f669826434587600f80bbc07,,gx-no-cache=1692974739502 HTTP/1.1" 200 15819
190.171.153.26 - - [25/Aug/2023:12:02:08 -0300] "POST /cormun/servlet/trautorizarpermisogoce?9f409a68f669826434587600f80bbc07,,gx-no-cache=1692974750200 HTTP/1.1" 200 5645
190.171.153.26 - - [25/Aug/2023:12:02:16 -0300] "POST /cormun/servlet/trautorizarpermisogoce?9f409a68f669826434587600f80bbc07,,gx-no-cache=1692974757582 HTTP/1.1" 200 15819
190.171.153.26 - - [25/Aug/2023:12:02:25 -0300] "POST /cormun/servlet/trautorizarpermisogoce?9f409a68f669826434587600f80bbc07,,gx-no-cache=1692974766961 HTTP/1.1" 200 4421
190.171.153.26 - - [25/Aug/2023:12:02:34 -0300] "POST /cormun/servlet/trautorizarpermisogoce?9f409a68f669826434587600f80bbc07,,gx-no-cache=1692974775734 HTTP/1.1" 200 15819
190.171.153.26 - - [25/Aug/2023:12:03:00 -0300] "POST /cormun/servlet/trautorizarpermisogoce?9f409a68f669826434587600f80bbc07,,gx-no-cache=1692974802272 HTTP/1.1" 200 5851
190.171.153.26 - - [25/Aug/2023:12:03:12 -0300] "POST /cormun/servlet/trautorizarpermisogoce?9f409a68f669826434587600f80bbc07,,gx-no-cache=1692974813934 HTTP/1.1" 200 15819
190.171.153.26 - - [25/Aug/2023:12:03:48 -0300] "GET /cormun/servlet/trvisualizadoreventos? HTTP/1.1" 200 9217
190.171.153.26 - - [25/Aug/2023:12:03:48 -0300] "GET /cormun/servlet/trvisualizadoreventos? HTTP/1.1" 200 9217
190.171.153.26 - - [25/Aug/2023:12:03:52 -0300] "GET /cormun/servlet/hlogin HTTP/1.1" 200 1742
10.40.40.2 - - [25/Aug/2023:12:04:02 -0300] "GET /cormun/servlet/trautorizarot? HTTP/1.1" 200 10123
10.40.40.2 - - [25/Aug/2023:12:04:02 -0300] "GET /cormun/static/gxui/gxui-all.css?120300 HTTP/1.1" 200 2179
10.40.40.2 - - [25/Aug/2023:12:04:02 -0300] "GET /cormun/static/calendar-system.css?85620 HTTP/1.1" 200 5572
10.40.40.2 - - [25/Aug/2023:12:04:02 -0300] "GET /cormun/static/gxcfg.js?202012169508 HTTP/1.1" 200 953
10.40.40.2 - - [25/Aug/2023:12:04:02 -0300] "GET /cormun/static/Resources/Spanish/PXTools.css?14345360 HTTP/1.1" 200 100853
10.40.40.2 - - [25/Aug/2023:12:04:02 -0300] "GET /cormun/static/trautorizarot.js?2020121695965 HTTP/1.1" 200 53844
10.40.40.2 - - [25/Aug/2023:12:04:02 -0300] "GET /cormun/static/Shared/ext/resources/css/ext-all.css?215870 HTTP/1.1" 200 416045
10.40.40.2 - - [25/Aug/2023:12:04:02 -0300] "GET /cormun//static/Resources/PXToolsDataSearchRemember.gif HTTP/1.1" 200 1153
10.40.40.2 - - [25/Aug/2023:12:04:02 -0300] "GET /cormun/servlet/trautorizarot? HTTP/1.1" 200 10123
10.40.40.2 - - [25/Aug/2023:12:04:10 -0300] "POST /cormun/servlet/trautorizarot?af31b5f5e5e3d041b0e2699dbb59fa42,,gx-no-cache=1692974874460 HTTP/1.1" 200 6577
68.69.184.62 - - [25/Aug/2023:12:08:13 -0300] "CONNECT www.google.com:443 HTTP/1.1" 400 -
190.171.141.138 - - [25/Aug/2023:12:11:18 -0300] "GET /cormun/servlet/hlogin HTTP/1.1" 200 1720
190.171.141.138 - - [25/Aug/2023:12:11:18 -0300] "GET /cormun/static/gxtimezone.js?85251 HTTP/1.1" 200 5781
190.171.141.138 - - [25/Aug/2023:12:11:18 -0300] "GET /cormun/static/gxcfg.js?2022112219184450 HTTP/1.1" 200 953
190.171.141.138 - - [25/Aug/2023:12:11:18 -0300] "GET /cormun/static/messages.spa.js?85251 HTTP/1.1" 200 30736
190.171.141.138 - - [25/Aug/2023:12:11:18 -0300] "GET /cormun/static/Resources/CormunLogin.png HTTP/1.1" 200 19132
190.171.141.138 - - [25/Aug/2023:12:11:18 -0300] "GET /cormun/static/Resources/Spanish/PXTools.css?1759030 HTTP/1.1" 200 100853
190.171.141.138 - - [25/Aug/2023:12:11:18 -0300] "GET /cormun/static/hlogin.js?2022112219184458 HTTP/1.1" 200 2156
190.171.141.138 - - [25/Aug/2023:12:11:19 -0300] "GET /cormun/static/gxgral.js?85251 HTTP/1.1" 200 384558
190.171.141.138 - - [25/Aug/2023:12:11:19 -0300] "GET /cormun/static/Resources/PXToolsLoginBackground.png HTTP/1.1" 200 1164
190.171.141.138 - - [25/Aug/2023:12:11:19 -0300] "GET /cormun/static/Resources/PXToolsButtonBackground.png HTTP/1.1" 200 1176
190.171.141.138 - - [25/Aug/2023:12:11:19 -0300] "GET /cormun/static/Resources/PXToolsLoginBottom.png HTTP/1.1" 200 1389
190.171.141.138 - - [25/Aug/2023:12:11:19 -0300] "GET /cormun/static/Resources/PXToolsLoginTop.png HTTP/1.1" 200 1337
190.171.141.138 - - [25/Aug/2023:12:11:19 -0300] "GET /cormun/static/Resources/PXToolsButtonLeft.png HTTP/1.1" 200 1310
190.171.141.138 - - [25/Aug/2023:12:11:19 -0300] "GET /cormun/static/Resources/PXToolsButtonRight.png HTTP/1.1" 200 1294
190.171.141.138 - - [25/Aug/2023:12:11:19 -0300] "GET /cormun/static/Resources/indicator.gif HTTP/1.1" 200 1553
190.171.141.138 - - [25/Aug/2023:12:11:19 -0300] "GET /cormun/servlet/hlogin HTTP/1.1" 200 1730
190.171.141.138 - - [25/Aug/2023:12:11:19 -0300] "GET /favicon.ico HTTP/1.1" 200 21630
