190.171.141.114 - - [10/Aug/2023:10:54:27 -0300] "POST /cormun/servlet/solicitudot?48a1045661c28ff39e184b8bc19361d6,INS,0,0,false,,gx-no-cache=1691674692457 HTTP/1.1" 200 13222
201.186.225.183 - - [10/Aug/2023:10:54:33 -0300] "POST /cormun/servlet/hlogin?2a7b7b20bc79391783451fd5f575b115,gx-no-cache=1691674698913 HTTP/1.1" 200 90
201.186.225.183 - - [10/Aug/2023:10:54:33 -0300] "GET /cormun/servlet/hpexe_link HTTP/1.1" 200 956
201.186.225.183 - - [10/Aug/2023:10:54:33 -0300] "GET /cormun/servlet/trpermisosgoce HTTP/1.1" 200 18273
201.186.225.183 - - [10/Aug/2023:10:54:34 -0300] "GET /cormun/servlet/trpermisosgoce HTTP/1.1" 200 18261
190.171.141.114 - - [10/Aug/2023:10:54:37 -0300] "GET /cormun/servlet/prsolicitudot?17652229,,,,,MD,,gxPopupLevel%3D0%3B HTTP/1.1" 200 6089
190.171.141.114 - - [10/Aug/2023:10:54:37 -0300] "GET /cormun/static/gxcfg.js?20201215593468 HTTP/1.1" 200 953
190.171.141.114 - - [10/Aug/2023:10:54:37 -0300] "GET /cormun/static/prsolicitudot.js?20201215593721 HTTP/1.1" 200 13680
201.186.225.183 - - [10/Aug/2023:10:54:37 -0300] "GET /cormun/static/menuarrow.gif HTTP/1.1" 404 1015
190.171.141.114 - - [10/Aug/2023:10:54:41 -0300] "GET /cormun/servlet/solicitudot?ea204d6284b7e973a4db845c12e4dcc83ce2ade2c7f385082ec3bfbefcf8a7c40189dd1901510c35de350a5f7e028628217ac7112988833943b63a88651d6e0c316fd827caea4de412ffd77dbe5e32f8f567beb809cc18df24150ff01209deb18a565932834bdd7dd7d28d7f8c07f9f9,gx-no-cache=1691674706511 HTTP/1.1" 200 110
190.171.141.114 - - [10/Aug/2023:10:54:41 -0300] "GET /cormun/servlet/solicitudot?ea204d6284b7e973a4db845c12e4dcc813217c90ce3a0ac43a835fa2d16b176a23b05f132882227a704f0cf7a66e474d,gx-no-cache=1691674706542 HTTP/1.1" 200 134
201.186.225.183 - - [10/Aug/2023:10:54:44 -0300] "POST /cormun/servlet/trpermisosgoce?2a7b7b20bc79391783451fd5f575b115,gx-no-cache=1691674709623 HTTP/1.1" 200 5684
201.186.225.183 - - [10/Aug/2023:10:54:47 -0300] "GET /cormun/servlet/trpermisosadjuntos?15500928,20230607170707,P, HTTP/1.1" 200 6279
201.186.225.183 - - [10/Aug/2023:10:54:47 -0300] "GET /cormun/servlet/trpermisosadjuntos?15500928,20230607170707,P, HTTP/1.1" 200 6279
201.186.225.183 - - [10/Aug/2023:10:54:49 -0300] "GET /cormun/servlet/permisosadjuntos?INS,15500928,P,20230607170707,, HTTP/1.1" 200 5605
201.186.225.183 - - [10/Aug/2023:10:54:49 -0300] "GET /cormun/static/about:blank HTTP/1.1" 404 1011
201.186.225.183 - - [10/Aug/2023:10:54:49 -0300] "GET /cormun/servlet/permisosadjuntos?INS,15500928,P,20230607170707,, HTTP/1.1" 200 5595
201.186.225.183 - - [10/Aug/2023:10:54:54 -0300] "POST /cormun/servlet/permisosadjuntos?2a7b7b20bc79391783451fd5f575b115,INS,15500928,P,20230607170707,, HTTP/1.1" 200 116
201.186.225.183 - - [10/Aug/2023:10:54:54 -0300] "GET /cormun/servlet/hpexe_return? HTTP/1.1" 200 1038
201.186.225.183 - - [10/Aug/2023:10:54:54 -0300] "GET /cormun/servlet/trpermisosadjuntos?15500928,20230607170707,P, HTTP/1.1" 200 6741
201.186.225.183 - - [10/Aug/2023:10:54:55 -0300] "GET /cormun/servlet/trpermisosadjuntos?15500928,20230607170707,P, HTTP/1.1" 200 6738
201.186.225.183 - - [10/Aug/2023:10:54:58 -0300] "GET /cormun/servlet/trpermisosgoce? HTTP/1.1" 200 8516
201.186.225.183 - - [10/Aug/2023:10:54:58 -0300] "GET /cormun/servlet/trpermisosgoce? HTTP/1.1" 200 8515
190.171.141.114 - - [10/Aug/2023:10:55:00 -0300] "GET /cormun/servlet/solicitudot?ea204d6284b7e973a4db845c12e4dcc87d7370ff0b98b00a338df7a42034c2eb23b05f132882227a704f0cf7a66e474d,gx-no-cache=1691674725369 HTTP/1.1" 200 30
190.171.141.114 - - [10/Aug/2023:10:55:00 -0300] "POST /cormun/servlet/solicitudot?gx-no-cache=1691674725396 HTTP/1.1" 200 107
190.171.141.114 - - [10/Aug/2023:10:55:00 -0300] "POST /cormun/servlet/solicitudot?48a1045661c28ff39e184b8bc19361d6,INS,0,0,false,,gx-no-cache=1691674725477 HTTP/1.1" 200 13255
201.186.225.183 - - [10/Aug/2023:10:55:01 -0300] "POST /cormun/servlet/trpermisosgoce?2a7b7b20bc79391783451fd5f575b115,,gx-no-cache=1691674726603 HTTP/1.1" 200 5685
201.186.225.183 - - [10/Aug/2023:10:55:01 -0300] "GET /cormun/static/Shared/jqueryui/images/ui-bg_highlight-soft_100_c6c2c8_1x100.png HTTP/1.1" 404 1117
201.186.225.183 - - [10/Aug/2023:10:55:01 -0300] "GET /cormun/static/Shared/jqueryui/images/ui-bg_flat_55_fafafa_40x100.png HTTP/1.1" 404 1097
201.186.225.183 - - [10/Aug/2023:10:55:01 -0300] "GET /cormun/static/Shared/jqueryui/images/ui-icons_8d78a5_256x240.png HTTP/1.1" 404 1089
201.186.225.183 - - [10/Aug/2023:10:55:01 -0300] "GET /cormun/static/Shared/jqueryui/images/ui-icons_82798d_256x240.png HTTP/1.1" 404 1089
190.171.141.114 - - [10/Aug/2023:10:55:09 -0300] "POST /cormun/servlet/solicitudot?gx-no-cache=1691674734242 HTTP/1.1" 200 30
201.186.225.183 - - [10/Aug/2023:10:55:11 -0300] "GET /cormun/servlet/trpermisosadjuntos?15500928,20230720123520,P, HTTP/1.1" 200 6280
201.186.225.183 - - [10/Aug/2023:10:55:11 -0300] "GET /cormun/servlet/trpermisosadjuntos?15500928,20230720123520,P, HTTP/1.1" 200 6280
201.186.225.183 - - [10/Aug/2023:10:55:13 -0300] "GET /cormun/servlet/permisosadjuntos?INS,15500928,P,20230720123520,, HTTP/1.1" 200 5607
201.186.225.183 - - [10/Aug/2023:10:55:13 -0300] "GET /cormun/static/about:blank HTTP/1.1" 404 1011
201.186.225.183 - - [10/Aug/2023:10:55:13 -0300] "GET /cormun/servlet/permisosadjuntos?INS,15500928,P,20230720123520,, HTTP/1.1" 200 5597
190.171.141.114 - - [10/Aug/2023:10:55:15 -0300] "POST /cormun/servlet/solicitudot?gx-no-cache=1691674739836 HTTP/1.1" 200 1468
190.171.141.114 - - [10/Aug/2023:10:55:15 -0300] "POST /cormun/servlet/solicitudot?gx-no-cache=1691674739934 HTTP/1.1" 200 41
190.171.141.114 - - [10/Aug/2023:10:55:15 -0300] "GET /cormun/servlet/solicitudot?ea204d6284b7e973a4db845c12e4dcc83ce2ade2c7f385082ec3bfbefcf8a7c40189dd1901510c35de350a5f7e028628217ac7112988833943b63a88651d6e0c316fd827caea4de412ffd77dbe5e32f8f567beb809cc18df24150ff01209deb18a565932834bdd7dd7d28d7f8c07f9f9,gx-no-cache=1691674739968 HTTP/1.1" 200 110
190.171.141.114 - - [10/Aug/2023:10:55:15 -0300] "POST /cormun/servlet/solicitudot?gx-no-cache=1691674740013 HTTP/1.1" 200 97
190.171.141.114 - - [10/Aug/2023:10:55:17 -0300] "POST /cormun/servlet/solicitudot?gx-no-cache=1691674741844 HTTP/1.1" 200 30
190.171.141.114 - - [10/Aug/2023:10:55:17 -0300] "POST /cormun/servlet/solicitudot?gx-no-cache=1691674741896 HTTP/1.1" 200 1468
190.171.141.114 - - [10/Aug/2023:10:55:17 -0300] "POST /cormun/servlet/solicitudot?gx-no-cache=1691674741980 HTTP/1.1" 200 41
190.171.141.114 - - [10/Aug/2023:10:55:17 -0300] "GET /cormun/servlet/solicitudot?ea204d6284b7e973a4db845c12e4dcc83ce2ade2c7f385082ec3bfbefcf8a7c40189dd1901510c35de350a5f7e028628217ac7112988833943b63a88651d6e0c316fd827caea4de412ffd77dbe5e32f8f567beb809cc18df24150ff01209deb18a565932834bdd7dd7d28d7f8c07f9f9,gx-no-cache=1691674742024 HTTP/1.1" 200 110
200.54.103.162 - - [10/Aug/2023:10:55:17 -0300] "GET /cormun/servlet/trhorasextras? HTTP/1.1" 200 7724
190.171.141.114 - - [10/Aug/2023:10:55:17 -0300] "POST /cormun/servlet/solicitudot?gx-no-cache=1691674742099 HTTP/1.1" 200 97
200.54.103.162 - - [10/Aug/2023:10:55:17 -0300] "GET /cormun/servlet/trhorasextras? HTTP/1.1" 200 7724
201.186.225.183 - - [10/Aug/2023:10:55:19 -0300] "POST /cormun/servlet/permisosadjuntos?2a7b7b20bc79391783451fd5f575b115,INS,15500928,P,20230720123520,, HTTP/1.1" 200 116
201.186.225.183 - - [10/Aug/2023:10:55:19 -0300] "GET /cormun/servlet/hpexe_return? HTTP/1.1" 200 1037
201.186.225.183 - - [10/Aug/2023:10:55:19 -0300] "GET /cormun/servlet/trpermisosadjuntos?15500928,20230720123520,P, HTTP/1.1" 200 6742
201.186.225.183 - - [10/Aug/2023:10:55:19 -0300] "GET /cormun/servlet/trpermisosadjuntos?15500928,20230720123520,P, HTTP/1.1" 200 6738
201.186.225.183 - - [10/Aug/2023:10:55:22 -0300] "GET /cormun/servlet/trpermisosgoce? HTTP/1.1" 200 8483
201.186.225.183 - - [10/Aug/2023:10:55:22 -0300] "GET /cormun/servlet/trpermisosgoce? HTTP/1.1" 200 8482
200.54.103.162 - - [10/Aug/2023:10:55:24 -0300] "GET /cormun/static/menuarrow.gif HTTP/1.1" 404 1015
201.186.225.183 - - [10/Aug/2023:10:55:24 -0300] "POST /cormun/servlet/trpermisosgoce?2a7b7b20bc79391783451fd5f575b115,,gx-no-cache=1691674750439 HTTP/1.1" 200 5672
201.186.225.183 - - [10/Aug/2023:10:55:31 -0300] "POST /cormun/servlet/trpermisosgoce?2a7b7b20bc79391783451fd5f575b115,,gx-no-cache=1691674757529 HTTP/1.1" 200 4864
190.171.141.114 - - [10/Aug/2023:10:55:32 -0300] "POST /cormun/servlet/solicitudot?gx-no-cache=1691674757497 HTTP/1.1" 200 32
200.54.103.162 - - [10/Aug/2023:10:55:33 -0300] "POST /cormun/servlet/trhorasextras?320ceaf11d0ebe08cf64a2ff29ae971c,,gx-no-cache=1691674757753 HTTP/1.1" 200 4529
201.186.225.183 - - [10/Aug/2023:10:55:33 -0300] "GET /cormun/servlet/trpermisosadjuntos?10731207,20230724085411,P, HTTP/1.1" 200 6286
190.171.141.114 - - [10/Aug/2023:10:55:33 -0300] "POST /cormun/servlet/solicitudot?48a1045661c28ff39e184b8bc19361d6,INS,0,0,false,,gx-no-cache=1691674757534 HTTP/1.1" 200 93
201.186.225.183 - - [10/Aug/2023:10:55:33 -0300] "GET /cormun/servlet/trpermisosadjuntos?10731207,20230724085411,P, HTTP/1.1" 200 6286
190.171.141.114 - - [10/Aug/2023:10:55:33 -0300] "GET /cormun/servlet/hpexe_return? HTTP/1.1" 200 1011
190.171.141.114 - - [10/Aug/2023:10:55:34 -0300] "GET /cormun/static/gxcfg.js?20221129846035 HTTP/1.1" 304 -
190.171.141.114 - - [10/Aug/2023:10:55:34 -0300] "GET /cormun/static/hpexe_return.js?20221129846037 HTTP/1.1" 304 -
190.171.141.114 - - [10/Aug/2023:10:55:34 -0300] "GET /cormun/servlet/trsolicitudot HTTP/1.1" 200 8651
190.171.141.114 - - [10/Aug/2023:10:55:34 -0300] "GET /cormun//static/Resources/PXToolsActionView.png HTTP/1.1" 200 398
190.171.141.114 - - [10/Aug/2023:10:55:34 -0300] "GET /cormun//static/Resources/PXToolsRemoveAllAction.png HTTP/1.1" 200 487
190.171.141.114 - - [10/Aug/2023:10:55:34 -0300] "GET /cormun/servlet/trsolicitudot HTTP/1.1" 200 8647
201.186.225.183 - - [10/Aug/2023:10:55:35 -0300] "GET /cormun/servlet/permisosadjuntos?INS,10731207,P,20230724085411,, HTTP/1.1" 200 5609
201.186.225.183 - - [10/Aug/2023:10:55:35 -0300] "GET /cormun/static/about:blank HTTP/1.1" 404 1011
201.186.225.183 - - [10/Aug/2023:10:55:35 -0300] "GET /cormun/servlet/permisosadjuntos?INS,10731207,P,20230724085411,, HTTP/1.1" 200 5599
190.171.141.114 - - [10/Aug/2023:10:55:38 -0300] "GET /cormun/servlet/solicitudot?INS,0,0,false, HTTP/1.1" 200 15938
190.171.141.114 - - [10/Aug/2023:10:55:38 -0300] "GET /cormun/servlet/solicitudot?INS,0,0,false, HTTP/1.1" 200 15946
192.168.10.17 - - [10/Aug/2023:10:55:40 -0300] "GET /cormun/servlet/vesolicitudgral?2023,20492,, HTTP/1.1" 200 8400
192.168.10.17 - - [10/Aug/2023:10:55:40 -0300] "GET /cormun/pexe_scrolldiv.js HTTP/1.1" 404 1009
192.168.10.17 - - [10/Aug/2023:10:55:41 -0300] "GET /cormun/servlet/vesolicitudgral?2023,20492,, HTTP/1.1" 200 8399
200.54.103.162 - - [10/Aug/2023:10:55:41 -0300] "GET /cormun/servlet/trautorizarsolicitud? HTTP/1.1" 200 7452
200.54.103.162 - - [10/Aug/2023:10:55:41 -0300] "GET /cormun/static/gxcfg.js?202211298474254 HTTP/1.1" 200 953
200.54.103.162 - - [10/Aug/2023:10:55:41 -0300] "GET /cormun/static/trautorizarsolicitud.js?202211298474588 HTTP/1.1" 200 53909
200.54.103.162 - - [10/Aug/2023:10:55:41 -0300] "GET /cormun/servlet/trautorizarsolicitud? HTTP/1.1" 200 7452
201.186.225.183 - - [10/Aug/2023:10:55:42 -0300] "POST /cormun/servlet/permisosadjuntos?2a7b7b20bc79391783451fd5f575b115,INS,10731207,P,20230724085411,, HTTP/1.1" 200 116
201.186.225.183 - - [10/Aug/2023:10:55:42 -0300] "GET /cormun/servlet/hpexe_return? HTTP/1.1" 200 1037
201.186.225.183 - - [10/Aug/2023:10:55:42 -0300] "GET /cormun/servlet/trpermisosadjuntos?10731207,20230724085411,P, HTTP/1.1" 200 6746
201.186.225.183 - - [10/Aug/2023:10:55:42 -0300] "GET /cormun/servlet/trpermisosadjuntos?10731207,20230724085411,P, HTTP/1.1" 200 6745
201.186.225.183 - - [10/Aug/2023:10:55:46 -0300] "GET /cormun/servlet/trpermisosgoce? HTTP/1.1" 200 7650
201.186.225.183 - - [10/Aug/2023:10:55:46 -0300] "GET /cormun/servlet/trpermisosgoce? HTTP/1.1" 200 7649
201.186.225.183 - - [10/Aug/2023:10:55:48 -0300] "POST /cormun/servlet/trpermisosgoce?2a7b7b20bc79391783451fd5f575b115,,gx-no-cache=1691674773614 HTTP/1.1" 200 4855
200.54.103.162 - - [10/Aug/2023:10:55:50 -0300] "POST /cormun/servlet/trautorizarsolicitud?320ceaf11d0ebe08cf64a2ff29ae971c,,gx-no-cache=1691674775640 HTTP/1.1" 200 4548
200.54.103.162 - - [10/Aug/2023:10:55:52 -0300] "POST /cormun/servlet/trautorizarsolicitud?320ceaf11d0ebe08cf64a2ff29ae971c,,gx-no-cache=1691674777120 HTTP/1.1" 200 4548
190.171.141.114 - - [10/Aug/2023:10:55:55 -0300] "POST /cormun/servlet/solicitudot?gx-no-cache=1691674780245 HTTP/1.1" 200 3990
190.171.141.114 - - [10/Aug/2023:10:55:55 -0300] "POST /cormun/servlet/solicitudot?48a1045661c28ff39e184b8bc19361d6,INS,0,0,false,,gx-no-cache=1691674780468 HTTP/1.1" 200 12546
201.186.225.183 - - [10/Aug/2023:10:55:55 -0300] "POST /cormun/servlet/trpermisosgoce?2a7b7b20bc79391783451fd5f575b115,,gx-no-cache=1691674781393 HTTP/1.1" 200 5079
201.186.225.183 - - [10/Aug/2023:10:55:57 -0300] "GET /cormun/servlet/trpermisosadjuntos?8259312,20230724091710,P, HTTP/1.1" 200 6280
201.186.225.183 - - [10/Aug/2023:10:55:57 -0300] "GET /cormun/servlet/trpermisosadjuntos?8259312,20230724091710,P, HTTP/1.1" 200 6281
200.54.103.162 - - [10/Aug/2023:10:55:57 -0300] "GET /cormun/servlet/trvisualizadoreventos? HTTP/1.1" 200 6942
200.54.103.162 - - [10/Aug/2023:10:55:58 -0300] "GET /cormun/servlet/trvisualizadoreventos? HTTP/1.1" 200 6942
190.171.141.114 - - [10/Aug/2023:10:55:58 -0300] "GET /cormun/servlet/solicitudot?ea204d6284b7e973a4db845c12e4dcc86ac42cf186e63874bdf058f74df7df398735878aef8295853efff7828db6404e,gx-no-cache=1691674783068 HTTP/1.1" 200 30
200.54.103.162 - - [10/Aug/2023:10:56:01 -0300] "POST /cormun/servlet/trvisualizadoreventos?320ceaf11d0ebe08cf64a2ff29ae971c,,gx-no-cache=1691674786744 HTTP/1.1" 200 4028
201.186.225.183 - - [10/Aug/2023:10:56:02 -0300] "GET /cormun/servlet/trpermisosgoce? HTTP/1.1" 200 7867
201.186.225.183 - - [10/Aug/2023:10:56:02 -0300] "GET /cormun/servlet/trpermisosgoce? HTTP/1.1" 200 7868
201.186.225.183 - - [10/Aug/2023:10:56:05 -0300] "GET /cormun/servlet/trpermisosadjuntos?8259312,20230724091710,P, HTTP/1.1" 200 6280
201.186.225.183 - - [10/Aug/2023:10:56:06 -0300] "GET /cormun/servlet/trpermisosadjuntos?8259312,20230724091710,P, HTTP/1.1" 200 6281
201.186.225.183 - - [10/Aug/2023:10:56:07 -0300] "GET /cormun/servlet/permisosadjuntos?INS,8259312,P,20230724091710,, HTTP/1.1" 200 5605
201.186.225.183 - - [10/Aug/2023:10:56:07 -0300] "GET /cormun/static/about:blank HTTP/1.1" 404 1011
201.186.225.183 - - [10/Aug/2023:10:56:07 -0300] "GET /cormun/servlet/permisosadjuntos?INS,8259312,P,20230724091710,, HTTP/1.1" 200 5595
200.54.103.162 - - [10/Aug/2023:10:56:10 -0300] "GET /cormun/servlet/trcargahoraria? HTTP/1.1" 200 6732
200.54.103.162 - - [10/Aug/2023:10:56:10 -0300] "GET /cormun/static/gxcfg.js?202012113392337 HTTP/1.1" 200 953
200.54.103.162 - - [10/Aug/2023:10:56:10 -0300] "GET /cormun/static/trcargahoraria.js?202012113392783 HTTP/1.1" 200 28768
200.54.103.162 - - [10/Aug/2023:10:56:10 -0300] "GET /cormun/servlet/trcargahoraria? HTTP/1.1" 200 6731
200.54.103.162 - - [10/Aug/2023:10:56:13 -0300] "GET /cormun/servlet/trreportecargahoraria? HTTP/1.1" 200 6914
200.54.103.162 - - [10/Aug/2023:10:56:13 -0300] "GET /cormun/static/gxcfg.js?202211298504121 HTTP/1.1" 200 953
200.54.103.162 - - [10/Aug/2023:10:56:13 -0300] "GET /cormun/static/trreportecargahoraria.js?20221129850435 HTTP/1.1" 200 29376
200.54.103.162 - - [10/Aug/2023:10:56:13 -0300] "GET /cormun/servlet/trreportecargahoraria? HTTP/1.1" 200 6913
201.186.225.183 - - [10/Aug/2023:10:56:13 -0300] "POST /cormun/servlet/permisosadjuntos?2a7b7b20bc79391783451fd5f575b115,INS,8259312,P,20230724091710,, HTTP/1.1" 200 116
201.186.225.183 - - [10/Aug/2023:10:56:13 -0300] "GET /cormun/servlet/hpexe_return? HTTP/1.1" 200 1037
201.186.225.183 - - [10/Aug/2023:10:56:13 -0300] "GET /cormun/servlet/trpermisosadjuntos?8259312,20230724091710,P, HTTP/1.1" 200 6740
201.186.225.183 - - [10/Aug/2023:10:56:14 -0300] "GET /cormun/servlet/trpermisosadjuntos?8259312,20230724091710,P, HTTP/1.1" 200 6735
201.186.225.183 - - [10/Aug/2023:10:56:21 -0300] "GET /cormun/servlet/trpermisosgoce? HTTP/1.1" 200 7867
201.186.225.183 - - [10/Aug/2023:10:56:21 -0300] "GET /cormun/servlet/trpermisosgoce? HTTP/1.1" 200 7868
200.54.103.162 - - [10/Aug/2023:10:56:22 -0300] "POST /cormun/servlet/trreportecargahoraria?320ceaf11d0ebe08cf64a2ff29ae971c,,gx-no-cache=1691674807153 HTTP/1.1" 200 4208
190.171.141.114 - - [10/Aug/2023:10:56:23 -0300] "GET /cormun/servlet/solicitudot?ea204d6284b7e973a4db845c12e4dcc8e7f28bfb0b1523f86435b9c9d64a0767,gx-no-cache=1691674808662 HTTP/1.1" 200 94
190.171.141.114 - - [10/Aug/2023:10:56:23 -0300] "GET /cormun/static/Shared/jqueryui/images/ui-bg_highlight-soft_100_c6c2c8_1x100.png HTTP/1.1" 404 1117
190.171.141.114 - - [10/Aug/2023:10:56:23 -0300] "GET /cormun/static/Shared/jqueryui/images/ui-icons_82798d_256x240.png HTTP/1.1" 404 1089
190.171.141.114 - - [10/Aug/2023:10:56:23 -0300] "GET /cormun/static/Shared/jqueryui/images/ui-bg_flat_55_994d53_40x100.png HTTP/1.1" 404 1097
190.171.141.114 - - [10/Aug/2023:10:56:23 -0300] "GET /cormun/static/Shared/jqueryui/images/ui-icons_ebccce_256x240.png HTTP/1.1" 404 1089
190.171.141.114 - - [10/Aug/2023:10:56:23 -0300] "GET /cormun/servlet/solicitudot?ea204d6284b7e973a4db845c12e4dcc8e31e49d552fc9e43e13a8bc626f9655f,gx-no-cache=1691674808746 HTTP/1.1" 200 29
201.186.225.183 - - [10/Aug/2023:10:56:24 -0300] "POST /cormun/servlet/trpermisosgoce?2a7b7b20bc79391783451fd5f575b115,,gx-no-cache=1691674809550 HTTP/1.1" 200 5067
190.171.141.114 - - [10/Aug/2023:10:56:25 -0300] "POST /cormun/servlet/solicitudot?gx-no-cache=1691674810380 HTTP/1.1" 200 240
200.54.103.162 - - [10/Aug/2023:10:56:26 -0300] "GET /cormun/servlet/trlicencias? HTTP/1.1" 200 13137
200.54.103.162 - - [10/Aug/2023:10:56:27 -0300] "GET /cormun/servlet/trlicencias? HTTP/1.1" 200 13140
190.171.141.114 - - [10/Aug/2023:10:56:28 -0300] "GET /cormun/servlet/solicitudot?ea204d6284b7e973a4db845c12e4dcc8bef23be8bde619cdd82077247b09f9f8891b4ae4500dce648f78912045958d10fb989bdc112d94202bf4bab5f77a2c22c65603efbbf03d17f19a82943c3418f4ff18fc112cf847eb20a6c408bcbb996f6f36e541fb6e9afc6155d59594afd870fa4ab0c9e55505e18b98259db5388f2d13201e35d3bddae7bd42163a246ce04fa0703b76852501d325102b38e8311fef6a8e4877ae53988314489c1210954d8f321f0f297a706d5685431e3e65b8ae94cfe52a907923b0f97df795f62c1b38e4cd44a47b29669e5d5e48ac6fd79bef048b974bb7861913de30867be4567bd49fb257621faaab4600c2eee1870511aa1a9021a7a882c70b77c7a853030f1c1cf0db36d48562a41c7212ed0a114b718548ec91194c59a6a90529ddba6e0dca8313e00a2c4264d813437cedf353df79797e02663141cb5a4a552cc51b2412c741a03d66b7780a5e1bc629cb5ad66e620d31b8516ced1ba588be6eee3cd57093fab3234bc760a170ff76bc5ca65a0ed72552,gx-no-cache=1691674813084 HTTP/1.1" 200 30
201.186.225.183 - - [10/Aug/2023:10:56:32 -0300] "POST /cormun/servlet/trpermisosgoce?2a7b7b20bc79391783451fd5f575b115,,gx-no-cache=1691674818277 HTTP/1.1" 200 5272
190.171.141.114 - - [10/Aug/2023:10:56:35 -0300] "POST /cormun/servlet/solicitudot?gx-no-cache=1691674820000 HTTP/1.1" 200 30
190.171.141.114 - - [10/Aug/2023:10:56:35 -0300] "POST /cormun/servlet/solicitudot?gx-no-cache=1691674820041 HTTP/1.1" 200 1468
190.171.141.114 - - [10/Aug/2023:10:56:35 -0300] "POST /cormun/servlet/solicitudot?gx-no-cache=1691674820087 HTTP/1.1" 200 38
201.186.225.183 - - [10/Aug/2023:10:56:36 -0300] "GET /cormun/servlet/trpermisosadjuntos?10204581,20230731145908,P, HTTP/1.1" 200 6281
201.186.225.183 - - [10/Aug/2023:10:56:36 -0300] "GET /cormun/servlet/trpermisosadjuntos?10204581,20230731145908,P, HTTP/1.1" 200 6282
201.186.225.183 - - [10/Aug/2023:10:56:37 -0300] "GET /cormun/servlet/permisosadjuntos?INS,10204581,P,20230731145908,, HTTP/1.1" 200 5605
201.186.225.183 - - [10/Aug/2023:10:56:37 -0300] "GET /cormun/static/about:blank HTTP/1.1" 404 1011
201.186.225.183 - - [10/Aug/2023:10:56:37 -0300] "GET /cormun/servlet/permisosadjuntos?INS,10204581,P,20230731145908,, HTTP/1.1" 200 5595
200.54.103.162 - - [10/Aug/2023:10:56:40 -0300] "GET /cormun/servlet/trcontratounov2? HTTP/1.1" 200 18003
200.54.103.162 - - [10/Aug/2023:10:56:40 -0300] "GET /cormun/servlet/trcontratounov2? HTTP/1.1" 200 18006
201.186.225.183 - - [10/Aug/2023:10:56:42 -0300] "POST /cormun/servlet/permisosadjuntos?2a7b7b20bc79391783451fd5f575b115,INS,10204581,P,20230731145908,, HTTP/1.1" 200 116
201.186.225.183 - - [10/Aug/2023:10:56:42 -0300] "GET /cormun/servlet/hpexe_return? HTTP/1.1" 200 1038
201.186.225.183 - - [10/Aug/2023:10:56:42 -0300] "GET /cormun/servlet/trpermisosadjuntos?10204581,20230731145908,P, HTTP/1.1" 200 6743
201.186.225.183 - - [10/Aug/2023:10:56:42 -0300] "GET /cormun/servlet/trpermisosadjuntos?10204581,20230731145908,P, HTTP/1.1" 200 6740
201.186.225.183 - - [10/Aug/2023:10:56:45 -0300] "GET /cormun/servlet/trpermisosgoce? HTTP/1.1" 200 8057
201.186.225.183 - - [10/Aug/2023:10:56:45 -0300] "GET /cormun/servlet/trpermisosgoce? HTTP/1.1" 200 8057
201.186.225.183 - - [10/Aug/2023:10:56:47 -0300] "POST /cormun/servlet/trpermisosgoce?2a7b7b20bc79391783451fd5f575b115,,gx-no-cache=1691674833298 HTTP/1.1" 200 5239
201.186.225.183 - - [10/Aug/2023:10:56:54 -0300] "GET /cormun/servlet/trpermisosadjuntos?10204581,20230731145941,P, HTTP/1.1" 200 6280
201.186.225.183 - - [10/Aug/2023:10:56:54 -0300] "GET /cormun/servlet/trpermisosadjuntos?10204581,20230731145941,P, HTTP/1.1" 200 6281
201.186.225.183 - - [10/Aug/2023:10:56:57 -0300] "GET /cormun/servlet/permisosadjuntos?INS,10204581,P,20230731145941,, HTTP/1.1" 200 5604
201.186.225.183 - - [10/Aug/2023:10:56:57 -0300] "GET /cormun/static/about:blank HTTP/1.1" 404 1011
201.186.225.183 - - [10/Aug/2023:10:56:57 -0300] "GET /cormun/servlet/permisosadjuntos?INS,10204581,P,20230731145941,, HTTP/1.1" 200 5594
201.186.225.183 - - [10/Aug/2023:10:57:04 -0300] "POST /cormun/servlet/permisosadjuntos?2a7b7b20bc79391783451fd5f575b115,INS,10204581,P,20230731145941,, HTTP/1.1" 200 116
201.186.225.183 - - [10/Aug/2023:10:57:05 -0300] "GET /cormun/servlet/hpexe_return? HTTP/1.1" 200 1038
201.186.225.183 - - [10/Aug/2023:10:57:05 -0300] "GET /cormun/servlet/trpermisosadjuntos?10204581,20230731145941,P, HTTP/1.1" 200 6743
201.186.225.183 - - [10/Aug/2023:10:57:05 -0300] "GET /cormun/servlet/trpermisosadjuntos?10204581,20230731145941,P, HTTP/1.1" 200 6739
201.186.225.183 - - [10/Aug/2023:10:57:09 -0300] "GET /cormun/servlet/trpermisosgoce? HTTP/1.1" 200 8014
201.186.225.183 - - [10/Aug/2023:10:57:09 -0300] "GET /cormun/servlet/trpermisosgoce? HTTP/1.1" 200 8013
201.186.225.183 - - [10/Aug/2023:10:57:11 -0300] "POST /cormun/servlet/trpermisosgoce?2a7b7b20bc79391783451fd5f575b115,,gx-no-cache=1691674857042 HTTP/1.1" 200 5232
190.171.141.114 - - [10/Aug/2023:10:57:15 -0300] "POST /cormun/servlet/solicitudot?gx-no-cache=1691674860699 HTTP/1.1" 200 30
190.171.141.114 - - [10/Aug/2023:10:57:19 -0300] "GET /cormun/servlet/prfichaempleado?,MD,,gxPopupLevel%3D0%3B HTTP/1.1" 200 9304
201.186.225.183 - - [10/Aug/2023:10:57:22 -0300] "POST /cormun/servlet/trpermisosgoce?2a7b7b20bc79391783451fd5f575b115,,gx-no-cache=1691674867877 HTTP/1.1" 200 5101
201.186.225.183 - - [10/Aug/2023:10:57:25 -0300] "GET /cormun/servlet/trpermisosadjuntos?15107975,20230731150420,P, HTTP/1.1" 200 6285
201.186.225.183 - - [10/Aug/2023:10:57:25 -0300] "GET /cormun/servlet/trpermisosadjuntos?15107975,20230731150420,P, HTTP/1.1" 200 6286
201.186.225.183 - - [10/Aug/2023:10:57:26 -0300] "GET /cormun/servlet/permisosadjuntos?INS,15107975,P,20230731150420,, HTTP/1.1" 200 5610
201.186.225.183 - - [10/Aug/2023:10:57:26 -0300] "GET /cormun/static/about:blank HTTP/1.1" 404 1011
201.186.225.183 - - [10/Aug/2023:10:57:26 -0300] "GET /cormun/servlet/permisosadjuntos?INS,15107975,P,20230731150420,, HTTP/1.1" 200 5600
201.186.225.183 - - [10/Aug/2023:10:57:32 -0300] "POST /cormun/servlet/permisosadjuntos?2a7b7b20bc79391783451fd5f575b115,INS,15107975,P,20230731150420,, HTTP/1.1" 200 116
201.186.225.183 - - [10/Aug/2023:10:57:32 -0300] "GET /cormun/servlet/hpexe_return? HTTP/1.1" 200 1038
201.186.225.183 - - [10/Aug/2023:10:57:32 -0300] "GET /cormun/servlet/trpermisosadjuntos?15107975,20230731150420,P, HTTP/1.1" 200 6747
201.186.225.183 - - [10/Aug/2023:10:57:32 -0300] "GET /cormun/servlet/trpermisosadjuntos?15107975,20230731150420,P, HTTP/1.1" 200 6744
190.171.141.114 - - [10/Aug/2023:10:57:33 -0300] "POST /cormun/servlet/prfichaempleado?48a1045661c28ff39e184b8bc19361d6,,MD,,gxPopupLevel%3D0%3B,gx-no-cache=1691674877885 HTTP/1.1" 200 3411
201.186.225.183 - - [10/Aug/2023:10:57:35 -0300] "GET /cormun/servlet/trpermisosgoce? HTTP/1.1" 200 7885
201.186.225.183 - - [10/Aug/2023:10:57:35 -0300] "GET /cormun/servlet/trpermisosgoce? HTTP/1.1" 200 7884
201.186.225.183 - - [10/Aug/2023:10:57:37 -0300] "POST /cormun/servlet/trpermisosgoce?2a7b7b20bc79391783451fd5f575b115,,gx-no-cache=1691674883022 HTTP/1.1" 200 5074
190.171.141.114 - - [10/Aug/2023:10:57:40 -0300] "POST /cormun/servlet/solicitudot?gx-no-cache=1691674885060 HTTP/1.1" 200 1468
190.171.141.114 - - [10/Aug/2023:10:57:40 -0300] "GET /cormun/static/menuarrow.gif HTTP/1.1" 404 1015
201.186.225.183 - - [10/Aug/2023:10:57:44 -0300] "GET /cormun/servlet/trpermisosgoce? HTTP/1.1" 200 7849
201.186.225.183 - - [10/Aug/2023:10:57:44 -0300] "GET /cormun/servlet/trpermisosgoce? HTTP/1.1" 200 7849
190.171.141.114 - - [10/Aug/2023:10:57:46 -0300] "POST /cormun/servlet/solicitudot?gx-no-cache=1691674891427 HTTP/1.1" 200 118
190.171.141.114 - - [10/Aug/2023:10:57:46 -0300] "GET /cormun/servlet/solicitudot?ea204d6284b7e973a4db845c12e4dcc83ce2ade2c7f385082ec3bfbefcf8a7c40189dd1901510c35de350a5f7e028628217ac7112988833943b63a88651d6e0c316fd827caea4de412ffd77dbe5e32f8f567beb809cc18df24150ff01209deb18a565932834bdd7dd7d28d7f8c07f9f9,gx-no-cache=1691674891470 HTTP/1.1" 200 110
190.171.141.114 - - [10/Aug/2023:10:57:46 -0300] "POST /cormun/servlet/solicitudot?gx-no-cache=1691674891502 HTTP/1.1" 200 97
181.212.47.137 - - [10/Aug/2023:10:57:48 -0300] "GET /cormun/servlet/trsolicitudgral? HTTP/1.1" 200 29652
181.212.47.137 - - [10/Aug/2023:10:57:49 -0300] "GET /cormun/servlet/trsolicitudgral? HTTP/1.1" 200 29650
201.186.225.183 - - [10/Aug/2023:10:57:52 -0300] "POST /cormun/servlet/trpermisosgoce?2a7b7b20bc79391783451fd5f575b115,,gx-no-cache=1691674897933 HTTP/1.1" 200 5097
201.186.225.183 - - [10/Aug/2023:10:57:55 -0300] "GET /cormun/servlet/trpermisosadjuntos?17136588,20230731150312,P, HTTP/1.1" 200 6299
201.186.225.183 - - [10/Aug/2023:10:57:55 -0300] "GET /cormun/servlet/trpermisosadjuntos?17136588,20230731150312,P, HTTP/1.1" 200 6300
201.186.225.183 - - [10/Aug/2023:10:57:57 -0300] "GET /cormun/servlet/permisosadjuntos?INS,17136588,P,20230731150312,, HTTP/1.1" 200 5624
201.186.225.183 - - [10/Aug/2023:10:57:57 -0300] "GET /cormun/static/about:blank HTTP/1.1" 404 1011
201.186.225.183 - - [10/Aug/2023:10:57:57 -0300] "GET /cormun/servlet/permisosadjuntos?INS,17136588,P,20230731150312,, HTTP/1.1" 200 5614
190.171.141.114 - - [10/Aug/2023:10:57:59 -0300] "GET /cormun/servlet/solicitudot?ea204d6284b7e973a4db845c12e4dcc845a70b34e0e0259b6b4791dc1b3efff9c9465a752504d9a1d8b28a94dad4a3bcfeec4f5c70296b1ad7d355073a3abc3efa6d70e79ce9be8b862e47bc028e95d340434527bfca3d55f709ce656e3b8f21e3c59b21ad102479e896db82c424d4dc,gx-no-cache=1691674904082 HTTP/1.1" 200 29
201.186.225.183 - - [10/Aug/2023:10:58:02 -0300] "POST /cormun/servlet/permisosadjuntos?2a7b7b20bc79391783451fd5f575b115,INS,17136588,P,20230731150312,, HTTP/1.1" 200 116
201.186.225.183 - - [10/Aug/2023:10:58:02 -0300] "GET /cormun/servlet/hpexe_return? HTTP/1.1" 200 1038
201.186.225.183 - - [10/Aug/2023:10:58:02 -0300] "GET /cormun/servlet/trpermisosadjuntos?17136588,20230731150312,P, HTTP/1.1" 200 6761
201.186.225.183 - - [10/Aug/2023:10:58:02 -0300] "GET /cormun/servlet/trpermisosadjuntos?17136588,20230731150312,P, HTTP/1.1" 200 6758
201.186.225.183 - - [10/Aug/2023:10:58:05 -0300] "GET /cormun/servlet/trpermisosgoce? HTTP/1.1" 200 7897
201.186.225.183 - - [10/Aug/2023:10:58:05 -0300] "GET /cormun/servlet/trpermisosgoce? HTTP/1.1" 200 7896
201.186.225.183 - - [10/Aug/2023:10:58:07 -0300] "POST /cormun/servlet/trpermisosgoce?2a7b7b20bc79391783451fd5f575b115,,gx-no-cache=1691674912771 HTTP/1.1" 200 5087
201.186.225.183 - - [10/Aug/2023:10:58:14 -0300] "POST /cormun/servlet/trpermisosgoce?2a7b7b20bc79391783451fd5f575b115,,gx-no-cache=1691674919661 HTTP/1.1" 200 5715
201.186.225.183 - - [10/Aug/2023:10:58:18 -0300] "GET /cormun/servlet/trpermisosadjuntos?19220262,20230731151743,P, HTTP/1.1" 200 6287
66.249.66.196 - - [10/Aug/2023:10:58:18 -0300] "GET /cormun/static/Resources/PXToolsAddAllAction.png HTTP/1.1" 200 495
201.186.225.183 - - [10/Aug/2023:10:58:18 -0300] "GET /cormun/servlet/trpermisosadjuntos?19220262,20230731151743,P, HTTP/1.1" 200 6288
201.186.225.183 - - [10/Aug/2023:10:58:19 -0300] "GET /cormun/servlet/permisosadjuntos?INS,19220262,P,20230731151743,, HTTP/1.1" 200 5612
201.186.225.183 - - [10/Aug/2023:10:58:19 -0300] "GET /cormun/static/about:blank HTTP/1.1" 404 1011
201.186.225.183 - - [10/Aug/2023:10:58:19 -0300] "GET /cormun/servlet/permisosadjuntos?INS,19220262,P,20230731151743,, HTTP/1.1" 200 5602
201.186.225.183 - - [10/Aug/2023:10:58:24 -0300] "POST /cormun/servlet/permisosadjuntos?2a7b7b20bc79391783451fd5f575b115,INS,19220262,P,20230731151743,, HTTP/1.1" 200 116
201.186.225.183 - - [10/Aug/2023:10:58:24 -0300] "GET /cormun/servlet/hpexe_return? HTTP/1.1" 200 1037
201.186.225.183 - - [10/Aug/2023:10:58:25 -0300] "GET /cormun/servlet/trpermisosadjuntos?19220262,20230731151743,P, HTTP/1.1" 200 6750
201.186.225.183 - - [10/Aug/2023:10:58:25 -0300] "GET /cormun/servlet/trpermisosadjuntos?19220262,20230731151743,P, HTTP/1.1" 200 6747
201.186.225.183 - - [10/Aug/2023:10:58:26 -0300] "GET /cormun/servlet/trpermisosgoce? HTTP/1.1" 200 8533
201.186.225.183 - - [10/Aug/2023:10:58:26 -0300] "GET /cormun/servlet/trpermisosgoce? HTTP/1.1" 200 8532
201.186.225.183 - - [10/Aug/2023:10:58:30 -0300] "POST /cormun/servlet/trpermisosgoce?2a7b7b20bc79391783451fd5f575b115,,gx-no-cache=1691674935675 HTTP/1.1" 200 5721
201.186.225.183 - - [10/Aug/2023:10:58:37 -0300] "POST /cormun/servlet/trpermisosgoce?2a7b7b20bc79391783451fd5f575b115,,gx-no-cache=1691674943033 HTTP/1.1" 200 5333
201.186.225.183 - - [10/Aug/2023:10:58:40 -0300] "GET /cormun/servlet/trpermisosadjuntos?12359432,20230731152126,P, HTTP/1.1" 200 6291
201.186.225.183 - - [10/Aug/2023:10:58:40 -0300] "GET /cormun/servlet/trpermisosadjuntos?12359432,20230731152126,P, HTTP/1.1" 200 6291
201.186.225.183 - - [10/Aug/2023:10:58:41 -0300] "GET /cormun/servlet/permisosadjuntos?INS,12359432,P,20230731152126,, HTTP/1.1" 200 5615
201.186.225.183 - - [10/Aug/2023:10:58:42 -0300] "GET /cormun/static/about:blank HTTP/1.1" 404 1011
201.186.225.183 - - [10/Aug/2023:10:58:42 -0300] "GET /cormun/servlet/permisosadjuntos?INS,12359432,P,20230731152126,, HTTP/1.1" 200 5605
201.186.225.183 - - [10/Aug/2023:10:58:46 -0300] "POST /cormun/servlet/permisosadjuntos?2a7b7b20bc79391783451fd5f575b115,INS,12359432,P,20230731152126,, HTTP/1.1" 200 116
201.186.225.183 - - [10/Aug/2023:10:58:46 -0300] "GET /cormun/servlet/hpexe_return? HTTP/1.1" 200 1038
201.186.225.183 - - [10/Aug/2023:10:58:46 -0300] "GET /cormun/servlet/trpermisosadjuntos?12359432,20230731152126,P, HTTP/1.1" 200 6753
201.186.225.183 - - [10/Aug/2023:10:58:47 -0300] "GET /cormun/servlet/trpermisosadjuntos?12359432,20230731152126,P, HTTP/1.1" 200 6749
201.186.225.183 - - [10/Aug/2023:10:58:50 -0300] "GET /cormun/servlet/trpermisosgoce? HTTP/1.1" 200 8130
201.186.225.183 - - [10/Aug/2023:10:58:50 -0300] "GET /cormun/servlet/trpermisosgoce? HTTP/1.1" 200 8130
201.186.225.183 - - [10/Aug/2023:10:58:52 -0300] "POST /cormun/servlet/trpermisosgoce?2a7b7b20bc79391783451fd5f575b115,,gx-no-cache=1691674957518 HTTP/1.1" 200 5303
190.171.141.82 - - [10/Aug/2023:10:58:52 -0300] "GET /cormun/servlet/hlogin HTTP/1.1" 200 1716
190.171.141.82 - - [10/Aug/2023:10:58:58 -0300] "GET /cormun/servlet/hlogin HTTP/1.1" 200 1716
201.186.225.183 - - [10/Aug/2023:10:59:00 -0300] "POST /cormun/servlet/trpermisosgoce?2a7b7b20bc79391783451fd5f575b115,,gx-no-cache=1691674965882 HTTP/1.1" 200 5285
190.171.141.82 - - [10/Aug/2023:10:59:00 -0300] "POST /cormun/servlet/hlogin?ea6ced56f97114a42c795a2818339c89,gx-no-cache=1691674965042 HTTP/1.1" 200 90
190.171.141.82 - - [10/Aug/2023:10:59:00 -0300] "GET /cormun/servlet/hpexe_link HTTP/1.1" 200 945
190.171.141.82 - - [10/Aug/2023:10:59:01 -0300] "GET /cormun/servlet/hhome HTTP/1.1" 200 3957
190.171.141.82 - - [10/Aug/2023:10:59:01 -0300] "GET /cormun/servlet/hhome HTTP/1.1" 200 3953
190.171.141.82 - - [10/Aug/2023:10:59:04 -0300] "GET /cormun/servlet/trlicencias? HTTP/1.1" 200 12591
190.171.141.82 - - [10/Aug/2023:10:59:04 -0300] "GET /cormun/servlet/trlicencias? HTTP/1.1" 200 12583
201.186.225.183 - - [10/Aug/2023:10:59:04 -0300] "GET /cormun/servlet/trpermisosadjuntos?19588811,20230801113859,P, HTTP/1.1" 200 6285
201.186.225.183 - - [10/Aug/2023:10:59:05 -0300] "GET /cormun/servlet/trpermisosadjuntos?19588811,20230801113859,P, HTTP/1.1" 200 6285
201.186.225.183 - - [10/Aug/2023:10:59:06 -0300] "GET /cormun/servlet/permisosadjuntos?INS,19588811,P,20230801113859,, HTTP/1.1" 200 5605
201.186.225.183 - - [10/Aug/2023:10:59:06 -0300] "GET /cormun/static/about:blank HTTP/1.1" 404 1011
201.186.225.183 - - [10/Aug/2023:10:59:06 -0300] "GET /cormun/servlet/permisosadjuntos?INS,19588811,P,20230801113859,, HTTP/1.1" 200 5595
201.186.225.183 - - [10/Aug/2023:10:59:12 -0300] "POST /cormun/servlet/permisosadjuntos?2a7b7b20bc79391783451fd5f575b115,INS,19588811,P,20230801113859,, HTTP/1.1" 200 116
201.186.225.183 - - [10/Aug/2023:10:59:12 -0300] "GET /cormun/servlet/hpexe_return? HTTP/1.1" 200 1038
201.186.225.183 - - [10/Aug/2023:10:59:12 -0300] "GET /cormun/servlet/trpermisosadjuntos?19588811,20230801113859,P, HTTP/1.1" 200 6742
201.186.225.183 - - [10/Aug/2023:10:59:12 -0300] "GET /cormun/servlet/trpermisosadjuntos?19588811,20230801113859,P, HTTP/1.1" 200 6740
201.186.225.183 - - [10/Aug/2023:10:59:15 -0300] "GET /cormun/servlet/trpermisosgoce? HTTP/1.1" 200 8069
201.186.225.183 - - [10/Aug/2023:10:59:15 -0300] "GET /cormun/servlet/trpermisosgoce? HTTP/1.1" 200 8068
201.186.225.183 - - [10/Aug/2023:10:59:17 -0300] "POST /cormun/servlet/trpermisosgoce?2a7b7b20bc79391783451fd5f575b115,,gx-no-cache=1691674983194 HTTP/1.1" 200 5289
190.171.153.50 - - [10/Aug/2023:10:59:37 -0300] "GET /cormun/servlet/hlogin HTTP/1.1" 200 1716
190.171.153.50 - - [10/Aug/2023:10:59:37 -0300] "GET /cormun/static/gxcfg.js?2022112219184450 HTTP/1.1" 200 953
190.171.153.50 - - [10/Aug/2023:10:59:37 -0300] "GET /cormun/static/gxtimezone.js?85251 HTTP/1.1" 200 5781
190.171.153.50 - - [10/Aug/2023:10:59:37 -0300] "GET /cormun/static/Resources/Spanish/PXTools.css?1759030 HTTP/1.1" 200 100853
190.171.153.50 - - [10/Aug/2023:10:59:38 -0300] "GET /cormun/static/messages.spa.js?85251 HTTP/1.1" 200 30736
190.171.153.50 - - [10/Aug/2023:10:59:38 -0300] "GET /cormun/static/hlogin.js?2022112219184458 HTTP/1.1" 200 2156
190.171.153.50 - - [10/Aug/2023:10:59:38 -0300] "GET /cormun/static/Resources/CormunLogin.png HTTP/1.1" 200 19132
190.171.153.50 - - [10/Aug/2023:10:59:38 -0300] "GET /cormun/static/gxgral.js?85251 HTTP/1.1" 200 384558
190.171.153.50 - - [10/Aug/2023:10:59:38 -0300] "GET /cormun/static/Resources/PXToolsLoginTop.png HTTP/1.1" 200 1337
190.171.153.50 - - [10/Aug/2023:10:59:38 -0300] "GET /cormun/static/Resources/PXToolsLoginBackground.png HTTP/1.1" 200 1164
190.171.153.50 - - [10/Aug/2023:10:59:38 -0300] "GET /cormun/static/Resources/PXToolsButtonLeft.png HTTP/1.1" 200 1310
190.171.153.50 - - [10/Aug/2023:10:59:38 -0300] "GET /cormun/static/Resources/PXToolsButtonRight.png HTTP/1.1" 200 1294
190.171.153.50 - - [10/Aug/2023:10:59:38 -0300] "GET /cormun/static/Resources/PXToolsLoginBottom.png HTTP/1.1" 200 1389
190.171.153.50 - - [10/Aug/2023:10:59:38 -0300] "GET /cormun/static/Resources/PXToolsButtonBackground.png HTTP/1.1" 200 1176
190.171.153.50 - - [10/Aug/2023:10:59:38 -0300] "GET /cormun/servlet/hlogin HTTP/1.1" 200 1726
190.171.153.50 - - [10/Aug/2023:10:59:38 -0300] "GET /cormun/static/Resources/PXToolsLoginTop.png HTTP/1.1" 200 1337
190.171.153.50 - - [10/Aug/2023:10:59:38 -0300] "GET /cormun/static/Resources/PXToolsLoginBackground.png HTTP/1.1" 200 1164
190.171.153.50 - - [10/Aug/2023:10:59:42 -0300] "POST /cormun/servlet/hlogin?e7903a77bfc64b5cabbfcdea61fe8199,gx-no-cache=1691675006223 HTTP/1.1" 200 90
190.171.153.50 - - [10/Aug/2023:10:59:42 -0300] "GET /cormun/servlet/hpexe_link HTTP/1.1" 200 946
190.171.153.50 - - [10/Aug/2023:10:59:42 -0300] "GET /cormun/static/Resources/Spanish/PXTools.css?8354383 HTTP/1.1" 304 -
190.171.153.50 - - [10/Aug/2023:10:59:42 -0300] "GET /cormun/static/gxcfg.js?20221129847421 HTTP/1.1" 200 953
190.171.153.50 - - [10/Aug/2023:10:59:42 -0300] "GET /cormun/static/hpexe_link.js?20221129847423 HTTP/1.1" 200 625
190.171.153.50 - - [10/Aug/2023:10:59:42 -0300] "GET /cormun/servlet/hhome HTTP/1.1" 200 4272
190.171.153.50 - - [10/Aug/2023:10:59:42 -0300] "GET /cormun/static/gxcfg.js?20201215495537 HTTP/1.1" 200 953
190.171.153.50 - - [10/Aug/2023:10:59:42 -0300] "GET /cormun/static/PXToolsJavascripts/pexe_cookies.js HTTP/1.1" 200 792
190.171.153.50 - - [10/Aug/2023:10:59:42 -0300] "GET /cormun/static/PXToolsJavascripts/pexe_autoreload.js HTTP/1.1" 200 1762
190.171.153.50 - - [10/Aug/2023:10:59:42 -0300] "GET /cormun/static/PXToolsJavascripts/pexe_windows.js HTTP/1.1" 200 15249
190.171.153.50 - - [10/Aug/2023:10:59:42 -0300] "GET /cormun/static/PXToolsJavascripts/pexe_griddivfix.js HTTP/1.1" 200 6946
190.171.153.50 - - [10/Aug/2023:10:59:42 -0300] "GET /cormun/static/Resources/Spanish/PXTools.css?14345360 HTTP/1.1" 200 100853
190.171.153.50 - - [10/Aug/2023:10:59:42 -0300] "GET /cormun/static/PXToolsJavascripts/pexe_grid.js HTTP/1.1" 200 7559
190.171.153.50 - - [10/Aug/2023:10:59:42 -0300] "GET /cormun/static/PXToolsJavascripts/pexe_link.js HTTP/1.1" 200 5671
190.171.153.50 - - [10/Aug/2023:10:59:42 -0300] "GET /cormun/static/PXToolsJavascripts/pexe_menudivfix.js HTTP/1.1" 200 333
190.171.153.50 - - [10/Aug/2023:10:59:42 -0300] "GET /cormun/static/PXToolsJavascripts/pexe_menus.js HTTP/1.1" 200 1286
190.171.153.50 - - [10/Aug/2023:10:59:42 -0300] "GET /cormun/static/PXToolsJavascripts/pexe_layers.js HTTP/1.1" 200 4114
190.171.153.50 - - [10/Aug/2023:10:59:42 -0300] "GET /cormun/static/PXToolsJavascripts/pexe_oav.js HTTP/1.1" 200 645
190.171.153.50 - - [10/Aug/2023:10:59:42 -0300] "GET /cormun/static/PXToolsJavascripts/pexe_oavdivfix.js HTTP/1.1" 200 639
190.171.153.50 - - [10/Aug/2023:10:59:42 -0300] "GET /cormun/static/PXToolsJavascripts/pexe_picture.js HTTP/1.1" 200 689
190.171.153.50 - - [10/Aug/2023:10:59:42 -0300] "GET /cormun/static/PXToolsJavascripts/pexe_popup.js HTTP/1.1" 200 15149
190.171.153.50 - - [10/Aug/2023:10:59:42 -0300] "GET /cormun/static/PXToolsJavascripts/pexe_scrolldiv.js HTTP/1.1" 200 4138
190.171.153.50 - - [10/Aug/2023:10:59:42 -0300] "GET /cormun/static/PXToolsJavascripts/pexe_tabdivfix.js HTTP/1.1" 200 898
190.171.153.50 - - [10/Aug/2023:10:59:42 -0300] "GET /cormun/static/PXToolsJavascripts/pexe_tabs.js HTTP/1.1" 200 3748
190.171.153.50 - - [10/Aug/2023:10:59:42 -0300] "GET /cormun/static/PXToolsJavascripts/pexe_upload.js HTTP/1.1" 200 1423
190.171.153.50 - - [10/Aug/2023:10:59:42 -0300] "GET /cormun/static/PXToolsJavascripts/PXToolsJavascriptsRender.js HTTP/1.1" 200 367
190.171.153.50 - - [10/Aug/2023:10:59:42 -0300] "GET /cormun/static/RunJS/RunJS.js HTTP/1.1" 200 288
190.171.153.50 - - [10/Aug/2023:10:59:42 -0300] "GET /cormun/static/Shared/ext/locale/ext-lang-en.js HTTP/1.1" 200 10940
190.171.153.50 - - [10/Aug/2023:10:59:42 -0300] "GET /cormun/static/hwchdr01.js?2022112219251119 HTTP/1.1" 200 996
190.171.153.50 - - [10/Aug/2023:10:59:42 -0300] "GET /cormun/static/hhome.js?20201215495544 HTTP/1.1" 200 777
190.171.153.50 - - [10/Aug/2023:10:59:42 -0300] "GET /cormun/static/hpexe_recentlink.js?20201214471090 HTTP/1.1" 200 2144
190.171.153.50 - - [10/Aug/2023:10:59:42 -0300] "GET /cormun/static/Resources/CormunMP2.png HTTP/1.1" 200 6878
190.171.153.50 - - [10/Aug/2023:10:59:42 -0300] "GET /cormun/static/hpexe_scripts.js?20201214471411 HTTP/1.1" 200 1544
190.171.153.50 - - [10/Aug/2023:10:59:42 -0300] "GET /cormun/static/hpexe_messagecontroller.js?202211298371222 HTTP/1.1" 200 870
190.171.153.50 - - [10/Aug/2023:10:59:42 -0300] "GET /cormun/static/Resources/Llave.png HTTP/1.1" 200 1395
190.171.153.50 - - [10/Aug/2023:10:59:42 -0300] "GET /cormun/static/Resources/PXToolsDataTitle.png HTTP/1.1" 200 1173
190.171.153.50 - - [10/Aug/2023:10:59:42 -0300] "GET /cormun/static/gxui/gxui-all.js HTTP/1.1" 200 107772
190.171.153.50 - - [10/Aug/2023:10:59:42 -0300] "GET /cormun/static/Resources/ImgHome.png HTTP/1.1" 200 1364
190.171.153.50 - - [10/Aug/2023:10:59:42 -0300] "GET /cormun/static/Resources/ImgLogin.png HTTP/1.1" 200 1432
190.171.153.50 - - [10/Aug/2023:10:59:42 -0300] "GET /cormun/static/hpexe_messagepopupcomponent.js?2020121447232 HTTP/1.1" 200 605
190.171.153.50 - - [10/Aug/2023:10:59:42 -0300] "GET /cormun/static/hpexe_messagegenexuscomponent.js?20221129836373 HTTP/1.1" 200 587
190.171.153.50 - - [10/Aug/2023:10:59:42 -0300] "GET /cormun/static/cmcontrolpreferences.js?20199141926336 HTTP/1.1" 200 1375
190.171.153.50 - - [10/Aug/2023:10:59:42 -0300] "GET /cormun/static/SmoothNavMenu/resources/ddsmoothmenu.js HTTP/1.1" 200 12712
190.171.153.50 - - [10/Aug/2023:10:59:42 -0300] "GET /cormun/static/SmoothNavMenu/resources/SmoothNavMenuRender.js HTTP/1.1" 200 5951
190.171.153.50 - - [10/Aug/2023:10:59:42 -0300] "GET /cormun/static/scaMessage/js/jquery.pnotify.min.js HTTP/1.1" 200 13038
190.171.153.50 - - [10/Aug/2023:10:59:42 -0300] "GET /cormun/static/Shared/jquery/jquery-1.4.2.min.js HTTP/1.1" 200 72174
190.171.153.50 - - [10/Aug/2023:10:59:42 -0300] "GET /cormun/static/hmpwkw03.js?20221129844354 HTTP/1.1" 200 3971
190.171.153.50 - - [10/Aug/2023:10:59:42 -0300] "GET /cormun/static/Shared/ext/ext-all.js HTTP/1.1" 200 1289687
190.171.153.50 - - [10/Aug/2023:10:59:42 -0300] "GET /cormun/static/scaMessage/scaMessageRender.js HTTP/1.1" 200 11977
190.171.153.50 - - [10/Aug/2023:10:59:43 -0300] "GET /cormun/static/Shared/jqueryui/jquery-ui.min.js HTTP/1.1" 200 240427
190.171.153.50 - - [10/Aug/2023:10:59:43 -0300] "GET /cormun/static/Shared/jquery/jquery-1.10.2.min.js HTTP/1.1" 200 273199
190.171.153.50 - - [10/Aug/2023:10:59:43 -0300] "GET /cormun/static/SmoothNavMenu/resources/images/down.gif HTTP/1.1" 200 854
190.171.153.50 - - [10/Aug/2023:10:59:43 -0300] "GET /cormun/static/SmoothNavMenu/resources/images/right.gif HTTP/1.1" 200 860
190.171.153.50 - - [10/Aug/2023:10:59:43 -0300] "GET /cormun/servlet/hhome HTTP/1.1" 200 4270
190.171.153.50 - - [10/Aug/2023:10:59:50 -0300] "GET /cormun/servlet/trlicencias? HTTP/1.1" 200 10357
190.171.153.50 - - [10/Aug/2023:10:59:50 -0300] "GET /cormun/static/gxui/gxui-all.css?120300 HTTP/1.1" 200 2179
190.171.153.50 - - [10/Aug/2023:10:59:50 -0300] "GET /cormun/static/calendar.js?85251 HTTP/1.1" 200 26246
190.171.153.50 - - [10/Aug/2023:10:59:50 -0300] "GET /cormun/static/calendar-setup.js?85251 HTTP/1.1" 200 2588
190.171.153.50 - - [10/Aug/2023:10:59:50 -0300] "GET /cormun/static/calendar-system.css?85620 HTTP/1.1" 200 5572
190.171.153.50 - - [10/Aug/2023:10:59:50 -0300] "GET /cormun/static/gxcfg.js?202211298463625 HTTP/1.1" 200 953
190.171.153.50 - - [10/Aug/2023:10:59:50 -0300] "GET /cormun/static/calendar-es.js?85251 HTTP/1.1" 200 1901
190.171.153.50 - - [10/Aug/2023:10:59:50 -0300] "GET /cormun/static/gxdec.js?85251 HTTP/1.1" 200 19579
190.171.153.50 - - [10/Aug/2023:10:59:50 -0300] "GET /cormun/static/trlicencias.js?202211298463889 HTTP/1.1" 200 41883
190.171.153.50 - - [10/Aug/2023:10:59:50 -0300] "GET /cormun/static/Resources/PXTools/calendar.png HTTP/1.1" 200 1306
190.171.153.50 - - [10/Aug/2023:10:59:50 -0300] "GET /cormun/static/Shared/ext/resources/css/ext-all.css?215870 HTTP/1.1" 200 416045
190.171.153.50 - - [10/Aug/2023:10:59:50 -0300] "GET /cormun/static/Resources/PXToolsDataSearch.png HTTP/1.1" 200 435
190.171.153.50 - - [10/Aug/2023:10:59:50 -0300] "GET /cormun/static/Resources/PXToolsGridFirstDisabled.gif HTTP/1.1" 200 100
190.171.153.50 - - [10/Aug/2023:10:59:50 -0300] "GET /cormun/static/Resources/PXToolsGridPreviousDisabled.gif HTTP/1.1" 200 90
190.171.153.50 - - [10/Aug/2023:10:59:50 -0300] "GET /cormun/static/Resources/PXToolsGridNextDisabled.gif HTTP/1.1" 200 90
190.171.153.50 - - [10/Aug/2023:10:59:50 -0300] "GET /cormun/static/Resources/PXToolsActionExcel.png HTTP/1.1" 200 727
190.171.153.50 - - [10/Aug/2023:10:59:50 -0300] "GET /cormun/static/Resources/PXToolsGridPage.gif HTTP/1.1" 200 725
190.171.153.50 - - [10/Aug/2023:10:59:50 -0300] "GET /cormun/static/Resources/PXToolsAddAllAction.png HTTP/1.1" 200 495
190.171.153.50 - - [10/Aug/2023:10:59:50 -0300] "GET /cormun/static/Resources/PXToolsGridLastDisabled.gif HTTP/1.1" 200 98
190.171.153.50 - - [10/Aug/2023:10:59:50 -0300] "GET /cormun/static/Resources/asc.gif HTTP/1.1" 200 67
190.171.153.50 - - [10/Aug/2023:10:59:50 -0300] "GET /cormun//static/Resources/PXTools/ActionInsert.png HTTP/1.1" 200 1482
190.171.153.50 - - [10/Aug/2023:10:59:50 -0300] "GET /cormun/static/Resources/desc.gif HTTP/1.1" 200 65
190.171.153.50 - - [10/Aug/2023:10:59:50 -0300] "GET /cormun//static/Resources/PXToolsActionDisabled.gif HTTP/1.1" 200 53
190.171.153.50 - - [10/Aug/2023:10:59:50 -0300] "GET /cormun//static/Resources/PXToolsGridDisplay.png HTTP/1.1" 200 525
190.171.153.50 - - [10/Aug/2023:10:59:50 -0300] "GET /cormun//static/Resources/PXToolsActionPrint.png HTTP/1.1" 200 404
190.171.153.50 - - [10/Aug/2023:10:59:50 -0300] "GET /cormun//static/Resources/PXToolsHeaderHelp.png HTTP/1.1" 200 1333
190.171.153.50 - - [10/Aug/2023:10:59:50 -0300] "GET /cormun//static/Resources/PXToolsHeaderFavorites.png HTTP/1.1" 200 1414
190.171.153.50 - - [10/Aug/2023:10:59:50 -0300] "GET /cormun/static/Shared/ext/resources/themes/images/default/panel/bg-headersPanel.png HTTP/1.1" 200 255
190.171.153.50 - - [10/Aug/2023:10:59:50 -0300] "GET /cormun/static/Shared/ext/resources/themes/images/default/tools/tool-sprites.gif HTTP/1.1" 200 5434
190.171.153.50 - - [10/Aug/2023:10:59:50 -0300] "GET /cormun/servlet/trlicencias? HTTP/1.1" 200 10346
190.171.141.114 - - [10/Aug/2023:11:01:18 -0300] "GET /cormun/servlet/solicitudot?ea204d6284b7e973a4db845c12e4dcc863e4852d5da5bfc467689f6d7e3ea8f44dc61176f90217593509a94a7e47f468,gx-no-cache=1691675102945 HTTP/1.1" 200 30
190.171.141.114 - - [10/Aug/2023:11:01:22 -0300] "POST /cormun/servlet/solicitudot?gx-no-cache=1691675107310 HTTP/1.1" 200 120
192.168.10.17 - - [10/Aug/2023:11:02:04 -0300] "GET /cormun/servlet/trsolicitudgral? HTTP/1.1" 200 15254
192.168.10.17 - - [10/Aug/2023:11:02:04 -0300] "GET /cormun/servlet/trsolicitudgral? HTTP/1.1" 200 15250
190.171.141.114 - - [10/Aug/2023:11:02:52 -0300] "POST /cormun/servlet/solicitudot?gx-no-cache=1691675196956 HTTP/1.1" 200 120
190.171.141.114 - - [10/Aug/2023:11:02:52 -0300] "POST /cormun/servlet/solicitudot?48a1045661c28ff39e184b8bc19361d6,INS,0,0,false,,gx-no-cache=1691675197006 HTTP/1.1" 200 12988
78.108.177.52 - - [10/Aug/2023:11:03:11 -0300] "GET / HTTP/1.0" 200 11197
190.171.141.114 - - [10/Aug/2023:11:03:16 -0300] "POST /cormun/servlet/solicitudot?gx-no-cache=1691675221393 HTTP/1.1" 200 41
190.171.141.114 - - [10/Aug/2023:11:03:16 -0300] "GET /cormun/servlet/solicitudot?ea204d6284b7e973a4db845c12e4dcc83ce2ade2c7f385082ec3bfbefcf8a7c40189dd1901510c35de350a5f7e028628217ac7112988833943b63a88651d6e0c316fd827caea4de412ffd77dbe5e32f8f567beb809cc18df24150ff01209deb18a565932834bdd7dd7d28d7f8c07f9f9,gx-no-cache=1691675221442 HTTP/1.1" 200 110
190.171.141.114 - - [10/Aug/2023:11:03:16 -0300] "GET /cormun/servlet/solicitudot?ea204d6284b7e973a4db845c12e4dcc87d7370ff0b98b00a338df7a42034c2eb23b05f132882227a704f0cf7a66e474d,gx-no-cache=1691675221487 HTTP/1.1" 200 30
190.171.141.114 - - [10/Aug/2023:11:03:16 -0300] "POST /cormun/servlet/solicitudot?gx-no-cache=1691675221513 HTTP/1.1" 200 120
190.171.141.114 - - [10/Aug/2023:11:03:17 -0300] "POST /cormun/servlet/solicitudot?48a1045661c28ff39e184b8bc19361d6,INS,0,0,false,,gx-no-cache=1691675221548 HTTP/1.1" 200 13039
10.40.40.2 - - [10/Aug/2023:11:03:33 -0300] "GET /cormun/servlet/hlogin HTTP/1.1" 200 1714
10.40.40.2 - - [10/Aug/2023:11:03:33 -0300] "GET /cormun/static/gxtimezone.js?85251 HTTP/1.1" 200 5781
10.40.40.2 - - [10/Aug/2023:11:03:33 -0300] "GET /cormun/static/gxcfg.js?2022112219184450 HTTP/1.1" 200 953
10.40.40.2 - - [10/Aug/2023:11:03:33 -0300] "GET /cormun/static/Resources/Spanish/PXTools.css?1759030 HTTP/1.1" 200 100853
10.40.40.2 - - [10/Aug/2023:11:03:33 -0300] "GET /cormun/static/messages.spa.js?85251 HTTP/1.1" 200 30736
10.40.40.2 - - [10/Aug/2023:11:03:33 -0300] "GET /cormun/static/hlogin.js?2022112219184458 HTTP/1.1" 200 2156
10.40.40.2 - - [10/Aug/2023:11:03:33 -0300] "GET /cormun/static/Resources/CormunLogin.png HTTP/1.1" 200 19132
10.40.40.2 - - [10/Aug/2023:11:03:33 -0300] "GET /cormun/static/gxgral.js?85251 HTTP/1.1" 200 384558
10.40.40.2 - - [10/Aug/2023:11:03:33 -0300] "GET /cormun/static/Resources/PXToolsLoginTop.png HTTP/1.1" 200 1337
10.40.40.2 - - [10/Aug/2023:11:03:33 -0300] "GET /cormun/static/Resources/PXToolsLoginBackground.png HTTP/1.1" 200 1164
10.40.40.2 - - [10/Aug/2023:11:03:33 -0300] "GET /cormun/static/Resources/PXToolsButtonRight.png HTTP/1.1" 200 1294
10.40.40.2 - - [10/Aug/2023:11:03:33 -0300] "GET /cormun/static/Resources/PXToolsButtonLeft.png HTTP/1.1" 200 1310
10.40.40.2 - - [10/Aug/2023:11:03:33 -0300] "GET /cormun/static/Resources/PXToolsButtonBackground.png HTTP/1.1" 200 1176
10.40.40.2 - - [10/Aug/2023:11:03:33 -0300] "GET /cormun/static/Resources/PXToolsLoginBottom.png HTTP/1.1" 200 1389
10.40.40.2 - - [10/Aug/2023:11:03:33 -0300] "GET /cormun/static/Resources/indicator.gif HTTP/1.1" 200 1553
10.40.40.2 - - [10/Aug/2023:11:03:33 -0300] "GET /cormun/servlet/hlogin HTTP/1.1" 200 1725
