10.40.40.2 - - [25/Jul/2023:17:37:12 -0300] "GET /cormun/static/Shared/jqueryui/images/ui-bg_highlight-soft_100_c6c2c8_1x100.png HTTP/1.1" 404 1117
10.40.40.2 - - [25/Jul/2023:17:37:12 -0300] "GET /cormun/static/Shared/jqueryui/images/ui-bg_flat_55_fafafa_40x100.png HTTP/1.1" 404 1097
10.40.40.2 - - [25/Jul/2023:17:37:12 -0300] "GET /cormun/static/Shared/jqueryui/images/ui-icons_8d78a5_256x240.png HTTP/1.1" 404 1089
10.40.40.2 - - [25/Jul/2023:17:37:12 -0300] "GET /cormun/servlet/securityusers?DLT,3884, HTTP/1.1" 200 6873
10.40.40.2 - - [25/Jul/2023:17:37:14 -0300] "POST /cormun/servlet/securityusers?4cd16f8db22fc8b2eb1431a5e720c603,DLT,3884,,gx-no-cache=1690316472935 HTTP/1.1" 200 5947
10.40.40.2 - - [25/Jul/2023:17:37:14 -0300] "GET /cormun/static/Shared/jqueryui/images/ui-icons_ebccce_256x240.png HTTP/1.1" 404 1089
10.40.40.2 - - [25/Jul/2023:17:37:14 -0300] "GET /cormun/static/Shared/jqueryui/images/ui-bg_flat_55_994d53_40x100.png HTTP/1.1" 404 1097
10.40.40.2 - - [25/Jul/2023:17:37:22 -0300] "POST /cormun/servlet/securityusers?4cd16f8db22fc8b2eb1431a5e720c603,DLT,3884,,gx-no-cache=1690316480957 HTTP/1.1" 200 93
10.40.40.2 - - [25/Jul/2023:17:37:22 -0300] "GET /cormun/servlet/hpexe_return? HTTP/1.1" 200 1011
10.40.40.2 - - [25/Jul/2023:17:37:22 -0300] "GET /cormun/servlet/trsecurityuser01 HTTP/1.1" 200 7686
10.40.40.2 - - [25/Jul/2023:17:37:22 -0300] "GET /cormun/servlet/trsecurityuser01 HTTP/1.1" 200 7682
10.40.40.2 - - [25/Jul/2023:17:37:24 -0300] "GET /cormun/servlet/securityusers?UPD,3884, HTTP/1.1" 200 7922
10.40.40.2 - - [25/Jul/2023:17:37:24 -0300] "GET /cormun/servlet/securityusers?UPD,3884, HTTP/1.1" 200 7928
10.40.40.2 - - [25/Jul/2023:17:37:29 -0300] "POST /cormun/servlet/securityusers?4cd16f8db22fc8b2eb1431a5e720c603,UPD,3884,,gx-no-cache=1690316488034 HTTP/1.1" 200 93
10.40.40.2 - - [25/Jul/2023:17:37:29 -0300] "GET /cormun/servlet/hpexe_return? HTTP/1.1" 200 1011
10.40.40.2 - - [25/Jul/2023:17:37:29 -0300] "GET /cormun/servlet/trsecurityuser01 HTTP/1.1" 200 7686
10.40.40.2 - - [25/Jul/2023:17:37:29 -0300] "GET /cormun/servlet/trsecurityuser01 HTTP/1.1" 200 7682
10.40.40.2 - - [25/Jul/2023:17:37:36 -0300] "GET /cormun/servlet/trsecurityuserroles2?3884, HTTP/1.1" 200 8032
10.40.40.2 - - [25/Jul/2023:17:37:36 -0300] "GET /cormun/static/gxcfg.js?202211298475249 HTTP/1.1" 200 953
10.40.40.2 - - [25/Jul/2023:17:37:36 -0300] "GET /cormun/static/trsecurityuserroles2.js?202211298475366 HTTP/1.1" 200 15414
10.40.40.2 - - [25/Jul/2023:17:37:36 -0300] "GET /cormun/servlet/trsecurityuserroles2?3884, HTTP/1.1" 200 8037
10.40.40.2 - - [25/Jul/2023:17:37:39 -0300] "POST /cormun/servlet/trsecurityuserroles2?4cd16f8db22fc8b2eb1431a5e720c603,3884,,gx-no-cache=1690316498808 HTTP/1.1" 200 5611
10.40.40.2 - - [25/Jul/2023:17:37:39 -0300] "GET /cormun/static/Shared/jqueryui/images/ui-bg_highlight-soft_100_c6c2c8_1x100.png HTTP/1.1" 404 1117
10.40.40.2 - - [25/Jul/2023:17:37:39 -0300] "GET /cormun/static/Shared/jqueryui/images/ui-icons_82798d_256x240.png HTTP/1.1" 404 1089
10.40.40.2 - - [25/Jul/2023:17:37:39 -0300] "GET /cormun/static/Shared/jqueryui/images/ui-icons_8d78a5_256x240.png HTTP/1.1" 404 1089
10.40.40.2 - - [25/Jul/2023:17:37:39 -0300] "GET /cormun/static/Shared/jqueryui/images/ui-bg_flat_55_fafafa_40x100.png HTTP/1.1" 404 1097
181.212.40.185 - - [25/Jul/2023:17:37:43 -0300] "GET /cormun/servlet/permisogoce?INS,0,,, HTTP/1.1" 200 7092
181.212.40.185 - - [25/Jul/2023:17:37:43 -0300] "GET /cormun/servlet/permisogoce?INS,0,,, HTTP/1.1" 200 7070
10.40.40.2 - - [25/Jul/2023:17:37:46 -0300] "POST /cormun/servlet/trsecurityuserroles2?4cd16f8db22fc8b2eb1431a5e720c603,3884,,gx-no-cache=1690316505310 HTTP/1.1" 200 5627
10.40.40.2 - - [25/Jul/2023:17:37:48 -0300] "POST /cormun/servlet/trsecurityuserroles2?4cd16f8db22fc8b2eb1431a5e720c603,3884,,gx-no-cache=1690316506982 HTTP/1.1" 200 5565
10.40.40.2 - - [25/Jul/2023:17:37:49 -0300] "POST /cormun/servlet/trsecurityuserroles2?4cd16f8db22fc8b2eb1431a5e720c603,3884,,gx-no-cache=1690316508564 HTTP/1.1" 200 5338
181.212.40.185 - - [25/Jul/2023:17:37:50 -0300] "GET /cormun/servlet/permisogoce?cbbc44b17a7cdb9449ccc6a310bde46840c0b33d0182b8cf46eec3fcaa366f97f8fbcf88763dfbde6351a36f0dece3097c39b7aac86516f968d8fa7aab140913,gx-no-cache=1690316511340 HTTP/1.1" 200 78
181.212.40.185 - - [25/Jul/2023:17:37:51 -0300] "GET /cormun/static/menuarrow.gif HTTP/1.1" 404 1015
181.212.40.185 - - [25/Jul/2023:17:38:11 -0300] "GET /cormun/servlet/permisogoce?cbbc44b17a7cdb9449ccc6a310bde468805fa122f1cdb3fe224a0e26dafda45f81a0297a74c730d50d24f803163da4918da6a257b2833e951b124ea8a7e618b2,gx-no-cache=1690316532722 HTTP/1.1" 200 47
181.212.40.185 - - [25/Jul/2023:17:38:18 -0300] "POST /cormun/servlet/permisogoce?d9a144926f11b8240fa0b7dabd766234,INS,0,,,,gx-no-cache=1690316539057 HTTP/1.1" 200 93
181.212.40.185 - - [25/Jul/2023:17:38:18 -0300] "GET /cormun/servlet/hpexe_return? HTTP/1.1" 200 1034
181.212.40.185 - - [25/Jul/2023:17:38:18 -0300] "GET /cormun/servlet/trpermisosgoce?gx-no-cache=1690316049450 HTTP/1.1" 200 12223
181.212.40.185 - - [25/Jul/2023:17:38:19 -0300] "GET /cormun/servlet/trpermisosgoce?gx-no-cache=1690316049450 HTTP/1.1" 200 12238
181.212.40.185 - - [25/Jul/2023:17:38:24 -0300] "GET /cormun/servlet/trpermisosadjuntos?17234536,20230725162140,P, HTTP/1.1" 200 6544
181.212.40.185 - - [25/Jul/2023:17:38:24 -0300] "GET /cormun/servlet/trpermisosadjuntos?17234536,20230725162140,P, HTTP/1.1" 200 6523
181.212.40.185 - - [25/Jul/2023:17:38:25 -0300] "GET /cormun/servlet/permisosadjuntos?INS,17234536,P,20230725162140,, HTTP/1.1" 200 5850
181.212.40.185 - - [25/Jul/2023:17:38:26 -0300] "GET /cormun/static/about:blank HTTP/1.1" 404 1011
181.212.40.185 - - [25/Jul/2023:17:38:26 -0300] "GET /cormun/servlet/permisosadjuntos?INS,17234536,P,20230725162140,, HTTP/1.1" 200 5839
181.212.40.185 - - [25/Jul/2023:17:38:31 -0300] "POST /cormun/servlet/permisosadjuntos?d9a144926f11b8240fa0b7dabd766234,INS,17234536,P,20230725162140,, HTTP/1.1" 200 116
181.212.40.185 - - [25/Jul/2023:17:38:31 -0300] "GET /cormun/servlet/hpexe_return? HTTP/1.1" 200 1041
181.212.40.185 - - [25/Jul/2023:17:38:31 -0300] "GET /cormun/servlet/trpermisosadjuntos?17234536,20230725162140,P, HTTP/1.1" 200 7055
181.212.40.185 - - [25/Jul/2023:17:38:32 -0300] "GET /cormun/servlet/trpermisosadjuntos?17234536,20230725162140,P, HTTP/1.1" 200 7051
10.40.40.2 - - [25/Jul/2023:17:38:43 -0300] "POST /cormun/servlet/trsecurityuserroles2?4cd16f8db22fc8b2eb1431a5e720c603,3884,,gx-no-cache=1690316562108 HTTP/1.1" 200 5589
181.212.40.185 - - [25/Jul/2023:17:38:51 -0300] "POST /cormun/servlet/trpermisosadjuntos?d9a144926f11b8240fa0b7dabd766234,17234536,20230725162140,P,,gx-no-cache=1690316572088 HTTP/1.1" 200 90
181.212.40.185 - - [25/Jul/2023:17:38:51 -0300] "GET /cormun/servlet/hpexe_link HTTP/1.1" 200 1007
181.212.40.185 - - [25/Jul/2023:17:38:51 -0300] "GET /cormun/servlet/trpermisosgoce?gx-no-cache=1690316049450 HTTP/1.1" 200 12220
181.212.40.185 - - [25/Jul/2023:17:38:51 -0300] "GET /cormun/servlet/trpermisosgoce?gx-no-cache=1690316049450 HTTP/1.1" 200 12238
10.40.40.2 - - [25/Jul/2023:17:38:52 -0300] "POST /cormun/servlet/trsecurityuserroles2?4cd16f8db22fc8b2eb1431a5e720c603,3884,,gx-no-cache=1690316571108 HTTP/1.1" 200 5635
181.212.40.185 - - [25/Jul/2023:17:38:55 -0300] "POST /cormun/servlet/trpermisosgoce?d9a144926f11b8240fa0b7dabd766234,gx-no-cache=1690316049450,gx-no-cache=1690316576233 HTTP/1.1" 200 9443
181.212.40.185 - - [25/Jul/2023:17:38:55 -0300] "GET /cormun/static/Shared/jqueryui/images/ui-icons_82798d_256x240.png HTTP/1.1" 404 1089
181.212.40.185 - - [25/Jul/2023:17:38:55 -0300] "GET /cormun/static/Shared/jqueryui/images/ui-bg_highlight-soft_100_c6c2c8_1x100.png HTTP/1.1" 404 1117
181.212.40.185 - - [25/Jul/2023:17:38:55 -0300] "GET /cormun/static/Shared/jqueryui/images/ui-bg_flat_55_fafafa_40x100.png HTTP/1.1" 404 1097
181.212.40.185 - - [25/Jul/2023:17:38:55 -0300] "GET /cormun/static/Shared/jqueryui/images/ui-icons_8d78a5_256x240.png HTTP/1.1" 404 1089
10.40.40.2 - - [25/Jul/2023:17:38:55 -0300] "POST /cormun/servlet/trsecurityuserroles2?4cd16f8db22fc8b2eb1431a5e720c603,3884,,gx-no-cache=1690316574676 HTTP/1.1" 200 5672
181.212.40.185 - - [25/Jul/2023:17:39:11 -0300] "GET /cormun/servlet/permisogoce?INS,0,,, HTTP/1.1" 200 7093
181.212.40.185 - - [25/Jul/2023:17:39:12 -0300] "GET /cormun/servlet/permisogoce?INS,0,,, HTTP/1.1" 200 7070
181.212.40.185 - - [25/Jul/2023:17:39:20 -0300] "GET /cormun/servlet/permisogoce?cbbc44b17a7cdb9449ccc6a310bde468ffe64e7aab675c9dae309800afa8640658b95034b80964836384111bc4d18c6b172cb422a4e065508be0d06a4330d0a9,gx-no-cache=1690316601227 HTTP/1.1" 200 79
181.212.40.185 - - [25/Jul/2023:17:39:22 -0300] "GET /cormun/static/menuarrow.gif HTTP/1.1" 404 1015
181.212.40.185 - - [25/Jul/2023:17:39:33 -0300] "GET /cormun/servlet/permisogoce?cbbc44b17a7cdb9449ccc6a310bde468c539d2631c3908ef57dffbcaa82975ba1e38bfe4f49b69266de640338f2069653fd7d81e59da0a045f11b87c7440804b,gx-no-cache=1690316614001 HTTP/1.1" 200 48
10.40.40.2 - - [25/Jul/2023:17:39:34 -0300] "POST /cormun/servlet/trsecurityuserroles2?4cd16f8db22fc8b2eb1431a5e720c603,3884,,gx-no-cache=1690316612940 HTTP/1.1" 200 5672
10.40.40.2 - - [25/Jul/2023:17:39:43 -0300] "POST /cormun/servlet/trsecurityuserroles2?4cd16f8db22fc8b2eb1431a5e720c603,3884,,gx-no-cache=1690316622269 HTTP/1.1" 200 5706
181.212.40.185 - - [25/Jul/2023:17:39:43 -0300] "POST /cormun/servlet/permisogoce?d9a144926f11b8240fa0b7dabd766234,INS,0,,,,gx-no-cache=1690316624423 HTTP/1.1" 200 93
181.212.40.185 - - [25/Jul/2023:17:39:44 -0300] "GET /cormun/servlet/hpexe_return? HTTP/1.1" 200 1034
181.212.40.185 - - [25/Jul/2023:17:39:44 -0300] "GET /cormun/servlet/trpermisosgoce?gx-no-cache=1690316049450 HTTP/1.1" 200 12518
181.212.40.185 - - [25/Jul/2023:17:39:45 -0300] "GET /cormun/servlet/trpermisosgoce?gx-no-cache=1690316049450 HTTP/1.1" 200 12534
181.212.40.185 - - [25/Jul/2023:17:39:50 -0300] "GET /cormun/servlet/trpermisosadjuntos?6712761,20230725162308,P, HTTP/1.1" 200 6545
181.212.40.185 - - [25/Jul/2023:17:39:50 -0300] "GET /cormun/servlet/trpermisosadjuntos?6712761,20230725162308,P, HTTP/1.1" 200 6523
181.212.40.185 - - [25/Jul/2023:17:39:52 -0300] "GET /cormun/servlet/permisosadjuntos?INS,6712761,P,20230725162308,, HTTP/1.1" 200 5845
181.212.40.185 - - [25/Jul/2023:17:39:52 -0300] "GET /cormun/static/about:blank HTTP/1.1" 404 1011
10.40.40.2 - - [25/Jul/2023:17:39:52 -0300] "POST /cormun/servlet/trsecurityuserroles2?4cd16f8db22fc8b2eb1431a5e720c603,3884,,gx-no-cache=1690316631516 HTTP/1.1" 200 5741
181.212.40.185 - - [25/Jul/2023:17:39:52 -0300] "GET /cormun/servlet/permisosadjuntos?INS,6712761,P,20230725162308,, HTTP/1.1" 200 5834
181.212.40.185 - - [25/Jul/2023:17:39:58 -0300] "POST /cormun/servlet/permisosadjuntos?d9a144926f11b8240fa0b7dabd766234,INS,6712761,P,20230725162308,, HTTP/1.1" 200 116
181.212.40.185 - - [25/Jul/2023:17:39:58 -0300] "GET /cormun/servlet/hpexe_return? HTTP/1.1" 200 1038
181.212.40.185 - - [25/Jul/2023:17:39:58 -0300] "GET /cormun/servlet/trpermisosadjuntos?6712761,20230725162308,P, HTTP/1.1" 200 7039
10.40.40.2 - - [25/Jul/2023:17:39:59 -0300] "POST /cormun/servlet/trsecurityuserroles2?4cd16f8db22fc8b2eb1431a5e720c603,3884,,gx-no-cache=1690316638012 HTTP/1.1" 200 5785
181.212.40.185 - - [25/Jul/2023:17:39:59 -0300] "GET /cormun/servlet/trpermisosadjuntos?6712761,20230725162308,P, HTTP/1.1" 200 7037
181.212.40.185 - - [25/Jul/2023:17:40:00 -0300] "POST /cormun/servlet/trpermisosadjuntos?d9a144926f11b8240fa0b7dabd766234,6712761,20230725162308,P,,gx-no-cache=1690316641688 HTTP/1.1" 200 90
181.212.40.185 - - [25/Jul/2023:17:40:00 -0300] "GET /cormun/servlet/hpexe_link HTTP/1.1" 200 1006
181.212.40.185 - - [25/Jul/2023:17:40:01 -0300] "GET /cormun/servlet/trpermisosgoce?gx-no-cache=1690316049450 HTTP/1.1" 200 12515
181.212.40.185 - - [25/Jul/2023:17:40:01 -0300] "GET /cormun/servlet/trpermisosgoce?gx-no-cache=1690316049450 HTTP/1.1" 200 12534
181.212.40.185 - - [25/Jul/2023:17:40:03 -0300] "POST /cormun/servlet/trpermisosgoce?d9a144926f11b8240fa0b7dabd766234,gx-no-cache=1690316049450,gx-no-cache=1690316644034 HTTP/1.1" 200 9691
181.212.40.185 - - [25/Jul/2023:17:40:03 -0300] "GET /cormun/static/Shared/jqueryui/images/ui-icons_82798d_256x240.png HTTP/1.1" 404 1089
181.212.40.185 - - [25/Jul/2023:17:40:03 -0300] "GET /cormun/static/Shared/jqueryui/images/ui-bg_highlight-soft_100_c6c2c8_1x100.png HTTP/1.1" 404 1117
181.212.40.185 - - [25/Jul/2023:17:40:03 -0300] "GET /cormun/static/Shared/jqueryui/images/ui-bg_flat_55_fafafa_40x100.png HTTP/1.1" 404 1097
181.212.40.185 - - [25/Jul/2023:17:40:03 -0300] "GET /cormun/static/Shared/jqueryui/images/ui-icons_8d78a5_256x240.png HTTP/1.1" 404 1089
10.40.40.2 - - [25/Jul/2023:17:40:08 -0300] "POST /cormun/servlet/trsecurityuserroles2?4cd16f8db22fc8b2eb1431a5e720c603,3884,,gx-no-cache=1690316647843 HTTP/1.1" 200 5820
10.40.40.2 - - [25/Jul/2023:17:40:16 -0300] "POST /cormun/servlet/trsecurityuserroles2?4cd16f8db22fc8b2eb1431a5e720c603,3884,,gx-no-cache=1690316655731 HTTP/1.1" 200 5854
181.212.40.185 - - [25/Jul/2023:17:40:18 -0300] "GET /cormun/servlet/permisogoce?INS,0,,, HTTP/1.1" 200 7093
181.212.40.185 - - [25/Jul/2023:17:40:18 -0300] "GET /cormun/servlet/permisogoce?INS,0,,, HTTP/1.1" 200 7070
10.40.40.2 - - [25/Jul/2023:17:40:24 -0300] "POST /cormun/servlet/trsecurityuserroles2?4cd16f8db22fc8b2eb1431a5e720c603,3884,,gx-no-cache=1690316663243 HTTP/1.1" 200 5892
181.212.40.185 - - [25/Jul/2023:17:40:25 -0300] "GET /cormun/servlet/permisogoce?cbbc44b17a7cdb9449ccc6a310bde46812e8696fcd654d6adcf638bdaffc52b8f8fbcf88763dfbde6351a36f0dece3097c39b7aac86516f968d8fa7aab140913,gx-no-cache=1690316666771 HTTP/1.1" 200 83
181.212.40.185 - - [25/Jul/2023:17:40:27 -0300] "GET /cormun/static/menuarrow.gif HTTP/1.1" 404 1015
181.212.40.185 - - [25/Jul/2023:17:40:33 -0300] "GET /cormun/servlet/permisogoce?cbbc44b17a7cdb9449ccc6a310bde468a8aa544ea22c3a510d4ebeaf202f99a3d49d447697782bfe482f78e40fc0c9728da6a257b2833e951b124ea8a7e618b2,gx-no-cache=1690316674040 HTTP/1.1" 200 48
10.40.40.2 - - [25/Jul/2023:17:40:40 -0300] "POST /cormun/servlet/trsecurityuserroles2?4cd16f8db22fc8b2eb1431a5e720c603,3884,,gx-no-cache=1690316679523 HTTP/1.1" 200 5931
181.212.40.185 - - [25/Jul/2023:17:40:42 -0300] "POST /cormun/servlet/permisogoce?d9a144926f11b8240fa0b7dabd766234,INS,0,,,,gx-no-cache=1690316682784 HTTP/1.1" 200 93
181.212.40.185 - - [25/Jul/2023:17:40:42 -0300] "GET /cormun/servlet/hpexe_return? HTTP/1.1" 200 1034
181.212.40.185 - - [25/Jul/2023:17:40:42 -0300] "GET /cormun/servlet/trpermisosgoce?gx-no-cache=1690316049450 HTTP/1.1" 200 12743
181.212.40.185 - - [25/Jul/2023:17:40:42 -0300] "GET /cormun/servlet/trpermisosgoce?gx-no-cache=1690316049450 HTTP/1.1" 200 12760
181.212.40.185 - - [25/Jul/2023:17:40:46 -0300] "GET /cormun/servlet/trpermisosadjuntos?17373965,20230725162415,P, HTTP/1.1" 200 6549
181.212.40.185 - - [25/Jul/2023:17:40:46 -0300] "GET /cormun/servlet/trpermisosadjuntos?17373965,20230725162415,P, HTTP/1.1" 200 6527
181.212.40.185 - - [25/Jul/2023:17:40:47 -0300] "GET /cormun/servlet/permisosadjuntos?INS,17373965,P,20230725162415,, HTTP/1.1" 200 5848
181.212.40.185 - - [25/Jul/2023:17:40:48 -0300] "GET /cormun/static/about:blank HTTP/1.1" 404 1011
181.212.40.185 - - [25/Jul/2023:17:40:48 -0300] "GET /cormun/servlet/permisosadjuntos?INS,17373965,P,20230725162415,, HTTP/1.1" 200 5838
10.40.40.2 - - [25/Jul/2023:17:40:48 -0300] "POST /cormun/servlet/trsecurityuserroles2?4cd16f8db22fc8b2eb1431a5e720c603,3884,,gx-no-cache=1690316687283 HTTP/1.1" 200 5968
10.40.40.2 - - [25/Jul/2023:17:40:55 -0300] "POST /cormun/servlet/trsecurityuserroles2?4cd16f8db22fc8b2eb1431a5e720c603,3884,,gx-no-cache=1690316694691 HTTP/1.1" 200 6007
181.212.40.185 - - [25/Jul/2023:17:40:57 -0300] "POST /cormun/servlet/permisosadjuntos?d9a144926f11b8240fa0b7dabd766234,INS,17373965,P,20230725162415,, HTTP/1.1" 200 116
181.212.40.185 - - [25/Jul/2023:17:40:57 -0300] "GET /cormun/servlet/hpexe_return? HTTP/1.1" 200 1041
181.212.40.185 - - [25/Jul/2023:17:40:57 -0300] "GET /cormun/servlet/trpermisosadjuntos?17373965,20230725162415,P, HTTP/1.1" 200 7068
181.212.40.185 - - [25/Jul/2023:17:40:57 -0300] "GET /cormun/servlet/trpermisosadjuntos?17373965,20230725162415,P, HTTP/1.1" 200 7065
181.212.40.185 - - [25/Jul/2023:17:41:00 -0300] "POST /cormun/servlet/trpermisosadjuntos?d9a144926f11b8240fa0b7dabd766234,17373965,20230725162415,P,,gx-no-cache=1690316701256 HTTP/1.1" 200 90
181.212.40.185 - - [25/Jul/2023:17:41:00 -0300] "GET /cormun/servlet/hpexe_link HTTP/1.1" 200 1008
181.212.40.185 - - [25/Jul/2023:17:41:00 -0300] "GET /cormun/servlet/trpermisosgoce?gx-no-cache=1690316049450 HTTP/1.1" 200 12741
181.212.40.185 - - [25/Jul/2023:17:41:00 -0300] "GET /cormun/servlet/trpermisosgoce?gx-no-cache=1690316049450 HTTP/1.1" 200 12760
10.40.40.2 - - [25/Jul/2023:17:41:04 -0300] "POST /cormun/servlet/trsecurityuserroles2?4cd16f8db22fc8b2eb1431a5e720c603,3884,,gx-no-cache=1690316703667 HTTP/1.1" 200 6044
10.40.40.2 - - [25/Jul/2023:17:41:13 -0300] "POST /cormun/servlet/trsecurityuserroles2?4cd16f8db22fc8b2eb1431a5e720c603,3884,,gx-no-cache=1690316711995 HTTP/1.1" 200 6080
181.212.40.185 - - [25/Jul/2023:17:41:14 -0300] "POST /cormun/servlet/trpermisosgoce?d9a144926f11b8240fa0b7dabd766234,gx-no-cache=1690316049450,gx-no-cache=1690316714874 HTTP/1.1" 200 9916
181.212.40.185 - - [25/Jul/2023:17:41:14 -0300] "GET /cormun/static/Shared/jqueryui/images/ui-bg_highlight-soft_100_c6c2c8_1x100.png HTTP/1.1" 404 1117
181.212.40.185 - - [25/Jul/2023:17:41:14 -0300] "GET /cormun/static/Shared/jqueryui/images/ui-icons_82798d_256x240.png HTTP/1.1" 404 1089
181.212.40.185 - - [25/Jul/2023:17:41:14 -0300] "GET /cormun/static/Shared/jqueryui/images/ui-bg_flat_55_fafafa_40x100.png HTTP/1.1" 404 1097
181.212.40.185 - - [25/Jul/2023:17:41:14 -0300] "GET /cormun/static/Shared/jqueryui/images/ui-icons_8d78a5_256x240.png HTTP/1.1" 404 1089
181.212.40.185 - - [25/Jul/2023:17:41:17 -0300] "GET /cormun/servlet/permisogoce?INS,0,,, HTTP/1.1" 200 7093
181.212.40.185 - - [25/Jul/2023:17:41:17 -0300] "GET /cormun/servlet/permisogoce?INS,0,,, HTTP/1.1" 200 7070
10.40.40.2 - - [25/Jul/2023:17:41:21 -0300] "POST /cormun/servlet/trsecurityuserroles2?4cd16f8db22fc8b2eb1431a5e720c603,3884,,gx-no-cache=1690316720108 HTTP/1.1" 200 6115
10.40.40.2 - - [25/Jul/2023:17:41:24 -0300] "POST /cormun/servlet/trsecurityuserroles2?4cd16f8db22fc8b2eb1431a5e720c603,3884,,gx-no-cache=1690316723028 HTTP/1.1" 200 90
10.40.40.2 - - [25/Jul/2023:17:41:24 -0300] "GET /cormun/servlet/hpexe_link HTTP/1.1" 200 968
10.40.40.2 - - [25/Jul/2023:17:41:24 -0300] "GET /cormun/servlet/trsecurityuser01 HTTP/1.1" 200 7683
10.40.40.2 - - [25/Jul/2023:17:41:24 -0300] "GET /cormun/servlet/trsecurityuser01 HTTP/1.1" 200 7682
10.40.40.2 - - [25/Jul/2023:17:41:26 -0300] "GET /cormun/servlet/hlogin HTTP/1.1" 200 1741
181.212.40.185 - - [25/Jul/2023:17:41:27 -0300] "GET /cormun/servlet/permisogoce?cbbc44b17a7cdb9449ccc6a310bde4684b75728c2d242d93686b4be9fafdfa73f8fbcf88763dfbde6351a36f0dece3097c39b7aac86516f968d8fa7aab140913,gx-no-cache=1690316728588 HTTP/1.1" 200 79
181.212.40.185 - - [25/Jul/2023:17:41:28 -0300] "GET /cormun/static/menuarrow.gif HTTP/1.1" 404 1015
10.40.40.2 - - [25/Jul/2023:17:41:33 -0300] "POST /cormun/servlet/hlogin?4cd16f8db22fc8b2eb1431a5e720c603,gx-no-cache=1690316732510 HTTP/1.1" 200 455
10.40.40.2 - - [25/Jul/2023:17:41:38 -0300] "POST /cormun/servlet/hlogin?4cd16f8db22fc8b2eb1431a5e720c603,gx-no-cache=1690316737394 HTTP/1.1" 200 455
181.212.40.185 - - [25/Jul/2023:17:41:39 -0300] "GET /cormun/servlet/permisogoce?cbbc44b17a7cdb9449ccc6a310bde468e4dcfb655d02a792b97200ea0082e07af633f2cb800dd441cf4af696f8a2d1738da6a257b2833e951b124ea8a7e618b2,gx-no-cache=1690316740049 HTTP/1.1" 200 47
192.168.10.17 - - [25/Jul/2023:17:41:41 -0300] "GET /cormun/servlet/trsolicitudgral? HTTP/1.1" 500 10
181.212.40.185 - - [25/Jul/2023:17:41:45 -0300] "POST /cormun/servlet/permisogoce?d9a144926f11b8240fa0b7dabd766234,INS,0,,,,gx-no-cache=1690316745703 HTTP/1.1" 200 93
181.212.40.185 - - [25/Jul/2023:17:41:45 -0300] "GET /cormun/servlet/hpexe_return? HTTP/1.1" 200 1034
181.212.40.185 - - [25/Jul/2023:17:41:45 -0300] "GET /cormun/servlet/trpermisosgoce?gx-no-cache=1690316049450 HTTP/1.1" 200 13011
10.40.40.2 - - [25/Jul/2023:17:41:45 -0300] "POST /cormun/servlet/hlogin?4cd16f8db22fc8b2eb1431a5e720c603,gx-no-cache=1690316744930 HTTP/1.1" 200 455
181.212.40.185 - - [25/Jul/2023:17:41:46 -0300] "GET /cormun/servlet/trpermisosgoce?gx-no-cache=1690316049450 HTTP/1.1" 200 13027
10.40.40.2 - - [25/Jul/2023:17:41:55 -0300] "POST /cormun/servlet/hlogin?4cd16f8db22fc8b2eb1431a5e720c603,gx-no-cache=1690316754120 HTTP/1.1" 200 455
10.40.40.2 - - [25/Jul/2023:17:42:01 -0300] "POST /cormun/servlet/hlogin?4cd16f8db22fc8b2eb1431a5e720c603,gx-no-cache=1690316760840 HTTP/1.1" 200 90
10.40.40.2 - - [25/Jul/2023:17:42:01 -0300] "GET /cormun/servlet/hpexe_link HTTP/1.1" 200 959
10.40.40.2 - - [25/Jul/2023:17:42:02 -0300] "GET /cormun/servlet/trsecurityuser01 HTTP/1.1" 200 7683
10.40.40.2 - - [25/Jul/2023:17:42:02 -0300] "GET /cormun/servlet/trsecurityuser01 HTTP/1.1" 200 7682
10.40.40.2 - - [25/Jul/2023:17:42:05 -0300] "GET /cormun/servlet/securityusers?UPD,3884, HTTP/1.1" 200 7936
10.40.40.2 - - [25/Jul/2023:17:42:05 -0300] "GET /cormun/servlet/securityusers?UPD,3884, HTTP/1.1" 200 7941
200.111.233.166 - - [25/Jul/2023:17:42:08 -0300] "GET /cormun/servlet/hhome HTTP/1.1" 200 3316
200.111.233.166 - - [25/Jul/2023:17:42:08 -0300] "GET /cormun/static/SmoothNavMenu/resources/ddsmoothmenu.css?1112540 HTTP/1.1" 200 2223
200.111.233.166 - - [25/Jul/2023:17:42:08 -0300] "GET /cormun/static/SmoothNavMenu/resources/ddsmoothmenu-v.css?1112540 HTTP/1.1" 200 1188
200.111.233.166 - - [25/Jul/2023:17:42:08 -0300] "GET /cormun/static/gxtimezone.js?85251 HTTP/1.1" 200 5781
200.111.233.166 - - [25/Jul/2023:17:42:08 -0300] "GET /cormun/static/Shared/jqueryui/jquery-ui.min.css?1345370 HTTP/1.1" 200 30288
200.111.233.166 - - [25/Jul/2023:17:42:08 -0300] "GET /cormun/static/scaMessage/css/jquery.pnotify.default.css?1816380 HTTP/1.1" 200 1707
200.111.233.166 - - [25/Jul/2023:17:42:08 -0300] "GET /cormun/static/Resources/Spanish/PXTools.css?14345360 HTTP/1.1" 200 100853
200.111.233.166 - - [25/Jul/2023:17:42:08 -0300] "GET /cormun/static/PXToolsJavascripts/pexe_autoreload.js HTTP/1.1" 200 1762
200.111.233.166 - - [25/Jul/2023:17:42:08 -0300] "GET /cormun/static/PXToolsJavascripts/pexe_cookies.js HTTP/1.1" 200 792
200.111.233.166 - - [25/Jul/2023:17:42:08 -0300] "GET /cormun/static/gxcfg.js?20201215495537 HTTP/1.1" 200 953
200.111.233.166 - - [25/Jul/2023:17:42:08 -0300] "GET /cormun/static/PXToolsJavascripts/pexe_windows.js HTTP/1.1" 200 15249
200.111.233.166 - - [25/Jul/2023:17:42:08 -0300] "GET /cormun/static/PXToolsJavascripts/pexe_grid.js HTTP/1.1" 200 7559
200.111.233.166 - - [25/Jul/2023:17:42:08 -0300] "GET /cormun/static/PXToolsJavascripts/pexe_griddivfix.js HTTP/1.1" 200 6946
200.111.233.166 - - [25/Jul/2023:17:42:08 -0300] "GET /cormun/static/PXToolsJavascripts/pexe_link.js HTTP/1.1" 200 5671
200.111.233.166 - - [25/Jul/2023:17:42:08 -0300] "GET /cormun/static/PXToolsJavascripts/pexe_menudivfix.js HTTP/1.1" 200 333
200.111.233.166 - - [25/Jul/2023:17:42:08 -0300] "GET /cormun/static/PXToolsJavascripts/pexe_layers.js HTTP/1.1" 200 4114
200.111.233.166 - - [25/Jul/2023:17:42:08 -0300] "GET /cormun/static/PXToolsJavascripts/pexe_menus.js HTTP/1.1" 200 1286
200.111.233.166 - - [25/Jul/2023:17:42:08 -0300] "GET /cormun/static/PXToolsJavascripts/pexe_oav.js HTTP/1.1" 200 645
200.111.233.166 - - [25/Jul/2023:17:42:08 -0300] "GET /cormun/static/PXToolsJavascripts/pexe_oavdivfix.js HTTP/1.1" 200 639
200.111.233.166 - - [25/Jul/2023:17:42:08 -0300] "GET /cormun/static/PXToolsJavascripts/pexe_picture.js HTTP/1.1" 200 689
200.111.233.166 - - [25/Jul/2023:17:42:08 -0300] "GET /cormun/static/PXToolsJavascripts/pexe_popup.js HTTP/1.1" 200 15149
200.111.233.166 - - [25/Jul/2023:17:42:08 -0300] "GET /cormun/static/PXToolsJavascripts/pexe_scrolldiv.js HTTP/1.1" 200 4138
200.111.233.166 - - [25/Jul/2023:17:42:08 -0300] "GET /cormun/static/PXToolsJavascripts/pexe_tabdivfix.js HTTP/1.1" 200 898
200.111.233.166 - - [25/Jul/2023:17:42:08 -0300] "GET /cormun/static/PXToolsJavascripts/pexe_tabs.js HTTP/1.1" 200 3748
200.111.233.166 - - [25/Jul/2023:17:42:08 -0300] "GET /cormun/static/PXToolsJavascripts/pexe_upload.js HTTP/1.1" 200 1423
200.111.233.166 - - [25/Jul/2023:17:42:08 -0300] "GET /cormun/static/PXToolsJavascripts/PXToolsJavascriptsRender.js HTTP/1.1" 200 367
200.111.233.166 - - [25/Jul/2023:17:42:08 -0300] "GET /cormun/static/gxgral.js?85251 HTTP/1.1" 200 384558
200.111.233.166 - - [25/Jul/2023:17:42:08 -0300] "GET /cormun/static/RunJS/RunJS.js HTTP/1.1" 200 288
200.111.233.166 - - [25/Jul/2023:17:42:09 -0300] "GET /cormun/static/hwchdr01.js?2022112219251119 HTTP/1.1" 200 996
200.111.233.166 - - [25/Jul/2023:17:42:09 -0300] "GET /cormun/static/gxui/gxui-all.js HTTP/1.1" 200 107772
200.111.233.166 - - [25/Jul/2023:17:42:09 -0300] "GET /cormun/static/Shared/ext/locale/ext-lang-en.js HTTP/1.1" 200 10940
200.111.233.166 - - [25/Jul/2023:17:42:09 -0300] "GET /cormun/static/hhome.js?20201215495544 HTTP/1.1" 200 777
200.111.233.166 - - [25/Jul/2023:17:42:09 -0300] "GET /cormun/static/Resources/ImgLogin.png HTTP/1.1" 200 1432
200.111.233.166 - - [25/Jul/2023:17:42:09 -0300] "GET /cormun/static/Resources/PXToolsDataTitle.png HTTP/1.1" 200 1173
200.111.233.166 - - [25/Jul/2023:17:42:09 -0300] "GET /cormun/static/Resources/CormunMP2.png HTTP/1.1" 200 6878
200.111.233.166 - - [25/Jul/2023:17:42:09 -0300] "GET /cormun/static/Resources/ImgHome.png HTTP/1.1" 200 1364
200.111.233.166 - - [25/Jul/2023:17:42:09 -0300] "GET /cormun/static/messages.spa.js?85251 HTTP/1.1" 200 30736
200.111.233.166 - - [25/Jul/2023:17:42:09 -0300] "GET /cormun/static/Resources/Llave.png HTTP/1.1" 200 1395
200.111.233.166 - - [25/Jul/2023:17:42:09 -0300] "GET /cormun/static/hpexe_recentlink.js?20201214471090 HTTP/1.1" 200 2144
200.111.233.166 - - [25/Jul/2023:17:42:09 -0300] "GET /cormun/static/hpexe_scripts.js?20201214471411 HTTP/1.1" 200 1544
200.111.233.166 - - [25/Jul/2023:17:42:09 -0300] "GET /cormun/static/hpexe_messagecontroller.js?202211298371222 HTTP/1.1" 200 870
200.111.233.166 - - [25/Jul/2023:17:42:09 -0300] "GET /cormun/static/hpexe_messagepopupcomponent.js?2020121447232 HTTP/1.1" 200 605
200.111.233.166 - - [25/Jul/2023:17:42:09 -0300] "GET /cormun/static/hpexe_messagegenexuscomponent.js?20221129836373 HTTP/1.1" 200 587
200.111.233.166 - - [25/Jul/2023:17:42:09 -0300] "GET /cormun/static/cmcontrolpreferences.js?20199141926336 HTTP/1.1" 200 1375
200.111.233.166 - - [25/Jul/2023:17:42:09 -0300] "GET /cormun/static/Shared/jquery/jquery-1.4.2.min.js HTTP/1.1" 200 72174
200.111.233.166 - - [25/Jul/2023:17:42:09 -0300] "GET /cormun/static/SmoothNavMenu/resources/ddsmoothmenu.js HTTP/1.1" 200 12712
200.111.233.166 - - [25/Jul/2023:17:42:09 -0300] "GET /cormun/static/SmoothNavMenu/resources/SmoothNavMenuRender.js HTTP/1.1" 200 5951
200.111.233.166 - - [25/Jul/2023:17:42:09 -0300] "GET /cormun/static/scaMessage/js/jquery.pnotify.min.js HTTP/1.1" 200 13038
200.111.233.166 - - [25/Jul/2023:17:42:09 -0300] "GET /cormun/static/scaMessage/scaMessageRender.js HTTP/1.1" 200 11977
200.111.233.166 - - [25/Jul/2023:17:42:09 -0300] "GET /cormun/static/hmpwkw03.js?20221129844354 HTTP/1.1" 200 3971
200.111.233.166 - - [25/Jul/2023:17:42:09 -0300] "GET /cormun/static/Shared/jquery/jquery-1.10.2.min.js HTTP/1.1" 200 273199
200.111.233.166 - - [25/Jul/2023:17:42:09 -0300] "GET /cormun/static/Shared/jqueryui/jquery-ui.min.js HTTP/1.1" 200 240427
200.111.233.166 - - [25/Jul/2023:17:42:09 -0300] "GET /cormun/static/Shared/ext/ext-all.js HTTP/1.1" 200 1289687
200.111.233.166 - - [25/Jul/2023:17:42:09 -0300] "GET /cormun/static/Resources/indicator.gif HTTP/1.1" 200 1553
200.111.233.166 - - [25/Jul/2023:17:42:09 -0300] "GET /cormun/servlet/hlogin HTTP/1.1" 200 1726
200.111.233.166 - - [25/Jul/2023:17:42:09 -0300] "GET /cormun/servlet/hhome HTTP/1.1" 200 3325
200.111.233.166 - - [25/Jul/2023:17:42:09 -0300] "GET /cormun/static/gxcfg.js?2022112219184450 HTTP/1.1" 200 953
200.111.233.166 - - [25/Jul/2023:17:42:09 -0300] "GET /cormun/servlet/hhome HTTP/1.1" 200 3325
200.111.233.166 - - [25/Jul/2023:17:42:09 -0300] "GET /cormun/static/hlogin.js?2022112219184458 HTTP/1.1" 200 2156
200.111.233.166 - - [25/Jul/2023:17:42:09 -0300] "GET /cormun/static/Resources/Spanish/PXTools.css?1759030 HTTP/1.1" 200 100853
200.111.233.166 - - [25/Jul/2023:17:42:09 -0300] "GET /cormun/static/Resources/CormunLogin.png HTTP/1.1" 200 19132
200.111.233.166 - - [25/Jul/2023:17:42:09 -0300] "GET /cormun/static/Resources/PXToolsLoginBackground.png HTTP/1.1" 200 1164
200.111.233.166 - - [25/Jul/2023:17:42:09 -0300] "GET /cormun/static/Resources/PXToolsLoginTop.png HTTP/1.1" 200 1337
200.111.233.166 - - [25/Jul/2023:17:42:09 -0300] "GET /cormun/static/Resources/PXToolsButtonLeft.png HTTP/1.1" 200 1310
200.111.233.166 - - [25/Jul/2023:17:42:09 -0300] "GET /cormun/static/Resources/PXToolsButtonRight.png HTTP/1.1" 200 1294
200.111.233.166 - - [25/Jul/2023:17:42:09 -0300] "GET /cormun/static/Resources/PXToolsButtonBackground.png HTTP/1.1" 200 1176
200.111.233.166 - - [25/Jul/2023:17:42:09 -0300] "GET /cormun/static/Resources/PXToolsLoginBottom.png HTTP/1.1" 200 1389
200.111.233.166 - - [25/Jul/2023:17:42:09 -0300] "GET /favicon.ico HTTP/1.1" 200 21630
181.212.40.185 - - [25/Jul/2023:17:42:19 -0300] "GET /cormun/servlet/trpermisosadjuntos?20369148,20230725162514,P, HTTP/1.1" 200 6544
181.212.40.185 - - [25/Jul/2023:17:42:19 -0300] "GET /cormun/servlet/trpermisosadjuntos?20369148,20230725162514,P, HTTP/1.1" 200 6523
10.40.40.2 - - [25/Jul/2023:17:42:20 -0300] "POST /cormun/servlet/securityusers?4cd16f8db22fc8b2eb1431a5e720c603,UPD,3884,,gx-no-cache=1690316779631 HTTP/1.1" 200 93
10.40.40.2 - - [25/Jul/2023:17:42:20 -0300] "GET /cormun/servlet/hpexe_return? HTTP/1.1" 200 1011
10.40.40.2 - - [25/Jul/2023:17:42:20 -0300] "GET /cormun/servlet/trsecurityuser01 HTTP/1.1" 200 7686
10.40.40.2 - - [25/Jul/2023:17:42:21 -0300] "GET /cormun/servlet/trsecurityuser01 HTTP/1.1" 200 7682
181.212.40.185 - - [25/Jul/2023:17:42:21 -0300] "GET /cormun/servlet/permisosadjuntos?INS,20369148,P,20230725162514,, HTTP/1.1" 200 5848
181.212.40.185 - - [25/Jul/2023:17:42:21 -0300] "GET /cormun/static/about:blank HTTP/1.1" 404 1011
181.212.40.185 - - [25/Jul/2023:17:42:21 -0300] "GET /cormun/servlet/permisosadjuntos?INS,20369148,P,20230725162514,, HTTP/1.1" 200 5837
10.40.40.2 - - [25/Jul/2023:17:42:25 -0300] "GET /cormun/servlet/securityusers?UPD,3884, HTTP/1.1" 200 7938
10.40.40.2 - - [25/Jul/2023:17:42:25 -0300] "GET /cormun/servlet/securityusers?UPD,3884, HTTP/1.1" 200 7944
10.40.40.2 - - [25/Jul/2023:17:42:28 -0300] "GET /cormun/servlet/hlogin HTTP/1.1" 200 1750
181.212.40.185 - - [25/Jul/2023:17:42:36 -0300] "POST /cormun/servlet/permisosadjuntos?d9a144926f11b8240fa0b7dabd766234,INS,20369148,P,20230725162514,, HTTP/1.1" 200 116
181.212.40.185 - - [25/Jul/2023:17:42:36 -0300] "GET /cormun/servlet/hpexe_return? HTTP/1.1" 200 1039
181.212.40.185 - - [25/Jul/2023:17:42:36 -0300] "GET /cormun/servlet/trpermisosadjuntos?20369148,20230725162514,P, HTTP/1.1" 200 7057
181.212.40.185 - - [25/Jul/2023:17:42:36 -0300] "GET /cormun/servlet/trpermisosadjuntos?20369148,20230725162514,P, HTTP/1.1" 200 7054
10.40.40.2 - - [25/Jul/2023:17:42:38 -0300] "POST /cormun/servlet/hlogin?4cd16f8db22fc8b2eb1431a5e720c603,gx-no-cache=1690316797507 HTTP/1.1" 200 461
181.212.40.185 - - [25/Jul/2023:17:42:45 -0300] "POST /cormun/servlet/trpermisosadjuntos?d9a144926f11b8240fa0b7dabd766234,20369148,20230725162514,P,,gx-no-cache=1690316806112 HTTP/1.1" 200 90
181.212.40.185 - - [25/Jul/2023:17:42:45 -0300] "GET /cormun/servlet/hpexe_link HTTP/1.1" 200 1005
181.212.40.185 - - [25/Jul/2023:17:42:45 -0300] "GET /cormun/servlet/trpermisosgoce?gx-no-cache=1690316049450 HTTP/1.1" 200 13008
181.212.40.185 - - [25/Jul/2023:17:42:46 -0300] "GET /cormun/servlet/trpermisosgoce?gx-no-cache=1690316049450 HTTP/1.1" 200 13027
10.40.40.2 - - [25/Jul/2023:17:42:48 -0300] "POST /cormun/servlet/hlogin?4cd16f8db22fc8b2eb1431a5e720c603,gx-no-cache=1690316806978 HTTP/1.1" 200 90
10.40.40.2 - - [25/Jul/2023:17:42:48 -0300] "GET /cormun/servlet/hpexe_link HTTP/1.1" 200 967
10.40.40.2 - - [25/Jul/2023:17:42:48 -0300] "GET /cormun/servlet/securityusers?UPD,3884, HTTP/1.1" 200 7940
10.40.40.2 - - [25/Jul/2023:17:42:48 -0300] "GET /cormun/servlet/securityusers?UPD,3884, HTTP/1.1" 200 7944
10.40.40.2 - - [25/Jul/2023:17:42:51 -0300] "POST /cormun/servlet/securityusers?4cd16f8db22fc8b2eb1431a5e720c603,UPD,3884,,gx-no-cache=1690316810078 HTTP/1.1" 200 93
10.40.40.2 - - [25/Jul/2023:17:42:51 -0300] "GET /cormun/servlet/hpexe_return? HTTP/1.1" 200 1011
10.40.40.2 - - [25/Jul/2023:17:42:51 -0300] "GET /cormun/servlet/trsecurityuser01 HTTP/1.1" 200 7686
10.40.40.2 - - [25/Jul/2023:17:42:51 -0300] "GET /cormun/servlet/trsecurityuser01 HTTP/1.1" 200 7682
181.212.40.185 - - [25/Jul/2023:17:42:51 -0300] "POST /cormun/servlet/trpermisosgoce?d9a144926f11b8240fa0b7dabd766234,gx-no-cache=1690316049450,gx-no-cache=1690316812170 HTTP/1.1" 200 10147
181.212.40.185 - - [25/Jul/2023:17:42:51 -0300] "GET /cormun/static/Shared/jqueryui/images/ui-bg_highlight-soft_100_c6c2c8_1x100.png HTTP/1.1" 404 1117
181.212.40.185 - - [25/Jul/2023:17:42:51 -0300] "GET /cormun/static/Shared/jqueryui/images/ui-icons_82798d_256x240.png HTTP/1.1" 404 1089
181.212.40.185 - - [25/Jul/2023:17:42:51 -0300] "GET /cormun/static/Shared/jqueryui/images/ui-bg_flat_55_fafafa_40x100.png HTTP/1.1" 404 1097
181.212.40.185 - - [25/Jul/2023:17:42:51 -0300] "GET /cormun/static/Shared/jqueryui/images/ui-icons_8d78a5_256x240.png HTTP/1.1" 404 1089
10.40.40.2 - - [25/Jul/2023:17:42:52 -0300] "GET /cormun/servlet/hlogin HTTP/1.1" 200 1741
181.212.40.185 - - [25/Jul/2023:17:43:01 -0300] "GET /cormun/servlet/permisogoce?INS,0,,, HTTP/1.1" 200 7093
10.40.40.2 - - [25/Jul/2023:17:43:01 -0300] "POST /cormun/servlet/hlogin?4cd16f8db22fc8b2eb1431a5e720c603,gx-no-cache=1690316820812 HTTP/1.1" 200 90
10.40.40.2 - - [25/Jul/2023:17:43:01 -0300] "GET /cormun/servlet/hpexe_link HTTP/1.1" 200 951
10.40.40.2 - - [25/Jul/2023:17:43:01 -0300] "GET /cormun/servlet/hhome HTTP/1.1" 200 4385
181.212.40.185 - - [25/Jul/2023:17:43:02 -0300] "GET /cormun/servlet/permisogoce?INS,0,,, HTTP/1.1" 200 7070
10.40.40.2 - - [25/Jul/2023:17:43:02 -0300] "GET /cormun/servlet/hhome HTTP/1.1" 200 4383
10.40.40.2 - - [25/Jul/2023:17:43:06 -0300] "GET /cormun/servlet/trsolicitudgral? HTTP/1.1" 500 10
10.40.40.2 - - [25/Jul/2023:17:43:09 -0300] "GET /cormun/servlet/hhome HTTP/1.1" 200 4385
10.40.40.2 - - [25/Jul/2023:17:43:09 -0300] "GET /cormun/servlet/hhome HTTP/1.1" 200 4383
10.40.40.2 - - [25/Jul/2023:17:43:11 -0300] "GET /cormun/servlet/trsolicitudgral? HTTP/1.1" 500 10
10.40.40.2 - - [25/Jul/2023:17:43:12 -0300] "GET /cormun/servlet/hhome HTTP/1.1" 200 4385
181.212.40.185 - - [25/Jul/2023:17:43:12 -0300] "GET /cormun/servlet/permisogoce?cbbc44b17a7cdb9449ccc6a310bde468e528305c08b8a77a78726b967f97eae2f8fbcf88763dfbde6351a36f0dece3097c39b7aac86516f968d8fa7aab140913,gx-no-cache=1690316833491 HTTP/1.1" 200 82
10.40.40.2 - - [25/Jul/2023:17:43:12 -0300] "GET /cormun/servlet/hhome HTTP/1.1" 200 4383
10.40.40.2 - - [25/Jul/2023:17:43:15 -0300] "GET /cormun/servlet/trsecurityuser01? HTTP/1.1" 200 7223
10.40.40.2 - - [25/Jul/2023:17:43:16 -0300] "GET /cormun/servlet/trsecurityuser01? HTTP/1.1" 200 7222
10.40.40.2 - - [25/Jul/2023:17:43:16 -0300] "POST /cormun/servlet/acontrolpreferencessavestate?None,NHIDALGO,true HTTP/1.1" 200 35
181.212.40.185 - - [25/Jul/2023:17:43:17 -0300] "GET /cormun/static/menuarrow.gif HTTP/1.1" 404 1015
10.40.40.2 - - [25/Jul/2023:17:43:18 -0300] "GET /cormun/servlet/securityusers?UPD,3884, HTTP/1.1" 200 7490
10.40.40.2 - - [25/Jul/2023:17:43:18 -0300] "GET /cormun/servlet/securityusers?UPD,3884, HTTP/1.1" 200 7490
10.40.40.2 - - [25/Jul/2023:17:43:25 -0300] "POST /cormun/servlet/securityusers?4cd16f8db22fc8b2eb1431a5e720c603,UPD,3884,,gx-no-cache=1690316844670 HTTP/1.1" 200 93
10.40.40.2 - - [25/Jul/2023:17:43:25 -0300] "GET /cormun/servlet/hpexe_return? HTTP/1.1" 200 1011
10.40.40.2 - - [25/Jul/2023:17:43:25 -0300] "GET /cormun/servlet/trsecurityuser01 HTTP/1.1" 200 7260
10.40.40.2 - - [25/Jul/2023:17:43:26 -0300] "GET /cormun/servlet/trsecurityuser01 HTTP/1.1" 200 7256
181.212.40.185 - - [25/Jul/2023:17:43:26 -0300] "GET /cormun/servlet/permisogoce?cbbc44b17a7cdb9449ccc6a310bde4680a5799d6c8e43d7c5eb87418a84312148aa8c9ed5e1d480fe8911da3b0aef07f8da6a257b2833e951b124ea8a7e618b2,gx-no-cache=1690316847281 HTTP/1.1" 200 47
10.40.40.2 - - [25/Jul/2023:17:43:28 -0300] "GET /cormun/servlet/trsolicitudot? HTTP/1.1" 200 7641
10.40.40.2 - - [25/Jul/2023:17:43:28 -0300] "GET /cormun/static/gxcfg.js?20221129846531 HTTP/1.1" 200 953
10.40.40.2 - - [25/Jul/2023:17:43:28 -0300] "GET /cormun/static/trsolicitudot.js?202211298465651 HTTP/1.1" 200 54040
10.40.40.2 - - [25/Jul/2023:17:43:28 -0300] "GET /cormun/servlet/trsolicitudot? HTTP/1.1" 200 7641
10.40.40.2 - - [25/Jul/2023:17:43:29 -0300] "POST /cormun/servlet/acontrolpreferencessavestate?None,NHIDALGO,true HTTP/1.1" 200 35
10.40.40.2 - - [25/Jul/2023:17:43:29 -0300] "GET /cormun/servlet/trsolicitudgral? HTTP/1.1" 500 10
10.40.40.2 - - [25/Jul/2023:17:43:30 -0300] "GET /cormun/servlet/trsolicitudot? HTTP/1.1" 200 7651
10.40.40.2 - - [25/Jul/2023:17:43:31 -0300] "GET /cormun/servlet/trsolicitudot? HTTP/1.1" 200 7650
10.40.40.2 - - [25/Jul/2023:17:43:36 -0300] "GET /cormun/servlet/trsecurityuser01? HTTP/1.1" 200 7267
10.40.40.2 - - [25/Jul/2023:17:43:36 -0300] "GET /cormun/servlet/trsecurityuser01? HTTP/1.1" 200 7267
181.212.40.185 - - [25/Jul/2023:17:43:40 -0300] "POST /cormun/servlet/permisogoce?d9a144926f11b8240fa0b7dabd766234,INS,0,,,,gx-no-cache=1690316860864 HTTP/1.1" 200 93
181.212.40.185 - - [25/Jul/2023:17:43:40 -0300] "GET /cormun/servlet/hpexe_return? HTTP/1.1" 200 1034
181.212.40.185 - - [25/Jul/2023:17:43:40 -0300] "GET /cormun/servlet/trpermisosgoce?gx-no-cache=1690316049450 HTTP/1.1" 200 13246
181.212.40.185 - - [25/Jul/2023:17:43:40 -0300] "GET /cormun/servlet/trpermisosgoce?gx-no-cache=1690316049450 HTTP/1.1" 200 13262
10.40.40.2 - - [25/Jul/2023:17:43:41 -0300] "POST /cormun/servlet/trsecurityuser01?4cd16f8db22fc8b2eb1431a5e720c603,,gx-no-cache=1690316860716 HTTP/1.1" 200 5215
10.40.40.2 - - [25/Jul/2023:17:43:44 -0300] "GET /cormun/servlet/securityusers?UPD,3837, HTTP/1.1" 200 7521
181.212.40.185 - - [25/Jul/2023:17:43:44 -0300] "GET /cormun/servlet/trpermisosadjuntos?19261810,20230725162658,P, HTTP/1.1" 200 6549
10.40.40.2 - - [25/Jul/2023:17:43:44 -0300] "GET /cormun/servlet/securityusers?UPD,3837, HTTP/1.1" 200 7521
181.212.40.185 - - [25/Jul/2023:17:43:44 -0300] "GET /cormun/servlet/trpermisosadjuntos?19261810,20230725162658,P, HTTP/1.1" 200 6527
45.128.232.125 - - [25/Jul/2023:17:43:46 -0300] "CONNECT google.com:443 HTTP/1.1" 400 -
181.212.40.185 - - [25/Jul/2023:17:43:46 -0300] "GET /cormun/servlet/permisosadjuntos?INS,19261810,P,20230725162658,, HTTP/1.1" 200 5851
181.212.40.185 - - [25/Jul/2023:17:43:47 -0300] "GET /cormun/static/about:blank HTTP/1.1" 404 1011
181.212.40.185 - - [25/Jul/2023:17:43:47 -0300] "GET /cormun/servlet/permisosadjuntos?INS,19261810,P,20230725162658,, HTTP/1.1" 200 5841
10.40.40.2 - - [25/Jul/2023:17:43:52 -0300] "POST /cormun/servlet/securityusers?4cd16f8db22fc8b2eb1431a5e720c603,UPD,3837,,gx-no-cache=1690316871012 HTTP/1.1" 200 93
10.40.40.2 - - [25/Jul/2023:17:43:52 -0300] "GET /cormun/servlet/hpexe_return? HTTP/1.1" 200 1012
181.212.40.185 - - [25/Jul/2023:17:43:52 -0300] "POST /cormun/servlet/permisosadjuntos?d9a144926f11b8240fa0b7dabd766234,INS,19261810,P,20230725162658,, HTTP/1.1" 200 116
181.212.40.185 - - [25/Jul/2023:17:43:52 -0300] "GET /cormun/servlet/hpexe_return? HTTP/1.1" 200 1040
10.40.40.2 - - [25/Jul/2023:17:43:52 -0300] "GET /cormun/servlet/trsecurityuser01? HTTP/1.1" 200 7284
181.212.40.185 - - [25/Jul/2023:17:43:52 -0300] "GET /cormun/servlet/trpermisosadjuntos?19261810,20230725162658,P, HTTP/1.1" 200 7042
10.40.40.2 - - [25/Jul/2023:17:43:52 -0300] "GET /cormun/servlet/trsecurityuser01? HTTP/1.1" 200 7280
181.212.40.185 - - [25/Jul/2023:17:43:52 -0300] "GET /cormun/servlet/trpermisosadjuntos?19261810,20230725162658,P, HTTP/1.1" 200 7041
10.40.40.2 - - [25/Jul/2023:17:43:54 -0300] "GET /cormun/servlet/trsecurityuserroles2?3837, HTTP/1.1" 200 7616
10.40.40.2 - - [25/Jul/2023:17:43:54 -0300] "GET /cormun/servlet/trsecurityuserroles2?3837, HTTP/1.1" 200 7616
10.40.40.2 - - [25/Jul/2023:17:43:55 -0300] "POST /cormun/servlet/acontrolpreferencessavestate?None,NHIDALGO,true HTTP/1.1" 200 35
10.40.40.2 - - [25/Jul/2023:17:44:01 -0300] "GET /cormun/servlet/trsecurityuser01? HTTP/1.1" 200 7290
10.40.40.2 - - [25/Jul/2023:17:44:01 -0300] "GET /cormun/servlet/trsecurityuser01? HTTP/1.1" 200 7286
10.40.40.2 - - [25/Jul/2023:17:44:07 -0300] "POST /cormun/servlet/trsecurityuser01?4cd16f8db22fc8b2eb1431a5e720c603,,gx-no-cache=1690316886148 HTTP/1.1" 200 5439
10.40.40.2 - - [25/Jul/2023:17:44:24 -0300] "GET /cormun/servlet/securityusers?UPD,3872, HTTP/1.1" 200 7522
10.40.40.2 - - [25/Jul/2023:17:44:24 -0300] "GET /cormun/servlet/securityusers?UPD,3872, HTTP/1.1" 200 7524
181.212.40.185 - - [25/Jul/2023:17:44:30 -0300] "POST /cormun/servlet/trpermisosadjuntos?d9a144926f11b8240fa0b7dabd766234,19261810,20230725162658,P,,gx-no-cache=1690316911160 HTTP/1.1" 200 90
181.212.40.185 - - [25/Jul/2023:17:44:30 -0300] "GET /cormun/servlet/hpexe_link HTTP/1.1" 200 1008
181.212.40.185 - - [25/Jul/2023:17:44:30 -0300] "GET /cormun/servlet/trpermisosgoce?gx-no-cache=1690316049450 HTTP/1.1" 200 13242
181.212.40.185 - - [25/Jul/2023:17:44:30 -0300] "GET /cormun/servlet/trpermisosgoce?gx-no-cache=1690316049450 HTTP/1.1" 200 13262
10.40.40.2 - - [25/Jul/2023:17:44:32 -0300] "GET /cormun/servlet/trsecurityuser01? HTTP/1.1" 200 7520
10.40.40.2 - - [25/Jul/2023:17:44:32 -0300] "GET /cormun/servlet/trsecurityuser01? HTTP/1.1" 200 7520
181.212.40.185 - - [25/Jul/2023:17:44:36 -0300] "GET /cormun/servlet/trpermisosadjuntos?19261810,20230725162658,P, HTTP/1.1" 200 7062
181.212.40.185 - - [25/Jul/2023:17:44:36 -0300] "GET /cormun/servlet/trpermisosadjuntos?19261810,20230725162658,P, HTTP/1.1" 200 7042
10.40.40.2 - - [25/Jul/2023:17:44:37 -0300] "POST /cormun/servlet/trsecurityuser01?4cd16f8db22fc8b2eb1431a5e720c603,,gx-no-cache=1690316916739 HTTP/1.1" 200 5194
181.212.40.185 - - [25/Jul/2023:17:44:38 -0300] "POST /cormun/servlet/trpermisosadjuntos?d9a144926f11b8240fa0b7dabd766234,19261810,20230725162658,P,,gx-no-cache=1690316919583 HTTP/1.1" 200 90
181.212.40.185 - - [25/Jul/2023:17:44:38 -0300] "GET /cormun/servlet/hpexe_link HTTP/1.1" 200 1008
181.212.40.185 - - [25/Jul/2023:17:44:39 -0300] "GET /cormun/servlet/trpermisosgoce?gx-no-cache=1690316049450 HTTP/1.1" 200 13242
181.212.40.185 - - [25/Jul/2023:17:44:39 -0300] "GET /cormun/servlet/trpermisosgoce?gx-no-cache=1690316049450 HTTP/1.1" 200 13262
10.40.40.2 - - [25/Jul/2023:17:44:39 -0300] "GET /cormun/servlet/trsecurityuserroles2?3884, HTTP/1.1" 200 8259
10.40.40.2 - - [25/Jul/2023:17:44:40 -0300] "GET /cormun/servlet/trsecurityuserroles2?3884, HTTP/1.1" 200 8263
181.212.40.185 - - [25/Jul/2023:17:44:41 -0300] "POST /cormun/servlet/trpermisosgoce?d9a144926f11b8240fa0b7dabd766234,gx-no-cache=1690316049450,gx-no-cache=1690316921681 HTTP/1.1" 200 10374
181.212.40.185 - - [25/Jul/2023:17:44:41 -0300] "GET /cormun/static/Shared/jqueryui/images/ui-bg_highlight-soft_100_c6c2c8_1x100.png HTTP/1.1" 404 1117
181.212.40.185 - - [25/Jul/2023:17:44:41 -0300] "GET /cormun/static/Shared/jqueryui/images/ui-icons_82798d_256x240.png HTTP/1.1" 404 1089
181.212.40.185 - - [25/Jul/2023:17:44:41 -0300] "GET /cormun/static/Shared/jqueryui/images/ui-bg_flat_55_fafafa_40x100.png HTTP/1.1" 404 1097
181.212.40.185 - - [25/Jul/2023:17:44:41 -0300] "GET /cormun/static/Shared/jqueryui/images/ui-icons_8d78a5_256x240.png HTTP/1.1" 404 1089
10.40.40.2 - - [25/Jul/2023:17:44:42 -0300] "POST /cormun/servlet/trsecurityuserroles2?4cd16f8db22fc8b2eb1431a5e720c603,3884,,gx-no-cache=1690316921835 HTTP/1.1" 200 6147
181.212.40.185 - - [25/Jul/2023:17:44:43 -0300] "GET /cormun/servlet/permisogoce?INS,0,,, HTTP/1.1" 200 7093
181.212.40.185 - - [25/Jul/2023:17:44:43 -0300] "GET /cormun/servlet/permisogoce?INS,0,,, HTTP/1.1" 200 7070
10.40.40.2 - - [25/Jul/2023:17:44:47 -0300] "GET /cormun/servlet/trsolicitudgral? HTTP/1.1" 500 10
10.40.40.2 - - [25/Jul/2023:17:44:48 -0300] "GET /cormun/servlet/trsecurityuserroles2?3884, HTTP/1.1" 200 8292
10.40.40.2 - - [25/Jul/2023:17:44:49 -0300] "GET /cormun/servlet/trsecurityuserroles2?3884, HTTP/1.1" 200 8296
181.212.40.185 - - [25/Jul/2023:17:44:50 -0300] "GET /cormun/servlet/permisogoce?cbbc44b17a7cdb9449ccc6a310bde468cbd566388c849836dd756ce5144b074658b95034b80964836384111bc4d18c6b172cb422a4e065508be0d06a4330d0a9,gx-no-cache=1690316931416 HTTP/1.1" 200 226
181.212.40.185 - - [25/Jul/2023:17:44:50 -0300] "GET /cormun/static/Shared/jqueryui/images/ui-icons_82798d_256x240.png HTTP/1.1" 404 1089
181.212.40.185 - - [25/Jul/2023:17:44:50 -0300] "GET /cormun/static/Shared/jqueryui/images/ui-bg_flat_55_994d53_40x100.png HTTP/1.1" 404 1097
181.212.40.185 - - [25/Jul/2023:17:44:50 -0300] "GET /cormun/static/Shared/jqueryui/images/ui-bg_highlight-soft_100_c6c2c8_1x100.png HTTP/1.1" 404 1117
181.212.40.185 - - [25/Jul/2023:17:44:50 -0300] "GET /cormun/static/Shared/jqueryui/images/ui-icons_ebccce_256x240.png HTTP/1.1" 404 1089
10.40.40.2 - - [25/Jul/2023:17:44:51 -0300] "GET /cormun/servlet/trsolicitudgral? HTTP/1.1" 500 10
10.40.40.2 - - [25/Jul/2023:17:44:52 -0300] "GET /cormun/servlet/trsecurityuserroles2?3884, HTTP/1.1" 200 8292
10.40.40.2 - - [25/Jul/2023:17:44:53 -0300] "GET /cormun/servlet/trsecurityuserroles2?3884, HTTP/1.1" 200 8296
10.40.40.2 - - [25/Jul/2023:17:44:58 -0300] "GET /cormun/servlet/trsolicitudot? HTTP/1.1" 200 7671
10.40.40.2 - - [25/Jul/2023:17:44:58 -0300] "GET /cormun/servlet/trsolicitudot? HTTP/1.1" 200 7661
10.40.40.2 - - [25/Jul/2023:17:45:03 -0300] "GET /cormun/servlet/trsecurityuser01? HTTP/1.1" 200 7274
10.40.40.2 - - [25/Jul/2023:17:45:03 -0300] "GET /cormun/servlet/trsecurityuser01? HTTP/1.1" 200 7273
181.212.40.185 - - [25/Jul/2023:17:45:05 -0300] "GET /cormun/servlet/permisogoce?cbbc44b17a7cdb9449ccc6a310bde4681d98f844d7f911e00c028c17c7cc1f26f8fbcf88763dfbde6351a36f0dece3097c39b7aac86516f968d8fa7aab140913,gx-no-cache=1690316946626 HTTP/1.1" 200 81
181.212.40.185 - - [25/Jul/2023:17:45:06 -0300] "GET /cormun/static/menuarrow.gif HTTP/1.1" 404 1015
10.40.40.2 - - [25/Jul/2023:17:45:07 -0300] "GET /cormun/servlet/securityusers?UPD,3884, HTTP/1.1" 200 7525
10.40.40.2 - - [25/Jul/2023:17:45:07 -0300] "GET /cormun/servlet/securityusers?UPD,3884, HTTP/1.1" 200 7525
10.40.40.2 - - [25/Jul/2023:17:45:14 -0300] "POST /cormun/servlet/securityusers?4cd16f8db22fc8b2eb1431a5e720c603,UPD,3884,,gx-no-cache=1690316953171 HTTP/1.1" 200 93
10.40.40.2 - - [25/Jul/2023:17:45:14 -0300] "GET /cormun/servlet/hpexe_return? HTTP/1.1" 200 1011
10.40.40.2 - - [25/Jul/2023:17:45:14 -0300] "GET /cormun/servlet/trsecurityuser01 HTTP/1.1" 200 6510
181.212.40.185 - - [25/Jul/2023:17:45:14 -0300] "GET /cormun/servlet/permisogoce?cbbc44b17a7cdb9449ccc6a310bde468d90af21b74657377610e381de4c45ad8616c4d59dae0500b0223598529ab4033825d7b1d8e9e616a62d46ca4c2a5dd51,gx-no-cache=1690316955274 HTTP/1.1" 200 48
10.40.40.2 - - [25/Jul/2023:17:45:14 -0300] "GET /cormun/servlet/trsecurityuser01 HTTP/1.1" 200 6506
10.40.40.2 - - [25/Jul/2023:17:45:17 -0300] "GET /cormun/servlet/trsolicitudgral? HTTP/1.1" 500 10
181.212.40.185 - - [25/Jul/2023:17:45:18 -0300] "POST /cormun/servlet/permisogoce?d9a144926f11b8240fa0b7dabd766234,INS,0,,,,gx-no-cache=1690316958799 HTTP/1.1" 200 93
181.212.40.185 - - [25/Jul/2023:17:45:18 -0300] "GET /cormun/servlet/hpexe_return? HTTP/1.1" 200 1034
181.212.40.185 - - [25/Jul/2023:17:45:18 -0300] "GET /cormun/servlet/trpermisosgoce?gx-no-cache=1690316049450 HTTP/1.1" 200 13489
10.40.40.2 - - [25/Jul/2023:17:45:18 -0300] "GET /cormun/servlet/trsecurityuser01 HTTP/1.1" 200 6510
181.212.40.185 - - [25/Jul/2023:17:45:18 -0300] "GET /cormun/servlet/trpermisosgoce?gx-no-cache=1690316049450 HTTP/1.1" 200 13505
10.40.40.2 - - [25/Jul/2023:17:45:19 -0300] "GET /cormun/servlet/trsecurityuser01 HTTP/1.1" 200 6506
10.40.40.2 - - [25/Jul/2023:17:45:20 -0300] "GET /cormun/servlet/hlogin HTTP/1.1" 200 1741
181.212.40.185 - - [25/Jul/2023:17:45:23 -0300] "GET /cormun/servlet/trpermisosadjuntos?18105044,20230725162840,P, HTTP/1.1" 200 6543
181.212.40.185 - - [25/Jul/2023:17:45:23 -0300] "GET /cormun/servlet/trpermisosadjuntos?18105044,20230725162840,P, HTTP/1.1" 200 6522
181.212.40.185 - - [25/Jul/2023:17:45:25 -0300] "GET /cormun/servlet/permisosadjuntos?INS,18105044,P,20230725162840,, HTTP/1.1" 200 5850
181.212.40.185 - - [25/Jul/2023:17:45:25 -0300] "GET /cormun/static/about:blank HTTP/1.1" 404 1011
181.212.40.185 - - [25/Jul/2023:17:45:25 -0300] "GET /cormun/servlet/permisosadjuntos?INS,18105044,P,20230725162840,, HTTP/1.1" 200 5839
10.40.40.2 - - [25/Jul/2023:17:45:29 -0300] "POST /cormun/servlet/hlogin?4cd16f8db22fc8b2eb1431a5e720c603,gx-no-cache=1690316968736 HTTP/1.1" 200 455
181.212.40.185 - - [25/Jul/2023:17:45:36 -0300] "POST /cormun/servlet/permisosadjuntos?d9a144926f11b8240fa0b7dabd766234,INS,18105044,P,20230725162840,, HTTP/1.1" 200 116
181.212.40.185 - - [25/Jul/2023:17:45:36 -0300] "GET /cormun/servlet/hpexe_return? HTTP/1.1" 200 1041
181.212.40.185 - - [25/Jul/2023:17:45:36 -0300] "GET /cormun/servlet/trpermisosadjuntos?18105044,20230725162840,P, HTTP/1.1" 200 7036
181.212.40.185 - - [25/Jul/2023:17:45:36 -0300] "GET /cormun/servlet/trpermisosadjuntos?18105044,20230725162840,P, HTTP/1.1" 200 7034
10.40.40.2 - - [25/Jul/2023:17:45:36 -0300] "POST /cormun/servlet/hlogin?4cd16f8db22fc8b2eb1431a5e720c603,gx-no-cache=1690316975909 HTTP/1.1" 200 455
