190.171.142.26 - - [24/Jul/2023:10:19:18 -0300] "GET /cormun/servlet/trsolicitudot? HTTP/1.1" 200 7193
190.171.142.26 - - [24/Jul/2023:10:19:18 -0300] "GET /cormun/static/gxcfg.js?20221129846531 HTTP/1.1" 200 953
190.171.142.26 - - [24/Jul/2023:10:19:19 -0300] "GET /cormun/static/trsolicitudot.js?202211298465651 HTTP/1.1" 200 54040
190.171.142.26 - - [24/Jul/2023:10:19:19 -0300] "GET /cormun/servlet/trsolicitudot? HTTP/1.1" 200 7193
190.171.142.26 - - [24/Jul/2023:10:19:21 -0300] "POST /cormun/servlet/trsolicitudot?80277b68feaf67810a0418e1912da624,,gx-no-cache=1690203803258 HTTP/1.1" 200 103
190.171.142.26 - - [24/Jul/2023:10:19:21 -0300] "POST /cormun/servlet/trsolicitudot?80277b68feaf67810a0418e1912da624,,gx-no-cache=1690203803387 HTTP/1.1" 200 4330
190.171.142.26 - - [24/Jul/2023:10:19:21 -0300] "GET /cormun/SolicitudOT-9126.xls HTTP/1.1" 200 4608
201.186.225.183 - - [24/Jul/2023:10:19:22 -0300] "POST /cormun/servlet/trlicencias?79488d159fe732a77950a0131117fd39,,gx-no-cache=1690203803495 HTTP/1.1" 200 5405
190.171.142.26 - - [24/Jul/2023:10:19:25 -0300] "GET /cormun/servlet/solicitudot?INS,0,0,false, HTTP/1.1" 200 15919
190.171.142.26 - - [24/Jul/2023:10:19:25 -0300] "GET /cormun/static/gxcfg.js?20221129840861 HTTP/1.1" 200 953
190.171.142.26 - - [24/Jul/2023:10:19:25 -0300] "GET /cormun/static/solicitudot.js?20221129840983 HTTP/1.1" 200 74072
190.171.142.26 - - [24/Jul/2023:10:19:26 -0300] "GET /cormun/servlet/solicitudot?INS,0,0,false, HTTP/1.1" 200 15927
190.171.142.26 - - [24/Jul/2023:10:19:29 -0300] "POST /cormun/servlet/solicitudot?gx-no-cache=1690203811032 HTTP/1.1" 200 4041
190.171.142.26 - - [24/Jul/2023:10:19:29 -0300] "GET /cormun/static/Shared/jqueryui/images/ui-bg_highlight-soft_100_c6c2c8_1x100.png HTTP/1.1" 404 1117
190.171.142.26 - - [24/Jul/2023:10:19:29 -0300] "GET /cormun/static/Shared/jqueryui/images/ui-bg_flat_55_994d53_40x100.png HTTP/1.1" 404 1097
190.171.142.26 - - [24/Jul/2023:10:19:29 -0300] "GET /cormun/static/Shared/jqueryui/images/ui-icons_82798d_256x240.png HTTP/1.1" 404 1089
190.171.142.26 - - [24/Jul/2023:10:19:29 -0300] "GET /cormun/static/Shared/jqueryui/images/ui-icons_ebccce_256x240.png HTTP/1.1" 404 1089
190.171.142.26 - - [24/Jul/2023:10:19:29 -0300] "GET /cormun/servlet/solicitudot?23c4859a9ba55643c5a6499268e9e0f989e1c13161c2b6140824e76d7f670c62,gx-no-cache=1690203811272 HTTP/1.1" 200 111
190.171.142.26 - - [24/Jul/2023:10:19:29 -0300] "GET /cormun/servlet/solicitudot?23c4859a9ba55643c5a6499268e9e0f9a1f6a8bdb40fdc68b0db511142f8d81f,gx-no-cache=1690203811300 HTTP/1.1" 200 94
190.171.142.26 - - [24/Jul/2023:10:19:31 -0300] "GET /cormun/static/Resources/resize.gif HTTP/1.1" 200 77
190.171.142.26 - - [24/Jul/2023:10:19:31 -0300] "GET /cormun/static/Resources/PXTools/ClosePrompt.png HTTP/1.1" 200 1036
190.171.142.26 - - [24/Jul/2023:10:19:31 -0300] "GET /cormun/servlet/prbanco?,MD,,gxPopupLevel%3D0%3B HTTP/1.1" 200 6535
190.171.142.26 - - [24/Jul/2023:10:19:32 -0300] "GET /cormun/static/gxcfg.js?20201216131581 HTTP/1.1" 200 953
190.171.142.26 - - [24/Jul/2023:10:19:32 -0300] "GET /cormun/static/menusearch.js?20201214473581 HTTP/1.1" 200 1424
190.171.142.26 - - [24/Jul/2023:10:19:32 -0300] "GET /cormun/static/prbanco.js?20201216132311 HTTP/1.1" 200 10693
190.171.142.26 - - [24/Jul/2023:10:19:32 -0300] "GET /cormun/static/hmpwkw011.js?202211298443482 HTTP/1.1" 200 1968
190.171.142.26 - - [24/Jul/2023:10:19:32 -0300] "GET /cormun/static/Resources/PXToolsMenuSearchCancel.png HTTP/1.1" 200 306
190.171.142.26 - - [24/Jul/2023:10:19:32 -0300] "GET /cormun/static/Resources/PXToolsMenuSearch.png HTTP/1.1" 200 336
201.186.225.183 - - [24/Jul/2023:10:19:36 -0300] "GET /cormun/servlet/trpermisosgoce? HTTP/1.1" 200 18604
201.186.225.183 - - [24/Jul/2023:10:19:37 -0300] "GET /cormun/servlet/trpermisosgoce? HTTP/1.1" 200 18604
201.186.225.183 - - [24/Jul/2023:10:19:45 -0300] "GET /cormun/servlet/trlicencias? HTTP/1.1" 200 8031
201.186.225.183 - - [24/Jul/2023:10:19:46 -0300] "GET /cormun/servlet/trlicencias? HTTP/1.1" 200 8030
190.171.142.26 - - [24/Jul/2023:10:19:54 -0300] "GET /cormun/servlet/solicitudot?23c4859a9ba55643c5a6499268e9e0f95bcef3b3cd3cd36c3f5b51a6b899da29,gx-no-cache=1690203835694 HTTP/1.1" 200 51
201.186.225.183 - - [24/Jul/2023:10:19:58 -0300] "POST /cormun/servlet/trlicencias?79488d159fe732a77950a0131117fd39,,gx-no-cache=1690203839818 HTTP/1.1" 200 4168
200.54.107.2 - - [24/Jul/2023:10:20:03 -0300] "GET /cormun/servlet/hlogin HTTP/1.1" 200 1716
201.186.225.183 - - [24/Jul/2023:10:20:09 -0300] "GET /cormun/servlet/trpermisosgoce? HTTP/1.1" 200 18604
201.186.225.183 - - [24/Jul/2023:10:20:10 -0300] "GET /cormun/servlet/trpermisosgoce? HTTP/1.1" 200 18621
201.186.225.183 - - [24/Jul/2023:10:20:12 -0300] "GET /cormun/servlet/permisogoce?INS,0,,, HTTP/1.1" 200 6830
201.186.225.183 - - [24/Jul/2023:10:20:12 -0300] "GET /cormun/servlet/permisogoce?INS,0,,, HTTP/1.1" 200 6830
200.54.107.2 - - [24/Jul/2023:10:20:12 -0300] "GET /cormun/servlet/hlogin HTTP/1.1" 200 1726
200.54.107.2 - - [24/Jul/2023:10:20:12 -0300] "GET /favicon.ico HTTP/1.1" 200 21630
201.186.225.183 - - [24/Jul/2023:10:20:14 -0300] "GET /cormun/servlet/prfichaempleado?,MD,,gxPopupLevel%3D0%3B HTTP/1.1" 200 9264
200.54.107.2 - - [24/Jul/2023:10:20:16 -0300] "POST /cormun/servlet/hlogin?879257903a4d0627c316d0313ac0ad80,gx-no-cache=1690203857320 HTTP/1.1" 200 90
200.54.107.2 - - [24/Jul/2023:10:20:16 -0300] "GET /cormun/servlet/hpexe_link HTTP/1.1" 200 949
200.54.107.2 - - [24/Jul/2023:10:20:17 -0300] "GET /cormun/servlet/hhome HTTP/1.1" 200 4353
200.54.107.2 - - [24/Jul/2023:10:20:18 -0300] "GET /cormun/servlet/hhome HTTP/1.1" 200 4350
201.186.225.183 - - [24/Jul/2023:10:20:20 -0300] "POST /cormun/servlet/prfichaempleado?79488d159fe732a77950a0131117fd39,,MD,,gxPopupLevel%3D0%3B,gx-no-cache=1690203862018 HTTP/1.1" 200 3401
201.186.225.183 - - [24/Jul/2023:10:20:23 -0300] "GET /cormun/servlet/permisogoce?df62d0509509ca1910559ff4762b18bdc65986f72882a3e99f34e7538ec12aad0f077ad51fb368de066938acaec326bc141c46a3386a2fe9c5df2b228f9ef6bc,gx-no-cache=1690203864590 HTTP/1.1" 200 79
201.186.225.183 - - [24/Jul/2023:10:20:32 -0300] "GET /cormun/static/menuarrow.gif HTTP/1.1" 404 1015
201.186.225.183 - - [24/Jul/2023:10:20:38 -0300] "GET /cormun/servlet/permisogoce?df62d0509509ca1910559ff4762b18bd3d69ad45885a4eaab6a4be2965652c6c95fe14488d01a45a7c80a1f7c51d7bff20d8091c8fe4f45b59118fc5025088a6,gx-no-cache=1690203880470 HTTP/1.1" 200 48
201.186.225.183 - - [24/Jul/2023:10:20:40 -0300] "POST /cormun/servlet/permisogoce?79488d159fe732a77950a0131117fd39,INS,0,,,,gx-no-cache=1690203881359 HTTP/1.1" 200 93
201.186.225.183 - - [24/Jul/2023:10:20:40 -0300] "GET /cormun/servlet/hpexe_return? HTTP/1.1" 200 1011
201.186.225.183 - - [24/Jul/2023:10:20:40 -0300] "GET /cormun/servlet/trpermisosgoce HTTP/1.1" 200 18594
201.186.225.183 - - [24/Jul/2023:10:20:41 -0300] "GET /cormun/servlet/trpermisosgoce HTTP/1.1" 200 18588
201.186.225.183 - - [24/Jul/2023:10:20:47 -0300] "GET /cormun/servlet/apermisogoceprn?15915422,P,20230724090411,PU HTTP/1.1" 200 1648
201.186.225.183 - - [24/Jul/2023:10:20:59 -0300] "GET /cormun/servlet/permisogoce?INS,0,,, HTTP/1.1" 200 6830
201.186.225.183 - - [24/Jul/2023:10:20:59 -0300] "GET /cormun/servlet/permisogoce?INS,0,,, HTTP/1.1" 200 6830
201.186.225.183 - - [24/Jul/2023:10:21:02 -0300] "GET /cormun/servlet/prfichaempleado?,MD,,gxPopupLevel%3D0%3B HTTP/1.1" 200 9264
201.186.225.183 - - [24/Jul/2023:10:21:08 -0300] "POST /cormun/servlet/prfichaempleado?79488d159fe732a77950a0131117fd39,,MD,,gxPopupLevel%3D0%3B,gx-no-cache=1690203909599 HTTP/1.1" 200 3380
201.186.225.183 - - [24/Jul/2023:10:21:10 -0300] "GET /cormun/servlet/permisogoce?df62d0509509ca1910559ff4762b18bdbb753c239be377ff493958229262702e0f077ad51fb368de066938acaec326bc141c46a3386a2fe9c5df2b228f9ef6bc,gx-no-cache=1690203912205 HTTP/1.1" 200 63
201.186.225.183 - - [24/Jul/2023:10:21:13 -0300] "GET /cormun/static/menuarrow.gif HTTP/1.1" 404 1015
201.186.225.183 - - [24/Jul/2023:10:21:19 -0300] "GET /cormun/servlet/permisogoce?df62d0509509ca1910559ff4762b18bd0b095ddc195ce0b38d1e570296175a3aec94e81043013d4e31c366ffc262f49320d8091c8fe4f45b59118fc5025088a6,gx-no-cache=1690203921150 HTTP/1.1" 200 47
201.186.225.183 - - [24/Jul/2023:10:21:20 -0300] "POST /cormun/servlet/permisogoce?79488d159fe732a77950a0131117fd39,INS,0,,,,gx-no-cache=1690203922039 HTTP/1.1" 200 93
201.186.225.183 - - [24/Jul/2023:10:21:21 -0300] "GET /cormun/servlet/hpexe_return? HTTP/1.1" 200 1011
201.186.225.183 - - [24/Jul/2023:10:21:21 -0300] "GET /cormun/servlet/trpermisosgoce HTTP/1.1" 200 18585
201.186.225.183 - - [24/Jul/2023:10:21:21 -0300] "GET /cormun/servlet/trpermisosgoce HTTP/1.1" 200 18604
201.186.225.183 - - [24/Jul/2023:10:21:26 -0300] "GET /cormun/servlet/apermisogoceprn?12291026,P,20230724090459,PU HTTP/1.1" 200 1645
200.54.107.2 - - [24/Jul/2023:10:21:38 -0300] "GET /cormun/servlet/trpermisosgoce? HTTP/1.1" 200 7286
200.54.107.2 - - [24/Jul/2023:10:21:39 -0300] "GET /cormun/static/gxcfg.js?2020121631564 HTTP/1.1" 200 953
200.54.107.2 - - [24/Jul/2023:10:21:39 -0300] "GET /cormun/static/trpermisosgoce.js?2020121633681 HTTP/1.1" 200 35904
200.54.107.2 - - [24/Jul/2023:10:21:39 -0300] "GET /cormun/servlet/trpermisosgoce? HTTP/1.1" 200 7285
200.54.107.2 - - [24/Jul/2023:10:21:42 -0300] "POST /cormun/servlet/trpermisosgoce?879257903a4d0627c316d0313ac0ad80,,gx-no-cache=1690203943145 HTTP/1.1" 200 4466
200.54.107.2 - - [24/Jul/2023:10:21:44 -0300] "GET /cormun/servlet/permisogoce?INS,0,,, HTTP/1.1" 200 7250
200.54.107.2 - - [24/Jul/2023:10:21:44 -0300] "GET /cormun/static/gxcfg.js?20201215124560 HTTP/1.1" 200 953
200.54.107.2 - - [24/Jul/2023:10:21:44 -0300] "GET /cormun/static/permisogoce.js?20201215124939 HTTP/1.1" 200 27790
200.54.107.2 - - [24/Jul/2023:10:21:45 -0300] "GET /cormun/servlet/permisogoce?INS,0,,, HTTP/1.1" 200 7251
201.186.225.183 - - [24/Jul/2023:10:21:52 -0300] "GET /cormun/servlet/trlicencias? HTTP/1.1" 200 6916
201.186.225.183 - - [24/Jul/2023:10:21:52 -0300] "GET /cormun/servlet/trlicencias? HTTP/1.1" 200 6915
200.54.107.2 - - [24/Jul/2023:10:21:56 -0300] "GET /cormun/servlet/prfichaempleado?,MD,,gxPopupLevel%3D0%3B HTTP/1.1" 200 9392
200.54.107.2 - - [24/Jul/2023:10:21:56 -0300] "GET /cormun/static/gxcfg.js?20201215571085 HTTP/1.1" 200 953
200.54.107.2 - - [24/Jul/2023:10:21:56 -0300] "GET /cormun/static/prfichaempleado.js?20201215572193 HTTP/1.1" 200 16005
190.171.142.26 - - [24/Jul/2023:10:21:57 -0300] "POST /cormun/servlet/solicitudot?gx-no-cache=1690203958880 HTTP/1.1" 200 3992
190.171.142.26 - - [24/Jul/2023:10:21:57 -0300] "POST /cormun/servlet/solicitudot?80277b68feaf67810a0418e1912da624,INS,0,0,false,,gx-no-cache=1690203959009 HTTP/1.1" 200 12571
190.171.142.26 - - [24/Jul/2023:10:22:01 -0300] "GET /cormun/servlet/solicitudot?23c4859a9ba55643c5a6499268e9e0f93f7d29dc633347da2dbded08eb85b3eb585c4aef8c66927d89891166b9d9c2f2,gx-no-cache=1690203962776 HTTP/1.1" 200 30
201.186.225.183 - - [24/Jul/2023:10:22:02 -0300] "GET /cormun/static/menuarrow.gif HTTP/1.1" 404 1015
201.186.225.183 - - [24/Jul/2023:10:22:07 -0300] "POST /cormun/servlet/trlicencias?79488d159fe732a77950a0131117fd39,,gx-no-cache=1690203968570 HTTP/1.1" 200 7185
200.54.107.2 - - [24/Jul/2023:10:22:15 -0300] "POST /cormun/servlet/prfichaempleado?879257903a4d0627c316d0313ac0ad80,,MD,,gxPopupLevel%3D0%3B,gx-no-cache=1690203975968 HTTP/1.1" 200 3168
201.186.225.183 - - [24/Jul/2023:10:22:41 -0300] "GET /cormun/servlet/trpermisosgoce? HTTP/1.1" 200 18588
201.186.225.183 - - [24/Jul/2023:10:22:41 -0300] "GET /cormun/servlet/trpermisosgoce? HTTP/1.1" 200 18589
201.186.225.183 - - [24/Jul/2023:10:22:49 -0300] "GET /cormun/servlet/permisogoce?INS,0,,, HTTP/1.1" 200 6830
201.186.225.183 - - [24/Jul/2023:10:22:49 -0300] "GET /cormun/servlet/permisogoce?INS,0,,, HTTP/1.1" 200 6830
201.186.225.183 - - [24/Jul/2023:10:22:52 -0300] "GET /cormun/servlet/prfichaempleado?,MD,,gxPopupLevel%3D0%3B HTTP/1.1" 200 9264
201.186.225.183 - - [24/Jul/2023:10:23:00 -0300] "POST /cormun/servlet/prfichaempleado?79488d159fe732a77950a0131117fd39,,MD,,gxPopupLevel%3D0%3B,gx-no-cache=1690204022414 HTTP/1.1" 200 3398
201.186.225.183 - - [24/Jul/2023:10:23:05 -0300] "GET /cormun/servlet/permisogoce?df62d0509509ca1910559ff4762b18bd7ea6557a18169e4e0a41b3d201f5455d0f077ad51fb368de066938acaec326bc141c46a3386a2fe9c5df2b228f9ef6bc,gx-no-cache=1690204026840 HTTP/1.1" 200 174
201.186.225.183 - - [24/Jul/2023:10:23:05 -0300] "GET /cormun/static/Shared/jqueryui/images/ui-bg_highlight-soft_100_c6c2c8_1x100.png HTTP/1.1" 404 1117
201.186.225.183 - - [24/Jul/2023:10:23:05 -0300] "GET /cormun/static/Shared/jqueryui/images/ui-icons_82798d_256x240.png HTTP/1.1" 404 1089
201.186.225.183 - - [24/Jul/2023:10:23:05 -0300] "GET /cormun/static/Shared/jqueryui/images/ui-bg_flat_55_994d53_40x100.png HTTP/1.1" 404 1097
201.186.225.183 - - [24/Jul/2023:10:23:05 -0300] "GET /cormun/static/Shared/jqueryui/images/ui-icons_ebccce_256x240.png HTTP/1.1" 404 1089
201.186.225.183 - - [24/Jul/2023:10:23:07 -0300] "POST /cormun/servlet/permisogoce?79488d159fe732a77950a0131117fd39,INS,0,,,,gx-no-cache=1690204029121 HTTP/1.1" 200 93
201.186.225.183 - - [24/Jul/2023:10:23:07 -0300] "GET /cormun/servlet/hpexe_return? HTTP/1.1" 200 1011
201.186.225.183 - - [24/Jul/2023:10:23:07 -0300] "GET /cormun/servlet/trpermisosgoce HTTP/1.1" 200 18593
201.186.225.183 - - [24/Jul/2023:10:23:08 -0300] "GET /cormun/servlet/trpermisosgoce HTTP/1.1" 200 18589
201.186.225.183 - - [24/Jul/2023:10:23:24 -0300] "GET /cormun/servlet/permisogoce?INS,0,,, HTTP/1.1" 200 6830
201.186.225.183 - - [24/Jul/2023:10:23:24 -0300] "GET /cormun/servlet/permisogoce?INS,0,,, HTTP/1.1" 200 6830
201.186.225.183 - - [24/Jul/2023:10:23:27 -0300] "GET /cormun/servlet/prfichaempleado?,MD,,gxPopupLevel%3D0%3B HTTP/1.1" 200 9264
201.186.225.183 - - [24/Jul/2023:10:23:31 -0300] "POST /cormun/servlet/prfichaempleado?79488d159fe732a77950a0131117fd39,,MD,,gxPopupLevel%3D0%3B,gx-no-cache=1690204053259 HTTP/1.1" 200 4094
190.171.142.26 - - [24/Jul/2023:10:23:36 -0300] "GET /cormun/servlet/solicitudot?23c4859a9ba55643c5a6499268e9e0f9598cc6f58be587f4ce22ac5033ebc993b41cda1026cd01946d7d9ddffb752e95d045158057994ad70dd975846b5ffa15,gx-no-cache=1690204058439 HTTP/1.1" 200 30
190.171.142.26 - - [24/Jul/2023:10:23:36 -0300] "GET /cormun/servlet/solicitudot?23c4859a9ba55643c5a6499268e9e0f910469be2be53742cba6501976c4ce34ff920987b44de415a0518fa5abee39871d7a67cddcef7a4312102b740aea643ef,gx-no-cache=1690204058467 HTTP/1.1" 200 51
201.186.225.183 - - [24/Jul/2023:10:23:36 -0300] "GET /cormun/servlet/permisogoce?df62d0509509ca1910559ff4762b18bd8c0ca0bc5185d87ea8261f2ecd3250770f077ad51fb368de066938acaec326bc141c46a3386a2fe9c5df2b228f9ef6bc,gx-no-cache=1690204058464 HTTP/1.1" 200 82
190.171.142.26 - - [24/Jul/2023:10:23:39 -0300] "POST /cormun/servlet/solicitudot?gx-no-cache=1690204060721 HTTP/1.1" 200 255
201.186.225.183 - - [24/Jul/2023:10:23:40 -0300] "GET /cormun/static/menuarrow.gif HTTP/1.1" 404 1015
190.171.142.26 - - [24/Jul/2023:10:23:41 -0300] "GET /cormun/servlet/solicitudot?23c4859a9ba55643c5a6499268e9e0f95fdd5600b68130d5f3d6c241ddc86c67517d29870bc88f50e32fe0399f1a85d1b54be2ddbef5edb023472a58b56a6674124e2e32cb8aa335e164eacd22bc08b6c080b0f8afb7ed47c092d2197ecaf95cbdf0cfc7d0b666bc2772689bd45d7811f332401d179337dde6f8627591c2c4da8bcdb184fa6f9a1c1221180c704a13ee1d40a13014c6e1bf681e71be500439b5c633d937a9604b9052655867d61d9758401d93e399a6c0b93cbf962878c3b624d7b2b677d83837d93db53033de8a8bc0ff561bf75bf903772fd5a1da65288dc55b5cfc5544b59c7dd3f06117b9a2e9cc1fc0168edc2624cc7cc31095aae2c3ca188004cbe8276d21f863b42af2b906b4ad0451da7ef36dad01b20c82bb920eabc9ddbfdc4b1e18fd6de35d7d4f713edc6f98ed78097be5addfec6ff6944e4bf7c893cc05c82cd3e626230df39a2e2e6bd59540f2e5884ecc4fdbf2e6876f90db8c9aac2ec3d887bfed1d4184b9055f2e5d260f59edef27f2a27f7bce6538be6e,gx-no-cache=1690204063394 HTTP/1.1" 200 30
201.186.225.183 - - [24/Jul/2023:10:23:50 -0300] "GET /cormun/servlet/permisogoce?df62d0509509ca1910559ff4762b18bd3a0f5fa6b1fb048072ad4309c8a9879c55367ce4042f73359d065609d3f9816a20d8091c8fe4f45b59118fc5025088a6,gx-no-cache=1690204072412 HTTP/1.1" 200 49
201.186.225.183 - - [24/Jul/2023:10:23:52 -0300] "POST /cormun/servlet/permisogoce?79488d159fe732a77950a0131117fd39,INS,0,,,,gx-no-cache=1690204073271 HTTP/1.1" 200 93
201.186.225.183 - - [24/Jul/2023:10:23:52 -0300] "GET /cormun/servlet/hpexe_return? HTTP/1.1" 200 1011
201.186.225.183 - - [24/Jul/2023:10:23:52 -0300] "GET /cormun/servlet/trpermisosgoce HTTP/1.1" 200 18593
201.186.225.183 - - [24/Jul/2023:10:23:53 -0300] "GET /cormun/servlet/trpermisosgoce HTTP/1.1" 200 18627
201.186.225.183 - - [24/Jul/2023:10:23:56 -0300] "GET /cormun/servlet/apermisogoceprn?15807275,P,20230724090723,PU HTTP/1.1" 200 1646
201.186.225.183 - - [24/Jul/2023:10:24:05 -0300] "GET /cormun/servlet/permisogoce?INS,0,,, HTTP/1.1" 200 6830
201.186.225.183 - - [24/Jul/2023:10:24:05 -0300] "GET /cormun/servlet/permisogoce?INS,0,,, HTTP/1.1" 200 6830
201.186.225.183 - - [24/Jul/2023:10:24:07 -0300] "GET /cormun/servlet/prfichaempleado?,MD,,gxPopupLevel%3D0%3B HTTP/1.1" 200 9264
190.171.142.26 - - [24/Jul/2023:10:24:13 -0300] "POST /cormun/servlet/solicitudot?gx-no-cache=1690204095283 HTTP/1.1" 200 30
190.171.142.26 - - [24/Jul/2023:10:24:13 -0300] "POST /cormun/servlet/solicitudot?gx-no-cache=1690204095348 HTTP/1.1" 200 1466
190.171.142.26 - - [24/Jul/2023:10:24:13 -0300] "POST /cormun/servlet/solicitudot?gx-no-cache=1690204095378 HTTP/1.1" 200 38
201.186.225.183 - - [24/Jul/2023:10:24:15 -0300] "POST /cormun/servlet/prfichaempleado?79488d159fe732a77950a0131117fd39,,MD,,gxPopupLevel%3D0%3B,gx-no-cache=1690204097155 HTTP/1.1" 200 3403
192.168.10.17 - - [24/Jul/2023:10:24:17 -0300] "GET /cormun/servlet/hlogin HTTP/1.1" 200 1729
201.186.225.183 - - [24/Jul/2023:10:24:18 -0300] "GET /cormun/servlet/permisogoce?df62d0509509ca1910559ff4762b18bd7c8fc6cb0f415785af77452f5268fc2d0f077ad51fb368de066938acaec326bc141c46a3386a2fe9c5df2b228f9ef6bc,gx-no-cache=1690204099560 HTTP/1.1" 200 80
192.168.10.17 - - [24/Jul/2023:10:24:18 -0300] "GET /cormun/servlet/hlogin HTTP/1.1" 200 1739
201.186.225.183 - - [24/Jul/2023:10:24:18 -0300] "GET /cormun/static/menuarrow.gif HTTP/1.1" 404 1015
192.168.10.17 - - [24/Jul/2023:10:24:25 -0300] "POST /cormun/servlet/hlogin?11f134ff9ca106f17d3d2d7d4f92401d,gx-no-cache=1690204105422 HTTP/1.1" 200 90
192.168.10.17 - - [24/Jul/2023:10:24:25 -0300] "GET /cormun/servlet/hpexe_link HTTP/1.1" 200 957
192.168.10.17 - - [24/Jul/2023:10:24:25 -0300] "GET /cormun/servlet/hhome HTTP/1.1" 200 3809
192.168.10.17 - - [24/Jul/2023:10:24:25 -0300] "GET /cormun/servlet/hhome HTTP/1.1" 200 3806
192.168.10.17 - - [24/Jul/2023:10:24:27 -0300] "GET /cormun/servlet/trsolicitudgral? HTTP/1.1" 200 17875
192.168.10.17 - - [24/Jul/2023:10:24:28 -0300] "GET /cormun/servlet/trsolicitudgral? HTTP/1.1" 200 17872
190.171.142.26 - - [24/Jul/2023:10:24:42 -0300] "GET /cormun/servlet/solicitudot?23c4859a9ba55643c5a6499268e9e0f941997ee9edcfb37f25f29e92d0332ec8e6dc87e3d0455bf7a26a48ffeb699bccfa2cd50c2ca9c3b576e15e3ce96dc220fb83caf5c9db50c3a2cc890c44c274b18f808f94649a31c0fda709741fc80dae9808922fe6722d2f89c5419b4986229a,gx-no-cache=1690204124012 HTTP/1.1" 200 110
201.186.225.183 - - [24/Jul/2023:10:24:47 -0300] "POST /cormun/servlet/permisogoce?79488d159fe732a77950a0131117fd39,INS,0,,,,gx-no-cache=1690204129091 HTTP/1.1" 200 93
201.186.225.183 - - [24/Jul/2023:10:24:47 -0300] "GET /cormun/servlet/hpexe_return? HTTP/1.1" 200 1011
201.186.225.183 - - [24/Jul/2023:10:24:48 -0300] "GET /cormun/servlet/trpermisosgoce HTTP/1.1" 200 18604
201.186.225.183 - - [24/Jul/2023:10:24:48 -0300] "GET /cormun/servlet/trpermisosgoce HTTP/1.1" 200 18599
190.171.142.26 - - [24/Jul/2023:10:24:49 -0300] "POST /cormun/servlet/solicitudot?gx-no-cache=1690204131257 HTTP/1.1" 200 97
201.186.225.183 - - [24/Jul/2023:10:24:50 -0300] "GET /cormun/servlet/permisogoce?INS,0,,, HTTP/1.1" 200 6830
201.186.225.183 - - [24/Jul/2023:10:24:50 -0300] "GET /cormun/servlet/permisogoce?INS,0,,, HTTP/1.1" 200 6830
201.186.225.183 - - [24/Jul/2023:10:24:53 -0300] "GET /cormun/servlet/prfichaempleado?,MD,,gxPopupLevel%3D0%3B HTTP/1.1" 200 9264
201.186.225.183 - - [24/Jul/2023:10:24:58 -0300] "POST /cormun/servlet/prfichaempleado?79488d159fe732a77950a0131117fd39,,MD,,gxPopupLevel%3D0%3B,gx-no-cache=1690204139962 HTTP/1.1" 200 3722
186.174.225.16 - - [24/Jul/2023:10:24:59 -0300] "GET /cormun/servlet/hlogin HTTP/1.1" 200 1717
186.174.225.16 - - [24/Jul/2023:10:24:59 -0300] "GET /cormun/static/gxtimezone.js?85251 HTTP/1.1" 200 5781
186.174.225.16 - - [24/Jul/2023:10:24:59 -0300] "GET /cormun/static/gxcfg.js?2022112219184450 HTTP/1.1" 200 953
186.174.225.16 - - [24/Jul/2023:10:24:59 -0300] "GET /cormun/static/Resources/Spanish/PXTools.css?1759030 HTTP/1.1" 200 100853
186.174.225.16 - - [24/Jul/2023:10:24:59 -0300] "GET /cormun/static/messages.spa.js?85251 HTTP/1.1" 200 30736
186.174.225.16 - - [24/Jul/2023:10:24:59 -0300] "GET /cormun/static/hlogin.js?2022112219184458 HTTP/1.1" 200 2156
186.174.225.16 - - [24/Jul/2023:10:24:59 -0300] "GET /cormun/static/gxgral.js?85251 HTTP/1.1" 200 384558
186.174.225.16 - - [24/Jul/2023:10:24:59 -0300] "GET /cormun/static/Resources/CormunLogin.png HTTP/1.1" 200 19132
186.174.225.16 - - [24/Jul/2023:10:24:59 -0300] "GET /cormun/static/Resources/PXToolsLoginTop.png HTTP/1.1" 200 1337
186.174.225.16 - - [24/Jul/2023:10:24:59 -0300] "GET /cormun/static/Resources/PXToolsLoginBackground.png HTTP/1.1" 200 1164
186.174.225.16 - - [24/Jul/2023:10:24:59 -0300] "GET /cormun/static/Resources/PXToolsButtonLeft.png HTTP/1.1" 200 1310
186.174.225.16 - - [24/Jul/2023:10:24:59 -0300] "GET /cormun/static/Resources/PXToolsButtonRight.png HTTP/1.1" 200 1294
186.174.225.16 - - [24/Jul/2023:10:24:59 -0300] "GET /cormun/static/Resources/PXToolsButtonBackground.png HTTP/1.1" 200 1176
186.174.225.16 - - [24/Jul/2023:10:24:59 -0300] "GET /cormun/static/Resources/PXToolsLoginBottom.png HTTP/1.1" 200 1389
186.174.225.16 - - [24/Jul/2023:10:24:59 -0300] "GET /cormun/static/Resources/indicator.gif HTTP/1.1" 200 1553
186.174.225.16 - - [24/Jul/2023:10:24:59 -0300] "GET /cormun/servlet/hlogin HTTP/1.1" 200 1728
186.174.225.16 - - [24/Jul/2023:10:25:00 -0300] "GET /favicon.ico HTTP/1.1" 200 21630
201.186.225.183 - - [24/Jul/2023:10:25:02 -0300] "GET /cormun/servlet/permisogoce?df62d0509509ca1910559ff4762b18bd4133b6f95df9f8b0896cb95c9c38a5c40f077ad51fb368de066938acaec326bc141c46a3386a2fe9c5df2b228f9ef6bc,gx-no-cache=1690204143577 HTTP/1.1" 200 80
201.186.225.183 - - [24/Jul/2023:10:25:03 -0300] "GET /cormun/static/menuarrow.gif HTTP/1.1" 404 1015
201.186.225.183 - - [24/Jul/2023:10:25:11 -0300] "GET /cormun/servlet/permisogoce?df62d0509509ca1910559ff4762b18bd16c07c7c2fb3e7b1d0ba8c1e2c6776cdcb9410e214bc24f8033ff811303de3a620d8091c8fe4f45b59118fc5025088a6,gx-no-cache=1690204152805 HTTP/1.1" 200 48
201.186.225.183 - - [24/Jul/2023:10:25:12 -0300] "POST /cormun/servlet/permisogoce?79488d159fe732a77950a0131117fd39,INS,0,,,,gx-no-cache=1690204153810 HTTP/1.1" 200 93
201.186.225.183 - - [24/Jul/2023:10:25:12 -0300] "GET /cormun/servlet/hpexe_return? HTTP/1.1" 200 1011
201.186.225.183 - - [24/Jul/2023:10:25:13 -0300] "GET /cormun/servlet/trpermisosgoce HTTP/1.1" 200 18583
201.186.225.183 - - [24/Jul/2023:10:25:13 -0300] "GET /cormun/servlet/trpermisosgoce HTTP/1.1" 200 18611
201.186.225.183 - - [24/Jul/2023:10:25:18 -0300] "GET /cormun/servlet/apermisogoceprn?11365098,P,20230724090849,PU HTTP/1.1" 200 1647
201.186.225.183 - - [24/Jul/2023:10:25:32 -0300] "GET /cormun/servlet/permisogoce?INS,0,,, HTTP/1.1" 200 6830
201.186.225.183 - - [24/Jul/2023:10:25:32 -0300] "GET /cormun/servlet/permisogoce?INS,0,,, HTTP/1.1" 200 6830
201.186.225.183 - - [24/Jul/2023:10:25:34 -0300] "GET /cormun/servlet/prfichaempleado?,MD,,gxPopupLevel%3D0%3B HTTP/1.1" 200 9264
201.186.225.183 - - [24/Jul/2023:10:25:42 -0300] "POST /cormun/servlet/prfichaempleado?79488d159fe732a77950a0131117fd39,,MD,,gxPopupLevel%3D0%3B,gx-no-cache=1690204183882 HTTP/1.1" 200 3400
201.186.225.183 - - [24/Jul/2023:10:25:45 -0300] "GET /cormun/servlet/permisogoce?df62d0509509ca1910559ff4762b18bdd05202191885820f56b8ac49aac54bb20f077ad51fb368de066938acaec326bc141c46a3386a2fe9c5df2b228f9ef6bc,gx-no-cache=1690204187334 HTTP/1.1" 200 76
201.186.225.183 - - [24/Jul/2023:10:25:45 -0300] "GET /cormun/static/menuarrow.gif HTTP/1.1" 404 1015
201.186.225.183 - - [24/Jul/2023:10:25:55 -0300] "GET /cormun/servlet/permisogoce?df62d0509509ca1910559ff4762b18bd2368528c66fee48a4158e5c20afcd499a13d3a643a51a2c605dfb2a1f4f4489b20d8091c8fe4f45b59118fc5025088a6,gx-no-cache=1690204197080 HTTP/1.1" 200 48
201.186.225.183 - - [24/Jul/2023:10:25:56 -0300] "POST /cormun/servlet/permisogoce?79488d159fe732a77950a0131117fd39,INS,0,,,,gx-no-cache=1690204197999 HTTP/1.1" 200 93
201.186.225.183 - - [24/Jul/2023:10:25:56 -0300] "GET /cormun/servlet/hpexe_return? HTTP/1.1" 200 1011
201.186.225.183 - - [24/Jul/2023:10:25:57 -0300] "GET /cormun/servlet/trpermisosgoce HTTP/1.1" 200 18583
201.186.225.183 - - [24/Jul/2023:10:25:57 -0300] "GET /cormun/servlet/trpermisosgoce HTTP/1.1" 200 18578
201.186.225.183 - - [24/Jul/2023:10:26:06 -0300] "GET /cormun/servlet/apermisogoceprn?12961977,P,20230724090931,PU HTTP/1.1" 200 1640
201.186.225.183 - - [24/Jul/2023:10:26:18 -0300] "GET /cormun/servlet/permisogoce?INS,0,,, HTTP/1.1" 200 6831
201.186.225.183 - - [24/Jul/2023:10:26:19 -0300] "GET /cormun/servlet/permisogoce?INS,0,,, HTTP/1.1" 200 6830
201.186.225.183 - - [24/Jul/2023:10:26:20 -0300] "GET /cormun/servlet/prfichaempleado?,MD,,gxPopupLevel%3D0%3B HTTP/1.1" 200 9264
201.186.225.183 - - [24/Jul/2023:10:26:29 -0300] "POST /cormun/servlet/prfichaempleado?79488d159fe732a77950a0131117fd39,,MD,,gxPopupLevel%3D0%3B,gx-no-cache=1690204230783 HTTP/1.1" 200 3507
201.186.225.183 - - [24/Jul/2023:10:26:54 -0300] "GET /cormun/servlet/permisogoce?df62d0509509ca1910559ff4762b18bdc9ec10b2e27378a4e8de37a9336c2ce90f077ad51fb368de066938acaec326bc141c46a3386a2fe9c5df2b228f9ef6bc,gx-no-cache=1690204255711 HTTP/1.1" 200 79
201.186.225.183 - - [24/Jul/2023:10:26:55 -0300] "GET /cormun/static/menuarrow.gif HTTP/1.1" 404 1015
190.171.153.26 - - [24/Jul/2023:10:27:09 -0300] "GET /cormun/servlet/hhome HTTP/1.1" 200 3317
190.171.153.26 - - [24/Jul/2023:10:27:11 -0300] "GET /cormun/servlet/hlogin HTTP/1.1" 200 1728
190.171.153.26 - - [24/Jul/2023:10:27:11 -0300] "GET /cormun/servlet/hhome HTTP/1.1" 200 3327
190.171.153.26 - - [24/Jul/2023:10:27:11 -0300] "GET /cormun/servlet/hhome HTTP/1.1" 200 3327
201.186.225.183 - - [24/Jul/2023:10:27:14 -0300] "GET /cormun/servlet/permisogoce?df62d0509509ca1910559ff4762b18bd8776641081df7a2f668df4fd302b1b7f5bf272784502fa58cdb540299e07642920d8091c8fe4f45b59118fc5025088a6,gx-no-cache=1690204276494 HTTP/1.1" 200 48
201.186.225.183 - - [24/Jul/2023:10:27:16 -0300] "POST /cormun/servlet/permisogoce?79488d159fe732a77950a0131117fd39,INS,0,,,,gx-no-cache=1690204277223 HTTP/1.1" 200 93
201.186.225.183 - - [24/Jul/2023:10:27:16 -0300] "GET /cormun/servlet/hpexe_return? HTTP/1.1" 200 1011
201.186.225.183 - - [24/Jul/2023:10:27:16 -0300] "GET /cormun/servlet/trpermisosgoce HTTP/1.1" 200 18570
201.186.225.183 - - [24/Jul/2023:10:27:17 -0300] "GET /cormun/servlet/trpermisosgoce HTTP/1.1" 200 18527
201.186.225.183 - - [24/Jul/2023:10:27:20 -0300] "GET /cormun/servlet/apermisogoceprn?18042029,P,20230724091018,PU HTTP/1.1" 200 1655
190.171.153.26 - - [24/Jul/2023:10:27:21 -0300] "POST /cormun/servlet/hlogin?fe668dc9c9e973141482f0887f4772d8,gx-no-cache=1690204282086 HTTP/1.1" 200 90
190.171.153.26 - - [24/Jul/2023:10:27:21 -0300] "GET /cormun/servlet/hpexe_link HTTP/1.1" 200 946
190.171.153.26 - - [24/Jul/2023:10:27:22 -0300] "GET /cormun/servlet/hhome HTTP/1.1" 200 3965
190.171.153.26 - - [24/Jul/2023:10:27:22 -0300] "GET /cormun/servlet/hhome HTTP/1.1" 200 3962
201.186.225.183 - - [24/Jul/2023:10:27:32 -0300] "GET /cormun/servlet/permisogoce?INS,0,,, HTTP/1.1" 200 6830
201.186.225.183 - - [24/Jul/2023:10:27:33 -0300] "GET /cormun/servlet/permisogoce?INS,0,,, HTTP/1.1" 200 6829
190.171.153.26 - - [24/Jul/2023:10:27:33 -0300] "GET /cormun/servlet/trlicencias? HTTP/1.1" 200 9129
190.171.153.26 - - [24/Jul/2023:10:27:34 -0300] "GET /cormun/servlet/trlicencias? HTTP/1.1" 200 9126
201.186.225.183 - - [24/Jul/2023:10:27:36 -0300] "GET /cormun/servlet/permisogoce?df62d0509509ca1910559ff4762b18bdc9ec10b2e27378a4e8de37a9336c2ce90f077ad51fb368de066938acaec326bc141c46a3386a2fe9c5df2b228f9ef6bc,gx-no-cache=1690204297552 HTTP/1.1" 200 80
201.186.225.183 - - [24/Jul/2023:10:27:37 -0300] "GET /cormun/static/menuarrow.gif HTTP/1.1" 404 1015
190.171.153.26 - - [24/Jul/2023:10:27:37 -0300] "POST /cormun/servlet/trlicencias?fe668dc9c9e973141482f0887f4772d8,,gx-no-cache=1690204297545 HTTP/1.1" 200 6576
190.171.153.26 - - [24/Jul/2023:10:27:39 -0300] "POST /cormun/servlet/trlicencias?fe668dc9c9e973141482f0887f4772d8,,gx-no-cache=1690204299983 HTTP/1.1" 200 6576
190.171.142.26 - - [24/Jul/2023:10:27:41 -0300] "POST /cormun/servlet/solicitudot?gx-no-cache=1690204302824 HTTP/1.1" 200 240
201.186.225.183 - - [24/Jul/2023:10:27:43 -0300] "GET /cormun/servlet/permisogoce?df62d0509509ca1910559ff4762b18bd8776641081df7a2f668df4fd302b1b7f6c39095c442ed22640d77bb0b18dcc5420d8091c8fe4f45b59118fc5025088a6,gx-no-cache=1690204305375 HTTP/1.1" 200 47
190.171.153.26 - - [24/Jul/2023:10:27:44 -0300] "POST /cormun/servlet/trlicencias?fe668dc9c9e973141482f0887f4772d8,,gx-no-cache=1690204304470 HTTP/1.1" 200 6576
201.186.225.183 - - [24/Jul/2023:10:27:45 -0300] "POST /cormun/servlet/permisogoce?79488d159fe732a77950a0131117fd39,INS,0,,,,gx-no-cache=1690204306759 HTTP/1.1" 200 93
201.186.225.183 - - [24/Jul/2023:10:27:45 -0300] "GET /cormun/servlet/hpexe_return? HTTP/1.1" 200 1011
190.171.153.26 - - [24/Jul/2023:10:27:46 -0300] "POST /cormun/servlet/trlicencias?fe668dc9c9e973141482f0887f4772d8,,gx-no-cache=1690204306300 HTTP/1.1" 200 6575
190.171.142.26 - - [24/Jul/2023:10:27:46 -0300] "GET /cormun/servlet/solicitudot?23c4859a9ba55643c5a6499268e9e0f95fdd5600b68130d5f3d6c241ddc86c67d864d7812c5eca0c687f11af225d19e2b54be2ddbef5edb023472a58b56a6674124e2e32cb8aa335e164eacd22bc08b6c080b0f8afb7ed47c092d2197ecaf95cbdf0cfc7d0b666bc2772689bd45d7811f332401d179337dde6f8627591c2c4da8bcdb184fa6f9a1c1221180c704a13ee1d40a13014c6e1bf681e71be500439b5c633d937a9604b9052655867d61d9758401d93e399a6c0b93cbf962878c3b624d7b2b677d83837d93db53033de8a8bc0ff561bf75bf903772fd5a1da65288dc55b5cfc5544b59c7dd3f06117b9a2e9cc1fc0168edc2624cc7cc31095aae2c3ca188004cbe8276d21f863b42af2b906b4e550286ea29e5517b777bcef9f8ccd056cca100540d05aca1a7691d89954c0b8b85a3260c1f00840e753b2698ae1876cf2b5fae474c4df4edcfaff0770a5ec4e033f3b6bdbd5ff864226c131d35b5f01cb2ac211de6dfc567171d7377c48e03aa1aa695b555671fab88e4dbfd3dd2aea,gx-no-cache=1690204307705 HTTP/1.1" 200 30
201.186.225.183 - - [24/Jul/2023:10:27:46 -0300] "GET /cormun/servlet/trpermisosgoce HTTP/1.1" 200 18481
201.186.225.183 - - [24/Jul/2023:10:27:46 -0300] "GET /cormun/servlet/trpermisosgoce HTTP/1.1" 200 18509
190.171.142.26 - - [24/Jul/2023:10:27:49 -0300] "POST /cormun/servlet/solicitudot?gx-no-cache=1690204311353 HTTP/1.1" 200 30
201.186.225.183 - - [24/Jul/2023:10:28:01 -0300] "GET /cormun/servlet/apermisogoceprn?18042029,P,20230724091132,PU HTTP/1.1" 200 1650
201.186.225.183 - - [24/Jul/2023:10:28:11 -0300] "GET /cormun/servlet/permisogoce?INS,0,,, HTTP/1.1" 200 6831
201.186.225.183 - - [24/Jul/2023:10:28:11 -0300] "GET /cormun/servlet/permisogoce?INS,0,,, HTTP/1.1" 200 6830
201.186.225.183 - - [24/Jul/2023:10:28:14 -0300] "GET /cormun/servlet/permisogoce?df62d0509509ca1910559ff4762b18bdc9ec10b2e27378a4e8de37a9336c2ce90f077ad51fb368de066938acaec326bc141c46a3386a2fe9c5df2b228f9ef6bc,gx-no-cache=1690204335742 HTTP/1.1" 200 80
201.186.225.183 - - [24/Jul/2023:10:28:14 -0300] "GET /cormun/static/menuarrow.gif HTTP/1.1" 404 1015
190.171.142.26 - - [24/Jul/2023:10:28:17 -0300] "GET /cormun/servlet/prlicenciaspermisos?9714472,L,,MD,,gxPopupLevel%3D0%3B HTTP/1.1" 200 6915
190.171.142.26 - - [24/Jul/2023:10:28:17 -0300] "GET /cormun/static/gxcfg.js?2020121559567 HTTP/1.1" 200 953
190.171.142.26 - - [24/Jul/2023:10:28:17 -0300] "GET /cormun/static/prlicenciaspermisos.js?2020121559821 HTTP/1.1" 200 13379
190.171.142.26 - - [24/Jul/2023:10:28:21 -0300] "POST /cormun/servlet/solicitudot?gx-no-cache=1690204343340 HTTP/1.1" 200 1468
190.171.142.26 - - [24/Jul/2023:10:28:27 -0300] "POST /cormun/servlet/solicitudot?gx-no-cache=1690204349425 HTTP/1.1" 200 41
190.171.142.26 - - [24/Jul/2023:10:28:27 -0300] "GET /cormun/servlet/solicitudot?23c4859a9ba55643c5a6499268e9e0f941997ee9edcfb37f25f29e92d0332ec8e6dc87e3d0455bf7a26a48ffeb699bccfa2cd50c2ca9c3b576e15e3ce96dc220fb83caf5c9db50c3a2cc890c44c274b18f808f94649a31c0fda709741fc80dae9808922fe6722d2f89c5419b4986229a,gx-no-cache=1690204349452 HTTP/1.1" 200 110
190.171.142.26 - - [24/Jul/2023:10:28:27 -0300] "POST /cormun/servlet/solicitudot?gx-no-cache=1690204349496 HTTP/1.1" 200 97
190.171.142.26 - - [24/Jul/2023:10:28:27 -0300] "GET /cormun/servlet/solicitudot?23c4859a9ba55643c5a6499268e9e0f94788f79e343a7e48b04f249765ee111166531905f332e825af31da78f38cccc5b28e87c60d3a8002e0963580e972b1275377b850847e5ec1b0a5ea8b38e4e7966c382d07dac7d07925ee97957648ce5cb51ff95d6e30039a2f3498d09cf77557,gx-no-cache=1690204349541 HTTP/1.1" 200 29
190.171.142.26 - - [24/Jul/2023:10:28:27 -0300] "GET /cormun/static/menuarrow.gif HTTP/1.1" 404 1015
201.186.225.183 - - [24/Jul/2023:10:28:28 -0300] "GET /cormun/servlet/permisogoce?df62d0509509ca1910559ff4762b18bd8776641081df7a2f668df4fd302b1b7fe5c0853c8cc734132f3c2a684b08d6e720d8091c8fe4f45b59118fc5025088a6,gx-no-cache=1690204350204 HTTP/1.1" 200 47
201.186.225.183 - - [24/Jul/2023:10:28:29 -0300] "POST /cormun/servlet/permisogoce?79488d159fe732a77950a0131117fd39,INS,0,,,,gx-no-cache=1690204351066 HTTP/1.1" 200 93
201.186.225.183 - - [24/Jul/2023:10:28:29 -0300] "GET /cormun/servlet/hpexe_return? HTTP/1.1" 200 1011
201.186.225.183 - - [24/Jul/2023:10:28:30 -0300] "GET /cormun/servlet/trpermisosgoce HTTP/1.1" 200 18437
201.186.225.183 - - [24/Jul/2023:10:28:30 -0300] "GET /cormun/servlet/trpermisosgoce HTTP/1.1" 200 18432
190.171.142.26 - - [24/Jul/2023:10:28:35 -0300] "GET /cormun/servlet/solicitudot?23c4859a9ba55643c5a6499268e9e0f941997ee9edcfb37f25f29e92d0332ec8e6dc87e3d0455bf7a26a48ffeb699bccfa2cd50c2ca9c3b576e15e3ce96dc220fb83caf5c9db50c3a2cc890c44c274b18f808f94649a31c0fda709741fc80dae9808922fe6722d2f89c5419b4986229a,gx-no-cache=1690204356900 HTTP/1.1" 200 110
190.171.142.26 - - [24/Jul/2023:10:28:36 -0300] "GET /cormun/servlet/solicitudot?23c4859a9ba55643c5a6499268e9e0f987b3935dae9c0cfbf79587b68e9fabec808d5df56cba45961d0b0207a557f9a9,gx-no-cache=1690204358541 HTTP/1.1" 200 30
190.171.142.26 - - [24/Jul/2023:10:28:36 -0300] "POST /cormun/servlet/solicitudot?gx-no-cache=1690204358560 HTTP/1.1" 200 34
201.186.225.183 - - [24/Jul/2023:10:28:37 -0300] "GET /cormun/servlet/apermisogoceprn?18042029,P,20230724091210,PU HTTP/1.1" 200 1660
201.186.225.183 - - [24/Jul/2023:10:28:47 -0300] "GET /cormun/servlet/permisogoce?INS,0,,, HTTP/1.1" 200 6831
201.186.225.183 - - [24/Jul/2023:10:28:47 -0300] "GET /cormun/servlet/permisogoce?INS,0,,, HTTP/1.1" 200 6830
190.171.142.26 - - [24/Jul/2023:10:29:00 -0300] "POST /cormun/servlet/solicitudot?80277b68feaf67810a0418e1912da624,INS,0,0,false,,gx-no-cache=1690204381907 HTTP/1.1" 200 93
190.171.142.26 - - [24/Jul/2023:10:29:01 -0300] "GET /cormun/servlet/hpexe_return? HTTP/1.1" 200 1009
190.171.142.26 - - [24/Jul/2023:10:29:01 -0300] "GET /cormun/servlet/trsolicitudot? HTTP/1.1" 200 8641
190.171.142.26 - - [24/Jul/2023:10:29:01 -0300] "GET /cormun//static/Resources/PXToolsActionView.png HTTP/1.1" 200 398
190.171.142.26 - - [24/Jul/2023:10:29:01 -0300] "GET /cormun//static/Resources/PXToolsRemoveAllAction.png HTTP/1.1" 200 487
190.171.142.26 - - [24/Jul/2023:10:29:01 -0300] "GET /cormun//static/Resources/PXToolsGridUpdate.png HTTP/1.1" 200 470
190.171.142.26 - - [24/Jul/2023:10:29:01 -0300] "GET /cormun//static/Resources/PXToolsGridDelete.png HTTP/1.1" 200 538
190.171.142.26 - - [24/Jul/2023:10:29:01 -0300] "GET /cormun/servlet/trsolicitudot? HTTP/1.1" 200 8637
201.186.225.183 - - [24/Jul/2023:10:29:05 -0300] "GET /cormun/servlet/permisogoce?df62d0509509ca1910559ff4762b18bd074b7a4a1bdcafb7765547f4a0b3a6bc0f077ad51fb368de066938acaec326bc141c46a3386a2fe9c5df2b228f9ef6bc,gx-no-cache=1690204387106 HTTP/1.1" 200 84
201.186.225.183 - - [24/Jul/2023:10:29:08 -0300] "GET /cormun/static/menuarrow.gif HTTP/1.1" 404 1015
201.186.225.183 - - [24/Jul/2023:10:29:15 -0300] "GET /cormun/servlet/permisogoce?df62d0509509ca1910559ff4762b18bd17f09f2ab320f8966eee890653b0012bc90c453c521af51ee698064eacfaea5f20d8091c8fe4f45b59118fc5025088a6,gx-no-cache=1690204397250 HTTP/1.1" 200 46
201.186.225.183 - - [24/Jul/2023:10:29:16 -0300] "POST /cormun/servlet/permisogoce?79488d159fe732a77950a0131117fd39,INS,0,,,,gx-no-cache=1690204398158 HTTP/1.1" 200 93
201.186.225.183 - - [24/Jul/2023:10:29:17 -0300] "GET /cormun/servlet/hpexe_return? HTTP/1.1" 200 1011
201.186.225.183 - - [24/Jul/2023:10:29:17 -0300] "GET /cormun/servlet/trpermisosgoce HTTP/1.1" 200 18478
201.186.225.183 - - [24/Jul/2023:10:29:17 -0300] "GET /cormun/servlet/trpermisosgoce HTTP/1.1" 200 18466
190.171.142.50 - - [24/Jul/2023:10:29:19 -0300] "GET /cormun/servlet/hlogin HTTP/1.1" 200 1720
190.171.142.50 - - [24/Jul/2023:10:29:19 -0300] "GET /cormun/servlet/hlogin HTTP/1.1" 200 1729
201.186.225.183 - - [24/Jul/2023:10:29:21 -0300] "GET /cormun/servlet/apermisogoceprn?20369147,P,20230724091246,PU HTTP/1.1" 200 1654
190.171.142.50 - - [24/Jul/2023:10:29:26 -0300] "POST /cormun/servlet/hlogin?1c1d1c78df1ade5abedc164f9d5f8a05,gx-no-cache=1690204406917 HTTP/1.1" 200 90
190.171.142.50 - - [24/Jul/2023:10:29:26 -0300] "GET /cormun/servlet/hpexe_link HTTP/1.1" 200 949
190.171.142.50 - - [24/Jul/2023:10:29:26 -0300] "GET /cormun/servlet/hhome HTTP/1.1" 200 3965
190.171.142.50 - - [24/Jul/2023:10:29:26 -0300] "GET /cormun/servlet/hhome HTTP/1.1" 200 3962
52.167.144.25 - - [24/Jul/2023:10:29:28 -0300] "GET /cormun/servlet/hpexe_return HTTP/1.1" 200 987
52.167.144.25 - - [24/Jul/2023:10:29:28 -0300] "GET /cormun/servlet/trlicencias HTTP/1.1" 200 6025
190.171.142.50 - - [24/Jul/2023:10:29:29 -0300] "GET /cormun/servlet/trlicencias? HTTP/1.1" 200 11535
190.171.142.50 - - [24/Jul/2023:10:29:29 -0300] "GET /cormun/servlet/trlicencias? HTTP/1.1" 200 11546
201.186.225.183 - - [24/Jul/2023:10:29:30 -0300] "GET /cormun/servlet/permisogoce?INS,0,,, HTTP/1.1" 200 6830
201.186.225.183 - - [24/Jul/2023:10:29:31 -0300] "GET /cormun/servlet/permisogoce?INS,0,,, HTTP/1.1" 200 6829
201.186.225.183 - - [24/Jul/2023:10:29:33 -0300] "GET /cormun/servlet/permisogoce?df62d0509509ca1910559ff4762b18bd074b7a4a1bdcafb7765547f4a0b3a6bc0f077ad51fb368de066938acaec326bc141c46a3386a2fe9c5df2b228f9ef6bc,gx-no-cache=1690204415438 HTTP/1.1" 200 86
201.186.225.183 - - [24/Jul/2023:10:29:35 -0300] "GET /cormun/static/menuarrow.gif HTTP/1.1" 404 1015
201.186.225.183 - - [24/Jul/2023:10:29:40 -0300] "GET /cormun/servlet/permisogoce?df62d0509509ca1910559ff4762b18bd17f09f2ab320f8966eee890653b0012b9cca7fbaae440c555cfb45b0847dc16920d8091c8fe4f45b59118fc5025088a6,gx-no-cache=1690204422536 HTTP/1.1" 200 45
201.186.225.183 - - [24/Jul/2023:10:29:44 -0300] "POST /cormun/servlet/permisogoce?79488d159fe732a77950a0131117fd39,INS,0,,,,gx-no-cache=1690204425543 HTTP/1.1" 200 93
201.186.225.183 - - [24/Jul/2023:10:29:44 -0300] "GET /cormun/servlet/hpexe_return? HTTP/1.1" 200 1011
201.186.225.183 - - [24/Jul/2023:10:29:44 -0300] "GET /cormun/servlet/trpermisosgoce HTTP/1.1" 200 18389
201.186.225.183 - - [24/Jul/2023:10:29:45 -0300] "GET /cormun/servlet/trpermisosgoce HTTP/1.1" 200 18377
192.168.10.17 - - [24/Jul/2023:10:29:48 -0300] "GET /cormun/servlet/vesolicitudgral?2023,20444,, HTTP/1.1" 200 8369
192.168.10.17 - - [24/Jul/2023:10:29:48 -0300] "GET /cormun/pexe_scrolldiv.js HTTP/1.1" 404 1009
192.168.10.17 - - [24/Jul/2023:10:29:48 -0300] "GET /cormun/servlet/vesolicitudgral?2023,20444,, HTTP/1.1" 200 8368
201.186.225.183 - - [24/Jul/2023:10:30:01 -0300] "GET /cormun/servlet/permisogoce?UPD,20369147,P,20230724091330, HTTP/1.1" 200 6893
201.186.225.183 - - [24/Jul/2023:10:30:01 -0300] "GET /cormun/servlet/permisogoce?UPD,20369147,P,20230724091330, HTTP/1.1" 200 6893
201.186.225.183 - - [24/Jul/2023:10:30:01 -0300] "GET /cormun/servlet/permisogoce?df62d0509509ca1910559ff4762b18bd074b7a4a1bdcafb7765547f4a0b3a6bc645bab57de25683506ad436b49b5f665711ebd2bd299675fda9d6ee77bf2c3d851cfcd103ea11a27f60c60b39710e999,gx-no-cache=1690204443277 HTTP/1.1" 200 86
192.168.10.17 - - [24/Jul/2023:10:30:02 -0300] "POST /cormun/servlet/vesolicitudgral?11f134ff9ca106f17d3d2d7d4f92401d,2023,20444,,,gx-no-cache=1690204442694 HTTP/1.1" 200 12194
192.168.10.17 - - [24/Jul/2023:10:30:02 -0300] "GET /cormun/static/Shared/jqueryui/images/ui-bg_highlight-soft_100_c6c2c8_1x100.png HTTP/1.1" 404 1117
192.168.10.17 - - [24/Jul/2023:10:30:02 -0300] "GET /cormun/static/Shared/jqueryui/images/ui-icons_82798d_256x240.png HTTP/1.1" 404 1089
192.168.10.17 - - [24/Jul/2023:10:30:02 -0300] "GET /cormun/static/Shared/jqueryui/images/ui-icons_8d78a5_256x240.png HTTP/1.1" 404 1089
192.168.10.17 - - [24/Jul/2023:10:30:02 -0300] "GET /cormun/static/Shared/jqueryui/images/ui-bg_flat_55_fafafa_40x100.png HTTP/1.1" 404 1097
192.168.10.17 - - [24/Jul/2023:10:30:02 -0300] "POST /cormun/servlet/vesolicitudgral?11f134ff9ca106f17d3d2d7d4f92401d,2023,20444,,,gx-no-cache=1690204442955 HTTP/1.1" 200 12127
201.186.225.183 - - [24/Jul/2023:10:30:02 -0300] "GET /cormun/static/menuarrow.gif HTTP/1.1" 404 1015
192.168.10.17 - - [24/Jul/2023:10:30:06 -0300] "GET /cormun/servlet/trsolicitudgral? HTTP/1.1" 200 17486
201.186.225.183 - - [24/Jul/2023:10:30:06 -0300] "GET /cormun/servlet/permisogoce?df62d0509509ca1910559ff4762b18bd17f09f2ab320f8966eee890653b0012bd2295156b29abf8c6ed01bb1f0f930c21fa6c06f4d6a74a1c8e1e335f6069113,gx-no-cache=1690204447897 HTTP/1.1" 200 47
201.186.225.183 - - [24/Jul/2023:10:30:06 -0300] "POST /cormun/servlet/permisogoce?79488d159fe732a77950a0131117fd39,UPD,20369147,P,20230724091330,,gx-no-cache=1690204447917 HTTP/1.1" 200 93
201.186.225.183 - - [24/Jul/2023:10:30:06 -0300] "GET /cormun/servlet/hpexe_return? HTTP/1.1" 200 1029
192.168.10.17 - - [24/Jul/2023:10:30:06 -0300] "GET /cormun/servlet/trsolicitudgral? HTTP/1.1" 200 17484
201.186.225.183 - - [24/Jul/2023:10:30:07 -0300] "GET /cormun/servlet/trpermisosgoce HTTP/1.1" 200 18399
201.186.225.183 - - [24/Jul/2023:10:30:07 -0300] "GET /cormun/servlet/trpermisosgoce HTTP/1.1" 200 18406
201.186.225.183 - - [24/Jul/2023:10:30:11 -0300] "GET /cormun/servlet/apermisogoceprn?20369147,P,20230724091330,PU HTTP/1.1" 200 1657
201.186.225.183 - - [24/Jul/2023:10:30:22 -0300] "GET /cormun/servlet/trlicencias? HTTP/1.1" 200 9663
201.186.225.183 - - [24/Jul/2023:10:30:22 -0300] "GET /cormun/servlet/trlicencias? HTTP/1.1" 200 9663
201.186.225.183 - - [24/Jul/2023:10:30:31 -0300] "POST /cormun/servlet/trlicencias?79488d159fe732a77950a0131117fd39,,gx-no-cache=1690204472599 HTTP/1.1" 200 5951
201.186.225.183 - - [24/Jul/2023:10:30:45 -0300] "GET /cormun/servlet/trpermisosgoce? HTTP/1.1" 200 18369
201.186.225.183 - - [24/Jul/2023:10:30:46 -0300] "GET /cormun/servlet/trpermisosgoce? HTTP/1.1" 200 18394
201.186.225.183 - - [24/Jul/2023:10:30:47 -0300] "GET /cormun/servlet/permisogoce?INS,0,,, HTTP/1.1" 200 6831
201.186.225.183 - - [24/Jul/2023:10:30:48 -0300] "GET /cormun/servlet/permisogoce?INS,0,,, HTTP/1.1" 200 6830
201.186.225.183 - - [24/Jul/2023:10:30:50 -0300] "GET /cormun/servlet/prfichaempleado?,MD,,gxPopupLevel%3D0%3B HTTP/1.1" 200 9264
201.186.225.183 - - [24/Jul/2023:10:30:59 -0300] "POST /cormun/servlet/prfichaempleado?79488d159fe732a77950a0131117fd39,,MD,,gxPopupLevel%3D0%3B,gx-no-cache=1690204501182 HTTP/1.1" 200 3408
201.186.225.183 - - [24/Jul/2023:10:31:01 -0300] "GET /cormun/servlet/permisogoce?df62d0509509ca1910559ff4762b18bd43c991f81c0500be37c59772b0a6d0440f077ad51fb368de066938acaec326bc141c46a3386a2fe9c5df2b228f9ef6bc,gx-no-cache=1690204503378 HTTP/1.1" 200 82
201.186.225.183 - - [24/Jul/2023:10:31:01 -0300] "GET /cormun/static/menuarrow.gif HTTP/1.1" 404 1015
201.186.225.183 - - [24/Jul/2023:10:31:09 -0300] "GET /cormun/servlet/permisogoce?df62d0509509ca1910559ff4762b18bd555d544d90da849a2e8a4b250dbabd63dc0f33a8bb6b223ddf823c2131784ba820d8091c8fe4f45b59118fc5025088a6,gx-no-cache=1690204511442 HTTP/1.1" 200 47
201.186.225.183 - - [24/Jul/2023:10:31:11 -0300] "POST /cormun/servlet/permisogoce?79488d159fe732a77950a0131117fd39,INS,0,,,,gx-no-cache=1690204512638 HTTP/1.1" 200 93
201.186.225.183 - - [24/Jul/2023:10:31:11 -0300] "GET /cormun/servlet/hpexe_return? HTTP/1.1" 200 1011
201.186.225.183 - - [24/Jul/2023:10:31:11 -0300] "GET /cormun/servlet/trpermisosgoce HTTP/1.1" 200 18417
201.186.225.183 - - [24/Jul/2023:10:31:12 -0300] "GET /cormun/servlet/trpermisosgoce HTTP/1.1" 200 18412
201.186.225.183 - - [24/Jul/2023:10:31:15 -0300] "GET /cormun/servlet/apermisogoceprn?18143626,P,20230724091447,PU HTTP/1.1" 200 1646
201.186.225.183 - - [24/Jul/2023:10:31:32 -0300] "GET /cormun/servlet/permisogoce?INS,0,,, HTTP/1.1" 200 6830
201.186.225.183 - - [24/Jul/2023:10:31:32 -0300] "GET /cormun/servlet/permisogoce?INS,0,,, HTTP/1.1" 200 6830
201.186.225.183 - - [24/Jul/2023:10:31:34 -0300] "GET /cormun/servlet/prfichaempleado?,MD,,gxPopupLevel%3D0%3B HTTP/1.1" 200 9264
201.186.225.183 - - [24/Jul/2023:10:31:42 -0300] "POST /cormun/servlet/prfichaempleado?79488d159fe732a77950a0131117fd39,,MD,,gxPopupLevel%3D0%3B,gx-no-cache=1690204544134 HTTP/1.1" 200 3163
192.168.10.17 - - [24/Jul/2023:10:31:48 -0300] "GET /cormun/servlet/vesolicitudgral?2023,20445,, HTTP/1.1" 200 8421
192.168.10.17 - - [24/Jul/2023:10:31:48 -0300] "GET /cormun/pexe_scrolldiv.js HTTP/1.1" 404 1009
192.168.10.17 - - [24/Jul/2023:10:31:48 -0300] "GET /cormun/servlet/vesolicitudgral?2023,20445,, HTTP/1.1" 200 8420
192.168.10.17 - - [24/Jul/2023:10:31:51 -0300] "POST /cormun/servlet/vesolicitudgral?11f134ff9ca106f17d3d2d7d4f92401d,2023,20445,,,gx-no-cache=1690204551601 HTTP/1.1" 200 12278
192.168.10.17 - - [24/Jul/2023:10:31:51 -0300] "GET /cormun/static/Shared/jqueryui/images/ui-icons_82798d_256x240.png HTTP/1.1" 404 1089
192.168.10.17 - - [24/Jul/2023:10:31:51 -0300] "GET /cormun/static/Shared/jqueryui/images/ui-bg_highlight-soft_100_c6c2c8_1x100.png HTTP/1.1" 404 1117
192.168.10.17 - - [24/Jul/2023:10:31:51 -0300] "GET /cormun/static/Shared/jqueryui/images/ui-bg_flat_55_fafafa_40x100.png HTTP/1.1" 404 1097
192.168.10.17 - - [24/Jul/2023:10:31:51 -0300] "GET /cormun/static/Shared/jqueryui/images/ui-icons_8d78a5_256x240.png HTTP/1.1" 404 1089
192.168.10.17 - - [24/Jul/2023:10:31:51 -0300] "POST /cormun/servlet/vesolicitudgral?11f134ff9ca106f17d3d2d7d4f92401d,2023,20445,,,gx-no-cache=1690204551786 HTTP/1.1" 200 12212
190.171.142.26 - - [24/Jul/2023:10:31:54 -0300] "POST /cormun/servlet/trsolicitudot?80277b68feaf67810a0418e1912da624,,gx-no-cache=1690204556178 HTTP/1.1" 200 107
190.171.142.26 - - [24/Jul/2023:10:31:54 -0300] "GET /cormun/servlet/trsolicitudadjuntos?2023,20449, HTTP/1.1" 200 6090
190.171.142.26 - - [24/Jul/2023:10:31:54 -0300] "GET /cormun/static/gxcfg.js?20201215574222 HTTP/1.1" 200 953
190.171.142.26 - - [24/Jul/2023:10:31:54 -0300] "GET /cormun/static/Resources/PXToolsGridNew.png HTTP/1.1" 200 427
190.171.142.26 - - [24/Jul/2023:10:31:54 -0300] "GET /cormun/static/trsolicitudadjuntos.js?20201215574932 HTTP/1.1" 200 17921
190.171.142.26 - - [24/Jul/2023:10:31:55 -0300] "GET /cormun/servlet/trsolicitudadjuntos?2023,20449, HTTP/1.1" 200 6090
192.168.10.17 - - [24/Jul/2023:10:31:57 -0300] "GET /cormun/servlet/trsolicitudgral? HTTP/1.1" 200 16994
192.168.10.17 - - [24/Jul/2023:10:31:57 -0300] "GET /cormun/servlet/trsolicitudgral? HTTP/1.1" 200 16990
190.171.142.26 - - [24/Jul/2023:10:31:58 -0300] "GET /cormun/servlet/solicitudotadjuntos?INS,2023,20449,,1, HTTP/1.1" 200 6034
190.171.142.26 - - [24/Jul/2023:10:31:58 -0300] "GET /cormun/static/gxcfg.js?202211298385187 HTTP/1.1" 200 953
190.171.142.26 - - [24/Jul/2023:10:31:58 -0300] "GET /cormun/static/solicitudotadjuntos.js?202211298385196 HTTP/1.1" 200 11771
190.171.142.26 - - [24/Jul/2023:10:31:58 -0300] "GET /cormun/static/about:blank HTTP/1.1" 404 1011
190.171.142.26 - - [24/Jul/2023:10:31:58 -0300] "GET /cormun/servlet/solicitudotadjuntos?INS,2023,20449,,1, HTTP/1.1" 200 6028
190.171.142.26 - - [24/Jul/2023:10:31:59 -0300] "GET /cormun/servlet/solicitudotadjuntos?23c4859a9ba55643c5a6499268e9e0f956bd37a49a9d5c40444bbd1381a2b17c672b92fae3468088a6104949a75f9996,gx-no-cache=1690204560639 HTTP/1.1" 200 30
190.171.142.26 - - [24/Jul/2023:10:31:59 -0300] "POST /cormun/servlet/solicitudotadjuntos?80277b68feaf67810a0418e1912da624,INS,2023,20449,,1,,gx-no-cache=1690204560674 HTTP/1.1" 200 3907
190.171.142.26 - - [24/Jul/2023:10:32:01 -0300] "POST /cormun/servlet/solicitudotadjuntos?gx-no-cache=1690204562691 HTTP/1.1" 200 26
201.186.225.183 - - [24/Jul/2023:10:32:02 -0300] "GET /cormun/servlet/permisogoce?df62d0509509ca1910559ff4762b18bd75ce8dd82d23835dca0ed3a724d95740b357ed2e6d6def2edda77be87a115ed655ce9be747d0e0c969f34f546bed40dd,gx-no-cache=1690204564277 HTTP/1.1" 200 75
201.186.225.183 - - [24/Jul/2023:10:32:07 -0300] "GET /cormun/static/menuarrow.gif HTTP/1.1" 404 1015
190.171.141.138 - - [24/Jul/2023:10:32:12 -0300] "GET /cormun/servlet/hlogin HTTP/1.1" 200 1723
190.171.141.138 - - [24/Jul/2023:10:32:12 -0300] "GET /cormun/servlet/hlogin HTTP/1.1" 200 1734
190.171.141.138 - - [24/Jul/2023:10:32:12 -0300] "GET /favicon.ico HTTP/1.1" 200 21630
201.186.225.183 - - [24/Jul/2023:10:32:14 -0300] "GET /cormun/servlet/permisogoce?df62d0509509ca1910559ff4762b18bdfb7210256ad2440d74739a7f6be87c5be734c9ac625755d3b7a5378117aaef3dc91ab96a281f8bb6d892232ab2415174,gx-no-cache=1690204575591 HTTP/1.1" 200 47
190.171.141.138 - - [24/Jul/2023:10:32:15 -0300] "POST /cormun/servlet/hlogin?c2e6a5d5467bc8733181989c5d91a77e,gx-no-cache=1690204577609 HTTP/1.1" 200 90
