190.171.143.82 - - [20/Jul/2023:12:07:13 -0300] "GET /cormun/servlet/trpermisosadjuntos?18057676,20230613085448,P, HTTP/1.1" 200 6679
190.171.143.82 - - [20/Jul/2023:12:07:14 -0300] "GET /cormun/servlet/trpermisosadjuntos?18057676,20230613085448,P, HTTP/1.1" 200 6679
190.171.143.82 - - [20/Jul/2023:12:07:16 -0300] "GET /cormun/servlet/permisosadjuntos?INS,18057676,P,20230613085448,, HTTP/1.1" 200 6013
190.171.143.82 - - [20/Jul/2023:12:07:17 -0300] "GET /cormun/static/about:blank HTTP/1.1" 404 1011
190.171.143.82 - - [20/Jul/2023:12:07:17 -0300] "GET /cormun/servlet/permisosadjuntos?INS,18057676,P,20230613085448,, HTTP/1.1" 200 6003
190.171.143.82 - - [20/Jul/2023:12:07:23 -0300] "POST /cormun/servlet/permisosadjuntos?0eb0481f8508911847de63698728d058,INS,18057676,P,20230613085448,, HTTP/1.1" 200 116
190.171.143.82 - - [20/Jul/2023:12:07:24 -0300] "GET /cormun/servlet/hpexe_return? HTTP/1.1" 200 1038
190.171.143.82 - - [20/Jul/2023:12:07:24 -0300] "GET /cormun/servlet/trpermisosadjuntos?18057676,20230613085448,P, HTTP/1.1" 200 7204
190.171.143.82 - - [20/Jul/2023:12:07:25 -0300] "GET /cormun/servlet/trpermisosadjuntos?18057676,20230613085448,P, HTTP/1.1" 200 7200
190.171.143.82 - - [20/Jul/2023:12:07:29 -0300] "GET /cormun/servlet/trpermisosgoce? HTTP/1.1" 200 18656
190.171.143.82 - - [20/Jul/2023:12:07:31 -0300] "GET /cormun/servlet/trpermisosgoce? HTTP/1.1" 200 18691
190.171.143.82 - - [20/Jul/2023:12:07:39 -0300] "POST /cormun/servlet/trpermisosgoce?0eb0481f8508911847de63698728d058,,gx-no-cache=1689864699337 HTTP/1.1" 200 15773
190.171.143.82 - - [20/Jul/2023:12:07:42 -0300] "POST /cormun/servlet/trpermisosgoce?0eb0481f8508911847de63698728d058,,gx-no-cache=1689864702276 HTTP/1.1" 200 15764
190.171.143.82 - - [20/Jul/2023:12:08:02 -0300] "GET /cormun/servlet/trpermisosadjuntos?8298358,20230718130348,P, HTTP/1.1" 200 6683
190.171.143.82 - - [20/Jul/2023:12:08:03 -0300] "GET /cormun/servlet/trpermisosadjuntos?8298358,20230718130348,P, HTTP/1.1" 200 6683
190.171.143.82 - - [20/Jul/2023:12:08:05 -0300] "GET /cormun/servlet/permisosadjuntos?INS,8298358,P,20230718130348,, HTTP/1.1" 200 6013
190.171.143.82 - - [20/Jul/2023:12:08:06 -0300] "GET /cormun/static/about:blank HTTP/1.1" 404 1011
190.171.143.82 - - [20/Jul/2023:12:08:06 -0300] "GET /cormun/servlet/permisosadjuntos?INS,8298358,P,20230718130348,, HTTP/1.1" 200 6002
190.171.143.82 - - [20/Jul/2023:12:08:14 -0300] "POST /cormun/servlet/permisosadjuntos?0eb0481f8508911847de63698728d058,INS,8298358,P,20230718130348,, HTTP/1.1" 200 116
190.171.143.82 - - [20/Jul/2023:12:08:14 -0300] "GET /cormun/servlet/hpexe_return? HTTP/1.1" 200 1036
190.171.143.82 - - [20/Jul/2023:12:08:14 -0300] "GET /cormun/servlet/trpermisosadjuntos?8298358,20230718130348,P, HTTP/1.1" 200 7205
190.171.143.82 - - [20/Jul/2023:12:08:16 -0300] "GET /cormun/servlet/trpermisosadjuntos?8298358,20230718130348,P, HTTP/1.1" 200 7200
190.171.143.82 - - [20/Jul/2023:12:08:27 -0300] "GET /cormun/servlet/trpermisosgoce? HTTP/1.1" 200 18710
190.171.143.82 - - [20/Jul/2023:12:08:28 -0300] "GET /cormun/servlet/trpermisosgoce? HTTP/1.1" 200 18640
190.171.143.82 - - [20/Jul/2023:12:08:33 -0300] "POST /cormun/servlet/trpermisosgoce?0eb0481f8508911847de63698728d058,,gx-no-cache=1689864753120 HTTP/1.1" 200 15754
190.171.143.82 - - [20/Jul/2023:12:08:47 -0300] "GET /cormun/servlet/trpermisosadjuntos?11511754,20230613140824,P, HTTP/1.1" 200 6683
190.171.143.82 - - [20/Jul/2023:12:08:49 -0300] "GET /cormun/servlet/trpermisosadjuntos?11511754,20230613140824,P, HTTP/1.1" 200 6682
190.171.142.18 - - [20/Jul/2023:12:08:59 -0300] "GET /cormun/servlet/hlogin HTTP/1.1" 200 1714
190.171.142.18 - - [20/Jul/2023:12:08:59 -0300] "GET /cormun/servlet/hlogin HTTP/1.1" 200 1723
190.171.143.82 - - [20/Jul/2023:12:09:14 -0300] "GET /cormun/servlet/permisosadjuntos?INS,11511754,P,20230613140824,, HTTP/1.1" 200 6015
190.171.143.82 - - [20/Jul/2023:12:09:15 -0300] "GET /cormun/static/about:blank HTTP/1.1" 404 1011
190.171.143.82 - - [20/Jul/2023:12:09:15 -0300] "GET /cormun/servlet/permisosadjuntos?INS,11511754,P,20230613140824,, HTTP/1.1" 200 6004
190.171.143.82 - - [20/Jul/2023:12:09:23 -0300] "POST /cormun/servlet/permisosadjuntos?0eb0481f8508911847de63698728d058,INS,11511754,P,20230613140824,, HTTP/1.1" 200 116
190.171.143.82 - - [20/Jul/2023:12:09:23 -0300] "GET /cormun/servlet/hpexe_return? HTTP/1.1" 200 1038
190.171.143.82 - - [20/Jul/2023:12:09:24 -0300] "GET /cormun/servlet/trpermisosadjuntos?11511754,20230613140824,P, HTTP/1.1" 200 7207
190.171.143.82 - - [20/Jul/2023:12:09:25 -0300] "GET /cormun/servlet/trpermisosadjuntos?11511754,20230613140824,P, HTTP/1.1" 200 7204
190.171.143.82 - - [20/Jul/2023:12:09:34 -0300] "GET /cormun/servlet/trpermisosgoce? HTTP/1.1" 200 18694
190.171.143.82 - - [20/Jul/2023:12:09:36 -0300] "GET /cormun/servlet/trpermisosgoce? HTTP/1.1" 200 18683
190.171.142.18 - - [20/Jul/2023:12:09:43 -0300] "POST /cormun/servlet/hlogin?953efa522ba87584cd7ba2c0daa5014f,gx-no-cache=1689865203630 HTTP/1.1" 200 444
190.171.143.82 - - [20/Jul/2023:12:09:45 -0300] "POST /cormun/servlet/trpermisosgoce?0eb0481f8508911847de63698728d058,,gx-no-cache=1689864825142 HTTP/1.1" 200 15747
190.171.143.82 - - [20/Jul/2023:12:09:53 -0300] "GET /cormun/servlet/trpermisosadjuntos?11511754,20230622125103,P, HTTP/1.1" 200 6682
190.171.143.82 - - [20/Jul/2023:12:09:55 -0300] "GET /cormun/servlet/trpermisosadjuntos?11511754,20230622125103,P, HTTP/1.1" 200 6682
190.171.142.18 - - [20/Jul/2023:12:09:55 -0300] "POST /cormun/servlet/hlogin?953efa522ba87584cd7ba2c0daa5014f,gx-no-cache=1689865215892 HTTP/1.1" 200 90
190.171.142.18 - - [20/Jul/2023:12:09:55 -0300] "GET /cormun/servlet/hpexe_link HTTP/1.1" 200 945
190.171.142.18 - - [20/Jul/2023:12:09:55 -0300] "GET /cormun/servlet/hhome HTTP/1.1" 200 4375
190.171.142.18 - - [20/Jul/2023:12:09:55 -0300] "GET /cormun/static/gxcfg.js?20201215495537 HTTP/1.1" 200 953
190.171.142.18 - - [20/Jul/2023:12:09:55 -0300] "GET /cormun/static/hhome.js?20201215495544 HTTP/1.1" 200 777
190.171.142.18 - - [20/Jul/2023:12:09:56 -0300] "GET /cormun/servlet/hhome HTTP/1.1" 200 4371
190.171.142.18 - - [20/Jul/2023:12:09:58 -0300] "GET /cormun/servlet/trsolicitudot? HTTP/1.1" 200 7598
190.171.143.82 - - [20/Jul/2023:12:09:58 -0300] "GET /cormun/servlet/permisosadjuntos?INS,11511754,P,20230622125103,, HTTP/1.1" 200 6017
190.171.142.18 - - [20/Jul/2023:12:09:58 -0300] "GET /cormun/static/gxcfg.js?20221129846531 HTTP/1.1" 200 953
190.171.142.18 - - [20/Jul/2023:12:09:58 -0300] "GET /cormun/static/trsolicitudot.js?202211298465651 HTTP/1.1" 200 54040
190.171.142.18 - - [20/Jul/2023:12:09:58 -0300] "GET /cormun/servlet/trsolicitudot? HTTP/1.1" 200 7596
190.171.143.82 - - [20/Jul/2023:12:09:59 -0300] "GET /cormun/static/about:blank HTTP/1.1" 404 1011
190.171.143.82 - - [20/Jul/2023:12:09:59 -0300] "GET /cormun/servlet/permisosadjuntos?INS,11511754,P,20230622125103,, HTTP/1.1" 200 6006
190.171.142.18 - - [20/Jul/2023:12:10:02 -0300] "GET /cormun/servlet/solicitudot?INS,0,0,false, HTTP/1.1" 200 16297
190.171.142.18 - - [20/Jul/2023:12:10:02 -0300] "GET /cormun/static/gxcfg.js?20221129840861 HTTP/1.1" 200 953
190.171.142.18 - - [20/Jul/2023:12:10:02 -0300] "GET /cormun/static/Resources/prompt.gif HTTP/1.1" 200 902
190.171.142.18 - - [20/Jul/2023:12:10:02 -0300] "GET /cormun/static/solicitudot.js?20221129840983 HTTP/1.1" 200 74072
190.171.142.18 - - [20/Jul/2023:12:10:02 -0300] "GET /cormun/servlet/solicitudot?INS,0,0,false, HTTP/1.1" 200 16304
190.171.143.82 - - [20/Jul/2023:12:10:06 -0300] "POST /cormun/servlet/permisosadjuntos?0eb0481f8508911847de63698728d058,INS,11511754,P,20230622125103,, HTTP/1.1" 200 116
190.171.143.82 - - [20/Jul/2023:12:10:07 -0300] "GET /cormun/servlet/hpexe_return? HTTP/1.1" 200 1037
190.171.143.82 - - [20/Jul/2023:12:10:07 -0300] "GET /cormun/servlet/trpermisosadjuntos?11511754,20230622125103,P, HTTP/1.1" 200 7208
190.171.143.82 - - [20/Jul/2023:12:10:08 -0300] "GET /cormun/servlet/trpermisosadjuntos?11511754,20230622125103,P, HTTP/1.1" 200 7202
190.171.143.82 - - [20/Jul/2023:12:10:15 -0300] "GET /cormun/servlet/trpermisosgoce? HTTP/1.1" 200 18642
190.171.143.82 - - [20/Jul/2023:12:10:16 -0300] "GET /cormun/servlet/trpermisosgoce? HTTP/1.1" 200 18562
190.171.143.82 - - [20/Jul/2023:12:10:23 -0300] "GET /cormun/servlet/trpermisosadjuntos?16528432,20230620084515,P, HTTP/1.1" 200 6677
190.171.143.82 - - [20/Jul/2023:12:10:24 -0300] "GET /cormun/servlet/trpermisosadjuntos?16528432,20230620084515,P, HTTP/1.1" 200 6678
190.171.143.82 - - [20/Jul/2023:12:10:26 -0300] "GET /cormun/servlet/permisosadjuntos?INS,16528432,P,20230620084515,, HTTP/1.1" 200 6009
190.171.143.82 - - [20/Jul/2023:12:10:27 -0300] "GET /cormun/static/about:blank HTTP/1.1" 404 1011
190.171.143.82 - - [20/Jul/2023:12:10:28 -0300] "GET /cormun/servlet/permisosadjuntos?INS,16528432,P,20230620084515,, HTTP/1.1" 200 5999
190.171.143.82 - - [20/Jul/2023:12:10:34 -0300] "POST /cormun/servlet/permisosadjuntos?0eb0481f8508911847de63698728d058,INS,16528432,P,20230620084515,, HTTP/1.1" 200 116
190.171.143.82 - - [20/Jul/2023:12:10:34 -0300] "GET /cormun/servlet/hpexe_return? HTTP/1.1" 200 1036
190.171.143.82 - - [20/Jul/2023:12:10:35 -0300] "GET /cormun/servlet/trpermisosadjuntos?16528432,20230620084515,P, HTTP/1.1" 200 7203
190.171.143.82 - - [20/Jul/2023:12:10:36 -0300] "GET /cormun/servlet/trpermisosadjuntos?16528432,20230620084515,P, HTTP/1.1" 200 7199
190.171.143.82 - - [20/Jul/2023:12:10:38 -0300] "GET /cormun/servlet/trpermisosgoce? HTTP/1.1" 200 18637
190.171.143.82 - - [20/Jul/2023:12:10:40 -0300] "GET /cormun/servlet/trpermisosgoce? HTTP/1.1" 200 18623
190.171.143.82 - - [20/Jul/2023:12:10:46 -0300] "POST /cormun/servlet/trpermisosgoce?0eb0481f8508911847de63698728d058,,gx-no-cache=1689864885758 HTTP/1.1" 200 15694
190.171.143.82 - - [20/Jul/2023:12:10:48 -0300] "POST /cormun/servlet/trpermisosgoce?0eb0481f8508911847de63698728d058,,gx-no-cache=1689864888090 HTTP/1.1" 200 15724
190.171.143.82 - - [20/Jul/2023:12:10:56 -0300] "GET /cormun/servlet/trpermisosadjuntos?20442017,20230613110051,P, HTTP/1.1" 200 6674
190.171.143.82 - - [20/Jul/2023:12:10:57 -0300] "GET /cormun/servlet/trpermisosadjuntos?20442017,20230613110051,P, HTTP/1.1" 200 6674
190.171.143.82 - - [20/Jul/2023:12:10:59 -0300] "GET /cormun/servlet/permisosadjuntos?INS,20442017,P,20230613110051,, HTTP/1.1" 200 6009
190.171.143.82 - - [20/Jul/2023:12:11:00 -0300] "GET /cormun/static/about:blank HTTP/1.1" 404 1011
190.171.143.82 - - [20/Jul/2023:12:11:00 -0300] "GET /cormun/servlet/permisosadjuntos?INS,20442017,P,20230613110051,, HTTP/1.1" 200 5998
190.171.143.82 - - [20/Jul/2023:12:11:08 -0300] "POST /cormun/servlet/permisosadjuntos?0eb0481f8508911847de63698728d058,INS,20442017,P,20230613110051,, HTTP/1.1" 200 116
190.171.143.82 - - [20/Jul/2023:12:11:08 -0300] "GET /cormun/servlet/hpexe_return? HTTP/1.1" 200 1036
190.171.143.82 - - [20/Jul/2023:12:11:09 -0300] "GET /cormun/servlet/trpermisosadjuntos?20442017,20230613110051,P, HTTP/1.1" 200 7200
190.171.143.82 - - [20/Jul/2023:12:11:10 -0300] "GET /cormun/servlet/trpermisosadjuntos?20442017,20230613110051,P, HTTP/1.1" 200 7196
190.171.143.82 - - [20/Jul/2023:12:11:13 -0300] "GET /cormun/servlet/trpermisosgoce? HTTP/1.1" 200 18610
190.171.143.82 - - [20/Jul/2023:12:11:15 -0300] "GET /cormun/servlet/trpermisosgoce? HTTP/1.1" 200 18596
190.171.143.82 - - [20/Jul/2023:12:11:21 -0300] "POST /cormun/servlet/trpermisosgoce?0eb0481f8508911847de63698728d058,,gx-no-cache=1689864920961 HTTP/1.1" 200 15707
190.171.142.18 - - [20/Jul/2023:12:11:26 -0300] "POST /cormun/servlet/solicitudot?gx-no-cache=1689865306930 HTTP/1.1" 200 3989
190.171.142.18 - - [20/Jul/2023:12:11:26 -0300] "POST /cormun/servlet/solicitudot?953efa522ba87584cd7ba2c0daa5014f,INS,0,0,false,,gx-no-cache=1689865307141 HTTP/1.1" 200 12816
190.171.143.82 - - [20/Jul/2023:12:11:27 -0300] "GET /cormun/servlet/trpermisosadjuntos?17652402,20230515110014,P, HTTP/1.1" 200 6680
190.171.143.82 - - [20/Jul/2023:12:11:28 -0300] "GET /cormun/servlet/trpermisosadjuntos?17652402,20230515110014,P, HTTP/1.1" 200 6680
190.171.143.82 - - [20/Jul/2023:12:11:39 -0300] "GET /cormun/servlet/permisosadjuntos?INS,17652402,P,20230515110014,, HTTP/1.1" 200 6014
190.171.143.82 - - [20/Jul/2023:12:11:40 -0300] "GET /cormun/static/about:blank HTTP/1.1" 404 1011
190.171.143.82 - - [20/Jul/2023:12:11:40 -0300] "GET /cormun/servlet/permisosadjuntos?INS,17652402,P,20230515110014,, HTTP/1.1" 200 6004
190.171.143.82 - - [20/Jul/2023:12:11:47 -0300] "POST /cormun/servlet/permisosadjuntos?0eb0481f8508911847de63698728d058,INS,17652402,P,20230515110014,, HTTP/1.1" 200 116
190.171.143.82 - - [20/Jul/2023:12:11:47 -0300] "GET /cormun/servlet/hpexe_return? HTTP/1.1" 200 1036
190.171.143.82 - - [20/Jul/2023:12:11:47 -0300] "GET /cormun/servlet/trpermisosadjuntos?17652402,20230515110014,P, HTTP/1.1" 200 7204
190.171.143.82 - - [20/Jul/2023:12:11:49 -0300] "GET /cormun/servlet/trpermisosadjuntos?17652402,20230515110014,P, HTTP/1.1" 200 7202
190.171.141.82 - - [20/Jul/2023:12:12:00 -0300] "GET /cormun/servlet/trpermisosgoce HTTP/1.1" 200 6035
190.171.142.18 - - [20/Jul/2023:12:12:00 -0300] "GET /cormun/servlet/solicitudot?47fed8dd902293efb77096e927e0fa4798b2d00c8fcf53ae206f49dee0a22db05db55e4b5a0b7ad35581e512a3ccc496,gx-no-cache=1689865341220 HTTP/1.1" 200 30
190.171.141.82 - - [20/Jul/2023:12:12:01 -0300] "GET /cormun/servlet/hlogin HTTP/1.1" 200 1740
190.171.141.82 - - [20/Jul/2023:12:12:01 -0300] "GET /cormun/servlet/trpermisosgoce HTTP/1.1" 200 6029
190.171.141.82 - - [20/Jul/2023:12:12:01 -0300] "GET /cormun/servlet/trpermisosgoce HTTP/1.1" 200 6029
190.171.141.82 - - [20/Jul/2023:12:12:11 -0300] "POST /cormun/servlet/hlogin?376f0f0c0ce849907017f02cd2482343,gx-no-cache=1689864972054 HTTP/1.1" 200 90
190.171.141.82 - - [20/Jul/2023:12:12:11 -0300] "GET /cormun/servlet/hpexe_link HTTP/1.1" 200 958
190.171.141.82 - - [20/Jul/2023:12:12:11 -0300] "GET /cormun/servlet/trpermisosgoce HTTP/1.1" 200 9127
84.54.51.27 - - [20/Jul/2023:12:12:11 -0300] "CONNECT google.com:443 HTTP/1.1" 400 -
190.171.141.82 - - [20/Jul/2023:12:12:12 -0300] "GET /cormun/servlet/trpermisosgoce HTTP/1.1" 200 9126
190.171.141.82 - - [20/Jul/2023:12:12:16 -0300] "GET /cormun/servlet/trlicencias? HTTP/1.1" 200 10984
190.171.141.82 - - [20/Jul/2023:12:12:17 -0300] "GET /cormun/servlet/trlicencias? HTTP/1.1" 200 10983
207.46.13.214 - - [20/Jul/2023:12:12:38 -0300] "GET /cormun/servlet/permisogoce?INS,0,,, HTTP/1.1" 200 6011
190.171.142.18 - - [20/Jul/2023:12:13:21 -0300] "GET /cormun/static/Resources/resize.gif HTTP/1.1" 200 77
190.171.142.18 - - [20/Jul/2023:12:13:21 -0300] "GET /cormun/static/Resources/PXTools/ClosePrompt.png HTTP/1.1" 200 1036
190.171.142.18 - - [20/Jul/2023:12:13:21 -0300] "GET /cormun/servlet/prbanco?,MD,,gxPopupLevel%3D0%3B HTTP/1.1" 200 6675
190.171.142.18 - - [20/Jul/2023:12:13:21 -0300] "GET /cormun/static/gxcfg.js?20201216131581 HTTP/1.1" 200 953
190.171.142.18 - - [20/Jul/2023:12:13:21 -0300] "GET /cormun/static/prbanco.js?20201216132311 HTTP/1.1" 200 10693
190.171.142.18 - - [20/Jul/2023:12:13:21 -0300] "GET /cormun/static/menusearch.js?20201214473581 HTTP/1.1" 200 1424
190.171.142.18 - - [20/Jul/2023:12:13:21 -0300] "GET /cormun/static/Resources/PXToolsMenuSearch.png HTTP/1.1" 200 336
190.171.142.18 - - [20/Jul/2023:12:13:21 -0300] "GET /cormun/static/Resources/PXToolsMenuSearchCancel.png HTTP/1.1" 200 306
190.171.142.18 - - [20/Jul/2023:12:13:21 -0300] "GET /cormun/static/hmpwkw011.js?202211298443482 HTTP/1.1" 200 1968
190.171.142.18 - - [20/Jul/2023:12:13:25 -0300] "GET /cormun/servlet/solicitudot?47fed8dd902293efb77096e927e0fa4729962bfe7f7855f6c215e483c19e3963,gx-no-cache=1689865425673 HTTP/1.1" 200 94
190.171.142.18 - - [20/Jul/2023:12:13:25 -0300] "GET /cormun/static/Shared/jqueryui/images/ui-bg_highlight-soft_100_c6c2c8_1x100.png HTTP/1.1" 404 1117
190.171.142.18 - - [20/Jul/2023:12:13:25 -0300] "GET /cormun/static/Shared/jqueryui/images/ui-icons_82798d_256x240.png HTTP/1.1" 404 1089
190.171.142.18 - - [20/Jul/2023:12:13:25 -0300] "GET /cormun/static/Shared/jqueryui/images/ui-icons_ebccce_256x240.png HTTP/1.1" 404 1089
190.171.142.18 - - [20/Jul/2023:12:13:25 -0300] "GET /cormun/static/Shared/jqueryui/images/ui-bg_flat_55_994d53_40x100.png HTTP/1.1" 404 1097
190.171.142.18 - - [20/Jul/2023:12:13:27 -0300] "GET /cormun/servlet/solicitudot?47fed8dd902293efb77096e927e0fa476f43d9742b4899d953dff6f681181eb0,gx-no-cache=1689865427573 HTTP/1.1" 200 53
190.171.143.82 - - [20/Jul/2023:12:13:46 -0300] "GET /cormun/servlet/trpermisosgoce? HTTP/1.1" 200 18631
190.171.143.82 - - [20/Jul/2023:12:13:48 -0300] "GET /cormun/servlet/trpermisosgoce? HTTP/1.1" 200 18564
190.171.142.18 - - [20/Jul/2023:12:13:48 -0300] "POST /cormun/servlet/solicitudot?gx-no-cache=1689865448720 HTTP/1.1" 200 297
190.171.142.18 - - [20/Jul/2023:12:13:48 -0300] "GET /cormun/servlet/solicitudot?47fed8dd902293efb77096e927e0fa475d2db8e33ab635c6bec138d69c73ead2762d29f496857c06692aa87e39fd8581941a653ea1406f59ae22df8cb7b22974caea862a80bc1e855e6c01f62a05182ae7a5ac93e38e9f47ec487fbbc6ed8a92ad5af255b542ddded4861a3e34094c00930cf50ee9f140c2c0d55b40df658518b0824cb815dd7951be271840b4edc70b46eee4b3d915f9c285879581003dfaeca9f3a2558734aa8e8312d4a4c1e9d67d127871ad1fa8cf50407c2e814991d96bc8bd63797c8a34c45a1356bcc345ba189293966c430be38d79da3026c34671010bccbc1beebd95e55439e2509fc76e5a7f93fb8c371965055448438d36722984e414d521292f6b6200eced89c9f399e413fe15936fefee9997da90cafbee265645ac4ea88e05c4f5f1945df2c14075512c9eaf66798b5b0ab061d2472f0631d36efc43856863262104b76b41b8b73a858f9ca8809cc6b78b661942a480d74a5b6114d47c24a8717cf811e955393b769c067e04bfd11bf88451ba8cd6dd897a466c08bffb6d929514949553f93ae560ee,gx-no-cache=1689865448787 HTTP/1.1" 200 30
190.171.142.18 - - [20/Jul/2023:12:13:51 -0300] "POST /cormun/servlet/solicitudot?gx-no-cache=1689865452061 HTTP/1.1" 200 30
190.171.143.82 - - [20/Jul/2023:12:13:53 -0300] "POST /cormun/servlet/trpermisosgoce?0eb0481f8508911847de63698728d058,,gx-no-cache=1689865072452 HTTP/1.1" 200 15666
190.171.143.82 - - [20/Jul/2023:12:13:59 -0300] "GET /cormun/servlet/trpermisosgoce? HTTP/1.1" 200 18583
190.171.143.82 - - [20/Jul/2023:12:14:01 -0300] "GET /cormun/servlet/trpermisosgoce? HTTP/1.1" 200 18583
190.171.143.82 - - [20/Jul/2023:12:14:04 -0300] "GET /cormun/servlet/trautorizarpermisogoce? HTTP/1.1" 200 9811
190.171.143.82 - - [20/Jul/2023:12:14:06 -0300] "GET /cormun/servlet/trautorizarpermisogoce? HTTP/1.1" 200 9811
190.171.143.82 - - [20/Jul/2023:12:14:11 -0300] "POST /cormun/servlet/trautorizarpermisogoce?0eb0481f8508911847de63698728d058,,gx-no-cache=1689865091399 HTTP/1.1" 200 6814
190.171.143.82 - - [20/Jul/2023:12:14:12 -0300] "POST /cormun/servlet/trautorizarpermisogoce?0eb0481f8508911847de63698728d058,,gx-no-cache=1689865092024 HTTP/1.1" 200 6598
190.171.143.82 - - [20/Jul/2023:12:14:13 -0300] "POST /cormun/servlet/trautorizarpermisogoce?0eb0481f8508911847de63698728d058,,gx-no-cache=1689865092552 HTTP/1.1" 200 6431
190.171.143.82 - - [20/Jul/2023:12:14:13 -0300] "POST /cormun/servlet/trautorizarpermisogoce?0eb0481f8508911847de63698728d058,,gx-no-cache=1689865093510 HTTP/1.1" 200 6204
190.171.143.82 - - [20/Jul/2023:12:14:14 -0300] "POST /cormun/servlet/trautorizarpermisogoce?0eb0481f8508911847de63698728d058,,gx-no-cache=1689865094081 HTTP/1.1" 200 5989
190.171.143.82 - - [20/Jul/2023:12:14:14 -0300] "POST /cormun/servlet/trautorizarpermisogoce?0eb0481f8508911847de63698728d058,,gx-no-cache=1689865094620 HTTP/1.1" 200 5760
190.171.143.82 - - [20/Jul/2023:12:14:15 -0300] "POST /cormun/servlet/trautorizarpermisogoce?0eb0481f8508911847de63698728d058,,gx-no-cache=1689865095099 HTTP/1.1" 200 5531
190.171.143.82 - - [20/Jul/2023:12:14:15 -0300] "POST /cormun/servlet/trautorizarpermisogoce?0eb0481f8508911847de63698728d058,,gx-no-cache=1689865095585 HTTP/1.1" 200 5264
190.171.143.82 - - [20/Jul/2023:12:14:16 -0300] "POST /cormun/servlet/trautorizarpermisogoce?0eb0481f8508911847de63698728d058,,gx-no-cache=1689865096110 HTTP/1.1" 200 4513
190.171.143.82 - - [20/Jul/2023:12:14:24 -0300] "POST /cormun/servlet/trautorizarpermisogoce?0eb0481f8508911847de63698728d058,,gx-no-cache=1689865103831 HTTP/1.1" 200 12554
190.171.143.82 - - [20/Jul/2023:12:14:31 -0300] "POST /cormun/servlet/trautorizarpermisogoce?0eb0481f8508911847de63698728d058,,gx-no-cache=1689865110841 HTTP/1.1" 200 12396
190.171.143.82 - - [20/Jul/2023:12:14:33 -0300] "POST /cormun/servlet/trautorizarpermisogoce?0eb0481f8508911847de63698728d058,,gx-no-cache=1689865113291 HTTP/1.1" 200 12190
190.171.142.18 - - [20/Jul/2023:12:14:35 -0300] "POST /cormun/servlet/solicitudot?gx-no-cache=1689865495590 HTTP/1.1" 200 1470
190.171.142.18 - - [20/Jul/2023:12:14:35 -0300] "GET /cormun/static/menuarrow.gif HTTP/1.1" 404 1015
190.171.143.82 - - [20/Jul/2023:12:14:36 -0300] "POST /cormun/servlet/trautorizarpermisogoce?0eb0481f8508911847de63698728d058,,gx-no-cache=1689865115889 HTTP/1.1" 200 11823
186.103.159.189 - - [20/Jul/2023:12:14:36 -0300] "GET /cormun/servlet/hlogin HTTP/1.1" 200 1715
186.103.159.189 - - [20/Jul/2023:12:14:37 -0300] "GET /cormun/servlet/hlogin HTTP/1.1" 200 1715
190.171.143.82 - - [20/Jul/2023:12:14:40 -0300] "POST /cormun/servlet/trautorizarpermisogoce?0eb0481f8508911847de63698728d058,,gx-no-cache=1689865119907 HTTP/1.1" 200 11600
190.171.143.82 - - [20/Jul/2023:12:14:43 -0300] "POST /cormun/servlet/trautorizarpermisogoce?0eb0481f8508911847de63698728d058,,gx-no-cache=1689865123048 HTTP/1.1" 200 11247
186.103.159.189 - - [20/Jul/2023:12:14:43 -0300] "POST /cormun/servlet/hlogin?2f49b3e2f05f43cd656ecc3eca166540,gx-no-cache=1689865123977 HTTP/1.1" 200 90
186.103.159.189 - - [20/Jul/2023:12:14:43 -0300] "GET /cormun/servlet/hpexe_link HTTP/1.1" 200 945
186.103.159.189 - - [20/Jul/2023:12:14:43 -0300] "GET /cormun/servlet/hhome HTTP/1.1" 200 3999
186.103.159.189 - - [20/Jul/2023:12:14:44 -0300] "GET /cormun/servlet/hhome HTTP/1.1" 200 3995
190.171.143.82 - - [20/Jul/2023:12:14:46 -0300] "POST /cormun/servlet/trautorizarpermisogoce?0eb0481f8508911847de63698728d058,,gx-no-cache=1689865125693 HTTP/1.1" 200 11011
186.103.159.189 - - [20/Jul/2023:12:14:48 -0300] "GET /cormun/servlet/trsolicitudot? HTTP/1.1" 200 8610
186.103.159.189 - - [20/Jul/2023:12:14:48 -0300] "GET /cormun/static/gxcfg.js?20221129846531 HTTP/1.1" 200 953
186.103.159.189 - - [20/Jul/2023:12:14:48 -0300] "GET /cormun/static/trsolicitudot.js?202211298465651 HTTP/1.1" 200 54040
186.103.159.189 - - [20/Jul/2023:12:14:48 -0300] "GET /cormun//static/Resources/PXToolsActionView.png HTTP/1.1" 200 398
186.103.159.189 - - [20/Jul/2023:12:14:48 -0300] "GET /cormun//static/Resources/PXToolsRemoveAllAction.png HTTP/1.1" 200 487
186.103.159.189 - - [20/Jul/2023:12:14:48 -0300] "GET /cormun//static/Resources/PXToolsGridUpdate.png HTTP/1.1" 200 470
186.103.159.189 - - [20/Jul/2023:12:14:48 -0300] "GET /cormun//static/Resources/PXToolsGridDelete.png HTTP/1.1" 200 538
186.103.159.189 - - [20/Jul/2023:12:14:48 -0300] "GET /cormun/servlet/trsolicitudot? HTTP/1.1" 200 8608
190.171.143.82 - - [20/Jul/2023:12:14:48 -0300] "POST /cormun/servlet/trautorizarpermisogoce?0eb0481f8508911847de63698728d058,,gx-no-cache=1689865128420 HTTP/1.1" 200 10753
186.103.159.189 - - [20/Jul/2023:12:14:49 -0300] "POST /cormun/servlet/trsolicitudot?2f49b3e2f05f43cd656ecc3eca166540,,gx-no-cache=1689865129988 HTTP/1.1" 200 106
186.103.159.189 - - [20/Jul/2023:12:14:50 -0300] "GET /cormun/servlet/trsolicitudadjuntos?2023,20413, HTTP/1.1" 200 10119
186.103.159.189 - - [20/Jul/2023:12:14:50 -0300] "GET /cormun/static/gxcfg.js?20201215574222 HTTP/1.1" 200 953
186.103.159.189 - - [20/Jul/2023:12:14:50 -0300] "GET /cormun/static/Resources/PXToolsGridNew.png HTTP/1.1" 200 427
186.103.159.189 - - [20/Jul/2023:12:14:50 -0300] "GET /cormun/static/trsolicitudadjuntos.js?20201215574932 HTTP/1.1" 200 17921
186.103.159.189 - - [20/Jul/2023:12:14:50 -0300] "GET /cormun/servlet/trsolicitudadjuntos?2023,20413, HTTP/1.1" 200 10118
190.171.143.82 - - [20/Jul/2023:12:14:51 -0300] "POST /cormun/servlet/trautorizarpermisogoce?0eb0481f8508911847de63698728d058,,gx-no-cache=1689865131420 HTTP/1.1" 200 10263
190.171.142.18 - - [20/Jul/2023:12:14:52 -0300] "POST /cormun/servlet/solicitudot?gx-no-cache=1689865512777 HTTP/1.1" 200 41
190.171.143.82 - - [20/Jul/2023:12:14:54 -0300] "POST /cormun/servlet/trautorizarpermisogoce?0eb0481f8508911847de63698728d058,,gx-no-cache=1689865134077 HTTP/1.1" 200 10079
186.103.159.189 - - [20/Jul/2023:12:14:56 -0300] "GET /cormun/servlet/solicitudotadjuntos?INS,2023,20413,,1, HTTP/1.1" 200 6051
186.103.159.189 - - [20/Jul/2023:12:14:56 -0300] "GET /cormun/static/gxcfg.js?202211298385187 HTTP/1.1" 200 953
186.103.159.189 - - [20/Jul/2023:12:14:56 -0300] "GET /cormun/static/solicitudotadjuntos.js?202211298385196 HTTP/1.1" 200 11771
186.103.159.189 - - [20/Jul/2023:12:14:56 -0300] "GET /cormun/static/about:blank HTTP/1.1" 404 1011
186.103.159.189 - - [20/Jul/2023:12:14:56 -0300] "GET /cormun/servlet/solicitudotadjuntos?INS,2023,20413,,1, HTTP/1.1" 200 6044
186.103.159.189 - - [20/Jul/2023:12:14:56 -0300] "GET /cormun/servlet/solicitudotadjuntos?b7b0f3994e66f4eaac701e79762b06ba99f131abb59dd535ea638a3b308003e15b068ffcab6fbdfaa943599c075ba9d0,gx-no-cache=1689865137140 HTTP/1.1" 200 30
190.171.143.82 - - [20/Jul/2023:12:14:56 -0300] "POST /cormun/servlet/trautorizarpermisogoce?0eb0481f8508911847de63698728d058,,gx-no-cache=1689865136680 HTTP/1.1" 200 9872
186.103.159.189 - - [20/Jul/2023:12:14:57 -0300] "POST /cormun/servlet/solicitudotadjuntos?2f49b3e2f05f43cd656ecc3eca166540,INS,2023,20413,,1,,gx-no-cache=1689865137203 HTTP/1.1" 200 3863
186.103.159.189 - - [20/Jul/2023:12:14:58 -0300] "POST /cormun/servlet/solicitudotadjuntos?gx-no-cache=1689865138401 HTTP/1.1" 200 26
190.171.143.82 - - [20/Jul/2023:12:14:59 -0300] "POST /cormun/servlet/trautorizarpermisogoce?0eb0481f8508911847de63698728d058,,gx-no-cache=1689865139201 HTTP/1.1" 200 9665
190.171.143.82 - - [20/Jul/2023:12:15:02 -0300] "POST /cormun/servlet/trautorizarpermisogoce?0eb0481f8508911847de63698728d058,,gx-no-cache=1689865142513 HTTP/1.1" 200 9436
190.171.143.82 - - [20/Jul/2023:12:15:05 -0300] "POST /cormun/servlet/trautorizarpermisogoce?0eb0481f8508911847de63698728d058,,gx-no-cache=1689865145051 HTTP/1.1" 200 9206
190.171.143.82 - - [20/Jul/2023:12:15:08 -0300] "POST /cormun/servlet/trautorizarpermisogoce?0eb0481f8508911847de63698728d058,,gx-no-cache=1689865148526 HTTP/1.1" 200 8940
200.54.107.2 - - [20/Jul/2023:12:15:09 -0300] "GET /cormun/servlet/hlogin HTTP/1.1" 200 1726
200.54.107.2 - - [20/Jul/2023:12:15:10 -0300] "GET /cormun/servlet/hlogin HTTP/1.1" 200 1735
190.171.143.82 - - [20/Jul/2023:12:15:11 -0300] "POST /cormun/servlet/trautorizarpermisogoce?0eb0481f8508911847de63698728d058,,gx-no-cache=1689865151082 HTTP/1.1" 200 8760
190.171.143.82 - - [20/Jul/2023:12:15:14 -0300] "POST /cormun/servlet/trautorizarpermisogoce?0eb0481f8508911847de63698728d058,,gx-no-cache=1689865153585 HTTP/1.1" 200 8576
200.54.107.2 - - [20/Jul/2023:12:15:14 -0300] "POST /cormun/servlet/hlogin?74a647925a311567402ba42df0818a9f,gx-no-cache=1689865156492 HTTP/1.1" 200 90
200.54.107.2 - - [20/Jul/2023:12:15:14 -0300] "GET /cormun/servlet/hpexe_link HTTP/1.1" 200 953
200.54.107.2 - - [20/Jul/2023:12:15:15 -0300] "GET /cormun/servlet/hhome HTTP/1.1" 200 4361
200.54.107.2 - - [20/Jul/2023:12:15:16 -0300] "GET /cormun/servlet/hhome HTTP/1.1" 200 4357
190.171.142.18 - - [20/Jul/2023:12:15:17 -0300] "GET /cormun/servlet/solicitudot?47fed8dd902293efb77096e927e0fa4705e0babbd38eb8ffaacd571d66df6481dd6ba50bf050a6ccc130f5447a4e963ff5e4168bf2016d2dd8232b1cbfbf1b848d9bbdba8449755b7991b4df5d832303d626c0e1204ad65f06889b112f4b1a5b87a841f2baaac5aefe46ab4346417362,gx-no-cache=1689865537266 HTTP/1.1" 200 110
190.171.142.18 - - [20/Jul/2023:12:15:17 -0300] "POST /cormun/servlet/solicitudot?gx-no-cache=1689865537378 HTTP/1.1" 200 83
190.171.143.82 - - [20/Jul/2023:12:15:17 -0300] "POST /cormun/servlet/trautorizarpermisogoce?0eb0481f8508911847de63698728d058,,gx-no-cache=1689865156783 HTTP/1.1" 200 8311
190.171.143.82 - - [20/Jul/2023:12:15:19 -0300] "POST /cormun/servlet/trautorizarpermisogoce?0eb0481f8508911847de63698728d058,,gx-no-cache=1689865159214 HTTP/1.1" 200 8094
190.171.143.82 - - [20/Jul/2023:12:15:21 -0300] "POST /cormun/servlet/trautorizarpermisogoce?0eb0481f8508911847de63698728d058,,gx-no-cache=1689865161588 HTTP/1.1" 200 7882
200.54.107.2 - - [20/Jul/2023:12:15:22 -0300] "GET /cormun/servlet/trlicencias? HTTP/1.1" 200 9034
200.54.107.2 - - [20/Jul/2023:12:15:23 -0300] "GET /cormun/servlet/trlicencias? HTTP/1.1" 200 9031
190.171.143.82 - - [20/Jul/2023:12:15:24 -0300] "POST /cormun/servlet/trautorizarpermisogoce?0eb0481f8508911847de63698728d058,,gx-no-cache=1689865163803 HTTP/1.1" 200 7723
190.171.143.82 - - [20/Jul/2023:12:15:26 -0300] "POST /cormun/servlet/trautorizarpermisogoce?0eb0481f8508911847de63698728d058,,gx-no-cache=1689865166184 HTTP/1.1" 200 7474
190.171.143.82 - - [20/Jul/2023:12:15:29 -0300] "POST /cormun/servlet/trautorizarpermisogoce?0eb0481f8508911847de63698728d058,,gx-no-cache=1689865168754 HTTP/1.1" 200 7302
186.103.159.189 - - [20/Jul/2023:12:15:29 -0300] "POST /cormun/servlet/solicitudotadjuntos?2f49b3e2f05f43cd656ecc3eca166540,INS,2023,20413,,1, HTTP/1.1" 200 116
186.103.159.189 - - [20/Jul/2023:12:15:29 -0300] "GET /cormun/servlet/hpexe_return? HTTP/1.1" 200 1020
186.103.159.189 - - [20/Jul/2023:12:15:29 -0300] "GET /cormun/static/gxcfg.js?20221129846035 HTTP/1.1" 200 953
186.103.159.189 - - [20/Jul/2023:12:15:29 -0300] "GET /cormun/static/hpexe_return.js?20221129846037 HTTP/1.1" 200 1633
186.103.159.189 - - [20/Jul/2023:12:15:29 -0300] "GET /cormun/servlet/trsolicitudadjuntos?2023,20413, HTTP/1.1" 200 10123
186.103.159.189 - - [20/Jul/2023:12:15:30 -0300] "GET /cormun/servlet/trsolicitudadjuntos?2023,20413, HTTP/1.1" 200 10120
190.171.143.82 - - [20/Jul/2023:12:15:31 -0300] "POST /cormun/servlet/trautorizarpermisogoce?0eb0481f8508911847de63698728d058,,gx-no-cache=1689865170751 HTTP/1.1" 200 7033
200.54.107.2 - - [20/Jul/2023:12:15:32 -0300] "GET /cormun/servlet/trcontratosolicitud? HTTP/1.1" 200 14821
190.171.142.18 - - [20/Jul/2023:12:15:32 -0300] "GET /cormun/servlet/solicitudot?47fed8dd902293efb77096e927e0fa4714760b801c26964987a76390c379ec0388a1e0185290343f91deea28e119d660498d62e2ae0ef6ed255fa699432b7af339f8fbd8876c5883b1fc727da6a33d8659aea96969a60b6246e665c47d8bb2bc6a6f68d883e670f55f66b8728a534cc1,gx-no-cache=1689865553237 HTTP/1.1" 200 29
200.54.107.2 - - [20/Jul/2023:12:15:33 -0300] "GET /cormun/static/gxcfg.js?202211298514361 HTTP/1.1" 200 953
200.54.107.2 - - [20/Jul/2023:12:15:33 -0300] "GET /cormun/static/trcontratosolicitud.js?202211298514531 HTTP/1.1" 200 28237
186.103.159.189 - - [20/Jul/2023:12:15:33 -0300] "GET /cormun/servlet/solicitudotadjuntos?INS,2023,20413,,1, HTTP/1.1" 200 6051
200.54.107.2 - - [20/Jul/2023:12:15:33 -0300] "GET /cormun//static/Resources/PXToolsGridNew.png HTTP/1.1" 200 427
186.103.159.189 - - [20/Jul/2023:12:15:33 -0300] "GET /cormun/static/about:blank HTTP/1.1" 404 1011
200.54.107.2 - - [20/Jul/2023:12:15:33 -0300] "GET /cormun/servlet/trcontratosolicitud? HTTP/1.1" 200 14831
186.103.159.189 - - [20/Jul/2023:12:15:33 -0300] "GET /cormun/servlet/solicitudotadjuntos?INS,2023,20413,,1, HTTP/1.1" 200 6044
186.103.159.189 - - [20/Jul/2023:12:15:33 -0300] "GET /cormun/servlet/solicitudotadjuntos?b7b0f3994e66f4eaac701e79762b06ba99f131abb59dd535ea638a3b308003e15b068ffcab6fbdfaa943599c075ba9d0,gx-no-cache=1689865174206 HTTP/1.1" 200 30
186.103.159.189 - - [20/Jul/2023:12:15:34 -0300] "POST /cormun/servlet/solicitudotadjuntos?2f49b3e2f05f43cd656ecc3eca166540,INS,2023,20413,,1,,gx-no-cache=1689865174228 HTTP/1.1" 200 3863
190.171.143.82 - - [20/Jul/2023:12:15:38 -0300] "POST /cormun/servlet/trautorizarpermisogoce?0eb0481f8508911847de63698728d058,,gx-no-cache=1689865177785 HTTP/1.1" 200 6828
186.103.159.189 - - [20/Jul/2023:12:15:39 -0300] "POST /cormun/servlet/solicitudotadjuntos?gx-no-cache=1689865179810 HTTP/1.1" 200 26
190.171.143.82 - - [20/Jul/2023:12:15:39 -0300] "POST /cormun/servlet/trautorizarpermisogoce?0eb0481f8508911847de63698728d058,,gx-no-cache=1689865179675 HTTP/1.1" 200 6633
190.171.143.82 - - [20/Jul/2023:12:15:42 -0300] "POST /cormun/servlet/trautorizarpermisogoce?0eb0481f8508911847de63698728d058,,gx-no-cache=1689865182183 HTTP/1.1" 200 6410
190.171.143.82 - - [20/Jul/2023:12:15:44 -0300] "POST /cormun/servlet/trautorizarpermisogoce?0eb0481f8508911847de63698728d058,,gx-no-cache=1689865183749 HTTP/1.1" 200 6200
190.171.142.18 - - [20/Jul/2023:12:15:45 -0300] "GET /cormun/servlet/solicitudot?47fed8dd902293efb77096e927e0fa474c3cb87b94300ebdd805e702f8e77f5af0cc98ec5aa0f654e50b170d4eb7d3a5,gx-no-cache=1689865565287 HTTP/1.1" 200 30
190.171.142.18 - - [20/Jul/2023:12:15:45 -0300] "POST /cormun/servlet/solicitudot?gx-no-cache=1689865565322 HTTP/1.1" 200 34
190.171.143.82 - - [20/Jul/2023:12:15:45 -0300] "POST /cormun/servlet/trautorizarpermisogoce?0eb0481f8508911847de63698728d058,,gx-no-cache=1689865185205 HTTP/1.1" 200 5960
190.171.143.82 - - [20/Jul/2023:12:15:46 -0300] "POST /cormun/servlet/trautorizarpermisogoce?0eb0481f8508911847de63698728d058,,gx-no-cache=1689865186531 HTTP/1.1" 200 5783
190.171.143.82 - - [20/Jul/2023:12:15:48 -0300] "POST /cormun/servlet/trautorizarpermisogoce?0eb0481f8508911847de63698728d058,,gx-no-cache=1689865188450 HTTP/1.1" 200 5553
190.171.143.82 - - [20/Jul/2023:12:15:50 -0300] "POST /cormun/servlet/trautorizarpermisogoce?0eb0481f8508911847de63698728d058,,gx-no-cache=1689865189874 HTTP/1.1" 200 5273
190.171.143.82 - - [20/Jul/2023:12:15:51 -0300] "POST /cormun/servlet/trautorizarpermisogoce?0eb0481f8508911847de63698728d058,,gx-no-cache=1689865191149 HTTP/1.1" 200 4520
186.103.159.189 - - [20/Jul/2023:12:15:53 -0300] "POST /cormun/servlet/solicitudotadjuntos?gx-no-cache=1689865193481 HTTP/1.1" 200 26
190.171.143.82 - - [20/Jul/2023:12:15:58 -0300] "POST /cormun/servlet/trautorizarpermisogoce?0eb0481f8508911847de63698728d058,,gx-no-cache=1689865197881 HTTP/1.1" 200 4409
190.171.143.82 - - [20/Jul/2023:12:15:59 -0300] "POST /cormun/servlet/trautorizarpermisogoce?0eb0481f8508911847de63698728d058,,gx-no-cache=1689865199476 HTTP/1.1" 200 4411
186.103.159.189 - - [20/Jul/2023:12:16:01 -0300] "GET /cormun/servlet/solicitudotadjuntos?b7b0f3994e66f4eaac701e79762b06ba527e79d7db7b895eb52ba6d5c6fd1e87,gx-no-cache=1689865202009 HTTP/1.1" 200 30
186.103.159.189 - - [20/Jul/2023:12:16:01 -0300] "GET /cormun/servlet/solicitudotadjuntos?b7b0f3994e66f4eaac701e79762b06ba527e79d7db7b895eb52ba6d5c6fd1e87,gx-no-cache=1689865202034 HTTP/1.1" 200 30
186.103.159.189 - - [20/Jul/2023:12:16:02 -0300] "POST /cormun/servlet/solicitudotadjuntos?2f49b3e2f05f43cd656ecc3eca166540,INS,2023,20413,,1, HTTP/1.1" 200 116
186.103.159.189 - - [20/Jul/2023:12:16:02 -0300] "GET /cormun/servlet/hpexe_return? HTTP/1.1" 200 1020
186.103.159.189 - - [20/Jul/2023:12:16:03 -0300] "GET /cormun/servlet/trsolicitudadjuntos?2023,20413, HTTP/1.1" 200 10304
190.171.142.18 - - [20/Jul/2023:12:16:03 -0300] "POST /cormun/servlet/solicitudot?953efa522ba87584cd7ba2c0daa5014f,INS,0,0,false,,gx-no-cache=1689865583121 HTTP/1.1" 200 13235
186.103.159.189 - - [20/Jul/2023:12:16:04 -0300] "GET /cormun/servlet/trsolicitudadjuntos?2023,20413, HTTP/1.1" 200 10303
190.171.143.82 - - [20/Jul/2023:12:16:08 -0300] "POST /cormun/servlet/trautorizarpermisogoce?0eb0481f8508911847de63698728d058,,gx-no-cache=1689865207826 HTTP/1.1" 200 15473
186.103.159.189 - - [20/Jul/2023:12:16:09 -0300] "POST /cormun/servlet/trsolicitudadjuntos?2f49b3e2f05f43cd656ecc3eca166540,2023,20413,,gx-no-cache=1689865210116 HTTP/1.1" 200 90
186.103.159.189 - - [20/Jul/2023:12:16:09 -0300] "GET /cormun/servlet/hpexe_link HTTP/1.1" 200 963
186.103.159.189 - - [20/Jul/2023:12:16:10 -0300] "GET /cormun/servlet/trsolicitudot HTTP/1.1" 200 8610
186.103.159.189 - - [20/Jul/2023:12:16:10 -0300] "GET /cormun/servlet/trsolicitudot HTTP/1.1" 200 8608
186.103.159.189 - - [20/Jul/2023:12:16:23 -0300] "POST /cormun/servlet/trsolicitudot?2f49b3e2f05f43cd656ecc3eca166540,gx-no-cache=1689865223677 HTTP/1.1" 200 4563
186.103.159.189 - - [20/Jul/2023:12:16:23 -0300] "GET /cormun/static/Shared/jqueryui/images/ui-bg_highlight-soft_100_c6c2c8_1x100.png HTTP/1.1" 404 1117
186.103.159.189 - - [20/Jul/2023:12:16:23 -0300] "GET /cormun/static/Shared/jqueryui/images/ui-icons_82798d_256x240.png HTTP/1.1" 404 1089
186.103.159.189 - - [20/Jul/2023:12:16:23 -0300] "GET /cormun/static/Shared/jqueryui/images/ui-bg_flat_55_fafafa_40x100.png HTTP/1.1" 404 1097
186.103.159.189 - - [20/Jul/2023:12:16:23 -0300] "GET /cormun/static/Shared/jqueryui/images/ui-icons_8d78a5_256x240.png HTTP/1.1" 404 1089
186.103.159.189 - - [20/Jul/2023:12:16:23 -0300] "POST /cormun/servlet/trsolicitudot?2f49b3e2f05f43cd656ecc3eca166540,gx-no-cache=1689865223887 HTTP/1.1" 200 4320
186.103.159.189 - - [20/Jul/2023:12:16:26 -0300] "GET /cormun/servlet/solicitudot?INS,0,0,false, HTTP/1.1" 200 15928
186.103.159.189 - - [20/Jul/2023:12:16:26 -0300] "GET /cormun/static/gxcfg.js?20221129840861 HTTP/1.1" 200 953
186.103.159.189 - - [20/Jul/2023:12:16:26 -0300] "GET /cormun/static/Resources/prompt.gif HTTP/1.1" 200 902
186.103.159.189 - - [20/Jul/2023:12:16:27 -0300] "GET /cormun/static/solicitudot.js?20221129840983 HTTP/1.1" 200 74072
186.103.159.189 - - [20/Jul/2023:12:16:27 -0300] "GET /cormun/servlet/solicitudot?INS,0,0,false, HTTP/1.1" 200 15935
186.103.159.189 - - [20/Jul/2023:12:16:29 -0300] "GET /cormun/static/Resources/resize.gif HTTP/1.1" 200 77
186.103.159.189 - - [20/Jul/2023:12:16:29 -0300] "GET /cormun/static/Resources/PXTools/ClosePrompt.png HTTP/1.1" 200 1036
186.103.159.189 - - [20/Jul/2023:12:16:30 -0300] "GET /cormun/servlet/prfichaempleado?,MD,,gxPopupLevel%3D0%3B HTTP/1.1" 200 9299
186.103.159.189 - - [20/Jul/2023:12:16:30 -0300] "GET /cormun/static/gxcfg.js?20201215571085 HTTP/1.1" 200 953
186.103.159.189 - - [20/Jul/2023:12:16:30 -0300] "GET /cormun/static/Resources/PXToolsMenuSearch.png HTTP/1.1" 200 336
186.103.159.189 - - [20/Jul/2023:12:16:30 -0300] "GET /cormun/static/Resources/PXToolsMenuSearchCancel.png HTTP/1.1" 200 306
186.103.159.189 - - [20/Jul/2023:12:16:30 -0300] "GET /cormun/static/hmpwkw011.js?202211298443482 HTTP/1.1" 200 1968
186.103.159.189 - - [20/Jul/2023:12:16:30 -0300] "GET /cormun/static/menusearch.js?20201214473581 HTTP/1.1" 200 1424
186.103.159.189 - - [20/Jul/2023:12:16:30 -0300] "GET /cormun/static/prfichaempleado.js?20201215572193 HTTP/1.1" 200 16005
186.103.159.189 - - [20/Jul/2023:12:16:42 -0300] "POST /cormun/servlet/prfichaempleado?2f49b3e2f05f43cd656ecc3eca166540,,MD,,gxPopupLevel%3D0%3B,gx-no-cache=1689865242555 HTTP/1.1" 200 3162
186.103.159.189 - - [20/Jul/2023:12:17:35 -0300] "POST /cormun/servlet/solicitudot?gx-no-cache=1689865295460 HTTP/1.1" 200 3990
186.103.159.189 - - [20/Jul/2023:12:17:35 -0300] "POST /cormun/servlet/solicitudot?2f49b3e2f05f43cd656ecc3eca166540,INS,0,0,false,,gx-no-cache=1689865295853 HTTP/1.1" 200 12536
186.103.159.189 - - [20/Jul/2023:12:17:37 -0300] "GET /cormun/servlet/solicitudot?b7b0f3994e66f4eaac701e79762b06ba44d46210e52200a654820d669de899e679afb91568edb94e78afdb3128e5f397,gx-no-cache=1689865297714 HTTP/1.1" 200 30
207.46.13.212 - - [20/Jul/2023:12:19:18 -0300] "GET /cormun/servlet/hpexe_return HTTP/1.1" 200 990
207.46.13.212 - - [20/Jul/2023:12:19:19 -0300] "GET /cormun/servlet/trlicencias HTTP/1.1" 200 6035
52.167.144.45 - - [20/Jul/2023:12:19:25 -0300] "GET /cormun/servlet/hpexe_link HTTP/1.1" 200 938
186.103.159.189 - - [20/Jul/2023:12:19:56 -0300] "GET /cormun/servlet/solicitudot?b7b0f3994e66f4eaac701e79762b06baeea58202ef6a81dbbe98e92255f88d8c701c03e48714efc01631e8dbda36d61a,gx-no-cache=1689865436657 HTTP/1.1" 200 30
186.103.159.189 - - [20/Jul/2023:12:19:56 -0300] "GET /cormun/servlet/solicitudot?b7b0f3994e66f4eaac701e79762b06ba7a12dcfedce18e1572922f3beb88b87d,gx-no-cache=1689865436711 HTTP/1.1" 200 29
186.103.159.189 - - [20/Jul/2023:12:19:58 -0300] "POST /cormun/servlet/solicitudot?gx-no-cache=1689865439049 HTTP/1.1" 200 255
186.103.159.189 - - [20/Jul/2023:12:20:01 -0300] "GET /cormun/servlet/solicitudot?b7b0f3994e66f4eaac701e79762b06baaab2ef3112dc87929954dc4146dd2c37377a76d190d06ae0c82b1ea490d448e16f41820fbaa99b7a1579229b1eb1f37f0a2d7d63bf8ff1d7e365e1c3f6e7f217eb3e3b56eb7407315df26ca9c45b81a0c4ad00538041fe9d4578ee13f1bb2bc402da75e574272887b6da57c423bbdfc898573b50d79d1aa0b3e6f6222c705ce47ecdb01cd51dc42de9c7c4a31dcd327455d3148f37efac8566d1f3ffe3794a7ec16082613f99ff3834e135dc0bddb31a5eab2f53eaeff60750a9ce1863814625639a233e2ac582005cc53ed94e340319c152357f873fad310714dd4d23d347e9d74a83ad2b4ce9e0a51ec95ed37d04e0c5821cf87a17438e91e3280fb75fdb230c3b4443a79280b8ca30ecea7230561cb6260a37d630998dc786257795eb5902a11a379a8566b3f7b5f9cdbea118308302d612bf89a3f354e357776e4d818ad556482054bf7ab4418d1adf5c0d60fdda469b4a9721a87401812c67f848cc7021e7ea2ea5ddcd5289b260c2bb1ae2724a,gx-no-cache=1689865441580 HTTP/1.1" 200 30
186.103.159.189 - - [20/Jul/2023:12:20:20 -0300] "POST /cormun/servlet/solicitudot?gx-no-cache=1689865460537 HTTP/1.1" 200 30
186.103.159.189 - - [20/Jul/2023:12:20:23 -0300] "GET /cormun/servlet/prcontratosol?17652229,,,,,MD,,gxPopupLevel%3D0%3B HTTP/1.1" 200 7869
186.103.159.189 - - [20/Jul/2023:12:20:23 -0300] "GET /cormun/static/gxcfg.js?202211298464198 HTTP/1.1" 200 953
186.103.159.189 - - [20/Jul/2023:12:20:23 -0300] "GET /cormun/static/prcontratosol.js?202211298464288 HTTP/1.1" 200 15806
186.103.159.189 - - [20/Jul/2023:12:20:28 -0300] "POST /cormun/servlet/solicitudot?gx-no-cache=1689865468817 HTTP/1.1" 200 1551
186.103.159.189 - - [20/Jul/2023:12:20:28 -0300] "GET /cormun/static/Shared/jqueryui/images/ui-bg_flat_55_994d53_40x100.png HTTP/1.1" 404 1097
186.103.159.189 - - [20/Jul/2023:12:20:28 -0300] "GET /cormun/static/Shared/jqueryui/images/ui-icons_ebccce_256x240.png HTTP/1.1" 404 1089
186.103.159.189 - - [20/Jul/2023:12:20:28 -0300] "POST /cormun/servlet/solicitudot?gx-no-cache=1689865468854 HTTP/1.1" 200 117
186.103.159.189 - - [20/Jul/2023:12:20:28 -0300] "GET /cormun/servlet/solicitudot?b7b0f3994e66f4eaac701e79762b06ba7c6bd87e2b0b7a88620cb356132ab48df147db8f96d2ab4048e6668e84221af02c553222b20bb5610584c0e224c183174980fad58d5529b67dc4413542b3a95d77072cfa5699e7e809557578bfe360235297e089b317e5917171a193ab4f52be,gx-no-cache=1689865468886 HTTP/1.1" 200 110
186.103.159.189 - - [20/Jul/2023:12:20:28 -0300] "POST /cormun/servlet/solicitudot?gx-no-cache=1689865468912 HTTP/1.1" 200 64
186.103.159.189 - - [20/Jul/2023:12:20:28 -0300] "GET /cormun/servlet/solicitudot?b7b0f3994e66f4eaac701e79762b06bad6ce85df7a19f33ae60c9d4618a9831ea482d3ca6c0ef8082c6864830a1a590841f7ae44efa050a396f16e5f3052a18be1bcd739577624e6f10afc5c5ece97902c9e928c2c9bfbe314bf742e5be5df2a020d0cda2770c8e308af722301879be9,gx-no-cache=1689865468961 HTTP/1.1" 200 29
186.103.159.189 - - [20/Jul/2023:12:20:28 -0300] "GET /cormun/servlet/solicitudot?b7b0f3994e66f4eaac701e79762b06ba4b034902876e37e26658cc3dbc53a4445b06aa3ff4ef4933828be6be604d7b48,gx-no-cache=1689865468981 HTTP/1.1" 200 134
186.103.159.189 - - [20/Jul/2023:12:20:32 -0300] "GET /cormun/static/menuarrow.gif HTTP/1.1" 404 1015
186.103.159.189 - - [20/Jul/2023:12:20:52 -0300] "GET /cormun/servlet/solicitudot?b7b0f3994e66f4eaac701e79762b06ba4801f5c482171d26744bd2c28c7ea2bf39dc71d9c470d4fb4b0c66d88d47fb18,gx-no-cache=1689865492968 HTTP/1.1" 200 30
186.103.159.189 - - [20/Jul/2023:12:21:16 -0300] "POST /cormun/servlet/solicitudot?gx-no-cache=1689865516986 HTTP/1.1" 200 146
181.212.43.89 - - [20/Jul/2023:12:21:57 -0300] "GET /cormun/servlet/trlicencias HTTP/1.1" 200 6041
181.212.43.89 - - [20/Jul/2023:12:21:57 -0300] "GET /cormun/servlet/hlogin HTTP/1.1" 200 1728
181.212.43.89 - - [20/Jul/2023:12:21:57 -0300] "GET /cormun/servlet/trlicencias HTTP/1.1" 200 6039
181.212.43.89 - - [20/Jul/2023:12:21:57 -0300] "GET /cormun/servlet/trlicencias HTTP/1.1" 200 6039
181.212.43.89 - - [20/Jul/2023:12:22:04 -0300] "POST /cormun/servlet/hlogin?ed40bc958a43950c9f487b26988f633b,gx-no-cache=1689865562874 HTTP/1.1" 200 90
181.212.43.89 - - [20/Jul/2023:12:22:04 -0300] "GET /cormun/servlet/hpexe_link HTTP/1.1" 200 948
181.212.43.89 - - [20/Jul/2023:12:22:04 -0300] "GET /cormun/servlet/trlicencias HTTP/1.1" 200 11224
181.212.43.89 - - [20/Jul/2023:12:22:04 -0300] "GET /cormun/servlet/trlicencias HTTP/1.1" 200 11212
186.103.159.189 - - [20/Jul/2023:12:22:13 -0300] "GET /cormun/servlet/prfichaempleado?,MD,,gxPopupLevel%3D0%3B HTTP/1.1" 200 9299
186.103.159.189 - - [20/Jul/2023:12:22:25 -0300] "POST /cormun/servlet/prfichaempleado?2f49b3e2f05f43cd656ecc3eca166540,,MD,,gxPopupLevel%3D0%3B,gx-no-cache=1689865585508 HTTP/1.1" 200 3370
186.103.159.189 - - [20/Jul/2023:12:22:30 -0300] "POST /cormun/servlet/solicitudot?gx-no-cache=1689865591130 HTTP/1.1" 200 1468
190.171.142.18 - - [20/Jul/2023:12:22:34 -0300] "GET /cormun/servlet/solicitudot?47fed8dd902293efb77096e927e0fa47d1ffbb1974065bdd83e12bf67df7c7da4fb2bb6a526d0e0f18e8217d6340540e0a8205427a82ebb0c0d5b4f8ca730999,gx-no-cache=1689865974515 HTTP/1.1" 200 30
190.171.142.18 - - [20/Jul/2023:12:22:34 -0300] "GET /cormun/servlet/solicitudot?47fed8dd902293efb77096e927e0fa475d2db8e33ab635c6bec138d69c73ead2762d29f496857c06692aa87e39fd8581941a653ea1406f59ae22df8cb7b22974caea862a80bc1e855e6c01f62a05182ae7a5ac93e38e9f47ec487fbbc6ed8a92ad5af255b542ddded4861a3e34094c00930cf50ee9f140c2c0d55b40df658518b0824cb815dd7951be271840b4edc70b46eee4b3d915f9c285879581003dfaeca9f3a2558734aa8e8312d4a4c1e9d67d127871ad1fa8cf50407c2e814991d96bc8bd63797c8a34c45a1356bcc345ba189293966c430be38d79da3026c34671010bccbc1beebd95e55439e2509fc76e5a7f93fb8c371965055448438d36722984e414d521292f6b6200eced89c9f399e413fe15936fefee9997da90cafbee265645ac4ea88e05c4f5f1945df2c14075512c9eaf66798b5b0ab061d2472f0631d36efc43856863262104b76b41b8b73a858f9ca8809cc6b78b661942a480d74a5b6114d47c24a8717cf811e955393b769ce5a2b5385f31b8701e8a7a6f7f40c3f56c08bffb6d929514949553f93ae560ee,gx-no-cache=1689865974556 HTTP/1.1" 200 30
190.171.142.18 - - [20/Jul/2023:12:22:34 -0300] "POST /cormun/servlet/solicitudot?gx-no-cache=1689865974581 HTTP/1.1" 200 30
190.171.142.18 - - [20/Jul/2023:12:22:34 -0300] "POST /cormun/servlet/solicitudot?gx-no-cache=1689865974613 HTTP/1.1" 200 1470
190.171.142.18 - - [20/Jul/2023:12:22:34 -0300] "POST /cormun/servlet/solicitudot?gx-no-cache=1689865974704 HTTP/1.1" 200 41
190.171.142.18 - - [20/Jul/2023:12:22:34 -0300] "GET /cormun/servlet/solicitudot?47fed8dd902293efb77096e927e0fa4705e0babbd38eb8ffaacd571d66df6481dd6ba50bf050a6ccc130f5447a4e963ff5e4168bf2016d2dd8232b1cbfbf1b848d9bbdba8449755b7991b4df5d832303d626c0e1204ad65f06889b112f4b1a5b87a841f2baaac5aefe46ab4346417362,gx-no-cache=1689865974741 HTTP/1.1" 200 110
190.171.142.18 - - [20/Jul/2023:12:22:34 -0300] "POST /cormun/servlet/solicitudot?gx-no-cache=1689865974774 HTTP/1.1" 200 83
190.171.142.18 - - [20/Jul/2023:12:22:34 -0300] "GET /cormun/servlet/solicitudot?47fed8dd902293efb77096e927e0fa474c3cb87b94300ebdd805e702f8e77f5af0cc98ec5aa0f654e50b170d4eb7d3a5,gx-no-cache=1689865974813 HTTP/1.1" 200 30
190.171.142.18 - - [20/Jul/2023:12:22:34 -0300] "POST /cormun/servlet/solicitudot?gx-no-cache=1689865974850 HTTP/1.1" 200 34
190.171.142.18 - - [20/Jul/2023:12:22:35 -0300] "POST /cormun/servlet/solicitudot?953efa522ba87584cd7ba2c0daa5014f,INS,0,0,false,,gx-no-cache=1689865974889 HTTP/1.1" 200 93
190.171.142.18 - - [20/Jul/2023:12:22:35 -0300] "GET /cormun/servlet/hpexe_return? HTTP/1.1" 200 1003
190.171.142.18 - - [20/Jul/2023:12:22:35 -0300] "GET /cormun/static/gxcfg.js?20221129846035 HTTP/1.1" 200 953
190.171.142.18 - - [20/Jul/2023:12:22:35 -0300] "GET /cormun/static/hpexe_return.js?20221129846037 HTTP/1.1" 200 1633
190.171.142.18 - - [20/Jul/2023:12:22:35 -0300] "GET /cormun/servlet/trsolicitudot HTTP/1.1" 200 9006
190.171.142.18 - - [20/Jul/2023:12:22:35 -0300] "GET /cormun//static/Resources/PXToolsActionView.png HTTP/1.1" 200 398
190.171.142.18 - - [20/Jul/2023:12:22:35 -0300] "GET /cormun//static/Resources/PXToolsRemoveAllAction.png HTTP/1.1" 200 487
190.171.142.18 - - [20/Jul/2023:12:22:35 -0300] "GET /cormun//static/Resources/PXToolsGridUpdate.png HTTP/1.1" 200 470
190.171.142.18 - - [20/Jul/2023:12:22:35 -0300] "GET /cormun//static/Resources/PXToolsGridDelete.png HTTP/1.1" 304 -
190.171.142.18 - - [20/Jul/2023:12:22:35 -0300] "GET /cormun/servlet/trsolicitudot HTTP/1.1" 200 9002
186.103.159.189 - - [20/Jul/2023:12:22:38 -0300] "POST /cormun/servlet/solicitudot?gx-no-cache=1689865598985 HTTP/1.1" 200 122
186.103.159.189 - - [20/Jul/2023:12:22:38 -0300] "GET /cormun/servlet/solicitudot?b7b0f3994e66f4eaac701e79762b06ba7c6bd87e2b0b7a88620cb356132ab48df147db8f96d2ab4048e6668e84221af02c553222b20bb5610584c0e224c183174980fad58d5529b67dc4413542b3a95d77072cfa5699e7e809557578bfe360235297e089b317e5917171a193ab4f52be,gx-no-cache=1689865599012 HTTP/1.1" 200 110
186.103.159.189 - - [20/Jul/2023:12:22:38 -0300] "POST /cormun/servlet/solicitudot?gx-no-cache=1689865599043 HTTP/1.1" 200 97
181.212.43.89 - - [20/Jul/2023:12:22:38 -0300] "GET /cormun/servlet/trautorizarsolicitud? HTTP/1.1" 200 9120
181.212.43.89 - - [20/Jul/2023:12:22:39 -0300] "GET /cormun//static/Resources/PXToolsActionView.png HTTP/1.1" 200 398
181.212.43.89 - - [20/Jul/2023:12:22:39 -0300] "GET /cormun//static/Resources/PXToolsRemoveAllAction.png HTTP/1.1" 200 487
181.212.43.89 - - [20/Jul/2023:12:22:39 -0300] "GET /cormun//static/Resources/PXToolsGridUpdate.png HTTP/1.1" 200 470
181.212.43.89 - - [20/Jul/2023:12:22:39 -0300] "GET /cormun//static/Resources/PXToolsGridDelete.png HTTP/1.1" 200 538
181.212.43.89 - - [20/Jul/2023:12:22:39 -0300] "GET /cormun/servlet/trautorizarsolicitud? HTTP/1.1" 200 9120
186.103.159.189 - - [20/Jul/2023:12:22:42 -0300] "POST /cormun/servlet/solicitudot?gx-no-cache=1689865602752 HTTP/1.1" 200 122
