190.171.143.82 - - [18/Jul/2023:13:50:51 -0300] "GET /cormun/servlet/trpermisosadjuntos?20442017,20230619161709,P, HTTP/1.1" 200 6498
190.171.143.82 - - [18/Jul/2023:13:50:52 -0300] "GET /cormun/servlet/trpermisosadjuntos?20442017,20230619161709,P, HTTP/1.1" 200 6498
190.171.143.82 - - [18/Jul/2023:13:50:54 -0300] "GET /cormun/servlet/permisosadjuntos?INS,20442017,P,20230619161709,, HTTP/1.1" 200 6012
190.171.143.82 - - [18/Jul/2023:13:50:55 -0300] "GET /cormun/static/about:blank HTTP/1.1" 404 1011
190.171.143.82 - - [18/Jul/2023:13:50:55 -0300] "GET /cormun/servlet/permisosadjuntos?INS,20442017,P,20230619161709,, HTTP/1.1" 200 6001
190.171.143.82 - - [18/Jul/2023:13:51:05 -0300] "POST /cormun/servlet/permisosadjuntos?5457ee56ec9bedc9fe336d05c22a8de0,INS,20442017,P,20230619161709,, HTTP/1.1" 200 116
190.171.143.82 - - [18/Jul/2023:13:51:05 -0300] "GET /cormun/servlet/hpexe_return? HTTP/1.1" 200 1037
190.171.143.82 - - [18/Jul/2023:13:51:05 -0300] "GET /cormun/servlet/trpermisosadjuntos?20442017,20230619161709,P, HTTP/1.1" 200 7078
190.171.143.82 - - [18/Jul/2023:13:51:07 -0300] "GET /cormun/servlet/trpermisosadjuntos?20442017,20230619161709,P, HTTP/1.1" 200 7075
190.171.143.82 - - [18/Jul/2023:13:51:10 -0300] "GET /cormun/servlet/trpermisosgoce? HTTP/1.1" 200 18877
190.171.143.82 - - [18/Jul/2023:13:51:12 -0300] "GET /cormun/servlet/trpermisosgoce? HTTP/1.1" 200 18797
190.171.143.82 - - [18/Jul/2023:13:51:18 -0300] "POST /cormun/servlet/trpermisosgoce?5457ee56ec9bedc9fe336d05c22a8de0,,gx-no-cache=1689698120068 HTTP/1.1" 200 16110
190.171.143.82 - - [18/Jul/2023:13:51:40 -0300] "GET /cormun/servlet/trpermisosadjuntos?19018878,20230614162311,P, HTTP/1.1" 200 6498
190.171.143.82 - - [18/Jul/2023:13:51:41 -0300] "GET /cormun/servlet/trpermisosadjuntos?19018878,20230614162311,P, HTTP/1.1" 200 6498
190.171.143.82 - - [18/Jul/2023:13:51:43 -0300] "GET /cormun/servlet/permisosadjuntos?INS,19018878,P,20230614162311,, HTTP/1.1" 200 6010
190.171.143.82 - - [18/Jul/2023:13:51:44 -0300] "GET /cormun/static/about:blank HTTP/1.1" 404 1011
190.171.143.82 - - [18/Jul/2023:13:51:45 -0300] "GET /cormun/servlet/permisosadjuntos?INS,19018878,P,20230614162311,, HTTP/1.1" 200 6000
190.171.143.82 - - [18/Jul/2023:13:51:56 -0300] "POST /cormun/servlet/permisosadjuntos?5457ee56ec9bedc9fe336d05c22a8de0,INS,19018878,P,20230614162311,, HTTP/1.1" 200 116
190.171.143.82 - - [18/Jul/2023:13:51:56 -0300] "GET /cormun/servlet/hpexe_return? HTTP/1.1" 200 1038
190.171.143.82 - - [18/Jul/2023:13:51:56 -0300] "GET /cormun/servlet/trpermisosadjuntos?19018878,20230614162311,P, HTTP/1.1" 200 7079
190.171.143.82 - - [18/Jul/2023:13:51:58 -0300] "GET /cormun/servlet/trpermisosadjuntos?19018878,20230614162311,P, HTTP/1.1" 200 7075
190.171.143.82 - - [18/Jul/2023:13:52:07 -0300] "GET /cormun/servlet/trpermisosgoce? HTTP/1.1" 200 18808
190.171.143.82 - - [18/Jul/2023:13:52:09 -0300] "GET /cormun/servlet/trpermisosgoce? HTTP/1.1" 200 18787
190.171.143.82 - - [18/Jul/2023:13:52:32 -0300] "GET /cormun/servlet/trpermisosadjuntos?16491126,20230614081726,P, HTTP/1.1" 200 6502
190.171.143.82 - - [18/Jul/2023:13:52:33 -0300] "GET /cormun/servlet/trpermisosadjuntos?16491126,20230614081726,P, HTTP/1.1" 200 6502
190.171.143.82 - - [18/Jul/2023:13:52:35 -0300] "GET /cormun/servlet/permisosadjuntos?INS,16491126,P,20230614081726,, HTTP/1.1" 200 6013
190.171.143.82 - - [18/Jul/2023:13:52:37 -0300] "GET /cormun/static/about:blank HTTP/1.1" 404 1011
190.171.143.82 - - [18/Jul/2023:13:52:37 -0300] "GET /cormun/servlet/permisosadjuntos?INS,16491126,P,20230614081726,, HTTP/1.1" 200 6003
190.171.143.82 - - [18/Jul/2023:13:52:47 -0300] "POST /cormun/servlet/permisosadjuntos?5457ee56ec9bedc9fe336d05c22a8de0,INS,16491126,P,20230614081726,, HTTP/1.1" 200 116
190.171.143.82 - - [18/Jul/2023:13:52:47 -0300] "GET /cormun/servlet/hpexe_return? HTTP/1.1" 200 1037
190.171.143.82 - - [18/Jul/2023:13:52:48 -0300] "GET /cormun/servlet/trpermisosadjuntos?16491126,20230614081726,P, HTTP/1.1" 200 7082
190.171.143.82 - - [18/Jul/2023:13:52:49 -0300] "GET /cormun/servlet/trpermisosadjuntos?16491126,20230614081726,P, HTTP/1.1" 200 7078
190.171.143.82 - - [18/Jul/2023:13:52:52 -0300] "GET /cormun/servlet/trpermisosgoce? HTTP/1.1" 200 18873
190.171.143.82 - - [18/Jul/2023:13:52:54 -0300] "GET /cormun/servlet/trpermisosgoce? HTTP/1.1" 200 18856
190.171.143.82 - - [18/Jul/2023:13:53:04 -0300] "POST /cormun/servlet/trpermisosgoce?5457ee56ec9bedc9fe336d05c22a8de0,,gx-no-cache=1689698225407 HTTP/1.1" 200 16106
45.128.232.125 - - [18/Jul/2023:13:53:47 -0300] "CONNECT google.com:443 HTTP/1.1" 400 -
190.171.143.82 - - [18/Jul/2023:13:53:47 -0300] "GET /cormun/servlet/trpermisosadjuntos?13946432,20230622150700,P, HTTP/1.1" 200 6502
190.171.143.82 - - [18/Jul/2023:13:53:48 -0300] "GET /cormun/servlet/trpermisosadjuntos?13946432,20230622150700,P, HTTP/1.1" 200 6502
190.171.143.82 - - [18/Jul/2023:13:53:53 -0300] "GET /cormun/servlet/permisosadjuntos?INS,13946432,P,20230622150700,, HTTP/1.1" 200 6015
190.171.143.82 - - [18/Jul/2023:13:53:54 -0300] "GET /cormun/static/about:blank HTTP/1.1" 404 1011
190.171.143.82 - - [18/Jul/2023:13:53:55 -0300] "GET /cormun/servlet/permisosadjuntos?INS,13946432,P,20230622150700,, HTTP/1.1" 200 6008
190.171.143.82 - - [18/Jul/2023:13:54:14 -0300] "POST /cormun/servlet/permisosadjuntos?5457ee56ec9bedc9fe336d05c22a8de0,INS,13946432,P,20230622150700,, HTTP/1.1" 200 116
190.171.143.82 - - [18/Jul/2023:13:54:14 -0300] "GET /cormun/servlet/hpexe_return? HTTP/1.1" 200 1037
190.171.143.82 - - [18/Jul/2023:13:54:14 -0300] "GET /cormun/servlet/trpermisosadjuntos?13946432,20230622150700,P, HTTP/1.1" 200 7080
190.171.143.82 - - [18/Jul/2023:13:54:16 -0300] "GET /cormun/servlet/trpermisosadjuntos?13946432,20230622150700,P, HTTP/1.1" 200 7077
186.174.37.251 - - [18/Jul/2023:13:54:26 -0300] "GET /cormun/servlet/trsolicitudot? HTTP/1.1" 200 7439
186.174.37.251 - - [18/Jul/2023:13:54:27 -0300] "GET /cormun/servlet/trsolicitudot? HTTP/1.1" 200 7439
190.171.143.82 - - [18/Jul/2023:13:54:29 -0300] "GET /cormun/servlet/trpermisosgoce? HTTP/1.1" 200 18821
181.212.43.89 - - [18/Jul/2023:13:54:30 -0300] "GET /cormun/servlet/hlogin HTTP/1.1" 200 1713
181.212.43.89 - - [18/Jul/2023:13:54:30 -0300] "GET /cormun/servlet/hlogin HTTP/1.1" 200 1724
186.174.37.251 - - [18/Jul/2023:13:54:31 -0300] "GET /cormun/servlet/solicitudot?INS,0,0,false, HTTP/1.1" 200 16137
190.171.143.82 - - [18/Jul/2023:13:54:31 -0300] "GET /cormun/servlet/trpermisosgoce? HTTP/1.1" 200 18882
186.174.37.251 - - [18/Jul/2023:13:54:31 -0300] "GET /cormun/servlet/solicitudot?INS,0,0,false, HTTP/1.1" 200 16145
181.212.43.89 - - [18/Jul/2023:13:54:34 -0300] "POST /cormun/servlet/hlogin?88a17b40d7d7befb2e2b4c77333f312b,gx-no-cache=1689698314138 HTTP/1.1" 200 90
181.212.43.89 - - [18/Jul/2023:13:54:35 -0300] "GET /cormun/servlet/hpexe_link HTTP/1.1" 200 945
181.212.43.89 - - [18/Jul/2023:13:54:35 -0300] "GET /cormun/servlet/hhome HTTP/1.1" 200 4002
181.212.43.89 - - [18/Jul/2023:13:54:35 -0300] "GET /cormun/servlet/hhome HTTP/1.1" 200 3998
181.212.43.89 - - [18/Jul/2023:13:54:37 -0300] "GET /cormun/servlet/trlicencias? HTTP/1.1" 200 9658
181.212.43.89 - - [18/Jul/2023:13:54:38 -0300] "GET /cormun/servlet/trlicencias? HTTP/1.1" 200 9656
186.174.37.251 - - [18/Jul/2023:13:54:43 -0300] "POST /cormun/servlet/solicitudot?gx-no-cache=1689698380989 HTTP/1.1" 200 4103
186.174.37.251 - - [18/Jul/2023:13:54:43 -0300] "POST /cormun/servlet/solicitudot?61327312462b96d0606c58be2b8a053d,INS,0,0,false,,gx-no-cache=1689698381231 HTTP/1.1" 200 12937
186.174.37.251 - - [18/Jul/2023:13:54:44 -0300] "GET /cormun/servlet/solicitudot?4b92ff28ef4e99e929753b8b6f77d4ee00662b3f485a95c84da9c96f3dc3016a565eebdf7c844b890b47da4bd6649c2f,gx-no-cache=1689698381727 HTTP/1.1" 200 30
190.171.143.82 - - [18/Jul/2023:13:54:52 -0300] "POST /cormun/servlet/trpermisosgoce?5457ee56ec9bedc9fe336d05c22a8de0,,gx-no-cache=1689698333792 HTTP/1.1" 200 16108
52.167.144.34 - - [18/Jul/2023:13:54:53 -0300] "GET /cormun/servlet/hpexe_return HTTP/1.1" 200 983
190.171.143.82 - - [18/Jul/2023:13:55:02 -0300] "GET /cormun/servlet/trpermisosadjuntos?12515149,20230613144309,P, HTTP/1.1" 200 6503
190.171.143.82 - - [18/Jul/2023:13:55:04 -0300] "GET /cormun/servlet/trpermisosadjuntos?12515149,20230613144309,P, HTTP/1.1" 200 6503
190.171.143.82 - - [18/Jul/2023:13:55:05 -0300] "GET /cormun/servlet/permisosadjuntos?INS,12515149,P,20230613144309,, HTTP/1.1" 200 6012
190.171.143.82 - - [18/Jul/2023:13:55:07 -0300] "GET /cormun/static/about:blank HTTP/1.1" 404 1011
190.171.143.82 - - [18/Jul/2023:13:55:07 -0300] "GET /cormun/servlet/permisosadjuntos?INS,12515149,P,20230613144309,, HTTP/1.1" 200 6002
190.171.142.10 - - [18/Jul/2023:13:55:15 -0300] "GET /cormun/servlet/hlogin HTTP/1.1" 200 1721
190.171.142.10 - - [18/Jul/2023:13:55:21 -0300] "POST /cormun/servlet/hlogin?3d22704dd4f95bf162747647a94e4639,gx-no-cache=1689698362996 HTTP/1.1" 200 90
190.171.142.10 - - [18/Jul/2023:13:55:21 -0300] "GET /cormun/servlet/hpexe_link HTTP/1.1" 200 950
190.171.142.10 - - [18/Jul/2023:13:55:21 -0300] "GET /cormun/servlet/hhome HTTP/1.1" 200 4207
190.171.142.10 - - [18/Jul/2023:13:55:22 -0300] "GET /cormun/servlet/hhome HTTP/1.1" 200 4203
190.171.142.10 - - [18/Jul/2023:13:55:24 -0300] "GET /cormun/servlet/trlicencias? HTTP/1.1" 200 12254
190.171.142.10 - - [18/Jul/2023:13:55:25 -0300] "GET /cormun/servlet/trlicencias? HTTP/1.1" 200 12252
190.171.143.82 - - [18/Jul/2023:13:55:27 -0300] "POST /cormun/servlet/permisosadjuntos?5457ee56ec9bedc9fe336d05c22a8de0,INS,12515149,P,20230613144309,, HTTP/1.1" 200 116
190.171.143.82 - - [18/Jul/2023:13:55:27 -0300] "GET /cormun/servlet/hpexe_return? HTTP/1.1" 200 1037
190.171.143.82 - - [18/Jul/2023:13:55:27 -0300] "GET /cormun/servlet/trpermisosadjuntos?12515149,20230613144309,P, HTTP/1.1" 200 7082
190.171.143.82 - - [18/Jul/2023:13:55:29 -0300] "GET /cormun/servlet/trpermisosadjuntos?12515149,20230613144309,P, HTTP/1.1" 200 7077
190.171.143.82 - - [18/Jul/2023:13:55:32 -0300] "GET /cormun/servlet/trpermisosgoce? HTTP/1.1" 200 18882
190.171.143.82 - - [18/Jul/2023:13:55:34 -0300] "GET /cormun/servlet/trpermisosgoce? HTTP/1.1" 200 18806
190.171.143.82 - - [18/Jul/2023:13:55:45 -0300] "POST /cormun/servlet/trpermisosgoce?5457ee56ec9bedc9fe336d05c22a8de0,,gx-no-cache=1689698386115 HTTP/1.1" 200 16096
186.67.172.234 - - [18/Jul/2023:13:56:09 -0300] "GET /cormun/static/menuarrow.gif HTTP/1.1" 404 1015
190.171.143.82 - - [18/Jul/2023:13:56:16 -0300] "GET /cormun/servlet/trpermisosadjuntos?8671836,20230614083144,P, HTTP/1.1" 200 6499
190.171.143.82 - - [18/Jul/2023:13:56:17 -0300] "GET /cormun/servlet/trpermisosadjuntos?8671836,20230614083144,P, HTTP/1.1" 200 6500
190.171.143.82 - - [18/Jul/2023:13:56:19 -0300] "GET /cormun/servlet/permisosadjuntos?INS,8671836,P,20230614083144,, HTTP/1.1" 200 6011
190.171.143.82 - - [18/Jul/2023:13:56:21 -0300] "GET /cormun/static/about:blank HTTP/1.1" 404 1011
190.171.143.82 - - [18/Jul/2023:13:56:21 -0300] "GET /cormun/servlet/permisosadjuntos?INS,8671836,P,20230614083144,, HTTP/1.1" 200 6001
186.67.172.234 - - [18/Jul/2023:13:56:25 -0300] "POST /cormun/servlet/trlicencias?8db192bbb08ffcc990637ca215f090f9,,gx-no-cache=1689698427162 HTTP/1.1" 440 972
190.171.143.82 - - [18/Jul/2023:13:56:29 -0300] "POST /cormun/servlet/permisosadjuntos?5457ee56ec9bedc9fe336d05c22a8de0,INS,8671836,P,20230614083144,, HTTP/1.1" 200 116
190.171.143.82 - - [18/Jul/2023:13:56:29 -0300] "GET /cormun/servlet/hpexe_return? HTTP/1.1" 200 1036
190.171.143.82 - - [18/Jul/2023:13:56:29 -0300] "GET /cormun/servlet/trpermisosadjuntos?8671836,20230614083144,P, HTTP/1.1" 200 7079
190.171.143.82 - - [18/Jul/2023:13:56:31 -0300] "GET /cormun/servlet/trpermisosadjuntos?8671836,20230614083144,P, HTTP/1.1" 200 7074
190.171.141.90 - - [18/Jul/2023:13:56:35 -0300] "GET /cormun/servlet/hlogin HTTP/1.1" 200 1721
190.171.143.82 - - [18/Jul/2023:13:56:35 -0300] "GET /cormun/servlet/trpermisosgoce? HTTP/1.1" 200 18886
190.171.141.90 - - [18/Jul/2023:13:56:35 -0300] "GET /cormun/servlet/hlogin HTTP/1.1" 200 1730
190.171.143.82 - - [18/Jul/2023:13:56:37 -0300] "GET /cormun/servlet/trpermisosgoce? HTTP/1.1" 200 18866
190.171.143.82 - - [18/Jul/2023:13:56:46 -0300] "GET /cormun/servlet/trpermisosadjuntos?8671836,20230614083232,P, HTTP/1.1" 200 6497
190.171.143.82 - - [18/Jul/2023:13:56:47 -0300] "GET /cormun/servlet/trpermisosadjuntos?8671836,20230614083232,P, HTTP/1.1" 200 6498
190.171.143.82 - - [18/Jul/2023:13:56:49 -0300] "GET /cormun/servlet/permisosadjuntos?INS,8671836,P,20230614083232,, HTTP/1.1" 200 6010
190.171.143.82 - - [18/Jul/2023:13:56:50 -0300] "GET /cormun/static/about:blank HTTP/1.1" 404 1011
190.171.143.82 - - [18/Jul/2023:13:56:50 -0300] "GET /cormun/servlet/permisosadjuntos?INS,8671836,P,20230614083232,, HTTP/1.1" 200 6000
186.67.172.234 - - [18/Jul/2023:13:56:51 -0300] "GET /cormun/servlet/hlogin HTTP/1.1" 200 1713
190.171.143.82 - - [18/Jul/2023:13:56:59 -0300] "POST /cormun/servlet/permisosadjuntos?5457ee56ec9bedc9fe336d05c22a8de0,INS,8671836,P,20230614083232,, HTTP/1.1" 200 116
190.171.143.82 - - [18/Jul/2023:13:57:00 -0300] "GET /cormun/servlet/hpexe_return? HTTP/1.1" 200 1036
190.171.143.82 - - [18/Jul/2023:13:57:00 -0300] "GET /cormun/servlet/trpermisosadjuntos?8671836,20230614083232,P, HTTP/1.1" 200 7075
190.171.143.82 - - [18/Jul/2023:13:57:01 -0300] "GET /cormun/servlet/trpermisosadjuntos?8671836,20230614083232,P, HTTP/1.1" 200 7072
190.171.143.82 - - [18/Jul/2023:13:57:04 -0300] "GET /cormun/servlet/trpermisosgoce? HTTP/1.1" 200 18866
190.171.143.82 - - [18/Jul/2023:13:57:06 -0300] "GET /cormun/servlet/trpermisosgoce? HTTP/1.1" 200 18859
186.67.172.234 - - [18/Jul/2023:13:57:09 -0300] "POST /cormun/servlet/hlogin?269b767c081f891e4b9fe8a926042c68,gx-no-cache=1689698471750 HTTP/1.1" 200 90
186.67.172.234 - - [18/Jul/2023:13:57:10 -0300] "GET /cormun/servlet/hpexe_link HTTP/1.1" 200 943
186.67.172.234 - - [18/Jul/2023:13:57:10 -0300] "GET /cormun/servlet/hhome HTTP/1.1" 200 4201
186.67.172.234 - - [18/Jul/2023:13:57:11 -0300] "GET /cormun/servlet/hhome HTTP/1.1" 200 4197
190.171.141.90 - - [18/Jul/2023:13:57:14 -0300] "POST /cormun/servlet/hlogin?f7e0375f106cb3c4cac72574906f08a6,gx-no-cache=1689698538723 HTTP/1.1" 200 90
190.171.141.90 - - [18/Jul/2023:13:57:14 -0300] "GET /cormun/servlet/hpexe_link HTTP/1.1" 200 953
190.171.141.90 - - [18/Jul/2023:13:57:14 -0300] "GET /cormun/servlet/hhome HTTP/1.1" 200 3969
190.171.141.90 - - [18/Jul/2023:13:57:14 -0300] "GET /cormun/servlet/hhome HTTP/1.1" 200 3966
186.67.172.234 - - [18/Jul/2023:13:57:15 -0300] "GET /cormun/servlet/trlicencias? HTTP/1.1" 200 13468
186.67.172.234 - - [18/Jul/2023:13:57:15 -0300] "GET /cormun/servlet/trlicencias? HTTP/1.1" 200 13465
190.171.143.82 - - [18/Jul/2023:13:57:15 -0300] "POST /cormun/servlet/trpermisosgoce?5457ee56ec9bedc9fe336d05c22a8de0,,gx-no-cache=1689698476877 HTTP/1.1" 200 16031
186.67.172.234 - - [18/Jul/2023:13:57:21 -0300] "GET /cormun/servlet/trlicencias? HTTP/1.1" 200 13445
186.67.172.234 - - [18/Jul/2023:13:57:21 -0300] "GET /cormun/servlet/trlicencias? HTTP/1.1" 200 13465
186.67.172.234 - - [18/Jul/2023:13:57:23 -0300] "GET /cormun/static/menuarrow.gif HTTP/1.1" 404 1015
190.171.141.90 - - [18/Jul/2023:13:57:23 -0300] "GET /cormun/servlet/trsolicitudot? HTTP/1.1" 200 7188
190.171.141.90 - - [18/Jul/2023:13:57:23 -0300] "GET /cormun/servlet/trsolicitudot? HTTP/1.1" 200 7188
10.40.40.2 - - [18/Jul/2023:13:57:29 -0300] "GET /cormun/servlet/trsolicitudgral? HTTP/1.1" 500 10
10.40.40.2 - - [18/Jul/2023:13:57:31 -0300] "GET /cormun/servlet/trsolicitudgral? HTTP/1.1" 500 10
190.171.141.90 - - [18/Jul/2023:13:57:35 -0300] "GET /cormun/servlet/trlicencias? HTTP/1.1" 200 11009
190.171.141.90 - - [18/Jul/2023:13:57:35 -0300] "GET /cormun/static/gxcfg.js?202211298463625 HTTP/1.1" 304 -
190.171.141.90 - - [18/Jul/2023:13:57:35 -0300] "GET /cormun/static/trlicencias.js?202211298463889 HTTP/1.1" 304 -
190.171.141.90 - - [18/Jul/2023:13:57:36 -0300] "GET /cormun/servlet/trlicencias? HTTP/1.1" 200 11008
10.40.40.2 - - [18/Jul/2023:13:57:37 -0300] "GET /cormun/servlet/hlogin HTTP/1.1" 200 1721
186.67.172.234 - - [18/Jul/2023:13:57:42 -0300] "POST /cormun/servlet/trlicencias?269b767c081f891e4b9fe8a926042c68,,gx-no-cache=1689698504025 HTTP/1.1" 200 4453
186.67.172.234 - - [18/Jul/2023:13:57:43 -0300] "POST /cormun/servlet/trlicencias?269b767c081f891e4b9fe8a926042c68,,gx-no-cache=1689698505776 HTTP/1.1" 200 4453
10.40.40.2 - - [18/Jul/2023:13:57:44 -0300] "POST /cormun/servlet/hlogin?fcabc1d22362c198b849a03b8230bbfb,gx-no-cache=1689698511122 HTTP/1.1" 200 90
10.40.40.2 - - [18/Jul/2023:13:57:44 -0300] "GET /cormun/servlet/hpexe_link HTTP/1.1" 200 953
10.40.40.2 - - [18/Jul/2023:13:57:45 -0300] "GET /cormun/servlet/hhome HTTP/1.1" 200 3804
10.40.40.2 - - [18/Jul/2023:13:57:45 -0300] "GET /cormun/servlet/hhome HTTP/1.1" 200 3801
10.40.40.2 - - [18/Jul/2023:13:57:47 -0300] "GET /cormun/servlet/trsolicitudgral? HTTP/1.1" 200 15411
10.40.40.2 - - [18/Jul/2023:13:57:48 -0300] "GET /cormun/servlet/trsolicitudgral? HTTP/1.1" 200 15408
190.171.141.90 - - [18/Jul/2023:13:58:13 -0300] "GET /cormun/servlet/licenciaspermisos?DSP,17824559,L,20230629000000, HTTP/1.1" 200 7080
190.171.141.90 - - [18/Jul/2023:13:58:13 -0300] "GET /cormun/static/gxcfg.js?202012153173 HTTP/1.1" 200 953
190.171.141.90 - - [18/Jul/2023:13:58:13 -0300] "GET /cormun/static/licenciaspermisos.js?2020121532136 HTTP/1.1" 200 38753
190.171.141.90 - - [18/Jul/2023:13:58:13 -0300] "GET /cormun/servlet/licenciaspermisos?DSP,17824559,L,20230629000000, HTTP/1.1" 200 7080
190.171.141.90 - - [18/Jul/2023:13:58:23 -0300] "GET /cormun/servlet/trlicencias? HTTP/1.1" 200 11009
190.171.141.90 - - [18/Jul/2023:13:58:23 -0300] "GET /cormun/servlet/trlicencias? HTTP/1.1" 200 11008
190.171.143.82 - - [18/Jul/2023:13:58:40 -0300] "POST /cormun/servlet/trpermisosgoce?5457ee56ec9bedc9fe336d05c22a8de0,,gx-no-cache=1689698560441 HTTP/1.1" 200 16065
186.67.172.234 - - [18/Jul/2023:13:59:10 -0300] "GET /cormun/servlet/trlicencias? HTTP/1.1" 200 7163
186.67.172.234 - - [18/Jul/2023:13:59:10 -0300] "GET /cormun/servlet/trlicencias? HTTP/1.1" 200 7163
190.171.143.82 - - [18/Jul/2023:13:59:12 -0300] "GET /cormun/servlet/trpermisosadjuntos?12572811,20230718100558,P, HTTP/1.1" 200 6500
190.171.143.82 - - [18/Jul/2023:13:59:13 -0300] "GET /cormun/servlet/trpermisosadjuntos?12572811,20230718100558,P, HTTP/1.1" 200 6501
10.40.40.2 - - [18/Jul/2023:13:59:14 -0300] "POST /cormun/servlet/trsolicitudgral?fcabc1d22362c198b849a03b8230bbfb,,gx-no-cache=1689698601125 HTTP/1.1" 200 7960
186.67.172.234 - - [18/Jul/2023:13:59:16 -0300] "POST /cormun/servlet/trlicencias?269b767c081f891e4b9fe8a926042c68,,gx-no-cache=1689698598783 HTTP/1.1" 200 4454
186.67.172.234 - - [18/Jul/2023:13:59:17 -0300] "POST /cormun/servlet/trlicencias?269b767c081f891e4b9fe8a926042c68,,gx-no-cache=1689698599678 HTTP/1.1" 200 4454
186.67.172.234 - - [18/Jul/2023:13:59:18 -0300] "POST /cormun/servlet/trlicencias?269b767c081f891e4b9fe8a926042c68,,gx-no-cache=1689698599942 HTTP/1.1" 200 4454
190.171.143.82 - - [18/Jul/2023:13:59:19 -0300] "GET /cormun/servlet/permisosadjuntos?INS,12572811,P,20230718100558,, HTTP/1.1" 200 6008
190.171.143.82 - - [18/Jul/2023:13:59:19 -0300] "GET /cormun/static/about:blank HTTP/1.1" 404 1011
190.171.143.82 - - [18/Jul/2023:13:59:20 -0300] "GET /cormun/servlet/permisosadjuntos?INS,12572811,P,20230718100558,, HTTP/1.1" 200 5998
190.171.143.82 - - [18/Jul/2023:13:59:28 -0300] "POST /cormun/servlet/permisosadjuntos?5457ee56ec9bedc9fe336d05c22a8de0,INS,12572811,P,20230718100558,, HTTP/1.1" 200 116
190.171.143.82 - - [18/Jul/2023:13:59:28 -0300] "GET /cormun/servlet/hpexe_return? HTTP/1.1" 200 1038
190.171.143.82 - - [18/Jul/2023:13:59:31 -0300] "GET /cormun/servlet/trpermisosadjuntos?12572811,20230718100558,P, HTTP/1.1" 200 7074
190.171.143.82 - - [18/Jul/2023:13:59:41 -0300] "GET /cormun/servlet/trpermisosadjuntos?12572811,20230718100558,P, HTTP/1.1" 200 7071
186.67.172.234 - - [18/Jul/2023:13:59:44 -0300] "GET /cormun/servlet/hlogin HTTP/1.1" 200 1713
186.67.172.234 - - [18/Jul/2023:14:00:09 -0300] "POST /cormun/servlet/hlogin?269b767c081f891e4b9fe8a926042c68,gx-no-cache=1689698651086 HTTP/1.1" 200 90
186.67.172.234 - - [18/Jul/2023:14:00:09 -0300] "GET /cormun/servlet/hpexe_link HTTP/1.1" 200 947
186.67.172.234 - - [18/Jul/2023:14:00:09 -0300] "GET /cormun/servlet/trlicencias? HTTP/1.1" 200 7165
186.67.172.234 - - [18/Jul/2023:14:00:09 -0300] "GET /cormun/servlet/trlicencias? HTTP/1.1" 200 7163
186.67.172.234 - - [18/Jul/2023:14:00:22 -0300] "POST /cormun/servlet/trlicencias?269b767c081f891e4b9fe8a926042c68,,gx-no-cache=1689698663959 HTTP/1.1" 200 5726
186.67.172.234 - - [18/Jul/2023:14:00:24 -0300] "POST /cormun/servlet/trlicencias?269b767c081f891e4b9fe8a926042c68,,gx-no-cache=1689698666382 HTTP/1.1" 200 5726
186.67.172.234 - - [18/Jul/2023:14:00:26 -0300] "POST /cormun/servlet/trlicencias?269b767c081f891e4b9fe8a926042c68,,gx-no-cache=1689698668110 HTTP/1.1" 200 5726
190.171.143.90 - - [18/Jul/2023:14:00:26 -0300] "GET /cormun/servlet/hlogin HTTP/1.1" 200 1721
186.174.37.251 - - [18/Jul/2023:14:00:27 -0300] "GET /cormun/servlet/solicitudot?4b92ff28ef4e99e929753b8b6f77d4ee3ac128bb1a767d0ee922a587cdc6dec181af4887544f242bb66e8b8c153f53dd983cf92b1dfaf8b248ccbe6d01c61098,gx-no-cache=1689698725038 HTTP/1.1" 200 30
186.174.37.251 - - [18/Jul/2023:14:00:27 -0300] "GET /cormun/servlet/solicitudot?4b92ff28ef4e99e929753b8b6f77d4ee75570e2885034aeca3000e22f94f082f,gx-no-cache=1689698725201 HTTP/1.1" 200 53
186.174.37.251 - - [18/Jul/2023:14:00:27 -0300] "POST /cormun/servlet/solicitudot?gx-no-cache=1689698725299 HTTP/1.1" 200 297
186.174.37.251 - - [18/Jul/2023:14:00:27 -0300] "GET /cormun/servlet/solicitudot?4b92ff28ef4e99e929753b8b6f77d4ee67e2684778acfff421acb8d0e5e63b886a403aa3358f1843d5b8d3a11001fc3cb3381544c4d676cef4675ee122f22b742766cfb3c2d6e4410094d8b3b309fb28bb778298fb761610373351eed1240447b2327b2962c8be7322434299058aca9bfc812124addb44bbbf649794834049a99858d25f46f6e2dce0427c844e54b4a40cbc45a4b5b2a21c6d04c367dde9230ba9e12d47fd92a98b74163fd5b072e05be462c85fef826f10f76802544ed56d44ebeb374dad30cf4b1e1cca3ed804202c1a4f4a33822708a6f4221291cc720930fb1e9ecf1d8be145b082e58736a2c924db5e07b63001ee854f736bebdaf284d3861daca8a36a140d8f4bf32bb18b2ddb9f50d6ff76e023badb9ea2baa13c4b8e08ac68ab7b9c1bfde40638e017f689af3376fe62cfd0f81e3ac51f4b3aab78877c568e0bca49311a935670bf2637bca794ab2f22f161b0ca7097c87ead5fd942bc45b07157149af0c575c613abe12716abd5d28f08e28fa0b53978710561c028a564742b45a0cea3e0b50c6320d23185,gx-no-cache=1689698725454 HTTP/1.1" 200 30
190.171.143.90 - - [18/Jul/2023:14:00:36 -0300] "POST /cormun/servlet/hlogin?712774444a3428c80ff8bf8a9ed7703c,gx-no-cache=1689698677792 HTTP/1.1" 200 90
190.171.143.90 - - [18/Jul/2023:14:00:36 -0300] "GET /cormun/servlet/hpexe_link HTTP/1.1" 200 950
190.171.143.90 - - [18/Jul/2023:14:00:36 -0300] "GET /cormun/servlet/hhome HTTP/1.1" 200 4310
190.171.143.90 - - [18/Jul/2023:14:00:36 -0300] "GET /cormun/servlet/hhome HTTP/1.1" 200 4306
190.171.143.90 - - [18/Jul/2023:14:00:40 -0300] "GET /cormun/servlet/trlicencias? HTTP/1.1" 200 9741
190.171.143.90 - - [18/Jul/2023:14:00:40 -0300] "GET /cormun/servlet/trlicencias? HTTP/1.1" 200 9739
190.171.143.82 - - [18/Jul/2023:14:00:48 -0300] "GET /cormun/servlet/trpermisosgoce? HTTP/1.1" 200 18857
186.67.172.234 - - [18/Jul/2023:14:00:50 -0300] "POST /cormun/servlet/trlicencias?269b767c081f891e4b9fe8a926042c68,,gx-no-cache=1689698691902 HTTP/1.1" 200 4447
190.171.143.82 - - [18/Jul/2023:14:00:50 -0300] "GET /cormun/servlet/trpermisosgoce? HTTP/1.1" 200 18851
186.67.172.234 - - [18/Jul/2023:14:00:53 -0300] "POST /cormun/servlet/trlicencias?269b767c081f891e4b9fe8a926042c68,,gx-no-cache=1689698695854 HTTP/1.1" 200 4447
186.67.172.234 - - [18/Jul/2023:14:00:57 -0300] "POST /cormun/servlet/trlicencias?269b767c081f891e4b9fe8a926042c68,,gx-no-cache=1689698699518 HTTP/1.1" 200 4446
190.171.143.82 - - [18/Jul/2023:14:01:00 -0300] "POST /cormun/servlet/trpermisosgoce?5457ee56ec9bedc9fe336d05c22a8de0,,gx-no-cache=1689698701199 HTTP/1.1" 200 16068
186.67.172.234 - - [18/Jul/2023:14:01:00 -0300] "POST /cormun/servlet/trlicencias?269b767c081f891e4b9fe8a926042c68,,gx-no-cache=1689698702574 HTTP/1.1" 200 4446
186.67.172.234 - - [18/Jul/2023:14:01:03 -0300] "POST /cormun/servlet/trlicencias?269b767c081f891e4b9fe8a926042c68,,gx-no-cache=1689698705278 HTTP/1.1" 200 6490
10.40.40.2 - - [18/Jul/2023:14:01:04 -0300] "POST /cormun/servlet/trsolicitudgral?fcabc1d22362c198b849a03b8230bbfb,,gx-no-cache=1689698711137 HTTP/1.1" 200 7042
186.174.37.251 - - [18/Jul/2023:14:01:07 -0300] "POST /cormun/servlet/solicitudot?gx-no-cache=1689698765285 HTTP/1.1" 200 30
186.174.37.251 - - [18/Jul/2023:14:01:10 -0300] "GET /cormun/servlet/prcontratosol?16981270,,,,,MD,,gxPopupLevel%3D0%3B HTTP/1.1" 200 8125
186.174.37.251 - - [18/Jul/2023:14:01:10 -0300] "GET /cormun/static/gxcfg.js?202211298464198 HTTP/1.1" 200 953
186.174.37.251 - - [18/Jul/2023:14:01:10 -0300] "GET /cormun/static/prcontratosol.js?202211298464288 HTTP/1.1" 200 15806
10.40.40.2 - - [18/Jul/2023:14:01:13 -0300] "GET /cormun/servlet/vesolicitudgral?2023,20371,, HTTP/1.1" 200 8412
10.40.40.2 - - [18/Jul/2023:14:01:13 -0300] "GET /cormun/pexe_scrolldiv.js HTTP/1.1" 404 1009
10.40.40.2 - - [18/Jul/2023:14:01:14 -0300] "GET /cormun/servlet/vesolicitudgral?2023,20371,, HTTP/1.1" 200 8411
186.67.172.234 - - [18/Jul/2023:14:01:14 -0300] "POST /cormun/servlet/trlicencias?269b767c081f891e4b9fe8a926042c68,,gx-no-cache=1689698716486 HTTP/1.1" 200 5961
186.174.37.251 - - [18/Jul/2023:14:01:15 -0300] "POST /cormun/servlet/solicitudot?gx-no-cache=1689698772465 HTTP/1.1" 200 1469
186.174.37.251 - - [18/Jul/2023:14:01:15 -0300] "POST /cormun/servlet/solicitudot?gx-no-cache=1689698772842 HTTP/1.1" 200 38
186.174.37.251 - - [18/Jul/2023:14:01:15 -0300] "GET /cormun/servlet/solicitudot?4b92ff28ef4e99e929753b8b6f77d4ee93885ea1b6b74d718e3f7ff21d7c5c5b06c3aaf922a2dbc3e8cc6bb07b1df55104332ac9f38c7f9d0006d44d413b05e51e36b37f6fa7d3475dfc180b932131318d0a4079856d3ad829fdb9c69535d36bbe009e5a28f0367adedf546e03fd52df,gx-no-cache=1689698772983 HTTP/1.1" 200 110
186.174.37.251 - - [18/Jul/2023:14:01:15 -0300] "POST /cormun/servlet/solicitudot?gx-no-cache=1689698773106 HTTP/1.1" 200 83
186.174.37.251 - - [18/Jul/2023:14:01:15 -0300] "GET /cormun/servlet/solicitudot?4b92ff28ef4e99e929753b8b6f77d4ee870654e4b298bdbf73dc070958b7f22a078409dce917b6dc82e6c7d0e9fc6cf6394ec14993cb900e78781b6c605ba78eb337461a9c0612fb60efdea5b59dd09b0aaf0578ec964089b60d56d14d031e74ef5f6c24970913a9eef30cb1957629be,gx-no-cache=1689698773506 HTTP/1.1" 200 29
186.174.37.251 - - [18/Jul/2023:14:01:15 -0300] "GET /cormun/servlet/solicitudot?4b92ff28ef4e99e929753b8b6f77d4eea79b568cc36c22366ede7b102e51775df63917ebfffcdc3eac6742e110309944,gx-no-cache=1689698773601 HTTP/1.1" 200 134
186.174.37.251 - - [18/Jul/2023:14:01:15 -0300] "GET /cormun/static/Shared/jqueryui/images/ui-bg_highlight-soft_100_c6c2c8_1x100.png HTTP/1.1" 404 1117
186.174.37.251 - - [18/Jul/2023:14:01:16 -0300] "GET /cormun/static/Shared/jqueryui/images/ui-icons_82798d_256x240.png HTTP/1.1" 404 1089
186.174.37.251 - - [18/Jul/2023:14:01:16 -0300] "GET /cormun/static/Shared/jqueryui/images/ui-bg_flat_55_994d53_40x100.png HTTP/1.1" 404 1097
186.174.37.251 - - [18/Jul/2023:14:01:16 -0300] "GET /cormun/static/Shared/jqueryui/images/ui-icons_ebccce_256x240.png HTTP/1.1" 404 1089
10.40.40.2 - - [18/Jul/2023:14:01:18 -0300] "GET /cormun/servlet/vesolicitudgral?2023,20371,,SolicitudOTLog HTTP/1.1" 200 9235
10.40.40.2 - - [18/Jul/2023:14:01:18 -0300] "GET /cormun/pexe_scrolldiv.js HTTP/1.1" 404 1009
10.40.40.2 - - [18/Jul/2023:14:01:18 -0300] "GET /cormun/static/tbsolicitudgral03.js?202211298372893 HTTP/1.1" 200 13342
10.40.40.2 - - [18/Jul/2023:14:01:18 -0300] "GET /cormun/static/Resources/PXToolsTabLastSelected.png HTTP/1.1" 200 1274
10.40.40.2 - - [18/Jul/2023:14:01:18 -0300] "GET /cormun/servlet/vesolicitudgral?2023,20371,,SolicitudOTLog HTTP/1.1" 200 9235
10.40.40.2 - - [18/Jul/2023:14:01:19 -0300] "POST /cormun/servlet/acontrolpreferencessavestate?None,RRHH+DANIELA,true HTTP/1.1" 200 35
10.40.40.2 - - [18/Jul/2023:14:01:22 -0300] "GET /cormun/servlet/vesolicitudgral?2023,20371,,General HTTP/1.1" 200 8411
10.40.40.2 - - [18/Jul/2023:14:01:22 -0300] "GET /cormun/pexe_scrolldiv.js HTTP/1.1" 404 1009
10.40.40.2 - - [18/Jul/2023:14:01:22 -0300] "GET /cormun/servlet/vesolicitudgral?2023,20371,,General HTTP/1.1" 200 8411
10.40.40.2 - - [18/Jul/2023:14:01:24 -0300] "GET /cormun/servlet/trsolicitudgral? HTTP/1.1" 200 10084
10.40.40.2 - - [18/Jul/2023:14:01:24 -0300] "GET /cormun/servlet/trsolicitudgral? HTTP/1.1" 200 10080
10.40.40.2 - - [18/Jul/2023:14:01:32 -0300] "GET /cormun/servlet/trsolicitudgral? HTTP/1.1" 200 10080
10.40.40.2 - - [18/Jul/2023:14:01:32 -0300] "GET /cormun/servlet/trsolicitudgral? HTTP/1.1" 200 10080
186.174.37.251 - - [18/Jul/2023:14:01:32 -0300] "GET /cormun/static/menuarrow.gif HTTP/1.1" 404 1015
10.40.40.2 - - [18/Jul/2023:14:01:37 -0300] "POST /cormun/servlet/trsolicitudgral?fcabc1d22362c198b849a03b8230bbfb,,gx-no-cache=1689698743411 HTTP/1.1" 200 8759
186.174.37.251 - - [18/Jul/2023:14:01:55 -0300] "GET /cormun/servlet/solicitudot?4b92ff28ef4e99e929753b8b6f77d4eeef19fd2fd56dce9489f88b9eab3f6efbf63917ebfffcdc3eac6742e110309944,gx-no-cache=1689698812568 HTTP/1.1" 200 30
186.67.172.234 - - [18/Jul/2023:14:02:17 -0300] "GET /cormun/static/menuarrow.gif HTTP/1.1" 404 1015
186.174.37.251 - - [18/Jul/2023:14:03:01 -0300] "POST /cormun/servlet/solicitudot?61327312462b96d0606c58be2b8a053d,INS,0,0,false,,gx-no-cache=1689698869645 HTTP/1.1" 200 13335
190.171.143.82 - - [18/Jul/2023:14:03:06 -0300] "POST /cormun/servlet/trpermisosgoce?5457ee56ec9bedc9fe336d05c22a8de0,,gx-no-cache=1689698827222 HTTP/1.1" 200 15976
186.67.172.234 - - [18/Jul/2023:14:03:06 -0300] "POST /cormun/servlet/trlicencias?269b767c081f891e4b9fe8a926042c68,,gx-no-cache=1689698827880 HTTP/1.1" 200 18676
186.67.172.234 - - [18/Jul/2023:14:03:18 -0300] "POST /cormun/servlet/trlicencias?269b767c081f891e4b9fe8a926042c68,,gx-no-cache=1689698840088 HTTP/1.1" 200 4451
186.67.172.234 - - [18/Jul/2023:14:03:38 -0300] "POST /cormun/servlet/trlicencias?269b767c081f891e4b9fe8a926042c68,,gx-no-cache=1689698860639 HTTP/1.1" 200 7484
186.67.172.234 - - [18/Jul/2023:14:04:32 -0300] "GET /cormun/servlet/trpermisosgoce? HTTP/1.1" 200 11692
186.67.172.234 - - [18/Jul/2023:14:04:33 -0300] "GET /cormun/servlet/trpermisosgoce? HTTP/1.1" 200 11692
186.67.172.234 - - [18/Jul/2023:14:04:39 -0300] "GET /cormun/servlet/trsolicitudot? HTTP/1.1" 200 7415
186.67.172.234 - - [18/Jul/2023:14:04:39 -0300] "GET /cormun/servlet/trsolicitudot? HTTP/1.1" 200 7414
186.67.172.234 - - [18/Jul/2023:14:04:40 -0300] "GET /cormun/servlet/trautorizarsolicitud? HTTP/1.1" 200 7316
186.67.172.234 - - [18/Jul/2023:14:04:41 -0300] "GET /cormun/servlet/trautorizarsolicitud? HTTP/1.1" 200 7316
186.67.172.234 - - [18/Jul/2023:14:04:44 -0300] "GET /cormun/servlet/trlicencias? HTTP/1.1" 200 9907
186.67.172.234 - - [18/Jul/2023:14:04:44 -0300] "GET /cormun/servlet/trlicencias? HTTP/1.1" 200 9896
186.174.37.251 - - [18/Jul/2023:14:06:05 -0300] "GET /cormun/servlet/solicitudot?4b92ff28ef4e99e929753b8b6f77d4ee196695fae465681b89d84a610cc8ebc0f63917ebfffcdc3eac6742e110309944,gx-no-cache=1689699062916 HTTP/1.1" 200 30
186.174.37.251 - - [18/Jul/2023:14:06:05 -0300] "POST /cormun/servlet/solicitudot?gx-no-cache=1689699063171 HTTP/1.1" 200 33
186.174.37.251 - - [18/Jul/2023:14:06:08 -0300] "POST /cormun/servlet/solicitudot?61327312462b96d0606c58be2b8a053d,INS,0,0,false,,gx-no-cache=1689699063374 HTTP/1.1" 200 93
186.174.37.251 - - [18/Jul/2023:14:06:08 -0300] "GET /cormun/servlet/hpexe_return? HTTP/1.1" 200 1005
186.174.37.251 - - [18/Jul/2023:14:06:09 -0300] "GET /cormun/static/gxcfg.js?20221129846035 HTTP/1.1" 200 953
186.174.37.251 - - [18/Jul/2023:14:06:09 -0300] "GET /cormun/static/hpexe_return.js?20221129846037 HTTP/1.1" 200 1633
186.174.37.251 - - [18/Jul/2023:14:06:09 -0300] "GET /cormun/servlet/trsolicitudot HTTP/1.1" 200 8845
186.174.37.251 - - [18/Jul/2023:14:06:10 -0300] "GET /cormun/servlet/trsolicitudot HTTP/1.1" 200 8841
186.174.37.251 - - [18/Jul/2023:14:06:16 -0300] "POST /cormun/servlet/trsolicitudot?61327312462b96d0606c58be2b8a053d,gx-no-cache=1689699070574 HTTP/1.1" 200 4852
186.174.37.251 - - [18/Jul/2023:14:06:16 -0300] "GET /cormun/static/Shared/jqueryui/images/ui-bg_highlight-soft_100_c6c2c8_1x100.png HTTP/1.1" 404 1117
186.174.37.251 - - [18/Jul/2023:14:06:17 -0300] "GET /cormun/static/Shared/jqueryui/images/ui-icons_82798d_256x240.png HTTP/1.1" 404 1089
186.174.37.251 - - [18/Jul/2023:14:06:17 -0300] "GET /cormun/static/Shared/jqueryui/images/ui-bg_flat_55_fafafa_40x100.png HTTP/1.1" 404 1097
186.174.37.251 - - [18/Jul/2023:14:06:17 -0300] "GET /cormun/static/Shared/jqueryui/images/ui-icons_8d78a5_256x240.png HTTP/1.1" 404 1089
186.174.37.251 - - [18/Jul/2023:14:06:20 -0300] "POST /cormun/servlet/trsolicitudot?61327312462b96d0606c58be2b8a053d,gx-no-cache=1689699074265 HTTP/1.1" 200 4601
186.174.37.251 - - [18/Jul/2023:14:06:23 -0300] "GET /cormun/static/menuarrow.gif HTTP/1.1" 404 1015
186.174.37.251 - - [18/Jul/2023:14:06:30 -0300] "POST /cormun/servlet/trsolicitudot?61327312462b96d0606c58be2b8a053d,gx-no-cache=1689699085087 HTTP/1.1" 200 13427
186.174.37.251 - - [18/Jul/2023:14:06:42 -0300] "GET /cormun/servlet/vesolicitudot?2023,20073,, HTTP/1.1" 200 8574
186.174.37.251 - - [18/Jul/2023:14:06:43 -0300] "GET /cormun/pexe_scrolldiv.js HTTP/1.1" 404 1009
186.174.37.251 - - [18/Jul/2023:14:06:43 -0300] "GET /cormun/servlet/vesolicitudot?2023,20073,, HTTP/1.1" 200 8573
186.174.37.251 - - [18/Jul/2023:14:07:09 -0300] "POST /cormun/servlet/vesolicitudot?61327312462b96d0606c58be2b8a053d,2023,20073,,,gx-no-cache=1689699124211 HTTP/1.1" 200 93
186.174.37.251 - - [18/Jul/2023:14:07:09 -0300] "GET /cormun/servlet/hpexe_return? HTTP/1.1" 200 1030
186.174.37.251 - - [18/Jul/2023:14:07:09 -0300] "GET /cormun/servlet/trsolicitudot?gx-no-cache=1689699085087 HTTP/1.1" 200 16078
186.174.37.251 - - [18/Jul/2023:14:07:10 -0300] "GET /cormun/servlet/trsolicitudot?gx-no-cache=1689699085087 HTTP/1.1" 200 16094
186.174.37.251 - - [18/Jul/2023:14:08:06 -0300] "GET /cormun/static/menuarrow.gif HTTP/1.1" 404 1015
186.174.37.251 - - [18/Jul/2023:14:08:21 -0300] "POST /cormun/servlet/trsolicitudot?61327312462b96d0606c58be2b8a053d,gx-no-cache=1689699085087,gx-no-cache=1689699192530 HTTP/1.1" 200 25335
186.174.37.251 - - [18/Jul/2023:14:08:22 -0300] "GET /cormun/static/Resources/PXToolsGridNext.gif HTTP/1.1" 200 369
186.174.37.251 - - [18/Jul/2023:14:08:22 -0300] "GET /cormun/static/Resources/PXToolsGridLast.gif HTTP/1.1" 200 370
186.174.37.251 - - [18/Jul/2023:14:09:05 -0300] "POST /cormun/servlet/trsolicitudot?61327312462b96d0606c58be2b8a053d,gx-no-cache=1689699085087,gx-no-cache=1689699238504 HTTP/1.1" 200 4641
186.174.37.251 - - [18/Jul/2023:14:09:29 -0300] "POST /cormun/servlet/trsolicitudot?61327312462b96d0606c58be2b8a053d,gx-no-cache=1689699085087,gx-no-cache=1689699265787 HTTP/1.1" 200 4636
186.174.37.251 - - [18/Jul/2023:14:09:42 -0300] "POST /cormun/servlet/trsolicitudot?61327312462b96d0606c58be2b8a053d,gx-no-cache=1689699085087,gx-no-cache=1689699276819 HTTP/1.1" 200 4634
186.174.37.251 - - [18/Jul/2023:14:09:52 -0300] "POST /cormun/servlet/trsolicitudot?61327312462b96d0606c58be2b8a053d,gx-no-cache=1689699085087,gx-no-cache=1689699287566 HTTP/1.1" 200 4639
186.174.37.251 - - [18/Jul/2023:14:10:06 -0300] "POST /cormun/servlet/trsolicitudot?61327312462b96d0606c58be2b8a053d,gx-no-cache=1689699085087,gx-no-cache=1689699299816 HTTP/1.1" 200 4641
186.174.37.251 - - [18/Jul/2023:14:10:13 -0300] "GET /cormun/servlet/trcontratounov2? HTTP/1.1" 200 17920
186.174.37.251 - - [18/Jul/2023:14:10:14 -0300] "GET /cormun/static/gxcfg.js?2020121614367 HTTP/1.1" 200 953
186.174.37.251 - - [18/Jul/2023:14:10:14 -0300] "GET /cormun/static/trcontratounov2.js?20201216143065 HTTP/1.1" 200 38486
186.174.37.251 - - [18/Jul/2023:14:10:14 -0300] "GET /cormun/static/Resources/PXToolsAddSelectedAction.png HTTP/1.1" 200 523
186.174.37.251 - - [18/Jul/2023:14:10:14 -0300] "GET /cormun//static/Resources/PXToolsActionDisabled.gif HTTP/1.1" 200 53
186.174.37.251 - - [18/Jul/2023:14:10:14 -0300] "GET /cormun/servlet/trcontratounov2? HTTP/1.1" 200 17883
52.167.144.34 - - [18/Jul/2023:14:10:35 -0300] "GET /cormun/servlet/hpexe_return HTTP/1.1" 200 982
186.174.37.251 - - [18/Jul/2023:14:10:44 -0300] "GET /cormun/servlet/trcontratosolicitud? HTTP/1.1" 200 14728
186.174.37.251 - - [18/Jul/2023:14:10:45 -0300] "GET /cormun/static/gxcfg.js?202211298514361 HTTP/1.1" 200 953
186.174.37.251 - - [18/Jul/2023:14:10:45 -0300] "GET /cormun/static/trcontratosolicitud.js?202211298514531 HTTP/1.1" 200 28237
186.174.37.251 - - [18/Jul/2023:14:10:45 -0300] "GET /cormun//static/Resources/PXToolsGridNew.png HTTP/1.1" 200 427
186.174.37.251 - - [18/Jul/2023:14:10:45 -0300] "GET /cormun/servlet/trcontratosolicitud? HTTP/1.1" 200 14731
190.171.153.50 - - [18/Jul/2023:14:11:56 -0300] "GET /cormun/servlet/hlogin HTTP/1.1" 200 1721
190.171.153.50 - - [18/Jul/2023:14:12:02 -0300] "POST /cormun/servlet/hlogin?3803d9a8f40456cf7df8d22dd3339435,gx-no-cache=1689699363546 HTTP/1.1" 200 90
190.171.153.50 - - [18/Jul/2023:14:12:02 -0300] "GET /cormun/servlet/hpexe_link HTTP/1.1" 200 953
190.171.153.50 - - [18/Jul/2023:14:12:02 -0300] "GET /cormun/servlet/hhome HTTP/1.1" 200 4273
190.171.153.50 - - [18/Jul/2023:14:12:02 -0300] "GET /cormun/servlet/hhome HTTP/1.1" 200 4269
190.171.153.50 - - [18/Jul/2023:14:12:04 -0300] "GET /cormun/servlet/trlicencias? HTTP/1.1" 200 9440
190.171.153.50 - - [18/Jul/2023:14:12:04 -0300] "GET /cormun/servlet/trlicencias? HTTP/1.1" 200 9430
190.171.153.50 - - [18/Jul/2023:14:12:13 -0300] "GET /cormun/servlet/hlogin HTTP/1.1" 200 1737
186.174.37.251 - - [18/Jul/2023:14:13:53 -0300] "POST /cormun/servlet/trcontratosolicitud?61327312462b96d0606c58be2b8a053d,,gx-no-cache=1689699529691 HTTP/1.1" 200 12532
186.174.37.251 - - [18/Jul/2023:14:14:00 -0300] "POST /cormun/servlet/trcontratosolicitud?61327312462b96d0606c58be2b8a053d,,gx-no-cache=1689699535856 HTTP/1.1" 200 7405
186.174.37.251 - - [18/Jul/2023:14:14:00 -0300] "GET /cormun/static/Resources/PXToolsGridFirst.gif HTTP/1.1" 200 379
186.174.37.251 - - [18/Jul/2023:14:14:00 -0300] "GET /cormun/static/Resources/PXToolsGridPrevious.gif HTTP/1.1" 200 369
200.54.100.179 - - [18/Jul/2023:14:15:38 -0300] "GET /cormun/servlet/trpermisosgoce? HTTP/1.1" 200 6036
200.54.100.179 - - [18/Jul/2023:14:15:38 -0300] "GET /cormun/servlet/hlogin HTTP/1.1" 200 1744
200.54.100.179 - - [18/Jul/2023:14:15:38 -0300] "GET /cormun/servlet/trpermisosgoce? HTTP/1.1" 200 6033
200.54.100.179 - - [18/Jul/2023:14:15:42 -0300] "POST /cormun/servlet/hlogin?3d95179a110f98bd275c57a6ec3b7b25,gx-no-cache=1689699555535 HTTP/1.1" 200 90
200.54.100.179 - - [18/Jul/2023:14:15:42 -0300] "GET /cormun/servlet/hpexe_link HTTP/1.1" 200 962
200.54.100.179 - - [18/Jul/2023:14:15:42 -0300] "GET /cormun/servlet/trpermisosgoce HTTP/1.1" 200 8749
200.54.100.179 - - [18/Jul/2023:14:15:42 -0300] "GET /cormun/servlet/trpermisosgoce HTTP/1.1" 200 8748
200.54.100.179 - - [18/Jul/2023:14:15:58 -0300] "GET /cormun/servlet/permisogoce?INS,0,,, HTTP/1.1" 200 7219
200.54.100.179 - - [18/Jul/2023:14:15:58 -0300] "GET /cormun/static/gxcfg.js?20201215124560 HTTP/1.1" 200 953
200.54.100.179 - - [18/Jul/2023:14:15:58 -0300] "GET /cormun/static/Resources/prompt.gif HTTP/1.1" 200 902
200.54.100.179 - - [18/Jul/2023:14:15:58 -0300] "GET /cormun/static/permisogoce.js?20201215124939 HTTP/1.1" 200 27790
200.54.100.179 - - [18/Jul/2023:14:15:58 -0300] "GET /cormun/servlet/permisogoce?INS,0,,, HTTP/1.1" 200 7219
190.171.143.82 - - [18/Jul/2023:14:19:42 -0300] "GET /cormun/servlet/permisogoce?INS,0,,, HTTP/1.1" 200 7263
190.171.143.82 - - [18/Jul/2023:14:19:42 -0300] "GET /cormun/static/gxcfg.js?20201215124560 HTTP/1.1" 200 953
190.171.143.82 - - [18/Jul/2023:14:19:42 -0300] "GET /cormun/static/Resources/prompt.gif HTTP/1.1" 200 902
190.171.143.82 - - [18/Jul/2023:14:19:42 -0300] "GET /cormun/static/permisogoce.js?20201215124939 HTTP/1.1" 200 27790
190.171.143.82 - - [18/Jul/2023:14:19:43 -0300] "GET /cormun/servlet/permisogoce?INS,0,,, HTTP/1.1" 200 7264
190.171.143.82 - - [18/Jul/2023:14:19:56 -0300] "GET /cormun/servlet/permisogoce?6e3d3459f3264ded667fbfd0d94b02f5dc7ba312aec4c1e1c3701144147de7c6a0376c484d187990497174d62ff7dabc8fefcbbea6814ca6cfcec77b4fc68e59,gx-no-cache=1689699838338 HTTP/1.1" 200 87
190.171.143.82 - - [18/Jul/2023:14:19:56 -0300] "GET /cormun/static/menuarrow.gif HTTP/1.1" 404 1015
190.171.143.82 - - [18/Jul/2023:14:20:20 -0300] "GET /cormun/servlet/permisogoce?6e3d3459f3264ded667fbfd0d94b02f599accf9b021cb874375cf9c6351a269dabd7bc6f0898467f0fb49fc2bf99b55bb6f34a012d6459bf7e23b0da820e9ce8,gx-no-cache=1689699862435 HTTP/1.1" 200 47
190.171.143.82 - - [18/Jul/2023:14:20:22 -0300] "POST /cormun/servlet/permisogoce?5457ee56ec9bedc9fe336d05c22a8de0,INS,0,,,,gx-no-cache=1689699863408 HTTP/1.1" 200 93
190.171.143.82 - - [18/Jul/2023:14:20:22 -0300] "GET /cormun/servlet/hpexe_return? HTTP/1.1" 200 1009
190.171.143.82 - - [18/Jul/2023:14:20:23 -0300] "GET /cormun/servlet/trpermisosgoce? HTTP/1.1" 200 18787
190.171.143.82 - - [18/Jul/2023:14:20:25 -0300] "GET /cormun/servlet/trpermisosgoce? HTTP/1.1" 200 18779
190.171.143.82 - - [18/Jul/2023:14:20:33 -0300] "GET /cormun/servlet/apermisogoceprn?8298358,P,20230718130348,PU HTTP/1.1" 200 1656
185.180.143.136 - - [18/Jul/2023:14:20:36 -0300] "GET / HTTP/1.1" 200 11217
186.174.37.251 - - [18/Jul/2023:14:21:52 -0300] "GET /cormun/servlet/trsolicitudot? HTTP/1.1" 200 7461
186.174.37.251 - - [18/Jul/2023:14:21:53 -0300] "GET /cormun/servlet/trsolicitudot? HTTP/1.1" 200 7460
186.174.37.251 - - [18/Jul/2023:14:21:58 -0300] "GET /cormun/servlet/solicitudot?INS,0,0,false, HTTP/1.1" 200 16137
186.174.37.251 - - [18/Jul/2023:14:21:58 -0300] "GET /cormun/servlet/solicitudot?INS,0,0,false, HTTP/1.1" 200 16145
186.174.37.251 - - [18/Jul/2023:14:22:08 -0300] "POST /cormun/servlet/solicitudot?gx-no-cache=1689700026203 HTTP/1.1" 200 3989
186.174.37.251 - - [18/Jul/2023:14:22:09 -0300] "POST /cormun/servlet/solicitudot?61327312462b96d0606c58be2b8a053d,INS,0,0,false,,gx-no-cache=1689700026762 HTTP/1.1" 200 12812
186.174.37.251 - - [18/Jul/2023:14:22:12 -0300] "GET /cormun/servlet/prfichaempleado?,MD,,gxPopupLevel%3D0%3B HTTP/1.1" 200 9238
190.171.142.10 - - [18/Jul/2023:14:22:14 -0300] "GET /cormun/servlet/trlicencias? HTTP/1.1" 200 6045
190.171.142.10 - - [18/Jul/2023:14:22:15 -0300] "GET /cormun/servlet/trlicencias? HTTP/1.1" 200 6045
190.171.142.10 - - [18/Jul/2023:14:22:15 -0300] "GET /cormun/servlet/hlogin HTTP/1.1" 200 1739
190.171.142.10 - - [18/Jul/2023:14:22:24 -0300] "POST /cormun/servlet/hlogin?1225083322c4ac859a73ee7b4209bf03,gx-no-cache=1689696409732 HTTP/1.1" 200 449
190.171.142.10 - - [18/Jul/2023:14:22:30 -0300] "POST /cormun/servlet/hlogin?1225083322c4ac859a73ee7b4209bf03,gx-no-cache=1689696418145 HTTP/1.1" 200 90
190.171.142.10 - - [18/Jul/2023:14:22:31 -0300] "GET /cormun/servlet/hpexe_link HTTP/1.1" 200 956
190.171.142.10 - - [18/Jul/2023:14:22:31 -0300] "GET /cormun/servlet/trlicencias HTTP/1.1" 200 12115
190.171.142.10 - - [18/Jul/2023:14:22:32 -0300] "GET /cormun/servlet/trlicencias HTTP/1.1" 200 12115
186.174.37.251 - - [18/Jul/2023:14:22:33 -0300] "POST /cormun/servlet/prfichaempleado?61327312462b96d0606c58be2b8a053d,,MD,,gxPopupLevel%3D0%3B,gx-no-cache=1689700051087 HTTP/1.1" 200 4454
186.174.37.251 - - [18/Jul/2023:14:22:46 -0300] "GET /cormun/servlet/trsolicitudot? HTTP/1.1" 200 7461
186.174.37.251 - - [18/Jul/2023:14:22:46 -0300] "GET /cormun/servlet/trsolicitudot? HTTP/1.1" 200 7460
186.174.37.251 - - [18/Jul/2023:14:22:48 -0300] "GET /cormun/servlet/solicitudot?INS,0,0,false, HTTP/1.1" 200 16137
186.174.37.251 - - [18/Jul/2023:14:22:48 -0300] "GET /cormun/servlet/solicitudot?INS,0,0,false, HTTP/1.1" 200 16145
186.174.37.251 - - [18/Jul/2023:14:22:57 -0300] "POST /cormun/servlet/solicitudot?gx-no-cache=1689700075422 HTTP/1.1" 200 3989
186.174.37.251 - - [18/Jul/2023:14:22:58 -0300] "POST /cormun/servlet/solicitudot?61327312462b96d0606c58be2b8a053d,INS,0,0,false,,gx-no-cache=1689700075751 HTTP/1.1" 200 12812
186.174.37.251 - - [18/Jul/2023:14:23:23 -0300] "GET /cormun/servlet/solicitudot?4b92ff28ef4e99e929753b8b6f77d4ee4568200341b3af9dd9b6e51a78e77857565eebdf7c844b890b47da4bd6649c2f,gx-no-cache=1689700101561 HTTP/1.1" 200 30
10.40.40.2 - - [18/Jul/2023:14:23:32 -0300] "POST /cormun/servlet/trsolicitudgral?fcabc1d22362c198b849a03b8230bbfb,,gx-no-cache=1689700058828 HTTP/1.1" 200 9895
10.40.40.2 - - [18/Jul/2023:14:23:38 -0300] "GET /cormun/servlet/vesolicitudgral?2023,20401,, HTTP/1.1" 200 8367
10.40.40.2 - - [18/Jul/2023:14:23:38 -0300] "GET /cormun/pexe_scrolldiv.js HTTP/1.1" 404 1009
10.40.40.2 - - [18/Jul/2023:14:23:38 -0300] "GET /cormun/servlet/vesolicitudgral?2023,20401,, HTTP/1.1" 200 8366
46.174.191.31 - - [18/Jul/2023:14:25:54 -0300] "GET / HTTP/1.0" 200 11197
190.171.141.98 - - [18/Jul/2023:14:27:30 -0300] "GET /cormun/servlet/trsolicitudadjuntos?2021,17422, HTTP/1.1" 200 9324
190.171.141.98 - - [18/Jul/2023:14:27:30 -0300] "GET /cormun/servlet/hlogin HTTP/1.1" 200 1748
190.171.141.98 - - [18/Jul/2023:14:27:32 -0300] "GET /cormun/servlet/trsolicitudadjuntos?2021,17422, HTTP/1.1" 200 9341
190.171.141.98 - - [18/Jul/2023:14:27:32 -0300] "GET /cormun/servlet/trsolicitudadjuntos?2021,17422, HTTP/1.1" 200 9343
104.167.222.2 - - [18/Jul/2023:14:27:32 -0300] "CONNECT www.google.com:443 HTTP/1.1" 400 -
190.171.141.98 - - [18/Jul/2023:14:27:34 -0300] "POST /cormun/servlet/hlogin?322f48f381a29ce7581afa9483514544,gx-no-cache=1689700370772 HTTP/1.1" 200 90
190.171.141.98 - - [18/Jul/2023:14:27:35 -0300] "GET /cormun/servlet/hpexe_link HTTP/1.1" 200 966
190.171.141.98 - - [18/Jul/2023:14:27:35 -0300] "GET /cormun/servlet/trsolicitudadjuntos?2021,17422, HTTP/1.1" 200 9916
190.171.141.98 - - [18/Jul/2023:14:27:36 -0300] "GET /cormun/servlet/trsolicitudadjuntos?2021,17422, HTTP/1.1" 200 9924
190.171.141.98 - - [18/Jul/2023:14:27:39 -0300] "GET /cormun/servlet/trsolicitudot? HTTP/1.1" 200 7116
190.171.141.98 - - [18/Jul/2023:14:27:40 -0300] "GET /cormun/servlet/trsolicitudot? HTTP/1.1" 200 7101
190.171.141.98 - - [18/Jul/2023:14:27:43 -0300] "GET /cormun/servlet/solicitudot?INS,0,0,false, HTTP/1.1" 200 15831
190.171.141.98 - - [18/Jul/2023:14:27:44 -0300] "GET /cormun/servlet/solicitudot?INS,0,0,false, HTTP/1.1" 200 15838
190.171.141.98 - - [18/Jul/2023:14:27:57 -0300] "POST /cormun/servlet/solicitudot?gx-no-cache=1689700393191 HTTP/1.1" 200 3981
190.171.141.98 - - [18/Jul/2023:14:27:58 -0300] "POST /cormun/servlet/solicitudot?322f48f381a29ce7581afa9483514544,INS,0,0,false,,gx-no-cache=1689700393353 HTTP/1.1" 200 12542
190.171.141.98 - - [18/Jul/2023:14:28:01 -0300] "GET /cormun/servlet/solicitudot?575dae5974041da409e760b06b699d1ff4a1a242c13677ba6ac5a0cb1abbb80c87bbf539de7edc244b45b2556094ea06,gx-no-cache=1689700397428 HTTP/1.1" 200 111
190.171.141.98 - - [18/Jul/2023:14:28:01 -0300] "GET /cormun/static/Shared/jqueryui/images/ui-bg_highlight-soft_100_c6c2c8_1x100.png HTTP/1.1" 404 1117
190.171.141.98 - - [18/Jul/2023:14:28:01 -0300] "GET /cormun/static/Shared/jqueryui/images/ui-icons_ebccce_256x240.png HTTP/1.1" 404 1089
190.171.141.98 - - [18/Jul/2023:14:28:01 -0300] "GET /cormun/static/Shared/jqueryui/images/ui-icons_82798d_256x240.png HTTP/1.1" 404 1089
190.171.141.98 - - [18/Jul/2023:14:28:01 -0300] "GET /cormun/static/Shared/jqueryui/images/ui-bg_flat_55_994d53_40x100.png HTTP/1.1" 404 1097
181.212.43.89 - - [18/Jul/2023:14:28:59 -0300] "GET /cormun/servlet/trlicencias? HTTP/1.1" 200 6050
181.212.43.89 - - [18/Jul/2023:14:29:00 -0300] "GET /cormun/servlet/hlogin HTTP/1.1" 200 1737
181.212.43.89 - - [18/Jul/2023:14:29:00 -0300] "GET /cormun/servlet/trlicencias? HTTP/1.1" 200 6046
181.212.43.89 - - [18/Jul/2023:14:29:00 -0300] "GET /cormun/servlet/trlicencias? HTTP/1.1" 200 6046
190.171.141.98 - - [18/Jul/2023:14:29:01 -0300] "POST /cormun/servlet/solicitudot?gx-no-cache=1689700457361 HTTP/1.1" 200 3985
190.171.141.98 - - [18/Jul/2023:14:29:01 -0300] "POST /cormun/servlet/solicitudot?322f48f381a29ce7581afa9483514544,INS,0,0,false,,gx-no-cache=1689700457503 HTTP/1.1" 200 12591
190.171.141.98 - - [18/Jul/2023:14:29:01 -0300] "GET /cormun/servlet/solicitudot?575dae5974041da409e760b06b699d1ff40b34b936a6035d5c79e0773f3fb1a987bbf539de7edc244b45b2556094ea06,gx-no-cache=1689700457645 HTTP/1.1" 200 30
181.212.43.89 - - [18/Jul/2023:14:29:13 -0300] "POST /cormun/servlet/hlogin?c3a6aaaf281de7dee612ec5a744f15be,gx-no-cache=1689700394038 HTTP/1.1" 200 90
181.212.43.89 - - [18/Jul/2023:14:29:13 -0300] "GET /cormun/servlet/hpexe_link HTTP/1.1" 200 955
181.212.43.89 - - [18/Jul/2023:14:29:13 -0300] "GET /cormun/servlet/trlicencias HTTP/1.1" 200 9787
181.212.43.89 - - [18/Jul/2023:14:29:13 -0300] "GET /cormun/servlet/trlicencias HTTP/1.1" 200 9785
190.171.141.98 - - [18/Jul/2023:14:30:55 -0300] "GET /cormun/servlet/solicitudot?575dae5974041da409e760b06b699d1f278bf66a37cd207d967c88f5d38b0189cd3f7e4f2336f3057f86f21f41e2181dac8914937d433b8c8926eec41778c9ef9a13d071e1d81f751105031662b1940d,gx-no-cache=1689700571752 HTTP/1.1" 200 30
190.171.141.98 - - [18/Jul/2023:14:30:55 -0300] "GET /cormun/servlet/solicitudot?575dae5974041da409e760b06b699d1f75b9f253570d3ed17faad0aaa8c6e919,gx-no-cache=1689700571782 HTTP/1.1" 200 29
190.171.141.98 - - [18/Jul/2023:14:30:57 -0300] "POST /cormun/servlet/solicitudot?gx-no-cache=1689700573418 HTTP/1.1" 200 255
