192.168.10.17 - - [23/Jun/2023:09:52:33 -0300] "POST /cormun/servlet/trsolicitudgral?f4d52c76b4a6b75989a453e48159438d,,gx-no-cache=1687523776110 HTTP/1.1" 200 5246
192.168.10.17 - - [23/Jun/2023:09:52:37 -0300] "POST /cormun/servlet/trsolicitudgral?f4d52c76b4a6b75989a453e48159438d,,gx-no-cache=1687523780356 HTTP/1.1" 200 8727
190.171.141.82 - - [23/Jun/2023:09:52:49 -0300] "POST /cormun/servlet/solicitudot?gx-no-cache=1687523814260 HTTP/1.1" 200 30
190.171.142.50 - - [23/Jun/2023:09:52:52 -0300] "GET /cormun/servlet/permisogoce?92b858eeaa30a8409d7167463be95272bfab5c57b161f24aa919fb5d386ca41e7d8fd0b3378a399b8839183de4d6df3524df035ad6a703b3169735900f1c2512,gx-no-cache=1687523817386 HTTP/1.1" 200 48
190.171.142.50 - - [23/Jun/2023:09:52:54 -0300] "POST /cormun/servlet/permisogoce?1d3ac7301ac0b7f6191e9be6cbd62c66,INS,0,,,,gx-no-cache=1687523818890 HTTP/1.1" 200 93
190.171.142.50 - - [23/Jun/2023:09:52:54 -0300] "GET /cormun/servlet/hpexe_return? HTTP/1.1" 200 1007
190.171.142.50 - - [23/Jun/2023:09:52:54 -0300] "GET /cormun/servlet/trpermisosgoce HTTP/1.1" 200 12372
190.171.142.50 - - [23/Jun/2023:09:52:54 -0300] "GET /cormun/servlet/trpermisosgoce HTTP/1.1" 200 12367
190.171.142.50 - - [23/Jun/2023:09:52:58 -0300] "GET /cormun/servlet/apermisogoceprn?10474958,P,20230623083410,PU HTTP/1.1" 200 1647
192.168.10.17 - - [23/Jun/2023:09:53:38 -0300] "POST /cormun/servlet/trsolicitudgral?f4d52c76b4a6b75989a453e48159438d,,gx-no-cache=1687523841010 HTTP/1.1" 200 20123
190.171.141.82 - - [23/Jun/2023:09:53:51 -0300] "POST /cormun/servlet/solicitudot?7ccc8f0e28cb54fc5a04302b1eaeb955,INS,0,0,false,,gx-no-cache=1687523875770 HTTP/1.1" 200 12924
190.171.141.82 - - [23/Jun/2023:09:54:05 -0300] "GET /cormun/servlet/solicitudot?1900aee131df20fa757ef7890f72127d84a311fa930a64dc5b1cf518df4165300d46fca4c0de5b1fe777cba5e0bf5f17f55d5e8102e58e1beeb23c5bcb9a1721,gx-no-cache=1687523890106 HTTP/1.1" 200 30
190.171.141.82 - - [23/Jun/2023:09:54:05 -0300] "GET /cormun/servlet/solicitudot?1900aee131df20fa757ef7890f72127dfa4b3e686e70278cfcea52318347749a9e0c30f22cf534df39b81b881bfe42ce5891d70cffcdeb18e47506c4df47c6635c0e6922eb9456454c23f7643629cfd3e142a495286c9b02e6ca21714f933fc8310a629f5bf8d6b9ad19dbdea80f35da97e40f5838c821641bbfcc232cc508a274d8e09b9bffd8fa159be33e7a5a49e3eeb7014b840f16161f390d80f484af56c59d4a39f562db2f2d9b950fae9b2392821bf7d828ef0543f7edf8925c004b919cfafec7d38650cde00eb4c72b750b98f6e56b73dc49c11152cbdd000b9b650315fe0881694d46345149eead078f421b6d44b61d117463f1bf11fc3fd193a7935ea49c517b3a1271cecab05d55bd0d412f7f876bfaa50716d278f6e5091c5495a91b47e57fba5508f0396ea2f7f821bd4a18e3033939008d1f67462304b1739f1e4c0e510264862f8edc6486b561b4f253dfcc568dd1c88c3db4d3568ac6e9dba94d3679cfd82a4d78ae2eabf09f6f0192734ccec6cb9cb1e6bbebd5d5ef536b,gx-no-cache=1687523890148 HTTP/1.1" 200 30
190.171.141.82 - - [23/Jun/2023:09:54:05 -0300] "POST /cormun/servlet/solicitudot?gx-no-cache=1687523890180 HTTP/1.1" 200 30
190.171.141.82 - - [23/Jun/2023:09:54:05 -0300] "POST /cormun/servlet/solicitudot?gx-no-cache=1687523890228 HTTP/1.1" 200 1468
190.171.141.82 - - [23/Jun/2023:09:54:05 -0300] "POST /cormun/servlet/solicitudot?gx-no-cache=1687523890272 HTTP/1.1" 200 41
190.171.141.82 - - [23/Jun/2023:09:54:05 -0300] "GET /cormun/servlet/solicitudot?1900aee131df20fa757ef7890f72127d8adf4e3fd0f37e5f187a8f51246ed4af65c0f82d825db624ec7627bff8ac2577103332266516abf65547ee15c3e1aabd6e55978d4aedd8936373430d8cf5b8b4ca1962315dd88ae14f748a306384c882d7fc15d0627559980598799ab3488605,gx-no-cache=1687523890299 HTTP/1.1" 200 110
190.171.141.82 - - [23/Jun/2023:09:54:27 -0300] "POST /cormun/servlet/solicitudot?gx-no-cache=1687523911894 HTTP/1.1" 200 79
190.171.141.82 - - [23/Jun/2023:09:54:32 -0300] "GET /cormun/servlet/solicitudot?1900aee131df20fa757ef7890f72127d107c53d45985cf30e9a1eb3c6db94f5ec03fb0f44a0df4426eb3da42211ed5e4,gx-no-cache=1687523917253 HTTP/1.1" 200 30
190.171.141.82 - - [23/Jun/2023:09:54:32 -0300] "POST /cormun/servlet/solicitudot?gx-no-cache=1687523917280 HTTP/1.1" 200 30
190.171.141.82 - - [23/Jun/2023:09:54:33 -0300] "POST /cormun/servlet/solicitudot?7ccc8f0e28cb54fc5a04302b1eaeb955,INS,0,0,false,,gx-no-cache=1687523917303 HTTP/1.1" 200 93
190.171.141.82 - - [23/Jun/2023:09:54:33 -0300] "GET /cormun/servlet/hpexe_return? HTTP/1.1" 200 1006
190.171.141.82 - - [23/Jun/2023:09:54:33 -0300] "GET /cormun/servlet/trsolicitudot HTTP/1.1" 200 9180
190.171.141.82 - - [23/Jun/2023:09:54:33 -0300] "GET /cormun/servlet/trsolicitudot HTTP/1.1" 200 9176
190.171.141.82 - - [23/Jun/2023:09:55:15 -0300] "POST /cormun/servlet/trsolicitudot?7ccc8f0e28cb54fc5a04302b1eaeb955,gx-no-cache=1687523959495 HTTP/1.1" 200 6114
190.171.141.82 - - [23/Jun/2023:09:55:15 -0300] "GET /cormun/static/Shared/jqueryui/images/ui-bg_highlight-soft_100_c6c2c8_1x100.png HTTP/1.1" 404 1117
190.171.141.82 - - [23/Jun/2023:09:55:15 -0300] "GET /cormun/static/Shared/jqueryui/images/ui-bg_flat_55_fafafa_40x100.png HTTP/1.1" 404 1097
190.171.141.82 - - [23/Jun/2023:09:55:15 -0300] "GET /cormun/static/Shared/jqueryui/images/ui-icons_8d78a5_256x240.png HTTP/1.1" 404 1089
190.171.141.82 - - [23/Jun/2023:09:55:15 -0300] "GET /cormun/static/Shared/jqueryui/images/ui-icons_82798d_256x240.png HTTP/1.1" 404 1089
190.171.141.82 - - [23/Jun/2023:09:55:15 -0300] "POST /cormun/servlet/trsolicitudot?7ccc8f0e28cb54fc5a04302b1eaeb955,gx-no-cache=1687523959745 HTTP/1.1" 200 6054
190.171.141.82 - - [23/Jun/2023:09:55:20 -0300] "POST /cormun/servlet/trsolicitudot?7ccc8f0e28cb54fc5a04302b1eaeb955,gx-no-cache=1687523965102 HTTP/1.1" 200 5813
190.171.141.82 - - [23/Jun/2023:09:55:20 -0300] "POST /cormun/servlet/trsolicitudot?7ccc8f0e28cb54fc5a04302b1eaeb955,gx-no-cache=1687523965318 HTTP/1.1" 200 5757
190.171.141.82 - - [23/Jun/2023:09:55:25 -0300] "POST /cormun/servlet/trsolicitudot?7ccc8f0e28cb54fc5a04302b1eaeb955,gx-no-cache=1687523969318 HTTP/1.1" 200 4581
190.171.141.82 - - [23/Jun/2023:09:55:25 -0300] "POST /cormun/servlet/trsolicitudot?7ccc8f0e28cb54fc5a04302b1eaeb955,gx-no-cache=1687523969542 HTTP/1.1" 200 4330
40.77.167.239 - - [23/Jun/2023:09:55:37 -0300] "GET /cormun/servlet/trlicenciaspermisosadjuntos?12055678,20230612000000,L,_escaped_fragment_%3D HTTP/1.1" 200 5343
190.171.149.74 - - [23/Jun/2023:09:55:59 -0300] "GET /cormun/servlet/hlogin HTTP/1.1" 200 1721
190.171.149.74 - - [23/Jun/2023:09:55:59 -0300] "GET /cormun/servlet/hlogin HTTP/1.1" 200 1730
190.171.149.74 - - [23/Jun/2023:09:56:04 -0300] "POST /cormun/servlet/hlogin?0dac91050a0b2e2458b3b0b36ea3cc36,gx-no-cache=1687524007674 HTTP/1.1" 200 90
190.171.149.74 - - [23/Jun/2023:09:56:04 -0300] "GET /cormun/servlet/hpexe_link HTTP/1.1" 200 952
190.171.149.74 - - [23/Jun/2023:09:56:04 -0300] "GET /cormun/servlet/hhome HTTP/1.1" 200 3979
190.171.149.74 - - [23/Jun/2023:09:56:05 -0300] "GET /cormun/servlet/hhome HTTP/1.1" 200 3975
190.171.149.74 - - [23/Jun/2023:09:56:06 -0300] "GET /cormun/servlet/trlicencias? HTTP/1.1" 200 12827
190.171.149.74 - - [23/Jun/2023:09:56:07 -0300] "GET /cormun/servlet/trlicencias? HTTP/1.1" 200 12825
192.168.10.96 - - [23/Jun/2023:09:57:17 -0300] "GET /cormun/servlet/vesolicitudgral?2023,20346,,SolicitudOTAdjuntos HTTP/1.1" 200 11032
192.168.10.96 - - [23/Jun/2023:09:57:18 -0300] "GET /cormun/servlet/vesolicitudgral?2023,20346,,SolicitudOTAdjuntos HTTP/1.1" 200 11027
192.168.10.96 - - [23/Jun/2023:09:57:18 -0300] "POST /cormun/servlet/acontrolpreferencessavestate?None,RRHH+DANIELA,true HTTP/1.1" 200 35
192.168.10.96 - - [23/Jun/2023:09:57:19 -0300] "GET /cormun/PublicTempStorage/afp1312244.pdf HTTP/1.1" 200 107468
192.168.10.96 - - [23/Jun/2023:09:57:28 -0300] "GET /cormun/servlet/vesolicitudgral?2023,20346,,SolicitudOTAdjuntos HTTP/1.1" 200 11031
192.168.10.96 - - [23/Jun/2023:09:57:28 -0300] "GET /cormun/servlet/vesolicitudgral?2023,20346,,SolicitudOTAdjuntos HTTP/1.1" 200 11028
192.168.10.96 - - [23/Jun/2023:09:57:29 -0300] "POST /cormun/servlet/acontrolpreferencessavestate?None,RRHH+DANIELA,true HTTP/1.1" 200 35
192.168.10.96 - - [23/Jun/2023:09:57:30 -0300] "GET /cormun/PublicTempStorage/fonasa5855378.pdf HTTP/1.1" 200 112296
190.171.152.138 - - [23/Jun/2023:09:57:37 -0300] "GET /cormun/servlet/hlogin HTTP/1.1" 200 1720
190.171.152.138 - - [23/Jun/2023:09:57:37 -0300] "GET /cormun/servlet/hlogin HTTP/1.1" 200 1731
192.168.10.96 - - [23/Jun/2023:09:57:47 -0300] "GET /cormun/servlet/vesolicitudgral?2023,20346,,SolicitudOTAdjuntos HTTP/1.1" 200 11031
192.168.10.96 - - [23/Jun/2023:09:57:48 -0300] "GET /cormun/servlet/vesolicitudgral?2023,20346,,SolicitudOTAdjuntos HTTP/1.1" 200 11027
192.168.10.96 - - [23/Jun/2023:09:57:48 -0300] "POST /cormun/servlet/acontrolpreferencessavestate?None,RRHH+DANIELA,true HTTP/1.1" 200 35
192.168.10.96 - - [23/Jun/2023:09:57:50 -0300] "GET /cormun/servlet/vesolicitudgral?2023,20346,,General HTTP/1.1" 200 8408
192.168.10.96 - - [23/Jun/2023:09:57:50 -0300] "GET /cormun/pexe_scrolldiv.js HTTP/1.1" 404 1009
192.168.10.96 - - [23/Jun/2023:09:57:50 -0300] "GET /cormun/servlet/vesolicitudgral?2023,20346,,General HTTP/1.1" 200 8408
190.171.152.138 - - [23/Jun/2023:09:57:52 -0300] "POST /cormun/servlet/hlogin?b8346834e6a4402de673a72e59a0859b,gx-no-cache=1687524116955 HTTP/1.1" 200 446
190.171.152.138 - - [23/Jun/2023:09:57:57 -0300] "POST /cormun/servlet/hlogin?b8346834e6a4402de673a72e59a0859b,gx-no-cache=1687524122643 HTTP/1.1" 200 90
190.171.152.138 - - [23/Jun/2023:09:57:57 -0300] "GET /cormun/servlet/hpexe_link HTTP/1.1" 200 951
190.171.152.138 - - [23/Jun/2023:09:57:57 -0300] "GET /cormun/servlet/hhome HTTP/1.1" 200 3856
190.171.152.138 - - [23/Jun/2023:09:57:58 -0300] "GET /cormun/servlet/hhome HTTP/1.1" 200 3852
190.171.152.138 - - [23/Jun/2023:09:58:05 -0300] "GET /cormun/servlet/trlicencias? HTTP/1.1" 200 11346
190.171.152.138 - - [23/Jun/2023:09:58:05 -0300] "GET /cormun/servlet/trlicencias? HTTP/1.1" 200 11345
190.171.141.82 - - [23/Jun/2023:09:58:16 -0300] "GET /cormun/servlet/solicitudot?INS,0,0,false, HTTP/1.1" 200 15862
190.171.141.82 - - [23/Jun/2023:09:58:17 -0300] "GET /cormun/servlet/solicitudot?INS,0,0,false, HTTP/1.1" 200 15869
190.171.141.82 - - [23/Jun/2023:09:58:30 -0300] "POST /cormun/servlet/solicitudot?gx-no-cache=1687524155059 HTTP/1.1" 200 4079
190.171.141.82 - - [23/Jun/2023:09:58:30 -0300] "POST /cormun/servlet/solicitudot?7ccc8f0e28cb54fc5a04302b1eaeb955,INS,0,0,false,,gx-no-cache=1687524155252 HTTP/1.1" 200 12622
190.171.141.82 - - [23/Jun/2023:09:58:52 -0300] "GET /cormun/servlet/solicitudot?1900aee131df20fa757ef7890f72127d4884ce8c81e70b278fa7ef80636033a539a16acc6a0b7c279e937f142d34ba94,gx-no-cache=1687524176808 HTTP/1.1" 200 30
190.171.141.82 - - [23/Jun/2023:09:59:10 -0300] "GET /cormun/servlet/solicitudot?1900aee131df20fa757ef7890f72127d62c0cfd8c554d78cf1905449bdb79f4d4a9ae5516e32e64c99d1ffa9a48f06a5f55d5e8102e58e1beeb23c5bcb9a1721,gx-no-cache=1687524194798 HTTP/1.1" 200 30
190.171.141.82 - - [23/Jun/2023:09:59:10 -0300] "GET /cormun/servlet/solicitudot?1900aee131df20fa757ef7890f72127df265b76314a8678e746f624fc9d71aaa,gx-no-cache=1687524194835 HTTP/1.1" 200 45
190.171.141.82 - - [23/Jun/2023:09:59:10 -0300] "POST /cormun/servlet/solicitudot?gx-no-cache=1687524194875 HTTP/1.1" 200 240
190.171.141.82 - - [23/Jun/2023:09:59:10 -0300] "GET /cormun/servlet/solicitudot?1900aee131df20fa757ef7890f72127dfa4b3e686e70278cfcea52318347749a7a563dda58140bda2d17978cb389b1415891d70cffcdeb18e47506c4df47c6635c0e6922eb9456454c23f7643629cfd3e142a495286c9b02e6ca21714f933fc8310a629f5bf8d6b9ad19dbdea80f35da97e40f5838c821641bbfcc232cc508a274d8e09b9bffd8fa159be33e7a5a49e3eeb7014b840f16161f390d80f484af56c59d4a39f562db2f2d9b950fae9b2392821bf7d828ef0543f7edf8925c004b919cfafec7d38650cde00eb4c72b750b98f6e56b73dc49c11152cbdd000b9b650315fe0881694d46345149eead078f421b6d44b61d117463f1bf11fc3fd193a7935ea49c517b3a1271cecab05d55bd0d410176a8c2e3d5a724ad047f802a4ca007a032f94647daf51fe9f788d8330fbfec792471f351447ccffc0595a4d95e9dcf0942038284788a097ae60dfdd856b303a5d3897a532c4ea3af2efd4d2ddf2d0cd38d95ead7c6b25943831bff460fe438e0c973c95aebb83794be0791aa75f28f,gx-no-cache=1687524194906 HTTP/1.1" 200 30
190.171.141.82 - - [23/Jun/2023:09:59:10 -0300] "POST /cormun/servlet/solicitudot?gx-no-cache=1687524194928 HTTP/1.1" 200 30
190.171.141.82 - - [23/Jun/2023:09:59:10 -0300] "POST /cormun/servlet/solicitudot?gx-no-cache=1687524194958 HTTP/1.1" 200 1468
190.171.141.82 - - [23/Jun/2023:09:59:10 -0300] "POST /cormun/servlet/solicitudot?gx-no-cache=1687524195000 HTTP/1.1" 200 38
190.171.141.82 - - [23/Jun/2023:09:59:59 -0300] "POST /cormun/servlet/solicitudot?gx-no-cache=1687524244135 HTTP/1.1" 200 30
190.171.149.74 - - [23/Jun/2023:10:00:44 -0300] "POST /cormun/servlet/trlicencias?0dac91050a0b2e2458b3b0b36ea3cc36,,gx-no-cache=1687524287541 HTTP/1.1" 200 10589
192.168.10.17 - - [23/Jun/2023:10:01:53 -0300] "POST /cormun/servlet/trsolicitudgral?f4d52c76b4a6b75989a453e48159438d,,gx-no-cache=1687524336483 HTTP/1.1" 200 5247
192.168.10.17 - - [23/Jun/2023:10:01:57 -0300] "POST /cormun/servlet/trsolicitudgral?f4d52c76b4a6b75989a453e48159438d,,gx-no-cache=1687524339799 HTTP/1.1" 200 6661
192.168.10.17 - - [23/Jun/2023:10:02:06 -0300] "GET /cormun/servlet/vesolicitudgral?2023,20098,, HTTP/1.1" 200 8386
192.168.10.17 - - [23/Jun/2023:10:02:06 -0300] "GET /cormun/pexe_scrolldiv.js HTTP/1.1" 404 1009
192.168.10.17 - - [23/Jun/2023:10:02:06 -0300] "GET /cormun/servlet/vesolicitudgral?2023,20098,, HTTP/1.1" 200 8385
192.168.10.17 - - [23/Jun/2023:10:02:13 -0300] "GET /cormun/servlet/trsolicitudgral? HTTP/1.1" 200 9709
192.168.10.17 - - [23/Jun/2023:10:02:14 -0300] "GET /cormun/servlet/trsolicitudgral? HTTP/1.1" 200 9708
192.168.10.17 - - [23/Jun/2023:10:02:21 -0300] "POST /cormun/servlet/trsolicitudgral?f4d52c76b4a6b75989a453e48159438d,,gx-no-cache=1687524361497 HTTP/1.1" 200 26606
192.168.10.17 - - [23/Jun/2023:10:02:25 -0300] "POST /cormun/servlet/trsolicitudgral?f4d52c76b4a6b75989a453e48159438d,,gx-no-cache=1687524367627 HTTP/1.1" 200 20131
190.171.141.82 - - [23/Jun/2023:10:02:40 -0300] "GET /cormun/servlet/prlicenciaspermisos?7909623,L,,MD,,gxPopupLevel%3D0%3B HTTP/1.1" 200 7147
190.171.141.82 - - [23/Jun/2023:10:02:40 -0300] "GET /cormun/static/gxcfg.js?2020121559567 HTTP/1.1" 200 953
190.171.141.82 - - [23/Jun/2023:10:02:40 -0300] "GET /cormun/static/prlicenciaspermisos.js?2020121559821 HTTP/1.1" 200 13379
190.171.141.82 - - [23/Jun/2023:10:02:45 -0300] "POST /cormun/servlet/solicitudot?gx-no-cache=1687524409885 HTTP/1.1" 200 1468
190.171.141.82 - - [23/Jun/2023:10:03:05 -0300] "POST /cormun/servlet/solicitudot?gx-no-cache=1687524429711 HTTP/1.1" 200 41
190.171.141.82 - - [23/Jun/2023:10:03:05 -0300] "GET /cormun/servlet/solicitudot?1900aee131df20fa757ef7890f72127d8adf4e3fd0f37e5f187a8f51246ed4af65c0f82d825db624ec7627bff8ac2577103332266516abf65547ee15c3e1aabd6e55978d4aedd8936373430d8cf5b8b4ca1962315dd88ae14f748a306384c882d7fc15d0627559980598799ab3488605,gx-no-cache=1687524429753 HTTP/1.1" 200 110
190.171.141.82 - - [23/Jun/2023:10:03:05 -0300] "POST /cormun/servlet/solicitudot?gx-no-cache=1687524429786 HTTP/1.1" 200 97
190.171.141.82 - - [23/Jun/2023:10:03:13 -0300] "GET /cormun/servlet/solicitudot?1900aee131df20fa757ef7890f72127d62c9940dc425f0a148e1616e2a4741c93bca05211460f9d69bd591f88e70c6c832def7e5c8c657b6f522ef0b818fe830dd11aa2ccf45acf8c70873cfcc4522e55e4bc2fb821ca850d0d27e1f8081db957ed97a21a19e67a9ef28130ff653a8bfb9630e556248c45a000aef136d997b1c898923ac5dc2d247c413426c93eef98fa404cb62a199e7dd5c8c0f0325f17573,gx-no-cache=1687524437622 HTTP/1.1" 200 29
190.171.141.82 - - [23/Jun/2023:10:03:13 -0300] "GET /cormun/static/menuarrow.gif HTTP/1.1" 404 1015
190.171.141.82 - - [23/Jun/2023:10:03:17 -0300] "GET /cormun/servlet/solicitudot?1900aee131df20fa757ef7890f72127d107c53d45985cf30e9a1eb3c6db94f5ea9423332cbb172d7d745829bc0d4230c,gx-no-cache=1687524441974 HTTP/1.1" 200 30
190.171.141.82 - - [23/Jun/2023:10:03:17 -0300] "POST /cormun/servlet/solicitudot?gx-no-cache=1687524442046 HTTP/1.1" 200 34
190.171.141.82 - - [23/Jun/2023:10:04:07 -0300] "POST /cormun/servlet/solicitudot?7ccc8f0e28cb54fc5a04302b1eaeb955,INS,0,0,false,,gx-no-cache=1687524492024 HTTP/1.1" 200 93
190.171.141.82 - - [23/Jun/2023:10:04:07 -0300] "GET /cormun/servlet/hpexe_return? HTTP/1.1" 200 1027
190.171.141.82 - - [23/Jun/2023:10:04:08 -0300] "GET /cormun/servlet/trsolicitudot?gx-no-cache=1687523969542 HTTP/1.1" 200 8621
190.171.141.82 - - [23/Jun/2023:10:04:08 -0300] "GET /cormun/servlet/trsolicitudot?gx-no-cache=1687523969542 HTTP/1.1" 200 8640
201.186.225.183 - - [23/Jun/2023:10:04:26 -0300] "GET /cormun/servlet/trlicencias? HTTP/1.1" 200 7859
201.186.225.183 - - [23/Jun/2023:10:04:26 -0300] "GET /cormun/servlet/hlogin HTTP/1.1" 200 1736
201.186.225.183 - - [23/Jun/2023:10:04:26 -0300] "GET /cormun/servlet/trlicencias? HTTP/1.1" 200 7861
201.186.225.183 - - [23/Jun/2023:10:04:32 -0300] "POST /cormun/servlet/hlogin?8ca1a8df2ba5242922e35e67520e7d7f,gx-no-cache=1687524517364 HTTP/1.1" 200 90
201.186.225.183 - - [23/Jun/2023:10:04:32 -0300] "GET /cormun/servlet/hpexe_link HTTP/1.1" 200 955
201.186.225.183 - - [23/Jun/2023:10:04:32 -0300] "GET /cormun/servlet/trlicencias HTTP/1.1" 200 15801
201.186.225.183 - - [23/Jun/2023:10:04:33 -0300] "GET /cormun/servlet/trlicencias HTTP/1.1" 200 15816
190.171.142.26 - - [23/Jun/2023:10:04:34 -0300] "GET /cormun/servlet/hlogin HTTP/1.1" 200 1722
201.186.225.183 - - [23/Jun/2023:10:04:35 -0300] "GET /cormun/static/menuarrow.gif HTTP/1.1" 404 1015
190.171.141.82 - - [23/Jun/2023:10:04:38 -0300] "GET /cormun/servlet/solicitudot?INS,0,0,false, HTTP/1.1" 200 15883
190.171.141.82 - - [23/Jun/2023:10:04:38 -0300] "GET /cormun/servlet/solicitudot?INS,0,0,false, HTTP/1.1" 200 15869
201.186.225.183 - - [23/Jun/2023:10:04:42 -0300] "POST /cormun/servlet/trlicencias?8ca1a8df2ba5242922e35e67520e7d7f,gx-no-cache=1687524526422 HTTP/1.1" 200 18102
190.171.142.26 - - [23/Jun/2023:10:04:42 -0300] "POST /cormun/servlet/hlogin?1dbd3a18e786888e337d9547abd4ad78,gx-no-cache=1687524526809 HTTP/1.1" 200 426
201.186.225.183 - - [23/Jun/2023:10:04:44 -0300] "POST /cormun/servlet/trlicencias?8ca1a8df2ba5242922e35e67520e7d7f,gx-no-cache=1687524528118 HTTP/1.1" 200 101
201.186.225.183 - - [23/Jun/2023:10:04:44 -0300] "GET /cormun/Licencias-3038.xls HTTP/1.1" 200 51200
190.171.142.26 - - [23/Jun/2023:10:04:49 -0300] "POST /cormun/servlet/hlogin?1dbd3a18e786888e337d9547abd4ad78,gx-no-cache=1687524534359 HTTP/1.1" 200 90
190.171.142.26 - - [23/Jun/2023:10:04:50 -0300] "GET /cormun/servlet/hpexe_link HTTP/1.1" 200 956
190.171.142.26 - - [23/Jun/2023:10:04:50 -0300] "GET /cormun/servlet/trlicencias HTTP/1.1" 200 14896
190.171.142.26 - - [23/Jun/2023:10:04:50 -0300] "GET /cormun/servlet/trlicencias HTTP/1.1" 200 14880
190.171.141.82 - - [23/Jun/2023:10:04:51 -0300] "POST /cormun/servlet/solicitudot?gx-no-cache=1687524535328 HTTP/1.1" 200 4079
190.171.141.82 - - [23/Jun/2023:10:04:51 -0300] "POST /cormun/servlet/solicitudot?7ccc8f0e28cb54fc5a04302b1eaeb955,INS,0,0,false,,gx-no-cache=1687524535889 HTTP/1.1" 200 12645
190.171.142.26 - - [23/Jun/2023:10:04:54 -0300] "GET /cormun/servlet/trpermisosgoce? HTTP/1.1" 200 18187
190.171.142.26 - - [23/Jun/2023:10:04:54 -0300] "GET /cormun/servlet/trpermisosgoce? HTTP/1.1" 200 18187
190.171.141.82 - - [23/Jun/2023:10:05:15 -0300] "GET /cormun/servlet/solicitudot?1900aee131df20fa757ef7890f72127d4884ce8c81e70b278fa7ef80636033a539a16acc6a0b7c279e937f142d34ba94,gx-no-cache=1687524560039 HTTP/1.1" 200 30
190.171.141.82 - - [23/Jun/2023:10:05:55 -0300] "GET /cormun/servlet/solicitudot?1900aee131df20fa757ef7890f72127d62c0cfd8c554d78cf1905449bdb79f4d4a9ae5516e32e64c99d1ffa9a48f06a5f55d5e8102e58e1beeb23c5bcb9a1721,gx-no-cache=1687524568349 HTTP/1.1" 200 30
190.171.141.82 - - [23/Jun/2023:10:05:55 -0300] "GET /cormun/servlet/solicitudot?1900aee131df20fa757ef7890f72127df265b76314a8678e746f624fc9d71aaa,gx-no-cache=1687524600001 HTTP/1.1" 200 45
190.171.141.82 - - [23/Jun/2023:10:05:55 -0300] "POST /cormun/servlet/solicitudot?gx-no-cache=1687524600073 HTTP/1.1" 200 240
190.171.141.82 - - [23/Jun/2023:10:05:55 -0300] "GET /cormun/servlet/solicitudot?1900aee131df20fa757ef7890f72127dfa4b3e686e70278cfcea52318347749a7a563dda58140bda2d17978cb389b1415891d70cffcdeb18e47506c4df47c6635c0e6922eb9456454c23f7643629cfd3e142a495286c9b02e6ca21714f933fc8310a629f5bf8d6b9ad19dbdea80f35da97e40f5838c821641bbfcc232cc508a274d8e09b9bffd8fa159be33e7a5a49e3eeb7014b840f16161f390d80f484af56c59d4a39f562db2f2d9b950fae9b2392821bf7d828ef0543f7edf8925c004b919cfafec7d38650cde00eb4c72b750b98f6e56b73dc49c11152cbdd000b9b650315fe0881694d46345149eead078f421b6d44b61d117463f1bf11fc3fd193a7935ea49c517b3a1271cecab05d55bd0d410176a8c2e3d5a724ad047f802a4ca007a032f94647daf51fe9f788d8330fbfec792471f351447ccffc0595a4d95e9dcf0942038284788a097ae60dfdd856b303a5d3897a532c4ea3af2efd4d2ddf2d0cd38d95ead7c6b25943831bff460fe438e0c973c95aebb83794be0791aa75f28f,gx-no-cache=1687524600125 HTTP/1.1" 200 30
190.171.142.26 - - [23/Jun/2023:10:05:55 -0300] "POST /cormun/servlet/trpermisosgoce?1dbd3a18e786888e337d9547abd4ad78,,gx-no-cache=1687524564685 HTTP/1.1" 200 8177
190.171.141.82 - - [23/Jun/2023:10:05:55 -0300] "GET /cormun/servlet/solicitudot?INS,0,0,false, HTTP/1.1" 200 15884
190.171.141.82 - - [23/Jun/2023:10:05:55 -0300] "POST /cormun/servlet/solicitudot?gx-no-cache=1687524600266 HTTP/1.1" 200 30
190.171.141.82 - - [23/Jun/2023:10:05:56 -0300] "POST /cormun/servlet/solicitudot?gx-no-cache=1687524600300 HTTP/1.1" 200 1468
190.171.141.82 - - [23/Jun/2023:10:05:56 -0300] "POST /cormun/servlet/solicitudot?gx-no-cache=1687524600631 HTTP/1.1" 200 38
190.171.141.82 - - [23/Jun/2023:10:05:56 -0300] "GET /cormun/servlet/solicitudot?INS,0,0,false, HTTP/1.1" 200 15869
190.171.141.82 - - [23/Jun/2023:10:05:56 -0300] "GET /favicon.ico HTTP/1.1" 200 21630
192.168.10.17 - - [23/Jun/2023:10:06:03 -0300] "POST /cormun/servlet/trsolicitudgral?f4d52c76b4a6b75989a453e48159438d,,gx-no-cache=1687524585760 HTTP/1.1" 200 5261
190.171.141.82 - - [23/Jun/2023:10:06:07 -0300] "POST /cormun/servlet/solicitudot?gx-no-cache=1687524611385 HTTP/1.1" 200 4079
190.171.141.82 - - [23/Jun/2023:10:06:07 -0300] "POST /cormun/servlet/solicitudot?7ccc8f0e28cb54fc5a04302b1eaeb955,INS,0,0,false,,gx-no-cache=1687524611570 HTTP/1.1" 200 12645
190.171.141.82 - - [23/Jun/2023:10:06:09 -0300] "GET /cormun/servlet/solicitudot?1900aee131df20fa757ef7890f72127d4884ce8c81e70b278fa7ef80636033a539a16acc6a0b7c279e937f142d34ba94,gx-no-cache=1687524613671 HTTP/1.1" 200 30
190.171.141.82 - - [23/Jun/2023:10:06:15 -0300] "GET /cormun/servlet/solicitudot?1900aee131df20fa757ef7890f72127d62c0cfd8c554d78cf1905449bdb79f4d4a9ae5516e32e64c99d1ffa9a48f06a5f55d5e8102e58e1beeb23c5bcb9a1721,gx-no-cache=1687524619946 HTTP/1.1" 200 30
190.171.141.82 - - [23/Jun/2023:10:06:15 -0300] "GET /cormun/servlet/solicitudot?1900aee131df20fa757ef7890f72127df265b76314a8678e746f624fc9d71aaa,gx-no-cache=1687524619981 HTTP/1.1" 200 45
190.171.141.82 - - [23/Jun/2023:10:06:15 -0300] "POST /cormun/servlet/solicitudot?gx-no-cache=1687524620016 HTTP/1.1" 200 240
190.171.141.82 - - [23/Jun/2023:10:06:15 -0300] "GET /cormun/servlet/solicitudot?1900aee131df20fa757ef7890f72127dfa4b3e686e70278cfcea52318347749a7a563dda58140bda2d17978cb389b1415891d70cffcdeb18e47506c4df47c6635c0e6922eb9456454c23f7643629cfd3e142a495286c9b02e6ca21714f933fc8310a629f5bf8d6b9ad19dbdea80f35da97e40f5838c821641bbfcc232cc508a274d8e09b9bffd8fa159be33e7a5a49e3eeb7014b840f16161f390d80f484af56c59d4a39f562db2f2d9b950fae9b2392821bf7d828ef0543f7edf8925c004b919cfafec7d38650cde00eb4c72b750b98f6e56b73dc49c11152cbdd000b9b650315fe0881694d46345149eead078f421b6d44b61d117463f1bf11fc3fd193a7935ea49c517b3a1271cecab05d55bd0d410176a8c2e3d5a724ad047f802a4ca007a032f94647daf51fe9f788d8330fbfec792471f351447ccffc0595a4d95e9dcf0942038284788a097ae60dfdd856b303a5d3897a532c4ea3af2efd4d2ddf2d0cd38d95ead7c6b25943831bff460fe438e0c973c95aebb83794be0791aa75f28f,gx-no-cache=1687524620063 HTTP/1.1" 200 30
190.171.141.82 - - [23/Jun/2023:10:06:17 -0300] "POST /cormun/servlet/solicitudot?gx-no-cache=1687524622127 HTTP/1.1" 200 30
190.171.141.82 - - [23/Jun/2023:10:06:20 -0300] "POST /cormun/servlet/solicitudot?gx-no-cache=1687524625086 HTTP/1.1" 200 30
190.171.141.82 - - [23/Jun/2023:10:06:34 -0300] "GET /cormun/servlet/prlicenciaspermisos?7909623,L,,MD,,gxPopupLevel%3D0%3B HTTP/1.1" 200 7147
190.171.141.82 - - [23/Jun/2023:10:06:38 -0300] "POST /cormun/servlet/solicitudot?gx-no-cache=1687524642484 HTTP/1.1" 200 1468
190.171.141.82 - - [23/Jun/2023:10:06:40 -0300] "POST /cormun/servlet/solicitudot?gx-no-cache=1687524644657 HTTP/1.1" 200 41
190.171.141.82 - - [23/Jun/2023:10:07:00 -0300] "GET /cormun/servlet/solicitudot?1900aee131df20fa757ef7890f72127d8adf4e3fd0f37e5f187a8f51246ed4af65c0f82d825db624ec7627bff8ac2577103332266516abf65547ee15c3e1aabd6e55978d4aedd8936373430d8cf5b8b4ca1962315dd88ae14f748a306384c882d7fc15d0627559980598799ab3488605,gx-no-cache=1687524664762 HTTP/1.1" 200 110
190.171.141.82 - - [23/Jun/2023:10:07:00 -0300] "POST /cormun/servlet/solicitudot?gx-no-cache=1687524664801 HTTP/1.1" 200 97
190.171.141.82 - - [23/Jun/2023:10:07:07 -0300] "GET /cormun/servlet/solicitudot?1900aee131df20fa757ef7890f72127d62c9940dc425f0a148e1616e2a4741c93bca05211460f9d69bd591f88e70c6c832def7e5c8c657b6f522ef0b818fe830dd11aa2ccf45acf8c70873cfcc4522e55e4bc2fb821ca850d0d27e1f8081db957ed97a21a19e67a9ef28130ff653a8bfb9630e556248c45a000aef136d997b1c898923ac5dc2d247c413426c93eef98fa404cb62a199e7dd5c8c0f0325f17573,gx-no-cache=1687524672182 HTTP/1.1" 200 29
190.171.141.82 - - [23/Jun/2023:10:07:07 -0300] "GET /cormun/static/menuarrow.gif HTTP/1.1" 404 1015
190.171.141.82 - - [23/Jun/2023:10:07:11 -0300] "GET /cormun/servlet/solicitudot?1900aee131df20fa757ef7890f72127d107c53d45985cf30e9a1eb3c6db94f5ea9423332cbb172d7d745829bc0d4230c,gx-no-cache=1687524676189 HTTP/1.1" 200 30
190.171.141.82 - - [23/Jun/2023:10:07:11 -0300] "POST /cormun/servlet/solicitudot?gx-no-cache=1687524676220 HTTP/1.1" 200 34
190.171.142.26 - - [23/Jun/2023:10:07:14 -0300] "POST /cormun/servlet/trpermisosgoce?1dbd3a18e786888e337d9547abd4ad78,,gx-no-cache=1687524678435 HTTP/1.1" 200 8177
190.171.142.26 - - [23/Jun/2023:10:07:19 -0300] "POST /cormun/servlet/trpermisosgoce?1dbd3a18e786888e337d9547abd4ad78,,gx-no-cache=1687524683282 HTTP/1.1" 200 15584
190.171.142.26 - - [23/Jun/2023:10:07:29 -0300] "GET /cormun/servlet/permisogoce?UPD,13947002,P,20230617163225, HTTP/1.1" 200 6906
190.171.142.26 - - [23/Jun/2023:10:07:29 -0300] "GET /cormun/servlet/permisogoce?UPD,13947002,P,20230617163225, HTTP/1.1" 200 6906
190.171.142.26 - - [23/Jun/2023:10:07:30 -0300] "GET /cormun/servlet/permisogoce?9d29c04748a940aaf4e2af2693617c210b60f3eebc30d03d2ea2e5af47ddf386bed47c488600b31cf7db44e45877230a337ae8ffcbba5312b2f306869e79c1c9,gx-no-cache=1687524694373 HTTP/1.1" 200 82
190.171.142.26 - - [23/Jun/2023:10:07:43 -0300] "GET /cormun/servlet/permisogoce?9d29c04748a940aaf4e2af2693617c21be74e50a63c0e0a611772956f329430d299b7f2eafc93cd047c6daa81d571b0f067b510dc24ebe73f90bebf5bd6b6426,gx-no-cache=1687524708193 HTTP/1.1" 200 124
190.171.142.26 - - [23/Jun/2023:10:07:43 -0300] "GET /cormun/static/Shared/jqueryui/images/ui-bg_highlight-soft_100_c6c2c8_1x100.png HTTP/1.1" 404 1117
190.171.142.26 - - [23/Jun/2023:10:07:43 -0300] "GET /cormun/static/Shared/jqueryui/images/ui-icons_82798d_256x240.png HTTP/1.1" 404 1089
190.171.142.26 - - [23/Jun/2023:10:07:43 -0300] "GET /cormun/static/Shared/jqueryui/images/ui-bg_flat_55_994d53_40x100.png HTTP/1.1" 404 1097
190.171.142.26 - - [23/Jun/2023:10:07:43 -0300] "GET /cormun/static/Shared/jqueryui/images/ui-icons_ebccce_256x240.png HTTP/1.1" 404 1089
190.171.142.26 - - [23/Jun/2023:10:07:43 -0300] "POST /cormun/servlet/permisogoce?1dbd3a18e786888e337d9547abd4ad78,UPD,13947002,P,20230617163225,,gx-no-cache=1687524708229 HTTP/1.1" 200 4470
190.171.141.82 - - [23/Jun/2023:10:07:50 -0300] "POST /cormun/servlet/solicitudot?7ccc8f0e28cb54fc5a04302b1eaeb955,INS,0,0,false,,gx-no-cache=1687524714728 HTTP/1.1" 200 93
190.171.141.82 - - [23/Jun/2023:10:07:50 -0300] "GET /cormun/servlet/hpexe_return? HTTP/1.1" 200 1027
190.171.141.82 - - [23/Jun/2023:10:07:50 -0300] "GET /cormun/servlet/trsolicitudot?gx-no-cache=1687523969542 HTTP/1.1" 200 8919
190.171.141.82 - - [23/Jun/2023:10:07:51 -0300] "GET /cormun/servlet/trsolicitudot?gx-no-cache=1687523969542 HTTP/1.1" 200 8938
190.171.141.82 - - [23/Jun/2023:10:08:01 -0300] "POST /cormun/servlet/trsolicitudot?7ccc8f0e28cb54fc5a04302b1eaeb955,gx-no-cache=1687523969542,gx-no-cache=1687524725809 HTTP/1.1" 200 109
190.171.141.82 - - [23/Jun/2023:10:08:01 -0300] "GET /cormun/servlet/solicitudot?UPD,2023,20392,false, HTTP/1.1" 200 16590
190.171.141.82 - - [23/Jun/2023:10:08:02 -0300] "GET /cormun/servlet/solicitudot?UPD,2023,20392,false, HTTP/1.1" 200 16579
190.171.141.82 - - [23/Jun/2023:10:08:02 -0300] "POST /cormun/servlet/solicitudot?gx-no-cache=1687524727097 HTTP/1.1" 200 4066
190.171.141.82 - - [23/Jun/2023:10:08:02 -0300] "POST /cormun/servlet/solicitudot?7ccc8f0e28cb54fc5a04302b1eaeb955,UPD,2023,20392,false,,gx-no-cache=1687524727220 HTTP/1.1" 200 12736
190.171.141.82 - - [23/Jun/2023:10:08:02 -0300] "GET /cormun/servlet/solicitudot?1900aee131df20fa757ef7890f72127d4884ce8c81e70b278fa7ef80636033a5726c391a0253251327d2a9af57fa085f,gx-no-cache=1687524727388 HTTP/1.1" 200 30
190.171.141.82 - - [23/Jun/2023:10:08:02 -0300] "GET /cormun/servlet/solicitudot?1900aee131df20fa757ef7890f72127d62c0cfd8c554d78cf1905449bdb79f4d4a9ae5516e32e64c99d1ffa9a48f06a5754664dfb699a6478024099aae27d547,gx-no-cache=1687524727414 HTTP/1.1" 200 30
190.171.141.82 - - [23/Jun/2023:10:08:02 -0300] "GET /cormun/servlet/solicitudot?1900aee131df20fa757ef7890f72127dc94012d783b7208a6f24b0b2decb65b469b41d0c154b0ebb9896153a166aae17,gx-no-cache=1687524727433 HTTP/1.1" 200 45
190.171.141.82 - - [23/Jun/2023:10:08:03 -0300] "POST /cormun/servlet/solicitudot?gx-no-cache=1687524727454 HTTP/1.1" 200 240
190.171.141.82 - - [23/Jun/2023:10:08:03 -0300] "GET /cormun/servlet/solicitudot?1900aee131df20fa757ef7890f72127dfa4b3e686e70278cfcea52318347749a7a563dda58140bda2d17978cb389b1415891d70cffcdeb18e47506c4df47c6635c0e6922eb9456454c23f7643629cfd3e142a495286c9b02e6ca21714f933fc8310a629f5bf8d6b9ad19dbdea80f35da97e40f5838c821641bbfcc232cc508a274d8e09b9bffd8fa159be33e7a5a49e3eeb7014b840f16161f390d80f484af56c59d4a39f562db2f2d9b950fae9b2392821bf7d828ef0543f7edf8925c004b919cfafec7d38650cde00eb4c72b750b98f6e56b73dc49c11152cbdd000b9b650315fe0881694d46345149eead078f421b6d44b61d117463f1bf11fc3fd193a7935ea49c517b3a1271cecab05d55bd0d410176a8c2e3d5a724ad047f802a4ca007a032f94647daf51fe9f788d8330fbfec792471f351447ccffc0595a4d95e9dcf0942038284788a097ae60dfdd856b303a5d3897a532c4ea3af2efd4d2ddf2d0cd38d95ead7c6b25943831bff460fe43824fc5dc9083b9d98d769969f01cbfee7,gx-no-cache=1687524727481 HTTP/1.1" 200 30
190.171.141.82 - - [23/Jun/2023:10:08:03 -0300] "POST /cormun/servlet/solicitudot?gx-no-cache=1687524727502 HTTP/1.1" 200 30
190.171.141.82 - - [23/Jun/2023:10:08:03 -0300] "POST /cormun/servlet/solicitudot?gx-no-cache=1687524727526 HTTP/1.1" 200 1468
190.171.141.82 - - [23/Jun/2023:10:08:03 -0300] "POST /cormun/servlet/solicitudot?gx-no-cache=1687524727622 HTTP/1.1" 200 41
190.171.142.26 - - [23/Jun/2023:10:08:10 -0300] "GET /cormun/servlet/permisogoce?9d29c04748a940aaf4e2af2693617c21be74e50a63c0e0a611772956f329430d299b7f2eafc93cd047c6daa81d571b0fe5c4749ef56d8e3299b1254ada656852,gx-no-cache=1687524735317 HTTP/1.1" 200 124
190.171.142.26 - - [23/Jun/2023:10:08:13 -0300] "POST /cormun/servlet/permisogoce?1dbd3a18e786888e337d9547abd4ad78,UPD,13947002,P,20230617163225,,gx-no-cache=1687524738227 HTTP/1.1" 200 4470
190.171.142.26 - - [23/Jun/2023:10:08:14 -0300] "POST /cormun/servlet/permisogoce?1dbd3a18e786888e337d9547abd4ad78,UPD,13947002,P,20230617163225,,gx-no-cache=1687524739369 HTTP/1.1" 200 93
190.171.142.26 - - [23/Jun/2023:10:08:14 -0300] "GET /cormun/servlet/hpexe_return? HTTP/1.1" 200 1028
190.171.142.26 - - [23/Jun/2023:10:08:15 -0300] "GET /cormun/servlet/trpermisosgoce? HTTP/1.1" 200 18192
190.171.142.26 - - [23/Jun/2023:10:08:15 -0300] "GET /cormun/servlet/trpermisosgoce? HTTP/1.1" 200 18187
190.171.141.82 - - [23/Jun/2023:10:08:19 -0300] "GET /cormun/servlet/solicitudot?1900aee131df20fa757ef7890f72127d8adf4e3fd0f37e5f187a8f51246ed4af65c0f82d825db624ec7627bff8ac2577103332266516abf65547ee15c3e1aabd6e55978d4aedd8936373430d8cf5b8b4ca1962315dd88ae14f748a306384c882d7fc15d0627559980598799ab3488605,gx-no-cache=1687524743462 HTTP/1.1" 200 110
190.171.141.82 - - [23/Jun/2023:10:08:19 -0300] "POST /cormun/servlet/solicitudot?gx-no-cache=1687524743495 HTTP/1.1" 200 97
190.171.141.82 - - [23/Jun/2023:10:08:19 -0300] "GET /cormun/servlet/solicitudot?1900aee131df20fa757ef7890f72127dfef282f86262258c6a8b2ae92b1a52da7f7e197f909e42d82cde9f7671b091dce86ba87ea2b1a5b26773dbe6e5ddeb8b081329bfbb53c31706dd9f155ba2f331b1ead6d81366751e33be91794a55fe70b4bbe95622deae05a3d2fbece5e46703208761294fe721244533ac9bd93701bcaa665406340f8c05973680bb2fc389f6572971acb300281f5c1c0a0cb8e258eb,gx-no-cache=1687524743521 HTTP/1.1" 200 29
190.171.141.82 - - [23/Jun/2023:10:08:19 -0300] "GET /cormun/servlet/solicitudot?1900aee131df20fa757ef7890f72127d107c53d45985cf30e9a1eb3c6db94f5ea9423332cbb172d7d745829bc0d4230c,gx-no-cache=1687524743569 HTTP/1.1" 200 30
190.171.141.82 - - [23/Jun/2023:10:08:19 -0300] "POST /cormun/servlet/solicitudot?gx-no-cache=1687524743596 HTTP/1.1" 200 34
190.171.141.82 - - [23/Jun/2023:10:08:19 -0300] "POST /cormun/servlet/solicitudot?7ccc8f0e28cb54fc5a04302b1eaeb955,UPD,2023,20392,false,,gx-no-cache=1687524743630 HTTP/1.1" 200 93
190.171.141.82 - - [23/Jun/2023:10:08:19 -0300] "GET /cormun/servlet/hpexe_return? HTTP/1.1" 200 1031
190.171.141.82 - - [23/Jun/2023:10:08:19 -0300] "GET /cormun/servlet/trsolicitudot?gx-no-cache=1687523969542 HTTP/1.1" 200 8942
190.171.141.82 - - [23/Jun/2023:10:08:19 -0300] "GET /cormun/servlet/trsolicitudot?gx-no-cache=1687523969542 HTTP/1.1" 200 8961
190.171.141.82 - - [23/Jun/2023:10:08:22 -0300] "POST /cormun/servlet/trsolicitudot?7ccc8f0e28cb54fc5a04302b1eaeb955,gx-no-cache=1687523969542,gx-no-cache=1687524747431 HTTP/1.1" 200 109
190.171.141.82 - - [23/Jun/2023:10:08:23 -0300] "GET /cormun/servlet/solicitudot?UPD,2023,20393,false, HTTP/1.1" 200 16582
190.171.141.82 - - [23/Jun/2023:10:08:23 -0300] "GET /cormun/servlet/solicitudot?UPD,2023,20393,false, HTTP/1.1" 200 16571
190.171.141.82 - - [23/Jun/2023:10:08:24 -0300] "POST /cormun/servlet/solicitudot?gx-no-cache=1687524748381 HTTP/1.1" 200 4066
190.171.141.82 - - [23/Jun/2023:10:08:24 -0300] "POST /cormun/servlet/solicitudot?7ccc8f0e28cb54fc5a04302b1eaeb955,UPD,2023,20393,false,,gx-no-cache=1687524748502 HTTP/1.1" 200 12728
190.171.141.82 - - [23/Jun/2023:10:08:24 -0300] "GET /cormun/servlet/solicitudot?1900aee131df20fa757ef7890f72127d4884ce8c81e70b278fa7ef80636033a5726c391a0253251327d2a9af57fa085f,gx-no-cache=1687524748657 HTTP/1.1" 200 30
190.171.141.82 - - [23/Jun/2023:10:08:24 -0300] "GET /cormun/servlet/solicitudot?1900aee131df20fa757ef7890f72127d62c0cfd8c554d78cf1905449bdb79f4d4a9ae5516e32e64c99d1ffa9a48f06a5754664dfb699a6478024099aae27d547,gx-no-cache=1687524748685 HTTP/1.1" 200 30
190.171.141.82 - - [23/Jun/2023:10:08:24 -0300] "GET /cormun/servlet/solicitudot?1900aee131df20fa757ef7890f72127dc94012d783b7208a6f24b0b2decb65b469b41d0c154b0ebb9896153a166aae17,gx-no-cache=1687524748703 HTTP/1.1" 200 45
190.171.141.82 - - [23/Jun/2023:10:08:24 -0300] "POST /cormun/servlet/solicitudot?gx-no-cache=1687524748724 HTTP/1.1" 200 240
190.171.141.82 - - [23/Jun/2023:10:08:24 -0300] "GET /cormun/servlet/solicitudot?1900aee131df20fa757ef7890f72127dfa4b3e686e70278cfcea52318347749a7a563dda58140bda2d17978cb389b1415891d70cffcdeb18e47506c4df47c6635c0e6922eb9456454c23f7643629cfd3e142a495286c9b02e6ca21714f933fc8310a629f5bf8d6b9ad19dbdea80f35da97e40f5838c821641bbfcc232cc508a274d8e09b9bffd8fa159be33e7a5a49e3eeb7014b840f16161f390d80f484af56c59d4a39f562db2f2d9b950fae9b2392821bf7d828ef0543f7edf8925c004b919cfafec7d38650cde00eb4c72b750b98f6e56b73dc49c11152cbdd000b9b650315fe0881694d46345149eead078f421b6d44b61d117463f1bf11fc3fd193a7935ea49c517b3a1271cecab05d55bd0d410176a8c2e3d5a724ad047f802a4ca007a032f94647daf51fe9f788d8330fbfec792471f351447ccffc0595a4d95e9dcf0942038284788a097ae60dfdd856b303a5d3897a532c4ea3af2efd4d2ddf2d0cd38d95ead7c6b25943831bff460fe43824fc5dc9083b9d98d769969f01cbfee7,gx-no-cache=1687524748750 HTTP/1.1" 200 30
190.171.141.82 - - [23/Jun/2023:10:08:24 -0300] "POST /cormun/servlet/solicitudot?gx-no-cache=1687524748770 HTTP/1.1" 200 30
190.171.141.82 - - [23/Jun/2023:10:08:24 -0300] "POST /cormun/servlet/solicitudot?gx-no-cache=1687524748795 HTTP/1.1" 200 1468
190.171.141.82 - - [23/Jun/2023:10:08:24 -0300] "POST /cormun/servlet/solicitudot?gx-no-cache=1687524749179 HTTP/1.1" 200 41
190.171.142.26 - - [23/Jun/2023:10:08:31 -0300] "POST /cormun/servlet/trpermisosgoce?1dbd3a18e786888e337d9547abd4ad78,,gx-no-cache=1687524755905 HTTP/1.1" 200 15578
190.171.141.82 - - [23/Jun/2023:10:08:37 -0300] "GET /cormun/servlet/solicitudot?1900aee131df20fa757ef7890f72127d8adf4e3fd0f37e5f187a8f51246ed4af65c0f82d825db624ec7627bff8ac2577103332266516abf65547ee15c3e1aabd6e55978d4aedd8936373430d8cf5b8b4ca1962315dd88ae14f748a306384c882d7fc15d0627559980598799ab3488605,gx-no-cache=1687524761614 HTTP/1.1" 200 110
190.171.141.82 - - [23/Jun/2023:10:08:37 -0300] "POST /cormun/servlet/solicitudot?gx-no-cache=1687524761655 HTTP/1.1" 200 97
190.171.141.82 - - [23/Jun/2023:10:08:37 -0300] "GET /cormun/servlet/solicitudot?1900aee131df20fa757ef7890f72127dfef282f86262258c6a8b2ae92b1a52da7f7e197f909e42d82cde9f7671b091dce86ba87ea2b1a5b26773dbe6e5ddeb8b081329bfbb53c31706dd9f155ba2f331b1ead6d81366751e33be91794a55fe70b4bbe95622deae05a3d2fbece5e46703208761294fe721244533ac9bd93701bcaa665406340f8c05973680bb2fc389f6572971acb300281f5c1c0a0cb8e258eb,gx-no-cache=1687524761685 HTTP/1.1" 200 29
190.171.141.82 - - [23/Jun/2023:10:08:37 -0300] "GET /cormun/servlet/solicitudot?1900aee131df20fa757ef7890f72127d107c53d45985cf30e9a1eb3c6db94f5ea9423332cbb172d7d745829bc0d4230c,gx-no-cache=1687524761708 HTTP/1.1" 200 30
190.171.141.82 - - [23/Jun/2023:10:08:37 -0300] "POST /cormun/servlet/solicitudot?gx-no-cache=1687524761732 HTTP/1.1" 200 34
190.171.141.82 - - [23/Jun/2023:10:08:37 -0300] "POST /cormun/servlet/solicitudot?7ccc8f0e28cb54fc5a04302b1eaeb955,UPD,2023,20393,false,,gx-no-cache=1687524761757 HTTP/1.1" 200 93
190.171.141.82 - - [23/Jun/2023:10:08:37 -0300] "GET /cormun/servlet/hpexe_return? HTTP/1.1" 200 1032
190.171.141.82 - - [23/Jun/2023:10:08:37 -0300] "GET /cormun/servlet/trsolicitudot?gx-no-cache=1687523969542 HTTP/1.1" 200 8919
190.171.141.82 - - [23/Jun/2023:10:08:38 -0300] "GET /cormun/servlet/trsolicitudot?gx-no-cache=1687523969542 HTTP/1.1" 200 8937
190.171.142.26 - - [23/Jun/2023:10:08:38 -0300] "GET /cormun/servlet/permisogoce?UPD,13947002,P,20230617163225, HTTP/1.1" 200 6906
190.171.142.26 - - [23/Jun/2023:10:08:39 -0300] "GET /cormun/servlet/permisogoce?UPD,13947002,P,20230617163225, HTTP/1.1" 200 6906
190.171.142.26 - - [23/Jun/2023:10:08:39 -0300] "GET /cormun/servlet/permisogoce?9d29c04748a940aaf4e2af2693617c210b60f3eebc30d03d2ea2e5af47ddf386bed47c488600b31cf7db44e45877230a337ae8ffcbba5312b2f306869e79c1c9,gx-no-cache=1687524763896 HTTP/1.1" 200 82
190.171.141.82 - - [23/Jun/2023:10:08:47 -0300] "GET /cormun/servlet/solicitudot?INS,0,0,false, HTTP/1.1" 200 15883
190.171.141.82 - - [23/Jun/2023:10:08:48 -0300] "GET /cormun/servlet/solicitudot?INS,0,0,false, HTTP/1.1" 200 15869
190.171.142.26 - - [23/Jun/2023:10:08:50 -0300] "GET /cormun/servlet/permisogoce?9d29c04748a940aaf4e2af2693617c21be74e50a63c0e0a611772956f329430d299b7f2eafc93cd047c6daa81d571b0f067b510dc24ebe73f90bebf5bd6b6426,gx-no-cache=1687524774586 HTTP/1.1" 200 124
190.171.142.26 - - [23/Jun/2023:10:08:50 -0300] "GET /cormun/static/Shared/jqueryui/images/ui-bg_highlight-soft_100_c6c2c8_1x100.png HTTP/1.1" 404 1117
190.171.142.26 - - [23/Jun/2023:10:08:50 -0300] "GET /cormun/static/Shared/jqueryui/images/ui-icons_82798d_256x240.png HTTP/1.1" 404 1089
190.171.142.26 - - [23/Jun/2023:10:08:50 -0300] "GET /cormun/static/Shared/jqueryui/images/ui-icons_ebccce_256x240.png HTTP/1.1" 404 1089
190.171.142.26 - - [23/Jun/2023:10:08:50 -0300] "GET /cormun/static/Shared/jqueryui/images/ui-bg_flat_55_994d53_40x100.png HTTP/1.1" 404 1097
190.171.141.82 - - [23/Jun/2023:10:08:54 -0300] "POST /cormun/servlet/solicitudot?gx-no-cache=1687524778692 HTTP/1.1" 200 4079
190.171.141.82 - - [23/Jun/2023:10:08:54 -0300] "POST /cormun/servlet/solicitudot?7ccc8f0e28cb54fc5a04302b1eaeb955,INS,0,0,false,,gx-no-cache=1687524778863 HTTP/1.1" 200 12644
190.171.142.26 - - [23/Jun/2023:10:08:54 -0300] "POST /cormun/servlet/permisogoce?1dbd3a18e786888e337d9547abd4ad78,UPD,13947002,P,20230617163225,,gx-no-cache=1687524779131 HTTP/1.1" 200 93
190.171.142.26 - - [23/Jun/2023:10:08:54 -0300] "GET /cormun/servlet/hpexe_return? HTTP/1.1" 200 1028
190.171.142.26 - - [23/Jun/2023:10:08:55 -0300] "GET /cormun/servlet/trpermisosgoce? HTTP/1.1" 200 18192
190.171.142.26 - - [23/Jun/2023:10:08:55 -0300] "GET /cormun/servlet/trpermisosgoce? HTTP/1.1" 200 18187
190.171.141.82 - - [23/Jun/2023:10:08:56 -0300] "GET /cormun/servlet/solicitudot?1900aee131df20fa757ef7890f72127d4884ce8c81e70b278fa7ef80636033a539a16acc6a0b7c279e937f142d34ba94,gx-no-cache=1687524780815 HTTP/1.1" 200 30
190.171.142.26 - - [23/Jun/2023:10:08:58 -0300] "POST /cormun/servlet/trpermisosgoce?1dbd3a18e786888e337d9547abd4ad78,,gx-no-cache=1687524782703 HTTP/1.1" 200 15580
190.171.141.82 - - [23/Jun/2023:10:09:03 -0300] "GET /cormun/servlet/solicitudot?1900aee131df20fa757ef7890f72127d62c0cfd8c554d78cf1905449bdb79f4d4a9ae5516e32e64c99d1ffa9a48f06a5f55d5e8102e58e1beeb23c5bcb9a1721,gx-no-cache=1687524787633 HTTP/1.1" 200 30
190.171.141.82 - - [23/Jun/2023:10:09:03 -0300] "GET /cormun/servlet/solicitudot?1900aee131df20fa757ef7890f72127df265b76314a8678e746f624fc9d71aaa,gx-no-cache=1687524787661 HTTP/1.1" 200 45
190.171.141.82 - - [23/Jun/2023:10:09:03 -0300] "POST /cormun/servlet/solicitudot?gx-no-cache=1687524787702 HTTP/1.1" 200 240
190.171.141.82 - - [23/Jun/2023:10:09:03 -0300] "GET /cormun/servlet/solicitudot?1900aee131df20fa757ef7890f72127dfa4b3e686e70278cfcea52318347749a7a563dda58140bda2d17978cb389b1415891d70cffcdeb18e47506c4df47c6635c0e6922eb9456454c23f7643629cfd3e142a495286c9b02e6ca21714f933fc8310a629f5bf8d6b9ad19dbdea80f35da97e40f5838c821641bbfcc232cc508a274d8e09b9bffd8fa159be33e7a5a49e3eeb7014b840f16161f390d80f484af56c59d4a39f562db2f2d9b950fae9b2392821bf7d828ef0543f7edf8925c004b919cfafec7d38650cde00eb4c72b750b98f6e56b73dc49c11152cbdd000b9b650315fe0881694d46345149eead078f421b6d44b61d117463f1bf11fc3fd193a7935ea49c517b3a1271cecab05d55bd0d410176a8c2e3d5a724ad047f802a4ca007a032f94647daf51fe9f788d8330fbfec792471f351447ccffc0595a4d95e9dcf0942038284788a097ae60dfdd856b303a5d3897a532c4ea3af2efd4d2ddf2d0cd38d95ead7c6b25943831bff460fe438e0c973c95aebb83794be0791aa75f28f,gx-no-cache=1687524787744 HTTP/1.1" 200 30
190.171.141.82 - - [23/Jun/2023:10:09:04 -0300] "POST /cormun/servlet/solicitudot?gx-no-cache=1687524789382 HTTP/1.1" 200 30
190.171.142.26 - - [23/Jun/2023:10:09:12 -0300] "POST /cormun/servlet/trpermisosgoce?1dbd3a18e786888e337d9547abd4ad78,,gx-no-cache=1687524796924 HTTP/1.1" 200 15537
190.171.142.26 - - [23/Jun/2023:10:09:13 -0300] "POST /cormun/servlet/trpermisosgoce?1dbd3a18e786888e337d9547abd4ad78,,gx-no-cache=1687524797480 HTTP/1.1" 200 15514
190.171.141.82 - - [23/Jun/2023:10:09:14 -0300] "GET /cormun/servlet/prlicenciaspermisos?7909623,L,,MD,,gxPopupLevel%3D0%3B HTTP/1.1" 200 7147
190.171.141.82 - - [23/Jun/2023:10:09:18 -0300] "POST /cormun/servlet/solicitudot?gx-no-cache=1687524802614 HTTP/1.1" 200 1468
190.171.141.82 - - [23/Jun/2023:10:09:21 -0300] "POST /cormun/servlet/solicitudot?gx-no-cache=1687524806146 HTTP/1.1" 200 41
190.171.142.26 - - [23/Jun/2023:10:09:23 -0300] "GET /cormun/servlet/permisogoce?INS,0,,, HTTP/1.1" 200 6842
190.171.142.26 - - [23/Jun/2023:10:09:23 -0300] "GET /cormun/servlet/permisogoce?INS,0,,, HTTP/1.1" 200 6842
190.171.142.26 - - [23/Jun/2023:10:09:50 -0300] "GET /cormun/servlet/permisogoce?9d29c04748a940aaf4e2af2693617c210b60f3eebc30d03d2ea2e5af47ddf3866b7ce6e37b917213d9e6b54071ba25df9e569bc3ce3fe2b94caa913a27000009,gx-no-cache=1687524835053 HTTP/1.1" 200 79
190.171.141.82 - - [23/Jun/2023:10:09:53 -0300] "GET /cormun/servlet/solicitudot?1900aee131df20fa757ef7890f72127d8adf4e3fd0f37e5f187a8f51246ed4af65c0f82d825db624ec7627bff8ac2577103332266516abf65547ee15c3e1aabd6e55978d4aedd8936373430d8cf5b8b4ca1962315dd88ae14f748a306384c882d7fc15d0627559980598799ab3488605,gx-no-cache=1687524837620 HTTP/1.1" 200 110
190.171.142.50 - - [23/Jun/2023:10:09:54 -0300] "GET /cormun/servlet/permisogoce?INS,0,,, HTTP/1.1" 200 6828
190.171.142.50 - - [23/Jun/2023:10:09:54 -0300] "GET /cormun/servlet/permisogoce?INS,0,,, HTTP/1.1" 200 6828
190.171.142.26 - - [23/Jun/2023:10:10:00 -0300] "GET /cormun/static/menuarrow.gif HTTP/1.1" 404 1015
190.171.141.82 - - [23/Jun/2023:10:10:01 -0300] "POST /cormun/servlet/solicitudot?gx-no-cache=1687524846249 HTTP/1.1" 200 72
190.171.142.10 - - [23/Jun/2023:10:10:08 -0300] "GET /cormun/servlet/hlogin HTTP/1.1" 200 1720
190.171.142.10 - - [23/Jun/2023:10:10:08 -0300] "GET /cormun/servlet/hlogin HTTP/1.1" 200 1730
190.171.142.26 - - [23/Jun/2023:10:10:09 -0300] "GET /cormun/servlet/permisogoce?9d29c04748a940aaf4e2af2693617c21be74e50a63c0e0a611772956f329430d299b7f2eafc93cd047c6daa81d571b0f8d2b9d7a4d13aaf0affa8063134bc005,gx-no-cache=1687524853791 HTTP/1.1" 200 47
190.171.142.50 - - [23/Jun/2023:10:10:12 -0300] "GET /cormun/servlet/permisogoce?92b858eeaa30a8409d7167463be9527201e3193c8bd777d9bea323df296084172a5d66738dc35f032d9c8d52e833bd86374ce2d479b82b8f66a2f325a573751c,gx-no-cache=1687524856981 HTTP/1.1" 200 78
190.171.142.50 - - [23/Jun/2023:10:10:12 -0300] "GET /cormun/static/menuarrow.gif HTTP/1.1" 404 1015
190.171.142.10 - - [23/Jun/2023:10:10:12 -0300] "POST /cormun/servlet/hlogin?dcaef1d8c13570c175345d431a64eb9f,gx-no-cache=1687524856644 HTTP/1.1" 200 90
190.171.142.10 - - [23/Jun/2023:10:10:12 -0300] "GET /cormun/servlet/hpexe_link HTTP/1.1" 200 950
190.171.142.10 - - [23/Jun/2023:10:10:12 -0300] "GET /cormun/servlet/hhome HTTP/1.1" 200 4206
190.171.142.10 - - [23/Jun/2023:10:10:13 -0300] "GET /cormun/servlet/hhome HTTP/1.1" 200 4203
190.171.142.10 - - [23/Jun/2023:10:10:16 -0300] "GET /cormun/servlet/trlicencias? HTTP/1.1" 200 15185
190.171.142.26 - - [23/Jun/2023:10:10:16 -0300] "POST /cormun/servlet/permisogoce?1dbd3a18e786888e337d9547abd4ad78,INS,0,,,,gx-no-cache=1687524859796 HTTP/1.1" 200 93
190.171.142.26 - - [23/Jun/2023:10:10:16 -0300] "GET /cormun/servlet/hpexe_return? HTTP/1.1" 200 1010
190.171.142.26 - - [23/Jun/2023:10:10:16 -0300] "GET /cormun/servlet/trpermisosgoce? HTTP/1.1" 200 18306
190.171.142.10 - - [23/Jun/2023:10:10:16 -0300] "GET /cormun/servlet/trlicencias? HTTP/1.1" 200 15182
190.171.142.26 - - [23/Jun/2023:10:10:17 -0300] "GET /cormun/servlet/trpermisosgoce? HTTP/1.1" 200 18302
190.171.142.50 - - [23/Jun/2023:10:10:17 -0300] "GET /cormun/servlet/permisogoce?92b858eeaa30a8409d7167463be952720d9826cfe052b7aaf8b53aace5192b82b76beeb1dd5a21abd628b784990f859724df035ad6a703b3169735900f1c2512,gx-no-cache=1687524862442 HTTP/1.1" 200 47
190.171.142.50 - - [23/Jun/2023:10:10:21 -0300] "POST /cormun/servlet/permisogoce?1d3ac7301ac0b7f6191e9be6cbd62c66,INS,0,,,,gx-no-cache=1687524866442 HTTP/1.1" 200 93
190.171.142.50 - - [23/Jun/2023:10:10:21 -0300] "GET /cormun/servlet/hpexe_return? HTTP/1.1" 200 1007
190.171.142.50 - - [23/Jun/2023:10:10:21 -0300] "GET /cormun/servlet/trpermisosgoce HTTP/1.1" 200 12627
190.171.142.50 - - [23/Jun/2023:10:10:22 -0300] "GET /cormun/servlet/trpermisosgoce HTTP/1.1" 200 12622
190.171.142.26 - - [23/Jun/2023:10:10:22 -0300] "GET /cormun/servlet/apermisogoceprn?13947002,P,20230623085306,PU HTTP/1.1" 200 1645
190.171.142.26 - - [23/Jun/2023:10:10:22 -0300] "GET /cormun/servlet/apermisogoceprn?13947002,P,20230623085306,PU HTTP/1.1" 200 1644
190.171.142.50 - - [23/Jun/2023:10:10:24 -0300] "GET /cormun/servlet/apermisogoceprn?12291312,P,20230623085337,PU HTTP/1.1" 200 1657
190.171.142.26 - - [23/Jun/2023:10:10:54 -0300] "GET /cormun/servlet/permisogoce?INS,0,,, HTTP/1.1" 200 6842
190.171.142.26 - - [23/Jun/2023:10:10:54 -0300] "GET /cormun/servlet/permisogoce?INS,0,,, HTTP/1.1" 200 6842
190.171.141.82 - - [23/Jun/2023:10:10:55 -0300] "GET /cormun/servlet/solicitudot?1900aee131df20fa757ef7890f72127d62c9940dc425f0a148e1616e2a4741c93bca05211460f9d69bd591f88e70c6c832def7e5c8c657b6f522ef0b818fe830dd11aa2ccf45acf8c70873cfcc4522e55e4bc2fb821ca850d0d27e1f8081db957ed97a21a19e67a9ef28130ff653a8bfb9630e556248c45a000aef136d997b1c898923ac5dc2d247c413426c93eef98fa404cb62a199e7dd5c8c0f0325f17573,gx-no-cache=1687524900254 HTTP/1.1" 200 29
190.171.141.82 - - [23/Jun/2023:10:10:55 -0300] "GET /cormun/static/menuarrow.gif HTTP/1.1" 404 1015
190.171.141.82 - - [23/Jun/2023:10:10:59 -0300] "GET /cormun/servlet/solicitudot?1900aee131df20fa757ef7890f72127d107c53d45985cf30e9a1eb3c6db94f5ea9423332cbb172d7d745829bc0d4230c,gx-no-cache=1687524904013 HTTP/1.1" 200 30
190.171.141.82 - - [23/Jun/2023:10:10:59 -0300] "POST /cormun/servlet/solicitudot?gx-no-cache=1687524904048 HTTP/1.1" 200 34
190.171.142.26 - - [23/Jun/2023:10:11:03 -0300] "GET /cormun/servlet/permisogoce?9d29c04748a940aaf4e2af2693617c210b60f3eebc30d03d2ea2e5af47ddf3866b7ce6e37b917213d9e6b54071ba25df9e569bc3ce3fe2b94caa913a27000009,gx-no-cache=1687524907709 HTTP/1.1" 200 81
190.171.142.26 - - [23/Jun/2023:10:11:07 -0300] "GET /cormun/static/menuarrow.gif HTTP/1.1" 404 1015
190.171.142.26 - - [23/Jun/2023:10:11:21 -0300] "GET /cormun/servlet/permisogoce?9d29c04748a940aaf4e2af2693617c21be74e50a63c0e0a611772956f329430d991e42cdf716599aad2c309e381677a975a23fcff8dce89f54758d894504d785,gx-no-cache=1687524925679 HTTP/1.1" 200 48
190.171.141.82 - - [23/Jun/2023:10:11:30 -0300] "POST /cormun/servlet/solicitudot?7ccc8f0e28cb54fc5a04302b1eaeb955,INS,0,0,false,,gx-no-cache=1687524934505 HTTP/1.1" 200 93
