190.171.142.10 - - [19/Jun/2023:14:25:43 -0300] "GET /cormun/servlet/solicitudot?5f376746901b071e2f8e95ed8d0857f579d5bb8520b34637bc62e43e0110a3269e54f7161c8dc2d8d7ea84143f713be1,gx-no-cache=1687194588810 HTTP/1.1" 200 30
192.168.10.17 - - [19/Jun/2023:14:26:24 -0300] "GET /cormun/servlet/vesolicitudgral?2023,20341,, HTTP/1.1" 200 8427
192.168.10.17 - - [19/Jun/2023:14:26:24 -0300] "GET /cormun/pexe_scrolldiv.js HTTP/1.1" 404 1009
192.168.10.17 - - [19/Jun/2023:14:26:24 -0300] "GET /cormun/servlet/vesolicitudgral?2023,20341,, HTTP/1.1" 200 8427
190.171.142.10 - - [19/Jun/2023:14:26:25 -0300] "POST /cormun/servlet/solicitudot?gx-no-cache=1687194630469 HTTP/1.1" 200 256
192.168.10.17 - - [19/Jun/2023:14:26:25 -0300] "GET /cormun/servlet/vesolicitudgral?2023,20341,,SolicitudOTLog HTTP/1.1" 200 9833
192.168.10.17 - - [19/Jun/2023:14:26:25 -0300] "GET /cormun/pexe_scrolldiv.js HTTP/1.1" 404 1009
192.168.10.17 - - [19/Jun/2023:14:26:26 -0300] "GET /cormun/servlet/vesolicitudgral?2023,20341,,SolicitudOTLog HTTP/1.1" 200 9833
192.168.10.17 - - [19/Jun/2023:14:26:26 -0300] "POST /cormun/servlet/acontrolpreferencessavestate?None,RRHH+DANIELA,true HTTP/1.1" 200 35
192.168.10.17 - - [19/Jun/2023:14:26:28 -0300] "GET /cormun/servlet/vesolicitudgral?2023,20341,,SolicitudOTAdjuntos HTTP/1.1" 200 7067
192.168.10.17 - - [19/Jun/2023:14:26:28 -0300] "GET /cormun/pexe_scrolldiv.js HTTP/1.1" 404 1009
192.168.10.17 - - [19/Jun/2023:14:26:28 -0300] "GET /cormun/servlet/vesolicitudgral?2023,20341,,SolicitudOTAdjuntos HTTP/1.1" 200 7067
190.171.142.10 - - [19/Jun/2023:14:26:28 -0300] "GET /cormun/servlet/solicitudot?5f376746901b071e2f8e95ed8d0857f586b172d4c3535176dd71aade61d9b96817041f76b47e081ac4839c4a411afadf3db3b3614014f57c7b9017a159d7e1a94ba9947999c3032f80623102d514f7b9f497425d5259c272c3c48d3c693b7edd65c9c7ddca79b012b839f348b6860ca41870c97b004d2edd48642326b1a31c99b36794600ed06acb633982d396bee84bd8370e25fcc93f64f1b615bd009f3fc654be63aee4dad8803d746c2178f768b3604b540f3f1749ade90e6c7e036d5a6b82652d6e1d961103ea2b56724bccdb2e072e7cc71ce6e0baee04c529907ba90fe449f094bfc6a9f3fe5a3c87ef8491202d15f03e150e9130ce38618b864723e6c477ca2062e1faa247d37d8da48c907ed85f982e21c5552b870599bfb331c602b4e6976be485f0ac523f2c69b54065b11a8ccdd645d83b3358c9333478055ce156c719eaa7680b33e74b7c4f1d53f3eb1e07bc39cba1f0b9069cab2b07ac634ef3311e1b821459e3a25a7c87de5fe0b356ce304ae6f8b5c69e3e7593cc17bb77,gx-no-cache=1687194633718 HTTP/1.1" 200 30
192.168.10.17 - - [19/Jun/2023:14:26:29 -0300] "POST /cormun/servlet/acontrolpreferencessavestate?None,RRHH+DANIELA,true HTTP/1.1" 200 35
192.168.10.17 - - [19/Jun/2023:14:26:30 -0300] "GET /cormun/servlet/vesolicitudgral?2023,20341,,General HTTP/1.1" 200 8428
192.168.10.17 - - [19/Jun/2023:14:26:30 -0300] "GET /cormun/pexe_scrolldiv.js HTTP/1.1" 404 1009
192.168.10.17 - - [19/Jun/2023:14:26:30 -0300] "GET /cormun/servlet/vesolicitudgral?2023,20341,,General HTTP/1.1" 200 8428
190.171.142.10 - - [19/Jun/2023:14:26:36 -0300] "POST /cormun/servlet/solicitudot?gx-no-cache=1687194641003 HTTP/1.1" 200 30
192.168.10.17 - - [19/Jun/2023:14:26:39 -0300] "GET /cormun/servlet/trsolicitudgral? HTTP/1.1" 200 11575
192.168.10.17 - - [19/Jun/2023:14:26:39 -0300] "GET /cormun/servlet/trsolicitudgral? HTTP/1.1" 200 11571
190.171.142.10 - - [19/Jun/2023:14:27:03 -0300] "POST /cormun/servlet/solicitudot?gx-no-cache=1687194668456 HTTP/1.1" 200 3956
190.171.142.10 - - [19/Jun/2023:14:27:04 -0300] "POST /cormun/servlet/solicitudot?8adbb2e53e8cc9fb46052771bbb10dd7,INS,0,0,false,,gx-no-cache=1687194668578 HTTP/1.1" 200 12776
190.171.142.10 - - [19/Jun/2023:14:27:05 -0300] "GET /cormun/servlet/solicitudot?5f376746901b071e2f8e95ed8d0857f5077646da6b763087cb7ffc11cdcf0810b40deeb0fa1a71e2742259a5f51266af,gx-no-cache=1687194670815 HTTP/1.1" 200 111
41.186.73.134 - - [19/Jun/2023:14:27:29 -0300] "GET /manager/html HTTP/1.1" 401 2474
190.171.143.90 - - [19/Jun/2023:14:27:40 -0300] "GET /cormun/servlet/solicitudot?a50c67216e263dd6cc39d2f1b372b79d336eb6da6f8ed60712a7d12a4c757dfa48496e54e1e46b55bf6f5861e27a41e99d8feebc3b50cbbbf42b8e38775c1887,gx-no-cache=1687194704921 HTTP/1.1" 200 30
190.171.152.242 - - [19/Jun/2023:14:27:50 -0300] "GET /cormun/servlet/hlogin HTTP/1.1" 200 1737
41.186.73.134 - - [19/Jun/2023:14:28:04 -0300] "GET /manager/html HTTP/1.1" 401 2474
190.171.143.90 - - [19/Jun/2023:14:28:17 -0300] "GET /cormun/servlet/solicitudot?a50c67216e263dd6cc39d2f1b372b79df12786d4d6234b7fadc90fd5966a0572,gx-no-cache=1687194741949 HTTP/1.1" 200 29
190.171.143.90 - - [19/Jun/2023:14:28:17 -0300] "POST /cormun/servlet/solicitudot?gx-no-cache=1687194741975 HTTP/1.1" 200 297
190.171.143.90 - - [19/Jun/2023:14:28:17 -0300] "GET /cormun/servlet/solicitudot?a50c67216e263dd6cc39d2f1b372b79d73979cec7547e792a34f36c911718f9cbeb1f0117c0663ba117047ff279960fa9281a7ce4e80599f0892f9d8ef6abaf1c921c1f6be4e6370280464a77e899887c025c5f6867e466cd39b8905cda7dbc7ed66ea79b332a0e85428290194db6a60f55735535024a7d3ca65e983d64f195760563d30948195f89c816591b11f08ce49c619011c26a769d933dece9db64d6f8a7fc2bcd492825176b9c18d0ea351a9ac855b995ccbe97fde2705bb1ad6a6b0a82f97f5a9e4c862e168ece58db4a51f8460140d6be973a935034ba61631d39d7b03fa4615bc806b1f0b948c6d9dfebc1982b9cec04764f8d68787c497f702d5b87abfcb2f0c1af5b63ca4d6f9a8792b58aac15805a7868e67d122624c0fcbb423b4a4ca1e0a77cea12b604da7b0b52259c2146420fbaca975704f4c16a966776a5968be3b9d1aca45b54b14ab5197e61547873cc2d07dbac3e0feec255df8a9e768657bd5a1ab21bb24b0971d8ade36a8bda09825b9bfbfcba340b3c4391b26a7fbe01e5b8c0548f9eac231fd73ed68,gx-no-cache=1687194742003 HTTP/1.1" 200 30
190.171.143.90 - - [19/Jun/2023:14:28:21 -0300] "POST /cormun/servlet/solicitudot?gx-no-cache=1687194746171 HTTP/1.1" 200 30
190.171.143.90 - - [19/Jun/2023:14:28:28 -0300] "POST /cormun/servlet/solicitudot?gx-no-cache=1687194752282 HTTP/1.1" 200 30
190.171.143.90 - - [19/Jun/2023:14:30:37 -0300] "POST /cormun/servlet/solicitudot?gx-no-cache=1687194881880 HTTP/1.1" 200 1470
190.171.143.90 - - [19/Jun/2023:14:30:37 -0300] "GET /cormun/static/menuarrow.gif HTTP/1.1" 404 1015
190.171.143.90 - - [19/Jun/2023:14:30:54 -0300] "POST /cormun/servlet/solicitudot?gx-no-cache=1687194899209 HTTP/1.1" 200 41
41.186.73.134 - - [19/Jun/2023:14:32:04 -0300] "GET /manager/html HTTP/1.1" 401 2474
192.168.10.17 - - [19/Jun/2023:14:32:15 -0300] "GET /cormun/servlet/vesolicitudgral?2023,20342,, HTTP/1.1" 200 8376
192.168.10.17 - - [19/Jun/2023:14:32:15 -0300] "GET /cormun/pexe_scrolldiv.js HTTP/1.1" 404 1009
192.168.10.17 - - [19/Jun/2023:14:32:16 -0300] "GET /cormun/servlet/vesolicitudgral?2023,20342,, HTTP/1.1" 200 8375
192.168.10.17 - - [19/Jun/2023:14:32:31 -0300] "GET /cormun/servlet/vesolicitudgral?2023,20342,,SolicitudOTAdjuntos HTTP/1.1" 200 11121
192.168.10.17 - - [19/Jun/2023:14:32:31 -0300] "GET /cormun/pexe_scrolldiv.js HTTP/1.1" 404 1009
192.168.10.17 - - [19/Jun/2023:14:32:31 -0300] "GET /cormun/servlet/vesolicitudgral?2023,20342,,SolicitudOTAdjuntos HTTP/1.1" 200 11124
192.168.10.17 - - [19/Jun/2023:14:32:32 -0300] "POST /cormun/servlet/acontrolpreferencessavestate?None,RRHH+DANIELA,true HTTP/1.1" 200 35
192.168.10.17 - - [19/Jun/2023:14:32:37 -0300] "GET /cormun/PublicTempStorage/reyes_cabezas_tami_garbo_%28c._identidad%294143985.pdf HTTP/1.1" 200 437163
41.186.73.134 - - [19/Jun/2023:14:32:38 -0300] "GET /manager/html HTTP/1.1" 401 2474
190.171.152.234 - - [19/Jun/2023:14:32:53 -0300] "GET /cormun/servlet/hlogin HTTP/1.1" 200 1722
190.171.152.234 - - [19/Jun/2023:14:33:04 -0300] "POST /cormun/servlet/hlogin?d00ec445628af66bf977e98b7371ab9a,gx-no-cache=1687191561876 HTTP/1.1" 200 90
190.171.152.234 - - [19/Jun/2023:14:33:04 -0300] "GET /cormun/servlet/hpexe_link HTTP/1.1" 200 956
190.171.152.234 - - [19/Jun/2023:14:33:05 -0300] "GET /cormun/servlet/trlicencias HTTP/1.1" 200 13161
190.171.152.234 - - [19/Jun/2023:14:33:05 -0300] "GET /cormun/servlet/trlicencias HTTP/1.1" 200 13160
190.171.152.234 - - [19/Jun/2023:14:33:10 -0300] "GET /cormun/servlet/trsolicitudot? HTTP/1.1" 200 7494
190.171.152.234 - - [19/Jun/2023:14:33:10 -0300] "GET /cormun/static/gxcfg.js?20221129846531 HTTP/1.1" 200 953
190.171.152.234 - - [19/Jun/2023:14:33:10 -0300] "GET /cormun/static/trsolicitudot.js?202211298465651 HTTP/1.1" 200 54040
190.171.152.234 - - [19/Jun/2023:14:33:10 -0300] "GET /cormun/servlet/trsolicitudot? HTTP/1.1" 200 7494
190.171.152.234 - - [19/Jun/2023:14:33:15 -0300] "GET /cormun/servlet/solicitudot?INS,0,0,false, HTTP/1.1" 200 16161
190.171.152.234 - - [19/Jun/2023:14:33:15 -0300] "GET /cormun/static/gxcfg.js?20221129840861 HTTP/1.1" 200 953
190.171.152.234 - - [19/Jun/2023:14:33:15 -0300] "GET /cormun/static/Resources/prompt.gif HTTP/1.1" 200 902
190.171.152.234 - - [19/Jun/2023:14:33:15 -0300] "GET /cormun/static/solicitudot.js?20221129840983 HTTP/1.1" 200 74072
191.126.172.168 - - [19/Jun/2023:14:33:16 -0300] "GET /cormun/servlet/trlicencias HTTP/1.1" 200 7905
190.171.152.234 - - [19/Jun/2023:14:33:16 -0300] "GET /cormun/servlet/solicitudot?INS,0,0,false, HTTP/1.1" 200 16168
191.126.172.168 - - [19/Jun/2023:14:33:16 -0300] "GET /cormun/servlet/hlogin HTTP/1.1" 200 1789
191.126.172.168 - - [19/Jun/2023:14:33:27 -0300] "POST /cormun/servlet/hlogin?f36ce8904cf5ba7da49b149058abb711,gx-no-cache=1687195050988 HTTP/1.1" 200 90
191.126.172.168 - - [19/Jun/2023:14:33:27 -0300] "GET /cormun/servlet/hpexe_link HTTP/1.1" 200 1013
191.126.172.168 - - [19/Jun/2023:14:33:27 -0300] "GET /cormun/servlet/trlicencias HTTP/1.1" 200 12496
190.171.152.234 - - [19/Jun/2023:14:33:28 -0300] "POST /cormun/servlet/solicitudot?gx-no-cache=1687191585492 HTTP/1.1" 200 3963
190.171.152.234 - - [19/Jun/2023:14:33:28 -0300] "POST /cormun/servlet/solicitudot?d00ec445628af66bf977e98b7371ab9a,INS,0,0,false,,gx-no-cache=1687191585657 HTTP/1.1" 200 12801
190.171.152.234 - - [19/Jun/2023:14:33:29 -0300] "GET /cormun/servlet/solicitudot?841f48a9923a7ee8e44b855d85d21810af7915dbabd44bb0174aa63dfaa4e728302060d2c35981552b5bc3be89e17bdf,gx-no-cache=1687191586583 HTTP/1.1" 200 30
190.171.143.90 - - [19/Jun/2023:14:33:30 -0300] "GET /cormun/servlet/solicitudot?a50c67216e263dd6cc39d2f1b372b79ddd6071ca0049b2343a902717ee20c5e5ba302b8f3cf86c63ff42155abc04c13a1c4a7edadb5506ae04fee9c346b57de3af1b6abf4de76ce99b702175c79aa16aa331e45dbb23c0abb38724ed20831b0ede12461345431402167d2c3a478e0c74,gx-no-cache=1687195055228 HTTP/1.1" 200 110
190.171.143.90 - - [19/Jun/2023:14:33:31 -0300] "POST /cormun/servlet/solicitudot?gx-no-cache=1687195055267 HTTP/1.1" 200 79
191.126.172.168 - - [19/Jun/2023:14:33:35 -0300] "POST /cormun/servlet/trlicencias?f36ce8904cf5ba7da49b149058abb711,gx-no-cache=1687195058792 HTTP/1.1" 200 10005
190.171.143.90 - - [19/Jun/2023:14:33:58 -0300] "GET /cormun/servlet/solicitudot?a50c67216e263dd6cc39d2f1b372b79d2aa57c4d38f64e5e4f03faec1a427259089b6b49c860e95014d456570c034d4fb87512d8006e0d63d9001e03575162e12712dcc42f1fafe89ff8399e0af61e7cacc8aceb07db92cbb2bf0450525e68003d40536f64edf1a1adbfd00de241cb2a,gx-no-cache=1687195082467 HTTP/1.1" 200 29
190.171.143.90 - - [19/Jun/2023:14:33:58 -0300] "GET /cormun/servlet/solicitudot?a50c67216e263dd6cc39d2f1b372b79d1dbd7d9706d7f1e03cd818cf113d2cd6,gx-no-cache=1687195082497 HTTP/1.1" 200 30
190.171.143.90 - - [19/Jun/2023:14:33:58 -0300] "POST /cormun/servlet/solicitudot?gx-no-cache=1687195082533 HTTP/1.1" 200 30
190.171.143.90 - - [19/Jun/2023:14:34:51 -0300] "GET /cormun/static/Resources/resize.gif HTTP/1.1" 200 77
190.171.143.90 - - [19/Jun/2023:14:34:51 -0300] "GET /cormun/static/Resources/PXTools/ClosePrompt.png HTTP/1.1" 200 1036
190.171.143.90 - - [19/Jun/2023:14:34:51 -0300] "GET /cormun/servlet/prbanco?,MD,,gxPopupLevel%3D0%3B HTTP/1.1" 200 6598
190.171.143.90 - - [19/Jun/2023:14:34:51 -0300] "GET /cormun/static/gxcfg.js?20201216131581 HTTP/1.1" 200 953
190.171.143.90 - - [19/Jun/2023:14:34:51 -0300] "GET /cormun/static/prbanco.js?20201216132311 HTTP/1.1" 200 10693
190.171.143.90 - - [19/Jun/2023:14:34:51 -0300] "GET /cormun/static/menusearch.js?20201214473581 HTTP/1.1" 200 1424
190.171.143.90 - - [19/Jun/2023:14:34:51 -0300] "GET /cormun/static/hmpwkw011.js?202211298443482 HTTP/1.1" 200 1968
190.171.143.90 - - [19/Jun/2023:14:34:51 -0300] "GET /cormun/static/Resources/PXToolsMenuSearch.png HTTP/1.1" 200 336
190.171.143.90 - - [19/Jun/2023:14:34:51 -0300] "GET /cormun/static/Resources/PXToolsMenuSearchCancel.png HTTP/1.1" 200 306
192.168.10.96 - - [19/Jun/2023:14:34:57 -0300] "GET /cormun/servlet/trsolicitudgral? HTTP/1.1" 200 10134
192.168.10.96 - - [19/Jun/2023:14:34:57 -0300] "GET /cormun/servlet/trsolicitudgral? HTTP/1.1" 200 10134
192.168.10.96 - - [19/Jun/2023:14:35:05 -0300] "POST /cormun/servlet/trsolicitudgral?9b0b1fe4a1f6b5366c7369aad82c63ee,,gx-no-cache=1687195131991 HTTP/1.1" 200 7090
192.168.10.96 - - [19/Jun/2023:14:35:08 -0300] "GET /cormun/servlet/vesolicitudgral?2023,20334,, HTTP/1.1" 200 8401
192.168.10.96 - - [19/Jun/2023:14:35:08 -0300] "GET /cormun/pexe_scrolldiv.js HTTP/1.1" 404 1009
192.168.10.96 - - [19/Jun/2023:14:35:08 -0300] "GET /cormun/servlet/vesolicitudgral?2023,20334,, HTTP/1.1" 200 8401
192.168.10.96 - - [19/Jun/2023:14:35:09 -0300] "POST /cormun/servlet/vesolicitudgral?9b0b1fe4a1f6b5366c7369aad82c63ee,2023,20334,,,gx-no-cache=1687195136534 HTTP/1.1" 200 12190
192.168.10.96 - - [19/Jun/2023:14:35:09 -0300] "GET /cormun/static/Shared/jqueryui/images/ui-icons_82798d_256x240.png HTTP/1.1" 404 1089
192.168.10.96 - - [19/Jun/2023:14:35:09 -0300] "GET /cormun/static/Shared/jqueryui/images/ui-bg_highlight-soft_100_c6c2c8_1x100.png HTTP/1.1" 404 1117
192.168.10.96 - - [19/Jun/2023:14:35:09 -0300] "GET /cormun/static/Shared/jqueryui/images/ui-icons_8d78a5_256x240.png HTTP/1.1" 404 1089
192.168.10.96 - - [19/Jun/2023:14:35:09 -0300] "GET /cormun/static/Shared/jqueryui/images/ui-bg_flat_55_fafafa_40x100.png HTTP/1.1" 404 1097
192.168.10.96 - - [19/Jun/2023:14:35:11 -0300] "GET /cormun/servlet/trautorizarot? HTTP/1.1" 200 8155
192.168.10.96 - - [19/Jun/2023:14:35:12 -0300] "GET /cormun/servlet/trautorizarot? HTTP/1.1" 200 8144
192.168.10.96 - - [19/Jun/2023:14:35:19 -0300] "POST /cormun/servlet/trautorizarot?9b0b1fe4a1f6b5366c7369aad82c63ee,,gx-no-cache=1687195146565 HTTP/1.1" 200 5169
192.168.10.96 - - [19/Jun/2023:14:35:20 -0300] "POST /cormun/servlet/trautorizarot?9b0b1fe4a1f6b5366c7369aad82c63ee,,gx-no-cache=1687195147068 HTTP/1.1" 200 5170
192.168.10.96 - - [19/Jun/2023:14:35:22 -0300] "GET /cormun/servlet/trsolicitudgral? HTTP/1.1" 200 10136
192.168.10.96 - - [19/Jun/2023:14:35:22 -0300] "GET /cormun/servlet/trsolicitudgral? HTTP/1.1" 200 10136
192.168.10.96 - - [19/Jun/2023:14:35:25 -0300] "GET /cormun/servlet/vesolicitudgral?2023,20334,, HTTP/1.1" 200 8401
192.168.10.96 - - [19/Jun/2023:14:35:25 -0300] "GET /cormun/pexe_scrolldiv.js HTTP/1.1" 404 1009
192.168.10.96 - - [19/Jun/2023:14:35:25 -0300] "GET /cormun/servlet/vesolicitudgral?2023,20334,, HTTP/1.1" 200 8401
192.168.10.96 - - [19/Jun/2023:14:35:26 -0300] "GET /cormun/servlet/vesolicitudgral?2023,20334,,SolicitudOTLog HTTP/1.1" 200 10081
192.168.10.96 - - [19/Jun/2023:14:35:27 -0300] "GET /cormun/pexe_scrolldiv.js HTTP/1.1" 404 1009
192.168.10.96 - - [19/Jun/2023:14:35:27 -0300] "GET /cormun/servlet/vesolicitudgral?2023,20334,,SolicitudOTLog HTTP/1.1" 200 10082
192.168.10.96 - - [19/Jun/2023:14:35:28 -0300] "POST /cormun/servlet/acontrolpreferencessavestate?None,RRHH+DANIELA,true HTTP/1.1" 200 35
192.168.10.96 - - [19/Jun/2023:14:35:32 -0300] "GET /cormun/servlet/vesolicitudgral?2023,20334,,General HTTP/1.1" 200 8403
192.168.10.96 - - [19/Jun/2023:14:35:32 -0300] "GET /cormun/pexe_scrolldiv.js HTTP/1.1" 404 1009
192.168.10.96 - - [19/Jun/2023:14:35:32 -0300] "GET /cormun/servlet/vesolicitudgral?2023,20334,,General HTTP/1.1" 200 8403
192.168.10.17 - - [19/Jun/2023:14:35:44 -0300] "GET /cormun/servlet/vesolicitudgral?2023,20342,,SolicitudOTAdjuntos HTTP/1.1" 200 11121
192.168.10.17 - - [19/Jun/2023:14:35:45 -0300] "GET /cormun/servlet/vesolicitudgral?2023,20342,,SolicitudOTAdjuntos HTTP/1.1" 200 11124
192.168.10.17 - - [19/Jun/2023:14:35:45 -0300] "POST /cormun/servlet/acontrolpreferencessavestate?None,RRHH+DANIELA,true HTTP/1.1" 200 35
192.168.10.17 - - [19/Jun/2023:14:35:53 -0300] "GET /cormun/PublicTempStorage/reyes_cabezas_tami_garbo_%28c.v%29286098.pdf HTTP/1.1" 200 376427
190.171.143.90 - - [19/Jun/2023:14:35:56 -0300] "GET /cormun/servlet/solicitudot?a50c67216e263dd6cc39d2f1b372b79d4a1e6187172a7a0f7528f79500b53f30,gx-no-cache=1687195201004 HTTP/1.1" 200 60
192.168.10.96 - - [19/Jun/2023:14:35:59 -0300] "GET /cormun/servlet/trsolicitudgral? HTTP/1.1" 200 10140
192.168.10.96 - - [19/Jun/2023:14:35:59 -0300] "GET /cormun/servlet/trsolicitudgral? HTTP/1.1" 200 10136
192.168.10.96 - - [19/Jun/2023:14:36:05 -0300] "POST /cormun/servlet/trsolicitudgral?9b0b1fe4a1f6b5366c7369aad82c63ee,,gx-no-cache=1687195192239 HTTP/1.1" 200 6680
192.168.10.96 - - [19/Jun/2023:14:36:06 -0300] "GET /cormun/servlet/vesolicitudgral?2023,20252,, HTTP/1.1" 200 8439
192.168.10.96 - - [19/Jun/2023:14:36:06 -0300] "GET /cormun/pexe_scrolldiv.js HTTP/1.1" 404 1009
192.168.10.96 - - [19/Jun/2023:14:36:06 -0300] "GET /cormun/servlet/vesolicitudgral?2023,20252,, HTTP/1.1" 200 8439
192.168.10.96 - - [19/Jun/2023:14:36:08 -0300] "GET /cormun/servlet/vesolicitudgral?2023,20252,,SolicitudOTLog HTTP/1.1" 200 9412
192.168.10.96 - - [19/Jun/2023:14:36:08 -0300] "GET /cormun/pexe_scrolldiv.js HTTP/1.1" 404 1009
192.168.10.96 - - [19/Jun/2023:14:36:08 -0300] "GET /cormun/servlet/vesolicitudgral?2023,20252,,SolicitudOTLog HTTP/1.1" 200 9412
192.168.10.96 - - [19/Jun/2023:14:36:09 -0300] "POST /cormun/servlet/acontrolpreferencessavestate?None,RRHH+DANIELA,true HTTP/1.1" 200 35
192.168.10.96 - - [19/Jun/2023:14:36:10 -0300] "GET /cormun/servlet/vesolicitudgral?2023,20252,,General HTTP/1.1" 200 8442
192.168.10.96 - - [19/Jun/2023:14:36:11 -0300] "GET /cormun/pexe_scrolldiv.js HTTP/1.1" 404 1009
192.168.10.96 - - [19/Jun/2023:14:36:11 -0300] "GET /cormun/servlet/vesolicitudgral?2023,20252,,General HTTP/1.1" 200 8443
192.168.10.96 - - [19/Jun/2023:14:36:12 -0300] "POST /cormun/servlet/vesolicitudgral?9b0b1fe4a1f6b5366c7369aad82c63ee,2023,20252,,General,gx-no-cache=1687195199344 HTTP/1.1" 200 12252
192.168.10.96 - - [19/Jun/2023:14:36:12 -0300] "GET /cormun/static/Shared/jqueryui/images/ui-icons_82798d_256x240.png HTTP/1.1" 404 1089
192.168.10.96 - - [19/Jun/2023:14:36:12 -0300] "GET /cormun/static/Shared/jqueryui/images/ui-bg_flat_55_fafafa_40x100.png HTTP/1.1" 404 1097
192.168.10.96 - - [19/Jun/2023:14:36:12 -0300] "GET /cormun/static/Shared/jqueryui/images/ui-icons_8d78a5_256x240.png HTTP/1.1" 404 1089
192.168.10.96 - - [19/Jun/2023:14:36:12 -0300] "GET /cormun/static/Shared/jqueryui/images/ui-bg_highlight-soft_100_c6c2c8_1x100.png HTTP/1.1" 404 1117
192.168.10.96 - - [19/Jun/2023:14:36:12 -0300] "POST /cormun/servlet/vesolicitudgral?9b0b1fe4a1f6b5366c7369aad82c63ee,2023,20252,,General,gx-no-cache=1687195199542 HTTP/1.1" 200 12186
192.168.10.96 - - [19/Jun/2023:14:36:16 -0300] "GET /cormun/servlet/trautorizarot? HTTP/1.1" 200 9583
192.168.10.96 - - [19/Jun/2023:14:36:17 -0300] "GET /cormun/servlet/trautorizarot? HTTP/1.1" 200 9575
41.186.73.134 - - [19/Jun/2023:14:36:18 -0300] "GET /manager/html HTTP/1.1" 401 2474
192.168.10.96 - - [19/Jun/2023:14:36:20 -0300] "POST /cormun/servlet/trautorizarot?9b0b1fe4a1f6b5366c7369aad82c63ee,,gx-no-cache=1687195207918 HTTP/1.1" 200 5368
192.168.10.17 - - [19/Jun/2023:14:36:25 -0300] "GET /cormun/servlet/vesolicitudgral?2023,20342,,SolicitudOTAdjuntos HTTP/1.1" 200 11121
192.168.10.17 - - [19/Jun/2023:14:36:26 -0300] "GET /cormun/servlet/vesolicitudgral?2023,20342,,SolicitudOTAdjuntos HTTP/1.1" 200 11121
192.168.10.17 - - [19/Jun/2023:14:36:26 -0300] "POST /cormun/servlet/acontrolpreferencessavestate?None,RRHH+DANIELA,true HTTP/1.1" 200 35
192.168.10.17 - - [19/Jun/2023:14:36:32 -0300] "GET /cormun/PublicTempStorage/reyes_cabezas_tami_garbo_%28afp%291652880.pdf HTTP/1.1" 200 315461
41.186.73.134 - - [19/Jun/2023:14:36:51 -0300] "GET /manager/html HTTP/1.1" 401 2474
190.171.143.90 - - [19/Jun/2023:14:36:54 -0300] "GET /cormun/servlet/solicitudot?a50c67216e263dd6cc39d2f1b372b79d73979cec7547e792a34f36c911718f9cbeb1f0117c0663ba117047ff279960fa9281a7ce4e80599f0892f9d8ef6abaf1c921c1f6be4e6370280464a77e899887c025c5f6867e466cd39b8905cda7dbc7ed66ea79b332a0e85428290194db6a60f55735535024a7d3ca65e983d64f195760563d30948195f89c816591b11f08ce49c619011c26a769d933dece9db64d6f8a7fc2bcd492825176b9c18d0ea351a9ac855b995ccbe97fde2705bb1ad6a6b0a82f97f5a9e4c862e168ece58db4a51f8460140d6be973a935034ba61631d39d7b03fa4615bc806b1f0b948c6d9dfebc1982b9cec04764f8d68787c497f702d5b87abfcb2f0c1af5b63ca4d6f9a8792b58aac15805a7868e67d122624c0fcbb423b4a4ca1e0a77cea12b604da7b0b52259c2146420fbaca975704f4c16a966776a5968be3b9d1aca45b54b14ab5197e61547873cc2d07dbac3e0feec255df8a9e768657bd5a1ab21bb24b0971d8ade36c2f74618e9baf56c81b7dd534e6d9dc7a7fbe01e5b8c0548f9eac231fd73ed68,gx-no-cache=1687195258244 HTTP/1.1" 200 30
190.171.143.90 - - [19/Jun/2023:14:36:54 -0300] "POST /cormun/servlet/solicitudot?gx-no-cache=1687195258273 HTTP/1.1" 200 30
190.171.143.90 - - [19/Jun/2023:14:36:54 -0300] "POST /cormun/servlet/solicitudot?gx-no-cache=1687195258302 HTTP/1.1" 200 1470
190.171.143.90 - - [19/Jun/2023:14:36:54 -0300] "POST /cormun/servlet/solicitudot?gx-no-cache=1687195258385 HTTP/1.1" 200 41
190.171.143.90 - - [19/Jun/2023:14:36:54 -0300] "GET /cormun/servlet/solicitudot?a50c67216e263dd6cc39d2f1b372b79ddd6071ca0049b2343a902717ee20c5e5ba302b8f3cf86c63ff42155abc04c13a1c4a7edadb5506ae04fee9c346b57de3af1b6abf4de76ce99b702175c79aa16aa331e45dbb23c0abb38724ed20831b0ede12461345431402167d2c3a478e0c74,gx-no-cache=1687195258406 HTTP/1.1" 200 110
190.171.143.90 - - [19/Jun/2023:14:36:54 -0300] "POST /cormun/servlet/solicitudot?gx-no-cache=1687195258426 HTTP/1.1" 200 79
190.171.143.90 - - [19/Jun/2023:14:36:59 -0300] "GET /cormun/servlet/solicitudot?a50c67216e263dd6cc39d2f1b372b79d73979cec7547e792a34f36c911718f9cbeb1f0117c0663ba117047ff279960fa9281a7ce4e80599f0892f9d8ef6abaf1c921c1f6be4e6370280464a77e899887c025c5f6867e466cd39b8905cda7dbc7ed66ea79b332a0e85428290194db6a60f55735535024a7d3ca65e983d64f195760563d30948195f89c816591b11f08ce49c619011c26a769d933dece9db64d6f8a7fc2bcd492825176b9c18d0ea351a9ac855b995ccbe97fde2705bb1ad6a6b0a82f97f5a9e4c862e168ece58db4a51f8460140d6be973a935034ba61631d39d7b03fa4615bc806b1f0b948c6d9dfebc1982b9cec04764f8d68787c497f702d5b87abfcb2f0c1af5b63ca4d6f9a8792b58aac15805a7868e67d122624c0fcbb423b4a4ca1e0a77cea12b604da7b0b52259c2146420fbaca975704f4c16a966776a5968be3b9d1aca45b54b14ab5197e61547873cc2d07dbac3e0feec255df8a9e768657bd5a1ab21bb24b0971d8ade36c2f74618e9baf56c81b7dd534e6d9dc7a7fbe01e5b8c0548f9eac231fd73ed68,gx-no-cache=1687195264095 HTTP/1.1" 200 30
190.171.143.90 - - [19/Jun/2023:14:36:59 -0300] "POST /cormun/servlet/solicitudot?gx-no-cache=1687195264117 HTTP/1.1" 200 30
190.171.143.90 - - [19/Jun/2023:14:36:59 -0300] "POST /cormun/servlet/solicitudot?gx-no-cache=1687195264144 HTTP/1.1" 200 1470
190.171.143.90 - - [19/Jun/2023:14:36:59 -0300] "POST /cormun/servlet/solicitudot?gx-no-cache=1687195264223 HTTP/1.1" 200 41
190.171.143.90 - - [19/Jun/2023:14:36:59 -0300] "GET /cormun/servlet/solicitudot?a50c67216e263dd6cc39d2f1b372b79ddd6071ca0049b2343a902717ee20c5e5ba302b8f3cf86c63ff42155abc04c13a1c4a7edadb5506ae04fee9c346b57de3af1b6abf4de76ce99b702175c79aa16aa331e45dbb23c0abb38724ed20831b0ede12461345431402167d2c3a478e0c74,gx-no-cache=1687195264248 HTTP/1.1" 200 110
190.171.143.90 - - [19/Jun/2023:14:37:00 -0300] "POST /cormun/servlet/solicitudot?gx-no-cache=1687195264273 HTTP/1.1" 200 79
192.168.10.17 - - [19/Jun/2023:14:37:02 -0300] "GET /cormun/servlet/vesolicitudgral?2023,20342,,SolicitudOTAdjuntos HTTP/1.1" 200 11120
192.168.10.17 - - [19/Jun/2023:14:37:03 -0300] "GET /cormun/servlet/vesolicitudgral?2023,20342,,SolicitudOTAdjuntos HTTP/1.1" 200 11123
192.168.10.17 - - [19/Jun/2023:14:37:03 -0300] "POST /cormun/servlet/acontrolpreferencessavestate?None,RRHH+DANIELA,true HTTP/1.1" 200 35
192.168.10.17 - - [19/Jun/2023:14:37:04 -0300] "GET /cormun/PublicTempStorage/reyes_cabezas_tami_garbo_%28fonasa%293565922.pdf HTTP/1.1" 200 443574
190.171.143.90 - - [19/Jun/2023:14:37:15 -0300] "GET /cormun/servlet/solicitudot?a50c67216e263dd6cc39d2f1b372b79d6edf61bc2ebb1d23d07f229556245d6f89b6e5a86370478dba1dcad950c0b779,gx-no-cache=1687195279785 HTTP/1.1" 200 30
190.171.143.90 - - [19/Jun/2023:14:37:15 -0300] "POST /cormun/servlet/solicitudot?gx-no-cache=1687195279807 HTTP/1.1" 200 34
190.171.143.90 - - [19/Jun/2023:14:37:16 -0300] "POST /cormun/servlet/solicitudot?268b8ddf8d8eda9423a9ba0261b0fdb9,INS,0,0,false,,gx-no-cache=1687195279831 HTTP/1.1" 200 93
190.171.143.90 - - [19/Jun/2023:14:37:16 -0300] "GET /cormun/servlet/hpexe_return? HTTP/1.1" 200 1003
192.168.10.17 - - [19/Jun/2023:14:37:16 -0300] "GET /cormun/servlet/vesolicitudgral?2023,20342,,SolicitudOTAdjuntos HTTP/1.1" 200 11122
190.171.143.90 - - [19/Jun/2023:14:37:16 -0300] "GET /cormun/servlet/trsolicitudot HTTP/1.1" 200 8810
190.171.143.90 - - [19/Jun/2023:14:37:16 -0300] "GET /cormun/servlet/trsolicitudot HTTP/1.1" 200 8806
192.168.10.17 - - [19/Jun/2023:14:37:17 -0300] "GET /cormun/servlet/vesolicitudgral?2023,20342,,SolicitudOTAdjuntos HTTP/1.1" 200 11127
192.168.10.17 - - [19/Jun/2023:14:37:17 -0300] "POST /cormun/servlet/acontrolpreferencessavestate?None,RRHH+DANIELA,true HTTP/1.1" 200 35
190.171.143.90 - - [19/Jun/2023:14:37:22 -0300] "POST /cormun/servlet/trsolicitudot?268b8ddf8d8eda9423a9ba0261b0fdb9,gx-no-cache=1687195287104 HTTP/1.1" 200 107
190.171.143.90 - - [19/Jun/2023:14:37:22 -0300] "GET /cormun/servlet/trsolicitudadjuntos?2023,20375, HTTP/1.1" 200 6418
190.171.143.90 - - [19/Jun/2023:14:37:23 -0300] "GET /cormun/servlet/trsolicitudadjuntos?2023,20375, HTTP/1.1" 200 6418
190.171.143.90 - - [19/Jun/2023:14:37:26 -0300] "GET /cormun/servlet/solicitudotadjuntos?INS,2023,20375,,1, HTTP/1.1" 200 6359
190.171.143.90 - - [19/Jun/2023:14:37:26 -0300] "GET /cormun/static/about:blank HTTP/1.1" 404 1011
190.171.143.90 - - [19/Jun/2023:14:37:26 -0300] "GET /cormun/servlet/solicitudotadjuntos?INS,2023,20375,,1, HTTP/1.1" 200 6352
190.171.143.90 - - [19/Jun/2023:14:37:26 -0300] "GET /cormun/servlet/solicitudotadjuntos?a50c67216e263dd6cc39d2f1b372b79d1023ac10131041ed72f2f3153b827a1330b886ecebea6db47099182e4df41f23,gx-no-cache=1687195290929 HTTP/1.1" 200 30
190.171.143.90 - - [19/Jun/2023:14:37:26 -0300] "POST /cormun/servlet/solicitudotadjuntos?268b8ddf8d8eda9423a9ba0261b0fdb9,INS,2023,20375,,1,,gx-no-cache=1687195290945 HTTP/1.1" 200 4145
190.171.143.90 - - [19/Jun/2023:14:37:30 -0300] "POST /cormun/servlet/solicitudotadjuntos?gx-no-cache=1687195294709 HTTP/1.1" 200 26
190.171.143.90 - - [19/Jun/2023:14:37:50 -0300] "GET /cormun/servlet/solicitudotadjuntos?a50c67216e263dd6cc39d2f1b372b79d469be5eb497ba3b9ddec7135657f76f6,gx-no-cache=1687195314992 HTTP/1.1" 200 30
190.171.143.90 - - [19/Jun/2023:14:37:50 -0300] "GET /cormun/servlet/solicitudotadjuntos?a50c67216e263dd6cc39d2f1b372b79d469be5eb497ba3b9ddec7135657f76f6,gx-no-cache=1687195315009 HTTP/1.1" 200 30
190.171.143.90 - - [19/Jun/2023:14:37:50 -0300] "POST /cormun/servlet/solicitudotadjuntos?268b8ddf8d8eda9423a9ba0261b0fdb9,INS,2023,20375,,1, HTTP/1.1" 200 116
190.171.143.90 - - [19/Jun/2023:14:37:50 -0300] "GET /cormun/servlet/hpexe_return? HTTP/1.1" 200 1021
190.171.143.90 - - [19/Jun/2023:14:37:51 -0300] "GET /cormun/servlet/trsolicitudadjuntos?2023,20375, HTTP/1.1" 200 9395
190.171.143.90 - - [19/Jun/2023:14:37:51 -0300] "GET /cormun/servlet/trsolicitudadjuntos?2023,20375, HTTP/1.1" 200 9395
190.171.143.90 - - [19/Jun/2023:14:37:53 -0300] "GET /cormun/servlet/solicitudotadjuntos?INS,2023,20375,,1, HTTP/1.1" 200 6359
190.171.143.90 - - [19/Jun/2023:14:37:53 -0300] "GET /cormun/static/about:blank HTTP/1.1" 404 1011
190.171.143.90 - - [19/Jun/2023:14:37:53 -0300] "GET /cormun/servlet/solicitudotadjuntos?INS,2023,20375,,1, HTTP/1.1" 200 6352
190.171.143.90 - - [19/Jun/2023:14:37:54 -0300] "GET /cormun/servlet/solicitudotadjuntos?a50c67216e263dd6cc39d2f1b372b79d1023ac10131041ed72f2f3153b827a1330b886ecebea6db47099182e4df41f23,gx-no-cache=1687195318697 HTTP/1.1" 200 30
190.171.143.90 - - [19/Jun/2023:14:37:54 -0300] "POST /cormun/servlet/solicitudotadjuntos?268b8ddf8d8eda9423a9ba0261b0fdb9,INS,2023,20375,,1,,gx-no-cache=1687195318722 HTTP/1.1" 200 4145
192.168.10.96 - - [19/Jun/2023:14:37:56 -0300] "GET /cormun/servlet/trsolicitudgral? HTTP/1.1" 200 9719
192.168.10.96 - - [19/Jun/2023:14:37:57 -0300] "GET /cormun/servlet/trsolicitudgral? HTTP/1.1" 200 9719
190.171.143.90 - - [19/Jun/2023:14:37:58 -0300] "POST /cormun/servlet/solicitudotadjuntos?gx-no-cache=1687195322265 HTTP/1.1" 200 26
192.168.10.17 - - [19/Jun/2023:14:38:01 -0300] "GET /cormun/servlet/vesolicitudgral?2023,20342,,General HTTP/1.1" 200 8379
192.168.10.17 - - [19/Jun/2023:14:38:01 -0300] "GET /cormun/pexe_scrolldiv.js HTTP/1.1" 404 1009
192.168.10.17 - - [19/Jun/2023:14:38:02 -0300] "GET /cormun/servlet/vesolicitudgral?2023,20342,,General HTTP/1.1" 200 8379
192.168.10.96 - - [19/Jun/2023:14:38:05 -0300] "GET /cormun/servlet/vesolicitudgral?2023,20252,, HTTP/1.1" 200 8445
192.168.10.96 - - [19/Jun/2023:14:38:05 -0300] "GET /cormun/pexe_scrolldiv.js HTTP/1.1" 404 1009
192.168.10.96 - - [19/Jun/2023:14:38:05 -0300] "GET /cormun/servlet/vesolicitudgral?2023,20252,, HTTP/1.1" 200 8444
192.168.10.96 - - [19/Jun/2023:14:38:06 -0300] "GET /cormun/servlet/vesolicitudgral?2023,20252,,SolicitudOTLog HTTP/1.1" 200 10063
192.168.10.96 - - [19/Jun/2023:14:38:06 -0300] "GET /cormun/pexe_scrolldiv.js HTTP/1.1" 404 1009
192.168.10.96 - - [19/Jun/2023:14:38:07 -0300] "GET /cormun/servlet/vesolicitudgral?2023,20252,,SolicitudOTLog HTTP/1.1" 200 10065
192.168.10.96 - - [19/Jun/2023:14:38:08 -0300] "POST /cormun/servlet/acontrolpreferencessavestate?None,RRHH+DANIELA,true HTTP/1.1" 200 35
190.171.143.90 - - [19/Jun/2023:14:38:14 -0300] "GET /cormun/servlet/solicitudotadjuntos?a50c67216e263dd6cc39d2f1b372b79d469be5eb497ba3b9ddec7135657f76f6,gx-no-cache=1687195338433 HTTP/1.1" 200 30
190.171.143.90 - - [19/Jun/2023:14:38:14 -0300] "GET /cormun/servlet/solicitudotadjuntos?a50c67216e263dd6cc39d2f1b372b79d469be5eb497ba3b9ddec7135657f76f6,gx-no-cache=1687195338448 HTTP/1.1" 200 30
190.171.143.90 - - [19/Jun/2023:14:38:14 -0300] "POST /cormun/servlet/solicitudotadjuntos?268b8ddf8d8eda9423a9ba0261b0fdb9,INS,2023,20375,,1, HTTP/1.1" 200 116
190.171.143.90 - - [19/Jun/2023:14:38:14 -0300] "GET /cormun/servlet/hpexe_return? HTTP/1.1" 200 1021
190.171.143.90 - - [19/Jun/2023:14:38:14 -0300] "GET /cormun/servlet/trsolicitudadjuntos?2023,20375, HTTP/1.1" 200 9656
192.168.10.96 - - [19/Jun/2023:14:38:14 -0300] "GET /cormun/servlet/trsolicitudgral? HTTP/1.1" 200 9725
190.171.143.90 - - [19/Jun/2023:14:38:14 -0300] "GET /cormun/servlet/trsolicitudadjuntos?2023,20375, HTTP/1.1" 200 9655
192.168.10.96 - - [19/Jun/2023:14:38:15 -0300] "GET /cormun/servlet/trsolicitudgral? HTTP/1.1" 200 9719
190.171.143.90 - - [19/Jun/2023:14:38:17 -0300] "GET /cormun/servlet/solicitudotadjuntos?INS,2023,20375,,1, HTTP/1.1" 200 6360
190.171.143.90 - - [19/Jun/2023:14:38:17 -0300] "GET /cormun/static/about:blank HTTP/1.1" 404 1011
190.171.143.90 - - [19/Jun/2023:14:38:17 -0300] "GET /cormun/servlet/solicitudotadjuntos?INS,2023,20375,,1, HTTP/1.1" 200 6353
190.171.143.90 - - [19/Jun/2023:14:38:17 -0300] "GET /cormun/servlet/solicitudotadjuntos?a50c67216e263dd6cc39d2f1b372b79d1023ac10131041ed72f2f3153b827a1330b886ecebea6db47099182e4df41f23,gx-no-cache=1687195342233 HTTP/1.1" 200 30
190.171.143.90 - - [19/Jun/2023:14:38:18 -0300] "POST /cormun/servlet/solicitudotadjuntos?268b8ddf8d8eda9423a9ba0261b0fdb9,INS,2023,20375,,1,,gx-no-cache=1687195342247 HTTP/1.1" 200 4148
190.171.143.90 - - [19/Jun/2023:14:38:22 -0300] "POST /cormun/servlet/solicitudotadjuntos?gx-no-cache=1687195346330 HTTP/1.1" 200 26
192.168.10.96 - - [19/Jun/2023:14:38:25 -0300] "POST /cormun/servlet/trsolicitudgral?9b0b1fe4a1f6b5366c7369aad82c63ee,,gx-no-cache=1687195331804 HTTP/1.1" 200 26419
192.168.10.96 - - [19/Jun/2023:14:38:26 -0300] "GET /cormun/static/Resources/PXToolsGridLast.gif HTTP/1.1" 200 370
192.168.10.96 - - [19/Jun/2023:14:38:26 -0300] "GET /cormun/static/Resources/PXToolsGridNext.gif HTTP/1.1" 200 369
190.171.143.90 - - [19/Jun/2023:14:38:32 -0300] "GET /cormun/servlet/solicitudotadjuntos?a50c67216e263dd6cc39d2f1b372b79d469be5eb497ba3b9ddec7135657f76f6,gx-no-cache=1687195357113 HTTP/1.1" 200 30
190.171.143.90 - - [19/Jun/2023:14:38:32 -0300] "GET /cormun/servlet/solicitudotadjuntos?a50c67216e263dd6cc39d2f1b372b79d469be5eb497ba3b9ddec7135657f76f6,gx-no-cache=1687195357128 HTTP/1.1" 200 30
190.171.143.90 - - [19/Jun/2023:14:38:32 -0300] "POST /cormun/servlet/solicitudotadjuntos?268b8ddf8d8eda9423a9ba0261b0fdb9,INS,2023,20375,,1, HTTP/1.1" 200 116
190.171.143.90 - - [19/Jun/2023:14:38:32 -0300] "GET /cormun/servlet/hpexe_return? HTTP/1.1" 200 1021
190.171.143.90 - - [19/Jun/2023:14:38:33 -0300] "GET /cormun/servlet/trsolicitudadjuntos?2023,20375, HTTP/1.1" 200 9910
190.171.143.90 - - [19/Jun/2023:14:38:33 -0300] "GET /cormun/servlet/trsolicitudadjuntos?2023,20375, HTTP/1.1" 200 9909
190.171.143.90 - - [19/Jun/2023:14:38:35 -0300] "GET /cormun/servlet/solicitudotadjuntos?INS,2023,20375,,1, HTTP/1.1" 200 6360
190.171.143.90 - - [19/Jun/2023:14:38:35 -0300] "GET /cormun/static/about:blank HTTP/1.1" 404 1011
190.171.143.90 - - [19/Jun/2023:14:38:35 -0300] "GET /cormun/servlet/solicitudotadjuntos?INS,2023,20375,,1, HTTP/1.1" 200 6353
190.171.143.90 - - [19/Jun/2023:14:38:36 -0300] "GET /cormun/servlet/solicitudotadjuntos?a50c67216e263dd6cc39d2f1b372b79d1023ac10131041ed72f2f3153b827a1330b886ecebea6db47099182e4df41f23,gx-no-cache=1687195360565 HTTP/1.1" 200 30
190.171.143.90 - - [19/Jun/2023:14:38:36 -0300] "POST /cormun/servlet/solicitudotadjuntos?268b8ddf8d8eda9423a9ba0261b0fdb9,INS,2023,20375,,1,,gx-no-cache=1687195360583 HTTP/1.1" 200 4148
190.171.152.234 - - [19/Jun/2023:14:38:36 -0300] "GET /cormun/static/Resources/PXTools/ClosePrompt.png HTTP/1.1" 200 1036
190.171.152.234 - - [19/Jun/2023:14:38:36 -0300] "GET /cormun/static/Resources/resize.gif HTTP/1.1" 200 77
190.171.152.234 - - [19/Jun/2023:14:38:36 -0300] "GET /cormun/servlet/prbanco?,MD,,gxPopupLevel%3D0%3B HTTP/1.1" 200 6566
190.171.152.234 - - [19/Jun/2023:14:38:36 -0300] "GET /cormun/static/gxcfg.js?20201216131581 HTTP/1.1" 200 953
190.171.152.234 - - [19/Jun/2023:14:38:36 -0300] "GET /cormun/static/Resources/PXToolsMenuSearch.png HTTP/1.1" 200 336
190.171.152.234 - - [19/Jun/2023:14:38:36 -0300] "GET /cormun/static/prbanco.js?20201216132311 HTTP/1.1" 200 10693
190.171.152.234 - - [19/Jun/2023:14:38:36 -0300] "GET /cormun/static/Resources/PXToolsMenuSearchCancel.png HTTP/1.1" 200 306
190.171.152.234 - - [19/Jun/2023:14:38:36 -0300] "GET /cormun/static/menusearch.js?20201214473581 HTTP/1.1" 200 1424
190.171.152.234 - - [19/Jun/2023:14:38:36 -0300] "GET /cormun/static/hmpwkw011.js?202211298443482 HTTP/1.1" 200 1968
190.171.143.90 - - [19/Jun/2023:14:38:39 -0300] "POST /cormun/servlet/solicitudotadjuntos?gx-no-cache=1687195363937 HTTP/1.1" 200 26
190.171.152.234 - - [19/Jun/2023:14:38:46 -0300] "GET /cormun/servlet/solicitudot?841f48a9923a7ee8e44b855d85d21810fe16f8d7a55a6a0ddb86ac942baf3e058cbe43ab4b07ea11e97b23ad32780aeae774e2c7c4b9c9b842282e571fe8de8a,gx-no-cache=1687191904055 HTTP/1.1" 200 30
190.171.152.234 - - [19/Jun/2023:14:38:48 -0300] "GET /cormun/servlet/solicitudot?841f48a9923a7ee8e44b855d85d2181028ad05525067b7cee8f7ba2a3fa7a0c6,gx-no-cache=1687191905188 HTTP/1.1" 200 53
190.171.143.90 - - [19/Jun/2023:14:38:53 -0300] "GET /cormun/servlet/solicitudotadjuntos?a50c67216e263dd6cc39d2f1b372b79d469be5eb497ba3b9ddec7135657f76f6,gx-no-cache=1687195378154 HTTP/1.1" 200 30
190.171.143.90 - - [19/Jun/2023:14:38:53 -0300] "GET /cormun/servlet/solicitudotadjuntos?a50c67216e263dd6cc39d2f1b372b79d469be5eb497ba3b9ddec7135657f76f6,gx-no-cache=1687195378166 HTTP/1.1" 200 30
190.171.143.90 - - [19/Jun/2023:14:38:54 -0300] "POST /cormun/servlet/solicitudotadjuntos?268b8ddf8d8eda9423a9ba0261b0fdb9,INS,2023,20375,,1, HTTP/1.1" 200 116
190.171.143.90 - - [19/Jun/2023:14:38:54 -0300] "GET /cormun/servlet/hpexe_return? HTTP/1.1" 200 1021
190.171.143.90 - - [19/Jun/2023:14:38:54 -0300] "GET /cormun/servlet/trsolicitudadjuntos?2023,20375, HTTP/1.1" 200 10148
190.171.143.90 - - [19/Jun/2023:14:38:54 -0300] "GET /cormun/servlet/trsolicitudadjuntos?2023,20375, HTTP/1.1" 200 10149
186.103.157.42 - - [19/Jun/2023:14:38:55 -0300] "GET /cormun/servlet/trpermisosgoce? HTTP/1.1" 200 6023
186.103.157.42 - - [19/Jun/2023:14:38:56 -0300] "GET /cormun/servlet/hlogin HTTP/1.1" 200 1743
186.103.157.42 - - [19/Jun/2023:14:38:56 -0300] "GET /cormun/servlet/trpermisosgoce? HTTP/1.1" 200 6033
190.171.143.90 - - [19/Jun/2023:14:38:56 -0300] "GET /cormun/servlet/solicitudotadjuntos?INS,2023,20375,,1, HTTP/1.1" 200 6360
190.171.143.90 - - [19/Jun/2023:14:38:56 -0300] "GET /cormun/static/about:blank HTTP/1.1" 404 1011
190.171.143.90 - - [19/Jun/2023:14:38:56 -0300] "GET /cormun/servlet/solicitudotadjuntos?INS,2023,20375,,1, HTTP/1.1" 200 6353
190.171.143.90 - - [19/Jun/2023:14:38:57 -0300] "GET /cormun/servlet/solicitudotadjuntos?a50c67216e263dd6cc39d2f1b372b79d1023ac10131041ed72f2f3153b827a1330b886ecebea6db47099182e4df41f23,gx-no-cache=1687195381675 HTTP/1.1" 200 30
190.171.143.90 - - [19/Jun/2023:14:38:57 -0300] "POST /cormun/servlet/solicitudotadjuntos?268b8ddf8d8eda9423a9ba0261b0fdb9,INS,2023,20375,,1,,gx-no-cache=1687195381689 HTTP/1.1" 200 4148
190.171.143.90 - - [19/Jun/2023:14:39:02 -0300] "POST /cormun/servlet/solicitudotadjuntos?gx-no-cache=1687195386705 HTTP/1.1" 200 26
190.171.152.234 - - [19/Jun/2023:14:39:05 -0300] "POST /cormun/servlet/solicitudot?d00ec445628af66bf977e98b7371ab9a,INS,0,0,false,,gx-no-cache=1687191922432 HTTP/1.1" 200 13007
190.171.152.234 - - [19/Jun/2023:14:39:05 -0300] "GET /cormun/static/Shared/jqueryui/images/ui-bg_highlight-soft_100_c6c2c8_1x100.png HTTP/1.1" 404 1117
190.171.152.234 - - [19/Jun/2023:14:39:05 -0300] "GET /cormun/static/Shared/jqueryui/images/ui-icons_82798d_256x240.png HTTP/1.1" 404 1089
190.171.152.234 - - [19/Jun/2023:14:39:05 -0300] "GET /cormun/static/Shared/jqueryui/images/ui-bg_flat_55_fafafa_40x100.png HTTP/1.1" 404 1097
190.171.152.234 - - [19/Jun/2023:14:39:05 -0300] "GET /cormun/static/Shared/jqueryui/images/ui-icons_8d78a5_256x240.png HTTP/1.1" 404 1089
186.103.157.42 - - [19/Jun/2023:14:39:09 -0300] "POST /cormun/servlet/hlogin?4d641de7342f8f034b3889742583d073,gx-no-cache=1687195727591 HTTP/1.1" 200 90
186.103.157.42 - - [19/Jun/2023:14:39:09 -0300] "GET /cormun/servlet/hpexe_link HTTP/1.1" 200 960
186.103.157.42 - - [19/Jun/2023:14:39:09 -0300] "GET /cormun/servlet/trpermisosgoce HTTP/1.1" 200 11499
186.103.157.42 - - [19/Jun/2023:14:39:09 -0300] "GET /cormun/servlet/trpermisosgoce HTTP/1.1" 200 11497
190.171.143.90 - - [19/Jun/2023:14:39:14 -0300] "GET /cormun/servlet/solicitudotadjuntos?a50c67216e263dd6cc39d2f1b372b79d469be5eb497ba3b9ddec7135657f76f6,gx-no-cache=1687195398328 HTTP/1.1" 200 30
190.171.143.90 - - [19/Jun/2023:14:39:14 -0300] "GET /cormun/servlet/solicitudotadjuntos?a50c67216e263dd6cc39d2f1b372b79d469be5eb497ba3b9ddec7135657f76f6,gx-no-cache=1687195398345 HTTP/1.1" 200 30
190.171.143.90 - - [19/Jun/2023:14:39:14 -0300] "POST /cormun/servlet/solicitudotadjuntos?268b8ddf8d8eda9423a9ba0261b0fdb9,INS,2023,20375,,1, HTTP/1.1" 200 116
190.171.143.90 - - [19/Jun/2023:14:39:14 -0300] "GET /cormun/servlet/hpexe_return? HTTP/1.1" 200 1021
190.171.143.90 - - [19/Jun/2023:14:39:14 -0300] "GET /cormun/servlet/trsolicitudadjuntos?2023,20375, HTTP/1.1" 200 10439
190.171.143.90 - - [19/Jun/2023:14:39:14 -0300] "GET /cormun/servlet/trsolicitudadjuntos?2023,20375, HTTP/1.1" 200 10431
186.103.157.42 - - [19/Jun/2023:14:39:17 -0300] "GET /cormun/servlet/trlicencias? HTTP/1.1" 200 12626
190.171.143.90 - - [19/Jun/2023:14:39:17 -0300] "GET /cormun/servlet/solicitudotadjuntos?INS,2023,20375,,1, HTTP/1.1" 200 6359
190.171.143.90 - - [19/Jun/2023:14:39:17 -0300] "GET /cormun/static/about:blank HTTP/1.1" 404 1011
190.171.143.90 - - [19/Jun/2023:14:39:17 -0300] "GET /cormun/servlet/solicitudotadjuntos?INS,2023,20375,,1, HTTP/1.1" 200 6352
186.103.157.42 - - [19/Jun/2023:14:39:17 -0300] "GET /cormun/servlet/trlicencias? HTTP/1.1" 200 12620
190.171.143.90 - - [19/Jun/2023:14:39:17 -0300] "GET /cormun/servlet/solicitudotadjuntos?a50c67216e263dd6cc39d2f1b372b79d1023ac10131041ed72f2f3153b827a1330b886ecebea6db47099182e4df41f23,gx-no-cache=1687195402125 HTTP/1.1" 200 30
190.171.143.90 - - [19/Jun/2023:14:39:17 -0300] "POST /cormun/servlet/solicitudotadjuntos?268b8ddf8d8eda9423a9ba0261b0fdb9,INS,2023,20375,,1,,gx-no-cache=1687195402141 HTTP/1.1" 200 4144
190.171.143.90 - - [19/Jun/2023:14:39:28 -0300] "POST /cormun/servlet/solicitudotadjuntos?gx-no-cache=1687195412392 HTTP/1.1" 200 26
190.171.152.234 - - [19/Jun/2023:14:39:30 -0300] "GET /cormun/servlet/solicitudot?841f48a9923a7ee8e44b855d85d21810cbddbdf3d11781429c9af5f653b92f93490214a8e07680d4b90f780bef5cb16bbe443d3df2aa3408afab501c6d373778,gx-no-cache=1687191947218 HTTP/1.1" 200 53
190.171.152.234 - - [19/Jun/2023:14:39:31 -0300] "POST /cormun/servlet/solicitudot?gx-no-cache=1687191948533 HTTP/1.1" 200 255
190.171.152.234 - - [19/Jun/2023:14:39:33 -0300] "GET /cormun/servlet/solicitudot?841f48a9923a7ee8e44b855d85d218102371982dce6079430e3e3f7e87f023a75dda1a57ef7ce86e2745b833159abc08bf737af062b3c38f1fc911f035c10f08f43ea61b48675161f1771da36f8289b0a4bb75fa6ef8ead1989730ef5a67e77a84a1f91718b8ab02829c3658822db43eb6fbfa709a8eb37a4d722f108eb615e5a618caae47983dcedccd8ddae299371fdde1077d6d6653ef63a507ef9ea4724c9d1aec8468641e3eaeb339ea8cebc2623b4b1ca13f4529a402c76ed4088cae578da78397016345839b1638a844e3e9daa635b0e0a6a416ab604d288dbdc95505e6b3f65f791828905718d76834dd5ad7d7ce7b73f62370f23ce5ead8e5c7e40ab3c78e2ce41aaea3e4633f57b638fa1c236139f93eb9311c327ebeb58dc791721c41b894d93cd137cd04b210716c1d180c58aa92e4ab559d46451841c6fed6fd602e1436c4f0dc1a3a6dafe0addc6f78f340ba117ab60f5c0e906c3886b913aafa28eb6c6435e78415c1043b286fe8fb88ab37438a05fcbc2df11af394b6cf98,gx-no-cache=1687191950406 HTTP/1.1" 200 30
190.171.152.234 - - [19/Jun/2023:14:39:36 -0300] "POST /cormun/servlet/solicitudot?gx-no-cache=1687191953900 HTTP/1.1" 200 30
190.171.152.234 - - [19/Jun/2023:14:39:37 -0300] "POST /cormun/servlet/solicitudot?gx-no-cache=1687191955138 HTTP/1.1" 200 1466
190.171.152.234 - - [19/Jun/2023:14:39:38 -0300] "POST /cormun/servlet/solicitudot?gx-no-cache=1687191955173 HTTP/1.1" 200 38
190.171.143.90 - - [19/Jun/2023:14:39:43 -0300] "GET /cormun/servlet/solicitudotadjuntos?a50c67216e263dd6cc39d2f1b372b79d469be5eb497ba3b9ddec7135657f76f6,gx-no-cache=1687195427448 HTTP/1.1" 200 30
190.171.143.90 - - [19/Jun/2023:14:39:43 -0300] "GET /cormun/servlet/solicitudotadjuntos?a50c67216e263dd6cc39d2f1b372b79d469be5eb497ba3b9ddec7135657f76f6,gx-no-cache=1687195427459 HTTP/1.1" 200 30
190.171.143.90 - - [19/Jun/2023:14:39:43 -0300] "POST /cormun/servlet/solicitudotadjuntos?268b8ddf8d8eda9423a9ba0261b0fdb9,INS,2023,20375,,1, HTTP/1.1" 200 116
190.171.143.90 - - [19/Jun/2023:14:39:43 -0300] "GET /cormun/servlet/hpexe_return? HTTP/1.1" 200 1021
190.171.143.90 - - [19/Jun/2023:14:39:43 -0300] "GET /cormun/servlet/trsolicitudadjuntos?2023,20375, HTTP/1.1" 200 10599
190.171.143.90 - - [19/Jun/2023:14:39:43 -0300] "GET /cormun/servlet/trsolicitudadjuntos?2023,20375, HTTP/1.1" 200 10596
190.171.143.90 - - [19/Jun/2023:14:39:58 -0300] "GET /cormun/servlet/trsolicitudot? HTTP/1.1" 200 8813
190.171.143.90 - - [19/Jun/2023:14:39:58 -0300] "GET /cormun/servlet/trsolicitudot? HTTP/1.1" 200 8806
190.171.143.90 - - [19/Jun/2023:14:40:08 -0300] "POST /cormun/servlet/trsolicitudot?268b8ddf8d8eda9423a9ba0261b0fdb9,,gx-no-cache=1687195452358 HTTP/1.1" 200 4602
190.171.143.90 - - [19/Jun/2023:14:40:08 -0300] "GET /cormun/static/Shared/jqueryui/images/ui-bg_highlight-soft_100_c6c2c8_1x100.png HTTP/1.1" 404 1117
190.171.143.90 - - [19/Jun/2023:14:40:08 -0300] "GET /cormun/static/Shared/jqueryui/images/ui-icons_82798d_256x240.png HTTP/1.1" 404 1089
190.171.143.90 - - [19/Jun/2023:14:40:08 -0300] "GET /cormun/static/Shared/jqueryui/images/ui-bg_flat_55_fafafa_40x100.png HTTP/1.1" 404 1097
190.171.143.90 - - [19/Jun/2023:14:40:08 -0300] "GET /cormun/static/Shared/jqueryui/images/ui-icons_8d78a5_256x240.png HTTP/1.1" 404 1089
190.171.143.90 - - [19/Jun/2023:14:40:08 -0300] "POST /cormun/servlet/trsolicitudot?268b8ddf8d8eda9423a9ba0261b0fdb9,,gx-no-cache=1687195452537 HTTP/1.1" 200 4359
190.171.143.90 - - [19/Jun/2023:14:40:12 -0300] "GET /cormun/servlet/trsolicitudot? HTTP/1.1" 200 7353
190.171.143.90 - - [19/Jun/2023:14:40:12 -0300] "GET /cormun/servlet/trsolicitudot? HTTP/1.1" 200 7353
190.171.143.90 - - [19/Jun/2023:14:40:19 -0300] "GET /cormun/servlet/trvisualizadoreventos? HTTP/1.1" 200 7094
190.171.143.90 - - [19/Jun/2023:14:40:20 -0300] "GET /cormun/servlet/trvisualizadoreventos? HTTP/1.1" 200 7093
190.171.143.90 - - [19/Jun/2023:14:40:23 -0300] "GET /cormun/servlet/trvisualizadoreventos? HTTP/1.1" 200 7093
190.171.143.90 - - [19/Jun/2023:14:40:23 -0300] "GET /cormun/servlet/trvisualizadoreventos? HTTP/1.1" 200 7093
190.171.143.90 - - [19/Jun/2023:14:40:27 -0300] "GET /cormun/servlet/trautorizarsolicitud? HTTP/1.1" 200 8827
190.171.143.90 - - [19/Jun/2023:14:40:28 -0300] "GET /cormun/servlet/trautorizarsolicitud? HTTP/1.1" 200 8826
41.186.73.134 - - [19/Jun/2023:14:40:34 -0300] "GET /manager/html HTTP/1.1" 401 2474
192.168.10.96 - - [19/Jun/2023:14:40:40 -0300] "POST /cormun/servlet/trsolicitudgral?9b0b1fe4a1f6b5366c7369aad82c63ee,,gx-no-cache=1687195467414 HTTP/1.1" 200 6673
192.168.10.17 - - [19/Jun/2023:14:40:50 -0300] "GET /cormun/servlet/trsolicitudgral? HTTP/1.1" 200 10883
192.168.10.17 - - [19/Jun/2023:14:40:50 -0300] "GET /cormun/servlet/trsolicitudgral? HTTP/1.1" 200 10877
192.168.10.17 - - [19/Jun/2023:14:40:56 -0300] "GET /cormun/servlet/vesolicitudgral?2023,20350,, HTTP/1.1" 200 8400
192.168.10.17 - - [19/Jun/2023:14:40:56 -0300] "GET /cormun/pexe_scrolldiv.js HTTP/1.1" 404 1009
192.168.10.17 - - [19/Jun/2023:14:40:57 -0300] "GET /cormun/servlet/vesolicitudgral?2023,20350,, HTTP/1.1" 200 8398
41.186.73.134 - - [19/Jun/2023:14:41:08 -0300] "GET /manager/html HTTP/1.1" 401 2474
192.168.10.96 - - [19/Jun/2023:14:41:34 -0300] "POST /cormun/servlet/trsolicitudgral?9b0b1fe4a1f6b5366c7369aad82c63ee,,gx-no-cache=1687195521735 HTTP/1.1" 200 6709
192.168.10.96 - - [19/Jun/2023:14:41:34 -0300] "GET /cormun/static/Shared/jqueryui/images/ui-bg_highlight-soft_100_c6c2c8_1x100.png HTTP/1.1" 404 1117
192.168.10.96 - - [19/Jun/2023:14:41:34 -0300] "GET /cormun/static/Shared/jqueryui/images/ui-icons_82798d_256x240.png HTTP/1.1" 404 1089
192.168.10.96 - - [19/Jun/2023:14:41:34 -0300] "GET /cormun/static/Shared/jqueryui/images/ui-icons_8d78a5_256x240.png HTTP/1.1" 404 1089
192.168.10.96 - - [19/Jun/2023:14:41:34 -0300] "GET /cormun/static/Shared/jqueryui/images/ui-bg_flat_55_fafafa_40x100.png HTTP/1.1" 404 1097
192.168.10.96 - - [19/Jun/2023:14:41:36 -0300] "GET /cormun/servlet/trautorizarot? HTTP/1.1" 200 9560
192.168.10.96 - - [19/Jun/2023:14:41:36 -0300] "GET /cormun/servlet/trautorizarot? HTTP/1.1" 200 9559
192.168.10.96 - - [19/Jun/2023:14:41:38 -0300] "POST /cormun/servlet/trautorizarot?9b0b1fe4a1f6b5366c7369aad82c63ee,,gx-no-cache=1687195525832 HTTP/1.1" 200 5338
192.168.10.96 - - [19/Jun/2023:14:42:03 -0300] "GET /cormun/servlet/trsolicitudgral? HTTP/1.1" 200 9721
192.168.10.96 - - [19/Jun/2023:14:42:04 -0300] "GET /cormun/servlet/trsolicitudgral? HTTP/1.1" 200 9720
192.168.10.96 - - [19/Jun/2023:14:42:06 -0300] "GET /cormun/servlet/vesolicitudgral?2023,20250,, HTTP/1.1" 200 8399
192.168.10.96 - - [19/Jun/2023:14:42:06 -0300] "GET /cormun/pexe_scrolldiv.js HTTP/1.1" 404 1009
192.168.10.96 - - [19/Jun/2023:14:42:06 -0300] "GET /cormun/servlet/vesolicitudgral?2023,20250,, HTTP/1.1" 200 8398
190.171.154.42 - - [19/Jun/2023:14:42:08 -0300] "GET /cormun/servlet/trsolicitudot? HTTP/1.1" 200 6326
190.171.154.42 - - [19/Jun/2023:14:42:08 -0300] "GET /cormun/static/gxcfg.js?20221129846531 HTTP/1.1" 200 953
190.171.154.42 - - [19/Jun/2023:14:42:08 -0300] "GET /cormun/static/trsolicitudot.js?202211298465651 HTTP/1.1" 200 54040
190.171.154.42 - - [19/Jun/2023:14:42:08 -0300] "GET /cormun/servlet/hlogin HTTP/1.1" 200 1739
190.171.154.42 - - [19/Jun/2023:14:42:08 -0300] "GET /cormun/servlet/trsolicitudot? HTTP/1.1" 200 6323
190.171.154.42 - - [19/Jun/2023:14:42:19 -0300] "POST /cormun/servlet/hlogin?7a3e261620666fc707b9db1f0abb7a50,gx-no-cache=1687195583754 HTTP/1.1" 200 90
190.171.154.42 - - [19/Jun/2023:14:42:20 -0300] "GET /cormun/servlet/hpexe_link HTTP/1.1" 200 957
190.171.154.42 - - [19/Jun/2023:14:42:20 -0300] "GET /cormun/servlet/trsolicitudot HTTP/1.1" 200 9204
190.171.154.42 - - [19/Jun/2023:14:42:20 -0300] "GET /cormun//static/Resources/PXToolsActionView.png HTTP/1.1" 200 398
190.171.154.42 - - [19/Jun/2023:14:42:20 -0300] "GET /cormun//static/Resources/PXToolsRemoveAllAction.png HTTP/1.1" 200 487
190.171.154.42 - - [19/Jun/2023:14:42:20 -0300] "GET /cormun/servlet/trsolicitudot HTTP/1.1" 200 9203
190.171.143.90 - - [19/Jun/2023:14:42:21 -0300] "GET /cormun/servlet/treventos?2023,20375, HTTP/1.1" 200 8579
190.171.143.90 - - [19/Jun/2023:14:42:21 -0300] "GET /cormun/static/gxcfg.js?20201215584657 HTTP/1.1" 200 953
190.171.143.90 - - [19/Jun/2023:14:42:21 -0300] "GET /cormun/static/treventos.js?2020121558506 HTTP/1.1" 200 16063
190.171.143.90 - - [19/Jun/2023:14:42:21 -0300] "GET /cormun/servlet/treventos?2023,20375, HTTP/1.1" 200 8574
190.171.154.42 - - [19/Jun/2023:14:42:24 -0300] "GET /cormun/servlet/trsolicitudot? HTTP/1.1" 200 9203
190.171.154.42 - - [19/Jun/2023:14:42:24 -0300] "GET /cormun/servlet/trsolicitudot? HTTP/1.1" 200 9203
190.171.143.90 - - [19/Jun/2023:14:42:26 -0300] "GET /cormun/servlet/trautorizarsolicitud? HTTP/1.1" 200 8827
190.171.143.90 - - [19/Jun/2023:14:42:26 -0300] "GET /cormun/servlet/trautorizarsolicitud? HTTP/1.1" 200 8826
