190.171.142.10 - - [19/Jun/2023:16:15:13 -0300] "GET /cormun/static/gxcfg.js?20201215571085 HTTP/1.1" 200 953
190.171.142.10 - - [19/Jun/2023:16:15:13 -0300] "GET /cormun/static/prfichaempleado.js?20201215572193 HTTP/1.1" 200 16005
190.171.142.42 - - [19/Jun/2023:16:15:17 -0300] "GET /cormun/servlet/trlicencias? HTTP/1.1" 200 14447
192.168.10.17 - - [19/Jun/2023:16:15:17 -0300] "GET /cormun/servlet/trsolicitudgral? HTTP/1.1" 500 10
190.171.142.42 - - [19/Jun/2023:16:15:17 -0300] "GET /cormun/servlet/trlicencias? HTTP/1.1" 200 14444
192.168.10.17 - - [19/Jun/2023:16:15:18 -0300] "GET /cormun/servlet/trsolicitudgral? HTTP/1.1" 500 10
190.171.142.10 - - [19/Jun/2023:16:15:25 -0300] "POST /cormun/servlet/prfichaempleado?717818a9ad32ab00e53887df7fbd6477,,MD,,gxPopupLevel%3D0%3B,gx-no-cache=1687201170451 HTTP/1.1" 200 3777
190.171.142.10 - - [19/Jun/2023:16:15:33 -0300] "POST /cormun/servlet/solicitudot?gx-no-cache=1687201178335 HTTP/1.1" 200 1470
190.171.142.10 - - [19/Jun/2023:16:15:46 -0300] "POST /cormun/servlet/solicitudot?gx-no-cache=1687201190987 HTTP/1.1" 200 118
190.171.142.10 - - [19/Jun/2023:16:15:46 -0300] "GET /cormun/servlet/solicitudot?e36972f68cf19f5ecf16b39f6e158f180c70a587d6a5476d9381f36c6361f0875c9b889723c1fff9ce7a51d5a40e359a20384c0b6429ef8079c499e8c5df0c9ebfd14a3e890bd43bb5f2d165e37fd8b4a54ebb438138fe4b8a92d16d6a8f3418085515336b380c28449cf5946b9ea120,gx-no-cache=1687201191023 HTTP/1.1" 200 110
190.171.142.10 - - [19/Jun/2023:16:15:46 -0300] "POST /cormun/servlet/solicitudot?gx-no-cache=1687201191048 HTTP/1.1" 200 110
190.171.142.42 - - [19/Jun/2023:16:15:47 -0300] "GET /cormun/servlet/trautorizarsolicitud? HTTP/1.1" 200 11037
190.171.142.42 - - [19/Jun/2023:16:15:47 -0300] "GET /cormun/servlet/trautorizarsolicitud? HTTP/1.1" 200 11037
192.168.10.17 - - [19/Jun/2023:16:15:49 -0300] "GET /cormun/servlet/trsolicitudgral? HTTP/1.1" 500 10
190.171.142.42 - - [19/Jun/2023:16:15:51 -0300] "POST /cormun/servlet/trautorizarsolicitud?a1444d05512261b62bb0a0f84c2b3403,,gx-no-cache=1687201196980 HTTP/1.1" 200 8287
190.171.142.42 - - [19/Jun/2023:16:15:51 -0300] "GET /cormun/static/Shared/jqueryui/images/ui-bg_highlight-soft_100_c6c2c8_1x100.png HTTP/1.1" 404 1117
190.171.142.42 - - [19/Jun/2023:16:15:51 -0300] "GET /cormun/static/Shared/jqueryui/images/ui-icons_82798d_256x240.png HTTP/1.1" 404 1089
190.171.142.42 - - [19/Jun/2023:16:15:51 -0300] "GET /cormun/static/Shared/jqueryui/images/ui-bg_flat_55_fafafa_40x100.png HTTP/1.1" 404 1097
190.171.142.42 - - [19/Jun/2023:16:15:51 -0300] "GET /cormun/static/Shared/jqueryui/images/ui-icons_8d78a5_256x240.png HTTP/1.1" 404 1089
190.171.142.42 - - [19/Jun/2023:16:15:52 -0300] "POST /cormun/servlet/trautorizarsolicitud?a1444d05512261b62bb0a0f84c2b3403,,gx-no-cache=1687201198128 HTTP/1.1" 200 8287
40.77.167.124 - - [19/Jun/2023:16:15:57 -0300] "GET /cormun/servlet/trautorizarsolicitud HTTP/1.1" 200 6213
190.171.142.10 - - [19/Jun/2023:16:16:18 -0300] "POST /cormun/servlet/solicitudot?gx-no-cache=1687201223382 HTTP/1.1" 200 30
190.171.142.10 - - [19/Jun/2023:16:16:23 -0300] "POST /cormun/servlet/solicitudot?gx-no-cache=1687201228135 HTTP/1.1" 200 1470
190.171.142.10 - - [19/Jun/2023:16:16:23 -0300] "POST /cormun/servlet/solicitudot?gx-no-cache=1687201228213 HTTP/1.1" 200 38
190.171.142.10 - - [19/Jun/2023:16:16:23 -0300] "GET /cormun/servlet/solicitudot?e36972f68cf19f5ecf16b39f6e158f180c70a587d6a5476d9381f36c6361f0875c9b889723c1fff9ce7a51d5a40e359a20384c0b6429ef8079c499e8c5df0c9ebfd14a3e890bd43bb5f2d165e37fd8b4a54ebb438138fe4b8a92d16d6a8f3418085515336b380c28449cf5946b9ea120,gx-no-cache=1687201228234 HTTP/1.1" 200 110
190.171.142.10 - - [19/Jun/2023:16:16:23 -0300] "POST /cormun/servlet/solicitudot?gx-no-cache=1687201228255 HTTP/1.1" 200 110
190.171.142.42 - - [19/Jun/2023:16:16:46 -0300] "POST /cormun/servlet/trautorizarsolicitud?a1444d05512261b62bb0a0f84c2b3403,,gx-no-cache=1687201251957 HTTP/1.1" 200 8287
190.171.142.42 - - [19/Jun/2023:16:16:47 -0300] "POST /cormun/servlet/trautorizarsolicitud?a1444d05512261b62bb0a0f84c2b3403,,gx-no-cache=1687201252977 HTTP/1.1" 200 8287
190.171.142.42 - - [19/Jun/2023:16:16:48 -0300] "POST /cormun/servlet/trautorizarsolicitud?a1444d05512261b62bb0a0f84c2b3403,,gx-no-cache=1687201253773 HTTP/1.1" 200 8286
190.171.142.42 - - [19/Jun/2023:16:16:49 -0300] "POST /cormun/servlet/trautorizarsolicitud?a1444d05512261b62bb0a0f84c2b3403,,gx-no-cache=1687201254615 HTTP/1.1" 200 8286
190.171.142.42 - - [19/Jun/2023:16:16:50 -0300] "POST /cormun/servlet/trautorizarsolicitud?a1444d05512261b62bb0a0f84c2b3403,,gx-no-cache=1687201255433 HTTP/1.1" 200 8286
190.171.142.42 - - [19/Jun/2023:16:16:51 -0300] "POST /cormun/servlet/trautorizarsolicitud?a1444d05512261b62bb0a0f84c2b3403,,gx-no-cache=1687201256325 HTTP/1.1" 200 8286
190.171.142.42 - - [19/Jun/2023:16:16:56 -0300] "GET /cormun/servlet/trautorizarsolicitud? HTTP/1.1" 200 11037
190.171.142.42 - - [19/Jun/2023:16:16:56 -0300] "GET /cormun/servlet/trautorizarsolicitud? HTTP/1.1" 200 11037
190.171.142.42 - - [19/Jun/2023:16:16:59 -0300] "POST /cormun/servlet/trautorizarsolicitud?a1444d05512261b62bb0a0f84c2b3403,,gx-no-cache=1687201264298 HTTP/1.1" 200 107
190.171.142.42 - - [19/Jun/2023:16:16:59 -0300] "GET /cormun/servlet/trsolicitudadjuntos?2023,20370, HTTP/1.1" 200 10325
190.171.142.42 - - [19/Jun/2023:16:16:59 -0300] "GET /cormun/servlet/trsolicitudadjuntos?2023,20370, HTTP/1.1" 200 10334
190.171.142.42 - - [19/Jun/2023:16:17:04 -0300] "GET /cormun/servlet/trautorizarsolicitud? HTTP/1.1" 200 11044
190.171.142.42 - - [19/Jun/2023:16:17:04 -0300] "GET /cormun/servlet/trautorizarsolicitud? HTTP/1.1" 200 11037
190.171.142.42 - - [19/Jun/2023:16:17:09 -0300] "POST /cormun/servlet/trautorizarsolicitud?a1444d05512261b62bb0a0f84c2b3403,,gx-no-cache=1687201274217 HTTP/1.1" 200 8299
190.171.142.42 - - [19/Jun/2023:16:17:09 -0300] "GET /cormun/static/Shared/jqueryui/images/ui-bg_highlight-soft_100_c6c2c8_1x100.png HTTP/1.1" 404 1117
190.171.142.42 - - [19/Jun/2023:16:17:09 -0300] "GET /cormun/static/Shared/jqueryui/images/ui-icons_82798d_256x240.png HTTP/1.1" 404 1089
190.171.142.42 - - [19/Jun/2023:16:17:09 -0300] "GET /cormun/static/Shared/jqueryui/images/ui-bg_flat_55_fafafa_40x100.png HTTP/1.1" 404 1097
190.171.142.42 - - [19/Jun/2023:16:17:09 -0300] "GET /cormun/static/Shared/jqueryui/images/ui-icons_8d78a5_256x240.png HTTP/1.1" 404 1089
190.171.142.42 - - [19/Jun/2023:16:17:10 -0300] "POST /cormun/servlet/trautorizarsolicitud?a1444d05512261b62bb0a0f84c2b3403,,gx-no-cache=1687201275299 HTTP/1.1" 200 8299
190.171.142.42 - - [19/Jun/2023:16:17:10 -0300] "POST /cormun/servlet/trautorizarsolicitud?a1444d05512261b62bb0a0f84c2b3403,,gx-no-cache=1687201276030 HTTP/1.1" 200 8298
190.171.142.42 - - [19/Jun/2023:16:17:12 -0300] "POST /cormun/servlet/trautorizarsolicitud?a1444d05512261b62bb0a0f84c2b3403,,gx-no-cache=1687201277331 HTTP/1.1" 200 8292
190.171.142.42 - - [19/Jun/2023:16:17:12 -0300] "POST /cormun/servlet/trautorizarsolicitud?a1444d05512261b62bb0a0f84c2b3403,,gx-no-cache=1687201278102 HTTP/1.1" 200 8292
190.171.142.42 - - [19/Jun/2023:16:17:14 -0300] "POST /cormun/servlet/trautorizarsolicitud?a1444d05512261b62bb0a0f84c2b3403,,gx-no-cache=1687201279678 HTTP/1.1" 200 107
190.171.142.42 - - [19/Jun/2023:16:17:14 -0300] "GET /cormun/servlet/trsolicitudadjuntos?2023,20283, HTTP/1.1" 200 9700
190.171.142.42 - - [19/Jun/2023:16:17:14 -0300] "GET /cormun/servlet/trsolicitudadjuntos?2023,20283, HTTP/1.1" 200 9709
192.168.10.17 - - [19/Jun/2023:16:17:21 -0300] "GET /cormun/servlet/trsolicitudgral? HTTP/1.1" 500 10
192.168.10.17 - - [19/Jun/2023:16:17:24 -0300] "GET /cormun/servlet/trsolicitudgral? HTTP/1.1" 500 10
192.168.10.17 - - [19/Jun/2023:16:17:28 -0300] "GET /cormun/servlet/trsolicitudgral? HTTP/1.1" 500 10
192.168.10.17 - - [19/Jun/2023:16:17:31 -0300] "GET /cormun/servlet/trsolicitudgral? HTTP/1.1" 500 10
192.168.10.17 - - [19/Jun/2023:16:17:37 -0300] "GET /cormun/servlet/trsolicitudgral? HTTP/1.1" 500 10
192.168.10.17 - - [19/Jun/2023:16:17:40 -0300] "GET /cormun/servlet/trsolicitudgral? HTTP/1.1" 500 10
190.171.142.42 - - [19/Jun/2023:16:17:44 -0300] "GET /cormun/servlet/trautorizarsolicitud? HTTP/1.1" 200 11044
190.171.142.42 - - [19/Jun/2023:16:17:44 -0300] "GET /cormun/servlet/trautorizarsolicitud? HTTP/1.1" 200 11037
190.171.142.42 - - [19/Jun/2023:16:17:48 -0300] "POST /cormun/servlet/trautorizarsolicitud?a1444d05512261b62bb0a0f84c2b3403,,gx-no-cache=1687201313879 HTTP/1.1" 200 107
190.171.142.42 - - [19/Jun/2023:16:17:48 -0300] "GET /cormun/servlet/trsolicitudadjuntos?2023,20283, HTTP/1.1" 200 9700
190.171.142.42 - - [19/Jun/2023:16:17:49 -0300] "GET /cormun/servlet/trsolicitudadjuntos?2023,20283, HTTP/1.1" 200 9710
192.168.10.17 - - [19/Jun/2023:16:17:50 -0300] "GET /cormun/servlet/hlogin HTTP/1.1" 200 1724
190.171.142.42 - - [19/Jun/2023:16:17:57 -0300] "GET /cormun/servlet/trautorizarsolicitud? HTTP/1.1" 200 11044
190.171.142.42 - - [19/Jun/2023:16:17:57 -0300] "GET /cormun/servlet/trautorizarsolicitud? HTTP/1.1" 200 11037
192.168.10.17 - - [19/Jun/2023:16:17:59 -0300] "POST /cormun/servlet/hlogin?51c5476c0c62d22b95d37be1da2e4c05,gx-no-cache=1687201306064 HTTP/1.1" 200 90
192.168.10.17 - - [19/Jun/2023:16:17:59 -0300] "GET /cormun/servlet/hpexe_link HTTP/1.1" 200 956
192.168.10.17 - - [19/Jun/2023:16:17:59 -0300] "GET /cormun/servlet/hhome HTTP/1.1" 200 3807
192.168.10.17 - - [19/Jun/2023:16:17:59 -0300] "GET /cormun/servlet/hhome HTTP/1.1" 200 3804
190.171.142.42 - - [19/Jun/2023:16:18:01 -0300] "GET /cormun/servlet/veautorizarsolicitud?2023,20267,, HTTP/1.1" 200 8644
190.171.142.42 - - [19/Jun/2023:16:18:01 -0300] "GET /cormun/pexe_scrolldiv.js HTTP/1.1" 404 1009
190.171.142.42 - - [19/Jun/2023:16:18:01 -0300] "GET /cormun/servlet/veautorizarsolicitud?2023,20267,, HTTP/1.1" 200 8642
192.168.10.17 - - [19/Jun/2023:16:18:03 -0300] "GET /cormun/servlet/trsolicitudgral? HTTP/1.1" 200 18315
190.171.142.42 - - [19/Jun/2023:16:18:04 -0300] "GET /cormun/servlet/veautorizarsolicitud?2023,20267,,SolicitudOTAdjuntos HTTP/1.1" 200 11401
192.168.10.17 - - [19/Jun/2023:16:18:04 -0300] "GET /cormun/servlet/trsolicitudgral? HTTP/1.1" 200 18313
190.171.142.42 - - [19/Jun/2023:16:18:04 -0300] "GET /cormun/pexe_scrolldiv.js HTTP/1.1" 404 1009
190.171.142.42 - - [19/Jun/2023:16:18:05 -0300] "GET /cormun/servlet/veautorizarsolicitud?2023,20267,,SolicitudOTAdjuntos HTTP/1.1" 200 11404
190.171.142.42 - - [19/Jun/2023:16:18:05 -0300] "POST /cormun/servlet/acontrolpreferencessavestate?None,ICESPEDES,true HTTP/1.1" 200 35
190.171.142.10 - - [19/Jun/2023:16:18:07 -0300] "POST /cormun/servlet/solicitudot?gx-no-cache=1687201332667 HTTP/1.1" 200 30
41.186.73.134 - - [19/Jun/2023:16:18:42 -0300] "GET /manager/html HTTP/1.1" 401 2474
41.186.73.134 - - [19/Jun/2023:16:19:16 -0300] "GET /manager/html HTTP/1.1" 401 2474
190.171.142.10 - - [19/Jun/2023:16:19:38 -0300] "GET /cormun/servlet/solicitudot?e36972f68cf19f5ecf16b39f6e158f180cf428b47bac162b1f7cc9bed7a3a8e02f967c9a7da470d1192172e17da1b3608b878575ca5d5836ffa83b91d5b15953,gx-no-cache=1687201423268 HTTP/1.1" 200 30
190.171.142.10 - - [19/Jun/2023:16:19:38 -0300] "GET /cormun/servlet/solicitudot?e36972f68cf19f5ecf16b39f6e158f1864f5cf660b890306904ce11f2373fc69e89c3b3a5dd793af9912e5e4de8b391c2778f9415cb7e1cc99f3770f9141076c4899c25c3ff3a05f3c2799cf375fbff097ef0c6cf1e84ae6c55a714aaff8dee061d08d7eb3d5b5ea3c0c04e73f386e225b84e9f278e73b89e6c37b7b9c2567964a727860f7f64f124a85c2da380ba818c3c623fcb6707c15547f1ecfc48486872c431278b87c91a2f250d08c4c9908f323286dbebf91b2e571f0d205b9b1ecbc7ef1bf4f6784b8ff22ad021dca4155d3298430b6e81a06c817e01b62f92dff45e51661bb814308c20bb8d9456e7899da321054872a416f275a3efb43e17066f07a043e00a03a89db752d230578e1b23f675eca4dacafd84cd3615d02c1e6a2794b90ad632ff594a5e0e610cbb06fcfe8335a128bf167214a65d38d26829598b33beffc94ec880b37781f1f6cd58536ca6754769507f9a636a65e991260c6d5110728b63bbc353afec0b2cb061076a12857e8ed9b99469ca3797706d0895afeaf,gx-no-cache=1687201423296 HTTP/1.1" 200 30
190.171.142.10 - - [19/Jun/2023:16:19:38 -0300] "POST /cormun/servlet/solicitudot?gx-no-cache=1687201423350 HTTP/1.1" 200 30
190.171.142.10 - - [19/Jun/2023:16:19:38 -0300] "POST /cormun/servlet/solicitudot?gx-no-cache=1687201423372 HTTP/1.1" 200 1470
190.171.142.10 - - [19/Jun/2023:16:19:38 -0300] "POST /cormun/servlet/solicitudot?gx-no-cache=1687201423440 HTTP/1.1" 200 41
190.171.142.10 - - [19/Jun/2023:16:19:38 -0300] "GET /cormun/servlet/solicitudot?e36972f68cf19f5ecf16b39f6e158f180c70a587d6a5476d9381f36c6361f0875c9b889723c1fff9ce7a51d5a40e359a20384c0b6429ef8079c499e8c5df0c9ebfd14a3e890bd43bb5f2d165e37fd8b4a54ebb438138fe4b8a92d16d6a8f3418085515336b380c28449cf5946b9ea120,gx-no-cache=1687201423462 HTTP/1.1" 200 110
190.171.142.10 - - [19/Jun/2023:16:19:38 -0300] "POST /cormun/servlet/solicitudot?gx-no-cache=1687201423482 HTTP/1.1" 200 110
190.171.142.10 - - [19/Jun/2023:16:19:38 -0300] "GET /cormun/servlet/solicitudot?e36972f68cf19f5ecf16b39f6e158f180fc34c7fc7e681c1e5a293bf79d1e42a18465e49de92f8f873f012a110f1d62d,gx-no-cache=1687201423504 HTTP/1.1" 200 30
190.171.142.10 - - [19/Jun/2023:16:19:38 -0300] "POST /cormun/servlet/solicitudot?gx-no-cache=1687201423524 HTTP/1.1" 200 30
190.171.142.10 - - [19/Jun/2023:16:19:38 -0300] "POST /cormun/servlet/solicitudot?717818a9ad32ab00e53887df7fbd6477,INS,0,0,false,,gx-no-cache=1687201423547 HTTP/1.1" 200 93
190.171.142.10 - - [19/Jun/2023:16:19:38 -0300] "GET /cormun/servlet/hpexe_return? HTTP/1.1" 200 1014
190.171.142.10 - - [19/Jun/2023:16:19:39 -0300] "GET /cormun/servlet/trsolicitudot HTTP/1.1" 200 9691
190.171.142.10 - - [19/Jun/2023:16:19:40 -0300] "GET /cormun/servlet/trsolicitudot HTTP/1.1" 200 9686
190.171.149.82 - - [19/Jun/2023:16:20:50 -0300] "GET /cormun/servlet/solicitudot?INS,0,0,false, HTTP/1.1" 200 15816
190.171.149.82 - - [19/Jun/2023:16:20:50 -0300] "GET /cormun/static/gxcfg.js?20221129840861 HTTP/1.1" 200 953
190.171.149.82 - - [19/Jun/2023:16:20:50 -0300] "GET /cormun/static/solicitudot.js?20221129840983 HTTP/1.1" 200 74072
190.171.149.82 - - [19/Jun/2023:16:20:50 -0300] "GET /cormun/servlet/solicitudot?INS,0,0,false, HTTP/1.1" 200 15823
190.171.149.82 - - [19/Jun/2023:16:21:06 -0300] "POST /cormun/servlet/solicitudot?b2352dbfce495b3284dcbb1a6f8f74bf,INS,0,0,false,,gx-no-cache=1687201510502 HTTP/1.1" 200 12857
190.171.149.82 - - [19/Jun/2023:16:21:06 -0300] "GET /cormun/static/Shared/jqueryui/images/ui-bg_highlight-soft_100_c6c2c8_1x100.png HTTP/1.1" 404 1117
190.171.149.82 - - [19/Jun/2023:16:21:06 -0300] "GET /cormun/static/Shared/jqueryui/images/ui-icons_82798d_256x240.png HTTP/1.1" 404 1089
190.171.149.82 - - [19/Jun/2023:16:21:06 -0300] "GET /cormun/static/Shared/jqueryui/images/ui-icons_ebccce_256x240.png HTTP/1.1" 404 1089
190.171.149.82 - - [19/Jun/2023:16:21:06 -0300] "GET /cormun/static/Shared/jqueryui/images/ui-bg_flat_55_994d53_40x100.png HTTP/1.1" 404 1097
190.171.149.82 - - [19/Jun/2023:16:21:09 -0300] "POST /cormun/servlet/solicitudot?gx-no-cache=1687201513367 HTTP/1.1" 200 3971
190.171.149.82 - - [19/Jun/2023:16:21:09 -0300] "POST /cormun/servlet/solicitudot?b2352dbfce495b3284dcbb1a6f8f74bf,INS,0,0,false,,gx-no-cache=1687201513504 HTTP/1.1" 200 12594
190.171.149.82 - - [19/Jun/2023:16:21:21 -0300] "GET /cormun/servlet/solicitudot?fd0ee2ef62c0056143d43995356af0819c7ae045f3cf8d2c910c7bc373a77ab20b6481d61bd1f8e27420402e858ef9c3,gx-no-cache=1687201525903 HTTP/1.1" 200 30
190.171.149.82 - - [19/Jun/2023:16:21:21 -0300] "GET /cormun/servlet/solicitudot?fd0ee2ef62c0056143d43995356af081cca4040c1aacd00d31716e7904e34b9e,gx-no-cache=1687201525945 HTTP/1.1" 200 94
190.171.149.82 - - [19/Jun/2023:16:21:21 -0300] "GET /cormun/servlet/solicitudot?fd0ee2ef62c0056143d43995356af0810ec3d42c87b90f3f14d2cfeafdd95a96,gx-no-cache=1687201525977 HTTP/1.1" 200 29
41.186.73.134 - - [19/Jun/2023:16:22:55 -0300] "GET /manager/html HTTP/1.1" 401 2474
181.212.47.137 - - [19/Jun/2023:16:23:10 -0300] "GET /cormun/servlet/hlogin HTTP/1.1" 200 1717
181.212.47.137 - - [19/Jun/2023:16:23:10 -0300] "GET /cormun/servlet/hlogin HTTP/1.1" 200 1728
181.212.47.137 - - [19/Jun/2023:16:23:14 -0300] "POST /cormun/servlet/hlogin?610a18a43c98553ad70a248be957bc12,gx-no-cache=1687201621399 HTTP/1.1" 200 90
181.212.47.137 - - [19/Jun/2023:16:23:14 -0300] "GET /cormun/servlet/hpexe_link HTTP/1.1" 200 950
181.212.47.137 - - [19/Jun/2023:16:23:14 -0300] "GET /cormun/servlet/hhome HTTP/1.1" 200 3801
181.212.47.137 - - [19/Jun/2023:16:23:14 -0300] "GET /cormun/servlet/hhome HTTP/1.1" 200 3798
190.171.142.10 - - [19/Jun/2023:16:23:15 -0300] "POST /cormun/servlet/trsolicitudot?717818a9ad32ab00e53887df7fbd6477,gx-no-cache=1687201640401 HTTP/1.1" 200 6913
190.171.142.10 - - [19/Jun/2023:16:23:15 -0300] "GET /cormun/static/Shared/jqueryui/images/ui-bg_highlight-soft_100_c6c2c8_1x100.png HTTP/1.1" 404 1117
190.171.142.10 - - [19/Jun/2023:16:23:15 -0300] "GET /cormun/static/Shared/jqueryui/images/ui-bg_flat_55_fafafa_40x100.png HTTP/1.1" 404 1097
190.171.142.10 - - [19/Jun/2023:16:23:15 -0300] "GET /cormun/static/Shared/jqueryui/images/ui-icons_8d78a5_256x240.png HTTP/1.1" 404 1089
190.171.142.10 - - [19/Jun/2023:16:23:15 -0300] "GET /cormun/static/Shared/jqueryui/images/ui-icons_82798d_256x240.png HTTP/1.1" 404 1089
181.212.47.137 - - [19/Jun/2023:16:23:16 -0300] "GET /cormun/servlet/trsolicitudgral? HTTP/1.1" 200 18308
181.212.47.137 - - [19/Jun/2023:16:23:17 -0300] "GET /cormun/servlet/trsolicitudgral? HTTP/1.1" 200 18306
181.212.47.137 - - [19/Jun/2023:16:23:18 -0300] "GET /cormun/static/menuarrow.gif HTTP/1.1" 404 1015
190.171.142.10 - - [19/Jun/2023:16:23:22 -0300] "POST /cormun/servlet/trsolicitudot?717818a9ad32ab00e53887df7fbd6477,gx-no-cache=1687201646817 HTTP/1.1" 200 6915
181.212.47.137 - - [19/Jun/2023:16:23:28 -0300] "POST /cormun/servlet/trsolicitudgral?610a18a43c98553ad70a248be957bc12,,gx-no-cache=1687201635825 HTTP/1.1" 200 5256
41.186.73.134 - - [19/Jun/2023:16:23:29 -0300] "GET /manager/html HTTP/1.1" 401 2474
190.171.149.82 - - [19/Jun/2023:16:23:32 -0300] "GET /cormun/servlet/solicitudot?fd0ee2ef62c0056143d43995356af0813b47531cabaf81fd48dae0f7ae41ac40b2a65c2137c6e495f8e32975233b544210a2665abfe7a848d9cc671b91228a370b6481d61bd1f8e27420402e858ef9c3,gx-no-cache=1687201657046 HTTP/1.1" 200 30
181.212.47.137 - - [19/Jun/2023:16:23:33 -0300] "POST /cormun/servlet/trsolicitudgral?610a18a43c98553ad70a248be957bc12,,gx-no-cache=1687201640319 HTTP/1.1" 200 5255
190.171.149.82 - - [19/Jun/2023:16:23:34 -0300] "POST /cormun/servlet/solicitudot?gx-no-cache=1687201658621 HTTP/1.1" 200 255
190.171.149.82 - - [19/Jun/2023:16:23:36 -0300] "GET /cormun/servlet/solicitudot?fd0ee2ef62c0056143d43995356af081c300d4a2ace1bfe17855818b62ff62768ac074724be388a87844fbca9c6998b9d817e5356b6f8bf363e23eae32573f2e35beed9e489e97aeb96670b2ee71127b719efd996b1bdf8dc2fca4ddf7f3b75917fdf248d731f6147a116db4925ec77ef192c12c919be0c31b7c224ad5a249d5680b198ffe3fa0d8224d89e943189366ef863a086fb4326898f71e92e8db0208c908ddb132d193d0a507d1cc2ff25012a1cfdf4b6980214de08c3dd0655935d2b8d3c22f224c166039b03b222c47dc5cd84e96c93830bc771823273b51eccb0891ca9a9b06d211332b5c8561be4ef222f3ea336336a75bb617f291709a8322b7c27c493490a481a9419c895dc66517d258ac70cb3344fa4c04a12573db8fa3f8b59c9efa6494433c2562fb092670fa367b2b7a4e92005d02a5f0d7958cff87478bd3aa0b3f21f9d6b27f8fe1dff014879aed46e750186aaee8789fc01c5fb9804c1badec301b4c884ded14ee6ea46a038daf133f29618c275d66ac088a61ec3c,gx-no-cache=1687201660461 HTTP/1.1" 200 30
190.171.142.10 - - [19/Jun/2023:16:23:37 -0300] "POST /cormun/servlet/trsolicitudot?717818a9ad32ab00e53887df7fbd6477,gx-no-cache=1687201662151 HTTP/1.1" 200 6914
192.168.10.17 - - [19/Jun/2023:16:23:39 -0300] "GET /cormun/servlet/vesolicitudgral?2023,20370,, HTTP/1.1" 200 8410
192.168.10.17 - - [19/Jun/2023:16:23:39 -0300] "GET /cormun/pexe_scrolldiv.js HTTP/1.1" 404 1009
192.168.10.17 - - [19/Jun/2023:16:23:40 -0300] "GET /cormun/servlet/vesolicitudgral?2023,20370,, HTTP/1.1" 200 8406
190.171.149.82 - - [19/Jun/2023:16:23:48 -0300] "POST /cormun/servlet/solicitudot?gx-no-cache=1687201673034 HTTP/1.1" 200 30
190.171.149.82 - - [19/Jun/2023:16:23:50 -0300] "POST /cormun/servlet/solicitudot?gx-no-cache=1687201674676 HTTP/1.1" 200 1469
190.171.149.82 - - [19/Jun/2023:16:23:50 -0300] "POST /cormun/servlet/solicitudot?gx-no-cache=1687201674776 HTTP/1.1" 200 38
190.171.142.10 - - [19/Jun/2023:16:23:54 -0300] "POST /cormun/servlet/trsolicitudot?717818a9ad32ab00e53887df7fbd6477,gx-no-cache=1687201678940 HTTP/1.1" 200 6915
190.171.142.10 - - [19/Jun/2023:16:23:56 -0300] "GET /cormun/servlet/solicitudot?INS,0,0,false, HTTP/1.1" 200 16088
190.171.142.10 - - [19/Jun/2023:16:23:56 -0300] "GET /cormun/servlet/solicitudot?INS,0,0,false, HTTP/1.1" 200 16096
190.171.142.10 - - [19/Jun/2023:16:23:59 -0300] "GET /cormun/servlet/trsolicitudot HTTP/1.1" 200 9691
190.171.142.10 - - [19/Jun/2023:16:23:59 -0300] "GET /cormun/servlet/trsolicitudot HTTP/1.1" 200 9686
181.212.47.137 - - [19/Jun/2023:16:24:00 -0300] "POST /cormun/servlet/trsolicitudgral?610a18a43c98553ad70a248be957bc12,,gx-no-cache=1687201667614 HTTP/1.1" 200 5256
190.171.142.10 - - [19/Jun/2023:16:24:01 -0300] "POST /cormun/servlet/trsolicitudot?717818a9ad32ab00e53887df7fbd6477,gx-no-cache=1687201686590 HTTP/1.1" 200 6914
190.171.142.10 - - [19/Jun/2023:16:24:01 -0300] "GET /cormun/static/Shared/jqueryui/images/ui-bg_highlight-soft_100_c6c2c8_1x100.png HTTP/1.1" 404 1117
190.171.142.10 - - [19/Jun/2023:16:24:01 -0300] "GET /cormun/static/Shared/jqueryui/images/ui-icons_8d78a5_256x240.png HTTP/1.1" 404 1089
190.171.142.10 - - [19/Jun/2023:16:24:01 -0300] "GET /cormun/static/Shared/jqueryui/images/ui-bg_flat_55_fafafa_40x100.png HTTP/1.1" 404 1097
190.171.142.10 - - [19/Jun/2023:16:24:01 -0300] "GET /cormun/static/Shared/jqueryui/images/ui-icons_82798d_256x240.png HTTP/1.1" 404 1089
181.212.47.137 - - [19/Jun/2023:16:24:06 -0300] "POST /cormun/servlet/trsolicitudgral?610a18a43c98553ad70a248be957bc12,,gx-no-cache=1687201673214 HTTP/1.1" 200 8237
190.171.142.10 - - [19/Jun/2023:16:24:07 -0300] "GET /cormun/static/Shared/jqueryui/images/ui-bg_highlight-soft_100_eae6ea_1x100.png HTTP/1.1" 404 1117
190.171.142.10 - - [19/Jun/2023:16:24:14 -0300] "POST /cormun/servlet/trsolicitudot?717818a9ad32ab00e53887df7fbd6477,gx-no-cache=1687201699493 HTTP/1.1" 200 6914
190.171.142.10 - - [19/Jun/2023:16:24:15 -0300] "POST /cormun/servlet/trsolicitudot?717818a9ad32ab00e53887df7fbd6477,gx-no-cache=1687201700420 HTTP/1.1" 200 6914
190.171.142.10 - - [19/Jun/2023:16:24:17 -0300] "POST /cormun/servlet/trsolicitudot?717818a9ad32ab00e53887df7fbd6477,gx-no-cache=1687201702083 HTTP/1.1" 200 6914
192.168.10.17 - - [19/Jun/2023:16:24:37 -0300] "POST /cormun/servlet/vesolicitudgral?51c5476c0c62d22b95d37be1da2e4c05,2023,20370,,,gx-no-cache=1687201704476 HTTP/1.1" 200 12214
192.168.10.17 - - [19/Jun/2023:16:24:37 -0300] "GET /cormun/static/Shared/jqueryui/images/ui-bg_highlight-soft_100_c6c2c8_1x100.png HTTP/1.1" 404 1117
192.168.10.17 - - [19/Jun/2023:16:24:37 -0300] "GET /cormun/static/Shared/jqueryui/images/ui-icons_82798d_256x240.png HTTP/1.1" 404 1089
192.168.10.17 - - [19/Jun/2023:16:24:37 -0300] "GET /cormun/static/Shared/jqueryui/images/ui-bg_flat_55_fafafa_40x100.png HTTP/1.1" 404 1097
192.168.10.17 - - [19/Jun/2023:16:24:37 -0300] "GET /cormun/static/Shared/jqueryui/images/ui-icons_8d78a5_256x240.png HTTP/1.1" 404 1089
192.168.10.17 - - [19/Jun/2023:16:24:37 -0300] "POST /cormun/servlet/vesolicitudgral?51c5476c0c62d22b95d37be1da2e4c05,2023,20370,,,gx-no-cache=1687201704751 HTTP/1.1" 200 12148
192.168.10.17 - - [19/Jun/2023:16:24:40 -0300] "GET /cormun/servlet/trsolicitudgral? HTTP/1.1" 200 17812
192.168.10.17 - - [19/Jun/2023:16:24:40 -0300] "GET /cormun/servlet/trsolicitudgral? HTTP/1.1" 200 17807
190.171.142.10 - - [19/Jun/2023:16:25:08 -0300] "POST /cormun/servlet/trsolicitudot?717818a9ad32ab00e53887df7fbd6477,gx-no-cache=1687201753118 HTTP/1.1" 200 6914
190.171.149.82 - - [19/Jun/2023:16:25:10 -0300] "GET /cormun/servlet/solicitudot?fd0ee2ef62c0056143d43995356af0810f820ee37d87ac767e596f69586e5eca50470144955267de340a2e291fa9b38d28654d5ce02f91d1587983330cadda3bccbf99b2d45b94b51b38f4b2ef8f5eac129ac7a66f3dbec843ec65cc9c5a4afd63a049671f94cda73481c28f92cf4f3d,gx-no-cache=1687201754930 HTTP/1.1" 200 110
190.171.149.82 - - [19/Jun/2023:16:25:10 -0300] "POST /cormun/servlet/solicitudot?gx-no-cache=1687201755070 HTTP/1.1" 200 97
181.212.47.137 - - [19/Jun/2023:16:25:14 -0300] "POST /cormun/servlet/trsolicitudgral?610a18a43c98553ad70a248be957bc12,,gx-no-cache=1687201741110 HTTP/1.1" 200 7468
190.171.142.10 - - [19/Jun/2023:16:25:16 -0300] "GET /cormun/servlet/trautorizarsolicitud? HTTP/1.1" 200 7336
190.171.142.10 - - [19/Jun/2023:16:25:16 -0300] "GET /cormun/servlet/trautorizarsolicitud? HTTP/1.1" 200 7335
190.171.142.10 - - [19/Jun/2023:16:25:20 -0300] "GET /cormun/servlet/trsolicitudot? HTTP/1.1" 200 9687
190.171.142.10 - - [19/Jun/2023:16:25:21 -0300] "GET /cormun/servlet/trsolicitudot? HTTP/1.1" 200 9686
190.171.142.42 - - [19/Jun/2023:16:25:23 -0300] "GET /cormun/servlet/trsolicitudot? HTTP/1.1" 200 7501
190.171.142.10 - - [19/Jun/2023:16:25:23 -0300] "POST /cormun/servlet/trsolicitudot?717818a9ad32ab00e53887df7fbd6477,,gx-no-cache=1687201767948 HTTP/1.1" 200 6919
190.171.142.10 - - [19/Jun/2023:16:25:23 -0300] "GET /cormun/static/Shared/jqueryui/images/ui-bg_highlight-soft_100_c6c2c8_1x100.png HTTP/1.1" 404 1117
190.171.142.10 - - [19/Jun/2023:16:25:23 -0300] "GET /cormun/static/Shared/jqueryui/images/ui-bg_flat_55_fafafa_40x100.png HTTP/1.1" 404 1097
190.171.142.10 - - [19/Jun/2023:16:25:23 -0300] "GET /cormun/static/Shared/jqueryui/images/ui-icons_8d78a5_256x240.png HTTP/1.1" 404 1089
190.171.142.10 - - [19/Jun/2023:16:25:23 -0300] "GET /cormun/static/Shared/jqueryui/images/ui-icons_82798d_256x240.png HTTP/1.1" 404 1089
190.171.142.42 - - [19/Jun/2023:16:25:23 -0300] "GET /cormun/servlet/trsolicitudot? HTTP/1.1" 200 7483
190.171.149.82 - - [19/Jun/2023:16:25:34 -0300] "POST /cormun/servlet/solicitudot?gx-no-cache=1687201778340 HTTP/1.1" 200 79
190.171.149.82 - - [19/Jun/2023:16:25:41 -0300] "GET /cormun/servlet/solicitudot?fd0ee2ef62c0056143d43995356af081e4a852ea23eddb82227eed03abb4dd72b9da6f422943a5283a9e6eafaad8b248bbb9afbf27d4fba9262fc454137a1165c21437a60fc45f1ee9a03f8a1473ef73c4f0e8cb25443f973cf46d3ee0dd39c34fd536ebd9943a90239977ea69d3d7f9,gx-no-cache=1687201785209 HTTP/1.1" 200 29
190.171.149.82 - - [19/Jun/2023:16:25:41 -0300] "GET /cormun/static/menuarrow.gif HTTP/1.1" 404 1015
190.171.149.82 - - [19/Jun/2023:16:25:47 -0300] "GET /cormun/servlet/solicitudot?fd0ee2ef62c0056143d43995356af081d2808c09f1fa4d0ca986df49b7742b2559c0880ee945f8e0289c16dfad7afdce,gx-no-cache=1687201791608 HTTP/1.1" 200 30
190.171.149.82 - - [19/Jun/2023:16:25:56 -0300] "POST /cormun/servlet/solicitudot?gx-no-cache=1687201800321 HTTP/1.1" 200 30
190.171.142.10 - - [19/Jun/2023:16:25:57 -0300] "POST /cormun/servlet/trsolicitudot?717818a9ad32ab00e53887df7fbd6477,,gx-no-cache=1687201802213 HTTP/1.1" 200 4838
181.212.47.137 - - [19/Jun/2023:16:26:02 -0300] "POST /cormun/servlet/trsolicitudgral?610a18a43c98553ad70a248be957bc12,,gx-no-cache=1687201789365 HTTP/1.1" 200 7515
190.171.142.10 - - [19/Jun/2023:16:26:05 -0300] "GET /cormun/servlet/trsolicitudot? HTTP/1.1" 200 9686
190.171.142.10 - - [19/Jun/2023:16:26:05 -0300] "GET /cormun/servlet/trsolicitudot? HTTP/1.1" 200 9686
190.171.142.10 - - [19/Jun/2023:16:26:08 -0300] "POST /cormun/servlet/trsolicitudot?717818a9ad32ab00e53887df7fbd6477,,gx-no-cache=1687201813062 HTTP/1.1" 200 6912
190.171.142.10 - - [19/Jun/2023:16:26:08 -0300] "GET /cormun/static/Shared/jqueryui/images/ui-bg_highlight-soft_100_c6c2c8_1x100.png HTTP/1.1" 404 1117
190.171.142.10 - - [19/Jun/2023:16:26:08 -0300] "GET /cormun/static/Shared/jqueryui/images/ui-icons_82798d_256x240.png HTTP/1.1" 404 1089
190.171.142.10 - - [19/Jun/2023:16:26:08 -0300] "GET /cormun/static/Shared/jqueryui/images/ui-bg_flat_55_fafafa_40x100.png HTTP/1.1" 404 1097
190.171.142.10 - - [19/Jun/2023:16:26:08 -0300] "GET /cormun/static/Shared/jqueryui/images/ui-icons_8d78a5_256x240.png HTTP/1.1" 404 1089
190.171.142.10 - - [19/Jun/2023:16:26:12 -0300] "POST /cormun/servlet/trsolicitudot?717818a9ad32ab00e53887df7fbd6477,,gx-no-cache=1687201817363 HTTP/1.1" 200 6912
190.171.142.10 - - [19/Jun/2023:16:26:13 -0300] "POST /cormun/servlet/trsolicitudot?717818a9ad32ab00e53887df7fbd6477,,gx-no-cache=1687201817751 HTTP/1.1" 200 6912
190.171.142.10 - - [19/Jun/2023:16:26:14 -0300] "POST /cormun/servlet/trsolicitudot?717818a9ad32ab00e53887df7fbd6477,,gx-no-cache=1687201819344 HTTP/1.1" 200 6912
190.171.149.82 - - [19/Jun/2023:16:26:29 -0300] "GET /cormun/servlet/solicitudot?fd0ee2ef62c0056143d43995356af0810f820ee37d87ac767e596f69586e5eca50470144955267de340a2e291fa9b38d28654d5ce02f91d1587983330cadda3bccbf99b2d45b94b51b38f4b2ef8f5eac129ac7a66f3dbec843ec65cc9c5a4afd63a049671f94cda73481c28f92cf4f3d,gx-no-cache=1687201834019 HTTP/1.1" 200 110
190.171.149.82 - - [19/Jun/2023:16:26:29 -0300] "GET /cormun/servlet/solicitudot?fd0ee2ef62c0056143d43995356af081d2808c09f1fa4d0ca986df49b7742b2559c0880ee945f8e0289c16dfad7afdce,gx-no-cache=1687201834054 HTTP/1.1" 200 30
190.171.149.82 - - [19/Jun/2023:16:26:29 -0300] "POST /cormun/servlet/solicitudot?gx-no-cache=1687201834073 HTTP/1.1" 200 30
190.171.149.82 - - [19/Jun/2023:16:26:30 -0300] "POST /cormun/servlet/solicitudot?b2352dbfce495b3284dcbb1a6f8f74bf,INS,0,0,false,,gx-no-cache=1687201834095 HTTP/1.1" 200 93
190.171.149.82 - - [19/Jun/2023:16:26:30 -0300] "GET /cormun/servlet/hpexe_return? HTTP/1.1" 200 1011
190.171.149.82 - - [19/Jun/2023:16:26:30 -0300] "GET /cormun/static/hpexe_return.js?20221129846037 HTTP/1.1" 304 -
190.171.149.82 - - [19/Jun/2023:16:26:30 -0300] "GET /cormun/static/gxcfg.js?20221129846035 HTTP/1.1" 304 -
190.171.149.82 - - [19/Jun/2023:16:26:30 -0300] "GET /cormun/servlet/trsolicitudot HTTP/1.1" 200 8553
190.171.149.82 - - [19/Jun/2023:16:26:31 -0300] "GET /cormun//static/Resources/PXToolsActionView.png HTTP/1.1" 200 398
190.171.149.82 - - [19/Jun/2023:16:26:31 -0300] "GET /cormun//static/Resources/PXToolsRemoveAllAction.png HTTP/1.1" 200 487
190.171.149.82 - - [19/Jun/2023:16:26:31 -0300] "GET /cormun/servlet/trsolicitudot HTTP/1.1" 200 8549
190.171.149.82 - - [19/Jun/2023:16:26:37 -0300] "POST /cormun/servlet/trsolicitudot?b2352dbfce495b3284dcbb1a6f8f74bf,gx-no-cache=1687201841180 HTTP/1.1" 200 4563
190.171.149.82 - - [19/Jun/2023:16:26:37 -0300] "GET /cormun/static/Shared/jqueryui/images/ui-bg_highlight-soft_100_c6c2c8_1x100.png HTTP/1.1" 404 1117
190.171.149.82 - - [19/Jun/2023:16:26:37 -0300] "GET /cormun/static/Shared/jqueryui/images/ui-icons_82798d_256x240.png HTTP/1.1" 404 1089
190.171.149.82 - - [19/Jun/2023:16:26:37 -0300] "GET /cormun/static/Shared/jqueryui/images/ui-bg_flat_55_fafafa_40x100.png HTTP/1.1" 404 1097
190.171.149.82 - - [19/Jun/2023:16:26:37 -0300] "GET /cormun/static/Shared/jqueryui/images/ui-icons_8d78a5_256x240.png HTTP/1.1" 404 1089
190.171.149.82 - - [19/Jun/2023:16:26:37 -0300] "POST /cormun/servlet/trsolicitudot?b2352dbfce495b3284dcbb1a6f8f74bf,gx-no-cache=1687201841373 HTTP/1.1" 200 4333
190.171.149.82 - - [19/Jun/2023:16:26:39 -0300] "POST /cormun/servlet/trsolicitudot?b2352dbfce495b3284dcbb1a6f8f74bf,gx-no-cache=1687201843490 HTTP/1.1" 200 90
190.171.149.82 - - [19/Jun/2023:16:26:39 -0300] "GET /cormun/servlet/hpexe_link HTTP/1.1" 200 957
190.171.149.82 - - [19/Jun/2023:16:26:39 -0300] "GET /cormun/servlet/hhome HTTP/1.1" 200 3931
190.171.149.82 - - [19/Jun/2023:16:26:39 -0300] "GET /cormun/servlet/hhome HTTP/1.1" 200 3927
190.171.149.82 - - [19/Jun/2023:16:26:41 -0300] "GET /cormun/servlet/hlogin HTTP/1.1" 200 1734
190.171.149.82 - - [19/Jun/2023:16:26:47 -0300] "POST /cormun/servlet/hlogin?b2352dbfce495b3284dcbb1a6f8f74bf,gx-no-cache=1687201851826 HTTP/1.1" 200 90
190.171.149.82 - - [19/Jun/2023:16:26:47 -0300] "GET /cormun/servlet/hpexe_link HTTP/1.1" 200 953
190.171.149.82 - - [19/Jun/2023:16:26:47 -0300] "GET /cormun/servlet/hhome HTTP/1.1" 200 4274
190.171.149.82 - - [19/Jun/2023:16:26:48 -0300] "GET /cormun/servlet/hhome HTTP/1.1" 200 4271
190.171.149.82 - - [19/Jun/2023:16:26:51 -0300] "GET /cormun/servlet/trautorizarsolicitud? HTTP/1.1" 200 8779
190.171.149.82 - - [19/Jun/2023:16:26:51 -0300] "GET /cormun/static/gxcfg.js?202211298474254 HTTP/1.1" 200 953
190.171.149.82 - - [19/Jun/2023:16:26:51 -0300] "GET /cormun/static/trautorizarsolicitud.js?202211298474588 HTTP/1.1" 200 53909
190.171.149.82 - - [19/Jun/2023:16:26:51 -0300] "GET /cormun/servlet/trautorizarsolicitud? HTTP/1.1" 200 8777
190.171.149.82 - - [19/Jun/2023:16:27:00 -0300] "POST /cormun/servlet/trautorizarsolicitud?b2352dbfce495b3284dcbb1a6f8f74bf,,gx-no-cache=1687201864835 HTTP/1.1" 200 4762
190.171.149.82 - - [19/Jun/2023:16:27:00 -0300] "GET /cormun/static/Shared/jqueryui/images/ui-bg_highlight-soft_100_c6c2c8_1x100.png HTTP/1.1" 404 1117
190.171.149.82 - - [19/Jun/2023:16:27:00 -0300] "GET /cormun/static/Shared/jqueryui/images/ui-bg_flat_55_fafafa_40x100.png HTTP/1.1" 404 1097
190.171.149.82 - - [19/Jun/2023:16:27:00 -0300] "GET /cormun/static/Shared/jqueryui/images/ui-icons_8d78a5_256x240.png HTTP/1.1" 404 1089
190.171.149.82 - - [19/Jun/2023:16:27:00 -0300] "GET /cormun/static/Shared/jqueryui/images/ui-icons_82798d_256x240.png HTTP/1.1" 404 1089
190.171.149.82 - - [19/Jun/2023:16:27:01 -0300] "POST /cormun/servlet/trautorizarsolicitud?b2352dbfce495b3284dcbb1a6f8f74bf,,gx-no-cache=1687201865021 HTTP/1.1" 200 4530
190.171.149.82 - - [19/Jun/2023:16:27:07 -0300] "GET /cormun/servlet/trreportecargahoraria? HTTP/1.1" 200 6856
190.171.149.82 - - [19/Jun/2023:16:27:07 -0300] "GET /cormun/static/trreportecargahoraria.js?20221129850435 HTTP/1.1" 304 -
190.171.149.82 - - [19/Jun/2023:16:27:07 -0300] "GET /cormun/static/gxcfg.js?202211298504121 HTTP/1.1" 304 -
190.171.149.82 - - [19/Jun/2023:16:27:07 -0300] "GET /cormun/servlet/trreportecargahoraria? HTTP/1.1" 200 6855
190.171.142.10 - - [19/Jun/2023:16:27:08 -0300] "POST /cormun/servlet/trsolicitudot?717818a9ad32ab00e53887df7fbd6477,,gx-no-cache=1687201873759 HTTP/1.1" 200 6913
190.171.149.82 - - [19/Jun/2023:16:27:10 -0300] "GET /cormun/servlet/trcontratounov2? HTTP/1.1" 200 16532
190.171.149.82 - - [19/Jun/2023:16:27:10 -0300] "GET /cormun/static/gxcfg.js?2020121614367 HTTP/1.1" 304 -
190.171.149.82 - - [19/Jun/2023:16:27:10 -0300] "GET /cormun/static/trcontratounov2.js?20201216143065 HTTP/1.1" 304 -
190.171.149.82 - - [19/Jun/2023:16:27:11 -0300] "GET /cormun/servlet/trcontratounov2? HTTP/1.1" 200 16496
41.186.73.134 - - [19/Jun/2023:16:27:13 -0300] "GET /manager/html HTTP/1.1" 401 2474
41.186.73.134 - - [19/Jun/2023:16:27:47 -0300] "GET /manager/html HTTP/1.1" 401 2474
190.171.142.10 - - [19/Jun/2023:16:27:51 -0300] "POST /cormun/servlet/trsolicitudot?717818a9ad32ab00e53887df7fbd6477,,gx-no-cache=1687201916328 HTTP/1.1" 200 6913
190.171.142.10 - - [19/Jun/2023:16:28:04 -0300] "GET /cormun/servlet/solicitudot?INS,0,0,false, HTTP/1.1" 200 16088
190.171.142.10 - - [19/Jun/2023:16:28:04 -0300] "GET /cormun/servlet/solicitudot?INS,0,0,false, HTTP/1.1" 200 16095
190.171.142.10 - - [19/Jun/2023:16:28:08 -0300] "GET /cormun/servlet/trsolicitudot? HTTP/1.1" 200 9686
190.171.142.10 - - [19/Jun/2023:16:28:08 -0300] "GET /cormun/servlet/trsolicitudot? HTTP/1.1" 200 9686
190.171.142.10 - - [19/Jun/2023:16:28:13 -0300] "POST /cormun/servlet/trsolicitudot?717818a9ad32ab00e53887df7fbd6477,,gx-no-cache=1687201938112 HTTP/1.1" 200 107
190.171.142.10 - - [19/Jun/2023:16:28:13 -0300] "GET /cormun/servlet/trsolicitudadjuntos?2023,20377, HTTP/1.1" 200 10400
190.171.142.10 - - [19/Jun/2023:16:28:13 -0300] "GET /cormun/servlet/trsolicitudadjuntos?2023,20377, HTTP/1.1" 200 10406
190.171.142.10 - - [19/Jun/2023:16:28:17 -0300] "GET /cormun/servlet/trsolicitudot? HTTP/1.1" 200 9686
190.171.142.10 - - [19/Jun/2023:16:28:17 -0300] "GET /cormun/servlet/trsolicitudot? HTTP/1.1" 200 9686
190.171.142.10 - - [19/Jun/2023:16:28:19 -0300] "POST /cormun/servlet/trsolicitudot?717818a9ad32ab00e53887df7fbd6477,,gx-no-cache=1687201944502 HTTP/1.1" 200 6911
190.171.142.10 - - [19/Jun/2023:16:28:19 -0300] "GET /cormun/static/Shared/jqueryui/images/ui-bg_highlight-soft_100_c6c2c8_1x100.png HTTP/1.1" 404 1117
190.171.142.10 - - [19/Jun/2023:16:28:19 -0300] "GET /cormun/static/Shared/jqueryui/images/ui-bg_flat_55_fafafa_40x100.png HTTP/1.1" 404 1097
190.171.142.10 - - [19/Jun/2023:16:28:19 -0300] "GET /cormun/static/Shared/jqueryui/images/ui-icons_8d78a5_256x240.png HTTP/1.1" 404 1089
190.171.142.10 - - [19/Jun/2023:16:28:19 -0300] "GET /cormun/static/Shared/jqueryui/images/ui-icons_82798d_256x240.png HTTP/1.1" 404 1089
200.54.107.2 - - [19/Jun/2023:16:28:58 -0300] "GET /cormun/servlet/hlogin HTTP/1.1" 200 1723
200.54.107.2 - - [19/Jun/2023:16:28:59 -0300] "GET /cormun/servlet/hlogin HTTP/1.1" 200 1732
200.54.107.2 - - [19/Jun/2023:16:29:03 -0300] "POST /cormun/servlet/hlogin?97f439446efd98814621ad28255b05ce,gx-no-cache=1687201987671 HTTP/1.1" 200 90
200.54.107.2 - - [19/Jun/2023:16:29:03 -0300] "GET /cormun/servlet/hpexe_link HTTP/1.1" 200 951
200.54.107.2 - - [19/Jun/2023:16:29:03 -0300] "GET /cormun/servlet/hhome HTTP/1.1" 200 4357
200.54.107.2 - - [19/Jun/2023:16:29:04 -0300] "GET /cormun/servlet/hhome HTTP/1.1" 200 4353
200.54.107.2 - - [19/Jun/2023:16:29:09 -0300] "GET /cormun/servlet/trlicencias? HTTP/1.1" 200 10321
192.168.10.96 - - [19/Jun/2023:16:29:09 -0300] "GET /cormun/servlet/vesolicitudgral?2023,20250,, HTTP/1.1" 200 7792
192.168.10.96 - - [19/Jun/2023:16:29:09 -0300] "GET /cormun/static/Shared/jqueryui/jquery-ui.min.css?1345370 HTTP/1.1" 200 30288
192.168.10.96 - - [19/Jun/2023:16:29:09 -0300] "GET /cormun/static/Resources/Spanish/PXTools.css?14345360 HTTP/1.1" 200 100853
192.168.10.96 - - [19/Jun/2023:16:29:09 -0300] "GET /cormun/static/SmoothNavMenu/resources/ddsmoothmenu.css?1112540 HTTP/1.1" 200 2223
192.168.10.96 - - [19/Jun/2023:16:29:09 -0300] "GET /cormun/static/SmoothNavMenu/resources/ddsmoothmenu-v.css?1112540 HTTP/1.1" 200 1188
192.168.10.96 - - [19/Jun/2023:16:29:09 -0300] "GET /cormun/static/scaMessage/css/jquery.pnotify.default.css?1816380 HTTP/1.1" 200 1707
192.168.10.96 - - [19/Jun/2023:16:29:09 -0300] "GET /cormun/static/gxtimezone.js?85251 HTTP/1.1" 200 5781
192.168.10.96 - - [19/Jun/2023:16:29:09 -0300] "GET /cormun/static/gxcfg.js?20201215594983 HTTP/1.1" 200 953
192.168.10.96 - - [19/Jun/2023:16:29:09 -0300] "GET /cormun/static/RunJS/RunJS.js HTTP/1.1" 200 288
192.168.10.96 - - [19/Jun/2023:16:29:09 -0300] "GET /cormun/static/PXToolsJavascripts/pexe_autoreload.js HTTP/1.1" 200 1762
192.168.10.96 - - [19/Jun/2023:16:29:09 -0300] "GET /cormun/static/PXToolsJavascripts/pexe_cookies.js HTTP/1.1" 200 792
192.168.10.96 - - [19/Jun/2023:16:29:09 -0300] "GET /cormun/static/PXToolsJavascripts/pexe_windows.js HTTP/1.1" 200 15249
192.168.10.96 - - [19/Jun/2023:16:29:09 -0300] "GET /cormun/static/PXToolsJavascripts/pexe_grid.js HTTP/1.1" 200 7559
192.168.10.96 - - [19/Jun/2023:16:29:09 -0300] "GET /cormun/static/PXToolsJavascripts/pexe_griddivfix.js HTTP/1.1" 200 6946
192.168.10.96 - - [19/Jun/2023:16:29:09 -0300] "GET /cormun/static/PXToolsJavascripts/pexe_link.js HTTP/1.1" 200 5671
192.168.10.96 - - [19/Jun/2023:16:29:09 -0300] "GET /cormun/static/PXToolsJavascripts/pexe_menudivfix.js HTTP/1.1" 200 333
192.168.10.96 - - [19/Jun/2023:16:29:09 -0300] "GET /cormun/static/PXToolsJavascripts/pexe_menus.js HTTP/1.1" 200 1286
192.168.10.96 - - [19/Jun/2023:16:29:09 -0300] "GET /cormun/static/PXToolsJavascripts/pexe_layers.js HTTP/1.1" 200 4114
192.168.10.96 - - [19/Jun/2023:16:29:09 -0300] "GET /cormun/static/PXToolsJavascripts/pexe_oav.js HTTP/1.1" 200 645
192.168.10.96 - - [19/Jun/2023:16:29:09 -0300] "GET /cormun/static/gxgral.js?85251 HTTP/1.1" 200 384558
192.168.10.96 - - [19/Jun/2023:16:29:09 -0300] "GET /cormun/static/PXToolsJavascripts/pexe_oavdivfix.js HTTP/1.1" 200 639
192.168.10.96 - - [19/Jun/2023:16:29:09 -0300] "GET /cormun/static/PXToolsJavascripts/pexe_picture.js HTTP/1.1" 200 689
192.168.10.96 - - [19/Jun/2023:16:29:09 -0300] "GET /cormun/static/PXToolsJavascripts/pexe_popup.js HTTP/1.1" 200 15149
192.168.10.96 - - [19/Jun/2023:16:29:09 -0300] "GET /cormun/static/PXToolsJavascripts/pexe_tabdivfix.js HTTP/1.1" 200 898
192.168.10.96 - - [19/Jun/2023:16:29:09 -0300] "GET /cormun/static/PXToolsJavascripts/pexe_scrolldiv.js HTTP/1.1" 200 4138
192.168.10.96 - - [19/Jun/2023:16:29:09 -0300] "GET /cormun/static/PXToolsJavascripts/pexe_tabs.js HTTP/1.1" 200 3748
192.168.10.96 - - [19/Jun/2023:16:29:09 -0300] "GET /cormun/static/PXToolsJavascripts/pexe_upload.js HTTP/1.1" 200 1423
192.168.10.96 - - [19/Jun/2023:16:29:09 -0300] "GET /cormun/static/PXToolsJavascripts/PXToolsJavascriptsRender.js HTTP/1.1" 200 367
192.168.10.96 - - [19/Jun/2023:16:29:09 -0300] "GET /cormun/pexe_scrolldiv.js HTTP/1.1" 404 1009
192.168.10.96 - - [19/Jun/2023:16:29:09 -0300] "GET /cormun/static/calendar-setup.js?85251 HTTP/1.1" 200 2588
192.168.10.96 - - [19/Jun/2023:16:29:09 -0300] "GET /cormun/static/calendar.js?85251 HTTP/1.1" 200 26246
192.168.10.96 - - [19/Jun/2023:16:29:09 -0300] "GET /cormun/static/calendar-es.js?85251 HTTP/1.1" 200 1901
192.168.10.96 - - [19/Jun/2023:16:29:09 -0300] "GET /cormun/static/Shared/ext/locale/ext-lang-en.js HTTP/1.1" 200 10940
192.168.10.96 - - [19/Jun/2023:16:29:09 -0300] "GET /cormun/static/gxui/gxui-all.js HTTP/1.1" 200 107772
192.168.10.96 - - [19/Jun/2023:16:29:09 -0300] "GET /cormun/static/Resources/PXToolsDataTitle.png HTTP/1.1" 200 1173
192.168.10.96 - - [19/Jun/2023:16:29:09 -0300] "GET /cormun/static/Resources/PXToolsButtonLeft.png HTTP/1.1" 200 1310
192.168.10.96 - - [19/Jun/2023:16:29:09 -0300] "GET /cormun/static/Resources/PXToolsButtonRight.png HTTP/1.1" 200 1294
192.168.10.96 - - [19/Jun/2023:16:29:09 -0300] "GET /cormun/static/Resources/PXToolsButtonBackground.png HTTP/1.1" 200 1176
192.168.10.96 - - [19/Jun/2023:16:29:09 -0300] "GET /cormun/static/Resources/CormunMP2.png HTTP/1.1" 200 6878
192.168.10.96 - - [19/Jun/2023:16:29:09 -0300] "GET /cormun/static/Resources/ImgHome.png HTTP/1.1" 200 1364
192.168.10.96 - - [19/Jun/2023:16:29:09 -0300] "GET /cormun/static/Resources/ImgLogin.png HTTP/1.1" 200 1432
192.168.10.96 - - [19/Jun/2023:16:29:09 -0300] "GET /cormun/static/Resources/Llave.png HTTP/1.1" 200 1395
192.168.10.96 - - [19/Jun/2023:16:29:09 -0300] "GET /cormun/static/Resources/PXToolsTabFirstSelected.png HTTP/1.1" 200 1270
192.168.10.96 - - [19/Jun/2023:16:29:09 -0300] "GET /cormun/static/Resources/PXToolsTabLastUnselected.png HTTP/1.1" 200 1297
192.168.10.96 - - [19/Jun/2023:16:29:09 -0300] "GET /cormun/static/Resources/PXToolsTabPrevious.gif HTTP/1.1" 200 172
192.168.10.96 - - [19/Jun/2023:16:29:09 -0300] "GET /cormun/static/Resources/PXToolsTabNext.gif HTTP/1.1" 200 168
192.168.10.96 - - [19/Jun/2023:16:29:09 -0300] "GET /cormun/static/messages.spa.js?85251 HTTP/1.1" 200 30736
192.168.10.96 - - [19/Jun/2023:16:29:09 -0300] "GET /cormun/static/gxdec.js?85251 HTTP/1.1" 200 19579
200.54.107.2 - - [19/Jun/2023:16:29:10 -0300] "GET /cormun/servlet/trlicencias? HTTP/1.1" 200 10319
192.168.10.96 - - [19/Jun/2023:16:29:10 -0300] "GET /cormun/static/hwcviewtabs.js?201991422154026 HTTP/1.1" 200 1074
192.168.10.96 - - [19/Jun/2023:16:29:10 -0300] "GET /cormun/static/hpexe_tabsview.js?2020121447381 HTTP/1.1" 200 1661
192.168.10.96 - - [19/Jun/2023:16:29:10 -0300] "GET /cormun/static/Shared/ext/ext-all.js HTTP/1.1" 200 1289687
192.168.10.96 - - [19/Jun/2023:16:29:10 -0300] "GET /cormun/static/vesolicitudgral.js?20201215595069 HTTP/1.1" 200 6721
192.168.10.96 - - [19/Jun/2023:16:29:10 -0300] "GET /cormun/static/hwchdr01.js?2022112219251119 HTTP/1.1" 200 996
192.168.10.96 - - [19/Jun/2023:16:29:10 -0300] "GET /cormun/static/tbsolicitudgral01.js?20199142226376 HTTP/1.1" 200 31320
192.168.10.96 - - [19/Jun/2023:16:29:10 -0300] "GET /cormun/static/hpexe_recentlink.js?20201214471090 HTTP/1.1" 200 2144
192.168.10.96 - - [19/Jun/2023:16:29:10 -0300] "GET /cormun/static/hpexe_scripts.js?20201214471411 HTTP/1.1" 200 1544
192.168.10.96 - - [19/Jun/2023:16:29:10 -0300] "GET /cormun/static/hpexe_messagepopupcomponent.js?2020121447232 HTTP/1.1" 200 605
192.168.10.96 - - [19/Jun/2023:16:29:10 -0300] "GET /cormun/static/hpexe_messagecontroller.js?202211298371222 HTTP/1.1" 200 870
192.168.10.96 - - [19/Jun/2023:16:29:10 -0300] "GET /cormun/static/hpexe_messagegenexuscomponent.js?20221129836373 HTTP/1.1" 200 587
192.168.10.96 - - [19/Jun/2023:16:29:10 -0300] "GET /cormun/static/cmcontrolpreferences.js?20199141926336 HTTP/1.1" 200 1375
192.168.10.96 - - [19/Jun/2023:16:29:10 -0300] "GET /cormun/static/Shared/jquery/jquery-1.4.2.min.js HTTP/1.1" 200 72174
192.168.10.96 - - [19/Jun/2023:16:29:10 -0300] "GET /cormun/static/SmoothNavMenu/resources/ddsmoothmenu.js HTTP/1.1" 200 12712
192.168.10.96 - - [19/Jun/2023:16:29:10 -0300] "GET /cormun/static/Shared/jqueryui/jquery-ui.min.js HTTP/1.1" 200 240427
192.168.10.96 - - [19/Jun/2023:16:29:10 -0300] "GET /cormun/static/SmoothNavMenu/resources/SmoothNavMenuRender.js HTTP/1.1" 200 5951
192.168.10.96 - - [19/Jun/2023:16:29:10 -0300] "GET /cormun/static/scaMessage/js/jquery.pnotify.min.js HTTP/1.1" 200 13038
192.168.10.96 - - [19/Jun/2023:16:29:10 -0300] "GET /cormun/static/Shared/jquery/jquery-1.10.2.min.js HTTP/1.1" 200 273199
192.168.10.96 - - [19/Jun/2023:16:29:10 -0300] "GET /cormun/static/scaMessage/scaMessageRender.js HTTP/1.1" 200 11977
192.168.10.96 - - [19/Jun/2023:16:29:10 -0300] "GET /cormun/static/hmpwkw03.js?20221129844354 HTTP/1.1" 200 3971
192.168.10.96 - - [19/Jun/2023:16:29:10 -0300] "GET /cormun/static/Resources/PXTools/calendar.png HTTP/1.1" 200 1306
192.168.10.96 - - [19/Jun/2023:16:29:10 -0300] "GET /cormun/static/calendar-system.css HTTP/1.1" 200 5572
192.168.10.96 - - [19/Jun/2023:16:29:10 -0300] "GET /cormun/static/Resources/PXToolsTabBackSelected.png HTTP/1.1" 200 1157
192.168.10.96 - - [19/Jun/2023:16:29:10 -0300] "GET /cormun/servlet/hlogin HTTP/1.1" 200 1749
192.168.10.96 - - [19/Jun/2023:16:29:10 -0300] "GET /cormun/static/Resources/PXToolsTabBackUnselected.png HTTP/1.1" 200 1175
192.168.10.96 - - [19/Jun/2023:16:29:10 -0300] "GET /cormun/static/Resources/PXToolsTabSelectedUnselected.png HTTP/1.1" 200 1451
192.168.10.96 - - [19/Jun/2023:16:29:10 -0300] "GET /cormun/static/gxcfg.js?2022112219184450 HTTP/1.1" 200 953
192.168.10.96 - - [19/Jun/2023:16:29:10 -0300] "GET /cormun/static/Resources/Spanish/PXTools.css?1759030 HTTP/1.1" 200 100853
192.168.10.96 - - [19/Jun/2023:16:29:10 -0300] "GET /cormun/static/hlogin.js?2022112219184458 HTTP/1.1" 200 2156
192.168.10.96 - - [19/Jun/2023:16:29:10 -0300] "GET /cormun/static/Resources/CormunLogin.png HTTP/1.1" 200 19132
192.168.10.96 - - [19/Jun/2023:16:29:10 -0300] "GET /cormun/static/Resources/PXToolsLoginTop.png HTTP/1.1" 200 1337
192.168.10.96 - - [19/Jun/2023:16:29:10 -0300] "GET /cormun/static/Resources/PXToolsLoginBackground.png HTTP/1.1" 200 1164
192.168.10.96 - - [19/Jun/2023:16:29:10 -0300] "GET /cormun/static/Resources/PXToolsLoginBottom.png HTTP/1.1" 200 1389
192.168.10.96 - - [19/Jun/2023:16:29:10 -0300] "GET /cormun/static/Resources/indicator.gif HTTP/1.1" 200 1553
192.168.10.96 - - [19/Jun/2023:16:29:10 -0300] "GET /cormun/servlet/vesolicitudgral?2023,20250,, HTTP/1.1" 200 7789
40.77.167.239 - - [19/Jun/2023:16:29:37 -0300] "GET /cormun/servlet/trlicencias?_escaped_fragment_= HTTP/1.1" 200 7930
190.171.142.10 - - [19/Jun/2023:16:30:07 -0300] "POST /cormun/servlet/trsolicitudot?717818a9ad32ab00e53887df7fbd6477,,gx-no-cache=1687202052133 HTTP/1.1" 200 6893
190.171.142.10 - - [19/Jun/2023:16:30:10 -0300] "POST /cormun/servlet/trsolicitudot?717818a9ad32ab00e53887df7fbd6477,,gx-no-cache=1687202054975 HTTP/1.1" 200 6912
190.171.142.10 - - [19/Jun/2023:16:30:12 -0300] "POST /cormun/servlet/trsolicitudot?717818a9ad32ab00e53887df7fbd6477,,gx-no-cache=1687202057024 HTTP/1.1" 200 6912
41.186.73.134 - - [19/Jun/2023:16:31:24 -0300] "GET /manager/html HTTP/1.1" 401 2474
181.212.47.137 - - [19/Jun/2023:16:31:49 -0300] "POST /cormun/servlet/trsolicitudgral?610a18a43c98553ad70a248be957bc12,,gx-no-cache=1687202136013 HTTP/1.1" 200 7468
192.168.10.17 - - [19/Jun/2023:16:31:50 -0300] "POST /cormun/servlet/trsolicitudgral?51c5476c0c62d22b95d37be1da2e4c05,,gx-no-cache=1687202137143 HTTP/1.1" 200 5268
192.168.10.17 - - [19/Jun/2023:16:31:51 -0300] "GET /cormun/static/menuarrow.gif HTTP/1.1" 404 1015
192.168.10.17 - - [19/Jun/2023:16:31:54 -0300] "POST /cormun/servlet/trsolicitudgral?51c5476c0c62d22b95d37be1da2e4c05,,gx-no-cache=1687202140990 HTTP/1.1" 200 5268
181.212.47.137 - - [19/Jun/2023:16:31:57 -0300] "POST /cormun/servlet/trsolicitudgral?610a18a43c98553ad70a248be957bc12,,gx-no-cache=1687202144765 HTTP/1.1" 200 7471
41.186.73.134 - - [19/Jun/2023:16:31:58 -0300] "GET /manager/html HTTP/1.1" 401 2474
192.168.10.17 - - [19/Jun/2023:16:32:30 -0300] "POST /cormun/servlet/trsolicitudgral?51c5476c0c62d22b95d37be1da2e4c05,,gx-no-cache=1687202176933 HTTP/1.1" 200 16224
181.212.47.137 - - [19/Jun/2023:16:32:33 -0300] "POST /cormun/servlet/trsolicitudgral?610a18a43c98553ad70a248be957bc12,,gx-no-cache=1687202180516 HTTP/1.1" 200 17081
192.168.10.96 - - [19/Jun/2023:16:33:27 -0300] "POST /cormun/servlet/hlogin?81bec79d95e84081d43dc20c162b4189,gx-no-cache=1687202234767 HTTP/1.1" 200 90
192.168.10.96 - - [19/Jun/2023:16:33:27 -0300] "GET /cormun/servlet/hpexe_link HTTP/1.1" 200 968
192.168.10.96 - - [19/Jun/2023:16:33:27 -0300] "GET /cormun/static/gxcfg.js?20221129847421 HTTP/1.1" 200 953
192.168.10.96 - - [19/Jun/2023:16:33:27 -0300] "GET /cormun/static/hpexe_link.js?20221129847423 HTTP/1.1" 200 625
192.168.10.96 - - [19/Jun/2023:16:33:27 -0300] "GET /cormun/static/Resources/Spanish/PXTools.css?8354383 HTTP/1.1" 200 100853
192.168.10.96 - - [19/Jun/2023:16:33:27 -0300] "GET /cormun/servlet/vesolicitudgral?2023,20250,, HTTP/1.1" 200 8288
192.168.10.96 - - [19/Jun/2023:16:33:27 -0300] "GET /cormun/pexe_scrolldiv.js HTTP/1.1" 404 1009
