191.126.172.168 - - [19/Jun/2023:13:50:06 -0300] "GET /cormun/servlet/hpexe_link HTTP/1.1" 200 1012
191.126.172.168 - - [19/Jun/2023:13:50:06 -0300] "GET /cormun/servlet/trlicencias HTTP/1.1" 200 12495
181.42.42.82 - - [19/Jun/2023:13:50:58 -0300] "GET /cormun/servlet/hlogin HTTP/1.1" 200 1721
181.42.42.82 - - [19/Jun/2023:13:50:59 -0300] "GET /cormun/static/gxtimezone.js?85251 HTTP/1.1" 200 5781
181.42.42.82 - - [19/Jun/2023:13:50:59 -0300] "GET /cormun/static/Resources/Spanish/PXTools.css?1759030 HTTP/1.1" 200 100853
181.42.42.82 - - [19/Jun/2023:13:50:59 -0300] "GET /cormun/static/gxcfg.js?2022112219184450 HTTP/1.1" 200 953
181.42.42.82 - - [19/Jun/2023:13:50:59 -0300] "GET /cormun/static/messages.spa.js?85251 HTTP/1.1" 200 30736
181.42.42.82 - - [19/Jun/2023:13:50:59 -0300] "GET /cormun/static/hlogin.js?2022112219184458 HTTP/1.1" 200 2156
181.42.42.82 - - [19/Jun/2023:13:50:59 -0300] "GET /cormun/static/Resources/CormunLogin.png HTTP/1.1" 200 19132
181.42.42.82 - - [19/Jun/2023:13:50:59 -0300] "GET /cormun/static/gxgral.js?85251 HTTP/1.1" 200 384558
181.42.42.82 - - [19/Jun/2023:13:51:00 -0300] "GET /cormun/static/Resources/PXToolsLoginTop.png HTTP/1.1" 200 1337
181.42.42.82 - - [19/Jun/2023:13:51:00 -0300] "GET /cormun/static/Resources/PXToolsLoginBackground.png HTTP/1.1" 200 1164
181.42.42.82 - - [19/Jun/2023:13:51:00 -0300] "GET /cormun/static/Resources/PXToolsButtonLeft.png HTTP/1.1" 200 1310
181.42.42.82 - - [19/Jun/2023:13:51:00 -0300] "GET /cormun/static/Resources/PXToolsButtonRight.png HTTP/1.1" 200 1294
181.42.42.82 - - [19/Jun/2023:13:51:00 -0300] "GET /cormun/static/Resources/PXToolsButtonBackground.png HTTP/1.1" 200 1176
181.42.42.82 - - [19/Jun/2023:13:51:00 -0300] "GET /cormun/static/Resources/PXToolsLoginBottom.png HTTP/1.1" 200 1389
181.42.42.82 - - [19/Jun/2023:13:51:00 -0300] "GET /cormun/servlet/hlogin HTTP/1.1" 200 1732
181.42.42.82 - - [19/Jun/2023:13:51:00 -0300] "GET /cormun/static/Resources/indicator.gif HTTP/1.1" 200 1553
181.42.42.82 - - [19/Jun/2023:13:51:00 -0300] "GET /favicon.ico HTTP/1.1" 200 21630
190.95.15.15 - - [19/Jun/2023:13:51:13 -0300] "GET /cormun/servlet/trlicencias? HTTP/1.1" 200 7850
190.95.15.15 - - [19/Jun/2023:13:51:14 -0300] "GET /cormun/servlet/hlogin HTTP/1.1" 200 1732
190.95.15.15 - - [19/Jun/2023:13:51:14 -0300] "GET /cormun/servlet/trlicencias? HTTP/1.1" 200 7851
190.95.15.15 - - [19/Jun/2023:13:51:26 -0300] "POST /cormun/servlet/hlogin?58098940d04f5346f2f77e1a04257fa4,gx-no-cache=1687192529530 HTTP/1.1" 200 90
190.95.15.15 - - [19/Jun/2023:13:51:26 -0300] "GET /cormun/servlet/hpexe_link HTTP/1.1" 200 949
190.95.15.15 - - [19/Jun/2023:13:51:27 -0300] "GET /cormun/servlet/trlicencias HTTP/1.1" 200 13614
190.95.15.15 - - [19/Jun/2023:13:51:27 -0300] "GET /cormun/servlet/trlicencias HTTP/1.1" 200 13626
192.168.10.17 - - [19/Jun/2023:13:52:02 -0300] "GET /cormun/servlet/vesolicitudgral?2023,20342,, HTTP/1.1" 200 8376
192.168.10.17 - - [19/Jun/2023:13:52:02 -0300] "GET /cormun/pexe_scrolldiv.js HTTP/1.1" 404 1009
192.168.10.17 - - [19/Jun/2023:13:52:03 -0300] "GET /cormun/servlet/vesolicitudgral?2023,20342,, HTTP/1.1" 200 8375
192.168.10.17 - - [19/Jun/2023:13:52:05 -0300] "POST /cormun/servlet/vesolicitudgral?23084268e13a97f4a5b74b2606fbfc57,2023,20342,,,gx-no-cache=1687192552229 HTTP/1.1" 200 12176
192.168.10.17 - - [19/Jun/2023:13:52:05 -0300] "GET /cormun/static/Shared/jqueryui/images/ui-icons_82798d_256x240.png HTTP/1.1" 404 1089
192.168.10.17 - - [19/Jun/2023:13:52:05 -0300] "GET /cormun/static/Shared/jqueryui/images/ui-bg_highlight-soft_100_c6c2c8_1x100.png HTTP/1.1" 404 1117
192.168.10.17 - - [19/Jun/2023:13:52:05 -0300] "GET /cormun/static/Shared/jqueryui/images/ui-icons_8d78a5_256x240.png HTTP/1.1" 404 1089
192.168.10.17 - - [19/Jun/2023:13:52:05 -0300] "GET /cormun/static/Shared/jqueryui/images/ui-bg_flat_55_fafafa_40x100.png HTTP/1.1" 404 1097
192.168.10.17 - - [19/Jun/2023:13:52:09 -0300] "GET /cormun/servlet/trsolicitudgral? HTTP/1.1" 200 11170
192.168.10.17 - - [19/Jun/2023:13:52:10 -0300] "GET /cormun/servlet/trsolicitudgral? HTTP/1.1" 200 11169
192.168.10.17 - - [19/Jun/2023:13:52:27 -0300] "POST /cormun/servlet/trsolicitudgral?23084268e13a97f4a5b74b2606fbfc57,,gx-no-cache=1687192574146 HTTP/1.1" 200 7774
41.186.73.134 - - [19/Jun/2023:13:52:50 -0300] "GET /manager/html HTTP/1.1" 401 2474
186.67.172.234 - - [19/Jun/2023:13:53:08 -0300] "GET /favicon.ico HTTP/1.1" 200 21630
186.67.172.234 - - [19/Jun/2023:13:53:09 -0300] "GET /cormun/servlet/trlicencias? HTTP/1.1" 200 7864
186.67.172.234 - - [19/Jun/2023:13:53:09 -0300] "GET /cormun/servlet/trlicencias? HTTP/1.1" 200 7858
186.67.172.234 - - [19/Jun/2023:13:53:09 -0300] "GET /cormun/servlet/hlogin HTTP/1.1" 200 1734
186.67.172.234 - - [19/Jun/2023:13:53:20 -0300] "POST /cormun/servlet/hlogin?91ec21b5fa3073c9d5f2d96d2061fac9,gx-no-cache=1687192645009 HTTP/1.1" 200 90
186.67.172.234 - - [19/Jun/2023:13:53:20 -0300] "GET /cormun/servlet/hpexe_link HTTP/1.1" 200 955
186.67.172.234 - - [19/Jun/2023:13:53:21 -0300] "GET /cormun/servlet/trlicencias HTTP/1.1" 200 19182
186.67.172.234 - - [19/Jun/2023:13:53:21 -0300] "GET /cormun/servlet/trlicencias HTTP/1.1" 200 19195
41.186.73.134 - - [19/Jun/2023:13:53:24 -0300] "GET /manager/html HTTP/1.1" 401 2474
192.168.10.17 - - [19/Jun/2023:13:54:19 -0300] "GET /cormun/servlet/trautorizarot? HTTP/1.1" 200 10449
192.168.10.17 - - [19/Jun/2023:13:54:20 -0300] "GET /cormun/servlet/trautorizarot? HTTP/1.1" 200 10448
192.168.10.17 - - [19/Jun/2023:13:54:41 -0300] "POST /cormun/servlet/trautorizarot?23084268e13a97f4a5b74b2606fbfc57,,gx-no-cache=1687192708034 HTTP/1.1" 200 6540
192.168.10.17 - - [19/Jun/2023:13:54:45 -0300] "POST /cormun/servlet/trautorizarot?23084268e13a97f4a5b74b2606fbfc57,,gx-no-cache=1687192712072 HTTP/1.1" 200 5341
192.168.10.17 - - [19/Jun/2023:13:54:51 -0300] "GET /cormun/servlet/trsolicitudgral? HTTP/1.1" 200 12037
192.168.10.17 - - [19/Jun/2023:13:54:51 -0300] "GET /cormun/servlet/trsolicitudgral? HTTP/1.1" 200 12037
192.168.10.17 - - [19/Jun/2023:13:54:56 -0300] "GET /cormun/servlet/vesolicitudgral?2023,20366,, HTTP/1.1" 200 8420
192.168.10.17 - - [19/Jun/2023:13:54:56 -0300] "GET /cormun/pexe_scrolldiv.js HTTP/1.1" 404 1009
192.168.10.17 - - [19/Jun/2023:13:54:57 -0300] "GET /cormun/servlet/vesolicitudgral?2023,20366,, HTTP/1.1" 200 8420
191.125.162.140 - - [19/Jun/2023:13:56:16 -0300] "GET /cormun/servlet/hlogin HTTP/1.1" 200 1721
191.125.162.140 - - [19/Jun/2023:13:56:20 -0300] "POST /cormun/servlet/hlogin?1c2f7b250ff35c42c22ff90bd6fcfc4a,gx-no-cache=1687192824415 HTTP/1.1" 200 90
191.125.162.140 - - [19/Jun/2023:13:56:20 -0300] "GET /cormun/servlet/hpexe_link HTTP/1.1" 200 950
191.125.162.140 - - [19/Jun/2023:13:56:20 -0300] "GET /cormun/servlet/hhome HTTP/1.1" 200 3902
191.125.162.140 - - [19/Jun/2023:13:56:20 -0300] "GET /cormun/servlet/hhome HTTP/1.1" 200 3899
192.168.10.96 - - [19/Jun/2023:13:56:22 -0300] "GET /cormun/servlet/trsolicitudgral? HTTP/1.1" 200 10517
192.168.10.96 - - [19/Jun/2023:13:56:22 -0300] "GET /cormun/servlet/trsolicitudgral? HTTP/1.1" 200 10516
192.168.10.96 - - [19/Jun/2023:13:56:30 -0300] "POST /cormun/servlet/trsolicitudgral?9b0b1fe4a1f6b5366c7369aad82c63ee,,gx-no-cache=1687192817122 HTTP/1.1" 200 6662
192.168.10.96 - - [19/Jun/2023:13:56:36 -0300] "POST /cormun/servlet/trsolicitudgral?9b0b1fe4a1f6b5366c7369aad82c63ee,,gx-no-cache=1687192823016 HTTP/1.1" 200 12010
191.125.162.140 - - [19/Jun/2023:13:56:41 -0300] "GET /cormun/servlet/trlicencias? HTTP/1.1" 200 10793
191.125.162.140 - - [19/Jun/2023:13:56:42 -0300] "GET /cormun/servlet/trlicencias? HTTP/1.1" 200 10790
190.171.154.42 - - [19/Jun/2023:13:56:44 -0300] "GET /cormun/servlet/trlicencias? HTTP/1.1" 200 7864
190.171.154.42 - - [19/Jun/2023:13:56:44 -0300] "GET /cormun/servlet/hlogin HTTP/1.1" 200 1734
190.171.154.42 - - [19/Jun/2023:13:56:44 -0300] "GET /cormun/servlet/trlicencias? HTTP/1.1" 200 7859
192.168.10.96 - - [19/Jun/2023:13:56:45 -0300] "POST /cormun/servlet/trsolicitudgral?9b0b1fe4a1f6b5366c7369aad82c63ee,,gx-no-cache=1687192832686 HTTP/1.1" 200 12045
192.168.10.96 - - [19/Jun/2023:13:56:45 -0300] "GET /cormun/static/Shared/jqueryui/images/ui-bg_highlight-soft_100_c6c2c8_1x100.png HTTP/1.1" 404 1117
192.168.10.96 - - [19/Jun/2023:13:56:45 -0300] "GET /cormun/static/Shared/jqueryui/images/ui-icons_8d78a5_256x240.png HTTP/1.1" 404 1089
192.168.10.96 - - [19/Jun/2023:13:56:45 -0300] "GET /cormun/static/Shared/jqueryui/images/ui-bg_flat_55_fafafa_40x100.png HTTP/1.1" 404 1097
192.168.10.96 - - [19/Jun/2023:13:56:45 -0300] "GET /cormun/static/Shared/jqueryui/images/ui-icons_82798d_256x240.png HTTP/1.1" 404 1089
192.168.10.96 - - [19/Jun/2023:13:56:49 -0300] "GET /cormun/servlet/trautorizarot? HTTP/1.1" 200 8136
192.168.10.96 - - [19/Jun/2023:13:56:49 -0300] "GET /cormun/servlet/trautorizarot? HTTP/1.1" 200 8136
190.171.154.42 - - [19/Jun/2023:13:56:50 -0300] "POST /cormun/servlet/hlogin?552d5f75f2fdd9ed4f86434c46531347,gx-no-cache=1687192854246 HTTP/1.1" 200 90
190.171.154.42 - - [19/Jun/2023:13:56:50 -0300] "GET /cormun/servlet/hpexe_link HTTP/1.1" 200 954
190.171.154.42 - - [19/Jun/2023:13:56:50 -0300] "GET /cormun/servlet/trlicencias HTTP/1.1" 200 12434
190.171.154.42 - - [19/Jun/2023:13:56:51 -0300] "GET /cormun/servlet/trlicencias HTTP/1.1" 200 12432
190.171.154.42 - - [19/Jun/2023:13:56:55 -0300] "GET /cormun/servlet/trlicencias? HTTP/1.1" 200 12432
192.168.10.96 - - [19/Jun/2023:13:56:55 -0300] "POST /cormun/servlet/trautorizarot?9b0b1fe4a1f6b5366c7369aad82c63ee,,gx-no-cache=1687192842489 HTTP/1.1" 200 6558
190.171.154.42 - - [19/Jun/2023:13:56:55 -0300] "GET /cormun/servlet/trlicencias? HTTP/1.1" 200 12432
190.171.154.42 - - [19/Jun/2023:13:56:57 -0300] "GET /cormun/servlet/trlicencias? HTTP/1.1" 200 12413
190.171.154.42 - - [19/Jun/2023:13:56:57 -0300] "GET /cormun/servlet/trlicencias? HTTP/1.1" 200 12431
192.168.10.96 - - [19/Jun/2023:13:56:58 -0300] "POST /cormun/servlet/trautorizarot?9b0b1fe4a1f6b5366c7369aad82c63ee,,gx-no-cache=1687192845807 HTTP/1.1" 200 5344
192.168.10.96 - - [19/Jun/2023:13:57:01 -0300] "GET /cormun/servlet/trsolicitudgral? HTTP/1.1" 200 15013
192.168.10.96 - - [19/Jun/2023:13:57:01 -0300] "GET /cormun/servlet/trsolicitudgral? HTTP/1.1" 200 15012
41.186.73.134 - - [19/Jun/2023:13:57:09 -0300] "GET /manager/html HTTP/1.1" 401 2474
41.186.73.134 - - [19/Jun/2023:13:57:43 -0300] "GET /manager/html HTTP/1.1" 401 2474
190.171.142.10 - - [19/Jun/2023:14:00:04 -0300] "GET /cormun/servlet/solicitudot?c941f20dc65f5fd73d78ee7316ee5ce4464ae72c2caea6c49b9da843fab48bb5,gx-no-cache=1687193049633 HTTP/1.1" 440 972
190.171.142.10 - - [19/Jun/2023:14:00:12 -0300] "GET /cormun/servlet/solicitudot?c941f20dc65f5fd73d78ee7316ee5ce4828fc6b68801b21f680d5eeb07453ce8,gx-no-cache=1687193057811 HTTP/1.1" 440 972
190.171.142.10 - - [19/Jun/2023:14:00:13 -0300] "GET /cormun/servlet/solicitudot?INS,0,0,false, HTTP/1.1" 200 15005
190.171.142.10 - - [19/Jun/2023:14:00:14 -0300] "GET /cormun/servlet/solicitudot?INS,0,0,false, HTTP/1.1" 200 15005
190.171.142.10 - - [19/Jun/2023:14:00:15 -0300] "GET /cormun/servlet/hlogin HTTP/1.1" 200 1741
190.171.142.10 - - [19/Jun/2023:14:00:15 -0300] "GET /cormun/servlet/solicitudot?INS,0,0,false, HTTP/1.1" 200 15005
190.171.142.10 - - [19/Jun/2023:14:00:25 -0300] "POST /cormun/servlet/hlogin?8adbb2e53e8cc9fb46052771bbb10dd7,gx-no-cache=1687193070141 HTTP/1.1" 200 454
190.171.142.10 - - [19/Jun/2023:14:00:31 -0300] "POST /cormun/servlet/hlogin?8adbb2e53e8cc9fb46052771bbb10dd7,gx-no-cache=1687193076198 HTTP/1.1" 200 90
190.171.142.10 - - [19/Jun/2023:14:00:31 -0300] "GET /cormun/servlet/hpexe_link HTTP/1.1" 200 963
190.171.142.10 - - [19/Jun/2023:14:00:31 -0300] "GET /cormun/servlet/solicitudot?INS,0,0,false, HTTP/1.1" 200 15913
190.171.142.10 - - [19/Jun/2023:14:00:32 -0300] "GET /cormun/servlet/solicitudot?INS,0,0,false, HTTP/1.1" 200 15920
190.171.142.10 - - [19/Jun/2023:14:00:51 -0300] "POST /cormun/servlet/solicitudot?gx-no-cache=1687193096256 HTTP/1.1" 200 3963
190.171.142.10 - - [19/Jun/2023:14:00:51 -0300] "POST /cormun/servlet/solicitudot?8adbb2e53e8cc9fb46052771bbb10dd7,INS,0,0,false,,gx-no-cache=1687193096404 HTTP/1.1" 200 12531
190.171.142.10 - - [19/Jun/2023:14:00:54 -0300] "GET /cormun/servlet/solicitudot?5f376746901b071e2f8e95ed8d0857f564b96c4fe322c7e77e4f75643c25ccadb40deeb0fa1a71e2742259a5f51266af,gx-no-cache=1687193099472 HTTP/1.1" 200 30
190.171.149.74 - - [19/Jun/2023:14:00:56 -0300] "GET /cormun/servlet/trsolicitudot? HTTP/1.1" 200 6326
190.171.149.74 - - [19/Jun/2023:14:00:57 -0300] "GET /cormun/servlet/hlogin HTTP/1.1" 200 1740
190.171.149.74 - - [19/Jun/2023:14:00:57 -0300] "GET /cormun/servlet/trsolicitudot? HTTP/1.1" 200 6324
190.171.149.74 - - [19/Jun/2023:14:01:02 -0300] "POST /cormun/servlet/hlogin?d6672c7b107e01dd7453d45412ab9eda,gx-no-cache=1687193106531 HTTP/1.1" 200 90
190.171.149.74 - - [19/Jun/2023:14:01:02 -0300] "GET /cormun/servlet/hpexe_link HTTP/1.1" 200 957
190.171.149.74 - - [19/Jun/2023:14:01:02 -0300] "GET /cormun/servlet/trsolicitudot HTTP/1.1" 200 8474
190.171.149.74 - - [19/Jun/2023:14:01:03 -0300] "GET /cormun/servlet/trsolicitudot HTTP/1.1" 200 8473
190.171.149.74 - - [19/Jun/2023:14:01:05 -0300] "GET /cormun/servlet/solicitudot?INS,0,0,false, HTTP/1.1" 200 15864
190.171.149.74 - - [19/Jun/2023:14:01:05 -0300] "GET /cormun/static/gxcfg.js?20221129840861 HTTP/1.1" 304 -
190.171.149.74 - - [19/Jun/2023:14:01:05 -0300] "GET /cormun/static/solicitudot.js?20221129840983 HTTP/1.1" 304 -
190.171.149.74 - - [19/Jun/2023:14:01:06 -0300] "GET /cormun/servlet/solicitudot?INS,0,0,false, HTTP/1.1" 200 15871
190.171.149.74 - - [19/Jun/2023:14:01:21 -0300] "POST /cormun/servlet/solicitudot?gx-no-cache=1687193125626 HTTP/1.1" 200 3963
190.171.149.74 - - [19/Jun/2023:14:01:21 -0300] "POST /cormun/servlet/solicitudot?d6672c7b107e01dd7453d45412ab9eda,INS,0,0,false,,gx-no-cache=1687193125753 HTTP/1.1" 200 12516
190.171.149.74 - - [19/Jun/2023:14:01:22 -0300] "GET /cormun/servlet/solicitudot?078facfb1d1487b38c142e91194d656f4c1206a3ceaccd07f1c03d3ebf51810cdf4cc2acd7a284e0fb4a07221eed4dc1,gx-no-cache=1687193126128 HTTP/1.1" 200 30
41.186.73.134 - - [19/Jun/2023:14:01:27 -0300] "GET /manager/html HTTP/1.1" 401 2474
41.186.73.134 - - [19/Jun/2023:14:02:01 -0300] "GET /manager/html HTTP/1.1" 401 2474
190.171.142.10 - - [19/Jun/2023:14:03:14 -0300] "GET /cormun/static/Resources/resize.gif HTTP/1.1" 200 77
190.171.142.10 - - [19/Jun/2023:14:03:14 -0300] "GET /cormun/static/Resources/PXTools/ClosePrompt.png HTTP/1.1" 200 1036
190.171.142.10 - - [19/Jun/2023:14:03:16 -0300] "GET /cormun/servlet/prrenuncias?,MD,,gxPopupLevel%3D0%3B HTTP/1.1" 200 5902
190.171.142.10 - - [19/Jun/2023:14:03:16 -0300] "GET /cormun/static/gxui/gxui-all.css?110300 HTTP/1.1" 200 2179
190.171.142.10 - - [19/Jun/2023:14:03:16 -0300] "GET /cormun/static/calendar-system.css?75620 HTTP/1.1" 200 5572
190.171.142.10 - - [19/Jun/2023:14:03:16 -0300] "GET /cormun/static/gxcfg.js?201992416202991 HTTP/1.1" 200 953
190.171.142.10 - - [19/Jun/2023:14:03:16 -0300] "GET /cormun/static/Resources/Spanish/PXTools.css?2294816 HTTP/1.1" 200 100853
190.171.142.10 - - [19/Jun/2023:14:03:16 -0300] "GET /cormun/static/Shared/ext/resources/css/ext-all.css?205870 HTTP/1.1" 200 416045
190.171.142.10 - - [19/Jun/2023:14:03:16 -0300] "GET /cormun/static/menusearch.js?20201214473581 HTTP/1.1" 200 1424
190.171.142.10 - - [19/Jun/2023:14:03:16 -0300] "GET /cormun/static/prrenuncias.js?201992416203493 HTTP/1.1" 200 22278
190.171.142.10 - - [19/Jun/2023:14:03:16 -0300] "GET /cormun/static/Resources/PXToolsMenuSearch.png HTTP/1.1" 200 336
190.171.142.10 - - [19/Jun/2023:14:03:16 -0300] "GET /cormun/static/Resources/PXToolsMenuSearchCancel.png HTTP/1.1" 200 306
190.171.142.10 - - [19/Jun/2023:14:03:16 -0300] "GET /cormun/static/hmpwkw011.js?202211298443482 HTTP/1.1" 200 1968
190.171.149.74 - - [19/Jun/2023:14:03:21 -0300] "GET /cormun/servlet/solicitudot?078facfb1d1487b38c142e91194d656f3f14d898af8b506bb58d729d2f31d47a380d37bd8b3d6eb009a630dc145477a251941075d773873d789d75d11f35541e,gx-no-cache=1687193245937 HTTP/1.1" 200 30
190.171.149.74 - - [19/Jun/2023:14:03:22 -0300] "GET /cormun/servlet/solicitudot?078facfb1d1487b38c142e91194d656f6127abc6cfe814e7c8ec64a8b5d250d5,gx-no-cache=1687193245969 HTTP/1.1" 200 29
190.171.142.10 - - [19/Jun/2023:14:03:22 -0300] "GET /cormun/servlet/solicitudot?5f376746901b071e2f8e95ed8d0857f5964d78ac5d358e66d617afdbc323bd6385597d7d2e10b1f1f1c614bff2d8d337b40deeb0fa1a71e2742259a5f51266af,gx-no-cache=1687193247196 HTTP/1.1" 200 30
190.171.142.10 - - [19/Jun/2023:14:03:22 -0300] "GET /cormun/servlet/solicitudot?5f376746901b071e2f8e95ed8d0857f55de13742348ef8c14663529d44ef29f3,gx-no-cache=1687193247515 HTTP/1.1" 200 29
190.171.149.74 - - [19/Jun/2023:14:03:23 -0300] "POST /cormun/servlet/solicitudot?gx-no-cache=1687193247171 HTTP/1.1" 200 255
190.171.149.74 - - [19/Jun/2023:14:03:25 -0300] "GET /cormun/servlet/solicitudot?078facfb1d1487b38c142e91194d656f16c925786183023cb870191356066c7ae546b9aa9aa678d5e5fd110474d3411ec0dcbd60664cc846acc76df542d50c4b72ca6ab74375e9694f41462feb8f26858e1d2d2a8b0c1e64c19229aabac5cefec9a6a45fafe8bcf71d6b5e54ded92a8de833a899e13f17b3f53845bfe03b18b10ceb3f43641f93ab17893e536a44ff09c3853b549fb41fda788f78243b9f2c8053701d74d45cd1ef43e7da2438a8217de0405ae46b01ecd14603862e6e473ceb78914054720c5214291cbb1f41e6e5dee3ea1447b09e00f4668ffb3c216d4dc9e2ab23780cadd1bbfecac1638b193e5154548fda71f06b28a671eec69f4257a0d8f1d27122bc64f48c08a03d4b7fb330eab9cb06eecf1b732220aff002c9cab99cc31045ba9cd2e9167a8e3a88d0957ccb04557579b40b72c145e1e0ae5f296ad1ccbdeddd5757d713da1db7d69dcff65ba12f7f2144d684e68b8f73b1756963f62f0b77eebf1c61c4b823782a3fd1493c607e14ecf60ad4039deb9223713135,gx-no-cache=1687193248966 HTTP/1.1" 200 30
190.171.142.10 - - [19/Jun/2023:14:03:26 -0300] "GET /cormun/servlet/prbanco?,MD,,gxPopupLevel%3D0%3B HTTP/1.1" 200 6485
190.171.142.10 - - [19/Jun/2023:14:03:26 -0300] "GET /cormun/static/gxcfg.js?20201216131581 HTTP/1.1" 200 953
190.171.142.10 - - [19/Jun/2023:14:03:26 -0300] "GET /cormun/static/prbanco.js?20201216132311 HTTP/1.1" 200 10693
190.171.149.74 - - [19/Jun/2023:14:03:29 -0300] "POST /cormun/servlet/solicitudot?gx-no-cache=1687193253115 HTTP/1.1" 200 30
190.171.149.74 - - [19/Jun/2023:14:03:30 -0300] "POST /cormun/servlet/solicitudot?gx-no-cache=1687193254259 HTTP/1.1" 200 1466
190.171.149.74 - - [19/Jun/2023:14:03:30 -0300] "POST /cormun/servlet/solicitudot?gx-no-cache=1687193254316 HTTP/1.1" 200 38
190.171.149.74 - - [19/Jun/2023:14:03:40 -0300] "GET /cormun/servlet/solicitudot?078facfb1d1487b38c142e91194d656fbcbed19eb985e1561f1f69eb0549fb659d471055b006286a27f25f0ce31b4b57a5436ac0816f97a9c65a584052a76bf27b683f12d03e97772d0725c15ec9c965d50fe03fd0dc0e22004b4f67960664e78a2f2720cc189d5134c0debfb057a783,gx-no-cache=1687193264421 HTTP/1.1" 200 110
190.171.142.10 - - [19/Jun/2023:14:03:44 -0300] "GET /cormun/servlet/solicitudot?5f376746901b071e2f8e95ed8d0857f57da92c806e532740a5e3afbc45ea5462,gx-no-cache=1687193269809 HTTP/1.1" 200 51
190.171.143.90 - - [19/Jun/2023:14:03:50 -0300] "GET /cormun/servlet/trsolicitudot? HTTP/1.1" 200 6323
190.171.143.90 - - [19/Jun/2023:14:03:51 -0300] "GET /cormun/servlet/hlogin HTTP/1.1" 200 1735
190.171.143.90 - - [19/Jun/2023:14:03:51 -0300] "GET /cormun/servlet/trsolicitudot? HTTP/1.1" 200 6320
190.171.143.90 - - [19/Jun/2023:14:04:03 -0300] "POST /cormun/servlet/hlogin?268b8ddf8d8eda9423a9ba0261b0fdb9,gx-no-cache=1687193287641 HTTP/1.1" 200 90
190.171.143.90 - - [19/Jun/2023:14:04:03 -0300] "GET /cormun/servlet/hpexe_link HTTP/1.1" 200 951
190.171.143.90 - - [19/Jun/2023:14:04:03 -0300] "GET /cormun/servlet/trsolicitudot HTTP/1.1" 200 7354
190.171.143.90 - - [19/Jun/2023:14:04:03 -0300] "GET /cormun/servlet/trsolicitudot HTTP/1.1" 200 7353
190.171.149.74 - - [19/Jun/2023:14:04:18 -0300] "POST /cormun/servlet/solicitudot?gx-no-cache=1687193302173 HTTP/1.1" 200 97
190.171.142.26 - - [19/Jun/2023:14:04:20 -0300] "GET /cormun/servlet/hlogin HTTP/1.1" 200 1721
190.171.149.74 - - [19/Jun/2023:14:04:25 -0300] "GET /cormun/servlet/solicitudot?078facfb1d1487b38c142e91194d656f48764b7488ff19bef9f18a4a00a3377a8b99e6dc028a79fd41949f1263b21356f131226d271278abbf30f98e8e73c79ea8d4c016fdc29ec59db177a85a7dd2d36515067e60c01490de99bc025fed34902a57746205de763a9594cbd88040d23c,gx-no-cache=1687193309858 HTTP/1.1" 200 29
190.171.149.74 - - [19/Jun/2023:14:04:25 -0300] "GET /cormun/static/menuarrow.gif HTTP/1.1" 404 1015
190.171.142.26 - - [19/Jun/2023:14:04:28 -0300] "POST /cormun/servlet/hlogin?65f19008b4a03228d912aa6296e858a0,gx-no-cache=1687193314549 HTTP/1.1" 200 90
190.171.142.26 - - [19/Jun/2023:14:04:28 -0300] "GET /cormun/servlet/hpexe_link HTTP/1.1" 200 958
190.171.142.26 - - [19/Jun/2023:14:04:29 -0300] "GET /cormun/servlet/trlicencias? HTTP/1.1" 200 19719
190.171.142.26 - - [19/Jun/2023:14:04:29 -0300] "GET /cormun/servlet/trlicencias? HTTP/1.1" 200 19718
190.171.149.74 - - [19/Jun/2023:14:04:31 -0300] "GET /cormun/servlet/solicitudot?078facfb1d1487b38c142e91194d656f848e3a836dbbeaf403c0f49584775e5cfc21e16785a422df3811dd3175ae3b58,gx-no-cache=1687193315401 HTTP/1.1" 200 30
190.171.142.26 - - [19/Jun/2023:14:04:32 -0300] "GET /cormun/servlet/trpermisosgoce? HTTP/1.1" 200 18241
190.171.142.26 - - [19/Jun/2023:14:04:32 -0300] "GET /cormun/servlet/trpermisosgoce? HTTP/1.1" 200 18241
190.171.142.10 - - [19/Jun/2023:14:04:36 -0300] "POST /cormun/servlet/solicitudot?gx-no-cache=1687193321815 HTTP/1.1" 200 256
190.171.149.74 - - [19/Jun/2023:14:04:37 -0300] "POST /cormun/servlet/solicitudot?gx-no-cache=1687193321317 HTTP/1.1" 200 30
190.171.149.74 - - [19/Jun/2023:14:04:40 -0300] "POST /cormun/servlet/solicitudot?d6672c7b107e01dd7453d45412ab9eda,INS,0,0,false,,gx-no-cache=1687193323404 HTTP/1.1" 200 93
190.171.149.74 - - [19/Jun/2023:14:04:40 -0300] "GET /cormun/servlet/hpexe_return? HTTP/1.1" 200 1010
190.171.149.74 - - [19/Jun/2023:14:04:40 -0300] "GET /cormun/servlet/trsolicitudot HTTP/1.1" 200 8919
190.171.153.26 - - [19/Jun/2023:14:04:40 -0300] "GET /cormun/servlet/trpermisosgoce? HTTP/1.1" 200 6036
192.168.10.17 - - [19/Jun/2023:14:04:40 -0300] "GET /cormun/servlet/trsolicitudgral? HTTP/1.1" 200 12038
190.171.149.74 - - [19/Jun/2023:14:04:40 -0300] "GET /cormun/servlet/trsolicitudot HTTP/1.1" 200 8915
192.168.10.17 - - [19/Jun/2023:14:04:41 -0300] "GET /cormun/servlet/trsolicitudgral? HTTP/1.1" 200 12037
190.171.153.26 - - [19/Jun/2023:14:04:43 -0300] "GET /cormun/servlet/hlogin HTTP/1.1" 200 1746
190.171.153.26 - - [19/Jun/2023:14:04:43 -0300] "GET /cormun/servlet/trpermisosgoce? HTTP/1.1" 200 6036
190.171.142.26 - - [19/Jun/2023:14:04:44 -0300] "POST /cormun/servlet/trpermisosgoce?65f19008b4a03228d912aa6296e858a0,,gx-no-cache=1687193329808 HTTP/1.1" 200 15530
192.168.10.17 - - [19/Jun/2023:14:04:46 -0300] "GET /cormun/servlet/vesolicitudgral?2023,20366,, HTTP/1.1" 200 8420
192.168.10.17 - - [19/Jun/2023:14:04:46 -0300] "GET /cormun/pexe_scrolldiv.js HTTP/1.1" 404 1009
190.171.142.10 - - [19/Jun/2023:14:04:46 -0300] "GET /cormun/servlet/solicitudot?5f376746901b071e2f8e95ed8d0857f586b172d4c3535176dd71aade61d9b96817041f76b47e081ac4839c4a411afadf3db3b3614014f57c7b9017a159d7e1a94ba9947999c3032f80623102d514f7b9f497425d5259c272c3c48d3c693b7edd65c9c7ddca79b012b839f348b6860ca41870c97b004d2edd48642326b1a31c99b36794600ed06acb633982d396bee84bd8370e25fcc93f64f1b615bd009f3fc654be63aee4dad8803d746c2178f768b3604b540f3f1749ade90e6c7e036d5a6b82652d6e1d961103ea2b56724bccdb2e072e7cc71ce6e0baee04c529907ba90fe449f094bfc6a9f3fe5a3c87ef8491202d15f03e150e9130ce38618b864723e6c477ca2062e1faa247d37d8da48c907ed85f982e21c5552b870599bfb331c602b4e6976be485f0ac523f2c69b54065b11a8ccdd645d83b3358c9333478055ce156c719eaa7680b33e74b7c4f1d53f3eb1e07bc39cba1f0b9069cab2b07ac634ef3311e1b821459e3a25a7c87de5fe0b3cfdeff772fc0342e6340af0326843a15,gx-no-cache=1687193331466 HTTP/1.1" 200 30
192.168.10.17 - - [19/Jun/2023:14:04:46 -0300] "GET /cormun/servlet/vesolicitudgral?2023,20366,, HTTP/1.1" 200 8420
190.171.153.26 - - [19/Jun/2023:14:04:50 -0300] "POST /cormun/servlet/hlogin?38f7e506f9fee730f33abf350a915939,gx-no-cache=1687193334286 HTTP/1.1" 200 90
190.171.153.26 - - [19/Jun/2023:14:04:50 -0300] "GET /cormun/servlet/hpexe_link HTTP/1.1" 200 960
190.171.153.26 - - [19/Jun/2023:14:04:50 -0300] "GET /cormun/servlet/trpermisosgoce HTTP/1.1" 200 11493
190.171.153.26 - - [19/Jun/2023:14:04:50 -0300] "GET /cormun/servlet/trpermisosgoce HTTP/1.1" 200 11491
190.171.142.10 - - [19/Jun/2023:14:04:53 -0300] "POST /cormun/servlet/solicitudot?gx-no-cache=1687193337978 HTTP/1.1" 200 30
190.171.142.26 - - [19/Jun/2023:14:04:54 -0300] "POST /cormun/servlet/trpermisosgoce?65f19008b4a03228d912aa6296e858a0,,gx-no-cache=1687193340055 HTTP/1.1" 200 7754
190.171.143.90 - - [19/Jun/2023:14:04:57 -0300] "POST /cormun/servlet/trsolicitudot?268b8ddf8d8eda9423a9ba0261b0fdb9,gx-no-cache=1687193341926 HTTP/1.1" 200 103
190.171.143.90 - - [19/Jun/2023:14:04:58 -0300] "GET /cormun/SolicitudOT-8512.xls HTTP/1.1" 200 4608
190.171.153.26 - - [19/Jun/2023:14:04:58 -0300] "GET /cormun/servlet/trpermisosadjuntos?15524011,20230601125720,P, HTTP/1.1" 200 6299
190.171.153.26 - - [19/Jun/2023:14:04:58 -0300] "GET /cormun/static/gxcfg.js?2020121641683 HTTP/1.1" 200 953
190.171.153.26 - - [19/Jun/2023:14:04:58 -0300] "GET /cormun/static/trpermisosadjuntos.js?2020121642996 HTTP/1.1" 200 20158
190.171.153.26 - - [19/Jun/2023:14:04:58 -0300] "GET /cormun/servlet/trpermisosadjuntos?15524011,20230601125720,P, HTTP/1.1" 200 6300
190.171.153.26 - - [19/Jun/2023:14:04:59 -0300] "GET /cormun/servlet/permisosadjuntos?INS,15524011,P,20230601125720,, HTTP/1.1" 200 5622
190.171.153.26 - - [19/Jun/2023:14:04:59 -0300] "GET /cormun/static/gxcfg.js?20201215134212 HTTP/1.1" 200 953
190.171.153.26 - - [19/Jun/2023:14:04:59 -0300] "GET /cormun/static/permisosadjuntos.js?20201215134285 HTTP/1.1" 200 8724
190.171.153.26 - - [19/Jun/2023:14:05:00 -0300] "GET /cormun/static/about:blank HTTP/1.1" 404 1011
190.171.153.26 - - [19/Jun/2023:14:05:00 -0300] "GET /cormun/servlet/permisosadjuntos?INS,15524011,P,20230601125720,, HTTP/1.1" 200 5613
190.171.143.90 - - [19/Jun/2023:14:05:02 -0300] "GET /cormun/servlet/solicitudot?INS,0,0,false, HTTP/1.1" 200 16181
190.171.143.90 - - [19/Jun/2023:14:05:02 -0300] "GET /cormun/servlet/solicitudot?INS,0,0,false, HTTP/1.1" 200 16189
190.171.142.10 - - [19/Jun/2023:14:05:02 -0300] "POST /cormun/servlet/solicitudot?gx-no-cache=1687193347727 HTTP/1.1" 200 1466
190.171.142.10 - - [19/Jun/2023:14:05:02 -0300] "POST /cormun/servlet/solicitudot?gx-no-cache=1687193347758 HTTP/1.1" 200 38
190.171.142.26 - - [19/Jun/2023:14:05:07 -0300] "POST /cormun/servlet/trpermisosgoce?65f19008b4a03228d912aa6296e858a0,,gx-no-cache=1687193353477 HTTP/1.1" 200 15529
190.171.142.10 - - [19/Jun/2023:14:05:11 -0300] "GET /cormun/servlet/solicitudot?5f376746901b071e2f8e95ed8d0857f5a3f3d46fdd39e14e47c0c6f9d41ce56204dff2125a6c2573dab0a156041b53997ba8ba4e070225de809cca1fa56dd4ee9c512aa5245160f97f1f2ad917255563e29124faa5a7e162157a43c8c445413751d7523e19fa73dc3dad6cd1813f48a6,gx-no-cache=1687193356029 HTTP/1.1" 200 110
190.171.149.74 - - [19/Jun/2023:14:05:13 -0300] "POST /cormun/servlet/trsolicitudot?d6672c7b107e01dd7453d45412ab9eda,gx-no-cache=1687193357180 HTTP/1.1" 200 110
190.171.149.74 - - [19/Jun/2023:14:05:13 -0300] "GET /cormun/servlet/solicitudot?UPD,2023,20373,false, HTTP/1.1" 200 16412
190.171.149.74 - - [19/Jun/2023:14:05:14 -0300] "GET /cormun/servlet/solicitudot?UPD,2023,20373,false, HTTP/1.1" 200 16424
190.171.149.74 - - [19/Jun/2023:14:05:14 -0300] "POST /cormun/servlet/solicitudot?gx-no-cache=1687193358174 HTTP/1.1" 200 4016
190.171.149.74 - - [19/Jun/2023:14:05:14 -0300] "POST /cormun/servlet/solicitudot?d6672c7b107e01dd7453d45412ab9eda,UPD,2023,20373,false,,gx-no-cache=1687193358788 HTTP/1.1" 200 12632
190.171.149.74 - - [19/Jun/2023:14:05:15 -0300] "GET /cormun/servlet/solicitudot?078facfb1d1487b38c142e91194d656f4c1206a3ceaccd07f1c03d3ebf51810cc8313c6aaf6a94e734ad023f46c8a365,gx-no-cache=1687193359020 HTTP/1.1" 200 30
190.171.149.74 - - [19/Jun/2023:14:05:15 -0300] "GET /cormun/servlet/solicitudot?078facfb1d1487b38c142e91194d656f3f14d898af8b506bb58d729d2f31d47a2e9252ccbee58d8d8c5428ac7f86752951941075d773873d789d75d11f35541e,gx-no-cache=1687193359048 HTTP/1.1" 200 30
190.171.149.74 - - [19/Jun/2023:14:05:15 -0300] "GET /cormun/servlet/solicitudot?078facfb1d1487b38c142e91194d656f6127abc6cfe814e7c8ec64a8b5d250d5,gx-no-cache=1687193359120 HTTP/1.1" 200 29
190.171.149.74 - - [19/Jun/2023:14:05:15 -0300] "POST /cormun/servlet/solicitudot?gx-no-cache=1687193359145 HTTP/1.1" 200 254
190.171.149.74 - - [19/Jun/2023:14:05:15 -0300] "GET /cormun/servlet/solicitudot?078facfb1d1487b38c142e91194d656f16c925786183023cb870191356066c7ae546b9aa9aa678d5e5fd110474d3411ec0dcbd60664cc846acc76df542d50c4b72ca6ab74375e9694f41462feb8f26858e1d2d2a8b0c1e64c19229aabac5cefec9a6a45fafe8bcf71d6b5e54ded92a8de833a899e13f17b3f53845bfe03b18b10ceb3f43641f93ab17893e536a44ff09c3853b549fb41fda788f78243b9f2c8053701d74d45cd1ef43e7da2438a8217de0405ae46b01ecd14603862e6e473ceb78914054720c5214291cbb1f41e6e5dee3ea1447b09e00f4668ffb3c216d4dc9e2ab23780cadd1bbfecac1638b193e5154548fda71f06b28a671eec69f4257a0d8f1d27122bc64f48c08a03d4b7fb330eab9cb06eecf1b732220aff002c9cab99cc31045ba9cd2e9167a8e3a88d0957ccb04557579b40b72c145e1e0ae5f296ad1ccbdeddd5757d713da1db7d69dcff65ba12f7f2144d684e68b8f73b1756963f62f0b77eebf1c61c4b823782a3fd149822201d291ddc3ff15232598e918588f,gx-no-cache=1687193359172 HTTP/1.1" 200 30
190.171.149.74 - - [19/Jun/2023:14:05:15 -0300] "POST /cormun/servlet/solicitudot?gx-no-cache=1687193359194 HTTP/1.1" 200 30
190.171.149.74 - - [19/Jun/2023:14:05:15 -0300] "POST /cormun/servlet/solicitudot?gx-no-cache=1687193359228 HTTP/1.1" 200 1469
190.171.149.74 - - [19/Jun/2023:14:05:15 -0300] "POST /cormun/servlet/solicitudot?gx-no-cache=1687193359280 HTTP/1.1" 200 41
190.171.142.26 - - [19/Jun/2023:14:05:15 -0300] "POST /cormun/servlet/trpermisosgoce?65f19008b4a03228d912aa6296e858a0,,gx-no-cache=1687193361735 HTTP/1.1" 200 7754
190.171.149.74 - - [19/Jun/2023:14:05:16 -0300] "GET /cormun/servlet/solicitudot?078facfb1d1487b38c142e91194d656fbcbed19eb985e1561f1f69eb0549fb659d471055b006286a27f25f0ce31b4b57a5436ac0816f97a9c65a584052a76bf27b683f12d03e97772d0725c15ec9c965d50fe03fd0dc0e22004b4f67960664e78a2f2720cc189d5134c0debfb057a783,gx-no-cache=1687193360805 HTTP/1.1" 200 110
190.171.149.74 - - [19/Jun/2023:14:05:16 -0300] "POST /cormun/servlet/solicitudot?gx-no-cache=1687193360830 HTTP/1.1" 200 97
190.171.149.74 - - [19/Jun/2023:14:05:16 -0300] "GET /cormun/servlet/solicitudot?078facfb1d1487b38c142e91194d656f6429cfb53de482b6e3906e9c10edc849899478f9acb46ece90aabefb6463285c7ffeeaf348cb07f414f8af6c69f7f62515a214ca2129289f160af452440bdf115ce92e5dcffd74f98c0fe874e54324c1070b0c31d324a45c2b814f54cacd17c442064bef8ad8fd213bee8b1b67d151396515067e60c01490de99bc025fed34902a57746205de763a9594cbd88040d23c,gx-no-cache=1687193360857 HTTP/1.1" 200 29
190.171.149.74 - - [19/Jun/2023:14:05:16 -0300] "GET /cormun/servlet/solicitudot?078facfb1d1487b38c142e91194d656f848e3a836dbbeaf403c0f49584775e5cfc21e16785a422df3811dd3175ae3b58,gx-no-cache=1687193360885 HTTP/1.1" 200 30
190.171.149.74 - - [19/Jun/2023:14:05:16 -0300] "POST /cormun/servlet/solicitudot?gx-no-cache=1687193360912 HTTP/1.1" 200 30
190.171.142.10 - - [19/Jun/2023:14:05:21 -0300] "POST /cormun/servlet/solicitudot?gx-no-cache=1687193366292 HTTP/1.1" 200 110
192.168.10.17 - - [19/Jun/2023:14:05:26 -0300] "GET /cormun/servlet/vesolicitudgral?2023,20366,,SolicitudOTAdjuntos HTTP/1.1" 200 11155
192.168.10.17 - - [19/Jun/2023:14:05:26 -0300] "GET /cormun/pexe_scrolldiv.js HTTP/1.1" 404 1009
192.168.10.17 - - [19/Jun/2023:14:05:27 -0300] "GET /cormun/servlet/vesolicitudgral?2023,20366,,SolicitudOTAdjuntos HTTP/1.1" 200 11159
192.168.10.17 - - [19/Jun/2023:14:05:27 -0300] "POST /cormun/servlet/acontrolpreferencessavestate?None,RRHH+DANIELA,true HTTP/1.1" 200 35
190.171.153.26 - - [19/Jun/2023:14:05:29 -0300] "POST /cormun/servlet/permisosadjuntos?38f7e506f9fee730f33abf350a915939,INS,15524011,P,20230601125720,, HTTP/1.1" 200 116
190.171.153.26 - - [19/Jun/2023:14:05:29 -0300] "GET /cormun/servlet/hpexe_return? HTTP/1.1" 200 1042
190.171.153.26 - - [19/Jun/2023:14:05:30 -0300] "GET /cormun/servlet/trpermisosadjuntos?15524011,20230601125720,P, HTTP/1.1" 200 6776
190.171.153.26 - - [19/Jun/2023:14:05:30 -0300] "GET /cormun/servlet/trpermisosadjuntos?15524011,20230601125720,P, HTTP/1.1" 200 6772
192.168.10.96 - - [19/Jun/2023:14:05:32 -0300] "GET /cormun/servlet/trsolicitudgral? HTTP/1.1" 200 15005
192.168.10.96 - - [19/Jun/2023:14:05:33 -0300] "GET /cormun/servlet/trsolicitudgral? HTTP/1.1" 200 15005
190.171.142.26 - - [19/Jun/2023:14:05:33 -0300] "POST /cormun/servlet/trpermisosgoce?65f19008b4a03228d912aa6296e858a0,,gx-no-cache=1687193378942 HTTP/1.1" 200 15529
190.171.153.26 - - [19/Jun/2023:14:05:33 -0300] "GET /cormun/servlet/trpermisosgoce? HTTP/1.1" 200 11493
190.171.153.26 - - [19/Jun/2023:14:05:34 -0300] "GET /cormun/servlet/trpermisosgoce? HTTP/1.1" 200 11491
192.168.10.17 - - [19/Jun/2023:14:05:34 -0300] "GET /cormun/PublicTempStorage/certificadoafphabitat_%286%293860948.pdf HTTP/1.1" 200 76049
192.168.10.17 - - [19/Jun/2023:14:05:36 -0300] "GET /cormun/servlet/vesolicitudgral?2023,20366,,SolicitudOTAdjuntos HTTP/1.1" 200 11155
192.168.10.17 - - [19/Jun/2023:14:05:37 -0300] "GET /cormun/servlet/vesolicitudgral?2023,20366,,SolicitudOTAdjuntos HTTP/1.1" 200 11157
190.171.153.26 - - [19/Jun/2023:14:05:37 -0300] "POST /cormun/servlet/trpermisosgoce?38f7e506f9fee730f33abf350a915939,,gx-no-cache=1687193381810 HTTP/1.1" 200 8634
190.171.153.26 - - [19/Jun/2023:14:05:38 -0300] "GET /cormun/static/Shared/jqueryui/images/ui-icons_82798d_256x240.png HTTP/1.1" 404 1089
190.171.153.26 - - [19/Jun/2023:14:05:38 -0300] "GET /cormun/static/Shared/jqueryui/images/ui-bg_highlight-soft_100_c6c2c8_1x100.png HTTP/1.1" 404 1117
190.171.153.26 - - [19/Jun/2023:14:05:38 -0300] "GET /cormun/static/Shared/jqueryui/images/ui-bg_flat_55_fafafa_40x100.png HTTP/1.1" 404 1097
190.171.153.26 - - [19/Jun/2023:14:05:38 -0300] "GET /cormun/static/Shared/jqueryui/images/ui-icons_8d78a5_256x240.png HTTP/1.1" 404 1089
192.168.10.17 - - [19/Jun/2023:14:05:38 -0300] "POST /cormun/servlet/acontrolpreferencessavestate?None,RRHH+DANIELA,true HTTP/1.1" 200 35
192.168.10.17 - - [19/Jun/2023:14:05:39 -0300] "GET /cormun/PublicTempStorage/certificado_salud8827620.pdf HTTP/1.1" 200 74235
192.168.10.96 - - [19/Jun/2023:14:05:40 -0300] "POST /cormun/servlet/trsolicitudgral?9b0b1fe4a1f6b5366c7369aad82c63ee,,gx-no-cache=1687193367329 HTTP/1.1" 200 7092
192.168.10.17 - - [19/Jun/2023:14:05:41 -0300] "GET /cormun/servlet/vesolicitudgral?2023,20366,,SolicitudOTAdjuntos HTTP/1.1" 200 11154
192.168.10.17 - - [19/Jun/2023:14:05:42 -0300] "GET /cormun/servlet/vesolicitudgral?2023,20366,,SolicitudOTAdjuntos HTTP/1.1" 200 11157
192.168.10.17 - - [19/Jun/2023:14:05:43 -0300] "POST /cormun/servlet/acontrolpreferencessavestate?None,RRHH+DANIELA,true HTTP/1.1" 200 35
190.171.142.26 - - [19/Jun/2023:14:05:45 -0300] "POST /cormun/servlet/trpermisosgoce?65f19008b4a03228d912aa6296e858a0,,gx-no-cache=1687193391055 HTTP/1.1" 200 7754
190.171.142.26 - - [19/Jun/2023:14:05:50 -0300] "POST /cormun/servlet/trpermisosgoce?65f19008b4a03228d912aa6296e858a0,,gx-no-cache=1687193396198 HTTP/1.1" 200 15530
41.186.73.134 - - [19/Jun/2023:14:05:54 -0300] "GET /manager/html HTTP/1.1" 401 2474
190.171.142.26 - - [19/Jun/2023:14:05:54 -0300] "GET /cormun/static/menuarrow.gif HTTP/1.1" 404 1015
190.171.149.74 - - [19/Jun/2023:14:05:55 -0300] "POST /cormun/servlet/solicitudot?d6672c7b107e01dd7453d45412ab9eda,UPD,2023,20373,false,,gx-no-cache=1687193399477 HTTP/1.1" 200 93
190.171.149.74 - - [19/Jun/2023:14:05:55 -0300] "GET /cormun/servlet/hpexe_return? HTTP/1.1" 200 1014
190.171.149.74 - - [19/Jun/2023:14:05:55 -0300] "GET /cormun/servlet/trsolicitudot HTTP/1.1" 200 8919
190.171.149.74 - - [19/Jun/2023:14:05:56 -0300] "GET /cormun/servlet/trsolicitudot HTTP/1.1" 200 8915
192.168.10.96 - - [19/Jun/2023:14:05:57 -0300] "POST /cormun/servlet/trsolicitudgral?9b0b1fe4a1f6b5366c7369aad82c63ee,,gx-no-cache=1687193384817 HTTP/1.1" 200 7126
192.168.10.96 - - [19/Jun/2023:14:05:57 -0300] "GET /cormun/static/Shared/jqueryui/images/ui-bg_highlight-soft_100_c6c2c8_1x100.png HTTP/1.1" 404 1117
192.168.10.96 - - [19/Jun/2023:14:05:57 -0300] "GET /cormun/static/Shared/jqueryui/images/ui-icons_82798d_256x240.png HTTP/1.1" 404 1089
192.168.10.96 - - [19/Jun/2023:14:05:57 -0300] "GET /cormun/static/Shared/jqueryui/images/ui-icons_8d78a5_256x240.png HTTP/1.1" 404 1089
192.168.10.96 - - [19/Jun/2023:14:05:57 -0300] "GET /cormun/static/Shared/jqueryui/images/ui-bg_flat_55_fafafa_40x100.png HTTP/1.1" 404 1097
192.168.10.96 - - [19/Jun/2023:14:06:00 -0300] "GET /cormun/servlet/trautorizarot? HTTP/1.1" 200 9536
192.168.10.96 - - [19/Jun/2023:14:06:00 -0300] "GET /cormun/servlet/trautorizarot? HTTP/1.1" 200 9536
190.171.142.26 - - [19/Jun/2023:14:06:02 -0300] "POST /cormun/servlet/trpermisosgoce?65f19008b4a03228d912aa6296e858a0,,gx-no-cache=1687193408231 HTTP/1.1" 200 15559
192.168.10.96 - - [19/Jun/2023:14:06:03 -0300] "POST /cormun/servlet/trautorizarot?9b0b1fe4a1f6b5366c7369aad82c63ee,,gx-no-cache=1687193390407 HTTP/1.1" 200 5332
190.171.142.26 - - [19/Jun/2023:14:06:09 -0300] "POST /cormun/servlet/trpermisosgoce?65f19008b4a03228d912aa6296e858a0,,gx-no-cache=1687193415630 HTTP/1.1" 200 15567
41.186.73.134 - - [19/Jun/2023:14:06:27 -0300] "GET /manager/html HTTP/1.1" 401 2474
190.171.142.26 - - [19/Jun/2023:14:06:34 -0300] "POST /cormun/servlet/trpermisosgoce?65f19008b4a03228d912aa6296e858a0,,gx-no-cache=1687193440351 HTTP/1.1" 200 14378
190.171.142.26 - - [19/Jun/2023:14:07:02 -0300] "GET /cormun/servlet/permisogoce?UPD,19926654,P,20230420165402, HTTP/1.1" 200 6895
190.171.142.26 - - [19/Jun/2023:14:07:02 -0300] "GET /cormun/servlet/permisogoce?UPD,19926654,P,20230420165402, HTTP/1.1" 200 6895
190.171.142.26 - - [19/Jun/2023:14:07:02 -0300] "GET /cormun/servlet/permisogoce?5f54f0e05738542b609f91406ee5c56ea4ee1d9570e34ff9feb590e977a86c57c595f83d36e73cdc5a8409dac92bd29ecb09cc34e8f2bc858edc0f38ee18f85a,gx-no-cache=1687193468856 HTTP/1.1" 200 86
190.171.142.26 - - [19/Jun/2023:14:07:15 -0300] "GET /cormun/servlet/permisogoce?5f54f0e05738542b609f91406ee5c56ea8cd3998d3f49e2aacc50af421dd46f99487af2675aa02bcf33ed8662d3ee344366498847c12c4b275e25a5d369a7365,gx-no-cache=1687193481652 HTTP/1.1" 200 48
190.171.142.26 - - [19/Jun/2023:14:07:20 -0300] "POST /cormun/servlet/permisogoce?65f19008b4a03228d912aa6296e858a0,UPD,19926654,P,20230420165402,,gx-no-cache=1687193486088 HTTP/1.1" 200 93
190.171.142.26 - - [19/Jun/2023:14:07:20 -0300] "GET /cormun/servlet/hpexe_return? HTTP/1.1" 200 1028
190.171.142.26 - - [19/Jun/2023:14:07:20 -0300] "GET /cormun/servlet/trpermisosgoce? HTTP/1.1" 200 17125
190.171.142.26 - - [19/Jun/2023:14:07:21 -0300] "GET /cormun/servlet/trpermisosgoce? HTTP/1.1" 200 17128
190.171.142.26 - - [19/Jun/2023:14:07:27 -0300] "GET /cormun/servlet/apermisogoceprn?19926654,P,20230420165402,PU HTTP/1.1" 200 1656
190.171.142.26 - - [19/Jun/2023:14:07:27 -0300] "GET /cormun/servlet/apermisogoceprn?19926654,P,20230420165402,PU HTTP/1.1" 200 1656
190.171.142.10 - - [19/Jun/2023:14:07:35 -0300] "GET /cormun/servlet/solicitudot?5f376746901b071e2f8e95ed8d0857f53eb353cdff397fa38d675624c20fb673fdb61db657be17f6d49feb162877df5c9c1429345c0152e06a1346db217a7de4dc39cec7cdd9cad7dbb41d3f6f445935c10522bcac007fb25eb2e262f8cdea4d5f520936c77ea0e306f288cdeb0fe132,gx-no-cache=1687193500719 HTTP/1.1" 200 29
190.171.142.10 - - [19/Jun/2023:14:07:35 -0300] "GET /cormun/static/menuarrow.gif HTTP/1.1" 404 1015
190.171.142.10 - - [19/Jun/2023:14:07:48 -0300] "GET /cormun/servlet/solicitudot?5f376746901b071e2f8e95ed8d0857f58366ad30db1087c850cecf1086113e779e54f7161c8dc2d8d7ea84143f713be1,gx-no-cache=1687193513862 HTTP/1.1" 200 30
190.171.142.10 - - [19/Jun/2023:14:08:00 -0300] "POST /cormun/servlet/solicitudot?gx-no-cache=1687193525304 HTTP/1.1" 200 30
190.171.142.10 - - [19/Jun/2023:14:08:08 -0300] "POST /cormun/servlet/solicitudot?8adbb2e53e8cc9fb46052771bbb10dd7,INS,0,0,false,,gx-no-cache=1687193533043 HTTP/1.1" 200 93
190.171.142.10 - - [19/Jun/2023:14:08:08 -0300] "GET /cormun/servlet/hpexe_return? HTTP/1.1" 200 1006
190.171.142.10 - - [19/Jun/2023:14:08:08 -0300] "GET /cormun/static/gxcfg.js?20221129846035 HTTP/1.1" 200 953
190.171.142.10 - - [19/Jun/2023:14:08:08 -0300] "GET /cormun/static/hpexe_return.js?20221129846037 HTTP/1.1" 200 1633
190.171.142.10 - - [19/Jun/2023:14:08:09 -0300] "GET /cormun/servlet/hhome HTTP/1.1" 200 4208
190.171.142.10 - - [19/Jun/2023:14:08:09 -0300] "GET /cormun/servlet/hhome HTTP/1.1" 200 4203
190.171.152.234 - - [19/Jun/2023:14:08:28 -0300] "GET /cormun/servlet/hlogin HTTP/1.1" 200 1722
190.171.152.234 - - [19/Jun/2023:14:08:28 -0300] "GET /cormun/static/gxtimezone.js?85251 HTTP/1.1" 200 5781
190.171.152.234 - - [19/Jun/2023:14:08:28 -0300] "GET /cormun/static/gxcfg.js?2022112219184450 HTTP/1.1" 200 953
190.171.152.234 - - [19/Jun/2023:14:08:28 -0300] "GET /cormun/static/Resources/Spanish/PXTools.css?1759030 HTTP/1.1" 200 100853
190.171.152.234 - - [19/Jun/2023:14:08:28 -0300] "GET /cormun/static/Resources/CormunLogin.png HTTP/1.1" 200 19132
190.171.152.234 - - [19/Jun/2023:14:08:28 -0300] "GET /cormun/static/messages.spa.js?85251 HTTP/1.1" 200 30736
190.171.152.234 - - [19/Jun/2023:14:08:28 -0300] "GET /cormun/static/gxgral.js?85251 HTTP/1.1" 200 384558
190.171.152.234 - - [19/Jun/2023:14:08:28 -0300] "GET /cormun/static/hlogin.js?2022112219184458 HTTP/1.1" 200 2156
190.171.152.234 - - [19/Jun/2023:14:08:28 -0300] "GET /cormun/static/Resources/PXToolsLoginTop.png HTTP/1.1" 200 1337
190.171.152.234 - - [19/Jun/2023:14:08:28 -0300] "GET /cormun/static/Resources/PXToolsLoginBackground.png HTTP/1.1" 200 1164
190.171.152.234 - - [19/Jun/2023:14:08:28 -0300] "GET /cormun/static/Resources/PXToolsButtonLeft.png HTTP/1.1" 200 1310
190.171.152.234 - - [19/Jun/2023:14:08:28 -0300] "GET /cormun/static/Resources/PXToolsButtonBackground.png HTTP/1.1" 200 1176
190.171.152.234 - - [19/Jun/2023:14:08:28 -0300] "GET /cormun/static/Resources/PXToolsButtonRight.png HTTP/1.1" 200 1294
190.171.152.234 - - [19/Jun/2023:14:08:28 -0300] "GET /cormun/static/Resources/PXToolsLoginBottom.png HTTP/1.1" 200 1389
190.171.152.234 - - [19/Jun/2023:14:08:28 -0300] "GET /cormun/servlet/hlogin HTTP/1.1" 200 1732
190.171.152.234 - - [19/Jun/2023:14:08:28 -0300] "GET /cormun/static/Resources/indicator.gif HTTP/1.1" 200 1553
190.171.152.234 - - [19/Jun/2023:14:08:28 -0300] "GET /favicon.ico HTTP/1.1" 200 21630
190.171.152.234 - - [19/Jun/2023:14:08:36 -0300] "POST /cormun/servlet/hlogin?d00ec445628af66bf977e98b7371ab9a,gx-no-cache=1687190093366 HTTP/1.1" 200 90
190.171.152.234 - - [19/Jun/2023:14:08:36 -0300] "GET /cormun/servlet/hpexe_link HTTP/1.1" 200 952
190.171.152.234 - - [19/Jun/2023:14:08:36 -0300] "GET /cormun/static/Resources/Spanish/PXTools.css?8354383 HTTP/1.1" 200 100853
190.171.152.234 - - [19/Jun/2023:14:08:36 -0300] "GET /cormun/static/gxcfg.js?20221129847421 HTTP/1.1" 200 953
190.171.152.234 - - [19/Jun/2023:14:08:36 -0300] "GET /cormun/static/hpexe_link.js?20221129847423 HTTP/1.1" 200 625
190.171.152.234 - - [19/Jun/2023:14:08:36 -0300] "GET /cormun/servlet/hhome HTTP/1.1" 200 4280
190.171.152.234 - - [19/Jun/2023:14:08:36 -0300] "GET /cormun/static/Resources/Spanish/PXTools.css?14345360 HTTP/1.1" 200 100853
190.171.152.234 - - [19/Jun/2023:14:08:36 -0300] "GET /cormun/static/Shared/jqueryui/jquery-ui.min.css?1345370 HTTP/1.1" 200 30288
190.171.152.234 - - [19/Jun/2023:14:08:36 -0300] "GET /cormun/static/gxcfg.js?20201215495537 HTTP/1.1" 200 953
190.171.152.234 - - [19/Jun/2023:14:08:36 -0300] "GET /cormun/static/SmoothNavMenu/resources/ddsmoothmenu-v.css?1112540 HTTP/1.1" 200 1188
190.171.152.234 - - [19/Jun/2023:14:08:36 -0300] "GET /cormun/static/SmoothNavMenu/resources/ddsmoothmenu.css?1112540 HTTP/1.1" 200 2223
190.171.152.234 - - [19/Jun/2023:14:08:36 -0300] "GET /cormun/static/scaMessage/css/jquery.pnotify.default.css?1816380 HTTP/1.1" 200 1707
190.171.152.234 - - [19/Jun/2023:14:08:36 -0300] "GET /cormun/static/PXToolsJavascripts/pexe_autoreload.js HTTP/1.1" 200 1762
190.171.152.234 - - [19/Jun/2023:14:08:36 -0300] "GET /cormun/static/PXToolsJavascripts/pexe_cookies.js HTTP/1.1" 200 792
190.171.152.234 - - [19/Jun/2023:14:08:36 -0300] "GET /cormun/static/PXToolsJavascripts/pexe_windows.js HTTP/1.1" 200 15249
190.171.152.234 - - [19/Jun/2023:14:08:36 -0300] "GET /cormun/static/PXToolsJavascripts/pexe_griddivfix.js HTTP/1.1" 200 6946
190.171.152.234 - - [19/Jun/2023:14:08:36 -0300] "GET /cormun/static/PXToolsJavascripts/pexe_grid.js HTTP/1.1" 200 7559
190.171.152.234 - - [19/Jun/2023:14:08:36 -0300] "GET /cormun/static/PXToolsJavascripts/pexe_link.js HTTP/1.1" 200 5671
190.171.152.234 - - [19/Jun/2023:14:08:36 -0300] "GET /cormun/static/PXToolsJavascripts/pexe_menudivfix.js HTTP/1.1" 200 333
190.171.152.234 - - [19/Jun/2023:14:08:36 -0300] "GET /cormun/static/PXToolsJavascripts/pexe_menus.js HTTP/1.1" 200 1286
190.171.152.234 - - [19/Jun/2023:14:08:36 -0300] "GET /cormun/static/PXToolsJavascripts/pexe_layers.js HTTP/1.1" 200 4114
190.171.152.234 - - [19/Jun/2023:14:08:36 -0300] "GET /cormun/static/PXToolsJavascripts/pexe_oav.js HTTP/1.1" 200 645
190.171.152.234 - - [19/Jun/2023:14:08:36 -0300] "GET /cormun/static/PXToolsJavascripts/pexe_scrolldiv.js HTTP/1.1" 200 4138
190.171.152.234 - - [19/Jun/2023:14:08:36 -0300] "GET /cormun/static/PXToolsJavascripts/pexe_popup.js HTTP/1.1" 200 15149
190.171.152.234 - - [19/Jun/2023:14:08:36 -0300] "GET /cormun/static/PXToolsJavascripts/pexe_picture.js HTTP/1.1" 200 689
190.171.152.234 - - [19/Jun/2023:14:08:36 -0300] "GET /cormun/static/PXToolsJavascripts/pexe_tabdivfix.js HTTP/1.1" 200 898
190.171.152.234 - - [19/Jun/2023:14:08:36 -0300] "GET /cormun/static/PXToolsJavascripts/pexe_tabs.js HTTP/1.1" 200 3748
190.171.152.234 - - [19/Jun/2023:14:08:36 -0300] "GET /cormun/static/PXToolsJavascripts/pexe_oavdivfix.js HTTP/1.1" 200 639
190.171.152.234 - - [19/Jun/2023:14:08:36 -0300] "GET /cormun/static/PXToolsJavascripts/pexe_upload.js HTTP/1.1" 200 1423
190.171.152.234 - - [19/Jun/2023:14:08:36 -0300] "GET /cormun/static/PXToolsJavascripts/PXToolsJavascriptsRender.js HTTP/1.1" 200 367
190.171.152.234 - - [19/Jun/2023:14:08:36 -0300] "GET /cormun/static/Resources/CormunMP2.png HTTP/1.1" 200 6878
190.171.152.234 - - [19/Jun/2023:14:08:36 -0300] "GET /cormun/static/Resources/ImgHome.png HTTP/1.1" 200 1364
190.171.152.234 - - [19/Jun/2023:14:08:36 -0300] "GET /cormun/static/Resources/ImgLogin.png HTTP/1.1" 200 1432
190.171.152.234 - - [19/Jun/2023:14:08:36 -0300] "GET /cormun/static/Resources/Llave.png HTTP/1.1" 200 1395
190.171.152.234 - - [19/Jun/2023:14:08:36 -0300] "GET /cormun/static/hhome.js?20201215495544 HTTP/1.1" 200 777
190.171.152.234 - - [19/Jun/2023:14:08:36 -0300] "GET /cormun/static/RunJS/RunJS.js HTTP/1.1" 200 288
190.171.152.234 - - [19/Jun/2023:14:08:36 -0300] "GET /cormun/static/Shared/ext/locale/ext-lang-en.js HTTP/1.1" 200 10940
190.171.152.234 - - [19/Jun/2023:14:08:36 -0300] "GET /cormun/static/hwchdr01.js?2022112219251119 HTTP/1.1" 200 996
190.171.152.234 - - [19/Jun/2023:14:08:36 -0300] "GET /cormun/static/hpexe_recentlink.js?20201214471090 HTTP/1.1" 200 2144
190.171.152.234 - - [19/Jun/2023:14:08:36 -0300] "GET /cormun/static/hpexe_scripts.js?20201214471411 HTTP/1.1" 200 1544
190.171.152.234 - - [19/Jun/2023:14:08:36 -0300] "GET /cormun/static/hpexe_messagecontroller.js?202211298371222 HTTP/1.1" 200 870
190.171.152.234 - - [19/Jun/2023:14:08:36 -0300] "GET /cormun/static/hpexe_messagepopupcomponent.js?2020121447232 HTTP/1.1" 200 605
190.171.152.234 - - [19/Jun/2023:14:08:36 -0300] "GET /cormun/static/hpexe_messagegenexuscomponent.js?20221129836373 HTTP/1.1" 200 587
190.171.152.234 - - [19/Jun/2023:14:08:36 -0300] "GET /cormun/static/cmcontrolpreferences.js?20199141926336 HTTP/1.1" 200 1375
190.171.152.234 - - [19/Jun/2023:14:08:36 -0300] "GET /cormun/static/gxui/gxui-all.js HTTP/1.1" 200 107772
190.171.152.234 - - [19/Jun/2023:14:08:36 -0300] "GET /cormun/static/SmoothNavMenu/resources/ddsmoothmenu.js HTTP/1.1" 200 12712
190.171.152.234 - - [19/Jun/2023:14:08:36 -0300] "GET /cormun/static/Shared/jquery/jquery-1.4.2.min.js HTTP/1.1" 200 72174
190.171.152.234 - - [19/Jun/2023:14:08:36 -0300] "GET /cormun/static/Resources/PXToolsDataTitle.png HTTP/1.1" 200 1173
190.171.152.234 - - [19/Jun/2023:14:08:36 -0300] "GET /cormun/static/SmoothNavMenu/resources/SmoothNavMenuRender.js HTTP/1.1" 200 5951
190.171.152.234 - - [19/Jun/2023:14:08:36 -0300] "GET /cormun/static/scaMessage/js/jquery.pnotify.min.js HTTP/1.1" 200 13038
190.171.152.234 - - [19/Jun/2023:14:08:36 -0300] "GET /cormun/static/scaMessage/scaMessageRender.js HTTP/1.1" 200 11977
190.171.152.234 - - [19/Jun/2023:14:08:36 -0300] "GET /cormun/static/hmpwkw03.js?20221129844354 HTTP/1.1" 200 3971
190.171.152.234 - - [19/Jun/2023:14:08:37 -0300] "GET /cormun/static/Shared/jquery/jquery-1.10.2.min.js HTTP/1.1" 200 273199
190.171.152.234 - - [19/Jun/2023:14:08:37 -0300] "GET /cormun/static/Shared/jqueryui/jquery-ui.min.js HTTP/1.1" 200 240427
190.171.152.234 - - [19/Jun/2023:14:08:37 -0300] "GET /cormun/static/Shared/ext/ext-all.js HTTP/1.1" 200 1289687
190.171.152.234 - - [19/Jun/2023:14:08:37 -0300] "GET /cormun/servlet/hhome HTTP/1.1" 200 4276
190.171.152.234 - - [19/Jun/2023:14:08:37 -0300] "GET /cormun/static/SmoothNavMenu/resources/images/down.gif HTTP/1.1" 200 854
190.171.152.234 - - [19/Jun/2023:14:08:37 -0300] "GET /cormun/static/SmoothNavMenu/resources/images/right.gif HTTP/1.1" 200 860
190.171.152.234 - - [19/Jun/2023:14:08:42 -0300] "GET /cormun/servlet/trlicencias? HTTP/1.1" 200 13162
190.171.152.234 - - [19/Jun/2023:14:08:42 -0300] "GET /cormun/static/calendar-system.css?85620 HTTP/1.1" 200 5572
190.171.152.234 - - [19/Jun/2023:14:08:42 -0300] "GET /cormun/static/gxui/gxui-all.css?120300 HTTP/1.1" 200 2179
