190.171.152.234 - - [19/Jun/2023:14:08:42 -0300] "GET /cormun/static/calendar.js?85251 HTTP/1.1" 200 26246
190.171.152.234 - - [19/Jun/2023:14:08:42 -0300] "GET /cormun/static/gxcfg.js?202211298463625 HTTP/1.1" 200 953
190.171.152.234 - - [19/Jun/2023:14:08:42 -0300] "GET /cormun/static/calendar-setup.js?85251 HTTP/1.1" 200 2588
190.171.152.234 - - [19/Jun/2023:14:08:42 -0300] "GET /cormun/static/calendar-es.js?85251 HTTP/1.1" 200 1901
190.171.152.234 - - [19/Jun/2023:14:08:42 -0300] "GET /cormun/static/Resources/PXTools/calendar.png HTTP/1.1" 200 1306
190.171.152.234 - - [19/Jun/2023:14:08:42 -0300] "GET /cormun/static/gxdec.js?85251 HTTP/1.1" 200 19579
190.171.152.234 - - [19/Jun/2023:14:08:42 -0300] "GET /cormun/static/trlicencias.js?202211298463889 HTTP/1.1" 200 41883
190.171.152.234 - - [19/Jun/2023:14:08:42 -0300] "GET /cormun/static/Resources/PXToolsDataSearch.png HTTP/1.1" 200 435
190.171.152.234 - - [19/Jun/2023:14:08:42 -0300] "GET /cormun/static/Resources/PXToolsGridFirstDisabled.gif HTTP/1.1" 200 100
190.171.152.234 - - [19/Jun/2023:14:08:42 -0300] "GET /cormun/static/Resources/PXToolsGridPreviousDisabled.gif HTTP/1.1" 200 90
190.171.152.234 - - [19/Jun/2023:14:08:42 -0300] "GET /cormun/static/Resources/PXToolsGridNextDisabled.gif HTTP/1.1" 200 90
190.171.152.234 - - [19/Jun/2023:14:08:42 -0300] "GET /cormun/static/Resources/PXToolsGridLastDisabled.gif HTTP/1.1" 200 98
190.171.152.234 - - [19/Jun/2023:14:08:42 -0300] "GET /cormun/static/Shared/ext/resources/css/ext-all.css?215870 HTTP/1.1" 200 416045
190.171.152.234 - - [19/Jun/2023:14:08:42 -0300] "GET /cormun/static/Resources/PXToolsGridPage.gif HTTP/1.1" 200 725
190.171.152.234 - - [19/Jun/2023:14:08:42 -0300] "GET /cormun/static/Resources/PXToolsActionExcel.png HTTP/1.1" 200 727
190.171.152.234 - - [19/Jun/2023:14:08:42 -0300] "GET /cormun/static/Resources/PXToolsAddAllAction.png HTTP/1.1" 200 495
190.171.152.234 - - [19/Jun/2023:14:08:43 -0300] "GET /cormun//static/Resources/PXToolsGridDisplay.png HTTP/1.1" 200 525
190.171.152.234 - - [19/Jun/2023:14:08:43 -0300] "GET /cormun//static/Resources/PXToolsActionDisabled.gif HTTP/1.1" 200 53
190.171.152.234 - - [19/Jun/2023:14:08:43 -0300] "GET /cormun/static/Resources/desc.gif HTTP/1.1" 200 65
190.171.152.234 - - [19/Jun/2023:14:08:43 -0300] "GET /cormun/static/Resources/asc.gif HTTP/1.1" 200 67
190.171.152.234 - - [19/Jun/2023:14:08:43 -0300] "GET /cormun//static/Resources/PXTools/ActionInsert.png HTTP/1.1" 200 1482
190.171.152.234 - - [19/Jun/2023:14:08:43 -0300] "GET /cormun//static/Resources/PXToolsHeaderFavorites.png HTTP/1.1" 200 1414
190.171.152.234 - - [19/Jun/2023:14:08:43 -0300] "GET /cormun//static/Resources/PXToolsHeaderHelp.png HTTP/1.1" 200 1333
190.171.152.234 - - [19/Jun/2023:14:08:43 -0300] "GET /cormun//static/Resources/PXToolsActionPrint.png HTTP/1.1" 200 404
190.171.152.234 - - [19/Jun/2023:14:08:43 -0300] "GET /cormun/static/Shared/ext/resources/themes/images/default/tools/tool-sprites.gif HTTP/1.1" 200 5434
190.171.152.234 - - [19/Jun/2023:14:08:43 -0300] "GET /cormun/static/Shared/ext/resources/themes/images/default/panel/bg-headersPanel.png HTTP/1.1" 200 255
190.171.152.234 - - [19/Jun/2023:14:08:43 -0300] "GET /cormun/servlet/trlicencias? HTTP/1.1" 200 13159
190.171.142.10 - - [19/Jun/2023:14:08:49 -0300] "GET /cormun/servlet/trautorizarsolicitud? HTTP/1.1" 200 7320
190.171.142.10 - - [19/Jun/2023:14:08:49 -0300] "GET /cormun/static/gxcfg.js?202211298474254 HTTP/1.1" 200 953
190.171.142.10 - - [19/Jun/2023:14:08:49 -0300] "GET /cormun/static/trautorizarsolicitud.js?202211298474588 HTTP/1.1" 200 53909
190.171.142.10 - - [19/Jun/2023:14:08:49 -0300] "GET /cormun/servlet/trautorizarsolicitud? HTTP/1.1" 200 7319
190.171.141.138 - - [19/Jun/2023:14:08:50 -0300] "GET /cormun/servlet/hlogin HTTP/1.1" 200 1718
190.171.141.138 - - [19/Jun/2023:14:08:53 -0300] "POST /cormun/servlet/hlogin?56ed169dfcc13554c0317214b0db913f,gx-no-cache=1687193579087 HTTP/1.1" 200 90
190.171.141.138 - - [19/Jun/2023:14:08:53 -0300] "GET /cormun/servlet/hpexe_link HTTP/1.1" 200 947
190.171.141.138 - - [19/Jun/2023:14:08:53 -0300] "GET /cormun/servlet/hhome HTTP/1.1" 200 4474
190.171.141.138 - - [19/Jun/2023:14:08:53 -0300] "GET /cormun/servlet/hhome HTTP/1.1" 200 4470
190.171.142.10 - - [19/Jun/2023:14:08:55 -0300] "GET /cormun/servlet/trsolicitudot? HTTP/1.1" 200 8777
190.171.142.10 - - [19/Jun/2023:14:08:55 -0300] "GET /cormun//static/Resources/PXToolsActionView.png HTTP/1.1" 200 398
190.171.142.10 - - [19/Jun/2023:14:08:55 -0300] "GET /cormun//static/Resources/PXToolsGridUpdate.png HTTP/1.1" 200 470
190.171.142.10 - - [19/Jun/2023:14:08:55 -0300] "GET /cormun//static/Resources/PXToolsRemoveAllAction.png HTTP/1.1" 200 487
190.171.142.10 - - [19/Jun/2023:14:08:55 -0300] "GET /cormun//static/Resources/PXTools/ActionInsert.png HTTP/1.1" 200 1482
190.171.142.10 - - [19/Jun/2023:14:08:55 -0300] "GET /cormun//static/Resources/PXToolsGridDelete.png HTTP/1.1" 200 538
190.171.142.10 - - [19/Jun/2023:14:08:55 -0300] "GET /cormun/servlet/trsolicitudot? HTTP/1.1" 200 8777
190.171.141.138 - - [19/Jun/2023:14:08:56 -0300] "GET /cormun/servlet/trlicencias? HTTP/1.1" 200 13214
190.171.141.138 - - [19/Jun/2023:14:08:56 -0300] "GET /cormun/servlet/trlicencias? HTTP/1.1" 200 13211
190.171.142.10 - - [19/Jun/2023:14:08:58 -0300] "POST /cormun/servlet/trsolicitudot?8adbb2e53e8cc9fb46052771bbb10dd7,,gx-no-cache=1687193582987 HTTP/1.1" 200 107
190.171.142.10 - - [19/Jun/2023:14:08:58 -0300] "GET /cormun/servlet/trsolicitudadjuntos?2023,20374, HTTP/1.1" 200 6309
190.171.142.10 - - [19/Jun/2023:14:08:58 -0300] "GET /cormun/static/gxcfg.js?20201215574222 HTTP/1.1" 200 953
190.171.142.10 - - [19/Jun/2023:14:08:58 -0300] "GET /cormun/static/trsolicitudadjuntos.js?20201215574932 HTTP/1.1" 200 17921
190.171.142.10 - - [19/Jun/2023:14:08:58 -0300] "GET /cormun/static/Resources/PXToolsGridNew.png HTTP/1.1" 200 427
190.171.142.10 - - [19/Jun/2023:14:08:58 -0300] "GET /cormun/servlet/trsolicitudadjuntos?2023,20374, HTTP/1.1" 200 6309
190.171.142.10 - - [19/Jun/2023:14:09:02 -0300] "GET /cormun/servlet/solicitudotadjuntos?INS,2023,20374,,1, HTTP/1.1" 200 6254
190.171.142.10 - - [19/Jun/2023:14:09:02 -0300] "GET /cormun/static/gxcfg.js?202211298385187 HTTP/1.1" 200 953
190.171.142.10 - - [19/Jun/2023:14:09:02 -0300] "GET /cormun/static/solicitudotadjuntos.js?202211298385196 HTTP/1.1" 200 11771
190.171.142.10 - - [19/Jun/2023:14:09:02 -0300] "GET /cormun/servlet/solicitudotadjuntos?INS,2023,20374,,1, HTTP/1.1" 200 6247
190.171.142.10 - - [19/Jun/2023:14:09:03 -0300] "GET /cormun/static/about:blank HTTP/1.1" 404 1011
190.171.142.10 - - [19/Jun/2023:14:09:03 -0300] "GET /cormun/servlet/solicitudotadjuntos?5f376746901b071e2f8e95ed8d0857f5ec67b3a8ba678639f7a702b9d844ab213437c779153824ad52934fa6b0144885,gx-no-cache=1687193588268 HTTP/1.1" 200 30
190.171.142.10 - - [19/Jun/2023:14:09:03 -0300] "POST /cormun/servlet/solicitudotadjuntos?8adbb2e53e8cc9fb46052771bbb10dd7,INS,2023,20374,,1,,gx-no-cache=1687193588282 HTTP/1.1" 200 4142
190.171.153.26 - - [19/Jun/2023:14:09:26 -0300] "GET /cormun/servlet/trpermisosadjuntos?10027035,20230615141358,P, HTTP/1.1" 200 6307
190.171.153.26 - - [19/Jun/2023:14:09:26 -0300] "GET /cormun/servlet/trpermisosadjuntos?10027035,20230615141358,P, HTTP/1.1" 200 6308
190.171.142.26 - - [19/Jun/2023:14:09:28 -0300] "GET /cormun/servlet/apermisogoceprn?10550103,P,20230420165442,PU HTTP/1.1" 200 1651
190.171.142.26 - - [19/Jun/2023:14:09:28 -0300] "GET /cormun/servlet/apermisogoceprn?10550103,P,20230420165442,PU HTTP/1.1" 200 1649
192.168.10.17 - - [19/Jun/2023:14:09:28 -0300] "GET /cormun/servlet/trsolicitudgral? HTTP/1.1" 200 12057
190.171.153.26 - - [19/Jun/2023:14:09:28 -0300] "GET /cormun/servlet/permisosadjuntos?INS,10027035,P,20230615141358,, HTTP/1.1" 200 5629
192.168.10.17 - - [19/Jun/2023:14:09:29 -0300] "GET /cormun/servlet/trsolicitudgral? HTTP/1.1" 200 12047
190.171.153.26 - - [19/Jun/2023:14:09:29 -0300] "GET /cormun/static/about:blank HTTP/1.1" 404 1011
190.171.153.26 - - [19/Jun/2023:14:09:29 -0300] "GET /cormun/servlet/permisosadjuntos?INS,10027035,P,20230615141358,, HTTP/1.1" 200 5619
190.171.152.114 - - [19/Jun/2023:14:09:37 -0300] "GET /cormun/servlet/trlicencias? HTTP/1.1" 200 16385
190.171.152.114 - - [19/Jun/2023:14:09:38 -0300] "GET /cormun/servlet/trlicencias? HTTP/1.1" 200 16370
190.171.152.114 - - [19/Jun/2023:14:09:45 -0300] "GET /cormun/servlet/trlicencias? HTTP/1.1" 200 16377
190.171.153.26 - - [19/Jun/2023:14:09:45 -0300] "POST /cormun/servlet/permisosadjuntos?38f7e506f9fee730f33abf350a915939,INS,10027035,P,20230615141358,, HTTP/1.1" 200 116
190.171.153.26 - - [19/Jun/2023:14:09:45 -0300] "GET /cormun/servlet/hpexe_return? HTTP/1.1" 200 1043
190.171.152.114 - - [19/Jun/2023:14:09:45 -0300] "GET /cormun/servlet/trlicencias? HTTP/1.1" 200 16368
190.171.153.26 - - [19/Jun/2023:14:09:45 -0300] "GET /cormun/servlet/trpermisosadjuntos?10027035,20230615141358,P, HTTP/1.1" 200 6789
190.171.153.26 - - [19/Jun/2023:14:09:46 -0300] "GET /cormun/servlet/trpermisosadjuntos?10027035,20230615141358,P, HTTP/1.1" 200 6786
190.171.142.10 - - [19/Jun/2023:14:09:48 -0300] "POST /cormun/servlet/solicitudotadjuntos?gx-no-cache=1687193632936 HTTP/1.1" 200 26
190.171.153.26 - - [19/Jun/2023:14:09:48 -0300] "GET /cormun/servlet/trpermisosgoce? HTTP/1.1" 200 11486
190.171.153.26 - - [19/Jun/2023:14:09:48 -0300] "GET /cormun/servlet/trpermisosgoce? HTTP/1.1" 200 11485
190.171.153.26 - - [19/Jun/2023:14:09:51 -0300] "POST /cormun/servlet/trpermisosgoce?38f7e506f9fee730f33abf350a915939,,gx-no-cache=1687193635409 HTTP/1.1" 200 8623
192.168.10.17 - - [19/Jun/2023:14:10:03 -0300] "GET /cormun/servlet/vesolicitudgral?2023,20353,, HTTP/1.1" 200 8383
192.168.10.17 - - [19/Jun/2023:14:10:03 -0300] "GET /cormun/pexe_scrolldiv.js HTTP/1.1" 404 1009
192.168.10.17 - - [19/Jun/2023:14:10:03 -0300] "GET /cormun/servlet/vesolicitudgral?2023,20353,, HTTP/1.1" 200 8383
41.186.73.134 - - [19/Jun/2023:14:10:11 -0300] "GET /manager/html HTTP/1.1" 401 2474
190.171.142.10 - - [19/Jun/2023:14:10:18 -0300] "GET /cormun/servlet/solicitudotadjuntos?5f376746901b071e2f8e95ed8d0857f50e9e15a1a6621599ced0b6989d187723,gx-no-cache=1687193663157 HTTP/1.1" 200 30
190.171.142.10 - - [19/Jun/2023:14:10:18 -0300] "GET /cormun/servlet/solicitudotadjuntos?5f376746901b071e2f8e95ed8d0857f50e9e15a1a6621599ced0b6989d187723,gx-no-cache=1687193663203 HTTP/1.1" 200 30
190.171.142.10 - - [19/Jun/2023:14:10:18 -0300] "POST /cormun/servlet/solicitudotadjuntos?8adbb2e53e8cc9fb46052771bbb10dd7,INS,2023,20374,,1, HTTP/1.1" 200 116
190.171.142.10 - - [19/Jun/2023:14:10:18 -0300] "GET /cormun/servlet/hpexe_return? HTTP/1.1" 200 1023
190.171.142.10 - - [19/Jun/2023:14:10:18 -0300] "GET /cormun/servlet/trsolicitudadjuntos?2023,20374, HTTP/1.1" 200 9256
190.171.142.10 - - [19/Jun/2023:14:10:19 -0300] "GET /cormun/servlet/trsolicitudadjuntos?2023,20374, HTTP/1.1" 200 9254
190.171.142.10 - - [19/Jun/2023:14:10:21 -0300] "GET /cormun/servlet/solicitudotadjuntos?INS,2023,20374,,1, HTTP/1.1" 200 6253
190.171.142.10 - - [19/Jun/2023:14:10:21 -0300] "GET /cormun/static/about:blank HTTP/1.1" 404 1011
190.171.142.10 - - [19/Jun/2023:14:10:22 -0300] "GET /cormun/servlet/solicitudotadjuntos?INS,2023,20374,,1, HTTP/1.1" 200 6246
190.171.142.10 - - [19/Jun/2023:14:10:22 -0300] "GET /cormun/servlet/solicitudotadjuntos?5f376746901b071e2f8e95ed8d0857f5ec67b3a8ba678639f7a702b9d844ab213437c779153824ad52934fa6b0144885,gx-no-cache=1687193667369 HTTP/1.1" 200 30
190.171.142.10 - - [19/Jun/2023:14:10:22 -0300] "POST /cormun/servlet/solicitudotadjuntos?8adbb2e53e8cc9fb46052771bbb10dd7,INS,2023,20374,,1,,gx-no-cache=1687193667383 HTTP/1.1" 200 4141
190.171.142.42 - - [19/Jun/2023:14:10:24 -0300] "GET /cormun/servlet/trlicencias? HTTP/1.1" 200 7876
190.171.142.42 - - [19/Jun/2023:14:10:24 -0300] "GET /cormun/servlet/hlogin HTTP/1.1" 200 1735
190.171.142.42 - - [19/Jun/2023:14:10:24 -0300] "GET /cormun/servlet/trlicencias? HTTP/1.1" 200 7857
190.171.142.10 - - [19/Jun/2023:14:10:25 -0300] "POST /cormun/servlet/solicitudotadjuntos?gx-no-cache=1687193670439 HTTP/1.1" 200 26
190.171.142.42 - - [19/Jun/2023:14:10:32 -0300] "POST /cormun/servlet/hlogin?e793d5c7552aa9d23ebb11109a5f43d9,gx-no-cache=1687193678298 HTTP/1.1" 200 90
190.171.142.42 - - [19/Jun/2023:14:10:32 -0300] "GET /cormun/servlet/hpexe_link HTTP/1.1" 200 952
190.171.142.42 - - [19/Jun/2023:14:10:33 -0300] "GET /cormun/servlet/trlicencias HTTP/1.1" 200 14303
190.171.142.42 - - [19/Jun/2023:14:10:33 -0300] "GET /cormun/servlet/trlicencias HTTP/1.1" 200 14301
41.186.73.134 - - [19/Jun/2023:14:10:45 -0300] "GET /manager/html HTTP/1.1" 401 2474
190.171.142.10 - - [19/Jun/2023:14:10:48 -0300] "GET /cormun/servlet/solicitudotadjuntos?5f376746901b071e2f8e95ed8d0857f50e9e15a1a6621599ced0b6989d187723,gx-no-cache=1687193692993 HTTP/1.1" 200 30
190.171.142.10 - - [19/Jun/2023:14:10:48 -0300] "GET /cormun/servlet/solicitudotadjuntos?5f376746901b071e2f8e95ed8d0857f50e9e15a1a6621599ced0b6989d187723,gx-no-cache=1687193693024 HTTP/1.1" 200 30
190.171.142.10 - - [19/Jun/2023:14:10:48 -0300] "POST /cormun/servlet/solicitudotadjuntos?8adbb2e53e8cc9fb46052771bbb10dd7,INS,2023,20374,,1, HTTP/1.1" 200 116
190.171.142.10 - - [19/Jun/2023:14:10:48 -0300] "GET /cormun/servlet/hpexe_return? HTTP/1.1" 200 1023
190.171.142.10 - - [19/Jun/2023:14:10:48 -0300] "GET /cormun/servlet/trsolicitudadjuntos?2023,20374, HTTP/1.1" 200 9492
190.171.142.10 - - [19/Jun/2023:14:10:49 -0300] "GET /cormun/servlet/trsolicitudadjuntos?2023,20374, HTTP/1.1" 200 9490
190.171.142.10 - - [19/Jun/2023:14:10:53 -0300] "GET /cormun/servlet/solicitudotadjuntos?INS,2023,20374,,1, HTTP/1.1" 200 6253
190.171.142.10 - - [19/Jun/2023:14:10:54 -0300] "GET /cormun/static/about:blank HTTP/1.1" 404 1011
190.171.142.10 - - [19/Jun/2023:14:10:54 -0300] "GET /cormun/servlet/solicitudotadjuntos?INS,2023,20374,,1, HTTP/1.1" 200 6246
190.171.142.10 - - [19/Jun/2023:14:10:54 -0300] "GET /cormun/servlet/solicitudotadjuntos?5f376746901b071e2f8e95ed8d0857f5ec67b3a8ba678639f7a702b9d844ab213437c779153824ad52934fa6b0144885,gx-no-cache=1687193699588 HTTP/1.1" 200 30
190.171.142.10 - - [19/Jun/2023:14:10:54 -0300] "POST /cormun/servlet/solicitudotadjuntos?8adbb2e53e8cc9fb46052771bbb10dd7,INS,2023,20374,,1,,gx-no-cache=1687193699602 HTTP/1.1" 200 4141
190.171.149.74 - - [19/Jun/2023:14:11:01 -0300] "POST /cormun/servlet/trsolicitudot?d6672c7b107e01dd7453d45412ab9eda,gx-no-cache=1687193704986 HTTP/1.1" 200 107
190.171.149.74 - - [19/Jun/2023:14:11:01 -0300] "GET /cormun/servlet/trsolicitudadjuntos?2023,20373, HTTP/1.1" 200 6089
190.171.149.74 - - [19/Jun/2023:14:11:01 -0300] "GET /cormun/static/gxcfg.js?20201215574222 HTTP/1.1" 304 -
190.171.149.74 - - [19/Jun/2023:14:11:01 -0300] "GET /cormun/static/trsolicitudadjuntos.js?20201215574932 HTTP/1.1" 304 -
190.171.149.74 - - [19/Jun/2023:14:11:01 -0300] "GET /cormun/static/Resources/PXToolsGridNew.png HTTP/1.1" 304 -
190.171.149.74 - - [19/Jun/2023:14:11:01 -0300] "GET /cormun/servlet/trsolicitudadjuntos?2023,20373, HTTP/1.1" 200 6089
190.171.149.74 - - [19/Jun/2023:14:11:03 -0300] "GET /cormun/servlet/solicitudotadjuntos?INS,2023,20373,,1, HTTP/1.1" 200 6033
190.171.149.74 - - [19/Jun/2023:14:11:03 -0300] "GET /cormun/static/solicitudotadjuntos.js?202211298385196 HTTP/1.1" 304 -
190.171.149.74 - - [19/Jun/2023:14:11:03 -0300] "GET /cormun/static/gxcfg.js?202211298385187 HTTP/1.1" 304 -
190.171.149.74 - - [19/Jun/2023:14:11:04 -0300] "GET /cormun/static/about:blank HTTP/1.1" 404 1011
190.171.149.74 - - [19/Jun/2023:14:11:04 -0300] "GET /cormun/servlet/solicitudotadjuntos?INS,2023,20373,,1, HTTP/1.1" 200 6026
190.171.149.74 - - [19/Jun/2023:14:11:04 -0300] "GET /cormun/servlet/solicitudotadjuntos?078facfb1d1487b38c142e91194d656fc85cf52d1ea113c733137fa74a4b59adf92df9a30a1d3d125053a1e0a9dd088a,gx-no-cache=1687193708628 HTTP/1.1" 200 30
190.171.149.74 - - [19/Jun/2023:14:11:05 -0300] "POST /cormun/servlet/solicitudotadjuntos?d6672c7b107e01dd7453d45412ab9eda,INS,2023,20373,,1,,gx-no-cache=1687193709080 HTTP/1.1" 200 3903
190.171.149.74 - - [19/Jun/2023:14:11:06 -0300] "POST /cormun/servlet/solicitudotadjuntos?gx-no-cache=1687193710738 HTTP/1.1" 200 26
190.171.142.42 - - [19/Jun/2023:14:11:10 -0300] "GET /cormun/servlet/trsolicitudot? HTTP/1.1" 200 8915
192.168.10.17 - - [19/Jun/2023:14:11:10 -0300] "GET /cormun/servlet/vesolicitudgral?2023,20353,,SolicitudOTAdjuntos HTTP/1.1" 200 11059
192.168.10.17 - - [19/Jun/2023:14:11:10 -0300] "GET /cormun/pexe_scrolldiv.js HTTP/1.1" 404 1009
190.171.142.42 - - [19/Jun/2023:14:11:10 -0300] "GET /cormun/servlet/trsolicitudot? HTTP/1.1" 200 8915
192.168.10.17 - - [19/Jun/2023:14:11:11 -0300] "GET /cormun/servlet/vesolicitudgral?2023,20353,,SolicitudOTAdjuntos HTTP/1.1" 200 11058
192.168.10.17 - - [19/Jun/2023:14:11:11 -0300] "POST /cormun/servlet/acontrolpreferencessavestate?None,RRHH+DANIELA,true HTTP/1.1" 200 35
190.171.149.74 - - [19/Jun/2023:14:11:15 -0300] "GET /cormun/servlet/solicitudotadjuntos?078facfb1d1487b38c142e91194d656f0f0879a2a99bd7bf2a61250199d3e116,gx-no-cache=1687193719447 HTTP/1.1" 200 30
190.171.149.74 - - [19/Jun/2023:14:11:15 -0300] "GET /cormun/servlet/solicitudotadjuntos?078facfb1d1487b38c142e91194d656f0f0879a2a99bd7bf2a61250199d3e116,gx-no-cache=1687193719468 HTTP/1.1" 200 30
190.171.149.74 - - [19/Jun/2023:14:11:15 -0300] "POST /cormun/servlet/solicitudotadjuntos?d6672c7b107e01dd7453d45412ab9eda,INS,2023,20373,,1, HTTP/1.1" 200 116
190.171.149.74 - - [19/Jun/2023:14:11:15 -0300] "GET /cormun/servlet/hpexe_return? HTTP/1.1" 200 1027
190.171.149.74 - - [19/Jun/2023:14:11:15 -0300] "GET /cormun/servlet/trsolicitudadjuntos?2023,20373, HTTP/1.1" 200 8991
190.171.149.74 - - [19/Jun/2023:14:11:16 -0300] "GET /cormun/servlet/trsolicitudadjuntos?2023,20373, HTTP/1.1" 200 8987
190.171.149.74 - - [19/Jun/2023:14:11:18 -0300] "GET /cormun/servlet/solicitudotadjuntos?INS,2023,20373,,1, HTTP/1.1" 200 6033
190.171.149.74 - - [19/Jun/2023:14:11:18 -0300] "GET /cormun/static/about:blank HTTP/1.1" 404 1011
190.171.149.74 - - [19/Jun/2023:14:11:18 -0300] "GET /cormun/servlet/solicitudotadjuntos?INS,2023,20373,,1, HTTP/1.1" 200 6026
190.171.149.74 - - [19/Jun/2023:14:11:19 -0300] "GET /cormun/servlet/solicitudotadjuntos?078facfb1d1487b38c142e91194d656fc85cf52d1ea113c733137fa74a4b59adf92df9a30a1d3d125053a1e0a9dd088a,gx-no-cache=1687193723228 HTTP/1.1" 200 30
190.171.149.74 - - [19/Jun/2023:14:11:19 -0300] "POST /cormun/servlet/solicitudotadjuntos?d6672c7b107e01dd7453d45412ab9eda,INS,2023,20373,,1,,gx-no-cache=1687193723248 HTTP/1.1" 200 3903
190.171.149.74 - - [19/Jun/2023:14:11:21 -0300] "POST /cormun/servlet/solicitudotadjuntos?gx-no-cache=1687193725586 HTTP/1.1" 200 26
190.171.149.74 - - [19/Jun/2023:14:11:28 -0300] "GET /cormun/servlet/solicitudotadjuntos?078facfb1d1487b38c142e91194d656f0f0879a2a99bd7bf2a61250199d3e116,gx-no-cache=1687193732424 HTTP/1.1" 200 30
190.171.142.10 - - [19/Jun/2023:14:11:28 -0300] "POST /cormun/servlet/solicitudotadjuntos?gx-no-cache=1687193733614 HTTP/1.1" 200 26
190.171.149.74 - - [19/Jun/2023:14:11:28 -0300] "GET /cormun/servlet/solicitudotadjuntos?078facfb1d1487b38c142e91194d656f0f0879a2a99bd7bf2a61250199d3e116,gx-no-cache=1687193732690 HTTP/1.1" 200 30
190.171.149.74 - - [19/Jun/2023:14:11:30 -0300] "POST /cormun/servlet/solicitudotadjuntos?d6672c7b107e01dd7453d45412ab9eda,INS,2023,20373,,1, HTTP/1.1" 200 116
192.168.10.17 - - [19/Jun/2023:14:11:33 -0300] "GET /cormun/PublicTempStorage/c.i.6912196.pdf HTTP/1.1" 200 570336
190.171.142.10 - - [19/Jun/2023:14:11:39 -0300] "GET /cormun/servlet/solicitudotadjuntos?5f376746901b071e2f8e95ed8d0857f50e9e15a1a6621599ced0b6989d187723,gx-no-cache=1687193744585 HTTP/1.1" 200 30
190.171.142.10 - - [19/Jun/2023:14:11:39 -0300] "GET /cormun/servlet/solicitudotadjuntos?5f376746901b071e2f8e95ed8d0857f50e9e15a1a6621599ced0b6989d187723,gx-no-cache=1687193744598 HTTP/1.1" 200 30
190.171.142.10 - - [19/Jun/2023:14:11:39 -0300] "POST /cormun/servlet/solicitudotadjuntos?8adbb2e53e8cc9fb46052771bbb10dd7,INS,2023,20374,,1, HTTP/1.1" 200 116
190.171.142.10 - - [19/Jun/2023:14:11:39 -0300] "GET /cormun/servlet/hpexe_return? HTTP/1.1" 200 1023
190.171.142.10 - - [19/Jun/2023:14:11:40 -0300] "GET /cormun/servlet/trsolicitudadjuntos?2023,20374, HTTP/1.1" 200 9735
190.171.142.10 - - [19/Jun/2023:14:11:40 -0300] "GET /cormun/servlet/trsolicitudadjuntos?2023,20374, HTTP/1.1" 200 9734
190.171.142.10 - - [19/Jun/2023:14:11:44 -0300] "GET /cormun/servlet/solicitudotadjuntos?INS,2023,20374,,1, HTTP/1.1" 200 6254
190.171.142.10 - - [19/Jun/2023:14:11:44 -0300] "GET /cormun/static/about:blank HTTP/1.1" 404 1011
190.171.142.10 - - [19/Jun/2023:14:11:44 -0300] "GET /cormun/servlet/solicitudotadjuntos?INS,2023,20374,,1, HTTP/1.1" 200 6247
190.171.142.10 - - [19/Jun/2023:14:11:45 -0300] "GET /cormun/servlet/solicitudotadjuntos?5f376746901b071e2f8e95ed8d0857f5ec67b3a8ba678639f7a702b9d844ab213437c779153824ad52934fa6b0144885,gx-no-cache=1687193750287 HTTP/1.1" 200 30
190.171.142.10 - - [19/Jun/2023:14:11:45 -0300] "POST /cormun/servlet/solicitudotadjuntos?8adbb2e53e8cc9fb46052771bbb10dd7,INS,2023,20374,,1,,gx-no-cache=1687193750301 HTTP/1.1" 200 4142
190.171.142.10 - - [19/Jun/2023:14:11:49 -0300] "POST /cormun/servlet/solicitudotadjuntos?gx-no-cache=1687193754553 HTTP/1.1" 200 26
190.171.149.74 - - [19/Jun/2023:14:12:00 -0300] "GET /cormun/servlet/hpexe_return? HTTP/1.1" 200 1027
190.171.149.74 - - [19/Jun/2023:14:12:00 -0300] "GET /cormun/servlet/trsolicitudadjuntos?2023,20373, HTTP/1.1" 200 9277
190.171.149.74 - - [19/Jun/2023:14:12:00 -0300] "GET /cormun/servlet/trsolicitudadjuntos?2023,20373, HTTP/1.1" 200 9278
190.171.149.74 - - [19/Jun/2023:14:12:03 -0300] "GET /cormun/servlet/solicitudotadjuntos?INS,2023,20373,,1, HTTP/1.1" 200 6033
190.171.149.74 - - [19/Jun/2023:14:12:04 -0300] "GET /cormun/static/about:blank HTTP/1.1" 404 1011
190.171.149.74 - - [19/Jun/2023:14:12:04 -0300] "GET /cormun/servlet/solicitudotadjuntos?INS,2023,20373,,1, HTTP/1.1" 200 6026
190.171.149.74 - - [19/Jun/2023:14:12:04 -0300] "GET /cormun/servlet/solicitudotadjuntos?078facfb1d1487b38c142e91194d656fc85cf52d1ea113c733137fa74a4b59adf92df9a30a1d3d125053a1e0a9dd088a,gx-no-cache=1687193768872 HTTP/1.1" 200 30
190.171.149.74 - - [19/Jun/2023:14:12:04 -0300] "POST /cormun/servlet/solicitudotadjuntos?d6672c7b107e01dd7453d45412ab9eda,INS,2023,20373,,1,,gx-no-cache=1687193768891 HTTP/1.1" 200 3903
190.171.149.74 - - [19/Jun/2023:14:12:07 -0300] "POST /cormun/servlet/solicitudotadjuntos?gx-no-cache=1687193771057 HTTP/1.1" 200 26
190.171.142.10 - - [19/Jun/2023:14:12:10 -0300] "POST /cormun/servlet/solicitudotadjuntos?gx-no-cache=1687193775207 HTTP/1.1" 200 26
190.171.142.10 - - [19/Jun/2023:14:12:18 -0300] "GET /cormun/servlet/solicitudotadjuntos?5f376746901b071e2f8e95ed8d0857f50e9e15a1a6621599ced0b6989d187723,gx-no-cache=1687193783753 HTTP/1.1" 200 30
190.171.142.10 - - [19/Jun/2023:14:12:18 -0300] "GET /cormun/servlet/solicitudotadjuntos?5f376746901b071e2f8e95ed8d0857f50e9e15a1a6621599ced0b6989d187723,gx-no-cache=1687193783765 HTTP/1.1" 200 30
190.171.142.10 - - [19/Jun/2023:14:12:18 -0300] "POST /cormun/servlet/solicitudotadjuntos?8adbb2e53e8cc9fb46052771bbb10dd7,INS,2023,20374,,1, HTTP/1.1" 200 116
190.171.142.10 - - [19/Jun/2023:14:12:19 -0300] "GET /cormun/servlet/hpexe_return? HTTP/1.1" 200 1023
190.171.142.10 - - [19/Jun/2023:14:12:19 -0300] "GET /cormun/servlet/trsolicitudadjuntos?2023,20374, HTTP/1.1" 200 9984
190.171.142.10 - - [19/Jun/2023:14:12:19 -0300] "GET /cormun/servlet/trsolicitudadjuntos?2023,20374, HTTP/1.1" 200 9981
190.171.149.74 - - [19/Jun/2023:14:12:20 -0300] "GET /cormun/servlet/solicitudotadjuntos?078facfb1d1487b38c142e91194d656f0f0879a2a99bd7bf2a61250199d3e116,gx-no-cache=1687193783976 HTTP/1.1" 200 30
190.171.149.74 - - [19/Jun/2023:14:12:20 -0300] "GET /cormun/servlet/solicitudotadjuntos?078facfb1d1487b38c142e91194d656f0f0879a2a99bd7bf2a61250199d3e116,gx-no-cache=1687193783989 HTTP/1.1" 200 30
190.171.149.74 - - [19/Jun/2023:14:12:20 -0300] "POST /cormun/servlet/solicitudotadjuntos?d6672c7b107e01dd7453d45412ab9eda,INS,2023,20373,,1, HTTP/1.1" 200 116
190.171.149.74 - - [19/Jun/2023:14:12:20 -0300] "GET /cormun/servlet/hpexe_return? HTTP/1.1" 200 1027
190.171.149.74 - - [19/Jun/2023:14:12:20 -0300] "GET /cormun/servlet/trsolicitudadjuntos?2023,20373, HTTP/1.1" 200 9526
190.171.149.74 - - [19/Jun/2023:14:12:20 -0300] "GET /cormun/servlet/trsolicitudadjuntos?2023,20373, HTTP/1.1" 200 9525
190.171.142.10 - - [19/Jun/2023:14:12:22 -0300] "GET /cormun/servlet/solicitudotadjuntos?INS,2023,20374,,1, HTTP/1.1" 200 6254
190.171.142.10 - - [19/Jun/2023:14:12:22 -0300] "GET /cormun/static/about:blank HTTP/1.1" 404 1011
190.171.142.10 - - [19/Jun/2023:14:12:22 -0300] "GET /cormun/servlet/solicitudotadjuntos?INS,2023,20374,,1, HTTP/1.1" 200 6247
190.171.149.74 - - [19/Jun/2023:14:12:22 -0300] "GET /cormun/servlet/solicitudotadjuntos?INS,2023,20373,,1, HTTP/1.1" 200 6033
192.168.10.17 - - [19/Jun/2023:14:12:22 -0300] "GET /cormun/servlet/vesolicitudgral?2023,20353,,SolicitudOTAdjuntos HTTP/1.1" 200 11059
190.171.142.10 - - [19/Jun/2023:14:12:22 -0300] "GET /cormun/servlet/solicitudotadjuntos?5f376746901b071e2f8e95ed8d0857f5ec67b3a8ba678639f7a702b9d844ab213437c779153824ad52934fa6b0144885,gx-no-cache=1687193787794 HTTP/1.1" 200 30
190.171.142.10 - - [19/Jun/2023:14:12:23 -0300] "POST /cormun/servlet/solicitudotadjuntos?8adbb2e53e8cc9fb46052771bbb10dd7,INS,2023,20374,,1,,gx-no-cache=1687193787809 HTTP/1.1" 200 4142
190.171.149.74 - - [19/Jun/2023:14:12:23 -0300] "GET /cormun/static/about:blank HTTP/1.1" 404 1011
190.171.149.74 - - [19/Jun/2023:14:12:23 -0300] "GET /cormun/servlet/solicitudotadjuntos?INS,2023,20373,,1, HTTP/1.1" 200 6026
192.168.10.17 - - [19/Jun/2023:14:12:23 -0300] "GET /cormun/servlet/vesolicitudgral?2023,20353,,SolicitudOTAdjuntos HTTP/1.1" 200 11061
190.171.149.74 - - [19/Jun/2023:14:12:23 -0300] "GET /cormun/servlet/solicitudotadjuntos?078facfb1d1487b38c142e91194d656fc85cf52d1ea113c733137fa74a4b59adf92df9a30a1d3d125053a1e0a9dd088a,gx-no-cache=1687193787539 HTTP/1.1" 200 30
192.168.10.17 - - [19/Jun/2023:14:12:23 -0300] "POST /cormun/servlet/acontrolpreferencessavestate?None,RRHH+DANIELA,true HTTP/1.1" 200 35
190.171.149.74 - - [19/Jun/2023:14:12:23 -0300] "POST /cormun/servlet/solicitudotadjuntos?d6672c7b107e01dd7453d45412ab9eda,INS,2023,20373,,1,,gx-no-cache=1687193787737 HTTP/1.1" 200 3903
190.171.149.74 - - [19/Jun/2023:14:12:26 -0300] "POST /cormun/servlet/solicitudotadjuntos?gx-no-cache=1687193790584 HTTP/1.1" 200 26
190.171.142.10 - - [19/Jun/2023:14:12:27 -0300] "POST /cormun/servlet/solicitudotadjuntos?gx-no-cache=1687193792333 HTTP/1.1" 200 26
190.171.149.74 - - [19/Jun/2023:14:12:34 -0300] "GET /cormun/servlet/solicitudotadjuntos?078facfb1d1487b38c142e91194d656f0f0879a2a99bd7bf2a61250199d3e116,gx-no-cache=1687193798087 HTTP/1.1" 200 30
190.171.149.74 - - [19/Jun/2023:14:12:34 -0300] "GET /cormun/servlet/solicitudotadjuntos?078facfb1d1487b38c142e91194d656f0f0879a2a99bd7bf2a61250199d3e116,gx-no-cache=1687193798110 HTTP/1.1" 200 30
192.168.10.17 - - [19/Jun/2023:14:12:34 -0300] "GET /cormun/PublicTempStorage/c.v._denisse_millares975047.pdf HTTP/1.1" 200 1381518
190.171.149.74 - - [19/Jun/2023:14:12:34 -0300] "POST /cormun/servlet/solicitudotadjuntos?d6672c7b107e01dd7453d45412ab9eda,INS,2023,20373,,1, HTTP/1.1" 200 116
190.171.149.74 - - [19/Jun/2023:14:12:34 -0300] "GET /cormun/servlet/hpexe_return? HTTP/1.1" 200 1027
190.171.149.74 - - [19/Jun/2023:14:12:34 -0300] "GET /cormun/servlet/trsolicitudadjuntos?2023,20373, HTTP/1.1" 200 9801
190.171.149.74 - - [19/Jun/2023:14:12:35 -0300] "GET /cormun/servlet/trsolicitudadjuntos?2023,20373, HTTP/1.1" 200 9799
190.171.142.10 - - [19/Jun/2023:14:12:37 -0300] "GET /cormun/servlet/solicitudotadjuntos?5f376746901b071e2f8e95ed8d0857f50e9e15a1a6621599ced0b6989d187723,gx-no-cache=1687193801921 HTTP/1.1" 200 30
190.171.142.10 - - [19/Jun/2023:14:12:37 -0300] "GET /cormun/servlet/solicitudotadjuntos?5f376746901b071e2f8e95ed8d0857f50e9e15a1a6621599ced0b6989d187723,gx-no-cache=1687193801932 HTTP/1.1" 200 30
190.171.149.74 - - [19/Jun/2023:14:12:37 -0300] "GET /cormun/servlet/solicitudotadjuntos?INS,2023,20373,,1, HTTP/1.1" 200 6033
190.171.142.10 - - [19/Jun/2023:14:12:37 -0300] "POST /cormun/servlet/solicitudotadjuntos?8adbb2e53e8cc9fb46052771bbb10dd7,INS,2023,20374,,1, HTTP/1.1" 200 116
190.171.142.10 - - [19/Jun/2023:14:12:37 -0300] "GET /cormun/servlet/hpexe_return? HTTP/1.1" 200 1023
190.171.149.74 - - [19/Jun/2023:14:12:37 -0300] "GET /cormun/static/about:blank HTTP/1.1" 404 1011
190.171.149.74 - - [19/Jun/2023:14:12:37 -0300] "GET /cormun/servlet/solicitudotadjuntos?INS,2023,20373,,1, HTTP/1.1" 200 6026
190.171.142.10 - - [19/Jun/2023:14:12:38 -0300] "GET /cormun/servlet/trsolicitudadjuntos?2023,20374, HTTP/1.1" 200 10259
190.171.149.74 - - [19/Jun/2023:14:12:38 -0300] "GET /cormun/servlet/solicitudotadjuntos?078facfb1d1487b38c142e91194d656fc85cf52d1ea113c733137fa74a4b59adf92df9a30a1d3d125053a1e0a9dd088a,gx-no-cache=1687193802168 HTTP/1.1" 200 30
190.171.149.74 - - [19/Jun/2023:14:12:38 -0300] "POST /cormun/servlet/solicitudotadjuntos?d6672c7b107e01dd7453d45412ab9eda,INS,2023,20373,,1,,gx-no-cache=1687193802216 HTTP/1.1" 200 3903
190.171.142.10 - - [19/Jun/2023:14:12:38 -0300] "GET /cormun/servlet/trsolicitudadjuntos?2023,20374, HTTP/1.1" 200 10255
190.171.149.74 - - [19/Jun/2023:14:12:41 -0300] "POST /cormun/servlet/solicitudotadjuntos?gx-no-cache=1687193805496 HTTP/1.1" 200 26
190.171.149.74 - - [19/Jun/2023:14:12:47 -0300] "GET /cormun/servlet/solicitudotadjuntos?078facfb1d1487b38c142e91194d656f0f0879a2a99bd7bf2a61250199d3e116,gx-no-cache=1687193811527 HTTP/1.1" 200 30
190.171.149.74 - - [19/Jun/2023:14:12:47 -0300] "GET /cormun/servlet/solicitudotadjuntos?078facfb1d1487b38c142e91194d656f0f0879a2a99bd7bf2a61250199d3e116,gx-no-cache=1687193811544 HTTP/1.1" 200 30
190.171.142.10 - - [19/Jun/2023:14:12:47 -0300] "GET /cormun/servlet/trautorizarsolicitud? HTTP/1.1" 200 7334
190.171.149.74 - - [19/Jun/2023:14:12:47 -0300] "POST /cormun/servlet/solicitudotadjuntos?d6672c7b107e01dd7453d45412ab9eda,INS,2023,20373,,1, HTTP/1.1" 200 116
190.171.149.74 - - [19/Jun/2023:14:12:47 -0300] "GET /cormun/servlet/hpexe_return? HTTP/1.1" 200 1027
190.171.142.10 - - [19/Jun/2023:14:12:48 -0300] "GET /cormun/servlet/trautorizarsolicitud? HTTP/1.1" 200 7319
190.171.149.74 - - [19/Jun/2023:14:12:48 -0300] "GET /cormun/servlet/trsolicitudadjuntos?2023,20373, HTTP/1.1" 200 10148
190.171.149.74 - - [19/Jun/2023:14:12:49 -0300] "GET /cormun/servlet/trsolicitudadjuntos?2023,20373, HTTP/1.1" 200 10148
190.171.149.74 - - [19/Jun/2023:14:12:51 -0300] "GET /cormun/servlet/solicitudotadjuntos?INS,2023,20373,,1, HTTP/1.1" 200 6033
190.171.149.74 - - [19/Jun/2023:14:12:51 -0300] "GET /cormun/static/about:blank HTTP/1.1" 404 1011
190.171.149.74 - - [19/Jun/2023:14:12:51 -0300] "GET /cormun/servlet/solicitudotadjuntos?INS,2023,20373,,1, HTTP/1.1" 200 6026
190.171.149.74 - - [19/Jun/2023:14:12:51 -0300] "GET /cormun/servlet/solicitudotadjuntos?078facfb1d1487b38c142e91194d656fc85cf52d1ea113c733137fa74a4b59adf92df9a30a1d3d125053a1e0a9dd088a,gx-no-cache=1687193815766 HTTP/1.1" 200 30
190.171.149.74 - - [19/Jun/2023:14:12:51 -0300] "POST /cormun/servlet/solicitudotadjuntos?d6672c7b107e01dd7453d45412ab9eda,INS,2023,20373,,1,,gx-no-cache=1687193815802 HTTP/1.1" 200 3903
190.171.149.74 - - [19/Jun/2023:14:12:55 -0300] "POST /cormun/servlet/solicitudotadjuntos?gx-no-cache=1687193818968 HTTP/1.1" 200 26
192.168.10.17 - - [19/Jun/2023:14:12:55 -0300] "GET /cormun/servlet/vesolicitudgral?2023,20353,,SolicitudOTAdjuntos HTTP/1.1" 200 11055
192.168.10.17 - - [19/Jun/2023:14:12:56 -0300] "GET /cormun/servlet/vesolicitudgral?2023,20353,,SolicitudOTAdjuntos HTTP/1.1" 200 11059
192.168.10.17 - - [19/Jun/2023:14:12:56 -0300] "POST /cormun/servlet/acontrolpreferencessavestate?None,RRHH+DANIELA,true HTTP/1.1" 200 35
190.171.142.10 - - [19/Jun/2023:14:12:58 -0300] "GET /cormun/servlet/trsolicitudot? HTTP/1.1" 200 8777
190.171.142.10 - - [19/Jun/2023:14:12:58 -0300] "GET /cormun/servlet/trsolicitudot? HTTP/1.1" 200 8777
190.171.142.10 - - [19/Jun/2023:14:13:01 -0300] "GET /cormun/servlet/solicitudot?INS,0,0,false, HTTP/1.1" 200 16078
190.171.142.10 - - [19/Jun/2023:14:13:02 -0300] "GET /cormun/servlet/solicitudot?INS,0,0,false, HTTP/1.1" 200 16086
192.168.10.17 - - [19/Jun/2023:14:13:07 -0300] "GET /cormun/PublicTempStorage/afp6993379.pdf HTTP/1.1" 200 145974
190.171.149.74 - - [19/Jun/2023:14:13:21 -0300] "GET /cormun/servlet/solicitudotadjuntos?078facfb1d1487b38c142e91194d656f0f0879a2a99bd7bf2a61250199d3e116,gx-no-cache=1687193844055 HTTP/1.1" 200 30
190.171.149.74 - - [19/Jun/2023:14:13:21 -0300] "GET /cormun/servlet/solicitudotadjuntos?078facfb1d1487b38c142e91194d656f0f0879a2a99bd7bf2a61250199d3e116,gx-no-cache=1687193845109 HTTP/1.1" 200 30
192.168.10.17 - - [19/Jun/2023:14:13:27 -0300] "GET /cormun/servlet/vesolicitudgral?2023,20353,,SolicitudOTAdjuntos HTTP/1.1" 200 11056
192.168.10.17 - - [19/Jun/2023:14:13:28 -0300] "GET /cormun/servlet/vesolicitudgral?2023,20353,,SolicitudOTAdjuntos HTTP/1.1" 200 11056
192.168.10.17 - - [19/Jun/2023:14:13:29 -0300] "POST /cormun/servlet/acontrolpreferencessavestate?None,RRHH+DANIELA,true HTTP/1.1" 200 35
192.168.10.17 - - [19/Jun/2023:14:13:30 -0300] "GET /cormun/PublicTempStorage/afp5358214.pdf HTTP/1.1" 200 145974
192.168.10.17 - - [19/Jun/2023:14:13:32 -0300] "GET /cormun/servlet/vesolicitudgral?2023,20353,,SolicitudOTAdjuntos HTTP/1.1" 200 11055
192.168.10.17 - - [19/Jun/2023:14:13:33 -0300] "GET /cormun/servlet/vesolicitudgral?2023,20353,,SolicitudOTAdjuntos HTTP/1.1" 200 11057
192.168.10.17 - - [19/Jun/2023:14:13:34 -0300] "POST /cormun/servlet/acontrolpreferencessavestate?None,RRHH+DANIELA,true HTTP/1.1" 200 35
192.168.10.17 - - [19/Jun/2023:14:13:34 -0300] "GET /cormun/PublicTempStorage/fonasa2054896.pdf HTTP/1.1" 200 84545
190.171.149.74 - - [19/Jun/2023:14:13:36 -0300] "POST /cormun/servlet/solicitudotadjuntos?d6672c7b107e01dd7453d45412ab9eda,INS,2023,20373,,1, HTTP/1.1" 200 116
190.171.149.74 - - [19/Jun/2023:14:13:36 -0300] "GET /cormun/servlet/hpexe_return? HTTP/1.1" 200 1027
190.171.149.74 - - [19/Jun/2023:14:13:37 -0300] "GET /cormun/servlet/trsolicitudadjuntos?2023,20373, HTTP/1.1" 200 10337
190.171.149.74 - - [19/Jun/2023:14:13:38 -0300] "GET /cormun/servlet/trsolicitudadjuntos?2023,20373, HTTP/1.1" 200 10336
190.171.149.74 - - [19/Jun/2023:14:13:44 -0300] "GET /cormun/servlet/solicitudotadjuntos?INS,2023,20373,,2, HTTP/1.1" 200 6029
190.171.149.74 - - [19/Jun/2023:14:13:44 -0300] "GET /cormun/static/about:blank HTTP/1.1" 404 1011
190.171.149.74 - - [19/Jun/2023:14:13:44 -0300] "GET /cormun/servlet/solicitudotadjuntos?INS,2023,20373,,2, HTTP/1.1" 200 6023
190.171.149.74 - - [19/Jun/2023:14:13:45 -0300] "GET /cormun/servlet/solicitudotadjuntos?078facfb1d1487b38c142e91194d656fc85cf52d1ea113c733137fa74a4b59adf92df9a30a1d3d125053a1e0a9dd088a,gx-no-cache=1687193869171 HTTP/1.1" 200 30
190.171.149.74 - - [19/Jun/2023:14:13:45 -0300] "POST /cormun/servlet/solicitudotadjuntos?d6672c7b107e01dd7453d45412ab9eda,INS,2023,20373,,2,,gx-no-cache=1687193869352 HTTP/1.1" 200 4044
192.168.10.17 - - [19/Jun/2023:14:14:02 -0300] "GET /cormun/servlet/vesolicitudgral?2023,20353,,SolicitudOTAdjuntos HTTP/1.1" 200 11056
192.168.10.17 - - [19/Jun/2023:14:14:03 -0300] "GET /cormun/servlet/vesolicitudgral?2023,20353,,SolicitudOTAdjuntos HTTP/1.1" 200 11058
192.168.10.17 - - [19/Jun/2023:14:14:03 -0300] "POST /cormun/servlet/acontrolpreferencessavestate?None,RRHH+DANIELA,true HTTP/1.1" 200 35
192.168.10.17 - - [19/Jun/2023:14:14:05 -0300] "GET /cormun/servlet/vesolicitudgral?2023,20353,,General HTTP/1.1" 200 8384
192.168.10.17 - - [19/Jun/2023:14:14:05 -0300] "GET /cormun/pexe_scrolldiv.js HTTP/1.1" 404 1009
192.168.10.17 - - [19/Jun/2023:14:14:05 -0300] "GET /cormun/servlet/vesolicitudgral?2023,20353,,General HTTP/1.1" 200 8384
190.171.149.74 - - [19/Jun/2023:14:14:06 -0300] "POST /cormun/servlet/solicitudotadjuntos?gx-no-cache=1687193890832 HTTP/1.1" 200 26
45.83.64.51 - - [19/Jun/2023:14:14:17 -0300] "GET / HTTP/1.1" 200 11217
45.83.67.8 - - [19/Jun/2023:14:14:18 -0300] "GET /favicon.ico HTTP/1.1" 200 21630
190.171.149.74 - - [19/Jun/2023:14:14:18 -0300] "GET /cormun/servlet/solicitudotadjuntos?078facfb1d1487b38c142e91194d656f0f0879a2a99bd7bf2a61250199d3e116,gx-no-cache=1687193902463 HTTP/1.1" 200 30
190.171.149.74 - - [19/Jun/2023:14:14:18 -0300] "GET /cormun/servlet/solicitudotadjuntos?078facfb1d1487b38c142e91194d656f0f0879a2a99bd7bf2a61250199d3e116,gx-no-cache=1687193902480 HTTP/1.1" 200 30
190.171.149.74 - - [19/Jun/2023:14:14:21 -0300] "POST /cormun/servlet/solicitudotadjuntos?d6672c7b107e01dd7453d45412ab9eda,INS,2023,20373,,2, HTTP/1.1" 200 116
190.171.149.74 - - [19/Jun/2023:14:14:25 -0300] "GET /cormun/servlet/hpexe_return? HTTP/1.1" 200 1027
190.171.149.74 - - [19/Jun/2023:14:14:27 -0300] "GET /cormun/servlet/trsolicitudadjuntos?2023,20373, HTTP/1.1" 200 10568
190.171.149.74 - - [19/Jun/2023:14:14:29 -0300] "GET /cormun/servlet/trsolicitudadjuntos?2023,20373, HTTP/1.1" 200 10571
41.186.73.134 - - [19/Jun/2023:14:14:29 -0300] "GET /manager/html HTTP/1.1" 401 2474
190.171.149.74 - - [19/Jun/2023:14:14:34 -0300] "GET /cormun/servlet/trsolicitudot? HTTP/1.1" 200 8922
190.171.149.74 - - [19/Jun/2023:14:14:35 -0300] "GET /cormun/servlet/trsolicitudot? HTTP/1.1" 200 8915
190.171.149.74 - - [19/Jun/2023:14:14:55 -0300] "POST /cormun/servlet/trsolicitudot?d6672c7b107e01dd7453d45412ab9eda,,gx-no-cache=1687193939376 HTTP/1.1" 200 5583
190.171.149.74 - - [19/Jun/2023:14:14:56 -0300] "GET /cormun/static/Shared/jqueryui/images/ui-bg_highlight-soft_100_c6c2c8_1x100.png HTTP/1.1" 404 1117
190.171.149.74 - - [19/Jun/2023:14:14:56 -0300] "GET /cormun/static/Shared/jqueryui/images/ui-icons_82798d_256x240.png HTTP/1.1" 404 1089
190.171.149.74 - - [19/Jun/2023:14:14:56 -0300] "GET /cormun/static/Shared/jqueryui/images/ui-bg_flat_55_fafafa_40x100.png HTTP/1.1" 404 1097
190.171.149.74 - - [19/Jun/2023:14:14:56 -0300] "GET /cormun/static/Shared/jqueryui/images/ui-icons_8d78a5_256x240.png HTTP/1.1" 404 1089
190.171.149.74 - - [19/Jun/2023:14:14:56 -0300] "POST /cormun/servlet/trsolicitudot?d6672c7b107e01dd7453d45412ab9eda,,gx-no-cache=1687193940021 HTTP/1.1" 200 5530
41.186.73.134 - - [19/Jun/2023:14:15:03 -0300] "GET /manager/html HTTP/1.1" 401 2474
190.171.149.74 - - [19/Jun/2023:14:15:06 -0300] "GET /cormun/servlet/hlogin HTTP/1.1" 200 1740
190.171.149.74 - - [19/Jun/2023:14:15:15 -0300] "POST /cormun/servlet/hlogin?d6672c7b107e01dd7453d45412ab9eda,gx-no-cache=1687193959207 HTTP/1.1" 200 90
190.171.149.74 - - [19/Jun/2023:14:15:15 -0300] "GET /cormun/servlet/hpexe_link HTTP/1.1" 200 952
190.171.149.74 - - [19/Jun/2023:14:15:15 -0300] "GET /cormun/servlet/hhome HTTP/1.1" 200 4231
190.171.149.74 - - [19/Jun/2023:14:15:15 -0300] "GET /cormun/servlet/hhome HTTP/1.1" 200 4228
190.171.149.74 - - [19/Jun/2023:14:15:18 -0300] "GET /cormun/servlet/trautorizarsolicitud? HTTP/1.1" 200 8743
190.171.149.74 - - [19/Jun/2023:14:15:18 -0300] "GET /cormun/static/gxcfg.js?202211298474254 HTTP/1.1" 200 953
190.171.149.74 - - [19/Jun/2023:14:15:18 -0300] "GET /cormun/static/trautorizarsolicitud.js?202211298474588 HTTP/1.1" 200 53909
190.171.149.74 - - [19/Jun/2023:14:15:18 -0300] "GET /cormun/servlet/trautorizarsolicitud? HTTP/1.1" 200 8741
190.171.149.74 - - [19/Jun/2023:14:15:25 -0300] "POST /cormun/servlet/trautorizarsolicitud?d6672c7b107e01dd7453d45412ab9eda,,gx-no-cache=1687193969144 HTTP/1.1" 200 4766
190.171.149.74 - - [19/Jun/2023:14:15:25 -0300] "POST /cormun/servlet/trautorizarsolicitud?d6672c7b107e01dd7453d45412ab9eda,,gx-no-cache=1687193969278 HTTP/1.1" 200 4534
192.168.10.17 - - [19/Jun/2023:14:16:08 -0300] "GET /cormun/servlet/trsolicitudgral? HTTP/1.1" 200 11578
192.168.10.17 - - [19/Jun/2023:14:16:08 -0300] "GET /cormun/servlet/trsolicitudgral? HTTP/1.1" 200 11571
192.168.10.17 - - [19/Jun/2023:14:16:15 -0300] "GET /cormun/servlet/vesolicitudgral?2023,20298,, HTTP/1.1" 200 8405
192.168.10.17 - - [19/Jun/2023:14:16:15 -0300] "GET /cormun/pexe_scrolldiv.js HTTP/1.1" 404 1009
192.168.10.17 - - [19/Jun/2023:14:16:16 -0300] "GET /cormun/servlet/vesolicitudgral?2023,20298,, HTTP/1.1" 200 8404
41.186.73.134 - - [19/Jun/2023:14:18:57 -0300] "GET /manager/html HTTP/1.1" 401 2474
41.186.73.134 - - [19/Jun/2023:14:19:31 -0300] "GET /manager/html HTTP/1.1" 401 2474
192.168.10.17 - - [19/Jun/2023:14:19:40 -0300] "GET /cormun/servlet/trsolicitudgral? HTTP/1.1" 200 11572
192.168.10.17 - - [19/Jun/2023:14:19:40 -0300] "GET /cormun/servlet/trsolicitudgral? HTTP/1.1" 200 11571
190.171.152.242 - - [19/Jun/2023:14:20:11 -0300] "GET /cormun/servlet/hlogin HTTP/1.1" 200 1719
190.171.152.242 - - [19/Jun/2023:14:20:11 -0300] "GET /cormun/servlet/hlogin HTTP/1.1" 200 1730
190.171.152.242 - - [19/Jun/2023:14:20:15 -0300] "POST /cormun/servlet/hlogin?7c4ab18477e36eb87207a5acbdbdf9c6,gx-no-cache=1687194259655 HTTP/1.1" 200 90
190.171.152.242 - - [19/Jun/2023:14:20:15 -0300] "GET /cormun/servlet/hpexe_link HTTP/1.1" 200 950
190.171.152.242 - - [19/Jun/2023:14:20:15 -0300] "GET /cormun/servlet/hhome HTTP/1.1" 200 3993
190.171.152.242 - - [19/Jun/2023:14:20:16 -0300] "GET /cormun/servlet/hhome HTTP/1.1" 200 3989
190.171.152.242 - - [19/Jun/2023:14:20:20 -0300] "GET /cormun/servlet/trlicencias? HTTP/1.1" 200 10419
190.171.152.242 - - [19/Jun/2023:14:20:20 -0300] "GET /cormun/servlet/trlicencias? HTTP/1.1" 200 10417
190.171.149.74 - - [19/Jun/2023:14:20:39 -0300] "GET /cormun/servlet/hlogin HTTP/1.1" 200 1744
181.162.146.244 - - [19/Jun/2023:14:22:01 -0300] "GET /cormun/servlet/hlogin HTTP/1.1" 200 1721
181.162.146.244 - - [19/Jun/2023:14:22:01 -0300] "GET /cormun/static/Resources/Spanish/PXTools.css?1759030 HTTP/1.1" 200 100853
181.162.146.244 - - [19/Jun/2023:14:22:01 -0300] "GET /cormun/static/gxtimezone.js?85251 HTTP/1.1" 200 5781
181.162.146.244 - - [19/Jun/2023:14:22:01 -0300] "GET /cormun/static/gxcfg.js?2022112219184450 HTTP/1.1" 200 953
181.162.146.244 - - [19/Jun/2023:14:22:01 -0300] "GET /cormun/static/gxgral.js?85251 HTTP/1.1" 200 384558
181.162.146.244 - - [19/Jun/2023:14:22:02 -0300] "GET /cormun/static/messages.spa.js?85251 HTTP/1.1" 200 30736
181.162.146.244 - - [19/Jun/2023:14:22:02 -0300] "GET /cormun/static/hlogin.js?2022112219184458 HTTP/1.1" 200 2156
181.162.146.244 - - [19/Jun/2023:14:22:02 -0300] "GET /cormun/static/Resources/CormunLogin.png HTTP/1.1" 200 19132
181.162.146.244 - - [19/Jun/2023:14:22:02 -0300] "GET /cormun/static/Resources/PXToolsLoginBackground.png HTTP/1.1" 200 1164
181.162.146.244 - - [19/Jun/2023:14:22:02 -0300] "GET /cormun/servlet/hlogin HTTP/1.1" 200 1732
181.162.146.244 - - [19/Jun/2023:14:22:02 -0300] "GET /cormun/static/Resources/PXToolsLoginTop.png HTTP/1.1" 200 1337
181.162.146.244 - - [19/Jun/2023:14:22:02 -0300] "GET /cormun/static/Resources/PXToolsButtonLeft.png HTTP/1.1" 200 1310
181.162.146.244 - - [19/Jun/2023:14:22:02 -0300] "GET /cormun/static/Resources/PXToolsButtonBackground.png HTTP/1.1" 200 1176
181.162.146.244 - - [19/Jun/2023:14:22:02 -0300] "GET /cormun/static/Resources/PXToolsLoginBottom.png HTTP/1.1" 200 1389
181.162.146.244 - - [19/Jun/2023:14:22:02 -0300] "GET /cormun/static/Resources/indicator.gif HTTP/1.1" 200 1553
181.162.146.244 - - [19/Jun/2023:14:22:02 -0300] "GET /cormun/static/Resources/PXToolsButtonRight.png HTTP/1.1" 200 1294
181.162.146.244 - - [19/Jun/2023:14:22:02 -0300] "GET /favicon.ico HTTP/1.1" 200 21630
162.243.139.18 - - [19/Jun/2023:14:22:35 -0300] "GET / HTTP/1.1" 200 11217
159.203.208.7 - - [19/Jun/2023:14:22:37 -0300] "GET / HTTP/1.1" 200 11217
41.186.73.134 - - [19/Jun/2023:14:23:16 -0300] "GET /manager/html HTTP/1.1" 401 2474
41.186.73.134 - - [19/Jun/2023:14:23:49 -0300] "GET /manager/html HTTP/1.1" 401 2474
190.171.142.10 - - [19/Jun/2023:14:25:14 -0300] "POST /cormun/servlet/solicitudot?gx-no-cache=1687194558995 HTTP/1.1" 200 4022
190.171.142.10 - - [19/Jun/2023:14:25:14 -0300] "GET /cormun/static/Shared/jqueryui/images/ui-bg_highlight-soft_100_c6c2c8_1x100.png HTTP/1.1" 404 1117
190.171.142.10 - - [19/Jun/2023:14:25:14 -0300] "GET /cormun/static/Shared/jqueryui/images/ui-icons_82798d_256x240.png HTTP/1.1" 404 1089
190.171.142.10 - - [19/Jun/2023:14:25:14 -0300] "GET /cormun/static/Shared/jqueryui/images/ui-icons_ebccce_256x240.png HTTP/1.1" 404 1089
190.171.142.10 - - [19/Jun/2023:14:25:14 -0300] "GET /cormun/static/Shared/jqueryui/images/ui-bg_flat_55_994d53_40x100.png HTTP/1.1" 404 1097
190.171.142.10 - - [19/Jun/2023:14:25:14 -0300] "GET /cormun/servlet/solicitudot?5f376746901b071e2f8e95ed8d0857f5470a6a8a9786311a2d460449d6dc43e6,gx-no-cache=1687194559091 HTTP/1.1" 200 111
190.171.142.10 - - [19/Jun/2023:14:25:14 -0300] "GET /cormun/servlet/solicitudot?5f376746901b071e2f8e95ed8d0857f58f8b9a7fa475ecb61383f07eb8b924c2,gx-no-cache=1687194559120 HTTP/1.1" 200 94
190.171.142.10 - - [19/Jun/2023:14:25:14 -0300] "GET /cormun/servlet/solicitudot?5f376746901b071e2f8e95ed8d0857f55de13742348ef8c14663529d44ef29f3,gx-no-cache=1687194559140 HTTP/1.1" 200 29
190.171.142.10 - - [19/Jun/2023:14:25:14 -0300] "GET /cormun/servlet/solicitudot?5f376746901b071e2f8e95ed8d0857f50e71f643e51db25b57460204af90c0ca6380e3b10e63eed583c6bd09d877133ac355eab4bfea06f914b0d7af506cad051588f068edf6522f16a3301be6006687434b4ceaa777aac099e2939ad8424afe31d423f86603063406dd6abbaef619bac8c6f2beffdeedc76e89ec8a97f9ee4435c68d191a380a5ebf92a41a8a1294da7bb19d3e981589f108cfbfeb4681322a234c5960b7ed4c960a09375b1815217c4a38f6c59371219dc737049bbc23ba84e16b657d8b14ef10369029a123cace9e81f47d43b596d28336e4d10bab95e8dccdd2588d70c916d8f48d9d7c496c33d4fdb61db657be17f6d49feb162877df5cdd2979a54d04482f36e3c4592f84a8e9e8d1d72e901fc59bb70faee7a01fa44f301a3c4fee0f073b630bd1f66f9144bfb416cd1914cbaae6d06126c54b034f9c1feaf03d76dc441359052f13c33eafcf,gx-no-cache=1687194559170 HTTP/1.1" 200 297
190.171.142.10 - - [19/Jun/2023:14:25:14 -0300] "GET /cormun/servlet/solicitudot?5f376746901b071e2f8e95ed8d0857f586b172d4c3535176dd71aade61d9b968195d7981b0d9614370bc6f33f740ba5d3db3b3614014f57c7b9017a159d7e1a94ba9947999c3032f80623102d514f7b9f497425d5259c272c3c48d3c693b7edd65c9c7ddca79b012b839f348b6860ca41870c97b004d2edd48642326b1a31c99b36794600ed06acb633982d396bee84bd8370e25fcc93f64f1b615bd009f3fc654be63aee4dad8803d746c2178f768b3604b540f3f1749ade90e6c7e036d5a6b82652d6e1d961103ea2b56724bccdb2e072e7cc71ce6e0baee04c529907ba90fe449f094bfc6a9f3fe5a3c87ef8491202d15f03e150e9130ce38618b864723e6c477ca2062e1faa247d37d8da48c907ed85f982e21c5552b870599bfb331c602b4e6976be485f0ac523f2c69b54065b11a8ccdd645d83b3358c9333478055ce1f8ea70c8dd6f4de8fc97b3a3877e1f8257a8392fb92d5ec490db6935809947333efd5c794916630acc3df706e6cd8747b100ffc145042c21c369b44b08660c7fcfe0449ae6ab29ebce3260ebf4a90aa2,gx-no-cache=1687194559204 HTTP/1.1" 200 30
190.171.142.10 - - [19/Jun/2023:14:25:14 -0300] "POST /cormun/servlet/solicitudot?gx-no-cache=1687194559230 HTTP/1.1" 200 30
190.171.142.10 - - [19/Jun/2023:14:25:14 -0300] "POST /cormun/servlet/solicitudot?gx-no-cache=1687194559257 HTTP/1.1" 200 1462
190.171.142.10 - - [19/Jun/2023:14:25:14 -0300] "POST /cormun/servlet/solicitudot?gx-no-cache=1687194559293 HTTP/1.1" 200 38
190.171.142.10 - - [19/Jun/2023:14:25:14 -0300] "GET /cormun/servlet/solicitudot?5f376746901b071e2f8e95ed8d0857f5a3f3d46fdd39e14e47c0c6f9d41ce56204dff2125a6c2573dab0a156041b53997ba8ba4e070225de809cca1fa56dd4ee9c512aa5245160f97f1f2ad917255563e29124faa5a7e162157a43c8c445413751d7523e19fa73dc3dad6cd1813f48a6,gx-no-cache=1687194559313 HTTP/1.1" 200 110
190.171.142.10 - - [19/Jun/2023:14:25:14 -0300] "POST /cormun/servlet/solicitudot?gx-no-cache=1687194559332 HTTP/1.1" 200 64
190.171.142.10 - - [19/Jun/2023:14:25:14 -0300] "GET /cormun/servlet/solicitudot?5f376746901b071e2f8e95ed8d0857f53eb353cdff397fa38d675624c20fb673fdb61db657be17f6d49feb162877df5cdd2979a54d04482f36e3c4592f84a8e97d5dcaaa2107bc5fa0f5c70121a03d80,gx-no-cache=1687194559355 HTTP/1.1" 200 29
190.171.143.90 - - [19/Jun/2023:14:25:19 -0300] "POST /cormun/servlet/solicitudot?gx-no-cache=1687194563624 HTTP/1.1" 200 3963
190.171.142.10 - - [19/Jun/2023:14:25:19 -0300] "GET /cormun/static/menuarrow.gif HTTP/1.1" 404 1015
190.171.143.90 - - [19/Jun/2023:14:25:19 -0300] "POST /cormun/servlet/solicitudot?268b8ddf8d8eda9423a9ba0261b0fdb9,INS,0,0,false,,gx-no-cache=1687194563804 HTTP/1.1" 200 12794
190.171.143.90 - - [19/Jun/2023:14:25:27 -0300] "GET /cormun/servlet/solicitudot?a50c67216e263dd6cc39d2f1b372b79dbeec032e3c551af6b1f0f11c64660de47485447e4a46a2a844003d3878d86513,gx-no-cache=1687194572249 HTTP/1.1" 200 30
190.171.142.10 - - [19/Jun/2023:14:25:42 -0300] "POST /cormun/servlet/solicitudot?gx-no-cache=1687194586997 HTTP/1.1" 200 4022
190.171.142.10 - - [19/Jun/2023:14:25:42 -0300] "GET /cormun/servlet/solicitudot?5f376746901b071e2f8e95ed8d0857f5470a6a8a9786311a2d460449d6dc43e6,gx-no-cache=1687194587087 HTTP/1.1" 200 111
190.171.142.10 - - [19/Jun/2023:14:25:42 -0300] "GET /cormun/servlet/solicitudot?5f376746901b071e2f8e95ed8d0857f58f8b9a7fa475ecb61383f07eb8b924c2,gx-no-cache=1687194587128 HTTP/1.1" 200 94
190.171.142.10 - - [19/Jun/2023:14:25:42 -0300] "POST /cormun/servlet/solicitudot?gx-no-cache=1687194587155 HTTP/1.1" 200 30
190.171.142.10 - - [19/Jun/2023:14:25:42 -0300] "POST /cormun/servlet/solicitudot?gx-no-cache=1687194587192 HTTP/1.1" 200 1462
190.171.142.10 - - [19/Jun/2023:14:25:42 -0300] "POST /cormun/servlet/solicitudot?gx-no-cache=1687194587238 HTTP/1.1" 200 38
190.171.142.10 - - [19/Jun/2023:14:25:42 -0300] "GET /cormun/servlet/solicitudot?5f376746901b071e2f8e95ed8d0857f5a3f3d46fdd39e14e47c0c6f9d41ce56204dff2125a6c2573dab0a156041b53997ba8ba4e070225de809cca1fa56dd4ee9c512aa5245160f97f1f2ad917255563e29124faa5a7e162157a43c8c445413751d7523e19fa73dc3dad6cd1813f48a6,gx-no-cache=1687194587262 HTTP/1.1" 200 110
190.171.142.10 - - [19/Jun/2023:14:25:42 -0300] "POST /cormun/servlet/solicitudot?gx-no-cache=1687194587284 HTTP/1.1" 200 64
