41.186.73.134 - - [19/Jun/2023:12:24:01 -0300] "GET /manager/html HTTP/1.1" 401 2474
41.186.73.134 - - [19/Jun/2023:12:24:36 -0300] "GET /manager/html HTTP/1.1" 401 2474
190.171.152.114 - - [19/Jun/2023:12:27:19 -0300] "GET /cormun/servlet/trpermisosadjuntos?12691990,20230614154500,P, HTTP/1.1" 200 5983
190.171.152.114 - - [19/Jun/2023:12:27:19 -0300] "GET /cormun/servlet/hlogin HTTP/1.1" 200 1761
190.171.152.114 - - [19/Jun/2023:12:27:19 -0300] "GET /cormun/servlet/trpermisosadjuntos?12691990,20230614154500,P, HTTP/1.1" 200 5978
190.171.152.114 - - [19/Jun/2023:12:28:11 -0300] "POST /cormun/servlet/hlogin?f97910472174a6ba97a901dc5a97d994,gx-no-cache=1687187540363 HTTP/1.1" 200 90
190.171.152.114 - - [19/Jun/2023:12:28:11 -0300] "GET /cormun/servlet/hpexe_link HTTP/1.1" 200 978
190.171.152.114 - - [19/Jun/2023:12:28:11 -0300] "GET /cormun/servlet/trpermisosadjuntos?12691990,20230614154500,P, HTTP/1.1" 200 7022
190.171.152.114 - - [19/Jun/2023:12:28:11 -0300] "GET /cormun/servlet/trpermisosadjuntos?12691990,20230614154500,P, HTTP/1.1" 200 7022
190.171.152.114 - - [19/Jun/2023:12:28:14 -0300] "GET /cormun/servlet/trpermisosgoce? HTTP/1.1" 200 10270
190.171.152.114 - - [19/Jun/2023:12:28:15 -0300] "GET /cormun/servlet/trpermisosgoce? HTTP/1.1" 200 10271
190.171.152.114 - - [19/Jun/2023:12:28:17 -0300] "GET /cormun/servlet/trpermisosadjuntos?12691990,20230614154500,P, HTTP/1.1" 200 7021
190.171.152.114 - - [19/Jun/2023:12:28:17 -0300] "GET /cormun/servlet/trpermisosadjuntos?12691990,20230614154500,P, HTTP/1.1" 200 7019
41.186.73.134 - - [19/Jun/2023:12:28:26 -0300] "GET /manager/html HTTP/1.1" 401 2474
190.171.152.114 - - [19/Jun/2023:12:28:27 -0300] "GET /cormun/servlet/trpermisosgoce? HTTP/1.1" 200 10270
190.171.152.114 - - [19/Jun/2023:12:28:28 -0300] "GET /cormun/servlet/trpermisosgoce? HTTP/1.1" 200 10265
190.171.152.114 - - [19/Jun/2023:12:28:47 -0300] "GET /cormun/servlet/trpermisosadjuntos?12691990,20230614154500,P, HTTP/1.1" 200 7020
190.171.152.114 - - [19/Jun/2023:12:28:48 -0300] "GET /cormun/servlet/trpermisosadjuntos?12691990,20230614154500,P, HTTP/1.1" 200 7021
190.171.152.114 - - [19/Jun/2023:12:28:52 -0300] "GET /cormun/servlet/trpermisosgoce? HTTP/1.1" 200 10270
190.171.152.114 - - [19/Jun/2023:12:28:52 -0300] "GET /cormun/servlet/trpermisosgoce? HTTP/1.1" 200 10271
190.171.152.114 - - [19/Jun/2023:12:28:54 -0300] "POST /cormun/servlet/trpermisosgoce?f97910472174a6ba97a901dc5a97d994,,gx-no-cache=1687187583589 HTTP/1.1" 200 7501
190.171.152.114 - - [19/Jun/2023:12:28:54 -0300] "GET /cormun/static/Shared/jqueryui/images/ui-bg_highlight-soft_100_c6c2c8_1x100.png HTTP/1.1" 404 1117
190.171.152.114 - - [19/Jun/2023:12:28:54 -0300] "GET /cormun/static/Shared/jqueryui/images/ui-icons_82798d_256x240.png HTTP/1.1" 404 1089
190.171.152.114 - - [19/Jun/2023:12:28:54 -0300] "GET /cormun/static/Shared/jqueryui/images/ui-bg_flat_55_fafafa_40x100.png HTTP/1.1" 404 1097
190.171.152.114 - - [19/Jun/2023:12:28:54 -0300] "GET /cormun/static/Shared/jqueryui/images/ui-icons_8d78a5_256x240.png HTTP/1.1" 404 1089
190.171.152.114 - - [19/Jun/2023:12:28:59 -0300] "GET /cormun/servlet/trautorizarpermisogoce? HTTP/1.1" 200 9148
190.171.152.114 - - [19/Jun/2023:12:28:59 -0300] "GET /cormun/static/gxcfg.js?2020121645532 HTTP/1.1" 200 953
190.171.152.114 - - [19/Jun/2023:12:28:59 -0300] "GET /cormun/static/trautorizarpermisogoce.js?2020121651492 HTTP/1.1" 200 34948
190.171.152.114 - - [19/Jun/2023:12:29:00 -0300] "GET /cormun/servlet/trautorizarpermisogoce? HTTP/1.1" 200 9148
41.186.73.134 - - [19/Jun/2023:12:29:01 -0300] "GET /manager/html HTTP/1.1" 401 2474
190.171.152.114 - - [19/Jun/2023:12:29:07 -0300] "POST /cormun/servlet/trautorizarpermisogoce?f97910472174a6ba97a901dc5a97d994,,gx-no-cache=1687187595948 HTTP/1.1" 200 6200
190.171.152.114 - - [19/Jun/2023:12:29:07 -0300] "GET /cormun/static/Shared/jqueryui/images/ui-icons_82798d_256x240.png HTTP/1.1" 404 1089
190.171.152.114 - - [19/Jun/2023:12:29:07 -0300] "GET /cormun/static/Shared/jqueryui/images/ui-bg_highlight-soft_100_c6c2c8_1x100.png HTTP/1.1" 404 1117
190.171.152.114 - - [19/Jun/2023:12:29:07 -0300] "GET /cormun/static/Shared/jqueryui/images/ui-bg_flat_55_fafafa_40x100.png HTTP/1.1" 404 1097
190.171.152.114 - - [19/Jun/2023:12:29:07 -0300] "GET /cormun/static/Shared/jqueryui/images/ui-icons_8d78a5_256x240.png HTTP/1.1" 404 1089
190.171.152.114 - - [19/Jun/2023:12:29:08 -0300] "POST /cormun/servlet/trautorizarpermisogoce?f97910472174a6ba97a901dc5a97d994,,gx-no-cache=1687187596843 HTTP/1.1" 200 5979
190.171.152.114 - - [19/Jun/2023:12:29:08 -0300] "POST /cormun/servlet/trautorizarpermisogoce?f97910472174a6ba97a901dc5a97d994,,gx-no-cache=1687187597578 HTTP/1.1" 200 5750
190.171.152.114 - - [19/Jun/2023:12:29:09 -0300] "POST /cormun/servlet/trautorizarpermisogoce?f97910472174a6ba97a901dc5a97d994,,gx-no-cache=1687187598138 HTTP/1.1" 200 5543
190.171.152.114 - - [19/Jun/2023:12:29:10 -0300] "POST /cormun/servlet/trautorizarpermisogoce?f97910472174a6ba97a901dc5a97d994,,gx-no-cache=1687187598930 HTTP/1.1" 200 5279
190.171.152.114 - - [19/Jun/2023:12:29:10 -0300] "POST /cormun/servlet/trautorizarpermisogoce?f97910472174a6ba97a901dc5a97d994,,gx-no-cache=1687187599618 HTTP/1.1" 200 4522
190.171.152.114 - - [19/Jun/2023:12:29:23 -0300] "GET /cormun/servlet/trlicencias? HTTP/1.1" 200 16378
190.171.152.114 - - [19/Jun/2023:12:29:24 -0300] "GET /cormun/servlet/trlicencias? HTTP/1.1" 200 16381
190.95.15.15 - - [19/Jun/2023:12:30:17 -0300] "GET /cormun/servlet/trpermisosgoce? HTTP/1.1" 200 11776
190.95.15.15 - - [19/Jun/2023:12:30:17 -0300] "GET /cormun/servlet/trpermisosgoce? HTTP/1.1" 200 11780
41.186.73.134 - - [19/Jun/2023:12:32:55 -0300] "GET /manager/html HTTP/1.1" 401 2474
41.186.73.134 - - [19/Jun/2023:12:33:30 -0300] "GET /manager/html HTTP/1.1" 401 2474
190.95.15.15 - - [19/Jun/2023:12:34:01 -0300] "GET /cormun/servlet/trlicencias? HTTP/1.1" 200 7855
190.95.15.15 - - [19/Jun/2023:12:34:02 -0300] "GET /cormun/servlet/hlogin HTTP/1.1" 200 1733
190.95.15.15 - - [19/Jun/2023:12:34:02 -0300] "GET /cormun/servlet/trlicencias? HTTP/1.1" 200 7856
190.95.15.15 - - [19/Jun/2023:12:34:09 -0300] "GET /cormun/servlet/trlicencias? HTTP/1.1" 200 13646
190.95.15.15 - - [19/Jun/2023:12:34:09 -0300] "GET /cormun/servlet/trlicencias? HTTP/1.1" 200 13645
190.95.15.15 - - [19/Jun/2023:12:34:11 -0300] "POST /cormun/servlet/hlogin?fae8bc4080b7bceb5c60822fa30fb385,gx-no-cache=1687187894670 HTTP/1.1" 200 90
190.95.15.15 - - [19/Jun/2023:12:34:11 -0300] "GET /cormun/servlet/hpexe_link HTTP/1.1" 200 949
190.95.15.15 - - [19/Jun/2023:12:34:12 -0300] "GET /cormun/servlet/trlicencias HTTP/1.1" 200 13628
190.95.15.15 - - [19/Jun/2023:12:34:12 -0300] "GET /cormun/servlet/trlicencias HTTP/1.1" 200 13632
190.171.149.74 - - [19/Jun/2023:12:35:41 -0300] "GET /cormun/servlet/hlogin HTTP/1.1" 200 1720
190.171.149.74 - - [19/Jun/2023:12:35:48 -0300] "POST /cormun/servlet/hlogin?31d3b1c15aa5e0ffcefe9311d370ddf9,gx-no-cache=1687187992973 HTTP/1.1" 200 90
190.171.149.74 - - [19/Jun/2023:12:35:49 -0300] "GET /cormun/servlet/hpexe_link HTTP/1.1" 200 955
190.171.149.74 - - [19/Jun/2023:12:35:49 -0300] "GET /cormun/servlet/trlicencias HTTP/1.1" 200 12220
190.171.149.74 - - [19/Jun/2023:12:35:49 -0300] "GET /cormun/servlet/trlicencias HTTP/1.1" 200 12217
190.171.149.82 - - [19/Jun/2023:12:36:55 -0300] "GET /cormun/servlet/hlogin HTTP/1.1" 200 1724
190.171.149.82 - - [19/Jun/2023:12:36:55 -0300] "GET /cormun/static/gxcfg.js?2022112219184450 HTTP/1.1" 304 -
190.171.149.82 - - [19/Jun/2023:12:36:55 -0300] "GET /cormun/static/Resources/Spanish/PXTools.css?1759030 HTTP/1.1" 304 -
190.171.149.82 - - [19/Jun/2023:12:36:55 -0300] "GET /cormun/static/messages.spa.js?85251 HTTP/1.1" 304 -
190.171.149.82 - - [19/Jun/2023:12:36:55 -0300] "GET /cormun/static/hlogin.js?2022112219184458 HTTP/1.1" 304 -
190.171.149.82 - - [19/Jun/2023:12:36:55 -0300] "GET /cormun/static/Resources/CormunLogin.png HTTP/1.1" 304 -
190.171.149.82 - - [19/Jun/2023:12:36:55 -0300] "GET /cormun/servlet/hlogin HTTP/1.1" 200 1734
190.171.149.82 - - [19/Jun/2023:12:37:02 -0300] "POST /cormun/servlet/hlogin?e440785a5ff4dbde2a99758fbf58e11d,gx-no-cache=1687188066602 HTTP/1.1" 200 90
190.171.149.82 - - [19/Jun/2023:12:37:02 -0300] "GET /cormun/servlet/hpexe_link HTTP/1.1" 200 953
190.171.149.82 - - [19/Jun/2023:12:37:02 -0300] "GET /cormun/static/Resources/Spanish/PXTools.css?8354383 HTTP/1.1" 304 -
190.171.149.82 - - [19/Jun/2023:12:37:02 -0300] "GET /cormun/static/gxcfg.js?20221129847421 HTTP/1.1" 304 -
190.171.149.82 - - [19/Jun/2023:12:37:02 -0300] "GET /cormun/static/hpexe_link.js?20221129847423 HTTP/1.1" 304 -
190.171.149.82 - - [19/Jun/2023:12:37:02 -0300] "GET /cormun/servlet/hhome HTTP/1.1" 200 3932
190.171.149.82 - - [19/Jun/2023:12:37:02 -0300] "GET /cormun/static/Resources/Spanish/PXTools.css?14345360 HTTP/1.1" 304 -
190.171.149.82 - - [19/Jun/2023:12:37:02 -0300] "GET /cormun/static/gxcfg.js?20201215495537 HTTP/1.1" 304 -
190.171.149.82 - - [19/Jun/2023:12:37:03 -0300] "GET /cormun/static/hhome.js?20201215495544 HTTP/1.1" 304 -
190.171.149.82 - - [19/Jun/2023:12:37:03 -0300] "GET /cormun/static/hwchdr01.js?2022112219251119 HTTP/1.1" 304 -
190.171.149.82 - - [19/Jun/2023:12:37:03 -0300] "GET /cormun/static/hpexe_recentlink.js?20201214471090 HTTP/1.1" 304 -
190.171.149.82 - - [19/Jun/2023:12:37:03 -0300] "GET /cormun/static/hpexe_scripts.js?20201214471411 HTTP/1.1" 304 -
190.171.149.82 - - [19/Jun/2023:12:37:03 -0300] "GET /cormun/static/hpexe_messagepopupcomponent.js?2020121447232 HTTP/1.1" 304 -
190.171.149.82 - - [19/Jun/2023:12:37:03 -0300] "GET /cormun/static/hpexe_messagecontroller.js?202211298371222 HTTP/1.1" 304 -
190.171.149.82 - - [19/Jun/2023:12:37:03 -0300] "GET /cormun/static/hpexe_messagegenexuscomponent.js?20221129836373 HTTP/1.1" 304 -
190.171.149.82 - - [19/Jun/2023:12:37:03 -0300] "GET /cormun/static/cmcontrolpreferences.js?20199141926336 HTTP/1.1" 304 -
190.171.149.82 - - [19/Jun/2023:12:37:03 -0300] "GET /cormun/static/Resources/CormunMP2.png HTTP/1.1" 304 -
190.171.149.82 - - [19/Jun/2023:12:37:03 -0300] "GET /cormun/static/hmpwkw03.js?20221129844354 HTTP/1.1" 304 -
190.171.149.82 - - [19/Jun/2023:12:37:03 -0300] "GET /cormun/servlet/hhome HTTP/1.1" 200 3928
190.171.149.82 - - [19/Jun/2023:12:37:06 -0300] "GET /cormun/servlet/trlicencias? HTTP/1.1" 200 9078
190.171.149.82 - - [19/Jun/2023:12:37:06 -0300] "GET /cormun/servlet/trlicencias? HTTP/1.1" 200 9075
190.171.149.82 - - [19/Jun/2023:12:37:13 -0300] "GET /cormun/static/menuarrow.gif HTTP/1.1" 404 1015
190.171.149.82 - - [19/Jun/2023:12:37:19 -0300] "POST /cormun/servlet/trlicencias?e440785a5ff4dbde2a99758fbf58e11d,,gx-no-cache=1687188083754 HTTP/1.1" 200 10572
41.186.73.134 - - [19/Jun/2023:12:37:21 -0300] "GET /manager/html HTTP/1.1" 401 2474
41.186.73.134 - - [19/Jun/2023:12:37:55 -0300] "GET /manager/html HTTP/1.1" 401 2474
186.67.172.234 - - [19/Jun/2023:12:39:41 -0300] "GET /cormun/servlet/trautorizarsolicitud? HTTP/1.1" 200 6226
186.67.172.234 - - [19/Jun/2023:12:39:41 -0300] "GET /cormun/servlet/trautorizarsolicitud? HTTP/1.1" 200 6222
186.67.172.234 - - [19/Jun/2023:12:39:41 -0300] "GET /cormun/servlet/hlogin HTTP/1.1" 200 1743
186.67.172.234 - - [19/Jun/2023:12:39:50 -0300] "POST /cormun/servlet/hlogin?4a60473a8e994dfdccd6cd366da2f4d3,gx-no-cache=1687188234836 HTTP/1.1" 200 90
186.67.172.234 - - [19/Jun/2023:12:39:50 -0300] "GET /cormun/servlet/hpexe_link HTTP/1.1" 200 963
186.67.172.234 - - [19/Jun/2023:12:39:50 -0300] "GET /cormun/servlet/trautorizarsolicitud HTTP/1.1" 200 8624
186.67.172.234 - - [19/Jun/2023:12:39:51 -0300] "GET /cormun/servlet/trautorizarsolicitud HTTP/1.1" 200 8623
41.186.73.134 - - [19/Jun/2023:12:41:44 -0300] "GET /manager/html HTTP/1.1" 401 2474
41.186.73.134 - - [19/Jun/2023:12:42:19 -0300] "GET /manager/html HTTP/1.1" 401 2474
190.171.149.82 - - [19/Jun/2023:12:42:45 -0300] "POST /cormun/servlet/trlicencias?e440785a5ff4dbde2a99758fbf58e11d,,gx-no-cache=1687188409803 HTTP/1.1" 200 10566
190.171.149.82 - - [19/Jun/2023:12:42:46 -0300] "POST /cormun/servlet/trlicencias?e440785a5ff4dbde2a99758fbf58e11d,,gx-no-cache=1687188410313 HTTP/1.1" 200 10571
190.171.149.82 - - [19/Jun/2023:12:42:46 -0300] "POST /cormun/servlet/trlicencias?e440785a5ff4dbde2a99758fbf58e11d,,gx-no-cache=1687188410945 HTTP/1.1" 200 10561
41.186.73.134 - - [19/Jun/2023:12:46:19 -0300] "GET /manager/html HTTP/1.1" 401 2474
41.186.73.134 - - [19/Jun/2023:12:46:53 -0300] "GET /manager/html HTTP/1.1" 401 2474
190.171.152.114 - - [19/Jun/2023:12:49:20 -0300] "GET /cormun/servlet/trpermisosgoce? HTTP/1.1" 200 10224
190.171.152.114 - - [19/Jun/2023:12:49:21 -0300] "GET /cormun/servlet/trpermisosgoce? HTTP/1.1" 200 10223
190.171.152.114 - - [19/Jun/2023:12:49:24 -0300] "GET /cormun/servlet/permisogoce?INS,0,,, HTTP/1.1" 200 7216
190.171.152.114 - - [19/Jun/2023:12:49:24 -0300] "GET /cormun/servlet/permisogoce?INS,0,,, HTTP/1.1" 200 7216
190.171.152.114 - - [19/Jun/2023:12:49:32 -0300] "GET /cormun/servlet/permisogoce?68b8d1bbb8dc73492e98ed9ec1800d2fc0e98a487b47f8fcbf008daf91726fd92c7cc8a627b58c3311d53045a8164e555b0513eddcdcbaf843bae3d76d381295,gx-no-cache=1687188821660 HTTP/1.1" 200 179
190.171.152.114 - - [19/Jun/2023:12:49:32 -0300] "GET /cormun/static/Shared/jqueryui/images/ui-bg_highlight-soft_100_c6c2c8_1x100.png HTTP/1.1" 404 1117
190.171.152.114 - - [19/Jun/2023:12:49:32 -0300] "GET /cormun/static/Shared/jqueryui/images/ui-icons_82798d_256x240.png HTTP/1.1" 404 1089
190.171.152.114 - - [19/Jun/2023:12:49:32 -0300] "GET /cormun/static/Shared/jqueryui/images/ui-bg_flat_55_994d53_40x100.png HTTP/1.1" 404 1097
190.171.152.114 - - [19/Jun/2023:12:49:32 -0300] "GET /cormun/static/Shared/jqueryui/images/ui-icons_ebccce_256x240.png HTTP/1.1" 404 1089
190.171.152.114 - - [19/Jun/2023:12:49:41 -0300] "GET /cormun/servlet/prfichaempleado?,MD,,gxPopupLevel%3D0%3B HTTP/1.1" 200 9358
190.171.152.114 - - [19/Jun/2023:12:49:41 -0300] "GET /cormun/static/gxcfg.js?20201215571085 HTTP/1.1" 200 953
190.171.152.114 - - [19/Jun/2023:12:49:41 -0300] "GET /cormun/static/prfichaempleado.js?20201215572193 HTTP/1.1" 200 16005
190.171.152.114 - - [19/Jun/2023:12:49:45 -0300] "GET /cormun/servlet/permisogoce?68b8d1bbb8dc73492e98ed9ec1800d2fc0e98a487b47f8fcbf008daf91726fd92c7cc8a627b58c3311d53045a8164e555b0513eddcdcbaf843bae3d76d381295,gx-no-cache=1687188834643 HTTP/1.1" 200 179
190.171.152.114 - - [19/Jun/2023:12:49:47 -0300] "GET /cormun/static/menuarrow.gif HTTP/1.1" 404 1015
190.171.152.114 - - [19/Jun/2023:12:49:53 -0300] "GET /cormun/servlet/permisogoce?68b8d1bbb8dc73492e98ed9ec1800d2fc0e98a487b47f8fcbf008daf91726fd92c7cc8a627b58c3311d53045a8164e555b0513eddcdcbaf843bae3d76d381295,gx-no-cache=1687188842170 HTTP/1.1" 200 179
190.171.152.114 - - [19/Jun/2023:12:49:58 -0300] "GET /cormun/servlet/permisogoce?68b8d1bbb8dc73492e98ed9ec1800d2f6b4080454551a06fe6da623077e29639d6b4d7a71da06db67baa8114e31a21df879fe88dc7651346cf1d4f8b52a7c933,gx-no-cache=1687188847453 HTTP/1.1" 200 47
190.171.152.114 - - [19/Jun/2023:12:50:09 -0300] "GET /cormun/servlet/prfichaempleado?,MD,,gxPopupLevel%3D0%3B HTTP/1.1" 200 9358
190.171.152.114 - - [19/Jun/2023:12:50:21 -0300] "GET /cormun/servlet/permisogoce?68b8d1bbb8dc73492e98ed9ec1800d2fc0e98a487b47f8fcbf008daf91726fd92c7cc8a627b58c3311d53045a8164e555b0513eddcdcbaf843bae3d76d381295,gx-no-cache=1687188870099 HTTP/1.1" 200 179
41.186.73.134 - - [19/Jun/2023:12:50:45 -0300] "GET /manager/html HTTP/1.1" 401 2474
190.171.152.114 - - [19/Jun/2023:12:51:00 -0300] "GET /cormun/servlet/prfichaempleado?,MD,,gxPopupLevel%3D0%3B HTTP/1.1" 200 9358
190.171.152.114 - - [19/Jun/2023:12:51:07 -0300] "POST /cormun/servlet/prfichaempleado?f97910472174a6ba97a901dc5a97d994,,MD,,gxPopupLevel%3D0%3B,gx-no-cache=1687188915902 HTTP/1.1" 200 6346
190.171.152.114 - - [19/Jun/2023:12:51:07 -0300] "GET /cormun/static/Resources/PXToolsGridNext.gif HTTP/1.1" 200 369
190.171.152.114 - - [19/Jun/2023:12:51:07 -0300] "GET /cormun/static/Resources/PXToolsGridLast.gif HTTP/1.1" 200 370
41.186.73.134 - - [19/Jun/2023:12:51:19 -0300] "GET /manager/html HTTP/1.1" 401 2474
192.168.10.96 - - [19/Jun/2023:12:51:25 -0300] "GET /cormun/servlet/hlogin HTTP/1.1" 200 1743
192.168.10.96 - - [19/Jun/2023:12:51:33 -0300] "POST /cormun/servlet/hlogin?9b0b1fe4a1f6b5366c7369aad82c63ee,gx-no-cache=1687188921055 HTTP/1.1" 200 90
192.168.10.96 - - [19/Jun/2023:12:51:33 -0300] "GET /cormun/servlet/hpexe_link HTTP/1.1" 200 952
192.168.10.96 - - [19/Jun/2023:12:51:34 -0300] "GET /cormun/servlet/hhome HTTP/1.1" 200 3964
192.168.10.96 - - [19/Jun/2023:12:51:34 -0300] "GET /cormun/servlet/hhome HTTP/1.1" 200 3962
192.168.10.96 - - [19/Jun/2023:12:51:42 -0300] "GET /cormun/servlet/trpermisosgoce? HTTP/1.1" 200 11781
192.168.10.96 - - [19/Jun/2023:12:51:42 -0300] "GET /cormun/static/gxcfg.js?2020121631564 HTTP/1.1" 200 953
192.168.10.96 - - [19/Jun/2023:12:51:42 -0300] "GET /cormun/static/trpermisosgoce.js?2020121633681 HTTP/1.1" 200 35904
192.168.10.96 - - [19/Jun/2023:12:51:42 -0300] "GET /cormun/static/Resources/PXToolsAddAllAction.png HTTP/1.1" 200 495
192.168.10.96 - - [19/Jun/2023:12:51:42 -0300] "GET /cormun//static/Resources/PXToolsActionDisabled.gif HTTP/1.1" 200 53
192.168.10.96 - - [19/Jun/2023:12:51:42 -0300] "GET /cormun//static/Resources/PXToolsGridDisplay.png HTTP/1.1" 200 525
192.168.10.96 - - [19/Jun/2023:12:51:42 -0300] "GET /cormun//static/Resources/PXTools/ActionInsert.png HTTP/1.1" 200 1482
192.168.10.96 - - [19/Jun/2023:12:51:42 -0300] "GET /cormun//static/Resources/PXToolsHeaderHelp.png HTTP/1.1" 200 1333
192.168.10.96 - - [19/Jun/2023:12:51:42 -0300] "GET /cormun//static/Resources/PXToolsActionPrint.png HTTP/1.1" 200 404
192.168.10.96 - - [19/Jun/2023:12:51:42 -0300] "GET /cormun//static/Resources/PXToolsHeaderFavorites.png HTTP/1.1" 200 1414
192.168.10.96 - - [19/Jun/2023:12:51:42 -0300] "GET /cormun/servlet/trpermisosgoce? HTTP/1.1" 200 11780
192.168.10.96 - - [19/Jun/2023:12:51:47 -0300] "GET /cormun/servlet/permisogoce?INS,0,,, HTTP/1.1" 200 6831
192.168.10.96 - - [19/Jun/2023:12:51:47 -0300] "GET /cormun/static/gxcfg.js?20201215124560 HTTP/1.1" 200 953
192.168.10.96 - - [19/Jun/2023:12:51:47 -0300] "GET /cormun/static/permisogoce.js?20201215124939 HTTP/1.1" 200 27790
192.168.10.96 - - [19/Jun/2023:12:51:47 -0300] "GET /cormun/static/Resources/prompt.gif HTTP/1.1" 200 902
192.168.10.96 - - [19/Jun/2023:12:51:47 -0300] "GET /cormun/servlet/permisogoce?INS,0,,, HTTP/1.1" 200 6831
192.168.10.96 - - [19/Jun/2023:12:52:02 -0300] "GET /cormun/servlet/permisogoce?bcf85010d70bb090c4a76a0fb528221951822a36f9a501efea51be6ffdfde6ff7966b8f43211b823db42cc361f401a1c2b907329ea53246baca2689c37c3b555,gx-no-cache=1687188949196 HTTP/1.1" 200 87
192.168.10.96 - - [19/Jun/2023:12:52:34 -0300] "GET /cormun/servlet/hlogin HTTP/1.1" 200 1747
41.186.73.134 - - [19/Jun/2023:12:55:08 -0300] "GET /manager/html HTTP/1.1" 401 2474
41.186.73.134 - - [19/Jun/2023:12:55:43 -0300] "GET /manager/html HTTP/1.1" 401 2474
192.168.10.17 - - [19/Jun/2023:12:55:46 -0300] "POST /cormun/servlet/trsolicitudgral?04de0810f3dfd293ce915a846066b6ab,,gx-no-cache=1687189173546 HTTP/1.1" 440 972
192.168.10.17 - - [19/Jun/2023:12:55:47 -0300] "GET /cormun/servlet/trsolicitudgral? HTTP/1.1" 500 10
192.168.10.17 - - [19/Jun/2023:12:55:48 -0300] "GET /cormun/servlet/trsolicitudgral? HTTP/1.1" 500 10
192.168.10.17 - - [19/Jun/2023:12:55:50 -0300] "GET /cormun/servlet/hlogin HTTP/1.1" 200 1723
192.168.10.17 - - [19/Jun/2023:12:55:56 -0300] "POST /cormun/servlet/hlogin?23084268e13a97f4a5b74b2606fbfc57,gx-no-cache=1687189183511 HTTP/1.1" 200 90
192.168.10.17 - - [19/Jun/2023:12:55:56 -0300] "GET /cormun/servlet/hpexe_link HTTP/1.1" 200 954
192.168.10.17 - - [19/Jun/2023:12:55:56 -0300] "GET /cormun/servlet/hhome HTTP/1.1" 200 3804
192.168.10.17 - - [19/Jun/2023:12:55:56 -0300] "GET /cormun/servlet/hhome HTTP/1.1" 200 3801
192.168.10.17 - - [19/Jun/2023:12:56:06 -0300] "GET /cormun/servlet/trsolicitudgral? HTTP/1.1" 200 17308
192.168.10.17 - - [19/Jun/2023:12:56:06 -0300] "GET /cormun/servlet/trsolicitudgral? HTTP/1.1" 200 17306
192.168.10.17 - - [19/Jun/2023:12:56:12 -0300] "POST /cormun/servlet/trsolicitudgral?23084268e13a97f4a5b74b2606fbfc57,,gx-no-cache=1687189199051 HTTP/1.1" 200 5255
192.168.10.17 - - [19/Jun/2023:12:56:13 -0300] "POST /cormun/servlet/trsolicitudgral?23084268e13a97f4a5b74b2606fbfc57,,gx-no-cache=1687189200567 HTTP/1.1" 200 5255
192.168.10.17 - - [19/Jun/2023:12:56:14 -0300] "GET /cormun/static/menuarrow.gif HTTP/1.1" 404 1015
192.168.10.17 - - [19/Jun/2023:12:56:16 -0300] "POST /cormun/servlet/trsolicitudgral?23084268e13a97f4a5b74b2606fbfc57,,gx-no-cache=1687189203881 HTTP/1.1" 200 5255
192.168.10.17 - - [19/Jun/2023:12:56:17 -0300] "POST /cormun/servlet/trsolicitudgral?23084268e13a97f4a5b74b2606fbfc57,,gx-no-cache=1687189204495 HTTP/1.1" 200 5256
192.168.10.17 - - [19/Jun/2023:12:56:17 -0300] "POST /cormun/servlet/trsolicitudgral?23084268e13a97f4a5b74b2606fbfc57,,gx-no-cache=1687189204670 HTTP/1.1" 200 5255
192.168.10.17 - - [19/Jun/2023:12:56:20 -0300] "POST /cormun/servlet/trsolicitudgral?23084268e13a97f4a5b74b2606fbfc57,,gx-no-cache=1687189207288 HTTP/1.1" 200 5255
41.186.73.134 - - [19/Jun/2023:12:59:38 -0300] "GET /manager/html HTTP/1.1" 401 2474
41.186.73.134 - - [19/Jun/2023:13:00:14 -0300] "GET /manager/html HTTP/1.1" 401 2474
192.168.10.17 - - [19/Jun/2023:13:00:51 -0300] "POST /cormun/servlet/trsolicitudgral?23084268e13a97f4a5b74b2606fbfc57,,gx-no-cache=1687189478631 HTTP/1.1" 200 7155
192.168.10.17 - - [19/Jun/2023:13:00:52 -0300] "POST /cormun/servlet/trsolicitudgral?23084268e13a97f4a5b74b2606fbfc57,,gx-no-cache=1687189479124 HTTP/1.1" 200 7156
192.168.10.17 - - [19/Jun/2023:13:03:17 -0300] "POST /cormun/servlet/trsolicitudgral?23084268e13a97f4a5b74b2606fbfc57,,gx-no-cache=1687189624981 HTTP/1.1" 200 5258
41.186.73.134 - - [19/Jun/2023:13:04:05 -0300] "GET /manager/html HTTP/1.1" 401 2474
41.186.73.134 - - [19/Jun/2023:13:04:41 -0300] "GET /manager/html HTTP/1.1" 401 2474
41.186.73.134 - - [19/Jun/2023:13:08:28 -0300] "GET /manager/html HTTP/1.1" 401 2474
190.171.142.42 - - [19/Jun/2023:13:09:02 -0300] "GET /cormun/servlet/hlogin HTTP/1.1" 200 1724
190.171.142.42 - - [19/Jun/2023:13:09:02 -0300] "GET /cormun/static/Resources/PXToolsLoginBackground.png HTTP/1.1" 304 -
190.171.142.42 - - [19/Jun/2023:13:09:02 -0300] "GET /cormun/static/Resources/PXToolsLoginTop.png HTTP/1.1" 304 -
190.171.142.42 - - [19/Jun/2023:13:09:02 -0300] "GET /cormun/static/Resources/PXToolsButtonLeft.png HTTP/1.1" 304 -
190.171.142.42 - - [19/Jun/2023:13:09:02 -0300] "GET /cormun/static/Resources/PXToolsButtonBackground.png HTTP/1.1" 304 -
190.171.142.42 - - [19/Jun/2023:13:09:02 -0300] "GET /cormun/static/Resources/PXToolsButtonRight.png HTTP/1.1" 304 -
190.171.142.42 - - [19/Jun/2023:13:09:02 -0300] "GET /cormun/static/Resources/PXToolsLoginBottom.png HTTP/1.1" 304 -
190.171.142.42 - - [19/Jun/2023:13:09:02 -0300] "GET /cormun/static/Resources/indicator.gif HTTP/1.1" 304 -
190.171.142.42 - - [19/Jun/2023:13:09:02 -0300] "GET /cormun/servlet/hlogin HTTP/1.1" 200 1735
190.171.142.42 - - [19/Jun/2023:13:09:02 -0300] "GET /favicon.ico HTTP/1.1" 200 21630
41.186.73.134 - - [19/Jun/2023:13:09:03 -0300] "GET /manager/html HTTP/1.1" 401 2474
190.171.142.42 - - [19/Jun/2023:13:09:10 -0300] "POST /cormun/servlet/hlogin?30fbe36c1c336fc9e55d33d638718b6f,gx-no-cache=1687189996388 HTTP/1.1" 200 90
190.171.142.42 - - [19/Jun/2023:13:09:10 -0300] "GET /cormun/servlet/hpexe_link HTTP/1.1" 200 953
190.171.142.42 - - [19/Jun/2023:13:09:10 -0300] "GET /cormun/servlet/hhome HTTP/1.1" 200 4276
190.171.142.42 - - [19/Jun/2023:13:09:11 -0300] "GET /cormun/static/Resources/ImgHome.png HTTP/1.1" 304 -
190.171.142.42 - - [19/Jun/2023:13:09:11 -0300] "GET /cormun/static/Resources/PXToolsDataTitle.png HTTP/1.1" 304 -
190.171.142.42 - - [19/Jun/2023:13:09:11 -0300] "GET /cormun/static/Resources/Llave.png HTTP/1.1" 304 -
190.171.142.42 - - [19/Jun/2023:13:09:11 -0300] "GET /cormun/static/Resources/ImgLogin.png HTTP/1.1" 304 -
190.171.142.42 - - [19/Jun/2023:13:09:11 -0300] "GET /cormun/servlet/hhome HTTP/1.1" 200 4272
190.171.142.42 - - [19/Jun/2023:13:09:21 -0300] "GET /cormun/servlet/trautorizarsolicitud? HTTP/1.1" 200 9159
190.171.142.42 - - [19/Jun/2023:13:09:21 -0300] "GET /cormun/static/gxcfg.js?202211298474254 HTTP/1.1" 304 -
190.171.142.42 - - [19/Jun/2023:13:09:21 -0300] "GET /cormun/static/Resources/PXTools/calendar.png HTTP/1.1" 304 -
190.171.142.42 - - [19/Jun/2023:13:09:21 -0300] "GET /cormun/static/trautorizarsolicitud.js?202211298474588 HTTP/1.1" 304 -
190.171.142.42 - - [19/Jun/2023:13:09:21 -0300] "GET /cormun/static/Resources/PXToolsGridLastDisabled.gif HTTP/1.1" 304 -
190.171.142.42 - - [19/Jun/2023:13:09:21 -0300] "GET /cormun/static/Resources/PXToolsGridPreviousDisabled.gif HTTP/1.1" 304 -
190.171.142.42 - - [19/Jun/2023:13:09:21 -0300] "GET /cormun/static/Resources/PXToolsGridNextDisabled.gif HTTP/1.1" 304 -
190.171.142.42 - - [19/Jun/2023:13:09:21 -0300] "GET /cormun/static/Resources/PXToolsDataSearch.png HTTP/1.1" 304 -
190.171.142.42 - - [19/Jun/2023:13:09:21 -0300] "GET /cormun/static/Resources/PXToolsGridFirstDisabled.gif HTTP/1.1" 304 -
190.171.142.42 - - [19/Jun/2023:13:09:21 -0300] "GET /cormun/static/Resources/PXToolsGridPage.gif HTTP/1.1" 304 -
190.171.142.42 - - [19/Jun/2023:13:09:21 -0300] "GET /cormun/static/Resources/PXToolsActionExcel.png HTTP/1.1" 304 -
190.171.142.42 - - [19/Jun/2023:13:09:21 -0300] "GET /cormun/static/Resources/desc.gif HTTP/1.1" 304 -
190.171.142.42 - - [19/Jun/2023:13:09:21 -0300] "GET /cormun/static/Resources/asc.gif HTTP/1.1" 304 -
190.171.142.42 - - [19/Jun/2023:13:09:21 -0300] "GET /cormun//static/Resources/PXToolsActionView.png HTTP/1.1" 304 -
190.171.142.42 - - [19/Jun/2023:13:09:21 -0300] "GET /cormun//static/Resources/PXToolsRemoveAllAction.png HTTP/1.1" 304 -
190.171.142.42 - - [19/Jun/2023:13:09:21 -0300] "GET /cormun//static/Resources/PXToolsGridDelete.png HTTP/1.1" 304 -
190.171.142.42 - - [19/Jun/2023:13:09:21 -0300] "GET /cormun//static/Resources/PXTools/ActionInsert.png HTTP/1.1" 304 -
190.171.142.42 - - [19/Jun/2023:13:09:21 -0300] "GET /cormun//static/Resources/PXToolsGridUpdate.png HTTP/1.1" 304 -
190.171.142.42 - - [19/Jun/2023:13:09:21 -0300] "GET /cormun/servlet/trautorizarsolicitud? HTTP/1.1" 200 9158
190.171.142.42 - - [19/Jun/2023:13:09:29 -0300] "POST /cormun/servlet/trautorizarsolicitud?30fbe36c1c336fc9e55d33d638718b6f,,gx-no-cache=1687190014762 HTTP/1.1" 200 6354
190.171.142.42 - - [19/Jun/2023:13:09:29 -0300] "GET /cormun/static/Shared/jqueryui/images/ui-icons_82798d_256x240.png HTTP/1.1" 404 1089
190.171.142.42 - - [19/Jun/2023:13:09:29 -0300] "GET /cormun/static/Shared/jqueryui/images/ui-bg_highlight-soft_100_c6c2c8_1x100.png HTTP/1.1" 404 1117
190.171.142.42 - - [19/Jun/2023:13:09:29 -0300] "GET /cormun/static/Shared/jqueryui/images/ui-icons_8d78a5_256x240.png HTTP/1.1" 404 1089
190.171.142.42 - - [19/Jun/2023:13:09:29 -0300] "GET /cormun/static/Shared/jqueryui/images/ui-bg_flat_55_fafafa_40x100.png HTTP/1.1" 404 1097
190.171.142.42 - - [19/Jun/2023:13:09:34 -0300] "POST /cormun/servlet/trautorizarsolicitud?30fbe36c1c336fc9e55d33d638718b6f,,gx-no-cache=1687190020285 HTTP/1.1" 200 6353
191.125.162.140 - - [19/Jun/2023:13:10:20 -0300] "GET /cormun/servlet/hlogin HTTP/1.1" 200 1721
191.125.162.140 - - [19/Jun/2023:13:10:26 -0300] "GET /cormun/servlet/hlogin HTTP/1.1" 200 1721
191.125.162.140 - - [19/Jun/2023:13:10:29 -0300] "POST /cormun/servlet/hlogin?a5ea106626a34bbc7dabb5ce87642a2f,gx-no-cache=1687190073825 HTTP/1.1" 200 90
191.125.162.140 - - [19/Jun/2023:13:10:29 -0300] "GET /cormun/servlet/hpexe_link HTTP/1.1" 200 950
191.125.162.140 - - [19/Jun/2023:13:10:29 -0300] "GET /cormun/servlet/hhome HTTP/1.1" 200 4258
191.125.162.140 - - [19/Jun/2023:13:10:30 -0300] "GET /cormun/static/SmoothNavMenu/resources/images/right.gif HTTP/1.1" 200 860
191.125.162.140 - - [19/Jun/2023:13:10:30 -0300] "GET /cormun/servlet/hhome HTTP/1.1" 200 4254
191.125.162.140 - - [19/Jun/2023:13:10:37 -0300] "GET /cormun/servlet/trsolicitudot? HTTP/1.1" 200 7482
191.125.162.140 - - [19/Jun/2023:13:10:37 -0300] "GET /cormun/static/gxcfg.js?20221129846531 HTTP/1.1" 200 953
191.125.162.140 - - [19/Jun/2023:13:10:38 -0300] "GET /cormun/static/trsolicitudot.js?202211298465651 HTTP/1.1" 200 54040
191.125.162.140 - - [19/Jun/2023:13:10:38 -0300] "GET /cormun/servlet/trsolicitudot? HTTP/1.1" 200 7480
191.125.162.140 - - [19/Jun/2023:13:10:42 -0300] "GET /cormun/servlet/trautorizarsolicitud? HTTP/1.1" 200 9242
191.125.162.140 - - [19/Jun/2023:13:10:42 -0300] "GET /cormun/static/gxcfg.js?202211298474254 HTTP/1.1" 200 953
191.125.162.140 - - [19/Jun/2023:13:10:43 -0300] "GET /cormun/static/trautorizarsolicitud.js?202211298474588 HTTP/1.1" 200 53909
191.125.162.140 - - [19/Jun/2023:13:10:43 -0300] "GET /cormun//static/Resources/PXToolsActionView.png HTTP/1.1" 200 398
191.125.162.140 - - [19/Jun/2023:13:10:43 -0300] "GET /cormun//static/Resources/PXToolsRemoveAllAction.png HTTP/1.1" 200 487
191.125.162.140 - - [19/Jun/2023:13:10:43 -0300] "GET /cormun/servlet/trautorizarsolicitud? HTTP/1.1" 200 9242
191.125.162.140 - - [19/Jun/2023:13:10:52 -0300] "POST /cormun/servlet/trautorizarsolicitud?a5ea106626a34bbc7dabb5ce87642a2f,,gx-no-cache=1687190096076 HTTP/1.1" 200 6004
191.125.162.140 - - [19/Jun/2023:13:10:52 -0300] "GET /cormun/static/Shared/jqueryui/images/ui-bg_highlight-soft_100_c6c2c8_1x100.png HTTP/1.1" 404 1117
191.125.162.140 - - [19/Jun/2023:13:10:52 -0300] "GET /cormun/static/Shared/jqueryui/images/ui-icons_82798d_256x240.png HTTP/1.1" 404 1089
191.125.162.140 - - [19/Jun/2023:13:10:52 -0300] "GET /cormun/static/Shared/jqueryui/images/ui-icons_8d78a5_256x240.png HTTP/1.1" 404 1089
191.125.162.140 - - [19/Jun/2023:13:10:52 -0300] "GET /cormun/static/Shared/jqueryui/images/ui-bg_flat_55_fafafa_40x100.png HTTP/1.1" 404 1097
191.125.162.140 - - [19/Jun/2023:13:10:52 -0300] "POST /cormun/servlet/trautorizarsolicitud?a5ea106626a34bbc7dabb5ce87642a2f,,gx-no-cache=1687190096479 HTTP/1.1" 200 5949
190.171.142.42 - - [19/Jun/2023:13:10:53 -0300] "POST /cormun/servlet/trautorizarsolicitud?30fbe36c1c336fc9e55d33d638718b6f,,gx-no-cache=1687190098558 HTTP/1.1" 200 6354
190.171.142.42 - - [19/Jun/2023:13:10:54 -0300] "POST /cormun/servlet/trautorizarsolicitud?30fbe36c1c336fc9e55d33d638718b6f,,gx-no-cache=1687190099681 HTTP/1.1" 200 6355
191.125.162.140 - - [19/Jun/2023:13:10:54 -0300] "POST /cormun/servlet/trautorizarsolicitud?a5ea106626a34bbc7dabb5ce87642a2f,,gx-no-cache=1687190098576 HTTP/1.1" 200 4775
191.125.162.140 - - [19/Jun/2023:13:10:54 -0300] "POST /cormun/servlet/trautorizarsolicitud?a5ea106626a34bbc7dabb5ce87642a2f,,gx-no-cache=1687190098840 HTTP/1.1" 200 4539
190.171.142.42 - - [19/Jun/2023:13:10:55 -0300] "POST /cormun/servlet/trautorizarsolicitud?30fbe36c1c336fc9e55d33d638718b6f,,gx-no-cache=1687190100889 HTTP/1.1" 200 6354
191.125.162.140 - - [19/Jun/2023:13:10:56 -0300] "GET /cormun/servlet/trsolicitudot? HTTP/1.1" 200 7482
191.125.162.140 - - [19/Jun/2023:13:10:57 -0300] "GET /cormun/servlet/trsolicitudot? HTTP/1.1" 200 7480
190.171.142.42 - - [19/Jun/2023:13:11:00 -0300] "POST /cormun/servlet/trautorizarsolicitud?30fbe36c1c336fc9e55d33d638718b6f,,gx-no-cache=1687190105828 HTTP/1.1" 200 6010
190.171.142.42 - - [19/Jun/2023:13:11:00 -0300] "POST /cormun/servlet/trautorizarsolicitud?30fbe36c1c336fc9e55d33d638718b6f,,gx-no-cache=1687190105993 HTTP/1.1" 200 5953
190.171.142.42 - - [19/Jun/2023:13:11:04 -0300] "POST /cormun/servlet/trautorizarsolicitud?30fbe36c1c336fc9e55d33d638718b6f,,gx-no-cache=1687190110175 HTTP/1.1" 200 4782
190.171.142.42 - - [19/Jun/2023:13:11:04 -0300] "POST /cormun/servlet/trautorizarsolicitud?30fbe36c1c336fc9e55d33d638718b6f,,gx-no-cache=1687190110308 HTTP/1.1" 200 4535
192.168.10.96 - - [19/Jun/2023:13:12:12 -0300] "POST /cormun/servlet/hlogin?9b0b1fe4a1f6b5366c7369aad82c63ee,gx-no-cache=1687190159902 HTTP/1.1" 200 90
192.168.10.96 - - [19/Jun/2023:13:12:12 -0300] "GET /cormun/servlet/hpexe_link HTTP/1.1" 200 952
192.168.10.96 - - [19/Jun/2023:13:12:12 -0300] "GET /cormun/servlet/hhome HTTP/1.1" 200 3802
192.168.10.96 - - [19/Jun/2023:13:12:13 -0300] "GET /cormun/servlet/hhome HTTP/1.1" 200 3800
192.168.10.96 - - [19/Jun/2023:13:12:15 -0300] "GET /cormun/servlet/trsolicitudgral? HTTP/1.1" 200 18795
192.168.10.96 - - [19/Jun/2023:13:12:15 -0300] "GET /cormun/servlet/trsolicitudgral? HTTP/1.1" 200 18794
192.168.10.96 - - [19/Jun/2023:13:12:55 -0300] "POST /cormun/servlet/trsolicitudgral?9b0b1fe4a1f6b5366c7369aad82c63ee,,gx-no-cache=1687190202402 HTTP/1.1" 200 5250
192.168.10.96 - - [19/Jun/2023:13:12:59 -0300] "POST /cormun/servlet/trsolicitudgral?9b0b1fe4a1f6b5366c7369aad82c63ee,,gx-no-cache=1687190206983 HTTP/1.1" 200 6651
41.186.73.134 - - [19/Jun/2023:13:13:00 -0300] "GET /manager/html HTTP/1.1" 401 2474
192.168.10.96 - - [19/Jun/2023:13:13:01 -0300] "GET /cormun/servlet/vesolicitudgral?2023,20285,, HTTP/1.1" 200 8388
192.168.10.96 - - [19/Jun/2023:13:13:01 -0300] "GET /cormun/pexe_scrolldiv.js HTTP/1.1" 404 1009
192.168.10.96 - - [19/Jun/2023:13:13:01 -0300] "GET /cormun/servlet/vesolicitudgral?2023,20285,, HTTP/1.1" 200 8388
192.168.10.96 - - [19/Jun/2023:13:13:03 -0300] "GET /cormun/servlet/vesolicitudgral?2023,20285,,SolicitudOTLog HTTP/1.1" 200 10097
192.168.10.96 - - [19/Jun/2023:13:13:03 -0300] "GET /cormun/pexe_scrolldiv.js HTTP/1.1" 404 1009
192.168.10.96 - - [19/Jun/2023:13:13:03 -0300] "GET /cormun/static/tbsolicitudgral03.js?202211298372893 HTTP/1.1" 200 13342
192.168.10.96 - - [19/Jun/2023:13:13:03 -0300] "GET /cormun/static/Resources/PXToolsTabLastSelected.png HTTP/1.1" 200 1274
192.168.10.96 - - [19/Jun/2023:13:13:03 -0300] "GET /cormun/servlet/vesolicitudgral?2023,20285,,SolicitudOTLog HTTP/1.1" 200 10099
192.168.10.96 - - [19/Jun/2023:13:13:04 -0300] "POST /cormun/servlet/acontrolpreferencessavestate?None,RRHH+DANIELA,true HTTP/1.1" 200 35
192.168.10.17 - - [19/Jun/2023:13:13:27 -0300] "POST /cormun/servlet/trsolicitudgral?23084268e13a97f4a5b74b2606fbfc57,,gx-no-cache=1687190234376 HTTP/1.1" 200 8223
192.168.10.17 - - [19/Jun/2023:13:13:29 -0300] "GET /cormun/servlet/vesolicitudgral?2023,20341,, HTTP/1.1" 200 8426
192.168.10.17 - - [19/Jun/2023:13:13:29 -0300] "GET /cormun/pexe_scrolldiv.js HTTP/1.1" 404 1009
192.168.10.17 - - [19/Jun/2023:13:13:29 -0300] "GET /cormun/servlet/vesolicitudgral?2023,20341,, HTTP/1.1" 200 8425
192.168.10.17 - - [19/Jun/2023:13:13:31 -0300] "POST /cormun/servlet/vesolicitudgral?23084268e13a97f4a5b74b2606fbfc57,2023,20341,,,gx-no-cache=1687190238102 HTTP/1.1" 200 12241
192.168.10.17 - - [19/Jun/2023:13:13:31 -0300] "GET /cormun/static/Shared/jqueryui/images/ui-icons_82798d_256x240.png HTTP/1.1" 404 1089
192.168.10.17 - - [19/Jun/2023:13:13:31 -0300] "GET /cormun/static/Shared/jqueryui/images/ui-bg_highlight-soft_100_c6c2c8_1x100.png HTTP/1.1" 404 1117
192.168.10.17 - - [19/Jun/2023:13:13:31 -0300] "GET /cormun/static/Shared/jqueryui/images/ui-icons_8d78a5_256x240.png HTTP/1.1" 404 1089
192.168.10.17 - - [19/Jun/2023:13:13:31 -0300] "GET /cormun/static/Shared/jqueryui/images/ui-bg_flat_55_fafafa_40x100.png HTTP/1.1" 404 1097
192.168.10.17 - - [19/Jun/2023:13:13:31 -0300] "POST /cormun/servlet/vesolicitudgral?23084268e13a97f4a5b74b2606fbfc57,2023,20341,,,gx-no-cache=1687190238310 HTTP/1.1" 200 12173
41.186.73.134 - - [19/Jun/2023:13:13:34 -0300] "GET /manager/html HTTP/1.1" 401 2474
192.168.10.17 - - [19/Jun/2023:13:14:05 -0300] "POST /cormun/servlet/vesolicitudgral?23084268e13a97f4a5b74b2606fbfc57,2023,20341,,,gx-no-cache=1687190272857 HTTP/1.1" 200 12222
190.171.142.42 - - [19/Jun/2023:13:14:14 -0300] "GET /cormun/servlet/trautorizarsolicitud? HTTP/1.1" 200 7390
190.171.142.42 - - [19/Jun/2023:13:14:14 -0300] "GET /cormun/servlet/trautorizarsolicitud? HTTP/1.1" 200 7390
192.168.10.17 - - [19/Jun/2023:13:14:16 -0300] "GET /cormun/servlet/vesolicitudgral?2023,20341,,SolicitudOTLog HTTP/1.1" 200 9603
192.168.10.17 - - [19/Jun/2023:13:14:16 -0300] "GET /cormun/pexe_scrolldiv.js HTTP/1.1" 404 1009
192.168.10.17 - - [19/Jun/2023:13:14:17 -0300] "GET /cormun/servlet/vesolicitudgral?2023,20341,,SolicitudOTLog HTTP/1.1" 200 9603
192.168.10.17 - - [19/Jun/2023:13:14:17 -0300] "POST /cormun/servlet/acontrolpreferencessavestate?None,RRHH+DANIELA,true HTTP/1.1" 200 35
192.168.10.96 - - [19/Jun/2023:13:14:32 -0300] "GET /cormun/servlet/trsolicitudgral? HTTP/1.1" 200 9712
190.171.142.42 - - [19/Jun/2023:13:14:32 -0300] "GET /cormun/servlet/trautorizarsolicitud? HTTP/1.1" 200 7390
192.168.10.96 - - [19/Jun/2023:13:14:32 -0300] "GET /cormun/servlet/trsolicitudgral? HTTP/1.1" 200 9705
190.171.142.42 - - [19/Jun/2023:13:14:32 -0300] "GET /cormun/servlet/trautorizarsolicitud? HTTP/1.1" 200 7390
192.168.10.96 - - [19/Jun/2023:13:14:36 -0300] "POST /cormun/servlet/trsolicitudgral?9b0b1fe4a1f6b5366c7369aad82c63ee,,gx-no-cache=1687190303288 HTTP/1.1" 200 5276
192.168.10.17 - - [19/Jun/2023:13:14:37 -0300] "GET /cormun/servlet/trsolicitudgral? HTTP/1.1" 200 11245
192.168.10.17 - - [19/Jun/2023:13:14:37 -0300] "GET /cormun/servlet/trsolicitudgral? HTTP/1.1" 200 11238
192.168.10.96 - - [19/Jun/2023:13:14:40 -0300] "POST /cormun/servlet/trsolicitudgral?9b0b1fe4a1f6b5366c7369aad82c63ee,,gx-no-cache=1687190307215 HTTP/1.1" 200 8821
192.168.10.17 - - [19/Jun/2023:13:14:40 -0300] "GET /cormun/servlet/vesolicitudgral?2023,20341,, HTTP/1.1" 200 8434
192.168.10.17 - - [19/Jun/2023:13:14:40 -0300] "GET /cormun/pexe_scrolldiv.js HTTP/1.1" 404 1009
192.168.10.17 - - [19/Jun/2023:13:14:40 -0300] "GET /cormun/servlet/vesolicitudgral?2023,20341,, HTTP/1.1" 200 8433
192.168.10.17 - - [19/Jun/2023:13:14:42 -0300] "POST /cormun/servlet/vesolicitudgral?23084268e13a97f4a5b74b2606fbfc57,2023,20341,,,gx-no-cache=1687190309402 HTTP/1.1" 200 12222
192.168.10.17 - - [19/Jun/2023:13:14:42 -0300] "GET /cormun/static/Shared/jqueryui/images/ui-bg_highlight-soft_100_c6c2c8_1x100.png HTTP/1.1" 404 1117
192.168.10.17 - - [19/Jun/2023:13:14:42 -0300] "GET /cormun/static/Shared/jqueryui/images/ui-icons_82798d_256x240.png HTTP/1.1" 404 1089
192.168.10.17 - - [19/Jun/2023:13:14:42 -0300] "GET /cormun/static/Shared/jqueryui/images/ui-icons_8d78a5_256x240.png HTTP/1.1" 404 1089
192.168.10.17 - - [19/Jun/2023:13:14:42 -0300] "GET /cormun/static/Shared/jqueryui/images/ui-bg_flat_55_fafafa_40x100.png HTTP/1.1" 404 1097
192.168.10.96 - - [19/Jun/2023:13:14:50 -0300] "GET /cormun/servlet/vesolicitudgral?2023,20322,, HTTP/1.1" 200 8410
192.168.10.96 - - [19/Jun/2023:13:14:50 -0300] "GET /cormun/pexe_scrolldiv.js HTTP/1.1" 404 1009
192.168.10.96 - - [19/Jun/2023:13:14:50 -0300] "GET /cormun/servlet/vesolicitudgral?2023,20322,, HTTP/1.1" 200 8409
192.168.10.96 - - [19/Jun/2023:13:14:51 -0300] "GET /cormun/servlet/vesolicitudgral?2023,20322,,SolicitudOTAdjuntos HTTP/1.1" 200 7070
192.168.10.96 - - [19/Jun/2023:13:14:51 -0300] "GET /cormun/pexe_scrolldiv.js HTTP/1.1" 404 1009
192.168.10.96 - - [19/Jun/2023:13:14:51 -0300] "GET /cormun/static/tbsolicitudgral02.js?202211298373061 HTTP/1.1" 304 -
192.168.10.96 - - [19/Jun/2023:13:14:51 -0300] "GET /cormun/servlet/vesolicitudgral?2023,20322,,SolicitudOTAdjuntos HTTP/1.1" 200 7070
192.168.10.96 - - [19/Jun/2023:13:14:52 -0300] "POST /cormun/servlet/acontrolpreferencessavestate?None,RRHH+DANIELA,true HTTP/1.1" 200 35
192.168.10.96 - - [19/Jun/2023:13:14:54 -0300] "GET /cormun/servlet/vesolicitudgral?2023,20322,, HTTP/1.1" 200 8410
192.168.10.96 - - [19/Jun/2023:13:14:54 -0300] "GET /cormun/servlet/vesolicitudgral?2023,20322,, HTTP/1.1" 200 8409
192.168.10.96 - - [19/Jun/2023:13:14:56 -0300] "GET /cormun/servlet/trsolicitudgral? HTTP/1.1" 200 11796
192.168.10.96 - - [19/Jun/2023:13:14:56 -0300] "GET /cormun/servlet/trsolicitudgral? HTTP/1.1" 200 11787
192.168.10.96 - - [19/Jun/2023:13:15:00 -0300] "GET /cormun/servlet/vesolicitudgral?2023,20341,, HTTP/1.1" 200 8432
192.168.10.96 - - [19/Jun/2023:13:15:00 -0300] "GET /cormun/pexe_scrolldiv.js HTTP/1.1" 404 1009
192.168.10.96 - - [19/Jun/2023:13:15:00 -0300] "GET /cormun/servlet/vesolicitudgral?2023,20341,, HTTP/1.1" 200 8431
192.168.10.96 - - [19/Jun/2023:13:15:02 -0300] "GET /cormun/servlet/vesolicitudgral?2023,20341,,SolicitudOTLog HTTP/1.1" 200 9601
192.168.10.96 - - [19/Jun/2023:13:15:02 -0300] "GET /cormun/pexe_scrolldiv.js HTTP/1.1" 404 1009
192.168.10.96 - - [19/Jun/2023:13:15:02 -0300] "GET /cormun/servlet/vesolicitudgral?2023,20341,,SolicitudOTLog HTTP/1.1" 200 9601
192.168.10.96 - - [19/Jun/2023:13:15:03 -0300] "POST /cormun/servlet/acontrolpreferencessavestate?None,RRHH+DANIELA,true HTTP/1.1" 200 35
192.168.10.96 - - [19/Jun/2023:13:15:06 -0300] "GET /cormun/servlet/vesolicitudgral?2023,20341,,SolicitudOTAdjuntos HTTP/1.1" 200 7071
192.168.10.96 - - [19/Jun/2023:13:15:06 -0300] "GET /cormun/pexe_scrolldiv.js HTTP/1.1" 404 1009
192.168.10.96 - - [19/Jun/2023:13:15:07 -0300] "GET /cormun/servlet/vesolicitudgral?2023,20341,,SolicitudOTAdjuntos HTTP/1.1" 200 7071
192.168.10.96 - - [19/Jun/2023:13:15:08 -0300] "POST /cormun/servlet/acontrolpreferencessavestate?None,RRHH+DANIELA,true HTTP/1.1" 200 35
192.168.10.96 - - [19/Jun/2023:13:15:08 -0300] "GET /cormun/servlet/vesolicitudgral?2023,20341,,General HTTP/1.1" 200 8435
192.168.10.96 - - [19/Jun/2023:13:15:08 -0300] "GET /cormun/pexe_scrolldiv.js HTTP/1.1" 404 1009
192.168.10.96 - - [19/Jun/2023:13:15:09 -0300] "GET /cormun/servlet/vesolicitudgral?2023,20341,,General HTTP/1.1" 200 8435
192.168.10.96 - - [19/Jun/2023:13:15:14 -0300] "GET /cormun/servlet/trsolicitudgral? HTTP/1.1" 200 11791
192.168.10.96 - - [19/Jun/2023:13:15:14 -0300] "GET /cormun/servlet/trsolicitudgral? HTTP/1.1" 200 11787
192.168.10.17 - - [19/Jun/2023:13:17:12 -0300] "GET /cormun/servlet/trsolicitudgral? HTTP/1.1" 200 11239
192.168.10.17 - - [19/Jun/2023:13:17:12 -0300] "GET /cormun/servlet/trsolicitudgral? HTTP/1.1" 200 11238
192.168.10.17 - - [19/Jun/2023:13:17:17 -0300] "POST /cormun/servlet/trsolicitudgral?23084268e13a97f4a5b74b2606fbfc57,,gx-no-cache=1687190464485 HTTP/1.1" 200 6689
41.186.73.134 - - [19/Jun/2023:13:17:20 -0300] "GET /manager/html HTTP/1.1" 401 2474
192.168.10.17 - - [19/Jun/2023:13:17:22 -0300] "GET /cormun/servlet/trsolicitudgral? HTTP/1.1" 200 9737
192.168.10.17 - - [19/Jun/2023:13:17:22 -0300] "GET /cormun/servlet/trsolicitudgral? HTTP/1.1" 200 9737
41.186.73.134 - - [19/Jun/2023:13:17:55 -0300] "GET /manager/html HTTP/1.1" 401 2474
192.168.10.96 - - [19/Jun/2023:13:18:13 -0300] "POST /cormun/servlet/trsolicitudgral?9b0b1fe4a1f6b5366c7369aad82c63ee,,gx-no-cache=1687190520505 HTTP/1.1" 200 6670
192.168.10.96 - - [19/Jun/2023:13:18:15 -0300] "GET /cormun/servlet/vesolicitudgral?2023,20278,, HTTP/1.1" 200 8398
192.168.10.96 - - [19/Jun/2023:13:18:15 -0300] "GET /cormun/pexe_scrolldiv.js HTTP/1.1" 404 1009
192.168.10.96 - - [19/Jun/2023:13:18:15 -0300] "GET /cormun/servlet/vesolicitudgral?2023,20278,, HTTP/1.1" 200 8397
190.171.142.42 - - [19/Jun/2023:13:18:26 -0300] "GET /cormun/servlet/trsolicitudot? HTTP/1.1" 200 8924
190.171.142.42 - - [19/Jun/2023:13:18:26 -0300] "GET /cormun/static/Resources/PXToolsAddAllAction.png HTTP/1.1" 304 -
190.171.142.42 - - [19/Jun/2023:13:18:26 -0300] "GET /cormun/servlet/trsolicitudot? HTTP/1.1" 200 8924
192.168.10.96 - - [19/Jun/2023:13:18:29 -0300] "POST /cormun/servlet/vesolicitudgral?9b0b1fe4a1f6b5366c7369aad82c63ee,2023,20278,,,gx-no-cache=1687190536465 HTTP/1.1" 200 12227
192.168.10.96 - - [19/Jun/2023:13:18:29 -0300] "GET /cormun/static/Shared/jqueryui/images/ui-bg_highlight-soft_100_c6c2c8_1x100.png HTTP/1.1" 404 1117
192.168.10.96 - - [19/Jun/2023:13:18:29 -0300] "GET /cormun/static/Shared/jqueryui/images/ui-icons_82798d_256x240.png HTTP/1.1" 404 1089
192.168.10.96 - - [19/Jun/2023:13:18:29 -0300] "GET /cormun/static/Shared/jqueryui/images/ui-bg_flat_55_fafafa_40x100.png HTTP/1.1" 404 1097
192.168.10.96 - - [19/Jun/2023:13:18:29 -0300] "GET /cormun/static/Shared/jqueryui/images/ui-icons_8d78a5_256x240.png HTTP/1.1" 404 1089
192.168.10.96 - - [19/Jun/2023:13:18:29 -0300] "POST /cormun/servlet/vesolicitudgral?9b0b1fe4a1f6b5366c7369aad82c63ee,2023,20278,,,gx-no-cache=1687190536682 HTTP/1.1" 200 12159
192.168.10.96 - - [19/Jun/2023:13:18:29 -0300] "GET /cormun//static/Resources/PXToolsTabLastUnselected.png HTTP/1.1" 200 1297
192.168.10.96 - - [19/Jun/2023:13:18:33 -0300] "GET /cormun/servlet/trautorizarot? HTTP/1.1" 200 10900
190.171.142.42 - - [19/Jun/2023:13:18:34 -0300] "POST /cormun/servlet/trsolicitudot?30fbe36c1c336fc9e55d33d638718b6f,,gx-no-cache=1687190559613 HTTP/1.1" 200 107
190.171.142.42 - - [19/Jun/2023:13:18:34 -0300] "GET /cormun/servlet/trsolicitudadjuntos?2023,20370, HTTP/1.1" 200 6386
190.171.142.42 - - [19/Jun/2023:13:18:34 -0300] "GET /cormun/static/gxcfg.js?20201215574222 HTTP/1.1" 200 953
190.171.142.42 - - [19/Jun/2023:13:18:34 -0300] "GET /cormun/static/Resources/PXToolsGridNew.png HTTP/1.1" 200 427
190.171.142.42 - - [19/Jun/2023:13:18:34 -0300] "GET /cormun/static/trsolicitudadjuntos.js?20201215574932 HTTP/1.1" 200 17921
192.168.10.96 - - [19/Jun/2023:13:18:34 -0300] "GET /cormun/servlet/trautorizarot? HTTP/1.1" 200 10895
190.171.142.42 - - [19/Jun/2023:13:18:34 -0300] "GET /cormun/servlet/trsolicitudadjuntos?2023,20370, HTTP/1.1" 200 6386
190.171.149.74 - - [19/Jun/2023:13:18:38 -0300] "POST /cormun/servlet/trlicencias?31d3b1c15aa5e0ffcefe9311d370ddf9,gx-no-cache=1687190562179 HTTP/1.1" 440 972
190.171.149.74 - - [19/Jun/2023:13:18:39 -0300] "GET /cormun/servlet/trlicencias HTTP/1.1" 200 7858
190.171.149.74 - - [19/Jun/2023:13:18:39 -0300] "GET /cormun/servlet/hlogin HTTP/1.1" 200 1731
190.171.149.74 - - [19/Jun/2023:13:18:39 -0300] "GET /cormun/servlet/trlicencias HTTP/1.1" 200 7858
192.168.10.96 - - [19/Jun/2023:13:18:43 -0300] "POST /cormun/servlet/trautorizarot?9b0b1fe4a1f6b5366c7369aad82c63ee,,gx-no-cache=1687190550448 HTTP/1.1" 200 7477
190.171.142.10 - - [19/Jun/2023:13:18:43 -0300] "GET /cormun/servlet/solicitudot?b582ea689eacce15217b1220f642970489cc2731924c9502946a42bc1e7ab5fdd8ec6a4ad45b9a196454afcb6927d2ea,gx-no-cache=1687190568466 HTTP/1.1" 440 972
190.171.149.74 - - [19/Jun/2023:13:18:45 -0300] "POST /cormun/servlet/hlogin?8984d902fd9ccd0368e981fb090a3546,gx-no-cache=1687190569412 HTTP/1.1" 200 90
190.171.149.74 - - [19/Jun/2023:13:18:45 -0300] "GET /cormun/servlet/hpexe_link HTTP/1.1" 200 951
190.171.149.74 - - [19/Jun/2023:13:18:45 -0300] "GET /cormun/servlet/trlicencias HTTP/1.1" 200 12449
190.171.149.74 - - [19/Jun/2023:13:18:46 -0300] "GET /cormun/servlet/trlicencias HTTP/1.1" 200 12456
190.171.142.10 - - [19/Jun/2023:13:18:46 -0300] "GET /cormun/servlet/solicitudot?INS,0,0,false, HTTP/1.1" 200 15010
190.171.142.10 - - [19/Jun/2023:13:18:46 -0300] "GET /cormun/servlet/solicitudot?INS,0,0,false, HTTP/1.1" 200 15010
190.171.142.10 - - [19/Jun/2023:13:18:47 -0300] "GET /cormun/servlet/hlogin HTTP/1.1" 200 1746
190.171.142.10 - - [19/Jun/2023:13:18:56 -0300] "POST /cormun/servlet/hlogin?48a2bb0ad7b7970d0c4f4658bea06472,gx-no-cache=1687190581361 HTTP/1.1" 200 458
190.171.142.10 - - [19/Jun/2023:13:19:03 -0300] "POST /cormun/servlet/hlogin?48a2bb0ad7b7970d0c4f4658bea06472,gx-no-cache=1687190588106 HTTP/1.1" 200 458
190.171.142.10 - - [19/Jun/2023:13:19:04 -0300] "POST /cormun/servlet/hlogin?48a2bb0ad7b7970d0c4f4658bea06472,gx-no-cache=1687190589874 HTTP/1.1" 200 457
190.171.142.10 - - [19/Jun/2023:13:19:05 -0300] "POST /cormun/servlet/hlogin?48a2bb0ad7b7970d0c4f4658bea06472,gx-no-cache=1687190590818 HTTP/1.1" 200 457
190.171.142.10 - - [19/Jun/2023:13:19:06 -0300] "POST /cormun/servlet/hlogin?48a2bb0ad7b7970d0c4f4658bea06472,gx-no-cache=1687190591006 HTTP/1.1" 200 457
190.171.142.10 - - [19/Jun/2023:13:19:06 -0300] "POST /cormun/servlet/hlogin?48a2bb0ad7b7970d0c4f4658bea06472,gx-no-cache=1687190591402 HTTP/1.1" 200 457
190.171.142.42 - - [19/Jun/2023:13:19:07 -0300] "GET /cormun/servlet/solicitudotadjuntos?INS,2023,20370,,1, HTTP/1.1" 200 6326
190.171.142.42 - - [19/Jun/2023:13:19:07 -0300] "GET /cormun/static/gxcfg.js?202211298385187 HTTP/1.1" 200 953
190.171.142.42 - - [19/Jun/2023:13:19:07 -0300] "GET /cormun/static/solicitudotadjuntos.js?202211298385196 HTTP/1.1" 200 11771
190.171.142.42 - - [19/Jun/2023:13:19:07 -0300] "GET /cormun/static/about:blank HTTP/1.1" 404 1011
190.171.142.42 - - [19/Jun/2023:13:19:07 -0300] "GET /cormun/servlet/solicitudotadjuntos?INS,2023,20370,,1, HTTP/1.1" 200 6319
190.171.142.42 - - [19/Jun/2023:13:19:08 -0300] "GET /cormun/servlet/solicitudotadjuntos?437e69b58e3f05c9bc3315713ecf3c4c8edeba42a8b2ee29727cefce5ec72dd7823ffe7cc4b9b556136d07f9967394d7,gx-no-cache=1687190593846 HTTP/1.1" 200 30
190.171.142.42 - - [19/Jun/2023:13:19:08 -0300] "POST /cormun/servlet/solicitudotadjuntos?30fbe36c1c336fc9e55d33d638718b6f,INS,2023,20370,,1,,gx-no-cache=1687190593868 HTTP/1.1" 200 4149
190.171.142.10 - - [19/Jun/2023:13:19:20 -0300] "POST /cormun/servlet/hlogin?48a2bb0ad7b7970d0c4f4658bea06472,gx-no-cache=1687190605094 HTTP/1.1" 200 458
190.171.142.10 - - [19/Jun/2023:13:19:21 -0300] "POST /cormun/servlet/hlogin?48a2bb0ad7b7970d0c4f4658bea06472,gx-no-cache=1687190606755 HTTP/1.1" 200 457
190.171.142.10 - - [19/Jun/2023:13:19:22 -0300] "POST /cormun/servlet/hlogin?48a2bb0ad7b7970d0c4f4658bea06472,gx-no-cache=1687190607355 HTTP/1.1" 200 457
190.171.142.10 - - [19/Jun/2023:13:19:22 -0300] "POST /cormun/servlet/hlogin?48a2bb0ad7b7970d0c4f4658bea06472,gx-no-cache=1687190607670 HTTP/1.1" 200 457
190.171.142.10 - - [19/Jun/2023:13:19:22 -0300] "POST /cormun/servlet/hlogin?48a2bb0ad7b7970d0c4f4658bea06472,gx-no-cache=1687190607876 HTTP/1.1" 200 457
190.171.142.10 - - [19/Jun/2023:13:19:32 -0300] "POST /cormun/servlet/hlogin?48a2bb0ad7b7970d0c4f4658bea06472,gx-no-cache=1687190617824 HTTP/1.1" 200 90
190.171.142.10 - - [19/Jun/2023:13:19:33 -0300] "GET /cormun/servlet/hpexe_link HTTP/1.1" 200 966
190.171.142.10 - - [19/Jun/2023:13:19:33 -0300] "GET /cormun/servlet/solicitudot?INS,0,0,false, HTTP/1.1" 200 15916
