190.171.149.90 - - [19/Jun/2023:17:10:49 -0300] "POST /cormun/servlet/solicitudotadjuntos?cc500c2f284e000a2fa55430afc4d818,INS,2023,20380,,1, HTTP/1.1" 200 6186
190.171.149.90 - - [19/Jun/2023:17:10:49 -0300] "GET /cormun/PrivateTempStorage/upload_00003851.pdf HTTP/1.1" 200 156457
190.171.149.90 - - [19/Jun/2023:17:11:00 -0300] "GET /cormun/servlet/solicitudotadjuntos?792da3c2f75f4853211b4e3f413e0cf4d781aea6d34a6111de93188aeed558e002cf3087d7162173bbeebe9e09da29be,gx-no-cache=1687204512804 HTTP/1.1" 200 30
190.171.149.90 - - [19/Jun/2023:17:11:02 -0300] "POST /cormun/servlet/solicitudotadjuntos?cc500c2f284e000a2fa55430afc4d818,INS,2023,20380,,1, HTTP/1.1" 200 116
190.171.149.90 - - [19/Jun/2023:17:11:03 -0300] "GET /cormun/servlet/hpexe_return? HTTP/1.1" 200 1018
190.171.149.90 - - [19/Jun/2023:17:11:03 -0300] "GET /cormun/servlet/trsolicitudadjuntos?2023,20380, HTTP/1.1" 200 9246
190.171.149.90 - - [19/Jun/2023:17:11:03 -0300] "GET /cormun/servlet/trsolicitudadjuntos?2023,20380, HTTP/1.1" 200 9244
190.171.149.90 - - [19/Jun/2023:17:11:05 -0300] "GET /cormun/servlet/solicitudotadjuntos?INS,2023,20380,,1, HTTP/1.1" 200 5991
190.171.149.90 - - [19/Jun/2023:17:11:06 -0300] "GET /cormun/static/about:blank HTTP/1.1" 404 1011
190.171.149.90 - - [19/Jun/2023:17:11:06 -0300] "GET /cormun/servlet/solicitudotadjuntos?INS,2023,20380,,1, HTTP/1.1" 200 5985
190.171.149.90 - - [19/Jun/2023:17:11:06 -0300] "GET /cormun/servlet/solicitudotadjuntos?792da3c2f75f4853211b4e3f413e0cf47bc047ec18feedd23b37179b4a4205ba95f2d150a021a893371c4b36d0232328,gx-no-cache=1687204519294 HTTP/1.1" 200 30
190.171.149.90 - - [19/Jun/2023:17:11:06 -0300] "POST /cormun/servlet/solicitudotadjuntos?cc500c2f284e000a2fa55430afc4d818,INS,2023,20380,,1,,gx-no-cache=1687204519339 HTTP/1.1" 200 3873
190.171.149.90 - - [19/Jun/2023:17:11:08 -0300] "POST /cormun/servlet/solicitudotadjuntos?gx-no-cache=1687204521510 HTTP/1.1" 200 26
190.171.142.42 - - [19/Jun/2023:17:11:10 -0300] "POST /cormun/servlet/solicitudot?gx-no-cache=1687204515147 HTTP/1.1" 200 3963
190.171.142.42 - - [19/Jun/2023:17:11:10 -0300] "POST /cormun/servlet/solicitudot?9866139ee617cdfdb1b1b6d26e8bfe6f,INS,0,0,false,,gx-no-cache=1687204515297 HTTP/1.1" 200 12802
190.171.153.50 - - [19/Jun/2023:17:11:12 -0300] "GET /cormun/servlet/trpermisosgoce? HTTP/1.1" 200 8062
190.171.153.50 - - [19/Jun/2023:17:11:12 -0300] "GET /cormun/servlet/trpermisosgoce? HTTP/1.1" 200 8062
190.171.142.42 - - [19/Jun/2023:17:11:14 -0300] "GET /cormun/servlet/solicitudot?71fda420fa0adb2c95be63a97f854450477b2bd0dc2d20d5699aec7db450d8fb5e9712290f9d574405fa0a4de1e192e4,gx-no-cache=1687204519737 HTTP/1.1" 200 30
190.171.149.90 - - [19/Jun/2023:17:11:15 -0300] "GET /cormun/servlet/solicitudotadjuntos?792da3c2f75f4853211b4e3f413e0cf445199a7575fa01a86036272f4750d9c0,gx-no-cache=1687204528454 HTTP/1.1" 200 30
190.171.149.90 - - [19/Jun/2023:17:11:22 -0300] "GET /cormun/servlet/solicitudotadjuntos?792da3c2f75f4853211b4e3f413e0cf445199a7575fa01a86036272f4750d9c0,gx-no-cache=1687204535344 HTTP/1.1" 200 30
190.171.149.90 - - [19/Jun/2023:17:11:23 -0300] "POST /cormun/servlet/solicitudotadjuntos?cc500c2f284e000a2fa55430afc4d818,INS,2023,20380,,1, HTTP/1.1" 200 116
190.171.149.90 - - [19/Jun/2023:17:11:23 -0300] "GET /cormun/servlet/hpexe_return? HTTP/1.1" 200 1018
190.171.149.90 - - [19/Jun/2023:17:11:23 -0300] "GET /cormun/servlet/trsolicitudadjuntos?2023,20380, HTTP/1.1" 200 9457
190.171.149.90 - - [19/Jun/2023:17:11:23 -0300] "GET /cormun/servlet/trsolicitudadjuntos?2023,20380, HTTP/1.1" 200 9456
190.171.149.90 - - [19/Jun/2023:17:11:29 -0300] "GET /cormun/servlet/solicitudotadjuntos?INS,2023,20380,,1, HTTP/1.1" 200 5991
190.171.149.90 - - [19/Jun/2023:17:11:29 -0300] "GET /cormun/static/about:blank HTTP/1.1" 404 1011
190.171.149.90 - - [19/Jun/2023:17:11:29 -0300] "GET /cormun/servlet/solicitudotadjuntos?INS,2023,20380,,1, HTTP/1.1" 200 5985
190.171.149.90 - - [19/Jun/2023:17:11:30 -0300] "GET /cormun/servlet/solicitudotadjuntos?792da3c2f75f4853211b4e3f413e0cf47bc047ec18feedd23b37179b4a4205ba95f2d150a021a893371c4b36d0232328,gx-no-cache=1687204543161 HTTP/1.1" 200 30
190.171.149.90 - - [19/Jun/2023:17:11:30 -0300] "POST /cormun/servlet/solicitudotadjuntos?cc500c2f284e000a2fa55430afc4d818,INS,2023,20380,,1,,gx-no-cache=1687204543198 HTTP/1.1" 200 3873
190.171.153.50 - - [19/Jun/2023:17:11:30 -0300] "POST /cormun/servlet/trpermisosgoce?e6e1b6548c7d650067cb36652cff24a4,,gx-no-cache=1687204536119 HTTP/1.1" 200 5327
190.171.149.90 - - [19/Jun/2023:17:11:33 -0300] "POST /cormun/servlet/solicitudotadjuntos?gx-no-cache=1687204546027 HTTP/1.1" 200 26
190.171.149.90 - - [19/Jun/2023:17:11:41 -0300] "GET /cormun/servlet/solicitudotadjuntos?792da3c2f75f4853211b4e3f413e0cf445199a7575fa01a86036272f4750d9c0,gx-no-cache=1687204554643 HTTP/1.1" 200 30
190.171.149.90 - - [19/Jun/2023:17:11:41 -0300] "GET /cormun/servlet/solicitudotadjuntos?792da3c2f75f4853211b4e3f413e0cf445199a7575fa01a86036272f4750d9c0,gx-no-cache=1687204554666 HTTP/1.1" 200 30
190.171.149.90 - - [19/Jun/2023:17:11:42 -0300] "POST /cormun/servlet/solicitudotadjuntos?cc500c2f284e000a2fa55430afc4d818,INS,2023,20380,,1, HTTP/1.1" 200 116
190.171.149.90 - - [19/Jun/2023:17:11:42 -0300] "GET /cormun/servlet/hpexe_return? HTTP/1.1" 200 1018
190.171.149.90 - - [19/Jun/2023:17:11:42 -0300] "GET /cormun/servlet/trsolicitudadjuntos?2023,20380, HTTP/1.1" 200 9751
190.171.149.90 - - [19/Jun/2023:17:11:42 -0300] "GET /cormun/servlet/trsolicitudadjuntos?2023,20380, HTTP/1.1" 200 9749
190.171.149.90 - - [19/Jun/2023:17:11:45 -0300] "GET /cormun/servlet/solicitudotadjuntos?INS,2023,20380,,1, HTTP/1.1" 200 5991
190.171.149.90 - - [19/Jun/2023:17:11:45 -0300] "GET /cormun/static/about:blank HTTP/1.1" 404 1011
190.171.149.90 - - [19/Jun/2023:17:11:45 -0300] "GET /cormun/servlet/solicitudotadjuntos?INS,2023,20380,,1, HTTP/1.1" 200 5985
190.171.149.90 - - [19/Jun/2023:17:11:46 -0300] "GET /cormun/servlet/solicitudotadjuntos?792da3c2f75f4853211b4e3f413e0cf47bc047ec18feedd23b37179b4a4205ba95f2d150a021a893371c4b36d0232328,gx-no-cache=1687204558967 HTTP/1.1" 200 30
190.171.149.90 - - [19/Jun/2023:17:11:46 -0300] "POST /cormun/servlet/solicitudotadjuntos?cc500c2f284e000a2fa55430afc4d818,INS,2023,20380,,1,,gx-no-cache=1687204559017 HTTP/1.1" 200 3873
190.171.149.90 - - [19/Jun/2023:17:11:48 -0300] "POST /cormun/servlet/solicitudotadjuntos?gx-no-cache=1687204561268 HTTP/1.1" 200 26
190.171.149.90 - - [19/Jun/2023:17:11:53 -0300] "GET /cormun/servlet/solicitudotadjuntos?792da3c2f75f4853211b4e3f413e0cf445199a7575fa01a86036272f4750d9c0,gx-no-cache=1687204566402 HTTP/1.1" 200 30
190.171.149.90 - - [19/Jun/2023:17:11:53 -0300] "GET /cormun/servlet/solicitudotadjuntos?792da3c2f75f4853211b4e3f413e0cf445199a7575fa01a86036272f4750d9c0,gx-no-cache=1687204566439 HTTP/1.1" 200 30
190.171.149.90 - - [19/Jun/2023:17:11:53 -0300] "POST /cormun/servlet/solicitudotadjuntos?cc500c2f284e000a2fa55430afc4d818,INS,2023,20380,,1, HTTP/1.1" 200 6192
190.171.149.90 - - [19/Jun/2023:17:11:53 -0300] "GET /cormun/static/Shared/jqueryui/images/ui-icons_82798d_256x240.png HTTP/1.1" 404 1089
190.171.149.90 - - [19/Jun/2023:17:11:54 -0300] "GET /cormun/static/Shared/jqueryui/images/ui-bg_highlight-soft_100_c6c2c8_1x100.png HTTP/1.1" 404 1117
190.171.149.90 - - [19/Jun/2023:17:11:54 -0300] "GET /cormun/static/Shared/jqueryui/images/ui-bg_flat_55_994d53_40x100.png HTTP/1.1" 404 1097
190.171.149.90 - - [19/Jun/2023:17:11:54 -0300] "GET /cormun/static/Shared/jqueryui/images/ui-icons_ebccce_256x240.png HTTP/1.1" 404 1089
190.171.149.90 - - [19/Jun/2023:17:11:54 -0300] "GET /cormun/PrivateTempStorage/upload_00003899.pdf HTTP/1.1" 200 71797
190.171.149.90 - - [19/Jun/2023:17:12:02 -0300] "POST /cormun/servlet/solicitudotadjuntos?cc500c2f284e000a2fa55430afc4d818,INS,2023,20380,,1, HTTP/1.1" 200 116
190.171.149.90 - - [19/Jun/2023:17:12:02 -0300] "GET /cormun/servlet/hpexe_return? HTTP/1.1" 200 1018
190.171.149.90 - - [19/Jun/2023:17:12:02 -0300] "GET /cormun/servlet/trsolicitudadjuntos?2023,20380, HTTP/1.1" 200 9753
190.171.149.90 - - [19/Jun/2023:17:12:02 -0300] "GET /cormun/servlet/trsolicitudadjuntos?2023,20380, HTTP/1.1" 200 9749
190.171.149.90 - - [19/Jun/2023:17:12:09 -0300] "GET /cormun/servlet/solicitudotadjuntos?INS,2023,20380,,1, HTTP/1.1" 200 5991
190.171.153.50 - - [19/Jun/2023:17:12:20 -0300] "POST /cormun/servlet/trpermisosgoce?e6e1b6548c7d650067cb36652cff24a4,,gx-no-cache=1687204585952 HTTP/1.1" 200 5557
190.171.149.90 - - [19/Jun/2023:17:12:38 -0300] "GET /cormun/static/about:blank HTTP/1.1" 404 1011
190.171.149.90 - - [19/Jun/2023:17:12:38 -0300] "GET /cormun/servlet/solicitudotadjuntos?INS,2023,20380,,1, HTTP/1.1" 200 5985
190.171.149.90 - - [19/Jun/2023:17:12:38 -0300] "GET /cormun/servlet/solicitudotadjuntos?792da3c2f75f4853211b4e3f413e0cf47bc047ec18feedd23b37179b4a4205ba95f2d150a021a893371c4b36d0232328,gx-no-cache=1687204611412 HTTP/1.1" 200 30
190.171.149.90 - - [19/Jun/2023:17:12:38 -0300] "POST /cormun/servlet/solicitudotadjuntos?cc500c2f284e000a2fa55430afc4d818,INS,2023,20380,,1,,gx-no-cache=1687204611435 HTTP/1.1" 200 3873
190.171.149.90 - - [19/Jun/2023:17:12:42 -0300] "POST /cormun/servlet/solicitudotadjuntos?gx-no-cache=1687204614844 HTTP/1.1" 200 26
185.180.143.140 - - [19/Jun/2023:17:12:49 -0300] "GET /favicon.ico HTTP/1.1" 200 21630
200.54.100.179 - - [19/Jun/2023:17:12:52 -0300] "GET /cormun/servlet/trlicencias? HTTP/1.1" 200 7865
200.54.100.179 - - [19/Jun/2023:17:12:52 -0300] "GET /cormun/servlet/hlogin HTTP/1.1" 200 1735
200.54.100.179 - - [19/Jun/2023:17:12:52 -0300] "GET /favicon.ico HTTP/1.1" 200 21630
200.54.100.179 - - [19/Jun/2023:17:12:52 -0300] "GET /cormun/servlet/trlicencias? HTTP/1.1" 200 7863
200.54.100.179 - - [19/Jun/2023:17:12:59 -0300] "POST /cormun/servlet/hlogin?91de244fe0fad1ddb21db065b51519b0,gx-no-cache=1687204619022 HTTP/1.1" 200 90
200.54.100.179 - - [19/Jun/2023:17:12:59 -0300] "GET /cormun/servlet/hpexe_link HTTP/1.1" 200 957
200.54.100.179 - - [19/Jun/2023:17:12:59 -0300] "GET /cormun/servlet/trlicencias HTTP/1.1" 200 9572
200.54.100.179 - - [19/Jun/2023:17:12:59 -0300] "GET /cormun/servlet/trlicencias HTTP/1.1" 200 9570
190.171.149.90 - - [19/Jun/2023:17:13:12 -0300] "GET /cormun/servlet/solicitudotadjuntos?792da3c2f75f4853211b4e3f413e0cf445199a7575fa01a86036272f4750d9c0,gx-no-cache=1687204645112 HTTP/1.1" 200 30
190.171.149.90 - - [19/Jun/2023:17:13:12 -0300] "GET /cormun/servlet/solicitudotadjuntos?792da3c2f75f4853211b4e3f413e0cf445199a7575fa01a86036272f4750d9c0,gx-no-cache=1687204645137 HTTP/1.1" 200 30
190.171.149.90 - - [19/Jun/2023:17:13:12 -0300] "POST /cormun/servlet/solicitudotadjuntos?cc500c2f284e000a2fa55430afc4d818,INS,2023,20380,,1, HTTP/1.1" 200 116
190.171.149.90 - - [19/Jun/2023:17:13:12 -0300] "GET /cormun/servlet/hpexe_return? HTTP/1.1" 200 1018
190.171.149.90 - - [19/Jun/2023:17:13:12 -0300] "GET /cormun/servlet/trsolicitudadjuntos?2023,20380, HTTP/1.1" 200 10065
190.171.149.90 - - [19/Jun/2023:17:13:13 -0300] "GET /cormun/servlet/trsolicitudadjuntos?2023,20380, HTTP/1.1" 200 10065
190.171.149.90 - - [19/Jun/2023:17:13:16 -0300] "GET /cormun/servlet/solicitudotadjuntos?INS,2023,20380,,1, HTTP/1.1" 200 5992
190.171.142.42 - - [19/Jun/2023:17:13:23 -0300] "GET /cormun/servlet/solicitudot?71fda420fa0adb2c95be63a97f854450e5813cd07e27a1f7bbd635c5e25b5c51d9cd6b68992f7157c1b70bb32022d6615e9712290f9d574405fa0a4de1e192e4,gx-no-cache=1687204648300 HTTP/1.1" 200 30
190.171.142.42 - - [19/Jun/2023:17:13:27 -0300] "GET /cormun/servlet/solicitudot?71fda420fa0adb2c95be63a97f8544508279cd495db18c3af14049a387eafc83,gx-no-cache=1687204652335 HTTP/1.1" 200 53
190.171.149.90 - - [19/Jun/2023:17:13:29 -0300] "GET /cormun/static/about:blank HTTP/1.1" 404 1011
190.171.149.90 - - [19/Jun/2023:17:13:29 -0300] "GET /cormun/servlet/solicitudotadjuntos?INS,2023,20380,,1, HTTP/1.1" 200 5985
190.171.149.90 - - [19/Jun/2023:17:13:30 -0300] "GET /cormun/servlet/solicitudotadjuntos?792da3c2f75f4853211b4e3f413e0cf47bc047ec18feedd23b37179b4a4205ba95f2d150a021a893371c4b36d0232328,gx-no-cache=1687204662865 HTTP/1.1" 200 30
190.171.149.90 - - [19/Jun/2023:17:13:30 -0300] "POST /cormun/servlet/solicitudotadjuntos?cc500c2f284e000a2fa55430afc4d818,INS,2023,20380,,1,,gx-no-cache=1687204662892 HTTP/1.1" 200 3873
190.171.149.90 - - [19/Jun/2023:17:13:33 -0300] "POST /cormun/servlet/solicitudotadjuntos?gx-no-cache=1687204665791 HTTP/1.1" 200 26
41.186.73.134 - - [19/Jun/2023:17:13:37 -0300] "GET /manager/html HTTP/1.1" 401 2474
190.171.149.90 - - [19/Jun/2023:17:13:51 -0300] "GET /cormun/servlet/solicitudotadjuntos?792da3c2f75f4853211b4e3f413e0cf445199a7575fa01a86036272f4750d9c0,gx-no-cache=1687204684665 HTTP/1.1" 200 30
190.171.149.90 - - [19/Jun/2023:17:13:58 -0300] "GET /cormun/servlet/solicitudotadjuntos?792da3c2f75f4853211b4e3f413e0cf445199a7575fa01a86036272f4750d9c0,gx-no-cache=1687204691558 HTTP/1.1" 200 30
190.171.149.90 - - [19/Jun/2023:17:13:59 -0300] "POST /cormun/servlet/solicitudotadjuntos?cc500c2f284e000a2fa55430afc4d818,INS,2023,20380,,1, HTTP/1.1" 200 116
190.171.149.90 - - [19/Jun/2023:17:13:59 -0300] "GET /cormun/servlet/hpexe_return? HTTP/1.1" 200 1018
190.171.149.90 - - [19/Jun/2023:17:13:59 -0300] "GET /cormun/servlet/trsolicitudadjuntos?2023,20380, HTTP/1.1" 200 10270
190.171.149.90 - - [19/Jun/2023:17:13:59 -0300] "GET /cormun/servlet/trsolicitudadjuntos?2023,20380, HTTP/1.1" 200 10268
41.186.73.134 - - [19/Jun/2023:17:14:10 -0300] "GET /manager/html HTTP/1.1" 401 2474
190.171.149.90 - - [19/Jun/2023:17:14:33 -0300] "GET /cormun/servlet/trsolicitudot? HTTP/1.1" 200 8424
190.171.149.90 - - [19/Jun/2023:17:14:34 -0300] "GET /cormun/servlet/trsolicitudot? HTTP/1.1" 200 8417
190.171.142.42 - - [19/Jun/2023:17:14:34 -0300] "POST /cormun/servlet/solicitudot?gx-no-cache=1687204719467 HTTP/1.1" 200 240
190.171.149.90 - - [19/Jun/2023:17:14:37 -0300] "POST /cormun/servlet/trsolicitudot?cc500c2f284e000a2fa55430afc4d818,,gx-no-cache=1687204730515 HTTP/1.1" 200 4318
190.171.149.90 - - [19/Jun/2023:17:14:37 -0300] "GET /cormun/static/Shared/jqueryui/images/ui-icons_82798d_256x240.png HTTP/1.1" 404 1089
190.171.149.90 - - [19/Jun/2023:17:14:37 -0300] "GET /cormun/static/Shared/jqueryui/images/ui-bg_highlight-soft_100_c6c2c8_1x100.png HTTP/1.1" 404 1117
190.171.149.90 - - [19/Jun/2023:17:14:38 -0300] "POST /cormun/servlet/trsolicitudot?cc500c2f284e000a2fa55430afc4d818,,gx-no-cache=1687204730706 HTTP/1.1" 200 4083
190.171.149.90 - - [19/Jun/2023:17:14:38 -0300] "GET /cormun/static/Shared/jqueryui/images/ui-bg_flat_55_fafafa_40x100.png HTTP/1.1" 404 1097
190.171.149.90 - - [19/Jun/2023:17:14:38 -0300] "GET /cormun/static/Shared/jqueryui/images/ui-icons_8d78a5_256x240.png HTTP/1.1" 404 1089
190.171.142.42 - - [19/Jun/2023:17:14:39 -0300] "GET /cormun/servlet/solicitudot?71fda420fa0adb2c95be63a97f8544506fe2160618aa8bfc18f4911eabdde4f1daca48c8c5c3f396506585a3f05bf71fdc4ce8e418f3584fbfbbacbb11bdee9dbfbe5c0667b2dd058911c4edbb5b4a953ba0abf1f7570a735c4f88bf1ee4d01e19aa274aee00930b20f3a45aa83709e8a6ab0cbd666faa312bde746e6ab96ad329e8ebfe98109ccbec783d4a496ee79298e79b1619f734d17dd31afa8176dca76c96d35abb0cc70e66107be260a39382a8be27fb974cc6b2d639bf32055f6efa57171bea322ebd539f995e51c3357851da929b6f957c0fbcfa2a7124a46741827f5d5d954216c5724dbe4d87626c1ad1ef20dad9ead516a033f1bdb3f7d4c9079a994e85ff0a102d356b29dbf9936dfddc1ccdef41fa1e6059c9a6fd2bb739c7ed57cfb6883372b9246f5a964f0d530e671863a5e39ee6d01b30dd67bdad765eecd9270d70b97d377d5c0f6036d0bb4a6da757a5f9523861a7083615df115d20e2dc08278204c405fe6aa2244a8c8f9affe2e387b71161043b975807c1000b7a,gx-no-cache=1687204724641 HTTP/1.1" 200 30
190.171.153.50 - - [19/Jun/2023:17:14:54 -0300] "GET /cormun/servlet/hlogin HTTP/1.1" 200 1736
190.171.142.42 - - [19/Jun/2023:17:14:57 -0300] "POST /cormun/servlet/solicitudot?gx-no-cache=1687204743091 HTTP/1.1" 200 30
191.125.162.140 - - [19/Jun/2023:17:16:37 -0300] "GET /cormun/servlet/hlogin HTTP/1.1" 200 1723
191.125.162.140 - - [19/Jun/2023:17:16:42 -0300] "POST /cormun/servlet/hlogin?9f0526a3424826fe4989cb37b294a028,gx-no-cache=1687204846638 HTTP/1.1" 200 90
191.125.162.140 - - [19/Jun/2023:17:16:42 -0300] "GET /cormun/servlet/hpexe_link HTTP/1.1" 200 953
191.125.162.140 - - [19/Jun/2023:17:16:42 -0300] "GET /cormun/servlet/hhome HTTP/1.1" 200 3906
191.125.162.140 - - [19/Jun/2023:17:16:43 -0300] "GET /cormun/servlet/hhome HTTP/1.1" 200 3903
191.125.162.140 - - [19/Jun/2023:17:16:46 -0300] "GET /cormun/servlet/trpermisosgoce? HTTP/1.1" 200 13370
191.125.162.140 - - [19/Jun/2023:17:16:47 -0300] "GET /cormun/servlet/trpermisosgoce? HTTP/1.1" 200 13368
190.171.142.42 - - [19/Jun/2023:17:16:49 -0300] "POST /cormun/servlet/solicitudot?gx-no-cache=1687204854255 HTTP/1.1" 200 1470
191.125.162.140 - - [19/Jun/2023:17:16:49 -0300] "GET /cormun/static/menuarrow.gif HTTP/1.1" 404 1015
190.171.142.42 - - [19/Jun/2023:17:16:53 -0300] "GET /cormun/static/menuarrow.gif HTTP/1.1" 404 1015
190.171.149.74 - - [19/Jun/2023:17:17:00 -0300] "GET /cormun/servlet/trlicencias? HTTP/1.1" 200 12581
190.171.149.74 - - [19/Jun/2023:17:17:00 -0300] "GET /cormun/servlet/trlicencias? HTTP/1.1" 200 12579
191.125.162.140 - - [19/Jun/2023:17:17:16 -0300] "GET /cormun/servlet/permisogoce?INS,0,,, HTTP/1.1" 200 6768
191.125.162.140 - - [19/Jun/2023:17:17:17 -0300] "GET /cormun/servlet/permisogoce?INS,0,,, HTTP/1.1" 200 6767
191.125.162.140 - - [19/Jun/2023:17:17:27 -0300] "GET /cormun/servlet/permisogoce?47e6a857301f771b4348eee0678acc8acf92ac95ad28475d840d2b2652aa6557b0088e7cc87d6c5631dc77e24e1906f619046da685058e2df2ae4565452d8328,gx-no-cache=1687204891567 HTTP/1.1" 200 83
191.125.162.140 - - [19/Jun/2023:17:17:27 -0300] "GET /cormun/static/menuarrow.gif HTTP/1.1" 404 1015
191.125.162.140 - - [19/Jun/2023:17:17:38 -0300] "GET /cormun/servlet/permisogoce?47e6a857301f771b4348eee0678acc8af2f71af93e5d04c73889387efadc7856dc333f9bf78587adfc297633104541a1c25d0f179a349795fa64e1b2a93b67f0,gx-no-cache=1687204903045 HTTP/1.1" 200 47
191.125.162.140 - - [19/Jun/2023:17:17:42 -0300] "POST /cormun/servlet/permisogoce?9f0526a3424826fe4989cb37b294a028,INS,0,,,,gx-no-cache=1687204906137 HTTP/1.1" 200 93
191.125.162.140 - - [19/Jun/2023:17:17:43 -0300] "GET /cormun/servlet/hpexe_return? HTTP/1.1" 200 1012
190.171.142.42 - - [19/Jun/2023:17:17:43 -0300] "POST /cormun/servlet/solicitudot?gx-no-cache=1687204908460 HTTP/1.1" 200 41
191.125.162.140 - - [19/Jun/2023:17:17:43 -0300] "GET /cormun/servlet/trpermisosgoce HTTP/1.1" 200 13649
190.171.142.42 - - [19/Jun/2023:17:17:43 -0300] "GET /cormun/servlet/solicitudot?71fda420fa0adb2c95be63a97f854450e5f93bed6a1d2e4adae902ad92f23ff1229ad943abcac08803a57b989ec59bf28c5370a2a49aae9b0b720d6d77036f8f5530dbb69b8720c617a1f95384438ca476994e49a2482228510aafc97aad8afc3ed25a25125270ded88cf8ba116ade2d,gx-no-cache=1687204908527 HTTP/1.1" 200 110
190.171.142.42 - - [19/Jun/2023:17:17:43 -0300] "POST /cormun/servlet/solicitudot?gx-no-cache=1687204908859 HTTP/1.1" 200 64
190.171.142.42 - - [19/Jun/2023:17:17:43 -0300] "GET /cormun/servlet/solicitudot?71fda420fa0adb2c95be63a97f854450e66b231950b5a5b4345e7c4c602bf02dbb363f5d4f1c97f689b063e12270f1fb747301c0ac0afa307515c3e9ccd102053066c500adca33d4378adca09beb1a9d61c2ba67181735c5d70fb1dec40f087e16e21e4b0296b563ab7d1f96cd6d67e5,gx-no-cache=1687204908890 HTTP/1.1" 200 29
190.171.142.42 - - [19/Jun/2023:17:17:43 -0300] "GET /cormun/servlet/solicitudot?71fda420fa0adb2c95be63a97f854450fd0c69eee4bdd194680286b26dc23cb6,gx-no-cache=1687204908920 HTTP/1.1" 200 30
191.125.162.140 - - [19/Jun/2023:17:17:43 -0300] "GET /cormun/servlet/trpermisosgoce HTTP/1.1" 200 13644
191.125.162.140 - - [19/Jun/2023:17:17:46 -0300] "GET /cormun/servlet/apermisogoceprn?20028504,P,20230619160104,PU HTTP/1.1" 200 1664
41.186.73.134 - - [19/Jun/2023:17:17:56 -0300] "GET /manager/html HTTP/1.1" 401 2474
191.125.162.140 - - [19/Jun/2023:17:18:13 -0300] "GET /cormun/static/menuarrow.gif HTTP/1.1" 404 1015
190.171.142.42 - - [19/Jun/2023:17:18:27 -0300] "GET /cormun/servlet/solicitudot?71fda420fa0adb2c95be63a97f854450e5f93bed6a1d2e4adae902ad92f23ff1229ad943abcac08803a57b989ec59bf28c5370a2a49aae9b0b720d6d77036f8f5530dbb69b8720c617a1f95384438ca476994e49a2482228510aafc97aad8afc3ed25a25125270ded88cf8ba116ade2d,gx-no-cache=1687204953093 HTTP/1.1" 200 110
41.186.73.134 - - [19/Jun/2023:17:18:30 -0300] "GET /manager/html HTTP/1.1" 401 2474
190.171.142.42 - - [19/Jun/2023:17:18:49 -0300] "GET /cormun/servlet/solicitudot?71fda420fa0adb2c95be63a97f854450105fd1bc4de52990254125eb10e16580520de5fcf3dfbb1543158be01d76642d,gx-no-cache=1687204975075 HTTP/1.1" 200 134
190.171.142.42 - - [19/Jun/2023:17:18:49 -0300] "GET /cormun/static/Shared/jqueryui/images/ui-bg_highlight-soft_100_c6c2c8_1x100.png HTTP/1.1" 404 1117
190.171.142.42 - - [19/Jun/2023:17:18:49 -0300] "GET /cormun/static/Shared/jqueryui/images/ui-icons_82798d_256x240.png HTTP/1.1" 404 1089
190.171.142.42 - - [19/Jun/2023:17:18:49 -0300] "GET /cormun/static/Shared/jqueryui/images/ui-bg_flat_55_994d53_40x100.png HTTP/1.1" 404 1097
190.171.142.42 - - [19/Jun/2023:17:18:49 -0300] "GET /cormun/static/Shared/jqueryui/images/ui-icons_ebccce_256x240.png HTTP/1.1" 404 1089
190.171.142.42 - - [19/Jun/2023:17:18:49 -0300] "POST /cormun/servlet/solicitudot?gx-no-cache=1687204975127 HTTP/1.1" 200 34
191.125.162.140 - - [19/Jun/2023:17:19:05 -0300] "GET /cormun/servlet/permisogoce?INS,0,,, HTTP/1.1" 200 6768
191.125.162.140 - - [19/Jun/2023:17:19:05 -0300] "GET /cormun/servlet/permisogoce?INS,0,,, HTTP/1.1" 200 6767
190.171.142.42 - - [19/Jun/2023:17:19:21 -0300] "GET /cormun/servlet/solicitudot?71fda420fa0adb2c95be63a97f85445064c1375c9dde1d2702d86fcfcbe8c801015b8798acdc022131d51097f959684a,gx-no-cache=1687205006482 HTTP/1.1" 200 30
190.171.142.42 - - [19/Jun/2023:17:19:21 -0300] "POST /cormun/servlet/solicitudot?gx-no-cache=1687205006519 HTTP/1.1" 200 34
191.125.162.140 - - [19/Jun/2023:17:19:21 -0300] "GET /cormun/servlet/permisogoce?47e6a857301f771b4348eee0678acc8acf92ac95ad28475d840d2b2652aa6557b0088e7cc87d6c5631dc77e24e1906f619046da685058e2df2ae4565452d8328,gx-no-cache=1687205005383 HTTP/1.1" 200 86
191.125.162.140 - - [19/Jun/2023:17:19:21 -0300] "GET /cormun/static/menuarrow.gif HTTP/1.1" 404 1015
191.125.162.140 - - [19/Jun/2023:17:19:35 -0300] "GET /cormun/servlet/permisogoce?47e6a857301f771b4348eee0678acc8af2f71af93e5d04c73889387efadc7856aa2d748dfa0b60055bb41cb5200ab801c25d0f179a349795fa64e1b2a93b67f0,gx-no-cache=1687205019789 HTTP/1.1" 200 48
191.125.162.140 - - [19/Jun/2023:17:19:39 -0300] "POST /cormun/servlet/permisogoce?9f0526a3424826fe4989cb37b294a028,INS,0,,,,gx-no-cache=1687205023512 HTTP/1.1" 200 93
191.125.162.140 - - [19/Jun/2023:17:19:40 -0300] "GET /cormun/servlet/hpexe_return? HTTP/1.1" 200 1012
191.125.162.140 - - [19/Jun/2023:17:19:40 -0300] "GET /cormun/servlet/trpermisosgoce HTTP/1.1" 200 13810
191.125.162.140 - - [19/Jun/2023:17:19:40 -0300] "GET /cormun/servlet/trpermisosgoce HTTP/1.1" 200 13806
191.125.162.140 - - [19/Jun/2023:17:19:43 -0300] "GET /cormun/servlet/apermisogoceprn?20028504,P,20230619160104,PU HTTP/1.1" 200 1663
192.168.10.17 - - [19/Jun/2023:17:21:51 -0300] "GET /cormun/servlet/trsolicitudgral? HTTP/1.1" 500 10
192.168.10.17 - - [19/Jun/2023:17:21:52 -0300] "GET /cormun/servlet/hlogin HTTP/1.1" 200 1723
192.168.10.17 - - [19/Jun/2023:17:21:59 -0300] "POST /cormun/servlet/hlogin?188ba8579fbab3079d0f1cbc2cb17fe8,gx-no-cache=1687205145932 HTTP/1.1" 200 90
192.168.10.17 - - [19/Jun/2023:17:21:59 -0300] "GET /cormun/servlet/hpexe_link HTTP/1.1" 200 952
192.168.10.17 - - [19/Jun/2023:17:21:59 -0300] "GET /cormun/servlet/hhome HTTP/1.1" 200 3804
192.168.10.17 - - [19/Jun/2023:17:21:59 -0300] "GET /cormun/servlet/hhome HTTP/1.1" 200 3801
192.168.10.17 - - [19/Jun/2023:17:22:11 -0300] "GET /cormun/servlet/trsolicitudgral? HTTP/1.1" 200 18150
192.168.10.17 - - [19/Jun/2023:17:22:11 -0300] "GET /cormun/servlet/trsolicitudgral? HTTP/1.1" 200 18148
41.186.73.134 - - [19/Jun/2023:17:22:12 -0300] "GET /manager/html HTTP/1.1" 401 2474
192.168.10.17 - - [19/Jun/2023:17:22:13 -0300] "GET /cormun/servlet/vesolicitudgral?2023,20379,, HTTP/1.1" 200 8345
192.168.10.17 - - [19/Jun/2023:17:22:13 -0300] "GET /cormun/pexe_scrolldiv.js HTTP/1.1" 404 1009
192.168.10.17 - - [19/Jun/2023:17:22:14 -0300] "GET /cormun/servlet/vesolicitudgral?2023,20379,, HTTP/1.1" 200 8344
192.168.10.17 - - [19/Jun/2023:17:22:16 -0300] "GET /cormun/servlet/trsolicitudgral? HTTP/1.1" 200 18150
192.168.10.17 - - [19/Jun/2023:17:22:17 -0300] "GET /cormun/servlet/trsolicitudgral? HTTP/1.1" 200 18148
192.168.10.17 - - [19/Jun/2023:17:22:25 -0300] "GET /cormun/servlet/vesolicitudgral?2023,20354,, HTTP/1.1" 200 8393
192.168.10.17 - - [19/Jun/2023:17:22:25 -0300] "GET /cormun/pexe_scrolldiv.js HTTP/1.1" 404 1009
192.168.10.17 - - [19/Jun/2023:17:22:25 -0300] "GET /cormun/servlet/vesolicitudgral?2023,20354,, HTTP/1.1" 200 8392
41.186.73.134 - - [19/Jun/2023:17:22:45 -0300] "GET /manager/html HTTP/1.1" 401 2474
190.171.142.42 - - [19/Jun/2023:17:23:56 -0300] "GET /cormun/servlet/solicitudot?71fda420fa0adb2c95be63a97f8544506fe2160618aa8bfc18f4911eabdde4f1daca48c8c5c3f396506585a3f05bf71fdc4ce8e418f3584fbfbbacbb11bdee9dbfbe5c0667b2dd058911c4edbb5b4a953ba0abf1f7570a735c4f88bf1ee4d01e19aa274aee00930b20f3a45aa83709e8a6ab0cbd666faa312bde746e6ab96ad329e8ebfe98109ccbec783d4a496ee79298e79b1619f734d17dd31afa8176dca76c96d35abb0cc70e66107be260a39382a8be27fb974cc6b2d639bf32055f6efa57171bea322ebd539f995e51c3357851da929b6f957c0fbcfa2a7124a46741827f5d5d954216c5724dbe4d87626c1ad1ef20dad9ead516a033f1bdb3f7d4c9079a994e85ff0a102d356b29dbf9936dfddc1ccdef41fa1e6059c9a6fd2bb739c7ed57cfb6883372b9246f5a964f0d530e671863a5e39ee6d01b30dd67bdad765eecd9270d70b97d377d5c0f6036d0bb4a6da757a5f9523861a7083615df115d20e2dc08278204c405fe6aa2244a8c8f9a3570614c493b39523ecfedacc97eb6ed,gx-no-cache=1687205281898 HTTP/1.1" 200 30
190.171.142.42 - - [19/Jun/2023:17:23:56 -0300] "POST /cormun/servlet/solicitudot?gx-no-cache=1687205281968 HTTP/1.1" 200 30
190.171.142.42 - - [19/Jun/2023:17:23:56 -0300] "POST /cormun/servlet/solicitudot?gx-no-cache=1687205281998 HTTP/1.1" 200 1470
190.171.142.42 - - [19/Jun/2023:17:23:56 -0300] "POST /cormun/servlet/solicitudot?gx-no-cache=1687205282081 HTTP/1.1" 200 41
190.171.142.42 - - [19/Jun/2023:17:23:56 -0300] "GET /cormun/servlet/solicitudot?71fda420fa0adb2c95be63a97f854450e5f93bed6a1d2e4adae902ad92f23ff1229ad943abcac08803a57b989ec59bf28c5370a2a49aae9b0b720d6d77036f8f5530dbb69b8720c617a1f95384438ca476994e49a2482228510aafc97aad8afc3ed25a25125270ded88cf8ba116ade2d,gx-no-cache=1687205282113 HTTP/1.1" 200 110
190.171.142.42 - - [19/Jun/2023:17:23:56 -0300] "POST /cormun/servlet/solicitudot?gx-no-cache=1687205282145 HTTP/1.1" 200 64
190.171.142.42 - - [19/Jun/2023:17:23:56 -0300] "GET /cormun/servlet/solicitudot?71fda420fa0adb2c95be63a97f85445064c1375c9dde1d2702d86fcfcbe8c801015b8798acdc022131d51097f959684a,gx-no-cache=1687205282175 HTTP/1.1" 200 30
190.171.142.42 - - [19/Jun/2023:17:23:57 -0300] "POST /cormun/servlet/solicitudot?gx-no-cache=1687205282205 HTTP/1.1" 200 34
190.171.142.42 - - [19/Jun/2023:17:23:57 -0300] "POST /cormun/servlet/solicitudot?9866139ee617cdfdb1b1b6d26e8bfe6f,INS,0,0,false,,gx-no-cache=1687205282236 HTTP/1.1" 200 93
190.171.142.42 - - [19/Jun/2023:17:23:57 -0300] "GET /cormun/servlet/hpexe_return? HTTP/1.1" 200 1011
190.171.142.42 - - [19/Jun/2023:17:23:57 -0300] "GET /cormun/servlet/trsolicitudot HTTP/1.1" 200 8934
190.171.142.42 - - [19/Jun/2023:17:23:57 -0300] "GET /cormun/servlet/trsolicitudot HTTP/1.1" 200 8930
190.171.142.10 - - [19/Jun/2023:17:24:03 -0300] "GET /cormun/servlet/hlogin HTTP/1.1" 200 1717
190.171.142.10 - - [19/Jun/2023:17:24:03 -0300] "GET /cormun/servlet/hlogin HTTP/1.1" 200 1728
190.171.142.10 - - [19/Jun/2023:17:24:09 -0300] "POST /cormun/servlet/hlogin?f014bf5c4e8344e30d160ba231ade43b,gx-no-cache=1687201713837 HTTP/1.1" 200 90
190.171.142.42 - - [19/Jun/2023:17:24:10 -0300] "POST /cormun/servlet/trsolicitudot?9866139ee617cdfdb1b1b6d26e8bfe6f,gx-no-cache=1687205295296 HTTP/1.1" 200 107
190.171.142.10 - - [19/Jun/2023:17:24:10 -0300] "GET /cormun/servlet/hpexe_link HTTP/1.1" 200 948
190.171.142.42 - - [19/Jun/2023:17:24:10 -0300] "GET /cormun/servlet/trsolicitudadjuntos?2023,20381, HTTP/1.1" 200 6384
190.171.142.10 - - [19/Jun/2023:17:24:10 -0300] "GET /cormun/static/Resources/Spanish/PXTools.css?8354383 HTTP/1.1" 304 -
190.171.142.42 - - [19/Jun/2023:17:24:10 -0300] "GET /cormun/servlet/trsolicitudadjuntos?2023,20381, HTTP/1.1" 200 6384
190.171.142.10 - - [19/Jun/2023:17:24:10 -0300] "GET /cormun/servlet/hhome HTTP/1.1" 200 4205
190.171.142.10 - - [19/Jun/2023:17:24:11 -0300] "GET /cormun/servlet/hhome HTTP/1.1" 200 4201
190.171.142.42 - - [19/Jun/2023:17:24:12 -0300] "GET /cormun/servlet/solicitudotadjuntos?INS,2023,20381,,1, HTTP/1.1" 200 6326
190.171.142.42 - - [19/Jun/2023:17:24:12 -0300] "GET /cormun/static/about:blank HTTP/1.1" 404 1011
190.171.142.42 - - [19/Jun/2023:17:24:12 -0300] "GET /cormun/servlet/solicitudotadjuntos?INS,2023,20381,,1, HTTP/1.1" 200 6319
190.171.142.42 - - [19/Jun/2023:17:24:13 -0300] "GET /cormun/servlet/solicitudotadjuntos?71fda420fa0adb2c95be63a97f8544508ce510401e7bc968d48477ce9d7db4daf5385e7f1de1e9e315ba65277fccaf09,gx-no-cache=1687205298583 HTTP/1.1" 200 30
190.171.142.42 - - [19/Jun/2023:17:24:13 -0300] "POST /cormun/servlet/solicitudotadjuntos?9866139ee617cdfdb1b1b6d26e8bfe6f,INS,2023,20381,,1,,gx-no-cache=1687205298609 HTTP/1.1" 200 4149
190.171.142.42 - - [19/Jun/2023:17:24:15 -0300] "POST /cormun/servlet/solicitudotadjuntos?gx-no-cache=1687205300860 HTTP/1.1" 200 26
190.171.142.10 - - [19/Jun/2023:17:24:15 -0300] "GET /cormun/servlet/trautorizarsolicitud? HTTP/1.1" 200 7321
190.171.142.10 - - [19/Jun/2023:17:24:16 -0300] "GET /cormun/servlet/trautorizarsolicitud? HTTP/1.1" 200 7320
190.171.142.10 - - [19/Jun/2023:17:24:18 -0300] "GET /cormun/servlet/trsolicitudot? HTTP/1.1" 200 9674
190.171.142.10 - - [19/Jun/2023:17:24:19 -0300] "GET /cormun/servlet/trsolicitudot? HTTP/1.1" 200 9673
190.171.142.42 - - [19/Jun/2023:17:24:32 -0300] "GET /cormun/servlet/solicitudotadjuntos?71fda420fa0adb2c95be63a97f8544501fb1c7c1c077903f42abff2daab33440,gx-no-cache=1687205317640 HTTP/1.1" 200 30
190.171.142.42 - - [19/Jun/2023:17:24:32 -0300] "GET /cormun/servlet/solicitudotadjuntos?71fda420fa0adb2c95be63a97f8544501fb1c7c1c077903f42abff2daab33440,gx-no-cache=1687205317663 HTTP/1.1" 200 30
190.171.142.42 - - [19/Jun/2023:17:24:32 -0300] "POST /cormun/servlet/solicitudotadjuntos?9866139ee617cdfdb1b1b6d26e8bfe6f,INS,2023,20381,,1, HTTP/1.1" 200 116
190.171.142.42 - - [19/Jun/2023:17:24:32 -0300] "GET /cormun/servlet/hpexe_return? HTTP/1.1" 200 1029
190.171.142.42 - - [19/Jun/2023:17:24:32 -0300] "GET /cormun/servlet/trsolicitudadjuntos?2023,20381, HTTP/1.1" 200 9305
190.171.142.42 - - [19/Jun/2023:17:24:33 -0300] "GET /cormun/servlet/trsolicitudadjuntos?2023,20381, HTTP/1.1" 200 9302
190.171.142.42 - - [19/Jun/2023:17:24:38 -0300] "GET /cormun/servlet/solicitudotadjuntos?INS,2023,20381,,1, HTTP/1.1" 200 6326
190.171.142.42 - - [19/Jun/2023:17:24:38 -0300] "GET /cormun/static/about:blank HTTP/1.1" 404 1011
190.171.142.42 - - [19/Jun/2023:17:24:38 -0300] "GET /cormun/servlet/solicitudotadjuntos?INS,2023,20381,,1, HTTP/1.1" 200 6319
190.171.142.42 - - [19/Jun/2023:17:24:39 -0300] "GET /cormun/servlet/solicitudotadjuntos?71fda420fa0adb2c95be63a97f8544508ce510401e7bc968d48477ce9d7db4daf5385e7f1de1e9e315ba65277fccaf09,gx-no-cache=1687205324296 HTTP/1.1" 200 30
190.171.142.42 - - [19/Jun/2023:17:24:39 -0300] "POST /cormun/servlet/solicitudotadjuntos?9866139ee617cdfdb1b1b6d26e8bfe6f,INS,2023,20381,,1,,gx-no-cache=1687205324314 HTTP/1.1" 200 4149
190.171.142.42 - - [19/Jun/2023:17:24:43 -0300] "POST /cormun/servlet/solicitudotadjuntos?gx-no-cache=1687205329165 HTTP/1.1" 200 26
190.171.142.42 - - [19/Jun/2023:17:25:02 -0300] "GET /cormun/servlet/solicitudotadjuntos?71fda420fa0adb2c95be63a97f8544501fb1c7c1c077903f42abff2daab33440,gx-no-cache=1687205347296 HTTP/1.1" 200 30
190.171.142.42 - - [19/Jun/2023:17:25:02 -0300] "GET /cormun/servlet/solicitudotadjuntos?71fda420fa0adb2c95be63a97f8544501fb1c7c1c077903f42abff2daab33440,gx-no-cache=1687205347313 HTTP/1.1" 200 30
190.171.142.42 - - [19/Jun/2023:17:25:02 -0300] "POST /cormun/servlet/solicitudotadjuntos?9866139ee617cdfdb1b1b6d26e8bfe6f,INS,2023,20381,,1, HTTP/1.1" 200 116
190.171.142.42 - - [19/Jun/2023:17:25:02 -0300] "GET /cormun/servlet/hpexe_return? HTTP/1.1" 200 1029
190.171.142.42 - - [19/Jun/2023:17:25:02 -0300] "GET /cormun/servlet/trsolicitudadjuntos?2023,20381, HTTP/1.1" 200 9537
190.171.142.42 - - [19/Jun/2023:17:25:02 -0300] "GET /cormun/servlet/trsolicitudadjuntos?2023,20381, HTTP/1.1" 200 9536
190.171.142.42 - - [19/Jun/2023:17:25:05 -0300] "GET /cormun/servlet/solicitudotadjuntos?INS,2023,20381,,1, HTTP/1.1" 200 6326
190.171.142.42 - - [19/Jun/2023:17:25:05 -0300] "GET /cormun/static/about:blank HTTP/1.1" 404 1011
190.171.142.42 - - [19/Jun/2023:17:25:05 -0300] "GET /cormun/servlet/solicitudotadjuntos?INS,2023,20381,,1, HTTP/1.1" 200 6319
190.171.142.42 - - [19/Jun/2023:17:25:06 -0300] "GET /cormun/servlet/solicitudotadjuntos?71fda420fa0adb2c95be63a97f8544508ce510401e7bc968d48477ce9d7db4daf5385e7f1de1e9e315ba65277fccaf09,gx-no-cache=1687205351210 HTTP/1.1" 200 30
190.171.142.42 - - [19/Jun/2023:17:25:06 -0300] "POST /cormun/servlet/solicitudotadjuntos?9866139ee617cdfdb1b1b6d26e8bfe6f,INS,2023,20381,,1,,gx-no-cache=1687205351230 HTTP/1.1" 200 4149
190.171.142.42 - - [19/Jun/2023:17:25:09 -0300] "POST /cormun/servlet/solicitudotadjuntos?gx-no-cache=1687205354820 HTTP/1.1" 200 26
41.186.73.134 - - [19/Jun/2023:17:26:21 -0300] "GET /manager/html HTTP/1.1" 401 2474
190.171.142.42 - - [19/Jun/2023:17:26:34 -0300] "GET /cormun/servlet/solicitudotadjuntos?71fda420fa0adb2c95be63a97f8544501fb1c7c1c077903f42abff2daab33440,gx-no-cache=1687205439466 HTTP/1.1" 200 30
190.171.142.42 - - [19/Jun/2023:17:26:34 -0300] "GET /cormun/servlet/solicitudotadjuntos?71fda420fa0adb2c95be63a97f8544501fb1c7c1c077903f42abff2daab33440,gx-no-cache=1687205439512 HTTP/1.1" 200 30
190.171.142.42 - - [19/Jun/2023:17:26:34 -0300] "POST /cormun/servlet/solicitudotadjuntos?9866139ee617cdfdb1b1b6d26e8bfe6f,INS,2023,20381,,1, HTTP/1.1" 200 116
190.171.142.42 - - [19/Jun/2023:17:26:34 -0300] "GET /cormun/servlet/hpexe_return? HTTP/1.1" 200 1029
190.171.142.42 - - [19/Jun/2023:17:26:34 -0300] "GET /cormun/servlet/trsolicitudadjuntos?2023,20381, HTTP/1.1" 200 9794
190.171.142.42 - - [19/Jun/2023:17:26:35 -0300] "GET /cormun/servlet/trsolicitudadjuntos?2023,20381, HTTP/1.1" 200 9792
190.171.142.42 - - [19/Jun/2023:17:26:38 -0300] "GET /cormun/servlet/solicitudotadjuntos?INS,2023,20381,,1, HTTP/1.1" 200 6325
190.171.142.42 - - [19/Jun/2023:17:26:39 -0300] "GET /cormun/static/about:blank HTTP/1.1" 404 1011
190.171.142.42 - - [19/Jun/2023:17:26:39 -0300] "GET /cormun/servlet/solicitudotadjuntos?INS,2023,20381,,1, HTTP/1.1" 200 6319
190.171.142.42 - - [19/Jun/2023:17:26:39 -0300] "GET /cormun/servlet/solicitudotadjuntos?71fda420fa0adb2c95be63a97f8544508ce510401e7bc968d48477ce9d7db4daf5385e7f1de1e9e315ba65277fccaf09,gx-no-cache=1687205444770 HTTP/1.1" 200 30
190.171.142.42 - - [19/Jun/2023:17:26:39 -0300] "POST /cormun/servlet/solicitudotadjuntos?9866139ee617cdfdb1b1b6d26e8bfe6f,INS,2023,20381,,1,,gx-no-cache=1687205444789 HTTP/1.1" 200 4149
190.171.142.42 - - [19/Jun/2023:17:26:47 -0300] "POST /cormun/servlet/solicitudotadjuntos?gx-no-cache=1687205452479 HTTP/1.1" 200 26
41.186.73.134 - - [19/Jun/2023:17:26:54 -0300] "GET /manager/html HTTP/1.1" 401 2474
190.171.142.42 - - [19/Jun/2023:17:26:59 -0300] "GET /cormun/servlet/solicitudotadjuntos?71fda420fa0adb2c95be63a97f8544501fb1c7c1c077903f42abff2daab33440,gx-no-cache=1687205464736 HTTP/1.1" 200 30
190.171.142.42 - - [19/Jun/2023:17:26:59 -0300] "GET /cormun/servlet/solicitudotadjuntos?71fda420fa0adb2c95be63a97f8544501fb1c7c1c077903f42abff2daab33440,gx-no-cache=1687205464753 HTTP/1.1" 200 30
190.171.142.42 - - [19/Jun/2023:17:26:59 -0300] "POST /cormun/servlet/solicitudotadjuntos?9866139ee617cdfdb1b1b6d26e8bfe6f,INS,2023,20381,,1, HTTP/1.1" 200 116
190.171.142.42 - - [19/Jun/2023:17:26:59 -0300] "GET /cormun/servlet/hpexe_return? HTTP/1.1" 200 1029
190.171.142.42 - - [19/Jun/2023:17:26:59 -0300] "GET /cormun/servlet/trsolicitudadjuntos?2023,20381, HTTP/1.1" 200 10013
190.171.142.42 - - [19/Jun/2023:17:27:00 -0300] "GET /cormun/servlet/trsolicitudadjuntos?2023,20381, HTTP/1.1" 200 10012
190.171.142.42 - - [19/Jun/2023:17:27:04 -0300] "GET /cormun/servlet/solicitudotadjuntos?INS,2023,20381,,1, HTTP/1.1" 200 6325
190.171.142.42 - - [19/Jun/2023:17:27:04 -0300] "GET /cormun/static/about:blank HTTP/1.1" 404 1011
190.171.142.42 - - [19/Jun/2023:17:27:04 -0300] "GET /cormun/servlet/solicitudotadjuntos?INS,2023,20381,,1, HTTP/1.1" 200 6319
190.171.142.42 - - [19/Jun/2023:17:27:04 -0300] "GET /cormun/servlet/solicitudotadjuntos?71fda420fa0adb2c95be63a97f8544508ce510401e7bc968d48477ce9d7db4daf5385e7f1de1e9e315ba65277fccaf09,gx-no-cache=1687205470179 HTTP/1.1" 200 30
190.171.142.42 - - [19/Jun/2023:17:27:05 -0300] "POST /cormun/servlet/solicitudotadjuntos?9866139ee617cdfdb1b1b6d26e8bfe6f,INS,2023,20381,,1,,gx-no-cache=1687205470203 HTTP/1.1" 200 4149
190.171.142.42 - - [19/Jun/2023:17:27:10 -0300] "POST /cormun/servlet/solicitudotadjuntos?gx-no-cache=1687205475970 HTTP/1.1" 200 26
190.171.142.42 - - [19/Jun/2023:17:27:42 -0300] "POST /cormun/servlet/solicitudotadjuntos?gx-no-cache=1687205507534 HTTP/1.1" 200 26
190.171.142.42 - - [19/Jun/2023:17:27:57 -0300] "GET /cormun/servlet/solicitudotadjuntos?71fda420fa0adb2c95be63a97f8544501fb1c7c1c077903f42abff2daab33440,gx-no-cache=1687205522611 HTTP/1.1" 200 30
190.171.142.42 - - [19/Jun/2023:17:27:57 -0300] "GET /cormun/servlet/solicitudotadjuntos?71fda420fa0adb2c95be63a97f8544501fb1c7c1c077903f42abff2daab33440,gx-no-cache=1687205522636 HTTP/1.1" 200 30
190.171.142.42 - - [19/Jun/2023:17:27:57 -0300] "POST /cormun/servlet/solicitudotadjuntos?9866139ee617cdfdb1b1b6d26e8bfe6f,INS,2023,20381,,1, HTTP/1.1" 200 6641
190.171.142.42 - - [19/Jun/2023:17:27:57 -0300] "GET /cormun/static/Shared/jqueryui/images/ui-bg_highlight-soft_100_c6c2c8_1x100.png HTTP/1.1" 404 1117
190.171.142.42 - - [19/Jun/2023:17:27:57 -0300] "GET /cormun/static/Shared/jqueryui/images/ui-icons_82798d_256x240.png HTTP/1.1" 404 1089
190.171.142.42 - - [19/Jun/2023:17:27:57 -0300] "GET /cormun/static/Shared/jqueryui/images/ui-bg_flat_55_994d53_40x100.png HTTP/1.1" 404 1097
190.171.142.42 - - [19/Jun/2023:17:27:57 -0300] "GET /cormun/static/Shared/jqueryui/images/ui-icons_ebccce_256x240.png HTTP/1.1" 404 1089
190.171.142.42 - - [19/Jun/2023:17:27:57 -0300] "GET /cormun/PrivateTempStorage/upload_00003995.jpeg HTTP/1.1" 200 99212
190.171.142.42 - - [19/Jun/2023:17:28:19 -0300] "GET /cormun/servlet/hlogin HTTP/1.1" 200 1723
190.171.142.42 - - [19/Jun/2023:17:28:28 -0300] "POST /cormun/servlet/hlogin?9866139ee617cdfdb1b1b6d26e8bfe6f,gx-no-cache=1687205553352 HTTP/1.1" 200 90
190.171.142.42 - - [19/Jun/2023:17:28:28 -0300] "GET /cormun/servlet/hpexe_link HTTP/1.1" 200 979
190.171.142.42 - - [19/Jun/2023:17:28:28 -0300] "GET /cormun/servlet/solicitudotadjuntos?INS,2023,20381,,1, HTTP/1.1" 200 6321
190.171.142.42 - - [19/Jun/2023:17:28:28 -0300] "GET /cormun/static/about:blank HTTP/1.1" 404 1011
190.171.142.42 - - [19/Jun/2023:17:28:28 -0300] "GET /cormun/servlet/solicitudotadjuntos?INS,2023,20381,,1, HTTP/1.1" 200 6319
190.171.142.42 - - [19/Jun/2023:17:28:28 -0300] "GET /cormun/servlet/solicitudotadjuntos?71fda420fa0adb2c95be63a97f8544508ce510401e7bc968d48477ce9d7db4daf5385e7f1de1e9e315ba65277fccaf09,gx-no-cache=1687205554176 HTTP/1.1" 200 30
190.171.142.42 - - [19/Jun/2023:17:28:29 -0300] "POST /cormun/servlet/solicitudotadjuntos?9866139ee617cdfdb1b1b6d26e8bfe6f,INS,2023,20381,,1,,gx-no-cache=1687205554195 HTTP/1.1" 200 4138
190.171.142.42 - - [19/Jun/2023:17:28:32 -0300] "POST /cormun/servlet/solicitudotadjuntos?gx-no-cache=1687205558044 HTTP/1.1" 200 26
190.171.142.42 - - [19/Jun/2023:17:28:50 -0300] "POST /cormun/servlet/solicitudotadjuntos?gx-no-cache=1687205576094 HTTP/1.1" 200 26
190.171.142.42 - - [19/Jun/2023:17:29:01 -0300] "GET /cormun/servlet/solicitudotadjuntos?71fda420fa0adb2c95be63a97f8544501fb1c7c1c077903f42abff2daab33440,gx-no-cache=1687205587196 HTTP/1.1" 200 30
190.171.142.42 - - [19/Jun/2023:17:29:02 -0300] "GET /cormun/servlet/solicitudotadjuntos?71fda420fa0adb2c95be63a97f8544501fb1c7c1c077903f42abff2daab33440,gx-no-cache=1687205587217 HTTP/1.1" 200 30
190.171.142.42 - - [19/Jun/2023:17:29:02 -0300] "POST /cormun/servlet/solicitudotadjuntos?9866139ee617cdfdb1b1b6d26e8bfe6f,INS,2023,20381,,1, HTTP/1.1" 200 6672
190.171.142.42 - - [19/Jun/2023:17:29:02 -0300] "GET /cormun/static/Shared/jqueryui/images/ui-bg_highlight-soft_100_c6c2c8_1x100.png HTTP/1.1" 404 1117
190.171.142.42 - - [19/Jun/2023:17:29:02 -0300] "GET /cormun/static/Shared/jqueryui/images/ui-icons_82798d_256x240.png HTTP/1.1" 404 1089
190.171.142.42 - - [19/Jun/2023:17:29:02 -0300] "GET /cormun/static/Shared/jqueryui/images/ui-icons_ebccce_256x240.png HTTP/1.1" 404 1089
190.171.142.42 - - [19/Jun/2023:17:29:02 -0300] "GET /cormun/static/Shared/jqueryui/images/ui-bg_flat_55_994d53_40x100.png HTTP/1.1" 404 1097
190.171.142.42 - - [19/Jun/2023:17:29:02 -0300] "GET /cormun/PrivateTempStorage/upload_00004007.jpg HTTP/1.1" 200 282815
190.171.142.42 - - [19/Jun/2023:17:29:19 -0300] "GET /cormun/servlet/solicitudotadjuntos?71fda420fa0adb2c95be63a97f854450a3b628f75d2eaaf66213e0c1e8feb2a42b70d863e889e750db72409e16321bf6,gx-no-cache=1687205604515 HTTP/1.1" 200 30
190.171.142.42 - - [19/Jun/2023:17:29:19 -0300] "POST /cormun/servlet/solicitudotadjuntos?9866139ee617cdfdb1b1b6d26e8bfe6f,INS,2023,20381,,1, HTTP/1.1" 200 6673
190.171.142.42 - - [19/Jun/2023:17:29:19 -0300] "GET /cormun/PrivateTempStorage/upload_00004019.jpg HTTP/1.1" 200 282815
190.171.142.42 - - [19/Jun/2023:17:29:55 -0300] "GET /cormun/servlet/solicitudotadjuntos?71fda420fa0adb2c95be63a97f854450a3b628f75d2eaaf66213e0c1e8feb2a42b70d863e889e750db72409e16321bf6,gx-no-cache=1687205641010 HTTP/1.1" 200 30
190.171.142.42 - - [19/Jun/2023:17:29:55 -0300] "GET /cormun/servlet/solicitudotadjuntos?71fda420fa0adb2c95be63a97f854450a3b628f75d2eaaf66213e0c1e8feb2a42b70d863e889e750db72409e16321bf6,gx-no-cache=1687205641038 HTTP/1.1" 200 30
190.171.142.42 - - [19/Jun/2023:17:29:55 -0300] "POST /cormun/servlet/solicitudotadjuntos?9866139ee617cdfdb1b1b6d26e8bfe6f,INS,2023,20381,,1,,gx-no-cache=1687205641057 HTTP/1.1" 200 4039
190.171.142.42 - - [19/Jun/2023:17:29:55 -0300] "GET /cormun/static/Resources/blank.jpg HTTP/1.1" 200 631
190.171.153.26 - - [19/Jun/2023:17:30:19 -0300] "GET /cormun/servlet/hlogin HTTP/1.1" 200 1745
41.186.73.134 - - [19/Jun/2023:17:30:40 -0300] "GET /manager/html HTTP/1.1" 401 2474
41.186.73.134 - - [19/Jun/2023:17:31:13 -0300] "GET /manager/html HTTP/1.1" 401 2474
186.67.172.234 - - [19/Jun/2023:17:32:05 -0300] "GET /cormun/servlet/trpermisosgoce? HTTP/1.1" 200 6029
186.67.172.234 - - [19/Jun/2023:17:32:07 -0300] "GET /cormun/servlet/trpermisosgoce? HTTP/1.1" 200 6029
186.67.172.234 - - [19/Jun/2023:17:32:07 -0300] "GET /cormun/servlet/hlogin HTTP/1.1" 200 1737
190.171.143.82 - - [19/Jun/2023:17:33:06 -0300] "GET /cormun/servlet/licenciaspermisos?INS,0,,, HTTP/1.1" 200 6782
190.171.143.82 - - [19/Jun/2023:17:33:07 -0300] "GET /cormun/static/gxcfg.js?202012153173 HTTP/1.1" 200 953
190.171.143.82 - - [19/Jun/2023:17:33:07 -0300] "GET /cormun/static/Resources/Spanish/PXTools.css?14345360 HTTP/1.1" 200 100853
190.171.143.82 - - [19/Jun/2023:17:33:07 -0300] "GET /cormun/static/licenciaspermisos.js?2020121532136 HTTP/1.1" 200 38753
190.171.143.82 - - [19/Jun/2023:17:33:07 -0300] "GET /cormun/static/Resources/prompt.gif HTTP/1.1" 200 902
190.171.143.82 - - [19/Jun/2023:17:33:08 -0300] "GET /cormun/servlet/hlogin HTTP/1.1" 200 1747
190.171.143.82 - - [19/Jun/2023:17:33:08 -0300] "GET /cormun/servlet/licenciaspermisos?INS,0,,, HTTP/1.1" 200 6780
190.171.143.82 - - [19/Jun/2023:17:33:12 -0300] "POST /cormun/servlet/hlogin?5063056c6342725f422d2c7b5ab436a6,gx-no-cache=1687205835985 HTTP/1.1" 200 90
190.171.143.82 - - [19/Jun/2023:17:33:12 -0300] "GET /cormun/servlet/hpexe_link HTTP/1.1" 200 967
190.171.143.82 - - [19/Jun/2023:17:33:12 -0300] "GET /cormun/servlet/licenciaspermisos?INS,0,,, HTTP/1.1" 200 7814
190.171.143.82 - - [19/Jun/2023:17:33:14 -0300] "GET /cormun/servlet/licenciaspermisos?INS,0,,, HTTP/1.1" 200 7821
190.171.143.82 - - [19/Jun/2023:17:33:17 -0300] "GET /cormun/servlet/trpermisosgoce? HTTP/1.1" 200 15271
190.171.143.82 - - [19/Jun/2023:17:33:17 -0300] "GET /cormun/static/gxcfg.js?2020121631564 HTTP/1.1" 200 953
190.171.143.82 - - [19/Jun/2023:17:33:17 -0300] "GET /cormun/static/trpermisosgoce.js?2020121633681 HTTP/1.1" 200 35904
190.171.143.82 - - [19/Jun/2023:17:33:19 -0300] "GET /cormun/servlet/trpermisosgoce? HTTP/1.1" 200 15261
190.171.143.82 - - [19/Jun/2023:17:33:19 -0300] "GET /cormun//static/Resources/PXToolsGridUpdate.png HTTP/1.1" 200 470
190.171.143.82 - - [19/Jun/2023:17:33:19 -0300] "GET /cormun//static/Resources/PXToolsGridDelete.png HTTP/1.1" 200 538
190.171.143.82 - - [19/Jun/2023:17:33:22 -0300] "GET /cormun/servlet/permisogoce?INS,0,,, HTTP/1.1" 200 7260
190.171.143.82 - - [19/Jun/2023:17:33:22 -0300] "GET /cormun/static/gxcfg.js?20201215124560 HTTP/1.1" 200 953
190.171.143.82 - - [19/Jun/2023:17:33:22 -0300] "GET /cormun/static/permisogoce.js?20201215124939 HTTP/1.1" 200 27790
190.171.143.82 - - [19/Jun/2023:17:33:23 -0300] "GET /cormun/servlet/permisogoce?INS,0,,, HTTP/1.1" 200 7260
190.171.143.82 - - [19/Jun/2023:17:33:33 -0300] "GET /cormun/servlet/permisogoce?a2680f0a0136bc9bddc5a416fb26dd788f581ffa894e29673bfbf9ccf21813e3948a3529d4448eb2f7f7dd41d5c11349c41c6bcedb7ac85a6a4e4243c626884f,gx-no-cache=1687205857752 HTTP/1.1" 200 80
190.171.143.82 - - [19/Jun/2023:17:33:34 -0300] "GET /cormun/static/menuarrow.gif HTTP/1.1" 404 1015
190.171.143.82 - - [19/Jun/2023:17:33:42 -0300] "GET /cormun/servlet/permisogoce?a2680f0a0136bc9bddc5a416fb26dd78f156667f3e596f534e72ac5566158e17a91a20e0c4f81b21b1f345946fb501dfec11dac508e2fed1bde895c6fce95f25,gx-no-cache=1687205866725 HTTP/1.1" 200 47
190.171.143.82 - - [19/Jun/2023:17:33:46 -0300] "POST /cormun/servlet/permisogoce?5063056c6342725f422d2c7b5ab436a6,INS,0,,,,gx-no-cache=1687205869430 HTTP/1.1" 200 93
190.171.143.82 - - [19/Jun/2023:17:33:46 -0300] "GET /cormun/servlet/hpexe_return? HTTP/1.1" 200 1007
190.171.143.82 - - [19/Jun/2023:17:33:46 -0300] "GET /cormun/static/gxcfg.js?20221129846035 HTTP/1.1" 200 953
190.171.143.82 - - [19/Jun/2023:17:33:46 -0300] "GET /cormun/static/hpexe_return.js?20221129846037 HTTP/1.1" 200 1633
190.171.143.82 - - [19/Jun/2023:17:33:46 -0300] "GET /cormun/servlet/trpermisosgoce HTTP/1.1" 200 15416
190.171.143.82 - - [19/Jun/2023:17:33:48 -0300] "GET /cormun/servlet/trpermisosgoce HTTP/1.1" 200 15412
190.171.143.82 - - [19/Jun/2023:17:33:51 -0300] "GET /cormun/servlet/apermisogoceprn?20442017,P,20230619161709,PU HTTP/1.1" 200 1654
41.186.73.134 - - [19/Jun/2023:17:34:49 -0300] "GET /manager/html HTTP/1.1" 401 2474
41.186.73.134 - - [19/Jun/2023:17:35:22 -0300] "GET /manager/html HTTP/1.1" 401 2474
40.77.167.239 - - [19/Jun/2023:17:36:32 -0300] "GET /cormun/servlet/licenciaspermisos?INS,0,,, HTTP/1.1" 200 6769
40.77.167.201 - - [19/Jun/2023:17:36:36 -0300] "GET /cormun/servlet/hpexe_return HTTP/1.1" 200 975
40.77.167.124 - - [19/Jun/2023:17:37:04 -0300] "GET /sitemap.txt HTTP/1.1" 404 983
190.171.142.42 - - [19/Jun/2023:17:38:06 -0300] "GET /cormun/servlet/solicitudotadjuntos?71fda420fa0adb2c95be63a97f854450a3b628f75d2eaaf66213e0c1e8feb2a42b70d863e889e750db72409e16321bf6,gx-no-cache=1687206131368 HTTP/1.1" 200 30
190.171.142.42 - - [19/Jun/2023:17:38:06 -0300] "GET /cormun/servlet/solicitudotadjuntos?71fda420fa0adb2c95be63a97f854450a3b628f75d2eaaf66213e0c1e8feb2a42b70d863e889e750db72409e16321bf6,gx-no-cache=1687206131411 HTTP/1.1" 200 30
190.171.142.42 - - [19/Jun/2023:17:38:06 -0300] "POST /cormun/servlet/solicitudotadjuntos?9866139ee617cdfdb1b1b6d26e8bfe6f,INS,2023,20381,,1, HTTP/1.1" 200 116
190.171.142.42 - - [19/Jun/2023:17:38:06 -0300] "GET /cormun/servlet/hpexe_return? HTTP/1.1" 200 1029
190.171.142.42 - - [19/Jun/2023:17:38:06 -0300] "GET /cormun/servlet/trsolicitudadjuntos?2023,20381, HTTP/1.1" 200 10296
190.171.142.42 - - [19/Jun/2023:17:38:07 -0300] "GET /cormun/servlet/trsolicitudadjuntos?2023,20381, HTTP/1.1" 200 10292
190.171.142.42 - - [19/Jun/2023:17:38:14 -0300] "GET /cormun/servlet/solicitudotadjuntos?INS,2023,20381,,1, HTTP/1.1" 200 6326
190.171.142.42 - - [19/Jun/2023:17:38:15 -0300] "GET /cormun/static/about:blank HTTP/1.1" 404 1011
190.171.142.42 - - [19/Jun/2023:17:38:15 -0300] "GET /cormun/servlet/solicitudotadjuntos?INS,2023,20381,,1, HTTP/1.1" 200 6320
190.171.142.42 - - [19/Jun/2023:17:38:15 -0300] "GET /cormun/servlet/solicitudotadjuntos?71fda420fa0adb2c95be63a97f8544508ce510401e7bc968d48477ce9d7db4daf5385e7f1de1e9e315ba65277fccaf09,gx-no-cache=1687206140742 HTTP/1.1" 200 30
190.171.142.42 - - [19/Jun/2023:17:38:15 -0300] "POST /cormun/servlet/solicitudotadjuntos?9866139ee617cdfdb1b1b6d26e8bfe6f,INS,2023,20381,,1,,gx-no-cache=1687206140760 HTTP/1.1" 200 4150
190.171.142.42 - - [19/Jun/2023:17:38:18 -0300] "POST /cormun/servlet/solicitudotadjuntos?gx-no-cache=1687206143899 HTTP/1.1" 200 26
190.171.142.42 - - [19/Jun/2023:17:38:35 -0300] "GET /cormun/servlet/solicitudotadjuntos?71fda420fa0adb2c95be63a97f8544501fb1c7c1c077903f42abff2daab33440,gx-no-cache=1687206161006 HTTP/1.1" 200 30
190.171.142.42 - - [19/Jun/2023:17:38:35 -0300] "GET /cormun/servlet/solicitudotadjuntos?71fda420fa0adb2c95be63a97f8544501fb1c7c1c077903f42abff2daab33440,gx-no-cache=1687206161024 HTTP/1.1" 200 30
190.171.142.42 - - [19/Jun/2023:17:38:35 -0300] "POST /cormun/servlet/solicitudotadjuntos?9866139ee617cdfdb1b1b6d26e8bfe6f,INS,2023,20381,,1, HTTP/1.1" 200 116
190.171.142.42 - - [19/Jun/2023:17:38:36 -0300] "GET /cormun/servlet/hpexe_return? HTTP/1.1" 200 1029
