190.171.142.42 - - [19/Jun/2023:17:38:36 -0300] "GET /cormun/servlet/trsolicitudadjuntos?2023,20381, HTTP/1.1" 200 10483
190.171.142.42 - - [19/Jun/2023:17:38:36 -0300] "GET /cormun/servlet/trsolicitudadjuntos?2023,20381, HTTP/1.1" 200 10481
190.171.142.42 - - [19/Jun/2023:17:38:56 -0300] "GET /cormun/servlet/solicitudotadjuntos?INS,2023,20381,,1, HTTP/1.1" 200 6326
190.171.142.42 - - [19/Jun/2023:17:38:56 -0300] "GET /cormun/static/about:blank HTTP/1.1" 404 1011
190.171.142.42 - - [19/Jun/2023:17:38:56 -0300] "GET /cormun/servlet/solicitudotadjuntos?INS,2023,20381,,1, HTTP/1.1" 200 6320
190.171.142.42 - - [19/Jun/2023:17:38:56 -0300] "GET /cormun/servlet/solicitudotadjuntos?71fda420fa0adb2c95be63a97f8544508ce510401e7bc968d48477ce9d7db4daf5385e7f1de1e9e315ba65277fccaf09,gx-no-cache=1687206182011 HTTP/1.1" 200 30
190.171.142.42 - - [19/Jun/2023:17:38:56 -0300] "POST /cormun/servlet/solicitudotadjuntos?9866139ee617cdfdb1b1b6d26e8bfe6f,INS,2023,20381,,1,,gx-no-cache=1687206182076 HTTP/1.1" 200 4150
190.171.142.42 - - [19/Jun/2023:17:39:00 -0300] "POST /cormun/servlet/solicitudotadjuntos?gx-no-cache=1687206185698 HTTP/1.1" 200 26
190.171.142.42 - - [19/Jun/2023:17:39:00 -0300] "GET /cormun/servlet/solicitudotadjuntos?71fda420fa0adb2c95be63a97f8544501fb1c7c1c077903f42abff2daab33440,gx-no-cache=1687206185714 HTTP/1.1" 200 30
190.171.142.42 - - [19/Jun/2023:17:39:00 -0300] "GET /cormun/servlet/solicitudotadjuntos?71fda420fa0adb2c95be63a97f8544501fb1c7c1c077903f42abff2daab33440,gx-no-cache=1687206185735 HTTP/1.1" 200 30
190.171.142.42 - - [19/Jun/2023:17:39:00 -0300] "POST /cormun/servlet/solicitudotadjuntos?9866139ee617cdfdb1b1b6d26e8bfe6f,INS,2023,20381,,1,,gx-no-cache=1687206185752 HTTP/1.1" 200 3997
190.171.142.42 - - [19/Jun/2023:17:39:00 -0300] "GET /cormun/static/Shared/jqueryui/images/ui-bg_highlight-soft_100_c6c2c8_1x100.png HTTP/1.1" 404 1117
190.171.142.42 - - [19/Jun/2023:17:39:00 -0300] "GET /cormun/static/Shared/jqueryui/images/ui-icons_82798d_256x240.png HTTP/1.1" 404 1089
190.171.142.42 - - [19/Jun/2023:17:39:00 -0300] "GET /cormun/static/Shared/jqueryui/images/ui-icons_ebccce_256x240.png HTTP/1.1" 404 1089
190.171.142.42 - - [19/Jun/2023:17:39:00 -0300] "GET /cormun/static/Shared/jqueryui/images/ui-bg_flat_55_994d53_40x100.png HTTP/1.1" 404 1097
41.186.73.134 - - [19/Jun/2023:17:39:02 -0300] "GET /manager/html HTTP/1.1" 401 2474
190.171.142.42 - - [19/Jun/2023:17:39:04 -0300] "GET /cormun/servlet/trautorizarsolicitud? HTTP/1.1" 200 7403
190.171.142.42 - - [19/Jun/2023:17:39:04 -0300] "GET /cormun/servlet/trautorizarsolicitud? HTTP/1.1" 200 7383
190.171.142.42 - - [19/Jun/2023:17:39:13 -0300] "GET /cormun/servlet/trautorizarsolicitud? HTTP/1.1" 200 7383
190.171.142.42 - - [19/Jun/2023:17:39:13 -0300] "GET /cormun/servlet/trautorizarsolicitud? HTTP/1.1" 200 7383
190.171.142.42 - - [19/Jun/2023:17:39:17 -0300] "GET /cormun/servlet/trautorizarsolicitud? HTTP/1.1" 200 7383
190.171.142.42 - - [19/Jun/2023:17:39:17 -0300] "GET /cormun/servlet/trautorizarsolicitud? HTTP/1.1" 200 7383
190.171.142.42 - - [19/Jun/2023:17:39:27 -0300] "POST /cormun/servlet/trautorizarsolicitud?9866139ee617cdfdb1b1b6d26e8bfe6f,,gx-no-cache=1687206212583 HTTP/1.1" 200 8729
190.171.142.50 - - [19/Jun/2023:17:39:33 -0300] "GET /cormun/servlet/trlicencias HTTP/1.1" 200 7858
190.171.142.50 - - [19/Jun/2023:17:39:33 -0300] "GET /cormun/servlet/hlogin HTTP/1.1" 200 1734
190.171.142.50 - - [19/Jun/2023:17:39:33 -0300] "GET /cormun/servlet/trlicencias HTTP/1.1" 200 7856
190.171.142.42 - - [19/Jun/2023:17:39:34 -0300] "POST /cormun/servlet/trautorizarsolicitud?9866139ee617cdfdb1b1b6d26e8bfe6f,,gx-no-cache=1687206219407 HTTP/1.1" 200 107
190.171.142.42 - - [19/Jun/2023:17:39:34 -0300] "GET /cormun/servlet/trsolicitudadjuntos?2023,20381, HTTP/1.1" 200 10479
41.186.73.134 - - [19/Jun/2023:17:39:34 -0300] "GET /manager/html HTTP/1.1" 401 2474
190.171.142.42 - - [19/Jun/2023:17:39:35 -0300] "GET /cormun/servlet/trsolicitudadjuntos?2023,20381, HTTP/1.1" 200 10478
190.171.142.50 - - [19/Jun/2023:17:39:41 -0300] "POST /cormun/servlet/hlogin?be12e83f835398eb4aa5c32bdb7c9c5e,gx-no-cache=1687206225118 HTTP/1.1" 200 90
190.171.142.50 - - [19/Jun/2023:17:39:41 -0300] "GET /cormun/servlet/hpexe_link HTTP/1.1" 200 953
190.171.142.50 - - [19/Jun/2023:17:39:41 -0300] "GET /cormun/servlet/trlicencias HTTP/1.1" 200 13603
190.171.142.50 - - [19/Jun/2023:17:39:41 -0300] "GET /cormun/servlet/trlicencias HTTP/1.1" 200 13623
190.171.142.42 - - [19/Jun/2023:17:39:48 -0300] "GET /cormun/servlet/trautorizarsolicitud? HTTP/1.1" 200 11484
190.171.142.42 - - [19/Jun/2023:17:39:48 -0300] "GET /cormun/servlet/trautorizarsolicitud? HTTP/1.1" 200 11477
190.171.142.42 - - [19/Jun/2023:17:39:56 -0300] "POST /cormun/servlet/trautorizarsolicitud?9866139ee617cdfdb1b1b6d26e8bfe6f,,gx-no-cache=1687206241734 HTTP/1.1" 200 8751
190.171.142.42 - - [19/Jun/2023:17:39:56 -0300] "GET /cormun/static/Shared/jqueryui/images/ui-bg_highlight-soft_100_c6c2c8_1x100.png HTTP/1.1" 404 1117
190.171.142.42 - - [19/Jun/2023:17:39:56 -0300] "GET /cormun/static/Shared/jqueryui/images/ui-bg_flat_55_fafafa_40x100.png HTTP/1.1" 404 1097
190.171.142.42 - - [19/Jun/2023:17:39:56 -0300] "GET /cormun/static/Shared/jqueryui/images/ui-icons_8d78a5_256x240.png HTTP/1.1" 404 1089
190.171.142.42 - - [19/Jun/2023:17:39:56 -0300] "GET /cormun/static/Shared/jqueryui/images/ui-icons_82798d_256x240.png HTTP/1.1" 404 1089
190.171.142.42 - - [19/Jun/2023:17:40:18 -0300] "POST /cormun/servlet/trautorizarsolicitud?9866139ee617cdfdb1b1b6d26e8bfe6f,,gx-no-cache=1687206263500 HTTP/1.1" 200 8751
190.171.142.42 - - [19/Jun/2023:17:40:24 -0300] "GET /cormun/servlet/veautorizarsolicitud?2023,20381,, HTTP/1.1" 200 8673
190.171.142.42 - - [19/Jun/2023:17:40:24 -0300] "GET /cormun/pexe_scrolldiv.js HTTP/1.1" 404 1009
190.171.142.42 - - [19/Jun/2023:17:40:24 -0300] "GET /cormun/servlet/veautorizarsolicitud?2023,20381,, HTTP/1.1" 200 8673
190.171.142.42 - - [19/Jun/2023:17:40:27 -0300] "GET /cormun/servlet/veautorizarsolicitud?2023,20381,,SolicitudOTAdjuntos HTTP/1.1" 200 11445
190.171.142.42 - - [19/Jun/2023:17:40:27 -0300] "GET /cormun/pexe_scrolldiv.js HTTP/1.1" 404 1009
190.171.142.42 - - [19/Jun/2023:17:40:28 -0300] "GET /cormun/servlet/veautorizarsolicitud?2023,20381,,SolicitudOTAdjuntos HTTP/1.1" 200 11449
190.171.142.42 - - [19/Jun/2023:17:40:28 -0300] "POST /cormun/servlet/acontrolpreferencessavestate?None,ICESPEDES,true HTTP/1.1" 200 35
45.84.172.206 - - [19/Jun/2023:17:40:31 -0300] "POST /goform/set_LimitClient_cfg HTTP/1.1" 400 -
190.171.142.42 - - [19/Jun/2023:17:40:32 -0300] "GET /cormun/servlet/trautorizarsolicitud? HTTP/1.1" 200 11484
190.171.142.42 - - [19/Jun/2023:17:40:32 -0300] "GET /cormun/servlet/trautorizarsolicitud? HTTP/1.1" 200 11477
190.171.142.42 - - [19/Jun/2023:17:40:35 -0300] "POST /cormun/servlet/trautorizarsolicitud?9866139ee617cdfdb1b1b6d26e8bfe6f,,gx-no-cache=1687206280081 HTTP/1.1" 200 8748
190.171.142.42 - - [19/Jun/2023:17:40:35 -0300] "GET /cormun/static/Shared/jqueryui/images/ui-bg_highlight-soft_100_c6c2c8_1x100.png HTTP/1.1" 404 1117
190.171.142.42 - - [19/Jun/2023:17:40:35 -0300] "GET /cormun/static/Shared/jqueryui/images/ui-icons_82798d_256x240.png HTTP/1.1" 404 1089
190.171.142.42 - - [19/Jun/2023:17:40:35 -0300] "GET /cormun/static/Shared/jqueryui/images/ui-bg_flat_55_fafafa_40x100.png HTTP/1.1" 404 1097
190.171.142.42 - - [19/Jun/2023:17:40:35 -0300] "GET /cormun/static/Shared/jqueryui/images/ui-icons_8d78a5_256x240.png HTTP/1.1" 404 1089
190.171.142.42 - - [19/Jun/2023:17:40:48 -0300] "POST /cormun/servlet/trautorizarsolicitud?9866139ee617cdfdb1b1b6d26e8bfe6f,,gx-no-cache=1687206293351 HTTP/1.1" 200 4573
190.171.142.42 - - [19/Jun/2023:17:41:05 -0300] "POST /cormun/servlet/trautorizarsolicitud?9866139ee617cdfdb1b1b6d26e8bfe6f,,gx-no-cache=1687206310909 HTTP/1.1" 200 8735
190.171.142.42 - - [19/Jun/2023:17:41:08 -0300] "POST /cormun/servlet/trautorizarsolicitud?9866139ee617cdfdb1b1b6d26e8bfe6f,,gx-no-cache=1687206313956 HTTP/1.1" 200 8748
190.171.142.42 - - [19/Jun/2023:17:41:16 -0300] "GET /cormun/servlet/trautorizarsolicitud? HTTP/1.1" 200 11477
190.171.142.42 - - [19/Jun/2023:17:41:16 -0300] "GET /cormun/servlet/trautorizarsolicitud? HTTP/1.1" 200 11477
190.171.142.42 - - [19/Jun/2023:17:41:18 -0300] "POST /cormun/servlet/trautorizarsolicitud?9866139ee617cdfdb1b1b6d26e8bfe6f,,gx-no-cache=1687206324034 HTTP/1.1" 200 8741
190.171.142.42 - - [19/Jun/2023:17:41:19 -0300] "GET /cormun/static/Shared/jqueryui/images/ui-bg_highlight-soft_100_c6c2c8_1x100.png HTTP/1.1" 404 1117
190.171.142.42 - - [19/Jun/2023:17:41:19 -0300] "GET /cormun/static/Shared/jqueryui/images/ui-icons_82798d_256x240.png HTTP/1.1" 404 1089
190.171.142.42 - - [19/Jun/2023:17:41:19 -0300] "GET /cormun/static/Shared/jqueryui/images/ui-bg_flat_55_fafafa_40x100.png HTTP/1.1" 404 1097
190.171.142.42 - - [19/Jun/2023:17:41:19 -0300] "GET /cormun/static/Shared/jqueryui/images/ui-icons_8d78a5_256x240.png HTTP/1.1" 404 1089
190.171.142.42 - - [19/Jun/2023:17:41:26 -0300] "GET /cormun/servlet/trvisualizadoreventos? HTTP/1.1" 200 7043
190.171.142.42 - - [19/Jun/2023:17:41:26 -0300] "GET /cormun/static/gxcfg.js?202211298474834 HTTP/1.1" 200 953
190.171.142.42 - - [19/Jun/2023:17:41:26 -0300] "GET /cormun/static/Resources/PXToolsActionPrint.png HTTP/1.1" 200 404
190.171.142.42 - - [19/Jun/2023:17:41:26 -0300] "GET /cormun/static/trvisualizadoreventos.js?202211298474971 HTTP/1.1" 200 19318
190.171.142.42 - - [19/Jun/2023:17:41:26 -0300] "GET /cormun/servlet/trvisualizadoreventos? HTTP/1.1" 200 7043
190.171.142.42 - - [19/Jun/2023:17:41:33 -0300] "POST /cormun/servlet/trvisualizadoreventos?9866139ee617cdfdb1b1b6d26e8bfe6f,,gx-no-cache=1687206338494 HTTP/1.1" 200 4288
190.171.142.42 - - [19/Jun/2023:17:41:37 -0300] "GET /cormun/servlet/trautorizarsolicitud? HTTP/1.1" 200 11477
190.171.142.42 - - [19/Jun/2023:17:41:37 -0300] "GET /cormun/servlet/trautorizarsolicitud? HTTP/1.1" 200 11477
190.171.142.42 - - [19/Jun/2023:17:41:48 -0300] "GET /cormun/servlet/treventos?2023,20381, HTTP/1.1" 200 6338
190.171.142.42 - - [19/Jun/2023:17:41:48 -0300] "GET /cormun/servlet/treventos?2023,20381, HTTP/1.1" 200 6337
190.171.142.42 - - [19/Jun/2023:17:41:54 -0300] "GET /cormun/servlet/trautorizarsolicitud? HTTP/1.1" 200 11477
190.171.142.42 - - [19/Jun/2023:17:41:55 -0300] "GET /cormun/servlet/trautorizarsolicitud? HTTP/1.1" 200 11477
190.171.142.42 - - [19/Jun/2023:17:41:59 -0300] "POST /cormun/servlet/trautorizarsolicitud?9866139ee617cdfdb1b1b6d26e8bfe6f,,gx-no-cache=1687206364459 HTTP/1.1" 200 8731
190.171.142.42 - - [19/Jun/2023:17:42:01 -0300] "POST /cormun/servlet/trautorizarsolicitud?9866139ee617cdfdb1b1b6d26e8bfe6f,,gx-no-cache=1687206366797 HTTP/1.1" 200 8744
190.171.142.42 - - [19/Jun/2023:17:42:01 -0300] "GET /cormun/static/Shared/jqueryui/images/ui-bg_highlight-soft_100_c6c2c8_1x100.png HTTP/1.1" 404 1117
190.171.142.42 - - [19/Jun/2023:17:42:01 -0300] "GET /cormun/static/Shared/jqueryui/images/ui-icons_82798d_256x240.png HTTP/1.1" 404 1089
190.171.142.42 - - [19/Jun/2023:17:42:01 -0300] "GET /cormun/static/Shared/jqueryui/images/ui-bg_flat_55_fafafa_40x100.png HTTP/1.1" 404 1097
190.171.142.42 - - [19/Jun/2023:17:42:01 -0300] "GET /cormun/static/Shared/jqueryui/images/ui-icons_8d78a5_256x240.png HTTP/1.1" 404 1089
190.171.142.42 - - [19/Jun/2023:17:42:13 -0300] "POST /cormun/servlet/trautorizarsolicitud?9866139ee617cdfdb1b1b6d26e8bfe6f,,gx-no-cache=1687206378393 HTTP/1.1" 200 4566
190.171.142.42 - - [19/Jun/2023:17:42:19 -0300] "GET /cormun/servlet/hlogin HTTP/1.1" 200 1746
190.171.142.42 - - [19/Jun/2023:17:42:27 -0300] "POST /cormun/servlet/hlogin?9866139ee617cdfdb1b1b6d26e8bfe6f,gx-no-cache=1687206392766 HTTP/1.1" 200 463
190.171.142.42 - - [19/Jun/2023:17:42:36 -0300] "POST /cormun/servlet/hlogin?9866139ee617cdfdb1b1b6d26e8bfe6f,gx-no-cache=1687206401475 HTTP/1.1" 200 463
190.171.142.42 - - [19/Jun/2023:17:42:52 -0300] "POST /cormun/servlet/hlogin?9866139ee617cdfdb1b1b6d26e8bfe6f,gx-no-cache=1687206417545 HTTP/1.1" 200 90
190.171.142.42 - - [19/Jun/2023:17:42:52 -0300] "GET /cormun/servlet/hpexe_link HTTP/1.1" 200 965
190.171.142.42 - - [19/Jun/2023:17:42:52 -0300] "GET /cormun/servlet/trautorizarsolicitud? HTTP/1.1" 200 7384
190.171.142.42 - - [19/Jun/2023:17:42:52 -0300] "GET /cormun/servlet/trautorizarsolicitud? HTTP/1.1" 200 7383
190.171.142.42 - - [19/Jun/2023:17:43:00 -0300] "POST /cormun/servlet/trautorizarsolicitud?9866139ee617cdfdb1b1b6d26e8bfe6f,,gx-no-cache=1687206425167 HTTP/1.1" 200 4555
190.171.142.42 - - [19/Jun/2023:17:43:03 -0300] "POST /cormun/servlet/trautorizarsolicitud?9866139ee617cdfdb1b1b6d26e8bfe6f,,gx-no-cache=1687206428914 HTTP/1.1" 200 4555
190.171.142.42 - - [19/Jun/2023:17:43:11 -0300] "POST /cormun/servlet/trautorizarsolicitud?9866139ee617cdfdb1b1b6d26e8bfe6f,,gx-no-cache=1687206436360 HTTP/1.1" 200 5980
41.186.73.134 - - [19/Jun/2023:17:43:19 -0300] "GET /manager/html HTTP/1.1" 401 2474
190.171.142.42 - - [19/Jun/2023:17:43:24 -0300] "POST /cormun/servlet/trautorizarsolicitud?9866139ee617cdfdb1b1b6d26e8bfe6f,,gx-no-cache=1687206449529 HTTP/1.1" 200 5992
190.171.142.42 - - [19/Jun/2023:17:43:24 -0300] "GET /cormun/static/Shared/jqueryui/images/ui-bg_highlight-soft_100_c6c2c8_1x100.png HTTP/1.1" 404 1117
190.171.142.42 - - [19/Jun/2023:17:43:24 -0300] "GET /cormun/static/Shared/jqueryui/images/ui-bg_flat_55_fafafa_40x100.png HTTP/1.1" 404 1097
190.171.142.42 - - [19/Jun/2023:17:43:24 -0300] "GET /cormun/static/Shared/jqueryui/images/ui-icons_82798d_256x240.png HTTP/1.1" 404 1089
190.171.142.42 - - [19/Jun/2023:17:43:24 -0300] "GET /cormun/static/Shared/jqueryui/images/ui-icons_8d78a5_256x240.png HTTP/1.1" 404 1089
190.171.142.42 - - [19/Jun/2023:17:43:25 -0300] "POST /cormun/servlet/trautorizarsolicitud?9866139ee617cdfdb1b1b6d26e8bfe6f,,gx-no-cache=1687206450887 HTTP/1.1" 200 5992
190.171.142.42 - - [19/Jun/2023:17:43:26 -0300] "POST /cormun/servlet/trautorizarsolicitud?9866139ee617cdfdb1b1b6d26e8bfe6f,,gx-no-cache=1687206452002 HTTP/1.1" 200 5994
190.171.142.42 - - [19/Jun/2023:17:43:27 -0300] "POST /cormun/servlet/trautorizarsolicitud?9866139ee617cdfdb1b1b6d26e8bfe6f,,gx-no-cache=1687206453084 HTTP/1.1" 200 5994
190.171.142.42 - - [19/Jun/2023:17:43:38 -0300] "POST /cormun/servlet/trautorizarsolicitud?9866139ee617cdfdb1b1b6d26e8bfe6f,,gx-no-cache=1687206464051 HTTP/1.1" 200 5977
190.171.142.42 - - [19/Jun/2023:17:43:46 -0300] "POST /cormun/servlet/trautorizarsolicitud?9866139ee617cdfdb1b1b6d26e8bfe6f,,gx-no-cache=1687206471706 HTTP/1.1" 200 4556
190.171.142.42 - - [19/Jun/2023:17:43:47 -0300] "POST /cormun/servlet/trautorizarsolicitud?9866139ee617cdfdb1b1b6d26e8bfe6f,,gx-no-cache=1687206472876 HTTP/1.1" 200 4556
41.186.73.134 - - [19/Jun/2023:17:43:52 -0300] "GET /manager/html HTTP/1.1" 401 2474
190.171.142.42 - - [19/Jun/2023:17:43:55 -0300] "POST /cormun/servlet/trautorizarsolicitud?9866139ee617cdfdb1b1b6d26e8bfe6f,,gx-no-cache=1687206480098 HTTP/1.1" 200 5980
190.171.142.42 - - [19/Jun/2023:17:43:58 -0300] "POST /cormun/servlet/trautorizarsolicitud?9866139ee617cdfdb1b1b6d26e8bfe6f,,gx-no-cache=1687206483639 HTTP/1.1" 200 5991
190.171.142.42 - - [19/Jun/2023:17:43:59 -0300] "POST /cormun/servlet/trautorizarsolicitud?9866139ee617cdfdb1b1b6d26e8bfe6f,,gx-no-cache=1687206484657 HTTP/1.1" 200 5992
190.171.142.42 - - [19/Jun/2023:17:44:00 -0300] "POST /cormun/servlet/trautorizarsolicitud?9866139ee617cdfdb1b1b6d26e8bfe6f,,gx-no-cache=1687206485318 HTTP/1.1" 200 5991
190.171.142.42 - - [19/Jun/2023:17:44:00 -0300] "POST /cormun/servlet/trautorizarsolicitud?9866139ee617cdfdb1b1b6d26e8bfe6f,,gx-no-cache=1687206485579 HTTP/1.1" 200 5992
190.171.142.42 - - [19/Jun/2023:17:44:04 -0300] "POST /cormun/servlet/trautorizarsolicitud?9866139ee617cdfdb1b1b6d26e8bfe6f,,gx-no-cache=1687206489878 HTTP/1.1" 200 5980
190.171.142.42 - - [19/Jun/2023:17:44:05 -0300] "POST /cormun/servlet/trautorizarsolicitud?9866139ee617cdfdb1b1b6d26e8bfe6f,,gx-no-cache=1687206491028 HTTP/1.1" 200 5980
190.171.142.42 - - [19/Jun/2023:17:44:06 -0300] "POST /cormun/servlet/trautorizarsolicitud?9866139ee617cdfdb1b1b6d26e8bfe6f,,gx-no-cache=1687206491512 HTTP/1.1" 200 5979
190.171.142.42 - - [19/Jun/2023:17:44:14 -0300] "POST /cormun/servlet/trautorizarsolicitud?9866139ee617cdfdb1b1b6d26e8bfe6f,,gx-no-cache=1687206499880 HTTP/1.1" 200 5980
190.171.142.42 - - [19/Jun/2023:17:44:19 -0300] "GET /cormun/servlet/veautorizarsolicitud?2023,20381,, HTTP/1.1" 200 8673
190.171.142.42 - - [19/Jun/2023:17:44:19 -0300] "GET /cormun/pexe_scrolldiv.js HTTP/1.1" 404 1009
190.171.142.42 - - [19/Jun/2023:17:44:19 -0300] "GET /cormun/servlet/veautorizarsolicitud?2023,20381,, HTTP/1.1" 200 8673
190.171.142.42 - - [19/Jun/2023:17:44:21 -0300] "GET /cormun/servlet/veautorizarsolicitud?2023,20381,,SolicitudOTAdjuntos HTTP/1.1" 200 11444
190.171.142.42 - - [19/Jun/2023:17:44:21 -0300] "GET /cormun/pexe_scrolldiv.js HTTP/1.1" 404 1009
190.171.142.42 - - [19/Jun/2023:17:44:21 -0300] "GET /cormun/servlet/veautorizarsolicitud?2023,20381,,SolicitudOTAdjuntos HTTP/1.1" 200 11448
190.171.142.42 - - [19/Jun/2023:17:44:22 -0300] "POST /cormun/servlet/acontrolpreferencessavestate?None,ICESPEDES,true HTTP/1.1" 200 35
190.171.142.42 - - [19/Jun/2023:17:44:24 -0300] "GET /cormun/servlet/veautorizarsolicitud?2023,20381,,SolicitudOTLog HTTP/1.1" 200 7492
190.171.142.42 - - [19/Jun/2023:17:44:24 -0300] "GET /cormun/pexe_scrolldiv.js HTTP/1.1" 404 1009
190.171.142.42 - - [19/Jun/2023:17:44:24 -0300] "GET /cormun/servlet/veautorizarsolicitud?2023,20381,,SolicitudOTLog HTTP/1.1" 200 7492
190.171.142.42 - - [19/Jun/2023:17:44:25 -0300] "POST /cormun/servlet/acontrolpreferencessavestate?None,ICESPEDES,true HTTP/1.1" 200 35
190.171.142.42 - - [19/Jun/2023:17:44:26 -0300] "GET /cormun/servlet/veautorizarsolicitud?2023,20381,,General HTTP/1.1" 200 8677
190.171.142.42 - - [19/Jun/2023:17:44:26 -0300] "GET /cormun/pexe_scrolldiv.js HTTP/1.1" 404 1009
190.171.142.42 - - [19/Jun/2023:17:44:26 -0300] "GET /cormun/servlet/veautorizarsolicitud?2023,20381,,General HTTP/1.1" 200 8677
190.171.142.42 - - [19/Jun/2023:17:44:29 -0300] "POST /cormun/servlet/veautorizarsolicitud?9866139ee617cdfdb1b1b6d26e8bfe6f,2023,20381,,General,gx-no-cache=1687206514987 HTTP/1.1" 200 93
190.171.142.42 - - [19/Jun/2023:17:44:29 -0300] "GET /cormun/servlet/hpexe_return? HTTP/1.1" 200 1026
190.171.142.42 - - [19/Jun/2023:17:44:30 -0300] "GET /cormun/servlet/trautorizarsolicitud? HTTP/1.1" 200 8817
190.171.142.42 - - [19/Jun/2023:17:44:30 -0300] "GET /cormun/servlet/trautorizarsolicitud? HTTP/1.1" 200 8814
190.171.142.42 - - [19/Jun/2023:17:44:33 -0300] "POST /cormun/servlet/trautorizarsolicitud?9866139ee617cdfdb1b1b6d26e8bfe6f,,gx-no-cache=1687206518224 HTTP/1.1" 200 5994
190.171.142.42 - - [19/Jun/2023:17:44:33 -0300] "GET /cormun/static/Shared/jqueryui/images/ui-bg_highlight-soft_100_c6c2c8_1x100.png HTTP/1.1" 404 1117
190.171.142.42 - - [19/Jun/2023:17:44:33 -0300] "GET /cormun/static/Shared/jqueryui/images/ui-icons_82798d_256x240.png HTTP/1.1" 404 1089
190.171.142.42 - - [19/Jun/2023:17:44:33 -0300] "GET /cormun/static/Shared/jqueryui/images/ui-bg_flat_55_fafafa_40x100.png HTTP/1.1" 404 1097
190.171.142.42 - - [19/Jun/2023:17:44:33 -0300] "GET /cormun/static/Shared/jqueryui/images/ui-icons_8d78a5_256x240.png HTTP/1.1" 404 1089
190.171.142.42 - - [19/Jun/2023:17:44:36 -0300] "GET /cormun/servlet/trlicencias? HTTP/1.1" 200 14454
190.171.142.42 - - [19/Jun/2023:17:44:37 -0300] "GET /cormun/servlet/trlicencias? HTTP/1.1" 200 14452
190.171.142.42 - - [19/Jun/2023:17:44:56 -0300] "GET /cormun/servlet/trsolicitudot? HTTP/1.1" 200 8930
190.171.142.42 - - [19/Jun/2023:17:44:56 -0300] "GET /cormun/servlet/trsolicitudot? HTTP/1.1" 200 8930
190.171.142.42 - - [19/Jun/2023:17:45:02 -0300] "POST /cormun/servlet/trsolicitudot?9866139ee617cdfdb1b1b6d26e8bfe6f,,gx-no-cache=1687206547871 HTTP/1.1" 200 4891
190.171.142.42 - - [19/Jun/2023:17:45:02 -0300] "GET /cormun/static/Shared/jqueryui/images/ui-bg_highlight-soft_100_c6c2c8_1x100.png HTTP/1.1" 404 1117
190.171.142.42 - - [19/Jun/2023:17:45:02 -0300] "GET /cormun/static/Shared/jqueryui/images/ui-icons_82798d_256x240.png HTTP/1.1" 404 1089
190.171.142.42 - - [19/Jun/2023:17:45:02 -0300] "GET /cormun/static/Shared/jqueryui/images/ui-bg_flat_55_fafafa_40x100.png HTTP/1.1" 404 1097
190.171.142.42 - - [19/Jun/2023:17:45:02 -0300] "GET /cormun/static/Shared/jqueryui/images/ui-icons_8d78a5_256x240.png HTTP/1.1" 404 1089
190.171.142.42 - - [19/Jun/2023:17:45:02 -0300] "POST /cormun/servlet/trsolicitudot?9866139ee617cdfdb1b1b6d26e8bfe6f,,gx-no-cache=1687206548032 HTTP/1.1" 200 4617
190.171.149.74 - - [19/Jun/2023:17:45:04 -0300] "GET /cormun/servlet/hlogin HTTP/1.1" 200 1721
190.171.149.74 - - [19/Jun/2023:17:45:08 -0300] "POST /cormun/servlet/hlogin?8c9f6ceb95522139e0bd396a933b0062,gx-no-cache=1687206552682 HTTP/1.1" 200 90
190.171.149.74 - - [19/Jun/2023:17:45:08 -0300] "GET /cormun/servlet/hpexe_link HTTP/1.1" 200 957
190.171.149.74 - - [19/Jun/2023:17:45:09 -0300] "GET /cormun/servlet/trlicencias HTTP/1.1" 200 12582
190.171.149.74 - - [19/Jun/2023:17:45:09 -0300] "GET /cormun/servlet/trlicencias HTTP/1.1" 200 12597
190.171.149.74 - - [19/Jun/2023:17:45:11 -0300] "GET /cormun/servlet/trlicencias? HTTP/1.1" 200 12597
190.171.149.74 - - [19/Jun/2023:17:45:12 -0300] "GET /cormun/servlet/trlicencias? HTTP/1.1" 200 12579
190.171.142.42 - - [19/Jun/2023:17:45:19 -0300] "GET /cormun/servlet/trautorizarsolicitud? HTTP/1.1" 200 7395
190.171.142.42 - - [19/Jun/2023:17:45:19 -0300] "GET /cormun/servlet/trautorizarsolicitud? HTTP/1.1" 200 7395
190.171.142.42 - - [19/Jun/2023:17:45:28 -0300] "POST /cormun/servlet/trautorizarsolicitud?9866139ee617cdfdb1b1b6d26e8bfe6f,,gx-no-cache=1687206573872 HTTP/1.1" 200 8754
190.171.142.42 - - [19/Jun/2023:17:45:40 -0300] "POST /cormun/servlet/trautorizarsolicitud?9866139ee617cdfdb1b1b6d26e8bfe6f,,gx-no-cache=1687206585109 HTTP/1.1" 200 8781
190.171.142.42 - - [19/Jun/2023:17:45:40 -0300] "GET /cormun/static/Shared/jqueryui/images/ui-bg_highlight-soft_100_c6c2c8_1x100.png HTTP/1.1" 404 1117
190.171.142.42 - - [19/Jun/2023:17:45:40 -0300] "GET /cormun/static/Shared/jqueryui/images/ui-bg_flat_55_fafafa_40x100.png HTTP/1.1" 404 1097
190.171.142.42 - - [19/Jun/2023:17:45:40 -0300] "GET /cormun/static/Shared/jqueryui/images/ui-icons_8d78a5_256x240.png HTTP/1.1" 404 1089
190.171.142.42 - - [19/Jun/2023:17:45:40 -0300] "GET /cormun/static/Shared/jqueryui/images/ui-icons_82798d_256x240.png HTTP/1.1" 404 1089
190.171.142.42 - - [19/Jun/2023:17:45:41 -0300] "POST /cormun/servlet/trautorizarsolicitud?9866139ee617cdfdb1b1b6d26e8bfe6f,,gx-no-cache=1687206585931 HTTP/1.1" 200 8728
192.168.10.17 - - [19/Jun/2023:17:45:47 -0300] "GET /cormun/servlet/trsolicitudgral? HTTP/1.1" 200 18707
200.54.100.179 - - [19/Jun/2023:17:45:47 -0300] "GET /cormun/servlet/trlicencias HTTP/1.1" 200 7867
192.168.10.17 - - [19/Jun/2023:17:45:47 -0300] "GET /cormun/servlet/trsolicitudgral? HTTP/1.1" 200 18703
200.54.100.179 - - [19/Jun/2023:17:45:47 -0300] "GET /cormun/servlet/hlogin HTTP/1.1" 200 1741
200.54.100.179 - - [19/Jun/2023:17:45:48 -0300] "GET /cormun/servlet/trlicencias HTTP/1.1" 200 7865
190.171.142.42 - - [19/Jun/2023:17:45:55 -0300] "POST /cormun/servlet/trautorizarsolicitud?9866139ee617cdfdb1b1b6d26e8bfe6f,,gx-no-cache=1687206600322 HTTP/1.1" 200 8764
190.171.142.10 - - [19/Jun/2023:17:45:59 -0300] "POST /cormun/servlet/trsolicitudot?717818a9ad32ab00e53887df7fbd6477,,gx-no-cache=1687206603989 HTTP/1.1" 440 972
192.168.10.17 - - [19/Jun/2023:17:46:00 -0300] "GET /cormun/servlet/vesolicitudgral?2023,20381,, HTTP/1.1" 200 8416
192.168.10.17 - - [19/Jun/2023:17:46:00 -0300] "GET /cormun/pexe_scrolldiv.js HTTP/1.1" 404 1009
192.168.10.17 - - [19/Jun/2023:17:46:00 -0300] "GET /cormun/servlet/vesolicitudgral?2023,20381,, HTTP/1.1" 200 8415
192.168.10.17 - - [19/Jun/2023:17:46:02 -0300] "POST /cormun/servlet/vesolicitudgral?188ba8579fbab3079d0f1cbc2cb17fe8,2023,20381,,,gx-no-cache=1687206588854 HTTP/1.1" 200 12236
192.168.10.17 - - [19/Jun/2023:17:46:02 -0300] "GET /cormun/static/Shared/jqueryui/images/ui-bg_highlight-soft_100_c6c2c8_1x100.png HTTP/1.1" 404 1117
192.168.10.17 - - [19/Jun/2023:17:46:02 -0300] "GET /cormun/static/Shared/jqueryui/images/ui-icons_82798d_256x240.png HTTP/1.1" 404 1089
192.168.10.17 - - [19/Jun/2023:17:46:02 -0300] "GET /cormun/static/Shared/jqueryui/images/ui-icons_8d78a5_256x240.png HTTP/1.1" 404 1089
192.168.10.17 - - [19/Jun/2023:17:46:02 -0300] "GET /cormun/static/Shared/jqueryui/images/ui-bg_flat_55_fafafa_40x100.png HTTP/1.1" 404 1097
192.168.10.17 - - [19/Jun/2023:17:46:02 -0300] "POST /cormun/servlet/vesolicitudgral?188ba8579fbab3079d0f1cbc2cb17fe8,2023,20381,,,gx-no-cache=1687206589049 HTTP/1.1" 200 12169
190.171.149.82 - - [19/Jun/2023:17:46:04 -0300] "GET /cormun/servlet/hlogin HTTP/1.1" 200 1723
190.171.142.42 - - [19/Jun/2023:17:46:13 -0300] "POST /cormun/servlet/trautorizarsolicitud?9866139ee617cdfdb1b1b6d26e8bfe6f,,gx-no-cache=1687206618969 HTTP/1.1" 200 4566
190.171.149.82 - - [19/Jun/2023:17:46:16 -0300] "POST /cormun/servlet/hlogin?18ac207b679be5c7c11fbc967b952f55,gx-no-cache=1687206620851 HTTP/1.1" 200 90
190.171.149.82 - - [19/Jun/2023:17:46:16 -0300] "GET /cormun/servlet/hpexe_link HTTP/1.1" 200 953
190.171.149.82 - - [19/Jun/2023:17:46:17 -0300] "GET /cormun/servlet/hhome HTTP/1.1" 200 3931
190.171.149.82 - - [19/Jun/2023:17:46:17 -0300] "GET /cormun/servlet/hhome HTTP/1.1" 200 3928
190.171.142.42 - - [19/Jun/2023:17:46:18 -0300] "POST /cormun/servlet/trautorizarsolicitud?9866139ee617cdfdb1b1b6d26e8bfe6f,,gx-no-cache=1687206623715 HTTP/1.1" 200 4565
190.171.142.42 - - [19/Jun/2023:17:46:22 -0300] "POST /cormun/servlet/trautorizarsolicitud?9866139ee617cdfdb1b1b6d26e8bfe6f,,gx-no-cache=1687206627286 HTTP/1.1" 200 4567
192.168.10.17 - - [19/Jun/2023:17:46:24 -0300] "GET /cormun/servlet/trsolicitudgral? HTTP/1.1" 200 18152
192.168.10.17 - - [19/Jun/2023:17:46:25 -0300] "GET /cormun/servlet/trsolicitudgral? HTTP/1.1" 200 18148
190.171.142.42 - - [19/Jun/2023:17:46:28 -0300] "POST /cormun/servlet/trautorizarsolicitud?9866139ee617cdfdb1b1b6d26e8bfe6f,,gx-no-cache=1687206633403 HTTP/1.1" 200 4567
190.171.149.82 - - [19/Jun/2023:17:46:41 -0300] "GET /cormun/servlet/trsolicitudot? HTTP/1.1" 200 7148
190.171.149.82 - - [19/Jun/2023:17:46:42 -0300] "GET /cormun/servlet/trsolicitudot? HTTP/1.1" 200 7147
190.171.149.82 - - [19/Jun/2023:17:46:44 -0300] "GET /cormun/servlet/solicitudot?INS,0,0,false, HTTP/1.1" 200 15813
190.171.149.82 - - [19/Jun/2023:17:46:44 -0300] "GET /cormun/servlet/solicitudot?INS,0,0,false, HTTP/1.1" 200 15820
192.168.10.17 - - [19/Jun/2023:17:46:50 -0300] "GET /cormun/servlet/vesolicitudgral?2023,20379,, HTTP/1.1" 200 8345
192.168.10.17 - - [19/Jun/2023:17:46:50 -0300] "GET /cormun/pexe_scrolldiv.js HTTP/1.1" 404 1009
192.168.10.17 - - [19/Jun/2023:17:46:50 -0300] "GET /cormun/servlet/vesolicitudgral?2023,20379,, HTTP/1.1" 200 8344
192.168.10.17 - - [19/Jun/2023:17:46:55 -0300] "POST /cormun/servlet/vesolicitudgral?188ba8579fbab3079d0f1cbc2cb17fe8,2023,20379,,,gx-no-cache=1687206642435 HTTP/1.1" 200 12178
192.168.10.17 - - [19/Jun/2023:17:46:55 -0300] "GET /cormun/static/Shared/jqueryui/images/ui-icons_82798d_256x240.png HTTP/1.1" 404 1089
192.168.10.17 - - [19/Jun/2023:17:46:55 -0300] "GET /cormun/static/Shared/jqueryui/images/ui-bg_highlight-soft_100_c6c2c8_1x100.png HTTP/1.1" 404 1117
192.168.10.17 - - [19/Jun/2023:17:46:55 -0300] "GET /cormun/static/Shared/jqueryui/images/ui-icons_8d78a5_256x240.png HTTP/1.1" 404 1089
192.168.10.17 - - [19/Jun/2023:17:46:55 -0300] "GET /cormun/static/Shared/jqueryui/images/ui-bg_flat_55_fafafa_40x100.png HTTP/1.1" 404 1097
192.168.10.17 - - [19/Jun/2023:17:46:55 -0300] "POST /cormun/servlet/vesolicitudgral?188ba8579fbab3079d0f1cbc2cb17fe8,2023,20379,,,gx-no-cache=1687206642635 HTTP/1.1" 200 12111
190.171.142.10 - - [19/Jun/2023:17:47:02 -0300] "GET /cormun/servlet/trsolicitudot? HTTP/1.1" 200 6324
190.171.142.10 - - [19/Jun/2023:17:47:03 -0300] "GET /cormun/servlet/trsolicitudot? HTTP/1.1" 200 6324
190.171.142.10 - - [19/Jun/2023:17:47:03 -0300] "GET /cormun/servlet/hlogin HTTP/1.1" 200 1740
192.168.10.17 - - [19/Jun/2023:17:47:09 -0300] "GET /cormun/servlet/trsolicitudgral? HTTP/1.1" 200 17809
192.168.10.17 - - [19/Jun/2023:17:47:10 -0300] "GET /cormun/servlet/trsolicitudgral? HTTP/1.1" 200 17804
190.171.142.10 - - [19/Jun/2023:17:47:14 -0300] "POST /cormun/servlet/hlogin?9b0901bbfb5d07f7b095868aee3954ee,gx-no-cache=1687206679605 HTTP/1.1" 200 90
190.171.142.10 - - [19/Jun/2023:17:47:14 -0300] "GET /cormun/servlet/hpexe_link HTTP/1.1" 200 957
190.171.142.10 - - [19/Jun/2023:17:47:15 -0300] "GET /cormun/servlet/trsolicitudot HTTP/1.1" 200 9548
190.171.142.10 - - [19/Jun/2023:17:47:15 -0300] "GET /cormun/servlet/trsolicitudot HTTP/1.1" 200 9546
190.171.142.10 - - [19/Jun/2023:17:47:19 -0300] "POST /cormun/servlet/trsolicitudot?9b0901bbfb5d07f7b095868aee3954ee,gx-no-cache=1687206683955 HTTP/1.1" 200 6686
190.171.142.10 - - [19/Jun/2023:17:47:19 -0300] "GET /cormun/static/Shared/jqueryui/images/ui-icons_82798d_256x240.png HTTP/1.1" 404 1089
190.171.142.10 - - [19/Jun/2023:17:47:19 -0300] "GET /cormun/static/Shared/jqueryui/images/ui-bg_flat_55_fafafa_40x100.png HTTP/1.1" 404 1097
190.171.142.10 - - [19/Jun/2023:17:47:19 -0300] "GET /cormun/static/Shared/jqueryui/images/ui-icons_8d78a5_256x240.png HTTP/1.1" 404 1089
190.171.142.10 - - [19/Jun/2023:17:47:19 -0300] "GET /cormun/static/Shared/jqueryui/images/ui-bg_highlight-soft_100_c6c2c8_1x100.png HTTP/1.1" 404 1117
190.171.142.10 - - [19/Jun/2023:17:47:22 -0300] "GET /cormun/servlet/solicitudot?INS,0,0,false, HTTP/1.1" 200 16083
190.171.142.10 - - [19/Jun/2023:17:47:22 -0300] "GET /cormun/servlet/solicitudot?INS,0,0,false, HTTP/1.1" 200 16090
190.171.149.82 - - [19/Jun/2023:17:47:23 -0300] "POST /cormun/servlet/solicitudot?gx-no-cache=1687206687313 HTTP/1.1" 200 3971
190.171.149.82 - - [19/Jun/2023:17:47:23 -0300] "POST /cormun/servlet/solicitudot?18ac207b679be5c7c11fbc967b952f55,INS,0,0,false,,gx-no-cache=1687206687472 HTTP/1.1" 200 12524
190.171.149.82 - - [19/Jun/2023:17:47:26 -0300] "GET /cormun/servlet/solicitudot?80535ce7e4f39eafd19cd9e157753e5917d3d662f734a3c0f700a0aeb617d3c6bb6babdca4ee4d369c4e955276077d6d,gx-no-cache=1687206690621 HTTP/1.1" 200 30
190.171.142.10 - - [19/Jun/2023:17:47:29 -0300] "GET /cormun/servlet/trsolicitudot? HTTP/1.1" 200 9555
190.171.142.10 - - [19/Jun/2023:17:47:29 -0300] "GET /cormun/servlet/trsolicitudot? HTTP/1.1" 200 9546
41.186.73.134 - - [19/Jun/2023:17:47:31 -0300] "GET /manager/html HTTP/1.1" 401 2474
205.185.126.127 - - [19/Jun/2023:17:47:37 -0300] "CONNECT www.baidu.com:443 HTTP/1.1" 400 -
190.171.142.10 - - [19/Jun/2023:17:47:57 -0300] "GET /cormun/servlet/solicitudot?INS,0,0,false, HTTP/1.1" 200 16083
190.171.142.10 - - [19/Jun/2023:17:47:58 -0300] "GET /cormun/servlet/solicitudot?INS,0,0,false, HTTP/1.1" 200 16090
41.186.73.134 - - [19/Jun/2023:17:48:03 -0300] "GET /manager/html HTTP/1.1" 401 2474
190.171.142.10 - - [19/Jun/2023:17:48:49 -0300] "POST /cormun/servlet/solicitudot?gx-no-cache=1687206773979 HTTP/1.1" 200 3963
190.171.142.10 - - [19/Jun/2023:17:48:49 -0300] "POST /cormun/servlet/solicitudot?9b0901bbfb5d07f7b095868aee3954ee,INS,0,0,false,,gx-no-cache=1687206774108 HTTP/1.1" 200 12799
192.168.10.17 - - [19/Jun/2023:17:48:50 -0300] "POST /cormun/servlet/trsolicitudgral?188ba8579fbab3079d0f1cbc2cb17fe8,,gx-no-cache=1687206756995 HTTP/1.1" 200 6682
192.168.10.17 - - [19/Jun/2023:17:48:52 -0300] "GET /cormun/servlet/vesolicitudgral?2023,20319,, HTTP/1.1" 200 8370
192.168.10.17 - - [19/Jun/2023:17:48:52 -0300] "GET /cormun/pexe_scrolldiv.js HTTP/1.1" 404 1009
192.168.10.17 - - [19/Jun/2023:17:48:52 -0300] "GET /cormun/servlet/vesolicitudgral?2023,20319,, HTTP/1.1" 200 8369
190.171.142.10 - - [19/Jun/2023:17:48:55 -0300] "GET /cormun/servlet/solicitudot?61573915cbc5c90452387f954ef3a48989e60ed0a610d629dbaa4fc5b472500f85cd3f262612332a8ccd0820a36e0cd3,gx-no-cache=1687206780523 HTTP/1.1" 200 111
190.171.142.10 - - [19/Jun/2023:17:48:55 -0300] "GET /cormun/static/Shared/jqueryui/images/ui-bg_highlight-soft_100_c6c2c8_1x100.png HTTP/1.1" 404 1117
190.171.142.10 - - [19/Jun/2023:17:48:55 -0300] "GET /cormun/static/Shared/jqueryui/images/ui-icons_82798d_256x240.png HTTP/1.1" 404 1089
190.171.142.10 - - [19/Jun/2023:17:48:55 -0300] "GET /cormun/static/Shared/jqueryui/images/ui-bg_flat_55_994d53_40x100.png HTTP/1.1" 404 1097
190.171.142.10 - - [19/Jun/2023:17:48:55 -0300] "GET /cormun/static/Shared/jqueryui/images/ui-icons_ebccce_256x240.png HTTP/1.1" 404 1089
190.171.149.82 - - [19/Jun/2023:17:48:59 -0300] "GET /cormun/static/Resources/PXTools/ClosePrompt.png HTTP/1.1" 200 1036
190.171.149.82 - - [19/Jun/2023:17:48:59 -0300] "GET /cormun/static/Resources/resize.gif HTTP/1.1" 200 77
190.171.149.82 - - [19/Jun/2023:17:48:59 -0300] "GET /cormun/servlet/prbanco?,MD,,gxPopupLevel%3D0%3B HTTP/1.1" 200 6490
190.171.149.82 - - [19/Jun/2023:17:48:59 -0300] "GET /cormun/static/gxcfg.js?20201216131581 HTTP/1.1" 200 953
190.171.149.82 - - [19/Jun/2023:17:48:59 -0300] "GET /cormun/static/prbanco.js?20201216132311 HTTP/1.1" 200 10693
190.171.149.82 - - [19/Jun/2023:17:48:59 -0300] "GET /cormun/static/menusearch.js?20201214473581 HTTP/1.1" 200 1424
190.171.149.82 - - [19/Jun/2023:17:48:59 -0300] "GET /cormun/static/Resources/PXToolsMenuSearch.png HTTP/1.1" 200 336
190.171.149.82 - - [19/Jun/2023:17:48:59 -0300] "GET /cormun/static/Resources/PXToolsMenuSearchCancel.png HTTP/1.1" 200 306
190.171.149.82 - - [19/Jun/2023:17:48:59 -0300] "GET /cormun/static/hmpwkw011.js?202211298443482 HTTP/1.1" 200 1968
192.168.10.17 - - [19/Jun/2023:17:49:03 -0300] "POST /cormun/servlet/vesolicitudgral?188ba8579fbab3079d0f1cbc2cb17fe8,2023,20319,,,gx-no-cache=1687206770076 HTTP/1.1" 200 12162
192.168.10.17 - - [19/Jun/2023:17:49:03 -0300] "GET /cormun/static/Shared/jqueryui/images/ui-bg_flat_55_fafafa_40x100.png HTTP/1.1" 404 1097
192.168.10.17 - - [19/Jun/2023:17:49:03 -0300] "GET /cormun/static/Shared/jqueryui/images/ui-bg_highlight-soft_100_c6c2c8_1x100.png HTTP/1.1" 404 1117
192.168.10.17 - - [19/Jun/2023:17:49:03 -0300] "GET /cormun/static/Shared/jqueryui/images/ui-icons_82798d_256x240.png HTTP/1.1" 404 1089
192.168.10.17 - - [19/Jun/2023:17:49:03 -0300] "GET /cormun/static/Shared/jqueryui/images/ui-icons_8d78a5_256x240.png HTTP/1.1" 404 1089
192.168.10.17 - - [19/Jun/2023:17:49:03 -0300] "POST /cormun/servlet/vesolicitudgral?188ba8579fbab3079d0f1cbc2cb17fe8,2023,20319,,,gx-no-cache=1687206770262 HTTP/1.1" 200 12095
192.168.10.17 - - [19/Jun/2023:17:49:06 -0300] "GET /cormun/servlet/trsolicitudgral? HTTP/1.1" 200 8313
192.168.10.17 - - [19/Jun/2023:17:49:06 -0300] "GET /cormun/servlet/trsolicitudgral? HTTP/1.1" 200 8303
190.171.149.82 - - [19/Jun/2023:17:49:07 -0300] "GET /cormun/servlet/solicitudot?80535ce7e4f39eafd19cd9e157753e5989e4bad99b23393e14a70ef76ed69a0adfc93b4c839cde24f6e2e054e7c55b6c7c74434f5b081f9984ddacdcbe685871,gx-no-cache=1687206791384 HTTP/1.1" 200 30
190.171.149.82 - - [19/Jun/2023:17:49:08 -0300] "GET /cormun/servlet/solicitudot?80535ce7e4f39eafd19cd9e157753e596e35182b0a216670cab8c02a03a5ff45,gx-no-cache=1687206792363 HTTP/1.1" 200 53
190.171.142.10 - - [19/Jun/2023:17:49:14 -0300] "GET /cormun/servlet/solicitudot?61573915cbc5c90452387f954ef3a489e1fb114dd0cb2a409c8db00eb79ca48285cd3f262612332a8ccd0820a36e0cd3,gx-no-cache=1687206799144 HTTP/1.1" 200 30
192.168.10.17 - - [19/Jun/2023:17:49:28 -0300] "POST /cormun/servlet/trsolicitudgral?188ba8579fbab3079d0f1cbc2cb17fe8,,gx-no-cache=1687206794954 HTTP/1.1" 200 6648
192.168.10.17 - - [19/Jun/2023:17:49:30 -0300] "GET /cormun/servlet/vesolicitudgral?2023,20337,, HTTP/1.1" 200 8356
192.168.10.17 - - [19/Jun/2023:17:49:30 -0300] "GET /cormun/pexe_scrolldiv.js HTTP/1.1" 404 1009
192.168.10.17 - - [19/Jun/2023:17:49:30 -0300] "GET /cormun/servlet/vesolicitudgral?2023,20337,, HTTP/1.1" 200 8355
192.168.10.17 - - [19/Jun/2023:17:49:32 -0300] "GET /cormun/servlet/vesolicitudgral?2023,20337,,SolicitudOTAdjuntos HTTP/1.1" 200 11022
192.168.10.17 - - [19/Jun/2023:17:49:32 -0300] "GET /cormun/pexe_scrolldiv.js HTTP/1.1" 404 1009
192.168.10.17 - - [19/Jun/2023:17:49:33 -0300] "GET /cormun/servlet/vesolicitudgral?2023,20337,,SolicitudOTAdjuntos HTTP/1.1" 200 11024
192.168.10.17 - - [19/Jun/2023:17:49:33 -0300] "POST /cormun/servlet/acontrolpreferencessavestate?None,RRHH+DANIELA,true HTTP/1.1" 200 35
192.168.10.17 - - [19/Jun/2023:17:49:34 -0300] "GET /cormun/servlet/vesolicitudgral?2023,20337,,SolicitudOTLog HTTP/1.1" 200 9433
192.168.10.17 - - [19/Jun/2023:17:49:34 -0300] "GET /cormun/pexe_scrolldiv.js HTTP/1.1" 404 1009
192.168.10.17 - - [19/Jun/2023:17:49:34 -0300] "GET /cormun/servlet/vesolicitudgral?2023,20337,,SolicitudOTLog HTTP/1.1" 200 9432
192.168.10.17 - - [19/Jun/2023:17:49:35 -0300] "POST /cormun/servlet/acontrolpreferencessavestate?None,RRHH+DANIELA,true HTTP/1.1" 200 35
192.168.10.17 - - [19/Jun/2023:17:49:39 -0300] "GET /cormun/servlet/vesolicitudgral?2023,20337,,SolicitudOTAdjuntos HTTP/1.1" 200 11023
192.168.10.17 - - [19/Jun/2023:17:49:39 -0300] "GET /cormun/pexe_scrolldiv.js HTTP/1.1" 404 1009
192.168.10.17 - - [19/Jun/2023:17:49:40 -0300] "GET /cormun/servlet/vesolicitudgral?2023,20337,,SolicitudOTAdjuntos HTTP/1.1" 200 11020
192.168.10.17 - - [19/Jun/2023:17:49:40 -0300] "POST /cormun/servlet/acontrolpreferencessavestate?None,RRHH+DANIELA,true HTTP/1.1" 200 35
192.168.10.17 - - [19/Jun/2023:17:49:41 -0300] "GET /cormun/servlet/vesolicitudgral?2023,20337,,General HTTP/1.1" 200 8360
192.168.10.17 - - [19/Jun/2023:17:49:41 -0300] "GET /cormun/pexe_scrolldiv.js HTTP/1.1" 404 1009
192.168.10.17 - - [19/Jun/2023:17:49:41 -0300] "GET /cormun/servlet/vesolicitudgral?2023,20337,,General HTTP/1.1" 200 8359
190.171.142.10 - - [19/Jun/2023:17:49:51 -0300] "GET /cormun/servlet/trsolicitudot? HTTP/1.1" 200 9555
190.171.142.10 - - [19/Jun/2023:17:49:52 -0300] "GET /cormun/servlet/trsolicitudot? HTTP/1.1" 200 9546
192.168.10.17 - - [19/Jun/2023:17:49:53 -0300] "POST /cormun/servlet/vesolicitudgral?188ba8579fbab3079d0f1cbc2cb17fe8,2023,20337,,General,gx-no-cache=1687206820578 HTTP/1.1" 200 12193
192.168.10.17 - - [19/Jun/2023:17:49:53 -0300] "GET /cormun/static/Shared/jqueryui/images/ui-bg_highlight-soft_100_c6c2c8_1x100.png HTTP/1.1" 404 1117
192.168.10.17 - - [19/Jun/2023:17:49:53 -0300] "GET /cormun/static/Shared/jqueryui/images/ui-bg_flat_55_fafafa_40x100.png HTTP/1.1" 404 1097
192.168.10.17 - - [19/Jun/2023:17:49:53 -0300] "GET /cormun/static/Shared/jqueryui/images/ui-icons_8d78a5_256x240.png HTTP/1.1" 404 1089
192.168.10.17 - - [19/Jun/2023:17:49:53 -0300] "GET /cormun/static/Shared/jqueryui/images/ui-icons_82798d_256x240.png HTTP/1.1" 404 1089
192.168.10.17 - - [19/Jun/2023:17:49:53 -0300] "POST /cormun/servlet/vesolicitudgral?188ba8579fbab3079d0f1cbc2cb17fe8,2023,20337,,General,gx-no-cache=1687206820760 HTTP/1.1" 200 12126
192.168.10.17 - - [19/Jun/2023:17:49:57 -0300] "GET /cormun/servlet/trsolicitudgral? HTTP/1.1" 200 8321
192.168.10.17 - - [19/Jun/2023:17:49:57 -0300] "GET /cormun/servlet/trsolicitudgral? HTTP/1.1" 200 8305
192.168.10.17 - - [19/Jun/2023:17:50:15 -0300] "POST /cormun/servlet/trsolicitudgral?188ba8579fbab3079d0f1cbc2cb17fe8,,gx-no-cache=1687206842633 HTTP/1.1" 200 6661
192.168.10.17 - - [19/Jun/2023:17:50:17 -0300] "GET /cormun/servlet/vesolicitudgral?2023,20322,, HTTP/1.1" 200 8412
192.168.10.17 - - [19/Jun/2023:17:50:17 -0300] "GET /cormun/pexe_scrolldiv.js HTTP/1.1" 404 1009
192.168.10.17 - - [19/Jun/2023:17:50:18 -0300] "GET /cormun/servlet/vesolicitudgral?2023,20322,, HTTP/1.1" 200 8408
192.168.10.17 - - [19/Jun/2023:17:50:19 -0300] "GET /cormun/servlet/vesolicitudgral?2023,20322,,SolicitudOTAdjuntos HTTP/1.1" 200 7071
192.168.10.17 - - [19/Jun/2023:17:50:19 -0300] "GET /cormun/pexe_scrolldiv.js HTTP/1.1" 404 1009
192.168.10.17 - - [19/Jun/2023:17:50:19 -0300] "GET /cormun/servlet/vesolicitudgral?2023,20322,,SolicitudOTAdjuntos HTTP/1.1" 200 7071
192.168.10.17 - - [19/Jun/2023:17:50:20 -0300] "POST /cormun/servlet/acontrolpreferencessavestate?None,RRHH+DANIELA,true HTTP/1.1" 200 35
192.168.10.17 - - [19/Jun/2023:17:50:21 -0300] "GET /cormun/servlet/vesolicitudgral?2023,20322,,SolicitudOTLog HTTP/1.1" 200 10257
192.168.10.17 - - [19/Jun/2023:17:50:21 -0300] "GET /cormun/pexe_scrolldiv.js HTTP/1.1" 404 1009
192.168.10.17 - - [19/Jun/2023:17:50:22 -0300] "GET /cormun/servlet/vesolicitudgral?2023,20322,,SolicitudOTLog HTTP/1.1" 200 10254
192.168.10.17 - - [19/Jun/2023:17:50:22 -0300] "POST /cormun/servlet/acontrolpreferencessavestate?None,RRHH+DANIELA,true HTTP/1.1" 200 35
192.168.10.17 - - [19/Jun/2023:17:50:23 -0300] "GET /cormun/servlet/vesolicitudgral?2023,20322,,General HTTP/1.1" 200 8414
192.168.10.17 - - [19/Jun/2023:17:50:23 -0300] "GET /cormun/pexe_scrolldiv.js HTTP/1.1" 404 1009
192.168.10.17 - - [19/Jun/2023:17:50:23 -0300] "GET /cormun/servlet/vesolicitudgral?2023,20322,,General HTTP/1.1" 200 8414
192.168.10.17 - - [19/Jun/2023:17:50:32 -0300] "GET /cormun/servlet/trsolicitudgral? HTTP/1.1" 200 9715
192.168.10.17 - - [19/Jun/2023:17:50:32 -0300] "GET /cormun/servlet/trsolicitudgral? HTTP/1.1" 200 9712
192.168.10.17 - - [19/Jun/2023:17:50:41 -0300] "POST /cormun/servlet/trsolicitudgral?188ba8579fbab3079d0f1cbc2cb17fe8,,gx-no-cache=1687206867945 HTTP/1.1" 200 5268
192.168.10.17 - - [19/Jun/2023:17:50:56 -0300] "POST /cormun/servlet/trsolicitudgral?188ba8579fbab3079d0f1cbc2cb17fe8,,gx-no-cache=1687206883360 HTTP/1.1" 200 5268
41.186.73.134 - - [19/Jun/2023:17:51:43 -0300] "GET /manager/html HTTP/1.1" 401 2474
192.168.10.17 - - [19/Jun/2023:17:52:04 -0300] "POST /cormun/servlet/trsolicitudgral?188ba8579fbab3079d0f1cbc2cb17fe8,,gx-no-cache=1687206951721 HTTP/1.1" 200 5268
192.168.10.17 - - [19/Jun/2023:17:52:05 -0300] "POST /cormun/servlet/trsolicitudgral?188ba8579fbab3079d0f1cbc2cb17fe8,,gx-no-cache=1687206952406 HTTP/1.1" 200 5268
192.168.10.17 - - [19/Jun/2023:17:52:05 -0300] "POST /cormun/servlet/trsolicitudgral?188ba8579fbab3079d0f1cbc2cb17fe8,,gx-no-cache=1687206952743 HTTP/1.1" 200 5268
190.171.149.82 - - [19/Jun/2023:17:52:09 -0300] "POST /cormun/servlet/solicitudot?gx-no-cache=1687206973485 HTTP/1.1" 200 297
192.168.10.17 - - [19/Jun/2023:17:52:10 -0300] "GET /cormun/static/menuarrow.gif HTTP/1.1" 404 1015
190.171.149.82 - - [19/Jun/2023:17:52:10 -0300] "GET /cormun/servlet/solicitudot?80535ce7e4f39eafd19cd9e157753e593fa53b3cb0b4d084a8bbd8e2db4776d8e3ce339f397c662ba2500945f92d8e2c018afedb62c451d84193e946934c1465fd2daf7480bdf198002cc0762cdb732c95c480b032fcda3953e20c131a3de98db8b302195aa687befb7ffa90ec37e3911513460ead763c467c426564176d838202fb0eb99c66eda0b2ba5454de4b819162a46d7814633ba1b5791f2ec6e63ad9f1c6f22c682b1e73b0f1710796d5e6018f055652a423b82b50593c3d20cdf5a8165c6e1c83a84036f612ca0796bcadbe0e0f473e7063a96f6cfaf0c9fec237576d38797bb7e480b2f9f84ed3266908767e3e1dd0842bd03749fe8e8fd1b6dad4ce67e24d3573b4602f0e9e877674afabd6347da3f342f443a25e38f8416daa4214631778545c6ea8bedfc4efc404db201d913b89af93966a80f848a6bb4a70d6b35de6f6102b5af01b8cff2faec43cd7e686ec8bfc86dff0db51d0410eb85f5b149890934dd485bb333376c532a514b3ca7ba3a8f085bc83326a1cc596cc1307bd57c9a2ccf2a9184233453b44b0b663,gx-no-cache=1687206974990 HTTP/1.1" 200 30
192.168.10.17 - - [19/Jun/2023:17:52:12 -0300] "POST /cormun/servlet/trsolicitudgral?188ba8579fbab3079d0f1cbc2cb17fe8,,gx-no-cache=1687206959705 HTTP/1.1" 200 5268
190.171.149.82 - - [19/Jun/2023:17:52:15 -0300] "POST /cormun/servlet/solicitudot?gx-no-cache=1687206979324 HTTP/1.1" 200 30
41.186.73.134 - - [19/Jun/2023:17:52:16 -0300] "GET /manager/html HTTP/1.1" 401 2474
192.168.10.17 - - [19/Jun/2023:17:52:29 -0300] "POST /cormun/servlet/trsolicitudgral?188ba8579fbab3079d0f1cbc2cb17fe8,,gx-no-cache=1687206975912 HTTP/1.1" 200 5267
190.171.149.82 - - [19/Jun/2023:17:52:52 -0300] "POST /cormun/servlet/solicitudot?gx-no-cache=1687207016716 HTTP/1.1" 200 1467
190.171.149.82 - - [19/Jun/2023:17:52:52 -0300] "POST /cormun/servlet/solicitudot?gx-no-cache=1687207016779 HTTP/1.1" 200 38
190.171.149.82 - - [19/Jun/2023:17:53:12 -0300] "GET /cormun/servlet/solicitudot?80535ce7e4f39eafd19cd9e157753e5921792d5d4b265a4739d84c81cd77ecb31f2d025eb405e0725b06a94c19715859f27c1ae61a2c23e2951d432c1f9fe3d7dde792a15ae83f84777227380568338903ead8fc51552be76a87afc3235a0ff7502f85a09c29100da66266537a8169f8,gx-no-cache=1687207037025 HTTP/1.1" 200 110
190.171.149.82 - - [19/Jun/2023:17:53:12 -0300] "POST /cormun/servlet/solicitudot?gx-no-cache=1687207037068 HTTP/1.1" 200 97
190.171.149.82 - - [19/Jun/2023:17:53:38 -0300] "POST /cormun/servlet/solicitudot?gx-no-cache=1687207062968 HTTP/1.1" 200 30
190.171.149.82 - - [19/Jun/2023:17:53:38 -0300] "POST /cormun/servlet/solicitudot?gx-no-cache=1687207063021 HTTP/1.1" 200 1467
190.171.149.82 - - [19/Jun/2023:17:53:38 -0300] "POST /cormun/servlet/solicitudot?gx-no-cache=1687207063055 HTTP/1.1" 200 38
190.171.149.82 - - [19/Jun/2023:17:53:38 -0300] "GET /cormun/servlet/solicitudot?80535ce7e4f39eafd19cd9e157753e5921792d5d4b265a4739d84c81cd77ecb31f2d025eb405e0725b06a94c19715859f27c1ae61a2c23e2951d432c1f9fe3d7dde792a15ae83f84777227380568338903ead8fc51552be76a87afc3235a0ff7502f85a09c29100da66266537a8169f8,gx-no-cache=1687207063077 HTTP/1.1" 200 110
190.171.149.82 - - [19/Jun/2023:17:53:39 -0300] "POST /cormun/servlet/solicitudot?gx-no-cache=1687207063101 HTTP/1.1" 200 97
192.168.10.17 - - [19/Jun/2023:17:54:23 -0300] "POST /cormun/servlet/trsolicitudgral?188ba8579fbab3079d0f1cbc2cb17fe8,,gx-no-cache=1687207089981 HTTP/1.1" 200 5267
192.168.10.17 - - [19/Jun/2023:17:54:36 -0300] "GET /cormun/servlet/trautorizarot? HTTP/1.1" 200 12529
192.168.10.17 - - [19/Jun/2023:17:54:36 -0300] "GET /cormun/servlet/trautorizarot? HTTP/1.1" 200 12528
192.168.10.17 - - [19/Jun/2023:17:54:41 -0300] "POST /cormun/servlet/trautorizarot?188ba8579fbab3079d0f1cbc2cb17fe8,,gx-no-cache=1687207107896 HTTP/1.1" 200 5355
192.168.10.17 - - [19/Jun/2023:17:54:44 -0300] "GET /cormun/servlet/trsolicitudgral? HTTP/1.1" 200 8302
192.168.10.17 - - [19/Jun/2023:17:54:44 -0300] "GET /cormun/servlet/trsolicitudgral? HTTP/1.1" 200 8301
192.168.10.17 - - [19/Jun/2023:17:54:47 -0300] "POST /cormun/servlet/trsolicitudgral?188ba8579fbab3079d0f1cbc2cb17fe8,,gx-no-cache=1687207114536 HTTP/1.1" 200 5258
41.186.73.134 - - [19/Jun/2023:17:56:03 -0300] "GET /manager/html HTTP/1.1" 401 2474
190.171.149.82 - - [19/Jun/2023:17:56:13 -0300] "GET /cormun/servlet/solicitudot?80535ce7e4f39eafd19cd9e157753e59886a5012d9f09d978ea6938a3807b8372aa016d905b850e6e70c0b4ccad18f9c347c1a407f28b0812cb0cdfed12ea9f4ef5e42308bb8e11a8a8f2ac4da9a30cc07968bd2d7a3f466781126507beb73bb0ff2a5f7e0c7514b7c6d7827cf812595,gx-no-cache=1687207217397 HTTP/1.1" 200 29
190.171.149.82 - - [19/Jun/2023:17:56:13 -0300] "GET /cormun/static/menuarrow.gif HTTP/1.1" 404 1015
190.171.149.82 - - [19/Jun/2023:17:56:16 -0300] "GET /cormun/servlet/solicitudot?80535ce7e4f39eafd19cd9e157753e595f14f493acc6f810d6b34a863a02edfe4f60f059e6667e628c916d534a21a2f7,gx-no-cache=1687207221050 HTTP/1.1" 200 30
190.171.149.82 - - [19/Jun/2023:17:56:22 -0300] "POST /cormun/servlet/solicitudot?gx-no-cache=1687207226925 HTTP/1.1" 200 30
190.171.149.82 - - [19/Jun/2023:17:56:29 -0300] "POST /cormun/servlet/solicitudot?18ac207b679be5c7c11fbc967b952f55,INS,0,0,false,,gx-no-cache=1687207233135 HTTP/1.1" 200 93
190.171.149.82 - - [19/Jun/2023:17:56:29 -0300] "GET /cormun/servlet/hpexe_return? HTTP/1.1" 200 1011
190.171.149.82 - - [19/Jun/2023:17:56:29 -0300] "GET /cormun/servlet/trsolicitudot HTTP/1.1" 200 8548
190.171.149.82 - - [19/Jun/2023:17:56:30 -0300] "GET /cormun/servlet/trsolicitudot HTTP/1.1" 200 8544
190.171.149.82 - - [19/Jun/2023:17:56:33 -0300] "POST /cormun/servlet/trsolicitudot?18ac207b679be5c7c11fbc967b952f55,gx-no-cache=1687207237470 HTTP/1.1" 200 106
190.171.149.82 - - [19/Jun/2023:17:56:33 -0300] "GET /cormun/servlet/trsolicitudadjuntos?2023,20382, HTTP/1.1" 200 6041
190.171.149.82 - - [19/Jun/2023:17:56:33 -0300] "GET /cormun/static/gxcfg.js?20201215574222 HTTP/1.1" 200 953
190.171.149.82 - - [19/Jun/2023:17:56:33 -0300] "GET /cormun/static/Resources/PXToolsGridNew.png HTTP/1.1" 200 427
190.171.149.82 - - [19/Jun/2023:17:56:33 -0300] "GET /cormun/static/trsolicitudadjuntos.js?20201215574932 HTTP/1.1" 200 17921
190.171.149.82 - - [19/Jun/2023:17:56:33 -0300] "GET /cormun/servlet/trsolicitudadjuntos?2023,20382, HTTP/1.1" 200 6041
190.171.149.82 - - [19/Jun/2023:17:56:35 -0300] "GET /cormun/servlet/solicitudotadjuntos?INS,2023,20382,,2, HTTP/1.1" 200 5986
190.171.149.82 - - [19/Jun/2023:17:56:35 -0300] "GET /cormun/static/gxcfg.js?202211298385187 HTTP/1.1" 200 953
190.171.149.82 - - [19/Jun/2023:17:56:35 -0300] "GET /cormun/static/solicitudotadjuntos.js?202211298385196 HTTP/1.1" 200 11771
190.171.149.82 - - [19/Jun/2023:17:56:35 -0300] "GET /cormun/static/about:blank HTTP/1.1" 404 1011
190.171.149.82 - - [19/Jun/2023:17:56:35 -0300] "GET /cormun/servlet/solicitudotadjuntos?INS,2023,20382,,2, HTTP/1.1" 200 5980
41.186.73.134 - - [19/Jun/2023:17:56:36 -0300] "GET /manager/html HTTP/1.1" 401 2474
190.171.149.82 - - [19/Jun/2023:17:56:36 -0300] "GET /cormun/servlet/solicitudotadjuntos?80535ce7e4f39eafd19cd9e157753e59e4286d4cfb2868c394bb9b08c9d21f4f2e394dfc949b39524c6007092bf91c65,gx-no-cache=1687207240534 HTTP/1.1" 200 30
190.171.149.82 - - [19/Jun/2023:17:56:36 -0300] "POST /cormun/servlet/solicitudotadjuntos?18ac207b679be5c7c11fbc967b952f55,INS,2023,20382,,2,,gx-no-cache=1687207240566 HTTP/1.1" 200 4079
190.171.149.82 - - [19/Jun/2023:17:56:44 -0300] "POST /cormun/servlet/solicitudotadjuntos?18ac207b679be5c7c11fbc967b952f55,INS,2023,20382,,2,,gx-no-cache=1687207248220 HTTP/1.1" 200 90
190.171.149.82 - - [19/Jun/2023:17:56:44 -0300] "GET /cormun/servlet/hpexe_link HTTP/1.1" 200 983
190.171.149.82 - - [19/Jun/2023:17:56:44 -0300] "GET /cormun/servlet/trsolicitudadjuntos?2023,20382, HTTP/1.1" 200 6042
190.171.149.82 - - [19/Jun/2023:17:56:44 -0300] "GET /cormun/servlet/trsolicitudadjuntos?2023,20382, HTTP/1.1" 200 6041
