190.171.141.106 - - [19/Jun/2023:11:16:03 -0300] "GET /cormun/static/hpexe_link.js?20221129847423 HTTP/1.1" 304 -
190.171.141.106 - - [19/Jun/2023:11:16:03 -0300] "GET /cormun/servlet/hhome HTTP/1.1" 200 4210
190.171.141.106 - - [19/Jun/2023:11:16:04 -0300] "GET /cormun/static/hwchdr01.js?2022112219251119 HTTP/1.1" 304 -
190.171.141.106 - - [19/Jun/2023:11:16:04 -0300] "GET /cormun/static/hpexe_messagecontroller.js?202211298371222 HTTP/1.1" 304 -
190.171.141.106 - - [19/Jun/2023:11:16:04 -0300] "GET /cormun/static/hpexe_messagegenexuscomponent.js?20221129836373 HTTP/1.1" 304 -
190.171.141.106 - - [19/Jun/2023:11:16:04 -0300] "GET /cormun/static/hmpwkw03.js?20221129844354 HTTP/1.1" 304 -
190.171.141.106 - - [19/Jun/2023:11:16:04 -0300] "GET /cormun/static/Resources/CormunMP2.png HTTP/1.1" 304 -
190.171.141.106 - - [19/Jun/2023:11:16:04 -0300] "GET /cormun/servlet/hhome HTTP/1.1" 200 4207
190.171.141.106 - - [19/Jun/2023:11:16:08 -0300] "GET /cormun/servlet/trlicencias? HTTP/1.1" 200 13920
190.171.141.106 - - [19/Jun/2023:11:16:09 -0300] "GET /cormun/static/gxcfg.js?202211298463625 HTTP/1.1" 304 -
190.171.141.106 - - [19/Jun/2023:11:16:09 -0300] "GET /cormun/static/trlicencias.js?202211298463889 HTTP/1.1" 304 -
190.171.141.106 - - [19/Jun/2023:11:16:09 -0300] "GET /cormun/servlet/trlicencias? HTTP/1.1" 200 13916
190.171.142.10 - - [19/Jun/2023:11:16:57 -0300] "GET /cormun/servlet/solicitudot?b582ea689eacce15217b1220f64297042228d985837a060c26c41131e56d58aeb78b6d2839a3d198290ab3bc3ff5b89eaa974534c020fa9c69b6e62fc3504e40d870446668d3e2b60acea9bc9d7128ce69ba5fb47bdb84c9565e2f084319b4730c06f1573ab9f2c794d21ee200514dd3,gx-no-cache=1687183261999 HTTP/1.1" 200 110
190.171.142.10 - - [19/Jun/2023:11:16:59 -0300] "POST /cormun/servlet/solicitudot?gx-no-cache=1687183264525 HTTP/1.1" 200 83
41.186.73.134 - - [19/Jun/2023:11:17:20 -0300] "GET /manager/html HTTP/1.1" 401 2474
190.171.142.10 - - [19/Jun/2023:11:17:26 -0300] "GET /cormun/servlet/solicitudot?b582ea689eacce15217b1220f6429704ee43acc876d90bf4e426049d9697bbb05cf1f332e92a7732cbf25758d7fd2d7e6dd02324b8dfa16cb3fff8c53bb9f84fd195f67ce714a44a81a7b0be06d05c28aec5cf85858aa9e18204f8969361a4fa38b57b8e9d55380579ce20b8735b3cb6,gx-no-cache=1687183291110 HTTP/1.1" 200 29
190.171.142.10 - - [19/Jun/2023:11:17:26 -0300] "GET /cormun/static/menuarrow.gif HTTP/1.1" 404 1015
41.186.73.134 - - [19/Jun/2023:11:17:54 -0300] "GET /manager/html HTTP/1.1" 401 2474
190.171.152.114 - - [19/Jun/2023:11:19:59 -0300] "GET /cormun/servlet/trpermisosadjuntos?13151124,20230614175835,P, HTTP/1.1" 200 6639
190.171.152.114 - - [19/Jun/2023:11:20:00 -0300] "GET /cormun/servlet/trpermisosadjuntos?13151124,20230614175835,P, HTTP/1.1" 200 6639
190.171.152.114 - - [19/Jun/2023:11:20:01 -0300] "GET /cormun/servlet/permisosadjuntos?INS,13151124,P,20230614175835,, HTTP/1.1" 200 5967
190.171.152.114 - - [19/Jun/2023:11:20:02 -0300] "GET /cormun/static/about:blank HTTP/1.1" 404 1011
190.171.152.114 - - [19/Jun/2023:11:20:02 -0300] "GET /cormun/servlet/permisosadjuntos?INS,13151124,P,20230614175835,, HTTP/1.1" 200 5957
190.171.152.114 - - [19/Jun/2023:11:20:12 -0300] "POST /cormun/servlet/permisosadjuntos?f13aa16f07a13b4b361b1836b771e565,INS,13151124,P,20230614175835,, HTTP/1.1" 200 116
190.171.152.114 - - [19/Jun/2023:11:20:12 -0300] "GET /cormun/servlet/hpexe_return? HTTP/1.1" 200 1035
190.171.152.114 - - [19/Jun/2023:11:20:12 -0300] "GET /cormun/servlet/trpermisosadjuntos?13151124,20230614175835,P, HTTP/1.1" 200 7153
190.171.152.114 - - [19/Jun/2023:11:20:13 -0300] "GET /cormun/servlet/trpermisosadjuntos?13151124,20230614175835,P, HTTP/1.1" 200 7150
190.171.152.114 - - [19/Jun/2023:11:20:18 -0300] "GET /cormun/servlet/trpermisosgoce? HTTP/1.1" 200 10152
190.171.152.114 - - [19/Jun/2023:11:20:19 -0300] "GET /cormun/servlet/trpermisosgoce? HTTP/1.1" 200 10151
190.171.152.114 - - [19/Jun/2023:11:20:23 -0300] "POST /cormun/servlet/trpermisosgoce?f13aa16f07a13b4b361b1836b771e565,,gx-no-cache=1687183472651 HTTP/1.1" 200 7305
190.171.152.114 - - [19/Jun/2023:11:20:23 -0300] "GET /cormun/static/Shared/jqueryui/images/ui-bg_highlight-soft_100_c6c2c8_1x100.png HTTP/1.1" 404 1117
190.171.152.114 - - [19/Jun/2023:11:20:23 -0300] "GET /cormun/static/Shared/jqueryui/images/ui-icons_82798d_256x240.png HTTP/1.1" 404 1089
190.171.152.114 - - [19/Jun/2023:11:20:23 -0300] "GET /cormun/static/Shared/jqueryui/images/ui-bg_flat_55_fafafa_40x100.png HTTP/1.1" 404 1097
190.171.152.114 - - [19/Jun/2023:11:20:23 -0300] "GET /cormun/static/Shared/jqueryui/images/ui-icons_8d78a5_256x240.png HTTP/1.1" 404 1089
190.171.152.114 - - [19/Jun/2023:11:20:28 -0300] "GET /cormun/servlet/trpermisosadjuntos?17651846,20230613080733,P, HTTP/1.1" 200 6646
190.171.152.114 - - [19/Jun/2023:11:20:28 -0300] "GET /cormun/servlet/trpermisosadjuntos?17651846,20230613080733,P, HTTP/1.1" 200 6647
190.171.152.114 - - [19/Jun/2023:11:20:30 -0300] "GET /cormun/servlet/permisosadjuntos?INS,17651846,P,20230613080733,, HTTP/1.1" 200 5973
190.171.152.114 - - [19/Jun/2023:11:20:30 -0300] "GET /cormun/static/about:blank HTTP/1.1" 404 1011
190.171.152.114 - - [19/Jun/2023:11:20:30 -0300] "GET /cormun/servlet/permisosadjuntos?INS,17651846,P,20230613080733,, HTTP/1.1" 200 5963
190.171.152.114 - - [19/Jun/2023:11:20:44 -0300] "POST /cormun/servlet/permisosadjuntos?f13aa16f07a13b4b361b1836b771e565,INS,17651846,P,20230613080733,, HTTP/1.1" 200 116
190.171.152.114 - - [19/Jun/2023:11:20:44 -0300] "GET /cormun/servlet/hpexe_return? HTTP/1.1" 200 1035
190.171.152.114 - - [19/Jun/2023:11:20:44 -0300] "GET /cormun/servlet/trpermisosadjuntos?17651846,20230613080733,P, HTTP/1.1" 200 7168
190.171.152.114 - - [19/Jun/2023:11:20:44 -0300] "GET /cormun/servlet/trpermisosadjuntos?17651846,20230613080733,P, HTTP/1.1" 200 7165
190.171.152.114 - - [19/Jun/2023:11:20:56 -0300] "GET /cormun/servlet/trpermisosgoce? HTTP/1.1" 200 10149
190.171.152.114 - - [19/Jun/2023:11:20:56 -0300] "GET /cormun/servlet/trpermisosgoce? HTTP/1.1" 200 10149
190.171.152.114 - - [19/Jun/2023:11:21:02 -0300] "POST /cormun/servlet/trpermisosgoce?f13aa16f07a13b4b361b1836b771e565,,gx-no-cache=1687183511195 HTTP/1.1" 200 7299
190.171.152.114 - - [19/Jun/2023:11:21:02 -0300] "GET /cormun/static/Shared/jqueryui/images/ui-bg_highlight-soft_100_c6c2c8_1x100.png HTTP/1.1" 404 1117
190.171.152.114 - - [19/Jun/2023:11:21:02 -0300] "GET /cormun/static/Shared/jqueryui/images/ui-bg_flat_55_fafafa_40x100.png HTTP/1.1" 404 1097
190.171.152.114 - - [19/Jun/2023:11:21:02 -0300] "GET /cormun/static/Shared/jqueryui/images/ui-icons_82798d_256x240.png HTTP/1.1" 404 1089
190.171.152.114 - - [19/Jun/2023:11:21:02 -0300] "GET /cormun/static/Shared/jqueryui/images/ui-icons_8d78a5_256x240.png HTTP/1.1" 404 1089
41.186.73.134 - - [19/Jun/2023:11:21:44 -0300] "GET /manager/html HTTP/1.1" 401 2474
181.212.43.89 - - [19/Jun/2023:11:22:16 -0300] "GET /cormun/servlet/alicenciaprn?5019058,L,20230619000000,PU HTTP/1.1" 200 1553
41.186.73.134 - - [19/Jun/2023:11:22:19 -0300] "GET /manager/html HTTP/1.1" 401 2474
181.212.43.89 - - [19/Jun/2023:11:22:28 -0300] "GET /cormun/servlet/trlicenciaspermisosadjuntos?5019058,20230619000000,L, HTTP/1.1" 200 6368
181.212.43.89 - - [19/Jun/2023:11:22:28 -0300] "GET /cormun/static/gxui/gxui-all.css?110300 HTTP/1.1" 200 2179
181.212.43.89 - - [19/Jun/2023:11:22:28 -0300] "GET /cormun/static/calendar-system.css?75620 HTTP/1.1" 200 5572
181.212.43.89 - - [19/Jun/2023:11:22:28 -0300] "GET /cormun/static/gxcfg.js?201991422445549 HTTP/1.1" 200 953
181.212.43.89 - - [19/Jun/2023:11:22:28 -0300] "GET /cormun/static/Resources/Spanish/PXTools.css?2294816 HTTP/1.1" 200 100853
181.212.43.89 - - [19/Jun/2023:11:22:28 -0300] "GET /cormun/static/Shared/ext/resources/css/ext-all.css?205870 HTTP/1.1" 200 416045
181.212.43.89 - - [19/Jun/2023:11:22:28 -0300] "GET /cormun/static/trlicenciaspermisosadjuntos.js?20199142244593 HTTP/1.1" 200 21036
181.212.43.89 - - [19/Jun/2023:11:22:28 -0300] "GET /cormun/servlet/trlicenciaspermisosadjuntos?5019058,20230619000000,L, HTTP/1.1" 200 6368
181.212.43.89 - - [19/Jun/2023:11:22:31 -0300] "GET /cormun/servlet/licenciaspermisosadjuntos?INS,5019058,L,20230619000000,, HTTP/1.1" 200 5655
181.212.43.89 - - [19/Jun/2023:11:22:31 -0300] "GET /cormun/static/gxcfg.js?20201215114875 HTTP/1.1" 200 953
181.212.43.89 - - [19/Jun/2023:11:22:31 -0300] "GET /cormun/static/licenciaspermisosadjuntos.js?20201215114932 HTTP/1.1" 200 8760
181.212.43.89 - - [19/Jun/2023:11:22:31 -0300] "GET /cormun/static/about:blank HTTP/1.1" 404 1011
181.212.43.89 - - [19/Jun/2023:11:22:31 -0300] "GET /cormun/servlet/licenciaspermisosadjuntos?INS,5019058,L,20230619000000,, HTTP/1.1" 200 5644
190.171.143.106 - - [19/Jun/2023:11:22:45 -0300] "GET /cormun/servlet/hlogin HTTP/1.1" 200 1719
190.171.143.106 - - [19/Jun/2023:11:22:45 -0300] "GET /cormun/static/gxtimezone.js?85251 HTTP/1.1" 200 5781
190.171.143.106 - - [19/Jun/2023:11:22:45 -0300] "GET /cormun/static/gxcfg.js?2022112219184450 HTTP/1.1" 200 953
190.171.143.106 - - [19/Jun/2023:11:22:45 -0300] "GET /cormun/static/Resources/Spanish/PXTools.css?1759030 HTTP/1.1" 200 100853
190.171.143.106 - - [19/Jun/2023:11:22:45 -0300] "GET /cormun/static/gxgral.js?85251 HTTP/1.1" 200 384558
190.171.143.106 - - [19/Jun/2023:11:22:45 -0300] "GET /cormun/static/Resources/PXToolsLoginTop.png HTTP/1.1" 200 1337
190.171.143.106 - - [19/Jun/2023:11:22:45 -0300] "GET /cormun/static/Resources/PXToolsLoginBackground.png HTTP/1.1" 200 1164
190.171.143.106 - - [19/Jun/2023:11:22:45 -0300] "GET /cormun/static/Resources/PXToolsLoginBottom.png HTTP/1.1" 200 1389
190.171.143.106 - - [19/Jun/2023:11:22:45 -0300] "GET /cormun/static/Resources/PXToolsButtonBackground.png HTTP/1.1" 200 1176
190.171.143.106 - - [19/Jun/2023:11:22:45 -0300] "GET /cormun/static/Resources/PXToolsButtonLeft.png HTTP/1.1" 200 1310
190.171.143.106 - - [19/Jun/2023:11:22:45 -0300] "GET /cormun/static/hlogin.js?2022112219184458 HTTP/1.1" 200 2156
190.171.143.106 - - [19/Jun/2023:11:22:45 -0300] "GET /cormun/static/Resources/CormunLogin.png HTTP/1.1" 200 19132
190.171.143.106 - - [19/Jun/2023:11:22:45 -0300] "GET /cormun/static/Resources/PXToolsButtonRight.png HTTP/1.1" 200 1294
190.171.143.106 - - [19/Jun/2023:11:22:45 -0300] "GET /cormun/static/messages.spa.js?85251 HTTP/1.1" 200 30736
190.171.143.106 - - [19/Jun/2023:11:22:45 -0300] "GET /cormun/static/Resources/indicator.gif HTTP/1.1" 200 1553
190.171.143.106 - - [19/Jun/2023:11:22:45 -0300] "GET /cormun/servlet/hlogin HTTP/1.1" 200 1730
181.212.43.89 - - [19/Jun/2023:11:23:00 -0300] "POST /cormun/servlet/licenciaspermisosadjuntos?d64dd362907068cbc5135e1d23f07fbc,INS,5019058,L,20230619000000,, HTTP/1.1" 200 116
181.212.43.89 - - [19/Jun/2023:11:23:00 -0300] "GET /cormun/servlet/hpexe_return? HTTP/1.1" 200 1038
181.212.43.89 - - [19/Jun/2023:11:23:00 -0300] "GET /cormun/servlet/trlicenciaspermisosadjuntos?5019058,20230619000000,L, HTTP/1.1" 200 6848
181.212.43.89 - - [19/Jun/2023:11:23:01 -0300] "GET /cormun/servlet/trlicenciaspermisosadjuntos?5019058,20230619000000,L, HTTP/1.1" 200 6846
181.212.43.89 - - [19/Jun/2023:11:23:43 -0300] "POST /cormun/servlet/trlicenciaspermisosadjuntos?d64dd362907068cbc5135e1d23f07fbc,5019058,20230619000000,L,,gx-no-cache=1687183667140 HTTP/1.1" 200 90
181.212.43.89 - - [19/Jun/2023:11:23:43 -0300] "GET /cormun/servlet/hpexe_link HTTP/1.1" 200 981
181.212.43.89 - - [19/Jun/2023:11:23:43 -0300] "GET /cormun/servlet/trlicencias HTTP/1.1" 200 15353
181.212.43.89 - - [19/Jun/2023:11:23:43 -0300] "GET /cormun/servlet/trlicencias HTTP/1.1" 200 15351
181.212.43.89 - - [19/Jun/2023:11:24:03 -0300] "POST /cormun/servlet/trlicencias?d64dd362907068cbc5135e1d23f07fbc,gx-no-cache=1687183686733 HTTP/1.1" 200 13020
181.212.43.89 - - [19/Jun/2023:11:24:03 -0300] "GET /cormun/static/Shared/jqueryui/images/ui-bg_highlight-soft_100_c6c2c8_1x100.png HTTP/1.1" 404 1117
181.212.43.89 - - [19/Jun/2023:11:24:03 -0300] "GET /cormun/static/Shared/jqueryui/images/ui-icons_82798d_256x240.png HTTP/1.1" 404 1089
181.212.43.89 - - [19/Jun/2023:11:24:03 -0300] "GET /cormun/static/Shared/jqueryui/images/ui-icons_8d78a5_256x240.png HTTP/1.1" 404 1089
181.212.43.89 - - [19/Jun/2023:11:24:03 -0300] "GET /cormun/static/Shared/jqueryui/images/ui-bg_flat_55_fafafa_40x100.png HTTP/1.1" 404 1097
41.186.73.134 - - [19/Jun/2023:11:26:15 -0300] "GET /manager/html HTTP/1.1" 401 2474
41.186.73.134 - - [19/Jun/2023:11:26:50 -0300] "GET /manager/html HTTP/1.1" 401 2474
186.11.14.155 - - [19/Jun/2023:11:27:30 -0300] "GET /cormun/servlet/hlogin HTTP/1.1" 200 1717
186.11.14.155 - - [19/Jun/2023:11:27:30 -0300] "GET /cormun/static/gxtimezone.js?85251 HTTP/1.1" 200 5781
186.11.14.155 - - [19/Jun/2023:11:27:30 -0300] "GET /cormun/static/gxcfg.js?2022112219184450 HTTP/1.1" 200 953
186.11.14.155 - - [19/Jun/2023:11:27:30 -0300] "GET /cormun/static/gxgral.js?85251 HTTP/1.1" 200 384558
186.11.14.155 - - [19/Jun/2023:11:27:30 -0300] "GET /cormun/static/Resources/Spanish/PXTools.css?1759030 HTTP/1.1" 200 100853
186.11.14.155 - - [19/Jun/2023:11:27:31 -0300] "GET /cormun/static/messages.spa.js?85251 HTTP/1.1" 200 30736
186.11.14.155 - - [19/Jun/2023:11:27:31 -0300] "GET /cormun/static/hlogin.js?2022112219184458 HTTP/1.1" 200 2156
186.11.14.155 - - [19/Jun/2023:11:27:31 -0300] "GET /cormun/static/Resources/PXToolsLoginTop.png HTTP/1.1" 200 1337
186.11.14.155 - - [19/Jun/2023:11:27:31 -0300] "GET /cormun/static/Resources/CormunLogin.png HTTP/1.1" 200 19132
186.11.14.155 - - [19/Jun/2023:11:27:31 -0300] "GET /cormun/static/Resources/PXToolsLoginBottom.png HTTP/1.1" 200 1389
186.11.14.155 - - [19/Jun/2023:11:27:31 -0300] "GET /cormun/static/Resources/PXToolsButtonRight.png HTTP/1.1" 200 1294
186.11.14.155 - - [19/Jun/2023:11:27:31 -0300] "GET /cormun/static/Resources/PXToolsButtonBackground.png HTTP/1.1" 200 1176
186.11.14.155 - - [19/Jun/2023:11:27:31 -0300] "GET /cormun/static/Resources/PXToolsLoginBackground.png HTTP/1.1" 200 1164
186.11.14.155 - - [19/Jun/2023:11:27:31 -0300] "GET /cormun/static/Resources/PXToolsButtonLeft.png HTTP/1.1" 200 1310
186.11.14.155 - - [19/Jun/2023:11:27:31 -0300] "GET /cormun/static/Resources/indicator.gif HTTP/1.1" 200 1553
186.11.14.155 - - [19/Jun/2023:11:27:31 -0300] "GET /cormun/servlet/hlogin HTTP/1.1" 200 1727
186.11.14.155 - - [19/Jun/2023:11:27:31 -0300] "GET /favicon.ico HTTP/1.1" 200 21630
47.157.242.99 - - [19/Jun/2023:11:27:40 -0300] "POST /goform/set_LimitClient_cfg HTTP/1.1" 400 -
190.171.153.34 - - [19/Jun/2023:11:29:30 -0300] "GET /cormun/servlet/hlogin HTTP/1.1" 200 1723
190.171.153.34 - - [19/Jun/2023:11:29:42 -0300] "POST /cormun/servlet/hlogin?9391a82a4d43b36555e864690242b1e9,gx-no-cache=1687184025374 HTTP/1.1" 200 90
190.171.153.34 - - [19/Jun/2023:11:29:42 -0300] "GET /cormun/servlet/hpexe_link HTTP/1.1" 200 952
190.171.153.34 - - [19/Jun/2023:11:29:42 -0300] "GET /cormun/servlet/hhome HTTP/1.1" 200 4347
190.171.153.34 - - [19/Jun/2023:11:29:42 -0300] "GET /cormun/servlet/hhome HTTP/1.1" 200 4344
190.171.153.34 - - [19/Jun/2023:11:29:49 -0300] "GET /cormun/servlet/trlicencias? HTTP/1.1" 200 13224
190.171.153.34 - - [19/Jun/2023:11:29:49 -0300] "GET /cormun/servlet/trlicencias? HTTP/1.1" 200 13239
41.186.73.134 - - [19/Jun/2023:11:30:35 -0300] "GET /manager/html HTTP/1.1" 401 2474
41.186.73.134 - - [19/Jun/2023:11:31:10 -0300] "GET /manager/html HTTP/1.1" 401 2474
41.186.73.134 - - [19/Jun/2023:11:34:58 -0300] "GET /manager/html HTTP/1.1" 401 2474
41.186.73.134 - - [19/Jun/2023:11:35:32 -0300] "GET /manager/html HTTP/1.1" 401 2474
192.168.10.17 - - [19/Jun/2023:11:35:47 -0300] "POST /cormun/servlet/trsolicitudgral?5c0f0fcabb81a19bd0a23d5210e6e002,,gx-no-cache=1687184374887 HTTP/1.1" 440 972
192.168.10.17 - - [19/Jun/2023:11:35:52 -0300] "GET /cormun/servlet/trsolicitudgral? HTTP/1.1" 500 10
192.168.10.17 - - [19/Jun/2023:11:35:53 -0300] "GET /cormun/servlet/trsolicitudgral? HTTP/1.1" 500 10
192.168.10.17 - - [19/Jun/2023:11:35:56 -0300] "GET /cormun/servlet/trsolicitudgral? HTTP/1.1" 500 10
192.168.10.17 - - [19/Jun/2023:11:35:58 -0300] "GET /cormun/servlet/hlogin HTTP/1.1" 200 1716
192.168.10.17 - - [19/Jun/2023:11:37:19 -0300] "POST /cormun/servlet/hlogin?04de0810f3dfd293ce915a846066b6ab,gx-no-cache=1687184466618 HTTP/1.1" 200 90
192.168.10.17 - - [19/Jun/2023:11:37:19 -0300] "GET /cormun/servlet/hpexe_link HTTP/1.1" 200 948
192.168.10.17 - - [19/Jun/2023:11:37:19 -0300] "GET /cormun/servlet/hhome HTTP/1.1" 200 3800
192.168.10.17 - - [19/Jun/2023:11:37:19 -0300] "GET /cormun/servlet/hhome HTTP/1.1" 200 3797
192.168.10.17 - - [19/Jun/2023:11:37:27 -0300] "GET /cormun/servlet/trsolicitudgral? HTTP/1.1" 200 18036
192.168.10.17 - - [19/Jun/2023:11:37:27 -0300] "GET /cormun/servlet/trsolicitudgral? HTTP/1.1" 200 18034
41.186.73.134 - - [19/Jun/2023:11:39:27 -0300] "GET /manager/html HTTP/1.1" 401 2474
41.186.73.134 - - [19/Jun/2023:11:40:01 -0300] "GET /manager/html HTTP/1.1" 401 2474
192.168.10.17 - - [19/Jun/2023:11:41:19 -0300] "POST /cormun/servlet/trsolicitudgral?04de0810f3dfd293ce915a846066b6ab,,gx-no-cache=1687184706586 HTTP/1.1" 200 5249
192.168.10.17 - - [19/Jun/2023:11:41:23 -0300] "POST /cormun/servlet/trsolicitudgral?04de0810f3dfd293ce915a846066b6ab,,gx-no-cache=1687184710726 HTTP/1.1" 200 5249
192.168.10.17 - - [19/Jun/2023:11:41:27 -0300] "GET /cormun/static/menuarrow.gif HTTP/1.1" 404 1015
192.168.10.17 - - [19/Jun/2023:11:41:30 -0300] "POST /cormun/servlet/trsolicitudgral?04de0810f3dfd293ce915a846066b6ab,,gx-no-cache=1687184717855 HTTP/1.1" 200 5250
192.168.10.17 - - [19/Jun/2023:11:41:32 -0300] "POST /cormun/servlet/trsolicitudgral?04de0810f3dfd293ce915a846066b6ab,,gx-no-cache=1687184719845 HTTP/1.1" 200 5250
192.168.10.17 - - [19/Jun/2023:11:41:38 -0300] "POST /cormun/servlet/trsolicitudgral?04de0810f3dfd293ce915a846066b6ab,,gx-no-cache=1687184725374 HTTP/1.1" 200 5250
190.171.154.42 - - [19/Jun/2023:11:43:36 -0300] "GET /cormun/servlet/trpermisosgoce? HTTP/1.1" 200 6025
190.171.154.42 - - [19/Jun/2023:11:43:37 -0300] "GET /cormun/servlet/hlogin HTTP/1.1" 200 1732
190.171.154.42 - - [19/Jun/2023:11:43:37 -0300] "GET /cormun/servlet/trpermisosgoce? HTTP/1.1" 200 6022
190.171.154.42 - - [19/Jun/2023:11:43:46 -0300] "POST /cormun/servlet/hlogin?1b2483d06cabce68bb173991e318198e,gx-no-cache=1687184871267 HTTP/1.1" 200 90
190.171.154.42 - - [19/Jun/2023:11:43:46 -0300] "GET /cormun/servlet/hpexe_link HTTP/1.1" 200 948
190.171.154.42 - - [19/Jun/2023:11:43:46 -0300] "GET /cormun/servlet/trpermisosgoce HTTP/1.1" 200 10644
190.171.154.42 - - [19/Jun/2023:11:43:47 -0300] "GET /cormun/servlet/trpermisosgoce HTTP/1.1" 200 10642
41.186.73.134 - - [19/Jun/2023:11:43:50 -0300] "GET /manager/html HTTP/1.1" 401 2474
190.171.154.42 - - [19/Jun/2023:11:43:57 -0300] "POST /cormun/servlet/trpermisosgoce?1b2483d06cabce68bb173991e318198e,gx-no-cache=1687184881252 HTTP/1.1" 200 4205
190.171.154.42 - - [19/Jun/2023:11:44:08 -0300] "POST /cormun/servlet/trpermisosgoce?1b2483d06cabce68bb173991e318198e,gx-no-cache=1687184892597 HTTP/1.1" 200 5096
41.186.73.134 - - [19/Jun/2023:11:44:27 -0300] "GET /manager/html HTTP/1.1" 401 2474
190.95.15.15 - - [19/Jun/2023:11:45:05 -0300] "GET /cormun/servlet/trlicencias? HTTP/1.1" 200 7855
190.95.15.15 - - [19/Jun/2023:11:45:05 -0300] "GET /cormun/servlet/hlogin HTTP/1.1" 200 1731
190.95.15.15 - - [19/Jun/2023:11:45:05 -0300] "GET /cormun/servlet/trlicencias? HTTP/1.1" 200 7853
190.95.15.15 - - [19/Jun/2023:11:45:13 -0300] "POST /cormun/servlet/hlogin?f631c40d197d290d175cd3cdfad462c4,gx-no-cache=1687184957088 HTTP/1.1" 200 90
190.95.15.15 - - [19/Jun/2023:11:45:13 -0300] "GET /cormun/servlet/hpexe_link HTTP/1.1" 200 952
190.95.15.15 - - [19/Jun/2023:11:45:13 -0300] "GET /cormun/servlet/trlicencias HTTP/1.1" 200 13632
190.95.15.15 - - [19/Jun/2023:11:45:13 -0300] "GET /cormun/servlet/trlicencias HTTP/1.1" 200 13645
41.186.73.134 - - [19/Jun/2023:11:48:18 -0300] "GET /manager/html HTTP/1.1" 401 2474
41.186.73.134 - - [19/Jun/2023:11:48:54 -0300] "GET /manager/html HTTP/1.1" 401 2474
192.168.10.17 - - [19/Jun/2023:11:49:04 -0300] "POST /cormun/servlet/trsolicitudgral?04de0810f3dfd293ce915a846066b6ab,,gx-no-cache=1687185171512 HTTP/1.1" 200 7987
192.168.10.17 - - [19/Jun/2023:11:49:07 -0300] "GET /cormun/servlet/vesolicitudgral?2023,20370,, HTTP/1.1" 200 8413
192.168.10.17 - - [19/Jun/2023:11:49:07 -0300] "GET /cormun/pexe_scrolldiv.js HTTP/1.1" 404 1009
192.168.10.17 - - [19/Jun/2023:11:49:08 -0300] "GET /cormun/servlet/vesolicitudgral?2023,20370,, HTTP/1.1" 200 8413
191.126.172.168 - - [19/Jun/2023:11:49:16 -0300] "GET /cormun/servlet/trlicencias? HTTP/1.1" 200 7898
191.126.172.168 - - [19/Jun/2023:11:49:16 -0300] "GET /cormun/servlet/hlogin HTTP/1.1" 200 1785
192.168.10.17 - - [19/Jun/2023:11:49:38 -0300] "POST /cormun/servlet/vesolicitudgral?04de0810f3dfd293ce915a846066b6ab,2023,20370,,,gx-no-cache=1687185205483 HTTP/1.1" 200 12419
192.168.10.17 - - [19/Jun/2023:11:49:38 -0300] "GET /cormun/static/Shared/jqueryui/images/ui-bg_highlight-soft_100_c6c2c8_1x100.png HTTP/1.1" 404 1117
192.168.10.17 - - [19/Jun/2023:11:49:38 -0300] "GET /cormun/static/Shared/jqueryui/images/ui-icons_82798d_256x240.png HTTP/1.1" 404 1089
192.168.10.17 - - [19/Jun/2023:11:49:38 -0300] "GET /cormun/static/Shared/jqueryui/images/ui-bg_flat_55_fafafa_40x100.png HTTP/1.1" 404 1097
192.168.10.17 - - [19/Jun/2023:11:49:38 -0300] "GET /cormun/static/Shared/jqueryui/images/ui-icons_8d78a5_256x240.png HTTP/1.1" 404 1089
192.168.10.17 - - [19/Jun/2023:11:49:43 -0300] "GET /cormun/servlet/trsolicitudgral? HTTP/1.1" 200 11009
192.168.10.17 - - [19/Jun/2023:11:49:44 -0300] "GET /cormun/servlet/trsolicitudgral? HTTP/1.1" 200 11007
192.168.10.17 - - [19/Jun/2023:11:49:48 -0300] "GET /cormun/servlet/vesolicitudgral?2023,20370,, HTTP/1.1" 200 8413
192.168.10.17 - - [19/Jun/2023:11:49:48 -0300] "GET /cormun/pexe_scrolldiv.js HTTP/1.1" 404 1009
192.168.10.17 - - [19/Jun/2023:11:49:48 -0300] "GET /cormun/servlet/vesolicitudgral?2023,20370,, HTTP/1.1" 200 8413
190.95.15.15 - - [19/Jun/2023:11:50:13 -0300] "GET /cormun/servlet/trlicencias? HTTP/1.1" 200 7857
190.95.15.15 - - [19/Jun/2023:11:50:14 -0300] "GET /cormun/servlet/hlogin HTTP/1.1" 200 1731
190.95.15.15 - - [19/Jun/2023:11:50:14 -0300] "GET /cormun/servlet/trlicencias? HTTP/1.1" 200 7858
190.95.15.15 - - [19/Jun/2023:11:50:21 -0300] "POST /cormun/servlet/hlogin?151c7f01006514720823f303307d5651,gx-no-cache=1687185263832 HTTP/1.1" 200 90
190.95.15.15 - - [19/Jun/2023:11:50:21 -0300] "GET /cormun/servlet/hpexe_link HTTP/1.1" 200 948
190.95.15.15 - - [19/Jun/2023:11:50:21 -0300] "GET /cormun/servlet/trlicencias HTTP/1.1" 200 13644
190.95.15.15 - - [19/Jun/2023:11:50:21 -0300] "GET /cormun/servlet/trlicencias HTTP/1.1" 200 13627
190.171.141.138 - - [19/Jun/2023:11:51:55 -0300] "GET /cormun/servlet/hlogin HTTP/1.1" 200 1721
190.171.141.138 - - [19/Jun/2023:11:51:57 -0300] "POST /cormun/servlet/hlogin?292f3008e00c783ab876914d31cec5f6,gx-no-cache=1687185363292 HTTP/1.1" 200 90
190.171.141.138 - - [19/Jun/2023:11:51:57 -0300] "GET /cormun/servlet/hpexe_link HTTP/1.1" 200 950
190.171.141.138 - - [19/Jun/2023:11:51:57 -0300] "GET /cormun/servlet/hhome HTTP/1.1" 200 4476
190.171.141.138 - - [19/Jun/2023:11:51:57 -0300] "GET /cormun/servlet/hhome HTTP/1.1" 200 4472
190.171.141.138 - - [19/Jun/2023:11:51:59 -0300] "GET /cormun/servlet/trlicencias? HTTP/1.1" 200 13221
190.171.141.138 - - [19/Jun/2023:11:52:00 -0300] "GET /cormun/servlet/trlicencias? HTTP/1.1" 200 13216
41.186.73.134 - - [19/Jun/2023:11:52:53 -0300] "GET /manager/html HTTP/1.1" 401 2474
41.186.73.134 - - [19/Jun/2023:11:53:28 -0300] "GET /manager/html HTTP/1.1" 401 2474
190.95.15.15 - - [19/Jun/2023:11:53:57 -0300] "GET /cormun/servlet/trlicencias HTTP/1.1" 200 13626
190.95.15.15 - - [19/Jun/2023:11:53:58 -0300] "GET /cormun/servlet/trlicencias HTTP/1.1" 200 13645
192.168.10.17 - - [19/Jun/2023:11:55:05 -0300] "GET /cormun/servlet/trsolicitudgral? HTTP/1.1" 200 11008
192.168.10.17 - - [19/Jun/2023:11:55:05 -0300] "GET /cormun/servlet/trsolicitudgral? HTTP/1.1" 200 11007
192.168.10.17 - - [19/Jun/2023:11:55:11 -0300] "POST /cormun/servlet/trsolicitudgral?04de0810f3dfd293ce915a846066b6ab,,gx-no-cache=1687185538685 HTTP/1.1" 200 5262
192.168.10.17 - - [19/Jun/2023:11:55:21 -0300] "POST /cormun/servlet/trsolicitudgral?04de0810f3dfd293ce915a846066b6ab,,gx-no-cache=1687185548850 HTTP/1.1" 200 8326
192.168.10.17 - - [19/Jun/2023:11:56:08 -0300] "POST /cormun/servlet/trsolicitudgral?04de0810f3dfd293ce915a846066b6ab,,gx-no-cache=1687185595641 HTTP/1.1" 200 6687
190.171.141.138 - - [19/Jun/2023:11:56:27 -0300] "POST /cormun/servlet/trlicencias?292f3008e00c783ab876914d31cec5f6,,gx-no-cache=1687185633038 HTTP/1.1" 200 5682
192.168.10.17 - - [19/Jun/2023:11:56:37 -0300] "POST /cormun/servlet/trsolicitudgral?04de0810f3dfd293ce915a846066b6ab,,gx-no-cache=1687185624593 HTTP/1.1" 200 7128
192.168.10.17 - - [19/Jun/2023:11:56:58 -0300] "GET /cormun/servlet/vesolicitudgral?2023,20366,, HTTP/1.1" 200 8412
192.168.10.17 - - [19/Jun/2023:11:56:58 -0300] "GET /cormun/pexe_scrolldiv.js HTTP/1.1" 404 1009
192.168.10.17 - - [19/Jun/2023:11:56:58 -0300] "GET /cormun/servlet/vesolicitudgral?2023,20366,, HTTP/1.1" 200 8412
192.168.10.17 - - [19/Jun/2023:11:57:01 -0300] "POST /cormun/servlet/vesolicitudgral?04de0810f3dfd293ce915a846066b6ab,2023,20366,,,gx-no-cache=1687185648500 HTTP/1.1" 200 12223
192.168.10.17 - - [19/Jun/2023:11:57:01 -0300] "GET /cormun/static/Shared/jqueryui/images/ui-icons_82798d_256x240.png HTTP/1.1" 404 1089
192.168.10.17 - - [19/Jun/2023:11:57:01 -0300] "GET /cormun/static/Shared/jqueryui/images/ui-bg_highlight-soft_100_c6c2c8_1x100.png HTTP/1.1" 404 1117
192.168.10.17 - - [19/Jun/2023:11:57:01 -0300] "GET /cormun/static/Shared/jqueryui/images/ui-bg_flat_55_fafafa_40x100.png HTTP/1.1" 404 1097
192.168.10.17 - - [19/Jun/2023:11:57:01 -0300] "GET /cormun/static/Shared/jqueryui/images/ui-icons_8d78a5_256x240.png HTTP/1.1" 404 1089
192.168.10.17 - - [19/Jun/2023:11:57:01 -0300] "POST /cormun/servlet/vesolicitudgral?04de0810f3dfd293ce915a846066b6ab,2023,20366,,,gx-no-cache=1687185648765 HTTP/1.1" 200 12157
41.186.73.134 - - [19/Jun/2023:11:57:15 -0300] "GET /manager/html HTTP/1.1" 401 2474
192.168.10.17 - - [19/Jun/2023:11:57:28 -0300] "GET /cormun/servlet/trsolicitudgral? HTTP/1.1" 200 10158
192.168.10.17 - - [19/Jun/2023:11:57:28 -0300] "GET /cormun/servlet/trsolicitudgral? HTTP/1.1" 200 10157
192.168.10.17 - - [19/Jun/2023:11:57:33 -0300] "POST /cormun/servlet/trsolicitudgral?04de0810f3dfd293ce915a846066b6ab,,gx-no-cache=1687185681074 HTTP/1.1" 200 7165
190.171.141.106 - - [19/Jun/2023:11:57:43 -0300] "GET /cormun/servlet/hlogin HTTP/1.1" 200 1725
190.171.141.106 - - [19/Jun/2023:11:57:48 -0300] "POST /cormun/servlet/hlogin?3bd67bb55669577831623e5d7cf6c3a1,gx-no-cache=1687185713105 HTTP/1.1" 200 90
190.171.141.106 - - [19/Jun/2023:11:57:48 -0300] "GET /cormun/servlet/hpexe_link HTTP/1.1" 200 955
190.171.141.106 - - [19/Jun/2023:11:57:48 -0300] "GET /cormun/servlet/hhome HTTP/1.1" 200 4213
190.171.141.106 - - [19/Jun/2023:11:57:49 -0300] "GET /cormun/servlet/hhome HTTP/1.1" 200 4210
41.186.73.134 - - [19/Jun/2023:11:57:49 -0300] "GET /manager/html HTTP/1.1" 401 2474
190.171.141.106 - - [19/Jun/2023:11:57:51 -0300] "GET /cormun/servlet/trlicencias? HTTP/1.1" 200 13922
190.171.141.106 - - [19/Jun/2023:11:57:52 -0300] "GET /cormun/servlet/trlicencias? HTTP/1.1" 200 13922
191.126.172.168 - - [19/Jun/2023:11:57:52 -0300] "GET /cormun/servlet/hlogin HTTP/1.1" 200 1773
191.126.172.168 - - [19/Jun/2023:11:58:07 -0300] "POST /cormun/servlet/hlogin?33d78c58b1930e7ec334324cac51cbf1,gx-no-cache=1687185731270 HTTP/1.1" 200 90
191.126.172.168 - - [19/Jun/2023:11:58:07 -0300] "GET /cormun/servlet/hpexe_link HTTP/1.1" 200 1006
191.126.172.168 - - [19/Jun/2023:11:58:07 -0300] "GET /cormun/servlet/hhome HTTP/1.1" 200 4041
191.126.172.168 - - [19/Jun/2023:11:58:11 -0300] "GET /cormun/servlet/trlicencias? HTTP/1.1" 200 12630
192.168.10.17 - - [19/Jun/2023:11:58:12 -0300] "POST /cormun/servlet/trsolicitudgral?04de0810f3dfd293ce915a846066b6ab,,gx-no-cache=1687185719010 HTTP/1.1" 200 5262
192.168.10.17 - - [19/Jun/2023:11:58:13 -0300] "POST /cormun/servlet/trsolicitudgral?04de0810f3dfd293ce915a846066b6ab,,gx-no-cache=1687185720319 HTTP/1.1" 200 5262
192.168.10.17 - - [19/Jun/2023:11:58:36 -0300] "POST /cormun/servlet/trsolicitudgral?04de0810f3dfd293ce915a846066b6ab,,gx-no-cache=1687185743329 HTTP/1.1" 200 8985
192.168.10.17 - - [19/Jun/2023:11:59:19 -0300] "POST /cormun/servlet/trsolicitudgral?04de0810f3dfd293ce915a846066b6ab,,gx-no-cache=1687185786232 HTTP/1.1" 200 7652
192.168.10.17 - - [19/Jun/2023:11:59:26 -0300] "GET /cormun/servlet/vesolicitudgral?2023,20346,, HTTP/1.1" 200 8401
192.168.10.17 - - [19/Jun/2023:11:59:26 -0300] "GET /cormun/pexe_scrolldiv.js HTTP/1.1" 404 1009
192.168.10.17 - - [19/Jun/2023:11:59:27 -0300] "GET /cormun/servlet/vesolicitudgral?2023,20346,, HTTP/1.1" 200 8399
41.186.73.134 - - [19/Jun/2023:12:01:39 -0300] "GET /manager/html HTTP/1.1" 401 2474
192.168.10.17 - - [19/Jun/2023:12:01:54 -0300] "POST /cormun/servlet/vesolicitudgral?04de0810f3dfd293ce915a846066b6ab,2023,20346,,,gx-no-cache=1687185941138 HTTP/1.1" 200 12195
192.168.10.17 - - [19/Jun/2023:12:01:54 -0300] "GET /cormun/static/Shared/jqueryui/images/ui-icons_82798d_256x240.png HTTP/1.1" 404 1089
192.168.10.17 - - [19/Jun/2023:12:01:54 -0300] "GET /cormun/static/Shared/jqueryui/images/ui-bg_highlight-soft_100_c6c2c8_1x100.png HTTP/1.1" 404 1117
192.168.10.17 - - [19/Jun/2023:12:01:54 -0300] "GET /cormun/static/Shared/jqueryui/images/ui-bg_flat_55_fafafa_40x100.png HTTP/1.1" 404 1097
192.168.10.17 - - [19/Jun/2023:12:01:54 -0300] "GET /cormun/static/Shared/jqueryui/images/ui-icons_8d78a5_256x240.png HTTP/1.1" 404 1089
192.168.10.17 - - [19/Jun/2023:12:01:56 -0300] "GET /cormun/servlet/trsolicitudgral? HTTP/1.1" 200 10683
192.168.10.17 - - [19/Jun/2023:12:01:57 -0300] "GET /cormun/servlet/trsolicitudgral? HTTP/1.1" 200 10682
41.186.73.134 - - [19/Jun/2023:12:02:14 -0300] "GET /manager/html HTTP/1.1" 401 2474
192.168.10.17 - - [19/Jun/2023:12:02:19 -0300] "POST /cormun/servlet/trsolicitudgral?04de0810f3dfd293ce915a846066b6ab,,gx-no-cache=1687185966096 HTTP/1.1" 200 6690
192.168.10.17 - - [19/Jun/2023:12:02:52 -0300] "POST /cormun/servlet/trsolicitudgral?04de0810f3dfd293ce915a846066b6ab,,gx-no-cache=1687185999712 HTTP/1.1" 200 5262
192.168.10.17 - - [19/Jun/2023:12:03:37 -0300] "POST /cormun/servlet/trsolicitudgral?04de0810f3dfd293ce915a846066b6ab,,gx-no-cache=1687186044686 HTTP/1.1" 200 5262
192.168.10.17 - - [19/Jun/2023:12:03:43 -0300] "POST /cormun/servlet/trsolicitudgral?04de0810f3dfd293ce915a846066b6ab,,gx-no-cache=1687186050230 HTTP/1.1" 200 5261
192.168.10.17 - - [19/Jun/2023:12:04:21 -0300] "POST /cormun/servlet/trsolicitudgral?04de0810f3dfd293ce915a846066b6ab,,gx-no-cache=1687186088214 HTTP/1.1" 200 7947
200.54.237.82 - - [19/Jun/2023:12:04:47 -0300] "GET /cormun/servlet/hhome HTTP/1.1" 200 3325
200.54.237.82 - - [19/Jun/2023:12:04:47 -0300] "GET /cormun/servlet/hlogin HTTP/1.1" 200 1733
200.54.237.82 - - [19/Jun/2023:12:04:47 -0300] "GET /cormun/servlet/hhome HTTP/1.1" 200 3335
200.54.237.82 - - [19/Jun/2023:12:04:47 -0300] "GET /cormun/servlet/hhome HTTP/1.1" 200 3335
200.54.237.82 - - [19/Jun/2023:12:04:50 -0300] "POST /cormun/servlet/hlogin?d81ee285cd0a956bd9bd0b766ba629c5,gx-no-cache=1687186137588 HTTP/1.1" 200 90
200.54.237.82 - - [19/Jun/2023:12:04:50 -0300] "GET /cormun/servlet/hpexe_link HTTP/1.1" 200 954
200.54.237.82 - - [19/Jun/2023:12:04:50 -0300] "GET /cormun/servlet/hhome HTTP/1.1" 200 4333
200.54.237.82 - - [19/Jun/2023:12:04:50 -0300] "GET /cormun/servlet/hhome HTTP/1.1" 200 4331
192.168.10.17 - - [19/Jun/2023:12:04:53 -0300] "POST /cormun/servlet/trsolicitudgral?04de0810f3dfd293ce915a846066b6ab,,gx-no-cache=1687186120789 HTTP/1.1" 200 5264
200.54.237.82 - - [19/Jun/2023:12:04:54 -0300] "GET /cormun/servlet/trlicencias? HTTP/1.1" 200 10357
200.54.237.82 - - [19/Jun/2023:12:04:54 -0300] "GET /cormun/servlet/trlicencias? HTTP/1.1" 200 10356
41.186.73.134 - - [19/Jun/2023:12:06:10 -0300] "GET /manager/html HTTP/1.1" 401 2474
41.186.73.134 - - [19/Jun/2023:12:06:45 -0300] "GET /manager/html HTTP/1.1" 401 2474
190.171.141.106 - - [19/Jun/2023:12:07:45 -0300] "GET /cormun/servlet/hhome HTTP/1.1" 200 4213
190.171.141.106 - - [19/Jun/2023:12:07:46 -0300] "GET /cormun/servlet/hhome HTTP/1.1" 200 4210
190.171.143.82 - - [19/Jun/2023:12:08:45 -0300] "GET /cormun/servlet/hlogin HTTP/1.1" 200 1736
190.171.149.74 - - [19/Jun/2023:12:08:55 -0300] "POST /cormun/servlet/trlicencias?3ddfcea603001a3b2a364ac28a64124d,,gx-no-cache=1687186379317 HTTP/1.1" 440 972
190.171.149.74 - - [19/Jun/2023:12:08:56 -0300] "GET /cormun/servlet/trlicencias? HTTP/1.1" 200 7861
190.171.149.74 - - [19/Jun/2023:12:08:56 -0300] "GET /cormun/servlet/hlogin HTTP/1.1" 200 1736
190.171.149.74 - - [19/Jun/2023:12:08:56 -0300] "GET /cormun/servlet/trlicencias? HTTP/1.1" 200 7861
190.171.149.74 - - [19/Jun/2023:12:09:02 -0300] "POST /cormun/servlet/hlogin?31d3b1c15aa5e0ffcefe9311d370ddf9,gx-no-cache=1687186386307 HTTP/1.1" 200 90
190.171.149.74 - - [19/Jun/2023:12:09:02 -0300] "GET /cormun/servlet/hpexe_link HTTP/1.1" 200 955
190.171.149.74 - - [19/Jun/2023:12:09:02 -0300] "GET /cormun/servlet/trlicencias HTTP/1.1" 200 12227
190.171.149.74 - - [19/Jun/2023:12:09:02 -0300] "GET /cormun/servlet/trlicencias HTTP/1.1" 200 12213
190.171.143.82 - - [19/Jun/2023:12:09:45 -0300] "GET /cormun/static/gxtimezone.js?85251 HTTP/1.1" 200 5781
190.171.143.82 - - [19/Jun/2023:12:09:45 -0300] "GET /cormun/static/Resources/Spanish/PXTools.css?1759030 HTTP/1.1" 200 100853
190.171.143.82 - - [19/Jun/2023:12:09:45 -0300] "GET /cormun/static/gxgral.js?85251 HTTP/1.1" 200 384558
190.171.143.82 - - [19/Jun/2023:12:09:46 -0300] "GET /cormun/static/gxcfg.js?2022112219184450 HTTP/1.1" 200 953
190.171.143.82 - - [19/Jun/2023:12:09:46 -0300] "GET /cormun/static/messages.spa.js?85251 HTTP/1.1" 200 30736
190.171.143.82 - - [19/Jun/2023:12:09:46 -0300] "GET /cormun/static/Resources/CormunLogin.png HTTP/1.1" 200 19132
190.171.143.82 - - [19/Jun/2023:12:09:47 -0300] "GET /cormun/static/hlogin.js?2022112219184458 HTTP/1.1" 200 2156
190.171.143.82 - - [19/Jun/2023:12:09:48 -0300] "GET /cormun/static/Resources/PXToolsLoginBottom.png HTTP/1.1" 200 1389
190.171.143.82 - - [19/Jun/2023:12:09:48 -0300] "GET /cormun/static/Resources/PXToolsLoginBackground.png HTTP/1.1" 200 1164
190.171.143.82 - - [19/Jun/2023:12:09:48 -0300] "GET /cormun/servlet/hlogin HTTP/1.1" 200 1732
190.171.143.82 - - [19/Jun/2023:12:09:48 -0300] "GET /cormun/static/Resources/PXToolsLoginTop.png HTTP/1.1" 200 1337
190.171.143.82 - - [19/Jun/2023:12:09:48 -0300] "GET /cormun/static/Resources/PXToolsButtonRight.png HTTP/1.1" 200 1294
190.171.143.82 - - [19/Jun/2023:12:09:48 -0300] "GET /cormun/static/Resources/PXToolsLoginTop.png HTTP/1.1" 200 1337
190.171.143.82 - - [19/Jun/2023:12:09:48 -0300] "GET /cormun/static/Resources/PXToolsButtonLeft.png HTTP/1.1" 200 1310
190.171.143.82 - - [19/Jun/2023:12:09:48 -0300] "GET /cormun/static/Resources/PXToolsButtonLeft.png HTTP/1.1" 200 1310
190.171.143.82 - - [19/Jun/2023:12:09:48 -0300] "GET /cormun/static/Resources/PXToolsButtonRight.png HTTP/1.1" 200 1294
190.171.143.82 - - [19/Jun/2023:12:09:48 -0300] "GET /cormun/static/Resources/PXToolsButtonBackground.png HTTP/1.1" 200 1176
190.171.143.82 - - [19/Jun/2023:12:09:49 -0300] "GET /cormun/static/Resources/indicator.gif HTTP/1.1" 200 1553
191.125.162.140 - - [19/Jun/2023:12:10:12 -0300] "GET /cormun/servlet/hlogin HTTP/1.1" 200 1716
191.125.162.140 - - [19/Jun/2023:12:10:15 -0300] "POST /cormun/servlet/hlogin?8a7ff11a0f94d50b986b55508fb20e8b,gx-no-cache=1687186459788 HTTP/1.1" 200 90
191.125.162.140 - - [19/Jun/2023:12:10:15 -0300] "GET /cormun/servlet/hpexe_link HTTP/1.1" 200 947
191.125.162.140 - - [19/Jun/2023:12:10:15 -0300] "GET /cormun/servlet/hhome HTTP/1.1" 200 3899
191.125.162.140 - - [19/Jun/2023:12:10:16 -0300] "GET /cormun/servlet/hhome HTTP/1.1" 200 3896
191.125.162.140 - - [19/Jun/2023:12:10:20 -0300] "GET /cormun/servlet/trlicencias? HTTP/1.1" 200 10790
191.125.162.140 - - [19/Jun/2023:12:10:21 -0300] "GET /cormun/servlet/trlicencias? HTTP/1.1" 200 10787
41.186.73.134 - - [19/Jun/2023:12:10:35 -0300] "GET /manager/html HTTP/1.1" 401 2474
41.186.73.134 - - [19/Jun/2023:12:11:09 -0300] "GET /manager/html HTTP/1.1" 401 2474
192.168.10.17 - - [19/Jun/2023:12:12:35 -0300] "POST /cormun/servlet/trsolicitudgral?04de0810f3dfd293ce915a846066b6ab,,gx-no-cache=1687186582940 HTTP/1.1" 200 7095
192.168.10.17 - - [19/Jun/2023:12:12:36 -0300] "POST /cormun/servlet/trsolicitudgral?04de0810f3dfd293ce915a846066b6ab,,gx-no-cache=1687186583244 HTTP/1.1" 200 7094
192.168.10.17 - - [19/Jun/2023:12:12:36 -0300] "POST /cormun/servlet/trsolicitudgral?04de0810f3dfd293ce915a846066b6ab,,gx-no-cache=1687186583458 HTTP/1.1" 200 7095
192.168.10.17 - - [19/Jun/2023:12:12:45 -0300] "GET /cormun/servlet/vesolicitudgral?2023,20319,, HTTP/1.1" 200 8373
192.168.10.17 - - [19/Jun/2023:12:12:45 -0300] "GET /cormun/pexe_scrolldiv.js HTTP/1.1" 404 1009
192.168.10.17 - - [19/Jun/2023:12:12:45 -0300] "GET /cormun/servlet/vesolicitudgral?2023,20319,, HTTP/1.1" 200 8373
192.168.10.17 - - [19/Jun/2023:12:12:47 -0300] "POST /cormun/servlet/vesolicitudgral?04de0810f3dfd293ce915a846066b6ab,2023,20319,,,gx-no-cache=1687186594518 HTTP/1.1" 200 12137
192.168.10.17 - - [19/Jun/2023:12:12:47 -0300] "GET /cormun/static/Shared/jqueryui/images/ui-bg_highlight-soft_100_c6c2c8_1x100.png HTTP/1.1" 404 1117
192.168.10.17 - - [19/Jun/2023:12:12:47 -0300] "GET /cormun/static/Shared/jqueryui/images/ui-bg_flat_55_fafafa_40x100.png HTTP/1.1" 404 1097
192.168.10.17 - - [19/Jun/2023:12:12:47 -0300] "GET /cormun/static/Shared/jqueryui/images/ui-icons_8d78a5_256x240.png HTTP/1.1" 404 1089
192.168.10.17 - - [19/Jun/2023:12:12:47 -0300] "GET /cormun/static/Shared/jqueryui/images/ui-icons_82798d_256x240.png HTTP/1.1" 404 1089
192.168.10.17 - - [19/Jun/2023:12:12:54 -0300] "GET /cormun/servlet/vesolicitudgral?2023,20319,,SolicitudOTLog HTTP/1.1" 200 9227
192.168.10.17 - - [19/Jun/2023:12:12:54 -0300] "GET /cormun/pexe_scrolldiv.js HTTP/1.1" 404 1009
192.168.10.17 - - [19/Jun/2023:12:12:54 -0300] "GET /cormun/servlet/vesolicitudgral?2023,20319,,SolicitudOTLog HTTP/1.1" 200 9227
192.168.10.17 - - [19/Jun/2023:12:12:55 -0300] "POST /cormun/servlet/acontrolpreferencessavestate?None,RRHH+DANIELA,true HTTP/1.1" 200 35
192.168.10.17 - - [19/Jun/2023:12:12:56 -0300] "GET /cormun/servlet/vesolicitudgral?2023,20319,,General HTTP/1.1" 200 8377
192.168.10.17 - - [19/Jun/2023:12:12:56 -0300] "GET /cormun/pexe_scrolldiv.js HTTP/1.1" 404 1009
192.168.10.17 - - [19/Jun/2023:12:12:57 -0300] "GET /cormun/servlet/vesolicitudgral?2023,20319,,General HTTP/1.1" 200 8378
192.168.10.17 - - [19/Jun/2023:12:13:49 -0300] "GET /cormun/servlet/trsolicitudgral? HTTP/1.1" 200 10138
192.168.10.17 - - [19/Jun/2023:12:13:49 -0300] "GET /cormun/servlet/trsolicitudgral? HTTP/1.1" 200 10134
192.168.10.17 - - [19/Jun/2023:12:13:55 -0300] "POST /cormun/servlet/trsolicitudgral?04de0810f3dfd293ce915a846066b6ab,,gx-no-cache=1687186662574 HTTP/1.1" 200 6656
192.168.10.17 - - [19/Jun/2023:12:13:58 -0300] "GET /cormun/servlet/vesolicitudgral?2023,20353,, HTTP/1.1" 200 8377
192.168.10.17 - - [19/Jun/2023:12:13:58 -0300] "GET /cormun/pexe_scrolldiv.js HTTP/1.1" 404 1009
192.168.10.17 - - [19/Jun/2023:12:13:58 -0300] "GET /cormun/servlet/vesolicitudgral?2023,20353,, HTTP/1.1" 200 8376
192.168.10.17 - - [19/Jun/2023:12:14:07 -0300] "POST /cormun/servlet/vesolicitudgral?04de0810f3dfd293ce915a846066b6ab,2023,20353,,,gx-no-cache=1687186674111 HTTP/1.1" 200 12197
192.168.10.17 - - [19/Jun/2023:12:14:07 -0300] "GET /cormun/static/Shared/jqueryui/images/ui-bg_highlight-soft_100_c6c2c8_1x100.png HTTP/1.1" 404 1117
192.168.10.17 - - [19/Jun/2023:12:14:07 -0300] "GET /cormun/static/Shared/jqueryui/images/ui-icons_82798d_256x240.png HTTP/1.1" 404 1089
192.168.10.17 - - [19/Jun/2023:12:14:07 -0300] "GET /cormun/static/Shared/jqueryui/images/ui-icons_8d78a5_256x240.png HTTP/1.1" 404 1089
192.168.10.17 - - [19/Jun/2023:12:14:07 -0300] "GET /cormun/static/Shared/jqueryui/images/ui-bg_flat_55_fafafa_40x100.png HTTP/1.1" 404 1097
192.168.10.17 - - [19/Jun/2023:12:14:07 -0300] "POST /cormun/servlet/vesolicitudgral?04de0810f3dfd293ce915a846066b6ab,2023,20353,,,gx-no-cache=1687186674332 HTTP/1.1" 200 12129
192.168.10.17 - - [19/Jun/2023:12:14:25 -0300] "GET /cormun/servlet/trsolicitudgral? HTTP/1.1" 200 9696
192.168.10.17 - - [19/Jun/2023:12:14:26 -0300] "GET /cormun/servlet/trsolicitudgral? HTTP/1.1" 200 9695
192.168.10.17 - - [19/Jun/2023:12:14:32 -0300] "POST /cormun/servlet/trsolicitudgral?04de0810f3dfd293ce915a846066b6ab,,gx-no-cache=1687186699654 HTTP/1.1" 200 7067
192.168.10.17 - - [19/Jun/2023:12:14:41 -0300] "GET /cormun/servlet/vesolicitudgral?2023,20337,, HTTP/1.1" 200 8357
192.168.10.17 - - [19/Jun/2023:12:14:41 -0300] "GET /cormun/pexe_scrolldiv.js HTTP/1.1" 404 1009
192.168.10.17 - - [19/Jun/2023:12:14:41 -0300] "GET /cormun/servlet/vesolicitudgral?2023,20337,, HTTP/1.1" 200 8357
192.168.10.17 - - [19/Jun/2023:12:14:43 -0300] "POST /cormun/servlet/vesolicitudgral?04de0810f3dfd293ce915a846066b6ab,2023,20337,,,gx-no-cache=1687186710159 HTTP/1.1" 200 12165
192.168.10.17 - - [19/Jun/2023:12:14:43 -0300] "GET /cormun/static/Shared/jqueryui/images/ui-icons_82798d_256x240.png HTTP/1.1" 404 1089
192.168.10.17 - - [19/Jun/2023:12:14:43 -0300] "GET /cormun/static/Shared/jqueryui/images/ui-icons_8d78a5_256x240.png HTTP/1.1" 404 1089
192.168.10.17 - - [19/Jun/2023:12:14:43 -0300] "GET /cormun/static/Shared/jqueryui/images/ui-bg_flat_55_fafafa_40x100.png HTTP/1.1" 404 1097
192.168.10.17 - - [19/Jun/2023:12:14:43 -0300] "GET /cormun/static/Shared/jqueryui/images/ui-bg_highlight-soft_100_c6c2c8_1x100.png HTTP/1.1" 404 1117
192.168.10.17 - - [19/Jun/2023:12:14:46 -0300] "GET /cormun/servlet/vesolicitudgral?2023,20337,,SolicitudOTLog HTTP/1.1" 200 9225
192.168.10.17 - - [19/Jun/2023:12:14:46 -0300] "GET /cormun/pexe_scrolldiv.js HTTP/1.1" 404 1009
192.168.10.17 - - [19/Jun/2023:12:14:46 -0300] "GET /cormun/servlet/vesolicitudgral?2023,20337,,SolicitudOTLog HTTP/1.1" 200 9225
192.168.10.17 - - [19/Jun/2023:12:14:47 -0300] "POST /cormun/servlet/acontrolpreferencessavestate?None,RRHH+DANIELA,true HTTP/1.1" 200 35
192.168.10.17 - - [19/Jun/2023:12:14:49 -0300] "GET /cormun/servlet/vesolicitudgral?2023,20337,,SolicitudOTAdjuntos HTTP/1.1" 200 11021
192.168.10.17 - - [19/Jun/2023:12:14:49 -0300] "GET /cormun/pexe_scrolldiv.js HTTP/1.1" 404 1009
192.168.10.17 - - [19/Jun/2023:12:14:50 -0300] "GET /cormun/servlet/vesolicitudgral?2023,20337,,SolicitudOTAdjuntos HTTP/1.1" 200 11021
192.168.10.17 - - [19/Jun/2023:12:14:50 -0300] "POST /cormun/servlet/acontrolpreferencessavestate?None,RRHH+DANIELA,true HTTP/1.1" 200 35
192.168.10.17 - - [19/Jun/2023:12:14:51 -0300] "GET /cormun/servlet/vesolicitudgral?2023,20337,,General HTTP/1.1" 200 8359
192.168.10.17 - - [19/Jun/2023:12:14:51 -0300] "GET /cormun/pexe_scrolldiv.js HTTP/1.1" 404 1009
192.168.10.17 - - [19/Jun/2023:12:14:51 -0300] "GET /cormun/servlet/vesolicitudgral?2023,20337,,General HTTP/1.1" 200 8358
41.186.73.134 - - [19/Jun/2023:12:14:56 -0300] "GET /manager/html HTTP/1.1" 401 2474
190.171.143.90 - - [19/Jun/2023:12:15:19 -0300] "GET /cormun/servlet/hlogin HTTP/1.1" 200 1715
190.171.143.90 - - [19/Jun/2023:12:15:19 -0300] "GET /cormun/static/messages.spa.js?85251 HTTP/1.1" 200 30736
190.171.143.90 - - [19/Jun/2023:12:15:19 -0300] "GET /cormun/servlet/hlogin HTTP/1.1" 200 1725
190.171.143.90 - - [19/Jun/2023:12:15:25 -0300] "POST /cormun/servlet/hlogin?821c5f76073c885a981450af929b2999,gx-no-cache=1687186769969 HTTP/1.1" 200 90
190.171.143.90 - - [19/Jun/2023:12:15:25 -0300] "GET /cormun/servlet/hpexe_link HTTP/1.1" 200 944
190.171.143.90 - - [19/Jun/2023:12:15:25 -0300] "GET /cormun/servlet/hhome HTTP/1.1" 200 4307
190.171.143.90 - - [19/Jun/2023:12:15:25 -0300] "GET /cormun/static/gxcfg.js?20201215495537 HTTP/1.1" 200 953
190.171.143.90 - - [19/Jun/2023:12:15:26 -0300] "GET /cormun/servlet/hhome HTTP/1.1" 200 4303
190.171.143.90 - - [19/Jun/2023:12:15:30 -0300] "GET /cormun/servlet/trlicencias? HTTP/1.1" 200 15423
190.171.143.90 - - [19/Jun/2023:12:15:30 -0300] "GET /cormun/servlet/trlicencias? HTTP/1.1" 200 15419
190.171.143.98 - - [19/Jun/2023:12:15:31 -0300] "GET /cormun/servlet/hlogin HTTP/1.1" 200 1722
190.171.143.98 - - [19/Jun/2023:12:15:31 -0300] "GET /favicon.ico HTTP/1.1" 200 21630
181.212.43.89 - - [19/Jun/2023:12:15:31 -0300] "POST /cormun/servlet/hlogin?fbeb126be956e91e91da75b2214aa455,gx-no-cache=1687171358761 HTTP/1.1" 440 972
41.186.73.134 - - [19/Jun/2023:12:15:32 -0300] "GET /manager/html HTTP/1.1" 401 2474
192.168.10.17 - - [19/Jun/2023:12:15:32 -0300] "GET /cormun/servlet/trsolicitudgral? HTTP/1.1" 200 10107
192.168.10.17 - - [19/Jun/2023:12:15:33 -0300] "GET /cormun/servlet/trsolicitudgral? HTTP/1.1" 200 10103
181.212.43.89 - - [19/Jun/2023:12:15:33 -0300] "GET /cormun/servlet/hlogin HTTP/1.1" 200 1735
192.168.10.17 - - [19/Jun/2023:12:15:37 -0300] "POST /cormun/servlet/trsolicitudgral?04de0810f3dfd293ce915a846066b6ab,,gx-no-cache=1687186764374 HTTP/1.1" 200 9405
190.171.143.98 - - [19/Jun/2023:12:15:38 -0300] "POST /cormun/servlet/hlogin?bd250c2bed14f0231c2131d85d0e4d65,gx-no-cache=1687186783113 HTTP/1.1" 200 90
190.171.143.98 - - [19/Jun/2023:12:15:39 -0300] "GET /cormun/servlet/hpexe_link HTTP/1.1" 200 955
190.171.143.98 - - [19/Jun/2023:12:15:39 -0300] "GET /cormun/servlet/hhome HTTP/1.1" 200 4308
190.171.143.98 - - [19/Jun/2023:12:15:39 -0300] "GET /cormun/servlet/hhome HTTP/1.1" 200 4304
190.171.143.98 - - [19/Jun/2023:12:15:42 -0300] "GET /cormun/servlet/trlicencias? HTTP/1.1" 200 11519
190.171.143.98 - - [19/Jun/2023:12:15:42 -0300] "GET /cormun/servlet/trlicencias? HTTP/1.1" 200 11517
181.212.43.89 - - [19/Jun/2023:12:15:43 -0300] "POST /cormun/servlet/hlogin?6dd17c3a383d4d8237bb8f08bd4f9bd9,gx-no-cache=1687171370911 HTTP/1.1" 200 90
181.212.43.89 - - [19/Jun/2023:12:15:43 -0300] "GET /cormun/servlet/hpexe_link HTTP/1.1" 200 957
181.212.43.89 - - [19/Jun/2023:12:15:44 -0300] "GET /cormun/servlet/hhome HTTP/1.1" 200 4257
181.212.43.89 - - [19/Jun/2023:12:15:45 -0300] "GET /cormun/servlet/hhome HTTP/1.1" 200 4252
181.212.43.89 - - [19/Jun/2023:12:15:45 -0300] "GET /cormun/static/SmoothNavMenu/resources/images/right.gif HTTP/1.1" 200 860
181.212.43.89 - - [19/Jun/2023:12:15:45 -0300] "GET /cormun/static/SmoothNavMenu/resources/images/down.gif HTTP/1.1" 200 854
181.212.43.89 - - [19/Jun/2023:12:15:48 -0300] "GET /cormun/servlet/trlicencias? HTTP/1.1" 200 15425
181.212.43.89 - - [19/Jun/2023:12:15:50 -0300] "GET /cormun/servlet/trlicencias? HTTP/1.1" 200 15423
190.171.143.98 - - [19/Jun/2023:12:15:52 -0300] "GET /cormun/servlet/alicenciaprn?9623662,L,20230616000000,PU HTTP/1.1" 200 1537
192.168.10.17 - - [19/Jun/2023:12:16:12 -0300] "GET /cormun/servlet/vesolicitudgral?2023,20322,, HTTP/1.1" 200 8411
192.168.10.17 - - [19/Jun/2023:12:16:12 -0300] "GET /cormun/pexe_scrolldiv.js HTTP/1.1" 404 1009
192.168.10.17 - - [19/Jun/2023:12:16:12 -0300] "GET /cormun/servlet/vesolicitudgral?2023,20322,, HTTP/1.1" 200 8410
192.168.10.17 - - [19/Jun/2023:12:16:25 -0300] "POST /cormun/servlet/vesolicitudgral?04de0810f3dfd293ce915a846066b6ab,2023,20322,,,gx-no-cache=1687186812310 HTTP/1.1" 200 12198
192.168.10.17 - - [19/Jun/2023:12:16:25 -0300] "GET /cormun/static/Shared/jqueryui/images/ui-icons_82798d_256x240.png HTTP/1.1" 404 1089
192.168.10.17 - - [19/Jun/2023:12:16:25 -0300] "GET /cormun/static/Shared/jqueryui/images/ui-bg_flat_55_fafafa_40x100.png HTTP/1.1" 404 1097
192.168.10.17 - - [19/Jun/2023:12:16:25 -0300] "GET /cormun/static/Shared/jqueryui/images/ui-icons_8d78a5_256x240.png HTTP/1.1" 404 1089
192.168.10.17 - - [19/Jun/2023:12:16:25 -0300] "GET /cormun/static/Shared/jqueryui/images/ui-bg_highlight-soft_100_c6c2c8_1x100.png HTTP/1.1" 404 1117
192.168.10.17 - - [19/Jun/2023:12:16:36 -0300] "GET /cormun/servlet/trsolicitudgral? HTTP/1.1" 200 12407
192.168.10.17 - - [19/Jun/2023:12:16:37 -0300] "GET /cormun/servlet/trsolicitudgral? HTTP/1.1" 200 12400
192.168.10.17 - - [19/Jun/2023:12:16:43 -0300] "GET /cormun/servlet/vesolicitudgral?2023,20341,, HTTP/1.1" 200 8425
192.168.10.17 - - [19/Jun/2023:12:16:43 -0300] "GET /cormun/pexe_scrolldiv.js HTTP/1.1" 404 1009
192.168.10.17 - - [19/Jun/2023:12:16:44 -0300] "GET /cormun/servlet/vesolicitudgral?2023,20341,, HTTP/1.1" 200 8426
192.168.10.17 - - [19/Jun/2023:12:16:46 -0300] "POST /cormun/servlet/vesolicitudgral?04de0810f3dfd293ce915a846066b6ab,2023,20341,,,gx-no-cache=1687186833566 HTTP/1.1" 200 12218
192.168.10.17 - - [19/Jun/2023:12:16:46 -0300] "GET /cormun/static/Shared/jqueryui/images/ui-bg_highlight-soft_100_c6c2c8_1x100.png HTTP/1.1" 404 1117
192.168.10.17 - - [19/Jun/2023:12:16:46 -0300] "GET /cormun/static/Shared/jqueryui/images/ui-icons_82798d_256x240.png HTTP/1.1" 404 1089
192.168.10.17 - - [19/Jun/2023:12:16:46 -0300] "GET /cormun/static/Shared/jqueryui/images/ui-icons_8d78a5_256x240.png HTTP/1.1" 404 1089
192.168.10.17 - - [19/Jun/2023:12:16:46 -0300] "GET /cormun/static/Shared/jqueryui/images/ui-bg_flat_55_fafafa_40x100.png HTTP/1.1" 404 1097
192.168.10.17 - - [19/Jun/2023:12:18:18 -0300] "GET /cormun/servlet/trsolicitudgral? HTTP/1.1" 200 12401
192.168.10.17 - - [19/Jun/2023:12:18:18 -0300] "GET /cormun/servlet/trsolicitudgral? HTTP/1.1" 200 12400
192.168.10.17 - - [19/Jun/2023:12:18:23 -0300] "POST /cormun/servlet/trsolicitudgral?04de0810f3dfd293ce915a846066b6ab,,gx-no-cache=1687186930780 HTTP/1.1" 200 6686
190.95.15.15 - - [19/Jun/2023:12:19:34 -0300] "GET /cormun/servlet/trlicencias HTTP/1.1" 200 13632
41.186.73.134 - - [19/Jun/2023:12:19:34 -0300] "GET /manager/html HTTP/1.1" 401 2474
190.95.15.15 - - [19/Jun/2023:12:19:34 -0300] "GET /cormun/servlet/trlicencias HTTP/1.1" 200 13639
41.186.73.134 - - [19/Jun/2023:12:20:12 -0300] "GET /manager/html HTTP/1.1" 401 2474
