192.168.10.96 - - [19/Jun/2023:16:33:28 -0300] "GET /cormun/static/Resources/PXToolsTabUnselectedUnselected.png HTTP/1.1" 200 1470
192.168.10.96 - - [19/Jun/2023:16:33:28 -0300] "GET /cormun/static/SmoothNavMenu/resources/images/down.gif HTTP/1.1" 200 854
192.168.10.96 - - [19/Jun/2023:16:33:28 -0300] "GET /cormun/servlet/vesolicitudgral?2023,20250,, HTTP/1.1" 200 8287
192.168.10.96 - - [19/Jun/2023:16:33:30 -0300] "GET /cormun/servlet/trsolicitudgral? HTTP/1.1" 200 18185
192.168.10.96 - - [19/Jun/2023:16:33:30 -0300] "GET /cormun/static/gxui/gxui-all.css?110300 HTTP/1.1" 200 2179
192.168.10.96 - - [19/Jun/2023:16:33:30 -0300] "GET /cormun/static/calendar-system.css?75620 HTTP/1.1" 200 5572
192.168.10.96 - - [19/Jun/2023:16:33:30 -0300] "GET /cormun/static/gxcfg.js?20191021621534 HTTP/1.1" 200 953
192.168.10.96 - - [19/Jun/2023:16:33:30 -0300] "GET /cormun/static/Resources/Spanish/PXTools.css?2294816 HTTP/1.1" 200 100853
192.168.10.96 - - [19/Jun/2023:16:33:30 -0300] "GET /cormun/static/Shared/ext/resources/css/ext-all.css?205870 HTTP/1.1" 200 416045
192.168.10.96 - - [19/Jun/2023:16:33:30 -0300] "GET /cormun/static/trsolicitudgral.js?20191021621224 HTTP/1.1" 200 55166
192.168.10.96 - - [19/Jun/2023:16:33:30 -0300] "GET /cormun/static/Resources/PXToolsDataSearch.png HTTP/1.1" 200 435
192.168.10.96 - - [19/Jun/2023:16:33:30 -0300] "GET /cormun/static/Resources/PXToolsGridFirstDisabled.gif HTTP/1.1" 200 100
192.168.10.96 - - [19/Jun/2023:16:33:30 -0300] "GET /cormun/static/Resources/PXToolsGridPreviousDisabled.gif HTTP/1.1" 200 90
192.168.10.96 - - [19/Jun/2023:16:33:30 -0300] "GET /cormun/static/Resources/PXToolsGridLastDisabled.gif HTTP/1.1" 200 98
192.168.10.96 - - [19/Jun/2023:16:33:30 -0300] "GET /cormun/static/Resources/PXToolsGridPage.gif HTTP/1.1" 200 725
192.168.10.96 - - [19/Jun/2023:16:33:30 -0300] "GET /cormun/static/Resources/PXToolsAddAllStandardAction.png HTTP/1.1" 200 628
192.168.10.96 - - [19/Jun/2023:16:33:30 -0300] "GET /cormun/static/Resources/PXToolsGridNextDisabled.gif HTTP/1.1" 200 90
192.168.10.96 - - [19/Jun/2023:16:33:30 -0300] "GET /cormun/static/Resources/PXToolsRemoveAllStandardAction.png HTTP/1.1" 200 495
192.168.10.96 - - [19/Jun/2023:16:33:30 -0300] "GET /cormun/static/Resources/PXToolsActionExcel.png HTTP/1.1" 200 727
192.168.10.96 - - [19/Jun/2023:16:33:30 -0300] "GET /cormun//static/Resources/PXToolsGridUpdate.png HTTP/1.1" 200 470
192.168.10.96 - - [19/Jun/2023:16:33:30 -0300] "GET /cormun//static/Resources/PXToolsGridDelete.png HTTP/1.1" 200 538
192.168.10.96 - - [19/Jun/2023:16:33:30 -0300] "GET /cormun/static/Resources/asc.gif HTTP/1.1" 200 67
192.168.10.96 - - [19/Jun/2023:16:33:30 -0300] "GET /cormun/static/Resources/desc.gif HTTP/1.1" 200 65
192.168.10.96 - - [19/Jun/2023:16:33:30 -0300] "GET /cormun/static/Shared/ext/resources/themes/images/default/panel/bg-headersPanel.png HTTP/1.1" 200 255
192.168.10.96 - - [19/Jun/2023:16:33:30 -0300] "GET /cormun/static/Shared/ext/resources/themes/images/default/tools/tool-sprites.gif HTTP/1.1" 200 5434
192.168.10.96 - - [19/Jun/2023:16:33:31 -0300] "GET /cormun/servlet/trsolicitudgral? HTTP/1.1" 200 18181
190.171.149.82 - - [19/Jun/2023:16:34:28 -0300] "GET /cormun/servlet/hlogin HTTP/1.1" 200 1722
190.171.149.82 - - [19/Jun/2023:16:34:35 -0300] "POST /cormun/servlet/hlogin?b2352dbfce495b3284dcbb1a6f8f74bf,gx-no-cache=1687202319634 HTTP/1.1" 200 90
190.171.149.82 - - [19/Jun/2023:16:34:35 -0300] "GET /cormun/servlet/hpexe_link HTTP/1.1" 200 953
190.171.149.82 - - [19/Jun/2023:16:34:35 -0300] "GET /cormun/servlet/hhome HTTP/1.1" 200 3931
190.171.149.82 - - [19/Jun/2023:16:34:36 -0300] "GET /cormun/servlet/hhome HTTP/1.1" 200 3927
190.171.149.82 - - [19/Jun/2023:16:34:40 -0300] "GET /cormun/servlet/trsolicitudot? HTTP/1.1" 200 7147
190.171.149.82 - - [19/Jun/2023:16:34:41 -0300] "GET /cormun/servlet/trsolicitudot? HTTP/1.1" 200 7146
192.168.10.96 - - [19/Jun/2023:16:34:42 -0300] "POST /cormun/servlet/trsolicitudgral?81bec79d95e84081d43dc20c162b4189,,gx-no-cache=1687202309129 HTTP/1.1" 200 16063
190.171.149.82 - - [19/Jun/2023:16:34:43 -0300] "GET /cormun/servlet/solicitudot?INS,0,0,false, HTTP/1.1" 200 15816
190.171.149.82 - - [19/Jun/2023:16:34:43 -0300] "GET /cormun/servlet/solicitudot?INS,0,0,false, HTTP/1.1" 200 15823
192.168.10.96 - - [19/Jun/2023:16:34:49 -0300] "GET /cormun/servlet/vesolicitudgral?2023,20179,, HTTP/1.1" 200 8303
192.168.10.96 - - [19/Jun/2023:16:34:49 -0300] "GET /cormun/pexe_scrolldiv.js HTTP/1.1" 404 1009
192.168.10.96 - - [19/Jun/2023:16:34:50 -0300] "GET /cormun/servlet/vesolicitudgral?2023,20179,, HTTP/1.1" 200 8302
192.168.10.96 - - [19/Jun/2023:16:34:53 -0300] "GET /cormun/servlet/trsolicitudgral? HTTP/1.1" 200 18987
192.168.10.96 - - [19/Jun/2023:16:34:53 -0300] "GET /cormun/servlet/trsolicitudgral? HTTP/1.1" 200 18983
192.168.10.96 - - [19/Jun/2023:16:34:59 -0300] "GET /cormun/servlet/vesolicitudgral?2023,20197,, HTTP/1.1" 200 8250
192.168.10.96 - - [19/Jun/2023:16:34:59 -0300] "GET /cormun/pexe_scrolldiv.js HTTP/1.1" 404 1009
192.168.10.96 - - [19/Jun/2023:16:34:59 -0300] "GET /cormun/servlet/vesolicitudgral?2023,20197,, HTTP/1.1" 200 8249
192.168.10.96 - - [19/Jun/2023:16:35:02 -0300] "GET /cormun/servlet/trsolicitudgral? HTTP/1.1" 200 18987
192.168.10.96 - - [19/Jun/2023:16:35:03 -0300] "GET /cormun/servlet/trsolicitudgral? HTTP/1.1" 200 18983
103.169.34.47 - - [19/Jun/2023:16:35:06 -0300] "CONNECT www.google.com:443 HTTP/1.1" 400 -
192.168.10.96 - - [19/Jun/2023:16:35:08 -0300] "GET /cormun/servlet/vesolicitudgral?2023,20201,, HTTP/1.1" 200 8273
192.168.10.96 - - [19/Jun/2023:16:35:08 -0300] "GET /cormun/pexe_scrolldiv.js HTTP/1.1" 404 1009
192.168.10.96 - - [19/Jun/2023:16:35:09 -0300] "GET /cormun/servlet/vesolicitudgral?2023,20201,, HTTP/1.1" 200 8273
192.168.10.96 - - [19/Jun/2023:16:35:11 -0300] "GET /cormun/servlet/trsolicitudgral? HTTP/1.1" 200 18987
192.168.10.96 - - [19/Jun/2023:16:35:12 -0300] "GET /cormun/servlet/trsolicitudgral? HTTP/1.1" 200 18983
192.168.10.96 - - [19/Jun/2023:16:35:16 -0300] "GET /cormun/servlet/vesolicitudgral?2023,20205,, HTTP/1.1" 200 8257
192.168.10.96 - - [19/Jun/2023:16:35:16 -0300] "GET /cormun/pexe_scrolldiv.js HTTP/1.1" 404 1009
192.168.10.96 - - [19/Jun/2023:16:35:17 -0300] "GET /cormun/servlet/vesolicitudgral?2023,20205,, HTTP/1.1" 200 8256
192.168.10.96 - - [19/Jun/2023:16:35:19 -0300] "GET /cormun/servlet/trsolicitudgral? HTTP/1.1" 200 18987
192.168.10.96 - - [19/Jun/2023:16:35:20 -0300] "GET /cormun/servlet/trsolicitudgral? HTTP/1.1" 200 18983
192.168.10.96 - - [19/Jun/2023:16:35:26 -0300] "GET /cormun/servlet/vesolicitudgral?2023,20206,, HTTP/1.1" 200 8289
192.168.10.96 - - [19/Jun/2023:16:35:26 -0300] "GET /cormun/pexe_scrolldiv.js HTTP/1.1" 404 1009
192.168.10.96 - - [19/Jun/2023:16:35:26 -0300] "GET /cormun/servlet/vesolicitudgral?2023,20206,, HTTP/1.1" 200 8288
192.168.10.96 - - [19/Jun/2023:16:35:29 -0300] "GET /cormun/servlet/trsolicitudgral? HTTP/1.1" 200 18987
192.168.10.96 - - [19/Jun/2023:16:35:30 -0300] "GET /cormun/servlet/trsolicitudgral? HTTP/1.1" 200 18983
41.186.73.134 - - [19/Jun/2023:16:35:35 -0300] "GET /manager/html HTTP/1.1" 401 2474
192.168.10.96 - - [19/Jun/2023:16:35:37 -0300] "GET /cormun/servlet/vesolicitudgral?2023,20241,, HTTP/1.1" 200 8321
192.168.10.96 - - [19/Jun/2023:16:35:37 -0300] "GET /cormun/pexe_scrolldiv.js HTTP/1.1" 404 1009
192.168.10.96 - - [19/Jun/2023:16:35:37 -0300] "GET /cormun/servlet/vesolicitudgral?2023,20241,, HTTP/1.1" 200 8320
192.168.10.96 - - [19/Jun/2023:16:35:40 -0300] "GET /cormun/servlet/trsolicitudgral? HTTP/1.1" 200 18987
192.168.10.96 - - [19/Jun/2023:16:35:41 -0300] "GET /cormun/servlet/trsolicitudgral? HTTP/1.1" 200 18983
41.186.73.134 - - [19/Jun/2023:16:36:09 -0300] "GET /manager/html HTTP/1.1" 401 2474
192.168.10.96 - - [19/Jun/2023:16:36:11 -0300] "POST /cormun/servlet/trsolicitudgral?81bec79d95e84081d43dc20c162b4189,,gx-no-cache=1687202398004 HTTP/1.1" 200 5278
192.168.10.96 - - [19/Jun/2023:16:36:17 -0300] "POST /cormun/servlet/trsolicitudgral?81bec79d95e84081d43dc20c162b4189,,gx-no-cache=1687202404648 HTTP/1.1" 200 5280
192.168.10.96 - - [19/Jun/2023:16:36:18 -0300] "POST /cormun/servlet/trsolicitudgral?81bec79d95e84081d43dc20c162b4189,,gx-no-cache=1687202405214 HTTP/1.1" 200 5280
192.168.10.96 - - [19/Jun/2023:16:36:18 -0300] "POST /cormun/servlet/trsolicitudgral?81bec79d95e84081d43dc20c162b4189,,gx-no-cache=1687202405405 HTTP/1.1" 200 5278
192.168.10.96 - - [19/Jun/2023:16:36:18 -0300] "POST /cormun/servlet/trsolicitudgral?81bec79d95e84081d43dc20c162b4189,,gx-no-cache=1687202405613 HTTP/1.1" 200 5279
192.168.10.96 - - [19/Jun/2023:16:36:19 -0300] "POST /cormun/servlet/trsolicitudgral?81bec79d95e84081d43dc20c162b4189,,gx-no-cache=1687202406142 HTTP/1.1" 200 5280
192.168.10.96 - - [19/Jun/2023:16:36:24 -0300] "POST /cormun/servlet/trsolicitudgral?81bec79d95e84081d43dc20c162b4189,,gx-no-cache=1687202411592 HTTP/1.1" 200 5280
192.168.10.96 - - [19/Jun/2023:16:36:25 -0300] "POST /cormun/servlet/trsolicitudgral?81bec79d95e84081d43dc20c162b4189,,gx-no-cache=1687202412206 HTTP/1.1" 200 5280
192.168.10.96 - - [19/Jun/2023:16:36:25 -0300] "POST /cormun/servlet/trsolicitudgral?81bec79d95e84081d43dc20c162b4189,,gx-no-cache=1687202412397 HTTP/1.1" 200 5280
192.168.10.96 - - [19/Jun/2023:16:36:25 -0300] "POST /cormun/servlet/trsolicitudgral?81bec79d95e84081d43dc20c162b4189,,gx-no-cache=1687202412589 HTTP/1.1" 200 5280
192.168.10.96 - - [19/Jun/2023:16:36:25 -0300] "POST /cormun/servlet/trsolicitudgral?81bec79d95e84081d43dc20c162b4189,,gx-no-cache=1687202412830 HTTP/1.1" 200 5279
192.168.10.96 - - [19/Jun/2023:16:36:28 -0300] "GET /cormun/servlet/hlogin HTTP/1.1" 200 1741
41.186.73.134 - - [19/Jun/2023:16:39:54 -0300] "GET /manager/html HTTP/1.1" 401 2474
41.186.73.134 - - [19/Jun/2023:16:40:26 -0300] "GET /manager/html HTTP/1.1" 401 2474
41.186.73.134 - - [19/Jun/2023:16:48:17 -0300] "GET /manager/html HTTP/1.1" 401 2474
41.186.73.134 - - [19/Jun/2023:16:48:51 -0300] "GET /manager/html HTTP/1.1" 401 2474
190.171.149.90 - - [19/Jun/2023:16:50:13 -0300] "GET /cormun/servlet/trsolicitudot? HTTP/1.1" 200 6321
190.171.149.90 - - [19/Jun/2023:16:50:13 -0300] "GET /cormun/static/gxcfg.js?20221129846531 HTTP/1.1" 200 953
190.171.149.90 - - [19/Jun/2023:16:50:13 -0300] "GET /cormun/static/trsolicitudot.js?202211298465651 HTTP/1.1" 200 54040
190.171.149.90 - - [19/Jun/2023:16:50:13 -0300] "GET /cormun/servlet/hlogin HTTP/1.1" 200 1732
190.171.149.90 - - [19/Jun/2023:16:50:13 -0300] "GET /cormun/servlet/trsolicitudot? HTTP/1.1" 200 6316
190.171.149.90 - - [19/Jun/2023:16:50:17 -0300] "POST /cormun/servlet/hlogin?cc500c2f284e000a2fa55430afc4d818,gx-no-cache=1687203270144 HTTP/1.1" 200 90
190.171.149.90 - - [19/Jun/2023:16:50:17 -0300] "GET /cormun/servlet/hpexe_link HTTP/1.1" 200 949
190.171.149.90 - - [19/Jun/2023:16:50:17 -0300] "GET /cormun/servlet/trsolicitudot HTTP/1.1" 200 6980
190.171.149.90 - - [19/Jun/2023:16:50:17 -0300] "GET /cormun/servlet/trsolicitudot HTTP/1.1" 200 6979
190.171.149.90 - - [19/Jun/2023:16:50:19 -0300] "GET /cormun/servlet/trsolicitudot? HTTP/1.1" 200 6979
190.171.149.90 - - [19/Jun/2023:16:50:20 -0300] "GET /cormun/servlet/trsolicitudot? HTTP/1.1" 200 6979
190.171.149.90 - - [19/Jun/2023:16:50:23 -0300] "GET /cormun/servlet/solicitudot?INS,0,0,false, HTTP/1.1" 200 15835
190.171.149.90 - - [19/Jun/2023:16:50:37 -0300] "GET /cormun/servlet/solicitudot?INS,0,0,false, HTTP/1.1" 200 15835
190.171.149.90 - - [19/Jun/2023:16:50:46 -0300] "GET /cormun/static/gxcfg.js?20221129840861 HTTP/1.1" 200 953
190.171.149.90 - - [19/Jun/2023:16:50:46 -0300] "GET /cormun/static/solicitudot.js?20221129840983 HTTP/1.1" 200 74072
190.171.149.90 - - [19/Jun/2023:16:50:46 -0300] "GET /cormun/servlet/solicitudot?INS,0,0,false, HTTP/1.1" 200 15842
190.171.149.90 - - [19/Jun/2023:16:51:01 -0300] "POST /cormun/servlet/solicitudot?gx-no-cache=1687203309128 HTTP/1.1" 200 3963
190.171.149.90 - - [19/Jun/2023:16:51:01 -0300] "POST /cormun/servlet/solicitudot?cc500c2f284e000a2fa55430afc4d818,INS,0,0,false,,gx-no-cache=1687203314138 HTTP/1.1" 200 12518
190.171.149.90 - - [19/Jun/2023:16:51:04 -0300] "GET /cormun/servlet/solicitudot?792da3c2f75f4853211b4e3f413e0cf423f4ea45881f7760e6446673ea226c103570463dfbc412c01deccc5b9f04c1f1,gx-no-cache=1687203316947 HTTP/1.1" 200 30
190.171.149.90 - - [19/Jun/2023:16:52:28 -0300] "GET /cormun/static/Resources/resize.gif HTTP/1.1" 200 77
190.171.149.90 - - [19/Jun/2023:16:52:28 -0300] "GET /cormun/static/Resources/PXTools/ClosePrompt.png HTTP/1.1" 200 1036
190.171.149.90 - - [19/Jun/2023:16:52:28 -0300] "GET /cormun/servlet/prbanco?,MD,,gxPopupLevel%3D0%3B HTTP/1.1" 200 6498
190.171.149.90 - - [19/Jun/2023:16:52:28 -0300] "GET /cormun/static/gxcfg.js?20201216131581 HTTP/1.1" 200 953
190.171.149.90 - - [19/Jun/2023:16:52:28 -0300] "GET /cormun/static/prbanco.js?20201216132311 HTTP/1.1" 200 10693
190.171.149.90 - - [19/Jun/2023:16:52:28 -0300] "GET /cormun/static/menusearch.js?20201214473581 HTTP/1.1" 200 1424
190.171.149.90 - - [19/Jun/2023:16:52:28 -0300] "GET /cormun/static/hmpwkw011.js?202211298443482 HTTP/1.1" 200 1968
190.171.149.90 - - [19/Jun/2023:16:52:28 -0300] "GET /cormun/static/Resources/PXToolsMenuSearchCancel.png HTTP/1.1" 200 306
190.171.149.90 - - [19/Jun/2023:16:52:28 -0300] "GET /cormun/static/Resources/PXToolsMenuSearch.png HTTP/1.1" 200 336
190.171.149.90 - - [19/Jun/2023:16:52:33 -0300] "GET /cormun/servlet/solicitudot?792da3c2f75f4853211b4e3f413e0cf472b5b7a074fb0c4bb4f71c883059cf2820b257d04107a261cc3c349a8279566149327d318d1dbb70e36bd6f0ea780a66,gx-no-cache=1687203406598 HTTP/1.1" 200 30
190.171.149.90 - - [19/Jun/2023:16:52:34 -0300] "GET /cormun/servlet/solicitudot?792da3c2f75f4853211b4e3f413e0cf4649b1fd1a1ed0ebcc7639c42d4d1ac9f,gx-no-cache=1687203407566 HTTP/1.1" 200 53
41.186.73.134 - - [19/Jun/2023:16:52:39 -0300] "GET /manager/html HTTP/1.1" 401 2474
190.171.149.90 - - [19/Jun/2023:16:52:48 -0300] "POST /cormun/servlet/solicitudot?gx-no-cache=1687203421252 HTTP/1.1" 200 297
190.171.149.90 - - [19/Jun/2023:16:52:48 -0300] "GET /cormun/servlet/solicitudot?792da3c2f75f4853211b4e3f413e0cf491e644e3fa36c71f91f8a888e12793cd28e87989717cdcbe4e6899e8bcb839ef714dc5b7c0b37a70a90edd26f197b3bda0e37e0231894a456f350ed411f447017ce79810e4494044ad45bb41d250cbf574adcae999fbe02c968b80ce211f9c77cb36bd5963835f901263bdccecfcc4371d6dc3db5096cf5a520fc9c093163a18662095789282de4bd4b73ac45c7322fcdedfdc35f6046946af50365b88dbd88e2b1431997c921d01f7ad3aac1054df5bcb2511b817feb41c4fc5795409b14921ba4d1e6b8c0ad970b9f4bf9f725b920e33ee2beab79cb8193b64725fdf68a5deae9035075892ccfcf2e6a032227222573a75f790ac8668c3b36eae2f272a408336d709f3a19601526cdcd0c198256ee80231dc198e7c4eb8317aef67576ab991517e4bf10f37de691ffdfcba27be7093a4b936b36027bf1b0ccd0e9802ba9d6bab9dfd2672265c21090372490f13ed92b231df8f591ea9a425dae0f30d6dce4609b8ae0fe99155e0f76d8f95c3a44cae02cf3087d7162173bbeebe9e09da29be,gx-no-cache=1687203421296 HTTP/1.1" 200 30
190.171.149.90 - - [19/Jun/2023:16:52:52 -0300] "POST /cormun/servlet/solicitudot?gx-no-cache=1687203425300 HTTP/1.1" 200 30
190.171.149.90 - - [19/Jun/2023:16:52:52 -0300] "POST /cormun/servlet/solicitudot?gx-no-cache=1687203425354 HTTP/1.1" 200 1466
190.171.149.90 - - [19/Jun/2023:16:52:52 -0300] "POST /cormun/servlet/solicitudot?gx-no-cache=1687203425387 HTTP/1.1" 200 38
190.171.149.90 - - [19/Jun/2023:16:52:59 -0300] "GET /cormun/servlet/solicitudot?792da3c2f75f4853211b4e3f413e0cf4212833f10e82b6035a3b38a30f53fab9f340d75ba6310c67aa6fb93c2a3fad9f772809d1d765ba94a67eee6baa3977bc03455defcf6773a996c2ef66b847a4d06ca1d0559abddce9b20b6f78993640b5dcc843df07f3e42ec42c478d39caea6e,gx-no-cache=1687203432216 HTTP/1.1" 200 110
41.186.73.134 - - [19/Jun/2023:16:53:13 -0300] "GET /manager/html HTTP/1.1" 401 2474
190.171.149.90 - - [19/Jun/2023:16:53:16 -0300] "POST /cormun/servlet/solicitudot?gx-no-cache=1687203448835 HTTP/1.1" 200 69
190.171.149.90 - - [19/Jun/2023:16:54:47 -0300] "GET /cormun/servlet/solicitudot?792da3c2f75f4853211b4e3f413e0cf47dd94a2219ad5686e835b07d312fc14fab6a544826c2e841726667b1ad6768147399fa835acfd7f4531c1d8b5fba18bb30ccbfa854e3a06f8ea7333c3192192f548d0326d9f1f5a2eefb024c1ecb50d90e9affb606b473e13e9ddd1856886487,gx-no-cache=1687203539823 HTTP/1.1" 200 29
190.171.149.90 - - [19/Jun/2023:16:54:47 -0300] "GET /cormun/static/menuarrow.gif HTTP/1.1" 404 1015
190.171.149.90 - - [19/Jun/2023:16:54:50 -0300] "GET /cormun/servlet/solicitudot?792da3c2f75f4853211b4e3f413e0cf481705ae5a9e625973128caff97f3b85febb7a3294e9fc6b173285227a9589602,gx-no-cache=1687203543654 HTTP/1.1" 200 30
190.171.149.74 - - [19/Jun/2023:16:54:51 -0300] "GET /cormun/servlet/hlogin HTTP/1.1" 200 1721
190.171.149.90 - - [19/Jun/2023:16:54:55 -0300] "POST /cormun/servlet/solicitudot?gx-no-cache=1687203548324 HTTP/1.1" 200 30
190.171.149.74 - - [19/Jun/2023:16:54:59 -0300] "POST /cormun/servlet/hlogin?8c9f6ceb95522139e0bd396a933b0062,gx-no-cache=1687203543509 HTTP/1.1" 200 90
190.171.149.74 - - [19/Jun/2023:16:54:59 -0300] "GET /cormun/servlet/hpexe_link HTTP/1.1" 200 952
190.171.149.74 - - [19/Jun/2023:16:54:59 -0300] "GET /cormun/servlet/hhome HTTP/1.1" 200 3982
190.171.149.74 - - [19/Jun/2023:16:55:00 -0300] "GET /cormun/servlet/hhome HTTP/1.1" 200 3978
190.171.149.74 - - [19/Jun/2023:16:55:02 -0300] "GET /cormun/servlet/trpermisosgoce? HTTP/1.1" 200 15323
190.171.149.74 - - [19/Jun/2023:16:55:02 -0300] "GET /cormun/servlet/trpermisosgoce? HTTP/1.1" 200 15320
190.171.149.74 - - [19/Jun/2023:16:55:04 -0300] "GET /cormun/servlet/permisogoce?INS,0,,, HTTP/1.1" 200 6847
190.171.149.90 - - [19/Jun/2023:16:55:04 -0300] "GET /cormun/servlet/solicitudot?792da3c2f75f4853211b4e3f413e0cf491e644e3fa36c71f91f8a888e12793cd28e87989717cdcbe4e6899e8bcb839ef714dc5b7c0b37a70a90edd26f197b3bda0e37e0231894a456f350ed411f447017ce79810e4494044ad45bb41d250cbf574adcae999fbe02c968b80ce211f9c77cb36bd5963835f901263bdccecfcc4371d6dc3db5096cf5a520fc9c093163a18662095789282de4bd4b73ac45c7322fcdedfdc35f6046946af50365b88dbd88e2b1431997c921d01f7ad3aac1054df5bcb2511b817feb41c4fc5795409b14921ba4d1e6b8c0ad970b9f4bf9f725b920e33ee2beab79cb8193b64725fdf68a5deae9035075892ccfcf2e6a032227222573a75f790ac8668c3b36eae2f272a408336d709f3a19601526cdcd0c198256ee80231dc198e7c4eb8317aef67576ab991517e4bf10f37de691ffdfcba27be7093a4b936b36027bf1b0ccd0e9802ba9d6bab9dfd2672265c21090372490f13ed92b231df8f591ea9a425dae0f30d6dce46fba003874b93c3b5900e23e166baf6a202cf3087d7162173bbeebe9e09da29be,gx-no-cache=1687203557500 HTTP/1.1" 200 30
190.171.149.74 - - [19/Jun/2023:16:55:05 -0300] "GET /cormun/servlet/permisogoce?INS,0,,, HTTP/1.1" 200 6846
190.171.149.74 - - [19/Jun/2023:16:55:11 -0300] "GET /cormun/servlet/permisogoce?f98b76cb88dce2ffe524a0cdb136a29aac826fcac37ed792669cbef793b7c23edd7497a6373504c836722a0ef7592e6d935906bc1a123c4a728e5a899dabd9ce,gx-no-cache=1687203555026 HTTP/1.1" 200 79
190.171.149.74 - - [19/Jun/2023:16:55:12 -0300] "GET /cormun/static/menuarrow.gif HTTP/1.1" 404 1015
190.171.149.74 - - [19/Jun/2023:16:55:16 -0300] "GET /cormun/servlet/permisogoce?f98b76cb88dce2ffe524a0cdb136a29aeaa3590f6cbe070506e3143e9310f248f7a9862233eb99ba9ef58ff98a93fc127c78d456327646b0728291d0cffd3606,gx-no-cache=1687203560505 HTTP/1.1" 200 48
190.171.149.90 - - [19/Jun/2023:16:55:16 -0300] "POST /cormun/servlet/solicitudot?gx-no-cache=1687203569448 HTTP/1.1" 200 30
36.68.8.244 - - [19/Jun/2023:16:55:16 -0300] "GET / HTTP/1.1" 200 11217
190.171.149.74 - - [19/Jun/2023:16:55:18 -0300] "POST /cormun/servlet/permisogoce?8c9f6ceb95522139e0bd396a933b0062,INS,0,,,,gx-no-cache=1687203562150 HTTP/1.1" 200 93
190.171.149.74 - - [19/Jun/2023:16:55:18 -0300] "GET /cormun/servlet/hpexe_return? HTTP/1.1" 200 1011
190.171.149.74 - - [19/Jun/2023:16:55:19 -0300] "GET /cormun/servlet/trpermisosgoce HTTP/1.1" 200 15515
190.171.149.74 - - [19/Jun/2023:16:55:19 -0300] "GET /cormun/servlet/trpermisosgoce HTTP/1.1" 200 15510
190.171.149.74 - - [19/Jun/2023:16:55:21 -0300] "GET /cormun/servlet/apermisogoceprn?18558123,P,20230619153852,PU HTTP/1.1" 200 1647
190.171.149.90 - - [19/Jun/2023:16:56:05 -0300] "POST /cormun/servlet/solicitudot?gx-no-cache=1687203611585 HTTP/1.1" 200 1469
190.171.149.90 - - [19/Jun/2023:16:56:05 -0300] "POST /cormun/servlet/solicitudot?gx-no-cache=1687203618075 HTTP/1.1" 200 41
190.171.149.90 - - [19/Jun/2023:16:56:05 -0300] "GET /cormun/servlet/solicitudot?792da3c2f75f4853211b4e3f413e0cf4212833f10e82b6035a3b38a30f53fab9f340d75ba6310c67aa6fb93c2a3fad9f772809d1d765ba94a67eee6baa3977bc03455defcf6773a996c2ef66b847a4d06ca1d0559abddce9b20b6f78993640b5dcc843df07f3e42ec42c478d39caea6e,gx-no-cache=1687203618106 HTTP/1.1" 200 110
190.171.149.90 - - [19/Jun/2023:16:56:05 -0300] "POST /cormun/servlet/solicitudot?gx-no-cache=1687203618140 HTTP/1.1" 200 64
190.171.149.90 - - [19/Jun/2023:16:56:05 -0300] "GET /cormun/servlet/solicitudot?792da3c2f75f4853211b4e3f413e0cf481705ae5a9e625973128caff97f3b85febb7a3294e9fc6b173285227a9589602,gx-no-cache=1687203618173 HTTP/1.1" 200 30
190.171.149.90 - - [19/Jun/2023:16:56:05 -0300] "POST /cormun/servlet/solicitudot?gx-no-cache=1687203618202 HTTP/1.1" 200 30
190.171.149.90 - - [19/Jun/2023:16:56:05 -0300] "POST /cormun/servlet/solicitudot?cc500c2f284e000a2fa55430afc4d818,INS,0,0,false,,gx-no-cache=1687203618241 HTTP/1.1" 200 93
190.171.149.90 - - [19/Jun/2023:16:56:05 -0300] "GET /cormun/servlet/hpexe_return? HTTP/1.1" 200 1001
190.171.149.90 - - [19/Jun/2023:16:56:06 -0300] "GET /cormun/servlet/trsolicitudot HTTP/1.1" 200 8421
190.171.149.90 - - [19/Jun/2023:16:56:06 -0300] "GET /cormun//static/Resources/PXToolsActionView.png HTTP/1.1" 200 398
190.171.149.90 - - [19/Jun/2023:16:56:06 -0300] "GET /cormun//static/Resources/PXToolsRemoveAllAction.png HTTP/1.1" 200 487
190.171.149.90 - - [19/Jun/2023:16:56:06 -0300] "GET /cormun/servlet/trsolicitudot HTTP/1.1" 200 8417
190.171.149.90 - - [19/Jun/2023:16:56:12 -0300] "POST /cormun/servlet/trsolicitudot?cc500c2f284e000a2fa55430afc4d818,gx-no-cache=1687203624702 HTTP/1.1" 200 110
190.171.149.90 - - [19/Jun/2023:16:56:12 -0300] "GET /cormun/servlet/solicitudot?UPD,2023,20380,false, HTTP/1.1" 200 16414
190.171.149.90 - - [19/Jun/2023:16:56:12 -0300] "GET /cormun/servlet/solicitudot?UPD,2023,20380,false, HTTP/1.1" 200 16425
190.171.149.90 - - [19/Jun/2023:16:56:13 -0300] "POST /cormun/servlet/solicitudot?gx-no-cache=1687203625677 HTTP/1.1" 200 4044
190.171.149.90 - - [19/Jun/2023:16:56:27 -0300] "POST /cormun/servlet/solicitudot?cc500c2f284e000a2fa55430afc4d818,UPD,2023,20380,false,,gx-no-cache=1687203639675 HTTP/1.1" 200 12658
190.171.149.90 - - [19/Jun/2023:16:56:27 -0300] "GET /cormun/servlet/solicitudot?792da3c2f75f4853211b4e3f413e0cf423f4ea45881f7760e6446673ea226c107e2d78e1690fc681d1913da4e83cb7be,gx-no-cache=1687203639890 HTTP/1.1" 200 30
190.171.149.90 - - [19/Jun/2023:16:56:27 -0300] "GET /cormun/servlet/solicitudot?792da3c2f75f4853211b4e3f413e0cf472b5b7a074fb0c4bb4f71c883059cf2820b257d04107a261cc3c349a82795661cdf5ae4aff795d914f24a66c690c0f2c,gx-no-cache=1687203639916 HTTP/1.1" 200 30
190.171.149.90 - - [19/Jun/2023:16:56:27 -0300] "GET /cormun/servlet/solicitudot?792da3c2f75f4853211b4e3f413e0cf4f31d099bd4ceeffca70b94054b74a9b440481a2f387102b1dd50c470d19aafac3851c59a481221c5e5de02c16d3f0ce5,gx-no-cache=1687203639938 HTTP/1.1" 200 53
190.171.149.90 - - [19/Jun/2023:16:56:27 -0300] "POST /cormun/servlet/solicitudot?gx-no-cache=1687203639987 HTTP/1.1" 200 297
190.171.149.90 - - [19/Jun/2023:16:56:27 -0300] "GET /cormun/servlet/solicitudot?792da3c2f75f4853211b4e3f413e0cf491e644e3fa36c71f91f8a888e12793cd28e87989717cdcbe4e6899e8bcb839ef714dc5b7c0b37a70a90edd26f197b3bda0e37e0231894a456f350ed411f447017ce79810e4494044ad45bb41d250cbf574adcae999fbe02c968b80ce211f9c77cb36bd5963835f901263bdccecfcc4371d6dc3db5096cf5a520fc9c093163a18662095789282de4bd4b73ac45c7322fcdedfdc35f6046946af50365b88dbd88e2b1431997c921d01f7ad3aac1054df5bcb2511b817feb41c4fc5795409b14921ba4d1e6b8c0ad970b9f4bf9f725b920e33ee2beab79cb8193b64725fdf68a5deae9035075892ccfcf2e6a032227222573a75f790ac8668c3b36eae2f272a408336d709f3a19601526cdcd0c198256ee80231dc198e7c4eb8317aef67576ab991517e4bf10f37de691ffdfcba27be7093a4b936b36027bf1b0ccd0e9802ba9d6bab9dfd2672265c21090372490f13ed92b231df8f591ea9a425dae0f30d6dce46fba003874b93c3b5900e23e166baf6a202cf3087d7162173bbeebe9e09da29be,gx-no-cache=1687203640018 HTTP/1.1" 200 30
190.171.149.90 - - [19/Jun/2023:16:56:27 -0300] "POST /cormun/servlet/solicitudot?gx-no-cache=1687203640041 HTTP/1.1" 200 30
190.171.149.90 - - [19/Jun/2023:16:56:27 -0300] "POST /cormun/servlet/solicitudot?gx-no-cache=1687203640085 HTTP/1.1" 200 1469
190.171.149.90 - - [19/Jun/2023:16:56:27 -0300] "POST /cormun/servlet/solicitudot?gx-no-cache=1687203640120 HTTP/1.1" 200 41
190.171.149.90 - - [19/Jun/2023:16:56:27 -0300] "GET /cormun/servlet/solicitudot?792da3c2f75f4853211b4e3f413e0cf4212833f10e82b6035a3b38a30f53fab9f340d75ba6310c67aa6fb93c2a3fad9f772809d1d765ba94a67eee6baa3977bc03455defcf6773a996c2ef66b847a4d06ca1d0559abddce9b20b6f78993640b5dcc843df07f3e42ec42c478d39caea6e,gx-no-cache=1687203640153 HTTP/1.1" 200 110
190.171.149.90 - - [19/Jun/2023:16:56:27 -0300] "POST /cormun/servlet/solicitudot?gx-no-cache=1687203640175 HTTP/1.1" 200 64
190.171.149.90 - - [19/Jun/2023:16:56:27 -0300] "GET /cormun/servlet/solicitudot?792da3c2f75f4853211b4e3f413e0cf4c10e300726cefeb134431a4494f6d5c7bf1fb23a490a159b2024d7151b4ea8aec31bf958a26e9ff076857e3c55e1e88e2b6a8a8d09e6327594efa979a29355352f420950ab9d4485d8a4fbe0d1fa520d9e2d6179f354beebdb1befe841237678,gx-no-cache=1687203640203 HTTP/1.1" 200 29
190.171.149.90 - - [19/Jun/2023:16:56:27 -0300] "GET /cormun/servlet/solicitudot?792da3c2f75f4853211b4e3f413e0cf481705ae5a9e625973128caff97f3b85febb7a3294e9fc6b173285227a9589602,gx-no-cache=1687203640231 HTTP/1.1" 200 30
190.171.149.90 - - [19/Jun/2023:16:56:27 -0300] "POST /cormun/servlet/solicitudot?gx-no-cache=1687203640257 HTTP/1.1" 200 30
190.171.149.82 - - [19/Jun/2023:16:56:31 -0300] "GET /cormun/servlet/hlogin HTTP/1.1" 200 1722
190.171.149.82 - - [19/Jun/2023:16:56:37 -0300] "POST /cormun/servlet/hlogin?b2352dbfce495b3284dcbb1a6f8f74bf,gx-no-cache=1687203641257 HTTP/1.1" 200 90
190.171.149.82 - - [19/Jun/2023:16:56:37 -0300] "GET /cormun/servlet/hpexe_link HTTP/1.1" 200 967
190.171.149.82 - - [19/Jun/2023:16:56:37 -0300] "GET /cormun/servlet/solicitudot?INS,0,0,false, HTTP/1.1" 200 15815
190.171.149.82 - - [19/Jun/2023:16:56:38 -0300] "GET /cormun/servlet/solicitudot?INS,0,0,false, HTTP/1.1" 200 15821
190.171.149.90 - - [19/Jun/2023:16:56:41 -0300] "POST /cormun/servlet/solicitudot?cc500c2f284e000a2fa55430afc4d818,UPD,2023,20380,false,,gx-no-cache=1687203654408 HTTP/1.1" 200 93
190.171.149.90 - - [19/Jun/2023:16:56:41 -0300] "GET /cormun/servlet/hpexe_return? HTTP/1.1" 200 1005
190.171.149.90 - - [19/Jun/2023:16:56:41 -0300] "GET /cormun/servlet/trsolicitudot HTTP/1.1" 200 8421
190.171.149.90 - - [19/Jun/2023:16:56:42 -0300] "GET /cormun/servlet/trsolicitudot HTTP/1.1" 200 8417
190.171.149.82 - - [19/Jun/2023:16:56:42 -0300] "GET /cormun/servlet/trlicencias? HTTP/1.1" 200 9091
190.171.149.82 - - [19/Jun/2023:16:56:42 -0300] "GET /cormun/servlet/trlicencias? HTTP/1.1" 200 9082
41.186.73.134 - - [19/Jun/2023:16:56:50 -0300] "GET /manager/html HTTP/1.1" 401 2474
41.186.73.134 - - [19/Jun/2023:16:57:22 -0300] "GET /manager/html HTTP/1.1" 401 2474
190.171.149.90 - - [19/Jun/2023:17:04:47 -0300] "POST /cormun/servlet/trsolicitudot?cc500c2f284e000a2fa55430afc4d818,gx-no-cache=1687204139739 HTTP/1.1" 200 106
190.171.149.90 - - [19/Jun/2023:17:04:47 -0300] "GET /cormun/servlet/trsolicitudadjuntos?2023,20380, HTTP/1.1" 200 6053
190.171.149.90 - - [19/Jun/2023:17:04:47 -0300] "GET /cormun/static/gxcfg.js?20201215574222 HTTP/1.1" 200 953
190.171.149.90 - - [19/Jun/2023:17:04:47 -0300] "GET /cormun/static/trsolicitudadjuntos.js?20201215574932 HTTP/1.1" 200 17921
190.171.149.90 - - [19/Jun/2023:17:04:47 -0300] "GET /cormun/static/Resources/PXToolsGridNew.png HTTP/1.1" 200 427
190.171.149.90 - - [19/Jun/2023:17:04:47 -0300] "GET /cormun/servlet/trsolicitudadjuntos?2023,20380, HTTP/1.1" 200 6053
190.171.149.90 - - [19/Jun/2023:17:05:17 -0300] "GET /cormun/servlet/solicitudotadjuntos?INS,2023,20380,,1, HTTP/1.1" 200 5992
190.171.149.90 - - [19/Jun/2023:17:05:17 -0300] "GET /cormun/static/gxcfg.js?202211298385187 HTTP/1.1" 200 953
190.171.149.90 - - [19/Jun/2023:17:05:17 -0300] "GET /cormun/static/solicitudotadjuntos.js?202211298385196 HTTP/1.1" 200 11771
190.171.149.90 - - [19/Jun/2023:17:05:18 -0300] "GET /cormun/static/about:blank HTTP/1.1" 404 1011
190.171.149.90 - - [19/Jun/2023:17:05:18 -0300] "GET /cormun/servlet/solicitudotadjuntos?INS,2023,20380,,1, HTTP/1.1" 200 5985
41.186.73.134 - - [19/Jun/2023:17:05:18 -0300] "GET /manager/html HTTP/1.1" 401 2474
190.171.149.90 - - [19/Jun/2023:17:05:18 -0300] "GET /cormun/servlet/solicitudotadjuntos?792da3c2f75f4853211b4e3f413e0cf47bc047ec18feedd23b37179b4a4205ba95f2d150a021a893371c4b36d0232328,gx-no-cache=1687204171319 HTTP/1.1" 200 30
190.171.149.90 - - [19/Jun/2023:17:05:18 -0300] "POST /cormun/servlet/solicitudotadjuntos?cc500c2f284e000a2fa55430afc4d818,INS,2023,20380,,1,,gx-no-cache=1687204171346 HTTP/1.1" 200 3873
190.171.149.90 - - [19/Jun/2023:17:05:20 -0300] "POST /cormun/servlet/solicitudotadjuntos?gx-no-cache=1687204173003 HTTP/1.1" 200 26
190.171.149.90 - - [19/Jun/2023:17:05:38 -0300] "GET /cormun/servlet/solicitudotadjuntos?792da3c2f75f4853211b4e3f413e0cf445199a7575fa01a86036272f4750d9c0,gx-no-cache=1687204191311 HTTP/1.1" 200 30
190.171.149.90 - - [19/Jun/2023:17:05:38 -0300] "GET /cormun/servlet/solicitudotadjuntos?792da3c2f75f4853211b4e3f413e0cf445199a7575fa01a86036272f4750d9c0,gx-no-cache=1687204191331 HTTP/1.1" 200 30
190.171.149.90 - - [19/Jun/2023:17:05:38 -0300] "POST /cormun/servlet/solicitudotadjuntos?cc500c2f284e000a2fa55430afc4d818,INS,2023,20380,,1, HTTP/1.1" 200 116
190.171.149.90 - - [19/Jun/2023:17:05:38 -0300] "GET /cormun/servlet/hpexe_return? HTTP/1.1" 200 1018
190.171.149.90 - - [19/Jun/2023:17:05:38 -0300] "GET /cormun/servlet/trsolicitudadjuntos?2023,20380, HTTP/1.1" 200 8972
190.171.149.90 - - [19/Jun/2023:17:05:39 -0300] "GET /cormun/servlet/trsolicitudadjuntos?2023,20380, HTTP/1.1" 200 8968
190.171.149.90 - - [19/Jun/2023:17:05:48 -0300] "GET /cormun/servlet/trsolicitudot? HTTP/1.1" 200 8424
41.186.73.134 - - [19/Jun/2023:17:05:51 -0300] "GET /manager/html HTTP/1.1" 401 2474
190.171.149.90 - - [19/Jun/2023:17:05:52 -0300] "GET /cormun/servlet/trsolicitudot? HTTP/1.1" 200 8424
190.171.149.90 - - [19/Jun/2023:17:05:56 -0300] "GET /cormun/servlet/trsolicitudot? HTTP/1.1" 200 8417
190.171.149.90 - - [19/Jun/2023:17:06:07 -0300] "GET /cormun/servlet/solicitudot?INS,0,0,false, HTTP/1.1" 200 15834
190.171.149.90 - - [19/Jun/2023:17:06:17 -0300] "GET /cormun/servlet/solicitudot?INS,0,0,false, HTTP/1.1" 200 15840
190.171.149.90 - - [19/Jun/2023:17:06:28 -0300] "GET /cormun/servlet/trsolicitudot? HTTP/1.1" 200 8418
190.171.149.90 - - [19/Jun/2023:17:06:28 -0300] "GET /cormun/servlet/trsolicitudot? HTTP/1.1" 200 8417
190.171.149.90 - - [19/Jun/2023:17:06:31 -0300] "GET /cormun/servlet/solicitudot?INS,0,0,false, HTTP/1.1" 200 15832
190.171.149.90 - - [19/Jun/2023:17:06:31 -0300] "GET /cormun/servlet/solicitudot?INS,0,0,false, HTTP/1.1" 200 15840
190.171.149.90 - - [19/Jun/2023:17:06:35 -0300] "GET /cormun/servlet/trsolicitudot? HTTP/1.1" 200 8418
190.171.149.90 - - [19/Jun/2023:17:06:44 -0300] "GET /cormun/servlet/trsolicitudot? HTTP/1.1" 200 8418
190.171.149.90 - - [19/Jun/2023:17:06:44 -0300] "GET /cormun/servlet/trsolicitudot? HTTP/1.1" 200 8417
190.171.149.90 - - [19/Jun/2023:17:06:47 -0300] "POST /cormun/servlet/trsolicitudot?cc500c2f284e000a2fa55430afc4d818,,gx-no-cache=1687204260534 HTTP/1.1" 200 106
190.171.149.90 - - [19/Jun/2023:17:06:47 -0300] "GET /cormun/servlet/trsolicitudadjuntos?2023,20380, HTTP/1.1" 200 8969
190.171.149.90 - - [19/Jun/2023:17:06:48 -0300] "GET /cormun/servlet/trsolicitudadjuntos?2023,20380, HTTP/1.1" 200 8967
190.171.149.90 - - [19/Jun/2023:17:06:50 -0300] "GET /cormun/servlet/solicitudotadjuntos?INS,2023,20380,,1, HTTP/1.1" 200 5991
190.171.149.90 - - [19/Jun/2023:17:06:50 -0300] "GET /cormun/static/about:blank HTTP/1.1" 404 1011
190.171.149.90 - - [19/Jun/2023:17:06:50 -0300] "GET /cormun/servlet/solicitudotadjuntos?INS,2023,20380,,1, HTTP/1.1" 200 5984
190.171.149.90 - - [19/Jun/2023:17:06:50 -0300] "GET /cormun/servlet/solicitudotadjuntos?792da3c2f75f4853211b4e3f413e0cf47bc047ec18feedd23b37179b4a4205ba95f2d150a021a893371c4b36d0232328,gx-no-cache=1687204263580 HTTP/1.1" 200 30
190.171.149.90 - - [19/Jun/2023:17:06:50 -0300] "POST /cormun/servlet/solicitudotadjuntos?cc500c2f284e000a2fa55430afc4d818,INS,2023,20380,,1,,gx-no-cache=1687204263602 HTTP/1.1" 200 3872
190.171.149.90 - - [19/Jun/2023:17:06:52 -0300] "POST /cormun/servlet/solicitudotadjuntos?gx-no-cache=1687204265329 HTTP/1.1" 200 26
190.171.149.90 - - [19/Jun/2023:17:07:00 -0300] "GET /cormun/servlet/solicitudotadjuntos?792da3c2f75f4853211b4e3f413e0cf445199a7575fa01a86036272f4750d9c0,gx-no-cache=1687204272920 HTTP/1.1" 200 30
190.171.149.90 - - [19/Jun/2023:17:07:07 -0300] "GET /cormun/servlet/solicitudotadjuntos?792da3c2f75f4853211b4e3f413e0cf445199a7575fa01a86036272f4750d9c0,gx-no-cache=1687204279906 HTTP/1.1" 200 30
190.171.149.90 - - [19/Jun/2023:17:07:07 -0300] "POST /cormun/servlet/solicitudotadjuntos?cc500c2f284e000a2fa55430afc4d818,INS,2023,20380,,1, HTTP/1.1" 200 116
190.171.149.90 - - [19/Jun/2023:17:07:07 -0300] "GET /cormun/servlet/hpexe_return? HTTP/1.1" 200 1018
190.171.149.90 - - [19/Jun/2023:17:07:07 -0300] "GET /cormun/servlet/trsolicitudadjuntos?2023,20380, HTTP/1.1" 200 9248
190.171.149.90 - - [19/Jun/2023:17:07:08 -0300] "GET /cormun/servlet/trsolicitudadjuntos?2023,20380, HTTP/1.1" 200 9245
190.171.149.90 - - [19/Jun/2023:17:07:17 -0300] "GET /cormun/servlet/solicitudotadjuntos?INS,2023,20380,,1, HTTP/1.1" 200 5991
190.171.149.90 - - [19/Jun/2023:17:07:18 -0300] "GET /cormun/static/about:blank HTTP/1.1" 404 1011
190.171.149.90 - - [19/Jun/2023:17:07:18 -0300] "GET /cormun/servlet/solicitudotadjuntos?INS,2023,20380,,1, HTTP/1.1" 200 5984
190.171.149.90 - - [19/Jun/2023:17:07:18 -0300] "GET /cormun/servlet/solicitudotadjuntos?792da3c2f75f4853211b4e3f413e0cf47bc047ec18feedd23b37179b4a4205ba95f2d150a021a893371c4b36d0232328,gx-no-cache=1687204291290 HTTP/1.1" 200 30
190.171.149.90 - - [19/Jun/2023:17:07:18 -0300] "POST /cormun/servlet/solicitudotadjuntos?cc500c2f284e000a2fa55430afc4d818,INS,2023,20380,,1,,gx-no-cache=1687204291309 HTTP/1.1" 200 3872
190.171.149.90 - - [19/Jun/2023:17:07:21 -0300] "POST /cormun/servlet/solicitudotadjuntos?gx-no-cache=1687204294113 HTTP/1.1" 200 26
190.171.149.90 - - [19/Jun/2023:17:07:27 -0300] "GET /cormun/servlet/solicitudotadjuntos?792da3c2f75f4853211b4e3f413e0cf445199a7575fa01a86036272f4750d9c0,gx-no-cache=1687204300140 HTTP/1.1" 200 30
190.171.142.42 - - [19/Jun/2023:17:07:39 -0300] "GET /cormun/servlet/hlogin HTTP/1.1" 200 1719
190.171.153.50 - - [19/Jun/2023:17:07:40 -0300] "GET /cormun/servlet/hlogin HTTP/1.1" 200 1715
190.171.142.42 - - [19/Jun/2023:17:07:42 -0300] "POST /cormun/servlet/hlogin?e3a4678c845c8b3671afc5b639fef98e,gx-no-cache=1687204306634 HTTP/1.1" 200 90
190.171.142.42 - - [19/Jun/2023:17:07:42 -0300] "GET /cormun/servlet/hpexe_link HTTP/1.1" 200 949
190.171.142.42 - - [19/Jun/2023:17:07:42 -0300] "GET /cormun/servlet/hhome HTTP/1.1" 200 4268
190.171.142.42 - - [19/Jun/2023:17:07:43 -0300] "GET /cormun/servlet/hhome HTTP/1.1" 200 4264
190.171.142.42 - - [19/Jun/2023:17:07:45 -0300] "GET /cormun/servlet/trpermisosgoce? HTTP/1.1" 200 17751
190.171.142.42 - - [19/Jun/2023:17:07:46 -0300] "GET /cormun/servlet/trpermisosgoce? HTTP/1.1" 200 17749
190.171.153.50 - - [19/Jun/2023:17:07:47 -0300] "POST /cormun/servlet/hlogin?e6e1b6548c7d650067cb36652cff24a4,gx-no-cache=1687204312990 HTTP/1.1" 200 90
190.171.153.50 - - [19/Jun/2023:17:07:47 -0300] "GET /cormun/servlet/hpexe_link HTTP/1.1" 200 948
190.171.153.50 - - [19/Jun/2023:17:07:47 -0300] "GET /cormun/servlet/hhome HTTP/1.1" 200 4266
190.171.153.50 - - [19/Jun/2023:17:07:47 -0300] "GET /cormun/servlet/hhome HTTP/1.1" 200 4262
190.171.142.42 - - [19/Jun/2023:17:07:51 -0300] "POST /cormun/servlet/trpermisosgoce?e3a4678c845c8b3671afc5b639fef98e,,gx-no-cache=1687204315514 HTTP/1.1" 200 5336
190.171.142.42 - - [19/Jun/2023:17:08:03 -0300] "GET /cormun/servlet/permisogoce?DSP,17058407,P,20230530090818, HTTP/1.1" 200 6991
190.171.142.42 - - [19/Jun/2023:17:08:03 -0300] "GET /cormun/static/gxcfg.js?20201215124560 HTTP/1.1" 200 953
190.171.142.42 - - [19/Jun/2023:17:08:03 -0300] "GET /cormun/static/permisogoce.js?20201215124939 HTTP/1.1" 200 27790
190.171.142.42 - - [19/Jun/2023:17:08:03 -0300] "GET /cormun/static/Resources/prompt.gif HTTP/1.1" 200 902
190.171.142.42 - - [19/Jun/2023:17:08:03 -0300] "GET /cormun/servlet/permisogoce?DSP,17058407,P,20230530090818, HTTP/1.1" 200 6992
190.171.142.42 - - [19/Jun/2023:17:08:15 -0300] "GET /cormun/servlet/hlogin HTTP/1.1" 200 1723
190.171.142.42 - - [19/Jun/2023:17:08:24 -0300] "POST /cormun/servlet/hlogin?9866139ee617cdfdb1b1b6d26e8bfe6f,gx-no-cache=1687204349501 HTTP/1.1" 200 90
190.171.142.42 - - [19/Jun/2023:17:08:24 -0300] "GET /cormun/servlet/hpexe_link HTTP/1.1" 200 953
190.171.142.42 - - [19/Jun/2023:17:08:24 -0300] "GET /cormun/servlet/hhome HTTP/1.1" 200 4276
190.171.142.42 - - [19/Jun/2023:17:08:24 -0300] "GET /cormun/servlet/hhome HTTP/1.1" 200 4272
190.171.142.42 - - [19/Jun/2023:17:08:25 -0300] "GET /cormun/servlet/trpermisosgoce? HTTP/1.1" 200 8083
190.171.142.42 - - [19/Jun/2023:17:08:25 -0300] "GET /cormun/servlet/trpermisosgoce? HTTP/1.1" 200 8081
190.171.142.42 - - [19/Jun/2023:17:08:27 -0300] "GET /cormun/servlet/trsolicitudot? HTTP/1.1" 200 7493
190.171.142.42 - - [19/Jun/2023:17:08:27 -0300] "GET /cormun/servlet/trsolicitudot? HTTP/1.1" 200 7491
190.171.142.42 - - [19/Jun/2023:17:08:38 -0300] "POST /cormun/servlet/trpermisosgoce?e3a4678c845c8b3671afc5b639fef98e,,gx-no-cache=1687204362324 HTTP/1.1" 200 14998
190.171.142.42 - - [19/Jun/2023:17:08:44 -0300] "POST /cormun/servlet/trpermisosgoce?e3a4678c845c8b3671afc5b639fef98e,,gx-no-cache=1687204368606 HTTP/1.1" 200 15006
190.171.142.42 - - [19/Jun/2023:17:08:44 -0300] "GET /cormun/static/Shared/jqueryui/images/ui-bg_highlight-soft_100_c6c2c8_1x100.png HTTP/1.1" 404 1117
190.171.142.42 - - [19/Jun/2023:17:08:44 -0300] "GET /cormun/static/Shared/jqueryui/images/ui-icons_82798d_256x240.png HTTP/1.1" 404 1089
190.171.142.42 - - [19/Jun/2023:17:08:44 -0300] "GET /cormun/static/Shared/jqueryui/images/ui-bg_flat_55_fafafa_40x100.png HTTP/1.1" 404 1097
190.171.142.42 - - [19/Jun/2023:17:08:44 -0300] "GET /cormun/static/Shared/jqueryui/images/ui-icons_8d78a5_256x240.png HTTP/1.1" 404 1089
190.171.142.42 - - [19/Jun/2023:17:08:45 -0300] "POST /cormun/servlet/trsolicitudot?9866139ee617cdfdb1b1b6d26e8bfe6f,,gx-no-cache=1687204370585 HTTP/1.1" 200 4633
190.171.142.42 - - [19/Jun/2023:17:08:47 -0300] "POST /cormun/servlet/trsolicitudot?9866139ee617cdfdb1b1b6d26e8bfe6f,,gx-no-cache=1687204372580 HTTP/1.1" 200 4632
190.171.142.42 - - [19/Jun/2023:17:08:49 -0300] "GET /cormun/servlet/trsolicitudot? HTTP/1.1" 200 7491
190.171.142.42 - - [19/Jun/2023:17:08:50 -0300] "GET /cormun/servlet/trsolicitudot? HTTP/1.1" 200 7491
190.171.142.42 - - [19/Jun/2023:17:08:53 -0300] "GET /cormun/servlet/solicitudot?INS,0,0,false, HTTP/1.1" 200 16150
190.171.142.42 - - [19/Jun/2023:17:08:53 -0300] "GET /cormun/static/solicitudot.js?20221129840983 HTTP/1.1" 304 -
190.171.142.42 - - [19/Jun/2023:17:08:53 -0300] "GET /cormun/static/gxcfg.js?20221129840861 HTTP/1.1" 304 -
190.171.142.42 - - [19/Jun/2023:17:08:53 -0300] "GET /cormun/static/Resources/prompt.gif HTTP/1.1" 304 -
190.171.142.42 - - [19/Jun/2023:17:08:54 -0300] "GET /cormun/servlet/solicitudot?INS,0,0,false, HTTP/1.1" 200 16157
190.171.142.42 - - [19/Jun/2023:17:08:54 -0300] "GET /cormun/servlet/trlicenciaspermisoslog?7672377,P,20230616081346, HTTP/1.1" 200 6502
190.171.142.42 - - [19/Jun/2023:17:08:54 -0300] "GET /cormun/static/gxui/gxui-all.css?110300 HTTP/1.1" 200 2179
190.171.142.42 - - [19/Jun/2023:17:08:54 -0300] "GET /cormun/static/calendar-system.css?75620 HTTP/1.1" 200 5572
190.171.142.42 - - [19/Jun/2023:17:08:54 -0300] "GET /cormun/static/gxcfg.js?201991422452353 HTTP/1.1" 200 953
190.171.142.42 - - [19/Jun/2023:17:08:54 -0300] "GET /cormun/static/Resources/Spanish/PXTools.css?2294816 HTTP/1.1" 200 100853
190.171.142.42 - - [19/Jun/2023:17:08:54 -0300] "GET /cormun/static/Shared/ext/resources/css/ext-all.css?205870 HTTP/1.1" 200 416045
190.171.142.42 - - [19/Jun/2023:17:08:54 -0300] "GET /cormun/static/trlicenciaspermisoslog.js?201991422452676 HTTP/1.1" 200 20074
190.171.142.42 - - [19/Jun/2023:17:08:55 -0300] "GET /cormun/servlet/trlicenciaspermisoslog?7672377,P,20230616081346, HTTP/1.1" 200 6502
190.171.142.42 - - [19/Jun/2023:17:09:02 -0300] "GET /cormun/servlet/trpermisosgoce? HTTP/1.1" 200 17751
190.171.142.42 - - [19/Jun/2023:17:09:03 -0300] "GET /cormun/servlet/trpermisosgoce? HTTP/1.1" 200 17749
190.171.142.42 - - [19/Jun/2023:17:09:09 -0300] "GET /cormun/servlet/trlicenciaspermisoslog?19263280,P,20230531150510, HTTP/1.1" 200 6506
190.171.142.42 - - [19/Jun/2023:17:09:09 -0300] "GET /cormun/servlet/trlicenciaspermisoslog?19263280,P,20230531150510, HTTP/1.1" 200 6507
190.171.142.42 - - [19/Jun/2023:17:09:12 -0300] "GET /cormun/servlet/trpermisosgoce? HTTP/1.1" 200 17751
190.171.142.42 - - [19/Jun/2023:17:09:12 -0300] "GET /cormun/servlet/trpermisosgoce? HTTP/1.1" 200 17749
190.171.153.50 - - [19/Jun/2023:17:09:27 -0300] "GET /cormun/servlet/trpermisosgoce? HTTP/1.1" 200 9559
190.171.153.50 - - [19/Jun/2023:17:09:27 -0300] "GET /cormun/servlet/trpermisosgoce? HTTP/1.1" 200 9557
41.186.73.134 - - [19/Jun/2023:17:09:28 -0300] "GET /manager/html HTTP/1.1" 401 2474
190.171.153.50 - - [19/Jun/2023:17:09:29 -0300] "GET /cormun/static/menuarrow.gif HTTP/1.1" 404 1015
190.171.142.42 - - [19/Jun/2023:17:09:37 -0300] "GET /cormun/static/menuarrow.gif HTTP/1.1" 404 1015
190.171.141.82 - - [19/Jun/2023:17:09:43 -0300] "GET /cormun/servlet/hlogin HTTP/1.1" 200 1720
190.171.141.82 - - [19/Jun/2023:17:09:44 -0300] "GET /cormun/static/gxtimezone.js?85251 HTTP/1.1" 200 5781
190.171.141.82 - - [19/Jun/2023:17:09:44 -0300] "GET /cormun/static/messages.spa.js?85251 HTTP/1.1" 200 30736
190.171.141.82 - - [19/Jun/2023:17:09:44 -0300] "GET /cormun/static/gxgral.js?85251 HTTP/1.1" 200 384558
190.171.141.82 - - [19/Jun/2023:17:09:44 -0300] "GET /cormun/servlet/hlogin HTTP/1.1" 200 1730
190.171.141.82 - - [19/Jun/2023:17:09:44 -0300] "GET /cormun/static/Resources/indicator.gif HTTP/1.1" 200 1553
190.171.141.82 - - [19/Jun/2023:17:09:44 -0300] "GET /cormun/static/Resources/indicator.gif HTTP/1.1" 200 1553
190.171.141.82 - - [19/Jun/2023:17:09:44 -0300] "GET /favicon.ico HTTP/1.1" 200 21630
190.171.142.42 - - [19/Jun/2023:17:09:45 -0300] "POST /cormun/servlet/trpermisosgoce?e3a4678c845c8b3671afc5b639fef98e,,gx-no-cache=1687204430255 HTTP/1.1" 200 5562
190.171.149.90 - - [19/Jun/2023:17:09:45 -0300] "GET /cormun/servlet/hlogin HTTP/1.1" 200 1713
190.171.153.50 - - [19/Jun/2023:17:09:47 -0300] "POST /cormun/servlet/trpermisosgoce?e6e1b6548c7d650067cb36652cff24a4,,gx-no-cache=1687204433359 HTTP/1.1" 200 5324
190.171.149.90 - - [19/Jun/2023:17:09:49 -0300] "POST /cormun/servlet/hlogin?cc500c2f284e000a2fa55430afc4d818,gx-no-cache=1687204442551 HTTP/1.1" 200 90
190.171.149.90 - - [19/Jun/2023:17:09:49 -0300] "GET /cormun/servlet/hpexe_link HTTP/1.1" 200 968
190.171.141.82 - - [19/Jun/2023:17:09:50 -0300] "POST /cormun/servlet/hlogin?c6718f6be908b392d55c930814ea7720,gx-no-cache=1687204434404 HTTP/1.1" 200 90
190.171.141.82 - - [19/Jun/2023:17:09:50 -0300] "GET /cormun/servlet/hpexe_link HTTP/1.1" 200 950
190.171.141.82 - - [19/Jun/2023:17:09:50 -0300] "GET /cormun/servlet/hhome HTTP/1.1" 200 3964
190.171.141.82 - - [19/Jun/2023:17:09:51 -0300] "GET /cormun/servlet/hhome HTTP/1.1" 200 3960
190.171.141.82 - - [19/Jun/2023:17:09:51 -0300] "GET /cormun/static/SmoothNavMenu/resources/images/down.gif HTTP/1.1" 200 854
190.171.149.90 - - [19/Jun/2023:17:09:52 -0300] "GET /cormun/servlet/solicitudotadjuntos?INS,2023,20380,,1, HTTP/1.1" 200 5986
190.171.149.90 - - [19/Jun/2023:17:09:53 -0300] "GET /cormun/static/about:blank HTTP/1.1" 404 1011
190.171.149.90 - - [19/Jun/2023:17:09:53 -0300] "GET /cormun/servlet/solicitudotadjuntos?INS,2023,20380,,1, HTTP/1.1" 200 5985
190.171.141.82 - - [19/Jun/2023:17:09:53 -0300] "GET /cormun/servlet/trpermisosgoce? HTTP/1.1" 200 16523
190.171.149.90 - - [19/Jun/2023:17:09:53 -0300] "GET /cormun/servlet/solicitudotadjuntos?792da3c2f75f4853211b4e3f413e0cf47bc047ec18feedd23b37179b4a4205ba95f2d150a021a893371c4b36d0232328,gx-no-cache=1687204446417 HTTP/1.1" 200 30
190.171.149.90 - - [19/Jun/2023:17:09:53 -0300] "POST /cormun/servlet/solicitudotadjuntos?cc500c2f284e000a2fa55430afc4d818,INS,2023,20380,,1,,gx-no-cache=1687204446436 HTTP/1.1" 200 3862
190.171.141.82 - - [19/Jun/2023:17:09:53 -0300] "GET /cormun/servlet/trpermisosgoce? HTTP/1.1" 200 16521
190.171.142.42 - - [19/Jun/2023:17:09:55 -0300] "POST /cormun/servlet/trpermisosgoce?e3a4678c845c8b3671afc5b639fef98e,,gx-no-cache=1687204440039 HTTP/1.1" 200 5336
190.171.142.42 - - [19/Jun/2023:17:09:55 -0300] "POST /cormun/servlet/trpermisosgoce?e3a4678c845c8b3671afc5b639fef98e,,gx-no-cache=1687204440297 HTTP/1.1" 200 5318
190.171.141.82 - - [19/Jun/2023:17:09:56 -0300] "GET /cormun/servlet/permisogoce?INS,0,,, HTTP/1.1" 200 6829
190.171.141.82 - - [19/Jun/2023:17:09:57 -0300] "GET /cormun/servlet/permisogoce?INS,0,,, HTTP/1.1" 200 6829
190.171.149.90 - - [19/Jun/2023:17:09:58 -0300] "POST /cormun/servlet/solicitudotadjuntos?gx-no-cache=1687204451144 HTTP/1.1" 200 26
41.186.73.134 - - [19/Jun/2023:17:10:01 -0300] "GET /manager/html HTTP/1.1" 401 2474
190.171.142.42 - - [19/Jun/2023:17:10:04 -0300] "GET /cormun/servlet/trrenuncias? HTTP/1.1" 200 7176
190.171.142.42 - - [19/Jun/2023:17:10:04 -0300] "GET /cormun/static/gxcfg.js?202211298463175 HTTP/1.1" 200 953
190.171.142.42 - - [19/Jun/2023:17:10:04 -0300] "GET /cormun/static/trrenuncias.js?202211298463380 HTTP/1.1" 200 31925
190.171.142.42 - - [19/Jun/2023:17:10:04 -0300] "GET /cormun/servlet/trrenuncias? HTTP/1.1" 200 7175
190.171.141.82 - - [19/Jun/2023:17:10:05 -0300] "GET /cormun/servlet/permisogoce?09387dca67ab04fafb0919bcf977d971002a35f6eb1957ad754d0ab047201e4352ff52c5e01c07efd9f3496a487bcefe975ffdccf35a2e6c8a2e5cc19cf31c1b,gx-no-cache=1687204449264 HTTP/1.1" 200 81
190.171.142.42 - - [19/Jun/2023:17:10:07 -0300] "GET /cormun/servlet/trcontratounov2? HTTP/1.1" 200 17700
190.171.142.42 - - [19/Jun/2023:17:10:07 -0300] "GET /cormun/static/gxcfg.js?2020121614367 HTTP/1.1" 200 953
190.171.142.42 - - [19/Jun/2023:17:10:07 -0300] "GET /cormun/static/trcontratounov2.js?20201216143065 HTTP/1.1" 200 38486
190.171.142.42 - - [19/Jun/2023:17:10:07 -0300] "GET /cormun/static/Resources/PXToolsAddSelectedAction.png HTTP/1.1" 200 523
190.171.142.42 - - [19/Jun/2023:17:10:08 -0300] "GET /cormun/servlet/trcontratounov2? HTTP/1.1" 200 17730
190.171.153.50 - - [19/Jun/2023:17:10:09 -0300] "GET /cormun/servlet/trlicencias? HTTP/1.1" 200 12885
190.171.153.50 - - [19/Jun/2023:17:10:09 -0300] "GET /cormun/servlet/trlicencias? HTTP/1.1" 200 12880
190.171.153.50 - - [19/Jun/2023:17:10:18 -0300] "POST /cormun/servlet/trlicencias?e6e1b6548c7d650067cb36652cff24a4,,gx-no-cache=1687204463598 HTTP/1.1" 200 5694
190.171.142.42 - - [19/Jun/2023:17:10:25 -0300] "POST /cormun/servlet/trcontratounov2?e3a4678c845c8b3671afc5b639fef98e,,gx-no-cache=1687204469900 HTTP/1.1" 200 7549
190.171.141.82 - - [19/Jun/2023:17:10:26 -0300] "GET /cormun/servlet/permisogoce?09387dca67ab04fafb0919bcf977d9718ebce229cb89b22efb9577f82eec2cf3d0f8a34f53cda6ede37f90725c193da155ad5eed07507de727d6285150aaca30,gx-no-cache=1687204470615 HTTP/1.1" 200 48
190.171.141.82 - - [19/Jun/2023:17:10:38 -0300] "POST /cormun/servlet/permisogoce?c6718f6be908b392d55c930814ea7720,INS,0,,,,gx-no-cache=1687204481644 HTTP/1.1" 200 93
190.171.141.82 - - [19/Jun/2023:17:10:38 -0300] "GET /cormun/servlet/hpexe_return? HTTP/1.1" 200 1009
190.171.141.82 - - [19/Jun/2023:17:10:39 -0300] "GET /cormun/servlet/trpermisosgoce HTTP/1.1" 200 16843
190.171.141.82 - - [19/Jun/2023:17:10:39 -0300] "GET /cormun/servlet/trpermisosgoce HTTP/1.1" 200 16839
190.171.149.90 - - [19/Jun/2023:17:10:42 -0300] "GET /cormun/servlet/solicitudotadjuntos?792da3c2f75f4853211b4e3f413e0cf445199a7575fa01a86036272f4750d9c0,gx-no-cache=1687204489838 HTTP/1.1" 200 30
190.171.149.90 - - [19/Jun/2023:17:10:42 -0300] "GET /cormun/servlet/solicitudotadjuntos?792da3c2f75f4853211b4e3f413e0cf445199a7575fa01a86036272f4750d9c0,gx-no-cache=1687204495117 HTTP/1.1" 200 30
190.171.149.90 - - [19/Jun/2023:17:10:42 -0300] "POST /cormun/servlet/solicitudotadjuntos?cc500c2f284e000a2fa55430afc4d818,INS,2023,20380,,1, HTTP/1.1" 200 6187
190.171.141.82 - - [19/Jun/2023:17:10:42 -0300] "GET /cormun/servlet/apermisogoceprn?13117033,P,20230619155344,PU HTTP/1.1" 200 1659
190.171.149.90 - - [19/Jun/2023:17:10:44 -0300] "GET /cormun/static/Shared/jqueryui/images/ui-bg_highlight-soft_100_c6c2c8_1x100.png HTTP/1.1" 404 1117
190.171.149.90 - - [19/Jun/2023:17:10:44 -0300] "GET /cormun/static/Shared/jqueryui/images/ui-icons_82798d_256x240.png HTTP/1.1" 404 1089
190.171.149.90 - - [19/Jun/2023:17:10:44 -0300] "GET /cormun/static/Shared/jqueryui/images/ui-bg_flat_55_994d53_40x100.png HTTP/1.1" 404 1097
190.171.149.90 - - [19/Jun/2023:17:10:44 -0300] "GET /cormun/static/Shared/jqueryui/images/ui-icons_ebccce_256x240.png HTTP/1.1" 404 1089
190.171.149.90 - - [19/Jun/2023:17:10:44 -0300] "GET /cormun/PrivateTempStorage/upload_00003839.pdf HTTP/1.1" 200 156457
190.171.149.90 - - [19/Jun/2023:17:10:49 -0300] "GET /cormun/servlet/solicitudotadjuntos?792da3c2f75f4853211b4e3f413e0cf460b5faedab9712b91c13171a58aa918702cf3087d7162173bbeebe9e09da29be,gx-no-cache=1687204502259 HTTP/1.1" 200 30
