200.54.107.2 - - [12/Jun/2023:16:43:12 -0300] "GET /cormun/static/Shared/jqueryui/images/ui-bg_highlight-soft_100_c6c2c8_1x100.png HTTP/1.1" 404 1117
200.54.107.2 - - [12/Jun/2023:16:43:12 -0300] "GET /cormun/static/Shared/jqueryui/images/ui-icons_82798d_256x240.png HTTP/1.1" 404 1089
200.54.107.2 - - [12/Jun/2023:16:43:12 -0300] "GET /cormun/static/Shared/jqueryui/images/ui-icons_8d78a5_256x240.png HTTP/1.1" 404 1089
200.54.107.2 - - [12/Jun/2023:16:43:12 -0300] "GET /cormun/static/Shared/jqueryui/images/ui-bg_flat_55_fafafa_40x100.png HTTP/1.1" 404 1097
200.54.107.2 - - [12/Jun/2023:16:43:14 -0300] "GET /cormun/servlet/solicitudot?b2f98f939b19d036204ea9938b107d73128869b51aa7633bc9e0b3be343b74b0c82e888a6b53c46ec882ec9f6519ba73454f0407755ee5a77573c42744be04f3,gx-no-cache=1686598042048 HTTP/1.1" 200 53
200.54.107.2 - - [12/Jun/2023:16:43:14 -0300] "POST /cormun/servlet/solicitudot?gx-no-cache=1686598042150 HTTP/1.1" 200 297
200.54.107.2 - - [12/Jun/2023:16:43:14 -0300] "GET /cormun/servlet/solicitudot?b2f98f939b19d036204ea9938b107d73f853e422290050b302c4e5eb13b7d299bfacc37d63e5106b70ca04563a86dd4e68b3805ed6bb7bb90f266e17cbe7513b9699d39fb4a58e739bc50d8386ce5458df41103e17a7196d87eebfabc6273cdbe64806f9e8e839e0a3aa27ed46eff4039f4a41479fb0d7a9a80d2e4b83c9e0569b590a0df1ddf72a97428595251713ea3e2300fced4c8b80c344f7f574944a658ed1147f3fee8771289419fbc80f81169e9d4c28b7970d2ccfaa09dfeedf7307c6044e19c033e8f73649cfb7c25151bed6c4b8373c30ef3e61fe5e37cb16efd3da7559f424aa8e032ebf11f8ad9b8145e0af6b290f41a91645090dc3800f757b0c02aa4df6112492d5d99965151789b66c1dad4af0754f3907e5bc7991ccf3350d4283ad66ac912b0314f3290804c788bcdfd81be6240fe46402f810c6da97c91fb19a8b1b70189a457c7c746d35a56b6263317b8cd455270a46d70bbb24dabf83b275945eaf76df7837576f6771c2b97021015720decf51b85b79bd1127f189416b8c6f8ddec886260aca68c3349b23,gx-no-cache=1686598042271 HTTP/1.1" 200 30
190.171.143.82 - - [12/Jun/2023:16:43:19 -0300] "GET /cormun/servlet/trpermisosadjuntos?16252974,20230529164709,P, HTTP/1.1" 200 6674
200.54.107.2 - - [12/Jun/2023:16:43:20 -0300] "POST /cormun/servlet/solicitudot?gx-no-cache=1686598047766 HTTP/1.1" 200 30
190.171.143.82 - - [12/Jun/2023:16:43:20 -0300] "GET /cormun/servlet/trpermisosadjuntos?16252974,20230529164709,P, HTTP/1.1" 200 6674
190.171.143.82 - - [12/Jun/2023:16:43:23 -0300] "GET /cormun/servlet/permisosadjuntos?INS,16252974,P,20230529164709,, HTTP/1.1" 200 6009
190.171.143.82 - - [12/Jun/2023:16:43:24 -0300] "GET /cormun/static/about:blank HTTP/1.1" 404 1011
190.171.143.82 - - [12/Jun/2023:16:43:24 -0300] "GET /cormun/servlet/permisosadjuntos?INS,16252974,P,20230529164709,, HTTP/1.1" 200 5998
200.54.107.2 - - [12/Jun/2023:16:43:26 -0300] "POST /cormun/servlet/solicitudot?gx-no-cache=1686598053687 HTTP/1.1" 200 30
190.171.143.82 - - [12/Jun/2023:16:43:33 -0300] "POST /cormun/servlet/permisosadjuntos?48f8b422f34b9111854fc8e6c7ff8b42,INS,16252974,P,20230529164709,, HTTP/1.1" 200 116
190.171.143.82 - - [12/Jun/2023:16:43:33 -0300] "GET /cormun/servlet/hpexe_return? HTTP/1.1" 200 1033
190.171.143.82 - - [12/Jun/2023:16:43:33 -0300] "GET /cormun/servlet/trpermisosadjuntos?16252974,20230529164709,P, HTTP/1.1" 200 7196
190.171.143.82 - - [12/Jun/2023:16:43:34 -0300] "GET /cormun/servlet/trpermisosadjuntos?16252974,20230529164709,P, HTTP/1.1" 200 7192
200.54.107.2 - - [12/Jun/2023:16:43:36 -0300] "POST /cormun/servlet/solicitudot?gx-no-cache=1686598063158 HTTP/1.1" 200 256
190.171.143.82 - - [12/Jun/2023:16:43:37 -0300] "GET /cormun/servlet/trpermisosgoce? HTTP/1.1" 200 14165
190.171.143.82 - - [12/Jun/2023:16:43:38 -0300] "GET /cormun/servlet/trpermisosgoce? HTTP/1.1" 200 14160
200.54.107.2 - - [12/Jun/2023:16:43:39 -0300] "GET /cormun/servlet/solicitudot?b2f98f939b19d036204ea9938b107d73f853e422290050b302c4e5eb13b7d29949ece79553aa031aa1aa9cff539552dc68b3805ed6bb7bb90f266e17cbe7513b9699d39fb4a58e739bc50d8386ce5458df41103e17a7196d87eebfabc6273cdbe64806f9e8e839e0a3aa27ed46eff4039f4a41479fb0d7a9a80d2e4b83c9e0569b590a0df1ddf72a97428595251713ea3e2300fced4c8b80c344f7f574944a658ed1147f3fee8771289419fbc80f81169e9d4c28b7970d2ccfaa09dfeedf7307c6044e19c033e8f73649cfb7c25151bed6c4b8373c30ef3e61fe5e37cb16efd3da7559f424aa8e032ebf11f8ad9b8145e0af6b290f41a91645090dc3800f757b0c02aa4df6112492d5d99965151789b66c1dad4af0754f3907e5bc7991ccf3350d4283ad66ac912b0314f3290804c788bcdfd81be6240fe46402f810c6da97c9df97b2d8aaa278fd4898508535ddf4bf,gx-no-cache=1686598066646 HTTP/1.1" 200 30
200.54.107.2 - - [12/Jun/2023:16:43:39 -0300] "POST /cormun/servlet/solicitudot?gx-no-cache=1686598066678 HTTP/1.1" 200 30
190.171.143.82 - - [12/Jun/2023:16:43:47 -0300] "POST /cormun/servlet/trpermisosgoce?48f8b422f34b9111854fc8e6c7ff8b42,,gx-no-cache=1686598072690 HTTP/1.1" 200 11259
200.54.107.2 - - [12/Jun/2023:16:43:49 -0300] "GET /cormun/servlet/prlicenciaspermisos?19881705,L,,MD,,gxPopupLevel%3D0%3B HTTP/1.1" 200 6217
200.54.107.2 - - [12/Jun/2023:16:43:49 -0300] "GET /cormun/static/gxcfg.js?2020121559567 HTTP/1.1" 200 953
200.54.107.2 - - [12/Jun/2023:16:43:49 -0300] "GET /cormun/static/prlicenciaspermisos.js?2020121559821 HTTP/1.1" 200 13379
190.171.143.82 - - [12/Jun/2023:16:43:58 -0300] "GET /cormun/servlet/trpermisosadjuntos?16252974,20230607114306,P, HTTP/1.1" 200 6675
200.54.107.2 - - [12/Jun/2023:16:43:58 -0300] "POST /cormun/servlet/solicitudot?gx-no-cache=1686598086213 HTTP/1.1" 200 1470
190.171.143.82 - - [12/Jun/2023:16:43:59 -0300] "GET /cormun/servlet/trpermisosadjuntos?16252974,20230607114306,P, HTTP/1.1" 200 6675
190.171.143.82 - - [12/Jun/2023:16:44:01 -0300] "GET /cormun/servlet/permisosadjuntos?INS,16252974,P,20230607114306,, HTTP/1.1" 200 6006
190.171.143.82 - - [12/Jun/2023:16:44:01 -0300] "GET /cormun/static/about:blank HTTP/1.1" 404 1011
190.171.143.82 - - [12/Jun/2023:16:44:02 -0300] "GET /cormun/servlet/permisosadjuntos?INS,16252974,P,20230607114306,, HTTP/1.1" 200 5996
190.171.143.82 - - [12/Jun/2023:16:44:11 -0300] "POST /cormun/servlet/permisosadjuntos?48f8b422f34b9111854fc8e6c7ff8b42,INS,16252974,P,20230607114306,, HTTP/1.1" 200 116
190.171.143.82 - - [12/Jun/2023:16:44:11 -0300] "GET /cormun/servlet/hpexe_return? HTTP/1.1" 200 1033
190.171.143.82 - - [12/Jun/2023:16:44:11 -0300] "GET /cormun/servlet/trpermisosadjuntos?16252974,20230607114306,P, HTTP/1.1" 200 7196
190.171.143.82 - - [12/Jun/2023:16:44:12 -0300] "GET /cormun/servlet/trpermisosadjuntos?16252974,20230607114306,P, HTTP/1.1" 200 7193
190.171.143.82 - - [12/Jun/2023:16:44:18 -0300] "GET /cormun/servlet/trpermisosgoce? HTTP/1.1" 200 14171
190.171.143.82 - - [12/Jun/2023:16:44:20 -0300] "GET /cormun/servlet/trpermisosgoce? HTTP/1.1" 200 14156
200.54.237.82 - - [12/Jun/2023:16:44:22 -0300] "GET /cormun/servlet/hhome HTTP/1.1" 200 3320
200.54.237.82 - - [12/Jun/2023:16:44:22 -0300] "GET /cormun/servlet/hlogin HTTP/1.1" 200 1729
200.54.237.82 - - [12/Jun/2023:16:44:22 -0300] "GET /cormun/servlet/hhome HTTP/1.1" 200 3329
200.54.237.82 - - [12/Jun/2023:16:44:25 -0300] "POST /cormun/servlet/hlogin?0db42abf62ba17582c6a538b7e0774b0,gx-no-cache=1686598113139 HTTP/1.1" 200 90
190.171.143.82 - - [12/Jun/2023:16:44:25 -0300] "POST /cormun/servlet/trpermisosgoce?48f8b422f34b9111854fc8e6c7ff8b42,,gx-no-cache=1686598110163 HTTP/1.1" 200 11258
200.54.237.82 - - [12/Jun/2023:16:44:25 -0300] "GET /cormun/servlet/hpexe_link HTTP/1.1" 200 946
200.54.237.82 - - [12/Jun/2023:16:44:25 -0300] "GET /cormun/servlet/hhome HTTP/1.1" 200 4329
200.54.237.82 - - [12/Jun/2023:16:44:25 -0300] "GET /cormun/servlet/hhome HTTP/1.1" 200 4326
190.171.143.82 - - [12/Jun/2023:16:44:44 -0300] "GET /cormun/servlet/trpermisosadjuntos?19083549,20230602084806,P, HTTP/1.1" 200 6684
190.171.143.82 - - [12/Jun/2023:16:44:45 -0300] "GET /cormun/servlet/trpermisosadjuntos?19083549,20230602084806,P, HTTP/1.1" 200 6684
200.54.237.82 - - [12/Jun/2023:16:44:46 -0300] "GET /cormun/servlet/trcontratounov2? HTTP/1.1" 200 17991
190.171.143.82 - - [12/Jun/2023:16:44:46 -0300] "GET /cormun/servlet/permisosadjuntos?INS,19083549,P,20230602084806,, HTTP/1.1" 200 6016
200.54.237.82 - - [12/Jun/2023:16:44:47 -0300] "GET /cormun/servlet/trcontratounov2? HTTP/1.1" 200 17982
190.171.143.82 - - [12/Jun/2023:16:44:47 -0300] "GET /cormun/static/about:blank HTTP/1.1" 404 1011
190.171.143.82 - - [12/Jun/2023:16:44:47 -0300] "GET /cormun/servlet/permisosadjuntos?INS,19083549,P,20230602084806,, HTTP/1.1" 200 6005
190.171.143.82 - - [12/Jun/2023:16:44:57 -0300] "POST /cormun/servlet/permisosadjuntos?48f8b422f34b9111854fc8e6c7ff8b42,INS,19083549,P,20230602084806,, HTTP/1.1" 200 116
190.171.143.82 - - [12/Jun/2023:16:44:57 -0300] "GET /cormun/servlet/hpexe_return? HTTP/1.1" 200 1032
190.171.143.82 - - [12/Jun/2023:16:44:58 -0300] "GET /cormun/servlet/trpermisosadjuntos?19083549,20230602084806,P, HTTP/1.1" 200 7205
190.171.143.82 - - [12/Jun/2023:16:44:59 -0300] "GET /cormun/servlet/trpermisosadjuntos?19083549,20230602084806,P, HTTP/1.1" 200 7201
190.171.143.82 - - [12/Jun/2023:16:45:03 -0300] "GET /cormun/servlet/trpermisosgoce? HTTP/1.1" 200 14177
190.171.143.82 - - [12/Jun/2023:16:45:04 -0300] "GET /cormun/servlet/trpermisosgoce? HTTP/1.1" 200 14168
190.171.143.82 - - [12/Jun/2023:16:45:42 -0300] "POST /cormun/servlet/trpermisosgoce?48f8b422f34b9111854fc8e6c7ff8b42,,gx-no-cache=1686598187231 HTTP/1.1" 200 11261
200.54.107.2 - - [12/Jun/2023:16:45:48 -0300] "POST /cormun/servlet/solicitudot?gx-no-cache=1686598196164 HTTP/1.1" 200 41
181.203.198.100 - - [12/Jun/2023:16:46:22 -0300] "GET /cormun/servlet/hlogin HTTP/1.1" 200 1721
190.171.143.82 - - [12/Jun/2023:16:46:38 -0300] "GET /cormun/servlet/trpermisosadjuntos?9299830,20230605094923,P, HTTP/1.1" 200 6677
190.171.143.82 - - [12/Jun/2023:16:46:39 -0300] "GET /cormun/servlet/trpermisosadjuntos?9299830,20230605094923,P, HTTP/1.1" 200 6677
190.171.143.82 - - [12/Jun/2023:16:46:41 -0300] "GET /cormun/servlet/permisosadjuntos?INS,9299830,P,20230605094923,, HTTP/1.1" 200 6009
190.171.143.82 - - [12/Jun/2023:16:46:42 -0300] "GET /cormun/static/about:blank HTTP/1.1" 404 1011
190.171.143.82 - - [12/Jun/2023:16:46:42 -0300] "GET /cormun/servlet/permisosadjuntos?INS,9299830,P,20230605094923,, HTTP/1.1" 200 5999
190.171.143.82 - - [12/Jun/2023:16:46:53 -0300] "POST /cormun/servlet/permisosadjuntos?48f8b422f34b9111854fc8e6c7ff8b42,INS,9299830,P,20230605094923,, HTTP/1.1" 200 116
190.171.143.82 - - [12/Jun/2023:16:46:53 -0300] "GET /cormun/servlet/hpexe_return? HTTP/1.1" 200 1033
190.171.143.82 - - [12/Jun/2023:16:46:54 -0300] "GET /cormun/servlet/trpermisosadjuntos?9299830,20230605094923,P, HTTP/1.1" 200 7200
190.171.143.82 - - [12/Jun/2023:16:46:55 -0300] "GET /cormun/servlet/trpermisosadjuntos?9299830,20230605094923,P, HTTP/1.1" 200 7195
181.203.198.100 - - [12/Jun/2023:16:46:59 -0300] "POST /cormun/servlet/hlogin?dde9057f76c8ecc8d42c16d4f562f5c8,gx-no-cache=1686598264231 HTTP/1.1" 200 429
190.171.153.50 - - [12/Jun/2023:16:47:00 -0300] "GET /cormun/servlet/hlogin HTTP/1.1" 200 1722
190.171.153.50 - - [12/Jun/2023:16:47:03 -0300] "POST /cormun/servlet/hlogin?808799a5a24fc7fe03d6e85952bd5321,gx-no-cache=1686598268695 HTTP/1.1" 200 90
190.171.153.50 - - [12/Jun/2023:16:47:03 -0300] "GET /cormun/servlet/hpexe_link HTTP/1.1" 200 954
190.171.153.50 - - [12/Jun/2023:16:47:04 -0300] "GET /cormun/servlet/hhome HTTP/1.1" 200 4274
190.171.153.50 - - [12/Jun/2023:16:47:04 -0300] "GET /cormun/servlet/hhome HTTP/1.1" 200 4272
190.171.153.50 - - [12/Jun/2023:16:47:11 -0300] "GET /cormun/servlet/trlicencias? HTTP/1.1" 200 12865
190.171.153.50 - - [12/Jun/2023:16:47:12 -0300] "GET /cormun/servlet/trlicencias? HTTP/1.1" 200 12863
190.171.143.82 - - [12/Jun/2023:16:47:15 -0300] "GET /cormun/servlet/trpermisosgoce? HTTP/1.1" 200 14182
190.171.143.82 - - [12/Jun/2023:16:47:16 -0300] "GET /cormun/servlet/trpermisosgoce? HTTP/1.1" 200 14166
190.171.143.82 - - [12/Jun/2023:16:47:25 -0300] "POST /cormun/servlet/trpermisosgoce?48f8b422f34b9111854fc8e6c7ff8b42,,gx-no-cache=1686598290392 HTTP/1.1" 200 11260
181.203.198.100 - - [12/Jun/2023:16:47:25 -0300] "POST /cormun/servlet/hlogin?dde9057f76c8ecc8d42c16d4f562f5c8,gx-no-cache=1686598290729 HTTP/1.1" 200 429
181.203.198.100 - - [12/Jun/2023:16:47:49 -0300] "POST /cormun/servlet/hlogin?dde9057f76c8ecc8d42c16d4f562f5c8,gx-no-cache=1686598314574 HTTP/1.1" 200 429
190.171.153.50 - - [12/Jun/2023:16:48:17 -0300] "GET /cormun/servlet/trpermisosgoce? HTTP/1.1" 200 10894
190.171.153.50 - - [12/Jun/2023:16:48:17 -0300] "GET /cormun/static/gxcfg.js?2020121631564 HTTP/1.1" 200 953
190.171.153.50 - - [12/Jun/2023:16:48:17 -0300] "GET /cormun/static/trpermisosgoce.js?2020121633681 HTTP/1.1" 200 35904
190.171.153.50 - - [12/Jun/2023:16:48:18 -0300] "GET /cormun//static/Resources/PXToolsGridDelete.png HTTP/1.1" 200 538
190.171.153.50 - - [12/Jun/2023:16:48:18 -0300] "GET /cormun/servlet/trpermisosgoce? HTTP/1.1" 200 10894
190.171.153.50 - - [12/Jun/2023:16:48:27 -0300] "GET /cormun/static/menuarrow.gif HTTP/1.1" 404 1015
190.171.153.50 - - [12/Jun/2023:16:48:59 -0300] "POST /cormun/servlet/trpermisosgoce?808799a5a24fc7fe03d6e85952bd5321,,gx-no-cache=1686598384322 HTTP/1.1" 200 5538
190.171.153.50 - - [12/Jun/2023:16:49:28 -0300] "POST /cormun/servlet/trpermisosgoce?808799a5a24fc7fe03d6e85952bd5321,,gx-no-cache=1686598413108 HTTP/1.1" 200 11581
200.54.107.2 - - [12/Jun/2023:16:50:03 -0300] "GET /cormun/servlet/solicitudot?b2f98f939b19d036204ea9938b107d73761e099f55050bcecfbbdc11a07c3720101832de06f102b7f0ecd757154ff419da42f6d7f5ce784ace026895beb1490a702b32d485339d8cd069262642d9b5fc378f4919af1ee349011266220ead8ea2fbbae8464c3d79c87cd89b802278f1f2,gx-no-cache=1686598451166 HTTP/1.1" 200 110
200.54.107.2 - - [12/Jun/2023:16:50:03 -0300] "POST /cormun/servlet/solicitudot?gx-no-cache=1686598451223 HTTP/1.1" 200 83
200.54.107.2 - - [12/Jun/2023:16:50:08 -0300] "GET /cormun/servlet/solicitudot?b2f98f939b19d036204ea9938b107d73ea1d9a76b45af25aa42d43f902ea3e65b6c788b33133f026b88ebfed1afe2e551af893c7f044c9ce8fdf367a5e5a6938c9c68ab50d07fe6a826e279adaaaf4311b637bf49f8c5fa78f43d356f179f5870e864427954a0196b876c8db383603d6,gx-no-cache=1686598455813 HTTP/1.1" 200 29
200.54.107.2 - - [12/Jun/2023:16:50:08 -0300] "GET /cormun/static/menuarrow.gif HTTP/1.1" 404 1015
200.54.107.2 - - [12/Jun/2023:16:50:21 -0300] "GET /cormun/servlet/solicitudot?b2f98f939b19d036204ea9938b107d735dff4c8d80c3ef62ff2c8873da7d6c1fa7655c2ce7dcf9c3343a3e94ac1b6261,gx-no-cache=1686598468786 HTTP/1.1" 200 30
200.54.107.2 - - [12/Jun/2023:16:50:21 -0300] "POST /cormun/servlet/solicitudot?gx-no-cache=1686598468828 HTTP/1.1" 200 34
198.144.159.126 - - [12/Jun/2023:16:50:25 -0300] "CONNECT cn.bing.com:443 HTTP/1.1" 400 -
190.171.153.50 - - [12/Jun/2023:16:50:27 -0300] "GET /cormun/servlet/trautorizarpermisogoce? HTTP/1.1" 200 7112
190.171.153.50 - - [12/Jun/2023:16:50:27 -0300] "GET /cormun/static/gxcfg.js?2020121645532 HTTP/1.1" 200 953
190.171.153.50 - - [12/Jun/2023:16:50:27 -0300] "GET /cormun/static/trautorizarpermisogoce.js?2020121651492 HTTP/1.1" 200 34948
190.171.153.50 - - [12/Jun/2023:16:50:27 -0300] "GET /cormun/servlet/trautorizarpermisogoce? HTTP/1.1" 200 7112
191.125.61.209 - - [12/Jun/2023:16:51:21 -0300] "GET / HTTP/1.1" 200 11217
200.74.85.102 - - [12/Jun/2023:16:52:39 -0300] "GET /cormun/servlet/hlogin HTTP/1.1" 200 1773
200.74.85.102 - - [12/Jun/2023:16:52:39 -0300] "GET /cormun/static/gxfxSD.js?85251 HTTP/1.1" 200 15384
200.74.85.102 - - [12/Jun/2023:16:52:39 -0300] "GET /cormun/static/gxtimezone.js?85251 HTTP/1.1" 200 5781
200.74.85.102 - - [12/Jun/2023:16:52:39 -0300] "GET /cormun/static/gxtypesSD.js?85251 HTTP/1.1" 200 24551
200.74.85.102 - - [12/Jun/2023:16:52:39 -0300] "GET /cormun/static/gxhtmlSD.js?85251 HTTP/1.1" 200 50424
200.74.85.102 - - [12/Jun/2023:16:52:39 -0300] "GET /cormun/static/gxpopupSD.js?85251 HTTP/1.1" 200 22377
200.74.85.102 - - [12/Jun/2023:16:52:39 -0300] "GET /cormun/static/Resources/Spanish/PXTools.css?1759030 HTTP/1.1" 200 100853
200.74.85.102 - - [12/Jun/2023:16:52:40 -0300] "GET /cormun/static/gxapiSD.js?85251 HTTP/1.1" 200 78773
200.74.85.102 - - [12/Jun/2023:16:52:40 -0300] "GET /cormun/static/gxgridSD.js?85251 HTTP/1.1" 200 50735
200.74.85.102 - - [12/Jun/2023:16:52:40 -0300] "GET /cormun/static/JavaScripTableSD.js?85251 HTTP/1.1" 200 25100
200.74.85.102 - - [12/Jun/2023:16:52:40 -0300] "GET /cormun/static/rijndaelSD.js?85251 HTTP/1.1" 200 6763
200.74.85.102 - - [12/Jun/2023:16:52:40 -0300] "GET /cormun/static/gxgralSD.js?85251 HTTP/1.1" 200 20927
200.74.85.102 - - [12/Jun/2023:16:52:40 -0300] "GET /cormun/static/gxfrmutlSD.js?85251 HTTP/1.1" 200 89044
200.74.85.102 - - [12/Jun/2023:16:52:40 -0300] "GET /cormun/static/gxcfg.js?85251 HTTP/1.1" 200 953
200.74.85.102 - - [12/Jun/2023:16:52:40 -0300] "GET /cormun/static/hlogin.js?2022112219184458 HTTP/1.1" 200 2156
200.74.85.102 - - [12/Jun/2023:16:52:40 -0300] "GET /cormun/static/messages.spa.js?85251 HTTP/1.1" 200 30736
200.74.85.102 - - [12/Jun/2023:16:52:40 -0300] "GET /cormun/static/Resources/CormunLogin.png HTTP/1.1" 200 19132
200.74.85.102 - - [12/Jun/2023:16:52:40 -0300] "GET /cormun/static/Resources/PXToolsLoginTop.png HTTP/1.1" 200 1337
200.74.85.102 - - [12/Jun/2023:16:52:40 -0300] "GET /cormun/static/Resources/PXToolsLoginBottom.png HTTP/1.1" 200 1389
200.74.85.102 - - [12/Jun/2023:16:52:40 -0300] "GET /cormun/static/Resources/PXToolsButtonLeft.png HTTP/1.1" 200 1310
200.74.85.102 - - [12/Jun/2023:16:52:40 -0300] "GET /cormun/static/Resources/PXToolsLoginBackground.png HTTP/1.1" 200 1164
200.74.85.102 - - [12/Jun/2023:16:52:40 -0300] "GET /cormun/servlet/hlogin HTTP/1.1" 200 1780
200.74.85.102 - - [12/Jun/2023:16:52:40 -0300] "GET /favicon.ico HTTP/1.1" 200 21630
200.74.85.102 - - [12/Jun/2023:16:52:40 -0300] "GET /cormun/static/Resources/CormunLogin.png HTTP/1.1" 200 19132
200.74.85.102 - - [12/Jun/2023:16:52:40 -0300] "GET /cormun/static/Resources/indicator.gif HTTP/1.1" 200 1553
200.74.85.102 - - [12/Jun/2023:16:52:40 -0300] "GET /cormun/static/Resources/PXToolsLoginBackground.png HTTP/1.1" 200 1164
200.74.85.102 - - [12/Jun/2023:16:52:40 -0300] "GET /cormun/static/Resources/PXToolsLoginBottom.png HTTP/1.1" 200 1389
200.74.85.102 - - [12/Jun/2023:16:52:40 -0300] "GET /cormun/static/Resources/PXToolsButtonLeft.png HTTP/1.1" 200 1310
200.74.85.102 - - [12/Jun/2023:16:52:40 -0300] "GET /cormun/static/Resources/PXToolsLoginTop.png HTTP/1.1" 200 1337
200.74.85.102 - - [12/Jun/2023:16:52:40 -0300] "GET /cormun/static/Resources/PXToolsButtonBackground.png HTTP/1.1" 200 1176
200.74.85.102 - - [12/Jun/2023:16:52:40 -0300] "GET /cormun/static/Resources/PXToolsButtonRight.png HTTP/1.1" 200 1294
190.171.144.234 - - [12/Jun/2023:16:53:00 -0300] "GET /cormun/servlet/hlogin HTTP/1.1" 200 1724
190.171.144.234 - - [12/Jun/2023:16:53:01 -0300] "GET /favicon.ico HTTP/1.1" 200 21630
190.171.144.234 - - [12/Jun/2023:16:53:13 -0300] "POST /cormun/servlet/hlogin?70c56de6b39d0385cd01c36466171230,gx-no-cache=1686598638284 HTTP/1.1" 200 90
190.171.144.234 - - [12/Jun/2023:16:53:13 -0300] "GET /cormun/servlet/hpexe_link HTTP/1.1" 200 955
190.171.144.234 - - [12/Jun/2023:16:53:14 -0300] "GET /cormun/servlet/hhome HTTP/1.1" 200 3996
190.171.144.234 - - [12/Jun/2023:16:53:14 -0300] "GET /cormun/servlet/hhome HTTP/1.1" 200 3992
190.171.144.234 - - [12/Jun/2023:16:53:17 -0300] "GET /cormun/servlet/trpermisosgoce? HTTP/1.1" 200 10884
200.54.107.2 - - [12/Jun/2023:16:53:18 -0300] "POST /cormun/servlet/solicitudot?b19eec8180c5b9e4b1ef9464f2f46db4,INS,0,0,false,,gx-no-cache=1686598645177 HTTP/1.1" 200 93
190.171.144.234 - - [12/Jun/2023:16:53:18 -0300] "GET /cormun/servlet/trpermisosgoce? HTTP/1.1" 200 10888
200.54.107.2 - - [12/Jun/2023:16:53:18 -0300] "GET /cormun/servlet/hpexe_return? HTTP/1.1" 200 1009
200.54.107.2 - - [12/Jun/2023:16:53:18 -0300] "GET /cormun/servlet/trsolicitudot HTTP/1.1" 200 8984
200.54.107.2 - - [12/Jun/2023:16:53:18 -0300] "GET /cormun/servlet/trsolicitudot HTTP/1.1" 200 8982
200.54.107.2 - - [12/Jun/2023:16:53:40 -0300] "POST /cormun/servlet/trsolicitudot?b19eec8180c5b9e4b1ef9464f2f46db4,gx-no-cache=1686598667777 HTTP/1.1" 200 6259
200.54.107.2 - - [12/Jun/2023:16:53:40 -0300] "GET /cormun/static/Shared/jqueryui/images/ui-bg_highlight-soft_100_c6c2c8_1x100.png HTTP/1.1" 404 1117
200.54.107.2 - - [12/Jun/2023:16:53:40 -0300] "GET /cormun/static/Shared/jqueryui/images/ui-icons_82798d_256x240.png HTTP/1.1" 404 1089
200.54.107.2 - - [12/Jun/2023:16:53:40 -0300] "GET /cormun/static/Shared/jqueryui/images/ui-icons_8d78a5_256x240.png HTTP/1.1" 404 1089
200.54.107.2 - - [12/Jun/2023:16:53:40 -0300] "GET /cormun/static/Shared/jqueryui/images/ui-bg_flat_55_fafafa_40x100.png HTTP/1.1" 404 1097
190.171.143.82 - - [12/Jun/2023:16:53:42 -0300] "POST /cormun/servlet/trpermisosgoce?48f8b422f34b9111854fc8e6c7ff8b42,,gx-no-cache=1686598667124 HTTP/1.1" 200 11256
190.171.143.82 - - [12/Jun/2023:16:53:45 -0300] "GET /cormun/servlet/trpermisosadjuntos?15126226,20230608154203,P, HTTP/1.1" 200 6679
190.171.143.82 - - [12/Jun/2023:16:53:47 -0300] "GET /cormun/servlet/trpermisosadjuntos?15126226,20230608154203,P, HTTP/1.1" 200 6679
200.54.107.2 - - [12/Jun/2023:16:53:48 -0300] "POST /cormun/servlet/trsolicitudot?b19eec8180c5b9e4b1ef9464f2f46db4,gx-no-cache=1686598676200 HTTP/1.1" 200 6259
190.171.143.82 - - [12/Jun/2023:16:53:53 -0300] "GET /cormun/servlet/permisosadjuntos?INS,15126226,P,20230608154203,, HTTP/1.1" 200 6012
190.171.143.82 - - [12/Jun/2023:16:53:53 -0300] "GET /cormun/static/about:blank HTTP/1.1" 404 1011
190.171.143.82 - - [12/Jun/2023:16:53:54 -0300] "GET /cormun/servlet/permisosadjuntos?INS,15126226,P,20230608154203,, HTTP/1.1" 200 6002
190.171.144.234 - - [12/Jun/2023:16:53:54 -0300] "GET /cormun/servlet/permisogoce?INS,0,,, HTTP/1.1" 200 6859
190.171.144.234 - - [12/Jun/2023:16:53:55 -0300] "GET /cormun/servlet/permisogoce?INS,0,,, HTTP/1.1" 200 6858
190.171.143.82 - - [12/Jun/2023:16:54:01 -0300] "POST /cormun/servlet/permisosadjuntos?48f8b422f34b9111854fc8e6c7ff8b42,INS,15126226,P,20230608154203,, HTTP/1.1" 200 116
190.171.143.82 - - [12/Jun/2023:16:54:01 -0300] "GET /cormun/servlet/hpexe_return? HTTP/1.1" 200 1035
190.171.143.82 - - [12/Jun/2023:16:54:01 -0300] "GET /cormun/servlet/trpermisosadjuntos?15126226,20230608154203,P, HTTP/1.1" 200 7198
190.171.143.82 - - [12/Jun/2023:16:54:02 -0300] "GET /cormun/servlet/trpermisosadjuntos?15126226,20230608154203,P, HTTP/1.1" 200 7194
190.171.143.82 - - [12/Jun/2023:16:54:06 -0300] "GET /cormun/servlet/trpermisosgoce? HTTP/1.1" 200 14181
190.171.143.82 - - [12/Jun/2023:16:54:07 -0300] "GET /cormun/servlet/trpermisosgoce? HTTP/1.1" 200 14168
190.171.143.82 - - [12/Jun/2023:16:54:15 -0300] "POST /cormun/servlet/trpermisosgoce?48f8b422f34b9111854fc8e6c7ff8b42,,gx-no-cache=1686598700430 HTTP/1.1" 200 11258
190.171.144.234 - - [12/Jun/2023:16:54:21 -0300] "GET /cormun/servlet/permisogoce?e0343dda85f2a75da3006e35dfa600aac329ce0f9905cf4190adf64744344ab9677a139e6141bf36460bb9412936f74f0dec1b547f3b64e9ff1a9fd7d50bd10d,gx-no-cache=1686598706544 HTTP/1.1" 200 81
190.171.144.234 - - [12/Jun/2023:16:54:21 -0300] "GET /cormun/static/menuarrow.gif HTTP/1.1" 404 1015
190.171.143.82 - - [12/Jun/2023:16:54:37 -0300] "POST /cormun/servlet/trpermisosgoce?48f8b422f34b9111854fc8e6c7ff8b42,,gx-no-cache=1686598722027 HTTP/1.1" 200 11248
190.171.144.234 - - [12/Jun/2023:16:54:37 -0300] "GET /cormun/servlet/permisogoce?e0343dda85f2a75da3006e35dfa600aa2467fa665a0dca3430034188616200936c628f33d597868745f54f0f026d8489185ad26201787ec20bb66ac002bae246,gx-no-cache=1686598722890 HTTP/1.1" 200 47
190.171.143.82 - - [12/Jun/2023:16:54:59 -0300] "GET /cormun/servlet/trpermisosadjuntos?15126226,20230605152314,P, HTTP/1.1" 200 6679
190.171.143.82 - - [12/Jun/2023:16:55:00 -0300] "GET /cormun/servlet/trpermisosadjuntos?15126226,20230605152314,P, HTTP/1.1" 200 6679
190.171.143.82 - - [12/Jun/2023:16:55:02 -0300] "GET /cormun/servlet/permisosadjuntos?INS,15126226,P,20230605152314,, HTTP/1.1" 200 6010
190.171.143.82 - - [12/Jun/2023:16:55:03 -0300] "GET /cormun/static/about:blank HTTP/1.1" 404 1011
190.171.143.82 - - [12/Jun/2023:16:55:03 -0300] "GET /cormun/servlet/permisosadjuntos?INS,15126226,P,20230605152314,, HTTP/1.1" 200 6000
190.171.143.82 - - [12/Jun/2023:16:55:16 -0300] "POST /cormun/servlet/permisosadjuntos?48f8b422f34b9111854fc8e6c7ff8b42,INS,15126226,P,20230605152314,, HTTP/1.1" 200 116
190.171.143.82 - - [12/Jun/2023:16:55:16 -0300] "GET /cormun/servlet/hpexe_return? HTTP/1.1" 200 1035
190.171.143.82 - - [12/Jun/2023:16:55:17 -0300] "GET /cormun/servlet/trpermisosadjuntos?15126226,20230605152314,P, HTTP/1.1" 200 7199
190.171.143.82 - - [12/Jun/2023:16:55:18 -0300] "GET /cormun/servlet/trpermisosadjuntos?15126226,20230605152314,P, HTTP/1.1" 200 7196
190.171.144.234 - - [12/Jun/2023:16:55:24 -0300] "POST /cormun/servlet/permisogoce?70c56de6b39d0385cd01c36466171230,INS,0,,,,gx-no-cache=1686598769414 HTTP/1.1" 200 93
190.171.144.234 - - [12/Jun/2023:16:55:24 -0300] "GET /cormun/servlet/hpexe_return? HTTP/1.1" 200 1014
190.171.144.234 - - [12/Jun/2023:16:55:25 -0300] "GET /cormun/servlet/trpermisosgoce HTTP/1.1" 200 11217
190.171.144.234 - - [12/Jun/2023:16:55:26 -0300] "GET /cormun/servlet/trpermisosgoce HTTP/1.1" 200 11212
190.171.144.234 - - [12/Jun/2023:16:55:33 -0300] "GET /cormun/servlet/permisogoce?INS,0,,, HTTP/1.1" 200 6859
190.171.144.234 - - [12/Jun/2023:16:55:33 -0300] "GET /cormun/servlet/permisogoce?INS,0,,, HTTP/1.1" 200 6859
190.171.144.234 - - [12/Jun/2023:16:55:46 -0300] "GET /cormun/servlet/permisogoce?e0343dda85f2a75da3006e35dfa600aa1e357005aeb89891ace22b2647fc90dc677a139e6141bf36460bb9412936f74f0dec1b547f3b64e9ff1a9fd7d50bd10d,gx-no-cache=1686598791230 HTTP/1.1" 200 82
190.171.144.234 - - [12/Jun/2023:16:55:46 -0300] "GET /cormun/static/menuarrow.gif HTTP/1.1" 404 1015
190.171.144.234 - - [12/Jun/2023:16:55:59 -0300] "GET /cormun/servlet/permisogoce?e0343dda85f2a75da3006e35dfa600aa19eb57afdbe9e2a128f0f28bd2f4765df4b866b5d1a7837505f79ca62d7ab13a2970c9a96e92164feaa3b59369636ca0,gx-no-cache=1686598805114 HTTP/1.1" 200 47
190.171.144.234 - - [12/Jun/2023:16:56:04 -0300] "POST /cormun/servlet/permisogoce?70c56de6b39d0385cd01c36466171230,INS,0,,,,gx-no-cache=1686598809083 HTTP/1.1" 200 93
190.171.144.234 - - [12/Jun/2023:16:56:04 -0300] "GET /cormun/servlet/hpexe_return? HTTP/1.1" 200 1014
190.171.144.234 - - [12/Jun/2023:16:56:04 -0300] "GET /cormun/servlet/trpermisosgoce HTTP/1.1" 200 11487
190.171.144.234 - - [12/Jun/2023:16:56:04 -0300] "GET /cormun/servlet/trpermisosgoce HTTP/1.1" 200 11474
190.171.143.82 - - [12/Jun/2023:16:56:06 -0300] "GET /cormun/servlet/trpermisosgoce? HTTP/1.1" 200 14195
190.171.143.82 - - [12/Jun/2023:16:56:07 -0300] "GET /cormun/servlet/trpermisosgoce? HTTP/1.1" 200 14181
190.171.144.234 - - [12/Jun/2023:16:56:09 -0300] "GET /cormun/servlet/permisogoce?INS,0,,, HTTP/1.1" 200 6859
190.171.144.234 - - [12/Jun/2023:16:56:09 -0300] "GET /cormun/servlet/permisogoce?INS,0,,, HTTP/1.1" 200 6858
190.171.143.82 - - [12/Jun/2023:16:56:25 -0300] "POST /cormun/servlet/trpermisosgoce?48f8b422f34b9111854fc8e6c7ff8b42,,gx-no-cache=1686598830119 HTTP/1.1" 200 11255
190.171.144.234 - - [12/Jun/2023:16:56:25 -0300] "GET /cormun/servlet/permisogoce?e0343dda85f2a75da3006e35dfa600aa01fba3d8c52ef3105bca6a44f71a465611b5a3d1413b3d0d8d7f8aca2ce2a1b595159a0df939d9a45f6cf16ca0f70559,gx-no-cache=1686598830500 HTTP/1.1" 200 77
190.171.144.234 - - [12/Jun/2023:16:56:25 -0300] "GET /cormun/static/menuarrow.gif HTTP/1.1" 404 1015
190.171.144.234 - - [12/Jun/2023:16:56:36 -0300] "GET /cormun/servlet/permisogoce?e0343dda85f2a75da3006e35dfa600aade7ad58eca57542071c56e1244fbdbe72dc258defc6fb1ef409ed4f030a2e42aff842b44e01c63035afb8a752eb9bb82,gx-no-cache=1686598841932 HTTP/1.1" 200 47
190.171.144.234 - - [12/Jun/2023:16:56:40 -0300] "POST /cormun/servlet/permisogoce?70c56de6b39d0385cd01c36466171230,INS,0,,,,gx-no-cache=1686598845611 HTTP/1.1" 200 93
190.171.144.234 - - [12/Jun/2023:16:56:40 -0300] "GET /cormun/servlet/hpexe_return? HTTP/1.1" 200 1014
190.171.144.234 - - [12/Jun/2023:16:56:41 -0300] "GET /cormun/servlet/trpermisosgoce HTTP/1.1" 200 11708
190.171.144.234 - - [12/Jun/2023:16:56:41 -0300] "GET /cormun/servlet/trpermisosgoce HTTP/1.1" 200 11719
190.171.144.234 - - [12/Jun/2023:16:56:45 -0300] "GET /cormun/servlet/permisogoce?INS,0,,, HTTP/1.1" 200 6859
190.171.143.82 - - [12/Jun/2023:16:56:46 -0300] "GET /cormun/servlet/trpermisosadjuntos?18557986,20230529165911,P, HTTP/1.1" 200 6678
190.171.144.234 - - [12/Jun/2023:16:56:46 -0300] "GET /cormun/servlet/permisogoce?INS,0,,, HTTP/1.1" 200 6858
190.171.143.82 - - [12/Jun/2023:16:56:47 -0300] "GET /cormun/servlet/trpermisosadjuntos?18557986,20230529165911,P, HTTP/1.1" 200 6678
190.171.143.82 - - [12/Jun/2023:16:56:49 -0300] "GET /cormun/servlet/permisosadjuntos?INS,18557986,P,20230529165911,, HTTP/1.1" 200 6012
190.171.143.82 - - [12/Jun/2023:16:56:49 -0300] "GET /cormun/static/about:blank HTTP/1.1" 404 1011
190.171.143.82 - - [12/Jun/2023:16:56:50 -0300] "GET /cormun/servlet/permisosadjuntos?INS,18557986,P,20230529165911,, HTTP/1.1" 200 6002
190.171.144.234 - - [12/Jun/2023:16:56:58 -0300] "GET /cormun/servlet/permisogoce?e0343dda85f2a75da3006e35dfa600aa74df681ca3496fdd3439f34331002846677a139e6141bf36460bb9412936f74f0dec1b547f3b64e9ff1a9fd7d50bd10d,gx-no-cache=1686598863623 HTTP/1.1" 200 83
190.171.144.234 - - [12/Jun/2023:16:56:58 -0300] "GET /cormun/static/menuarrow.gif HTTP/1.1" 404 1015
190.171.144.234 - - [12/Jun/2023:16:57:06 -0300] "GET /cormun/servlet/permisogoce?e0343dda85f2a75da3006e35dfa600aaf8909134ddd9d7341ea8488dab0b18dcd8016fa934dc1ae43f5480e97f2ac4b22970c9a96e92164feaa3b59369636ca0,gx-no-cache=1686598871459 HTTP/1.1" 200 48
190.171.143.82 - - [12/Jun/2023:16:57:06 -0300] "POST /cormun/servlet/permisosadjuntos?48f8b422f34b9111854fc8e6c7ff8b42,INS,18557986,P,20230529165911,, HTTP/1.1" 200 116
190.171.143.82 - - [12/Jun/2023:16:57:06 -0300] "GET /cormun/servlet/hpexe_return? HTTP/1.1" 200 1034
190.171.143.82 - - [12/Jun/2023:16:57:06 -0300] "GET /cormun/servlet/trpermisosadjuntos?18557986,20230529165911,P, HTTP/1.1" 200 7201
190.171.143.82 - - [12/Jun/2023:16:57:07 -0300] "GET /cormun/servlet/trpermisosadjuntos?18557986,20230529165911,P, HTTP/1.1" 200 7197
190.171.144.234 - - [12/Jun/2023:16:57:10 -0300] "POST /cormun/servlet/permisogoce?70c56de6b39d0385cd01c36466171230,INS,0,,,,gx-no-cache=1686598875158 HTTP/1.1" 200 93
190.171.144.234 - - [12/Jun/2023:16:57:10 -0300] "GET /cormun/servlet/hpexe_return? HTTP/1.1" 200 1014
190.171.144.234 - - [12/Jun/2023:16:57:11 -0300] "GET /cormun/servlet/trpermisosgoce HTTP/1.1" 200 11950
190.171.143.82 - - [12/Jun/2023:16:57:11 -0300] "GET /cormun/servlet/trpermisosgoce? HTTP/1.1" 200 14186
190.171.144.234 - - [12/Jun/2023:16:57:11 -0300] "GET /cormun/servlet/trpermisosgoce HTTP/1.1" 200 11970
190.171.143.82 - - [12/Jun/2023:16:57:12 -0300] "GET /cormun/servlet/trpermisosgoce? HTTP/1.1" 200 14174
190.171.144.234 - - [12/Jun/2023:16:57:18 -0300] "GET /cormun/servlet/apermisogoceprn?16934676,P,20230612153749,PU HTTP/1.1" 200 1654
190.171.143.82 - - [12/Jun/2023:16:57:29 -0300] "POST /cormun/servlet/trpermisosgoce?48f8b422f34b9111854fc8e6c7ff8b42,,gx-no-cache=1686598894056 HTTP/1.1" 200 11256
190.171.143.82 - - [12/Jun/2023:16:57:38 -0300] "GET /cormun/servlet/trpermisosadjuntos?17522932,20230605152201,P, HTTP/1.1" 200 6673
190.171.143.82 - - [12/Jun/2023:16:57:39 -0300] "GET /cormun/servlet/trpermisosadjuntos?17522932,20230605152201,P, HTTP/1.1" 200 6673
190.171.143.82 - - [12/Jun/2023:16:57:41 -0300] "GET /cormun/servlet/permisosadjuntos?INS,17522932,P,20230605152201,, HTTP/1.1" 200 6004
190.171.143.82 - - [12/Jun/2023:16:57:42 -0300] "GET /cormun/static/about:blank HTTP/1.1" 404 1011
190.171.143.82 - - [12/Jun/2023:16:57:42 -0300] "GET /cormun/servlet/permisosadjuntos?INS,17522932,P,20230605152201,, HTTP/1.1" 200 5993
190.171.144.234 - - [12/Jun/2023:16:57:43 -0300] "GET /cormun/servlet/apermisogoceprn?19849725,P,20230612153927,PU HTTP/1.1" 200 1653
190.171.143.82 - - [12/Jun/2023:16:57:51 -0300] "POST /cormun/servlet/permisosadjuntos?48f8b422f34b9111854fc8e6c7ff8b42,INS,17522932,P,20230605152201,, HTTP/1.1" 200 116
190.171.143.82 - - [12/Jun/2023:16:57:51 -0300] "GET /cormun/servlet/hpexe_return? HTTP/1.1" 200 1033
190.171.143.82 - - [12/Jun/2023:16:57:51 -0300] "GET /cormun/servlet/trpermisosadjuntos?17522932,20230605152201,P, HTTP/1.1" 200 7192
190.171.143.82 - - [12/Jun/2023:16:57:52 -0300] "GET /cormun/servlet/trpermisosadjuntos?17522932,20230605152201,P, HTTP/1.1" 200 7189
190.171.143.82 - - [12/Jun/2023:16:57:56 -0300] "GET /cormun/servlet/trpermisosgoce? HTTP/1.1" 200 14193
190.171.143.82 - - [12/Jun/2023:16:57:57 -0300] "GET /cormun/servlet/trpermisosgoce? HTTP/1.1" 200 14178
190.171.144.234 - - [12/Jun/2023:16:57:57 -0300] "GET /cormun/servlet/apermisogoceprn?9279153,P,20230612154003,PU HTTP/1.1" 200 1653
190.171.143.82 - - [12/Jun/2023:16:58:04 -0300] "POST /cormun/servlet/trpermisosgoce?48f8b422f34b9111854fc8e6c7ff8b42,,gx-no-cache=1686598928999 HTTP/1.1" 200 11250
190.95.15.15 - - [12/Jun/2023:16:58:09 -0300] "GET /cormun/servlet/trpermisosgoce? HTTP/1.1" 200 6031
190.95.15.15 - - [12/Jun/2023:16:58:10 -0300] "GET /cormun/servlet/trpermisosgoce? HTTP/1.1" 200 6029
190.95.15.15 - - [12/Jun/2023:16:58:10 -0300] "GET /cormun/servlet/hlogin HTTP/1.1" 200 1737
190.171.144.234 - - [12/Jun/2023:16:58:11 -0300] "GET /cormun/servlet/apermisogoceprn?13945792,P,20230612154040,PU HTTP/1.1" 200 1654
190.171.143.82 - - [12/Jun/2023:16:58:15 -0300] "GET /cormun/servlet/trpermisosadjuntos?12515149,20230608154349,P, HTTP/1.1" 200 6679
190.171.143.82 - - [12/Jun/2023:16:58:16 -0300] "GET /cormun/servlet/trpermisosadjuntos?12515149,20230608154349,P, HTTP/1.1" 200 6679
190.95.15.15 - - [12/Jun/2023:16:58:17 -0300] "POST /cormun/servlet/hlogin?4a1868f125a8e914fb787c637e534900,gx-no-cache=1686598941966 HTTP/1.1" 200 90
190.95.15.15 - - [12/Jun/2023:16:58:17 -0300] "GET /cormun/servlet/hpexe_link HTTP/1.1" 200 956
190.95.15.15 - - [12/Jun/2023:16:58:17 -0300] "GET /cormun/servlet/trpermisosgoce HTTP/1.1" 200 12654
190.95.15.15 - - [12/Jun/2023:16:58:17 -0300] "GET /cormun/servlet/trpermisosgoce HTTP/1.1" 200 12649
190.171.143.82 - - [12/Jun/2023:16:58:18 -0300] "GET /cormun/servlet/permisosadjuntos?INS,12515149,P,20230608154349,, HTTP/1.1" 200 6005
190.171.143.82 - - [12/Jun/2023:16:58:18 -0300] "GET /cormun/static/about:blank HTTP/1.1" 404 1011
190.171.143.82 - - [12/Jun/2023:16:58:18 -0300] "GET /cormun/servlet/permisosadjuntos?INS,12515149,P,20230608154349,, HTTP/1.1" 200 5995
190.95.15.15 - - [12/Jun/2023:16:58:20 -0300] "GET /cormun/servlet/permisogoce?INS,0,,, HTTP/1.1" 200 6830
190.95.15.15 - - [12/Jun/2023:16:58:20 -0300] "GET /cormun/servlet/permisogoce?INS,0,,, HTTP/1.1" 200 6829
190.171.143.82 - - [12/Jun/2023:16:58:25 -0300] "POST /cormun/servlet/permisosadjuntos?48f8b422f34b9111854fc8e6c7ff8b42,INS,12515149,P,20230608154349,, HTTP/1.1" 200 116
190.171.143.82 - - [12/Jun/2023:16:58:25 -0300] "GET /cormun/servlet/hpexe_return? HTTP/1.1" 200 1031
190.171.143.82 - - [12/Jun/2023:16:58:26 -0300] "GET /cormun/servlet/trpermisosadjuntos?12515149,20230608154349,P, HTTP/1.1" 200 7196
190.171.143.82 - - [12/Jun/2023:16:58:27 -0300] "GET /cormun/servlet/trpermisosadjuntos?12515149,20230608154349,P, HTTP/1.1" 200 7192
190.95.15.15 - - [12/Jun/2023:16:58:29 -0300] "GET /cormun/servlet/permisogoce?85cb6e52d16ac0ec266015c9e51c7be172a70e3a84fc4258704e5c4ecfc8d67bd83d0e50c59a70c431380779b08bb240d2811dfa495800c30b8620ed8895728d,gx-no-cache=1686598954085 HTTP/1.1" 200 92
190.95.15.15 - - [12/Jun/2023:16:58:29 -0300] "GET /cormun/static/menuarrow.gif HTTP/1.1" 404 1015
190.171.143.82 - - [12/Jun/2023:16:58:30 -0300] "GET /cormun/servlet/trpermisosgoce? HTTP/1.1" 200 14186
190.171.143.82 - - [12/Jun/2023:16:58:31 -0300] "GET /cormun/servlet/trpermisosgoce? HTTP/1.1" 200 14162
190.95.15.15 - - [12/Jun/2023:16:58:35 -0300] "GET /cormun/servlet/permisogoce?85cb6e52d16ac0ec266015c9e51c7be1557433f09a9ba7b70a4aeb961578cc5cfdc958b763ca001753459a12a3613f91efc57c5e29b0dc78572c20d17c75cc28,gx-no-cache=1686598960544 HTTP/1.1" 200 47
190.95.15.15 - - [12/Jun/2023:16:58:38 -0300] "POST /cormun/servlet/permisogoce?4a1868f125a8e914fb787c637e534900,INS,0,,,,gx-no-cache=1686598962551 HTTP/1.1" 200 93
190.95.15.15 - - [12/Jun/2023:16:58:38 -0300] "GET /cormun/servlet/hpexe_return? HTTP/1.1" 200 1009
190.95.15.15 - - [12/Jun/2023:16:58:38 -0300] "GET /cormun/servlet/trpermisosgoce HTTP/1.1" 200 12998
190.95.15.15 - - [12/Jun/2023:16:58:38 -0300] "GET /cormun/servlet/trpermisosgoce HTTP/1.1" 200 12986
190.171.143.82 - - [12/Jun/2023:16:58:39 -0300] "POST /cormun/servlet/trpermisosgoce?48f8b422f34b9111854fc8e6c7ff8b42,,gx-no-cache=1686598964011 HTTP/1.1" 200 11259
190.95.15.15 - - [12/Jun/2023:16:58:42 -0300] "GET /cormun/servlet/apermisogoceprn?16885010,P,20230612154214,PU HTTP/1.1" 200 1667
190.171.143.82 - - [12/Jun/2023:16:58:48 -0300] "GET /cormun/servlet/trpermisosadjuntos?12515149,20230605152426,P, HTTP/1.1" 200 6679
190.171.143.82 - - [12/Jun/2023:16:58:49 -0300] "GET /cormun/servlet/trpermisosadjuntos?12515149,20230605152426,P, HTTP/1.1" 200 6679
190.171.144.234 - - [12/Jun/2023:16:59:16 -0300] "GET /cormun/servlet/trlicencias? HTTP/1.1" 200 11050
190.171.144.234 - - [12/Jun/2023:16:59:16 -0300] "GET /cormun/servlet/trlicencias? HTTP/1.1" 200 11049
190.171.143.82 - - [12/Jun/2023:16:59:19 -0300] "GET /cormun/servlet/permisosadjuntos?INS,12515149,P,20230605152426,, HTTP/1.1" 200 6006
190.171.143.82 - - [12/Jun/2023:16:59:20 -0300] "GET /cormun/static/about:blank HTTP/1.1" 404 1011
190.171.143.82 - - [12/Jun/2023:16:59:20 -0300] "GET /cormun/servlet/permisosadjuntos?INS,12515149,P,20230605152426,, HTTP/1.1" 200 5996
190.171.143.82 - - [12/Jun/2023:16:59:26 -0300] "POST /cormun/servlet/permisosadjuntos?48f8b422f34b9111854fc8e6c7ff8b42,INS,12515149,P,20230605152426,, HTTP/1.1" 200 116
190.171.143.82 - - [12/Jun/2023:16:59:26 -0300] "GET /cormun/servlet/hpexe_return? HTTP/1.1" 200 1032
190.171.143.82 - - [12/Jun/2023:16:59:26 -0300] "GET /cormun/servlet/trpermisosadjuntos?12515149,20230605152426,P, HTTP/1.1" 200 7198
190.171.143.82 - - [12/Jun/2023:16:59:27 -0300] "GET /cormun/servlet/trpermisosadjuntos?12515149,20230605152426,P, HTTP/1.1" 200 7195
161.35.38.72 - - [12/Jun/2023:16:59:34 -0300] "-" 400 -
190.171.144.234 - - [12/Jun/2023:16:59:37 -0300] "GET /cormun/servlet/licenciaspermisos?DSP,16251956,L,20230608000000, HTTP/1.1" 200 7091
190.171.144.234 - - [12/Jun/2023:16:59:37 -0300] "GET /cormun/static/gxcfg.js?202012153173 HTTP/1.1" 200 953
190.171.144.234 - - [12/Jun/2023:16:59:37 -0300] "GET /cormun/static/licenciaspermisos.js?2020121532136 HTTP/1.1" 200 38753
190.171.143.82 - - [12/Jun/2023:16:59:37 -0300] "GET /cormun/servlet/trpermisosgoce? HTTP/1.1" 200 14180
190.171.144.234 - - [12/Jun/2023:16:59:38 -0300] "GET /cormun/servlet/licenciaspermisos?DSP,16251956,L,20230608000000, HTTP/1.1" 200 7092
190.171.143.82 - - [12/Jun/2023:16:59:39 -0300] "GET /cormun/servlet/trpermisosgoce? HTTP/1.1" 200 14169
190.171.143.82 - - [12/Jun/2023:16:59:41 -0300] "POST /cormun/servlet/trpermisosgoce?48f8b422f34b9111854fc8e6c7ff8b42,,gx-no-cache=1686599026521 HTTP/1.1" 200 11230
190.171.143.82 - - [12/Jun/2023:16:59:47 -0300] "POST /cormun/servlet/trpermisosgoce?48f8b422f34b9111854fc8e6c7ff8b42,,gx-no-cache=1686599032644 HTTP/1.1" 200 11246
190.171.144.234 - - [12/Jun/2023:16:59:53 -0300] "POST /cormun/servlet/licenciaspermisos?70c56de6b39d0385cd01c36466171230,DSP,16251956,L,20230608000000,,gx-no-cache=1686599038398 HTTP/1.1" 200 93
190.171.144.234 - - [12/Jun/2023:16:59:53 -0300] "GET /cormun/servlet/hpexe_return? HTTP/1.1" 200 1032
190.171.144.234 - - [12/Jun/2023:16:59:53 -0300] "GET /cormun/servlet/trlicencias HTTP/1.1" 200 11054
190.171.144.234 - - [12/Jun/2023:16:59:53 -0300] "GET /cormun/servlet/trlicencias HTTP/1.1" 200 11049
66.249.70.169 - - [12/Jun/2023:17:06:34 -0300] "GET /cormun/servlet/hlogin HTTP/1.1" 200 1722
190.171.143.82 - - [12/Jun/2023:17:07:08 -0300] "GET /cormun/servlet/trpermisosadjuntos?8212761,20230602105611,P, HTTP/1.1" 200 6676
190.171.143.82 - - [12/Jun/2023:17:07:09 -0300] "GET /cormun/servlet/trpermisosadjuntos?8212761,20230602105611,P, HTTP/1.1" 200 6677
190.171.143.82 - - [12/Jun/2023:17:07:11 -0300] "GET /cormun/servlet/permisosadjuntos?INS,8212761,P,20230602105611,, HTTP/1.1" 200 6006
190.171.143.82 - - [12/Jun/2023:17:07:11 -0300] "GET /cormun/static/about:blank HTTP/1.1" 404 1011
190.171.143.82 - - [12/Jun/2023:17:07:12 -0300] "GET /cormun/servlet/permisosadjuntos?INS,8212761,P,20230602105611,, HTTP/1.1" 200 5997
190.171.143.82 - - [12/Jun/2023:17:07:21 -0300] "POST /cormun/servlet/permisosadjuntos?48f8b422f34b9111854fc8e6c7ff8b42,INS,8212761,P,20230602105611,, HTTP/1.1" 200 116
190.171.143.82 - - [12/Jun/2023:17:07:21 -0300] "GET /cormun/servlet/hpexe_return? HTTP/1.1" 200 1033
190.171.143.82 - - [12/Jun/2023:17:07:21 -0300] "GET /cormun/servlet/trpermisosadjuntos?8212761,20230602105611,P, HTTP/1.1" 200 7193
190.171.143.82 - - [12/Jun/2023:17:07:22 -0300] "GET /cormun/servlet/trpermisosadjuntos?8212761,20230602105611,P, HTTP/1.1" 200 7189
190.171.143.82 - - [12/Jun/2023:17:07:24 -0300] "GET /cormun/servlet/trpermisosgoce? HTTP/1.1" 200 14175
190.171.143.82 - - [12/Jun/2023:17:07:25 -0300] "GET /cormun/servlet/trpermisosgoce? HTTP/1.1" 200 14162
190.171.143.82 - - [12/Jun/2023:17:07:33 -0300] "GET /cormun/servlet/trpermisosadjuntos?8212761,20230602105530,P, HTTP/1.1" 200 6677
190.171.143.82 - - [12/Jun/2023:17:07:35 -0300] "GET /cormun/servlet/trpermisosadjuntos?8212761,20230602105530,P, HTTP/1.1" 200 6677
190.171.143.82 - - [12/Jun/2023:17:07:37 -0300] "GET /cormun/servlet/permisosadjuntos?INS,8212761,P,20230602105530,, HTTP/1.1" 200 6008
190.171.143.82 - - [12/Jun/2023:17:07:38 -0300] "GET /cormun/static/about:blank HTTP/1.1" 404 1011
190.171.143.82 - - [12/Jun/2023:17:07:38 -0300] "GET /cormun/servlet/permisosadjuntos?INS,8212761,P,20230602105530,, HTTP/1.1" 200 5998
190.171.143.82 - - [12/Jun/2023:17:07:46 -0300] "POST /cormun/servlet/permisosadjuntos?48f8b422f34b9111854fc8e6c7ff8b42,INS,8212761,P,20230602105530,, HTTP/1.1" 200 116
190.171.143.82 - - [12/Jun/2023:17:07:46 -0300] "GET /cormun/servlet/hpexe_return? HTTP/1.1" 200 1033
190.171.143.82 - - [12/Jun/2023:17:07:47 -0300] "GET /cormun/servlet/trpermisosadjuntos?8212761,20230602105530,P, HTTP/1.1" 200 7195
190.171.143.82 - - [12/Jun/2023:17:07:48 -0300] "GET /cormun/servlet/trpermisosadjuntos?8212761,20230602105530,P, HTTP/1.1" 200 7190
190.171.143.82 - - [12/Jun/2023:17:07:52 -0300] "GET /cormun/servlet/trpermisosgoce? HTTP/1.1" 200 14175
190.171.143.82 - - [12/Jun/2023:17:07:54 -0300] "GET /cormun/servlet/trpermisosgoce? HTTP/1.1" 200 14162
190.171.143.82 - - [12/Jun/2023:17:08:03 -0300] "POST /cormun/servlet/trpermisosgoce?48f8b422f34b9111854fc8e6c7ff8b42,,gx-no-cache=1686599528682 HTTP/1.1" 200 11257
190.171.141.90 - - [12/Jun/2023:17:08:17 -0300] "GET /cormun/servlet/trsolicitudot HTTP/1.1" 200 6330
190.171.141.90 - - [12/Jun/2023:17:08:18 -0300] "GET /cormun/static/Resources/ImgHome.png HTTP/1.1" 304 -
190.171.141.90 - - [12/Jun/2023:17:08:18 -0300] "GET /cormun/static/Resources/ImgLogin.png HTTP/1.1" 304 -
190.171.141.90 - - [12/Jun/2023:17:08:18 -0300] "GET /cormun/static/Resources/Llave.png HTTP/1.1" 304 -
190.171.141.90 - - [12/Jun/2023:17:08:18 -0300] "GET /cormun/static/Resources/PXTools/calendar.png HTTP/1.1" 304 -
190.171.141.90 - - [12/Jun/2023:17:08:18 -0300] "GET /cormun/static/Resources/PXToolsDataSearch.png HTTP/1.1" 304 -
190.171.141.90 - - [12/Jun/2023:17:08:18 -0300] "GET /cormun/static/Resources/PXToolsGridFirstDisabled.gif HTTP/1.1" 304 -
190.171.141.90 - - [12/Jun/2023:17:08:18 -0300] "GET /cormun/static/Resources/PXToolsGridPreviousDisabled.gif HTTP/1.1" 304 -
190.171.141.90 - - [12/Jun/2023:17:08:18 -0300] "GET /cormun/static/Resources/PXToolsGridNextDisabled.gif HTTP/1.1" 304 -
190.171.141.90 - - [12/Jun/2023:17:08:18 -0300] "GET /cormun/static/Resources/PXToolsGridPage.gif HTTP/1.1" 304 -
190.171.141.90 - - [12/Jun/2023:17:08:18 -0300] "GET /cormun/static/Resources/PXToolsGridLastDisabled.gif HTTP/1.1" 304 -
190.171.141.90 - - [12/Jun/2023:17:08:18 -0300] "GET /cormun/static/Resources/PXToolsAddAllAction.png HTTP/1.1" 304 -
190.171.141.90 - - [12/Jun/2023:17:08:18 -0300] "GET /cormun/static/Resources/PXToolsActionExcel.png HTTP/1.1" 304 -
190.171.141.90 - - [12/Jun/2023:17:08:18 -0300] "GET /cormun/static/Resources/PXToolsDataTitle.png HTTP/1.1" 304 -
190.171.141.90 - - [12/Jun/2023:17:08:18 -0300] "GET /cormun/static/Resources/asc.gif HTTP/1.1" 304 -
190.171.141.90 - - [12/Jun/2023:17:08:18 -0300] "GET /cormun/static/Resources/indicator.gif HTTP/1.1" 304 -
190.171.141.90 - - [12/Jun/2023:17:08:18 -0300] "GET /cormun/static/Resources/desc.gif HTTP/1.1" 304 -
190.171.141.90 - - [12/Jun/2023:17:08:18 -0300] "GET /cormun/servlet/hlogin HTTP/1.1" 200 1742
190.171.141.90 - - [12/Jun/2023:17:08:18 -0300] "GET /cormun/servlet/trsolicitudot HTTP/1.1" 200 6328
190.171.143.82 - - [12/Jun/2023:17:08:28 -0300] "GET /cormun/servlet/trpermisosadjuntos?19083549,20230523082340,P, HTTP/1.1" 200 6682
190.171.143.82 - - [12/Jun/2023:17:08:29 -0300] "GET /cormun/servlet/trpermisosadjuntos?19083549,20230523082340,P, HTTP/1.1" 200 6682
190.171.143.82 - - [12/Jun/2023:17:08:31 -0300] "GET /cormun/servlet/permisosadjuntos?INS,19083549,P,20230523082340,, HTTP/1.1" 200 6018
190.171.143.82 - - [12/Jun/2023:17:08:32 -0300] "GET /cormun/static/about:blank HTTP/1.1" 404 1011
190.171.143.82 - - [12/Jun/2023:17:08:32 -0300] "GET /cormun/servlet/permisosadjuntos?INS,19083549,P,20230523082340,, HTTP/1.1" 200 6007
190.171.143.82 - - [12/Jun/2023:17:08:43 -0300] "POST /cormun/servlet/permisosadjuntos?48f8b422f34b9111854fc8e6c7ff8b42,INS,19083549,P,20230523082340,, HTTP/1.1" 200 116
190.171.143.82 - - [12/Jun/2023:17:08:44 -0300] "GET /cormun/servlet/hpexe_return? HTTP/1.1" 200 1032
190.171.143.82 - - [12/Jun/2023:17:08:44 -0300] "GET /cormun/servlet/trpermisosadjuntos?19083549,20230523082340,P, HTTP/1.1" 200 7204
190.171.143.82 - - [12/Jun/2023:17:08:45 -0300] "GET /cormun/servlet/trpermisosadjuntos?19083549,20230523082340,P, HTTP/1.1" 200 7201
190.171.143.82 - - [12/Jun/2023:17:08:47 -0300] "GET /cormun/servlet/trpermisosgoce? HTTP/1.1" 200 14165
190.171.143.82 - - [12/Jun/2023:17:08:49 -0300] "GET /cormun/servlet/trpermisosgoce? HTTP/1.1" 200 14161
190.171.143.82 - - [12/Jun/2023:17:08:59 -0300] "POST /cormun/servlet/trpermisosgoce?48f8b422f34b9111854fc8e6c7ff8b42,,gx-no-cache=1686599584553 HTTP/1.1" 200 11242
190.171.143.82 - - [12/Jun/2023:17:09:07 -0300] "GET /cormun/static/menuarrow.gif HTTP/1.1" 404 1015
190.171.143.82 - - [12/Jun/2023:17:09:16 -0300] "POST /cormun/servlet/trpermisosgoce?48f8b422f34b9111854fc8e6c7ff8b42,,gx-no-cache=1686599601681 HTTP/1.1" 200 15833
190.171.143.82 - - [12/Jun/2023:17:09:17 -0300] "GET /cormun/static/Resources/PXToolsGridNext.gif HTTP/1.1" 200 369
190.171.143.82 - - [12/Jun/2023:17:09:17 -0300] "GET /cormun/static/Resources/PXToolsGridLast.gif HTTP/1.1" 200 370
190.171.141.106 - - [12/Jun/2023:17:09:23 -0300] "GET /cormun/servlet/hlogin HTTP/1.1" 200 1712
190.171.141.106 - - [12/Jun/2023:17:09:24 -0300] "GET /cormun/servlet/hlogin HTTP/1.1" 200 1712
190.171.143.82 - - [12/Jun/2023:17:09:28 -0300] "GET /cormun/servlet/trpermisosadjuntos?17134240,20230504114504,P, HTTP/1.1" 200 6673
190.171.143.82 - - [12/Jun/2023:17:09:29 -0300] "GET /cormun/servlet/trpermisosadjuntos?17134240,20230504114504,P, HTTP/1.1" 200 6673
190.171.143.82 - - [12/Jun/2023:17:09:31 -0300] "GET /cormun/servlet/permisosadjuntos?INS,17134240,P,20230504114504,, HTTP/1.1" 200 6007
190.171.141.106 - - [12/Jun/2023:17:09:31 -0300] "POST /cormun/servlet/hlogin?435d1cce5d728bcc081cdb73317bda9c,gx-no-cache=1686599616917 HTTP/1.1" 200 90
190.171.141.106 - - [12/Jun/2023:17:09:31 -0300] "GET /cormun/servlet/hpexe_link HTTP/1.1" 200 944
190.171.143.82 - - [12/Jun/2023:17:09:31 -0300] "GET /cormun/static/about:blank HTTP/1.1" 404 1011
190.171.141.106 - - [12/Jun/2023:17:09:31 -0300] "GET /cormun/servlet/hhome HTTP/1.1" 200 4205
190.171.143.82 - - [12/Jun/2023:17:09:32 -0300] "GET /cormun/servlet/permisosadjuntos?INS,17134240,P,20230504114504,, HTTP/1.1" 200 5997
190.171.141.106 - - [12/Jun/2023:17:09:32 -0300] "GET /cormun/servlet/hhome HTTP/1.1" 200 4201
190.171.141.106 - - [12/Jun/2023:17:09:36 -0300] "GET /cormun/servlet/trlicencias? HTTP/1.1" 200 13877
190.171.141.106 - - [12/Jun/2023:17:09:37 -0300] "GET /cormun/servlet/trlicencias? HTTP/1.1" 200 13873
190.171.143.82 - - [12/Jun/2023:17:09:40 -0300] "POST /cormun/servlet/permisosadjuntos?48f8b422f34b9111854fc8e6c7ff8b42,INS,17134240,P,20230504114504,, HTTP/1.1" 200 116
190.171.143.82 - - [12/Jun/2023:17:09:41 -0300] "GET /cormun/servlet/hpexe_return? HTTP/1.1" 200 1033
190.171.143.82 - - [12/Jun/2023:17:09:41 -0300] "GET /cormun/servlet/trpermisosadjuntos?17134240,20230504114504,P, HTTP/1.1" 200 7197
190.171.143.82 - - [12/Jun/2023:17:09:42 -0300] "GET /cormun/servlet/trpermisosadjuntos?17134240,20230504114504,P, HTTP/1.1" 200 7193
190.171.143.82 - - [12/Jun/2023:17:09:45 -0300] "GET /cormun/servlet/trpermisosgoce? HTTP/1.1" 200 18799
190.171.143.82 - - [12/Jun/2023:17:09:46 -0300] "GET /cormun/servlet/trpermisosgoce? HTTP/1.1" 200 18760
190.171.143.82 - - [12/Jun/2023:17:09:58 -0300] "POST /cormun/servlet/trpermisosgoce?48f8b422f34b9111854fc8e6c7ff8b42,,gx-no-cache=1686599643060 HTTP/1.1" 200 15861
190.171.141.106 - - [12/Jun/2023:17:10:01 -0300] "GET /cormun/servlet/hhome HTTP/1.1" 200 4205
190.171.141.106 - - [12/Jun/2023:17:10:01 -0300] "GET /cormun/servlet/hhome HTTP/1.1" 200 4201
190.171.143.82 - - [12/Jun/2023:17:10:30 -0300] "GET /cormun/servlet/trpermisosadjuntos?17134240,20230511124245,P, HTTP/1.1" 200 6673
190.171.143.82 - - [12/Jun/2023:17:10:31 -0300] "GET /cormun/servlet/trpermisosadjuntos?17134240,20230511124245,P, HTTP/1.1" 200 6673
190.171.143.82 - - [12/Jun/2023:17:10:36 -0300] "GET /cormun/servlet/permisosadjuntos?INS,17134240,P,20230511124245,, HTTP/1.1" 200 6004
