190.171.149.90 - - [02/Jun/2023:12:53:58 -0300] "GET /cormun/servlet/permisosadjuntos?INS,18040152,P,20230601125423,, HTTP/1.1" 200 5588
190.171.149.90 - - [02/Jun/2023:12:53:58 -0300] "GET /cormun/static/about:blank HTTP/1.1" 404 1011
210.108.70.119 - - [02/Jun/2023:12:53:58 -0300] "GET /manager/html HTTP/1.1" 401 2474
190.171.149.90 - - [02/Jun/2023:12:53:58 -0300] "GET /cormun/servlet/permisosadjuntos?INS,18040152,P,20230601125423,, HTTP/1.1" 200 5578
210.108.70.119 - - [02/Jun/2023:12:53:58 -0300] "GET /manager/html HTTP/1.1" 401 2474
210.108.70.119 - - [02/Jun/2023:12:53:58 -0300] "GET /manager/html HTTP/1.1" 401 2474
210.108.70.119 - - [02/Jun/2023:12:53:59 -0300] "GET /manager/html HTTP/1.1" 401 2474
210.108.70.119 - - [02/Jun/2023:12:53:59 -0300] "GET /manager/html HTTP/1.1" 401 2474
210.108.70.119 - - [02/Jun/2023:12:53:59 -0300] "GET /manager/html HTTP/1.1" 401 2474
210.108.70.119 - - [02/Jun/2023:12:54:00 -0300] "GET /manager/html HTTP/1.1" 401 2474
210.108.70.119 - - [02/Jun/2023:12:54:00 -0300] "GET /manager/html HTTP/1.1" 401 2474
210.108.70.119 - - [02/Jun/2023:12:54:00 -0300] "GET /manager/html HTTP/1.1" 401 2474
210.108.70.119 - - [02/Jun/2023:12:54:01 -0300] "GET /manager/html HTTP/1.1" 401 2474
210.108.70.119 - - [02/Jun/2023:12:54:01 -0300] "GET /manager/html HTTP/1.1" 401 2474
210.108.70.119 - - [02/Jun/2023:12:54:01 -0300] "GET /manager/html HTTP/1.1" 401 2474
210.108.70.119 - - [02/Jun/2023:12:54:02 -0300] "GET /manager/html HTTP/1.1" 401 2474
210.108.70.119 - - [02/Jun/2023:12:54:02 -0300] "GET /manager/html HTTP/1.1" 401 2474
210.108.70.119 - - [02/Jun/2023:12:54:02 -0300] "GET /manager/html HTTP/1.1" 401 2474
210.108.70.119 - - [02/Jun/2023:12:54:03 -0300] "GET /manager/html HTTP/1.1" 401 2474
210.108.70.119 - - [02/Jun/2023:12:54:03 -0300] "GET /manager/html HTTP/1.1" 401 2474
210.108.70.119 - - [02/Jun/2023:12:54:03 -0300] "GET /manager/html HTTP/1.1" 401 2474
210.108.70.119 - - [02/Jun/2023:12:54:04 -0300] "GET /manager/html HTTP/1.1" 401 2474
210.108.70.119 - - [02/Jun/2023:12:54:04 -0300] "GET /manager/html HTTP/1.1" 401 2474
210.108.70.119 - - [02/Jun/2023:12:54:04 -0300] "GET /manager/html HTTP/1.1" 401 2474
210.108.70.119 - - [02/Jun/2023:12:54:05 -0300] "GET /manager/html HTTP/1.1" 401 2474
210.108.70.119 - - [02/Jun/2023:12:54:05 -0300] "GET /manager/html HTTP/1.1" 401 2474
210.108.70.119 - - [02/Jun/2023:12:54:05 -0300] "GET /manager/html HTTP/1.1" 401 2474
210.108.70.119 - - [02/Jun/2023:12:54:06 -0300] "GET /manager/html HTTP/1.1" 401 2474
210.108.70.119 - - [02/Jun/2023:12:54:06 -0300] "GET /manager/html HTTP/1.1" 401 2474
210.108.70.119 - - [02/Jun/2023:12:54:06 -0300] "GET /manager/html HTTP/1.1" 401 2474
210.108.70.119 - - [02/Jun/2023:12:54:07 -0300] "GET /manager/html HTTP/1.1" 401 2474
210.108.70.119 - - [02/Jun/2023:12:54:07 -0300] "GET /manager/html HTTP/1.1" 401 2474
210.108.70.119 - - [02/Jun/2023:12:54:07 -0300] "GET /manager/html HTTP/1.1" 401 2474
210.108.70.119 - - [02/Jun/2023:12:54:07 -0300] "GET /manager/html HTTP/1.1" 401 2474
210.108.70.119 - - [02/Jun/2023:12:54:08 -0300] "GET /manager/html HTTP/1.1" 401 2474
210.108.70.119 - - [02/Jun/2023:12:54:08 -0300] "GET /manager/html HTTP/1.1" 401 2474
210.108.70.119 - - [02/Jun/2023:12:54:08 -0300] "GET /manager/html HTTP/1.1" 401 2474
210.108.70.119 - - [02/Jun/2023:12:54:09 -0300] "GET /manager/html HTTP/1.1" 401 2474
210.108.70.119 - - [02/Jun/2023:12:54:09 -0300] "GET /manager/html HTTP/1.1" 401 2474
210.108.70.119 - - [02/Jun/2023:12:54:09 -0300] "GET /manager/html HTTP/1.1" 401 2474
210.108.70.119 - - [02/Jun/2023:12:54:10 -0300] "GET /manager/html HTTP/1.1" 401 2474
210.108.70.119 - - [02/Jun/2023:12:54:10 -0300] "GET /manager/html HTTP/1.1" 401 2474
210.108.70.119 - - [02/Jun/2023:12:54:10 -0300] "GET /manager/html HTTP/1.1" 401 2474
210.108.70.119 - - [02/Jun/2023:12:54:11 -0300] "GET /manager/html HTTP/1.1" 401 2474
210.108.70.119 - - [02/Jun/2023:12:54:11 -0300] "GET /manager/html HTTP/1.1" 401 2474
210.108.70.119 - - [02/Jun/2023:12:54:11 -0300] "GET /manager/html HTTP/1.1" 401 2474
210.108.70.119 - - [02/Jun/2023:12:54:12 -0300] "GET /manager/html HTTP/1.1" 401 2474
210.108.70.119 - - [02/Jun/2023:12:54:12 -0300] "GET /manager/html HTTP/1.1" 401 2474
190.171.149.90 - - [02/Jun/2023:12:54:12 -0300] "POST /cormun/servlet/permisosadjuntos?a21a888d4203a85efa1fd4482baba544,INS,18040152,P,20230601125423,, HTTP/1.1" 200 116
190.171.149.90 - - [02/Jun/2023:12:54:12 -0300] "GET /cormun/servlet/hpexe_return? HTTP/1.1" 200 1037
190.171.149.90 - - [02/Jun/2023:12:54:12 -0300] "GET /cormun/servlet/trpermisosadjuntos?18040152,20230601125423,P, HTTP/1.1" 200 6758
210.108.70.119 - - [02/Jun/2023:12:54:12 -0300] "GET /manager/html HTTP/1.1" 401 2474
190.171.149.90 - - [02/Jun/2023:12:54:13 -0300] "GET /cormun/servlet/trpermisosadjuntos?18040152,20230601125423,P, HTTP/1.1" 200 6756
210.108.70.119 - - [02/Jun/2023:12:54:13 -0300] "GET /manager/html HTTP/1.1" 401 2474
210.108.70.119 - - [02/Jun/2023:12:54:13 -0300] "GET /manager/html HTTP/1.1" 401 2474
210.108.70.119 - - [02/Jun/2023:12:54:13 -0300] "GET /manager/html HTTP/1.1" 401 2474
210.108.70.119 - - [02/Jun/2023:12:54:14 -0300] "GET /manager/html HTTP/1.1" 401 2474
210.108.70.119 - - [02/Jun/2023:12:54:14 -0300] "GET /manager/html HTTP/1.1" 401 2474
210.108.70.119 - - [02/Jun/2023:12:54:14 -0300] "GET /manager/html HTTP/1.1" 401 2474
210.108.70.119 - - [02/Jun/2023:12:54:15 -0300] "GET /manager/html HTTP/1.1" 401 2474
210.108.70.119 - - [02/Jun/2023:12:54:15 -0300] "GET /manager/html HTTP/1.1" 401 2474
210.108.70.119 - - [02/Jun/2023:12:54:15 -0300] "GET /manager/html HTTP/1.1" 401 2474
210.108.70.119 - - [02/Jun/2023:12:54:16 -0300] "GET /manager/html HTTP/1.1" 401 2474
210.108.70.119 - - [02/Jun/2023:12:54:16 -0300] "GET /manager/html HTTP/1.1" 401 2474
210.108.70.119 - - [02/Jun/2023:12:54:16 -0300] "GET /manager/html HTTP/1.1" 401 2474
210.108.70.119 - - [02/Jun/2023:12:54:17 -0300] "GET /manager/html HTTP/1.1" 401 2474
210.108.70.119 - - [02/Jun/2023:12:54:17 -0300] "GET /manager/html HTTP/1.1" 401 2474
190.171.149.90 - - [02/Jun/2023:12:54:17 -0300] "GET /cormun/servlet/trpermisosgoce? HTTP/1.1" 200 10847
210.108.70.119 - - [02/Jun/2023:12:54:17 -0300] "GET /manager/html HTTP/1.1" 401 2474
190.171.149.90 - - [02/Jun/2023:12:54:17 -0300] "GET /cormun/servlet/trpermisosgoce? HTTP/1.1" 200 10840
210.108.70.119 - - [02/Jun/2023:12:54:17 -0300] "GET /manager/html HTTP/1.1" 401 2474
210.108.70.119 - - [02/Jun/2023:12:54:18 -0300] "GET /manager/html HTTP/1.1" 401 2474
210.108.70.119 - - [02/Jun/2023:12:54:18 -0300] "GET /manager/html HTTP/1.1" 401 2474
210.108.70.119 - - [02/Jun/2023:12:54:18 -0300] "GET /manager/html HTTP/1.1" 401 2474
210.108.70.119 - - [02/Jun/2023:12:54:19 -0300] "GET /manager/html HTTP/1.1" 401 2474
210.108.70.119 - - [02/Jun/2023:12:54:19 -0300] "GET /manager/html HTTP/1.1" 401 2474
210.108.70.119 - - [02/Jun/2023:12:54:19 -0300] "GET /manager/html HTTP/1.1" 401 2474
190.171.149.90 - - [02/Jun/2023:12:54:19 -0300] "POST /cormun/servlet/trpermisosgoce?a21a888d4203a85efa1fd4482baba544,,gx-no-cache=1685720361435 HTTP/1.1" 200 8174
190.171.149.90 - - [02/Jun/2023:12:54:20 -0300] "GET /cormun/static/Shared/jqueryui/images/ui-bg_highlight-soft_100_c6c2c8_1x100.png HTTP/1.1" 404 1117
190.171.149.90 - - [02/Jun/2023:12:54:20 -0300] "GET /cormun/static/Shared/jqueryui/images/ui-icons_82798d_256x240.png HTTP/1.1" 404 1089
190.171.149.90 - - [02/Jun/2023:12:54:20 -0300] "GET /cormun/static/Shared/jqueryui/images/ui-bg_flat_55_fafafa_40x100.png HTTP/1.1" 404 1097
190.171.149.90 - - [02/Jun/2023:12:54:20 -0300] "GET /cormun/static/Shared/jqueryui/images/ui-icons_8d78a5_256x240.png HTTP/1.1" 404 1089
210.108.70.119 - - [02/Jun/2023:12:54:20 -0300] "GET /manager/html HTTP/1.1" 401 2474
210.108.70.119 - - [02/Jun/2023:12:54:20 -0300] "GET /manager/html HTTP/1.1" 401 2474
210.108.70.119 - - [02/Jun/2023:12:54:20 -0300] "GET /manager/html HTTP/1.1" 401 2474
210.108.70.119 - - [02/Jun/2023:12:54:21 -0300] "GET /manager/html HTTP/1.1" 401 2474
210.108.70.119 - - [02/Jun/2023:12:54:21 -0300] "GET /manager/html HTTP/1.1" 401 2474
190.171.149.90 - - [02/Jun/2023:12:54:21 -0300] "GET /cormun/servlet/trpermisosadjuntos?9404476,20230529122556,P, HTTP/1.1" 200 6272
210.108.70.119 - - [02/Jun/2023:12:54:21 -0300] "GET /manager/html HTTP/1.1" 401 2474
190.171.149.90 - - [02/Jun/2023:12:54:22 -0300] "GET /cormun/servlet/trpermisosadjuntos?9404476,20230529122556,P, HTTP/1.1" 200 6273
210.108.70.119 - - [02/Jun/2023:12:54:22 -0300] "GET /manager/html HTTP/1.1" 401 2474
210.108.70.119 - - [02/Jun/2023:12:54:22 -0300] "GET /manager/html HTTP/1.1" 401 2474
210.108.70.119 - - [02/Jun/2023:12:54:22 -0300] "GET /manager/html HTTP/1.1" 401 2474
210.108.70.119 - - [02/Jun/2023:12:54:23 -0300] "GET /manager/html HTTP/1.1" 401 2474
210.108.70.119 - - [02/Jun/2023:12:54:23 -0300] "GET /manager/html HTTP/1.1" 401 2474
210.108.70.119 - - [02/Jun/2023:12:54:23 -0300] "GET /manager/html HTTP/1.1" 401 2474
190.171.149.90 - - [02/Jun/2023:12:54:23 -0300] "GET /cormun/servlet/permisosadjuntos?INS,9404476,P,20230529122556,, HTTP/1.1" 200 5595
190.171.149.90 - - [02/Jun/2023:12:54:24 -0300] "GET /cormun/static/about:blank HTTP/1.1" 404 1011
190.171.149.90 - - [02/Jun/2023:12:54:24 -0300] "GET /cormun/servlet/permisosadjuntos?INS,9404476,P,20230529122556,, HTTP/1.1" 200 5585
210.108.70.119 - - [02/Jun/2023:12:54:24 -0300] "GET /manager/html HTTP/1.1" 401 2474
210.108.70.119 - - [02/Jun/2023:12:54:24 -0300] "GET /manager/html HTTP/1.1" 401 2474
210.108.70.119 - - [02/Jun/2023:12:54:24 -0300] "GET /manager/html HTTP/1.1" 401 2474
210.108.70.119 - - [02/Jun/2023:12:54:25 -0300] "GET /manager/html HTTP/1.1" 401 2474
210.108.70.119 - - [02/Jun/2023:12:54:25 -0300] "GET /manager/html HTTP/1.1" 401 2474
210.108.70.119 - - [02/Jun/2023:12:54:25 -0300] "GET /manager/html HTTP/1.1" 401 2474
210.108.70.119 - - [02/Jun/2023:12:54:26 -0300] "GET /manager/html HTTP/1.1" 401 2474
210.108.70.119 - - [02/Jun/2023:12:54:26 -0300] "GET /manager/html HTTP/1.1" 401 2474
210.108.70.119 - - [02/Jun/2023:12:54:26 -0300] "GET /manager/html HTTP/1.1" 401 2474
210.108.70.119 - - [02/Jun/2023:12:54:27 -0300] "GET /manager/html HTTP/1.1" 401 2474
210.108.70.119 - - [02/Jun/2023:12:54:27 -0300] "GET /manager/html HTTP/1.1" 401 2474
210.108.70.119 - - [02/Jun/2023:12:54:27 -0300] "GET /manager/html HTTP/1.1" 401 2474
210.108.70.119 - - [02/Jun/2023:12:54:28 -0300] "GET /manager/html HTTP/1.1" 401 2474
210.108.70.119 - - [02/Jun/2023:12:54:28 -0300] "GET /manager/html HTTP/1.1" 401 2474
210.108.70.119 - - [02/Jun/2023:12:54:28 -0300] "GET /manager/html HTTP/1.1" 401 2474
210.108.70.119 - - [02/Jun/2023:12:54:29 -0300] "GET /manager/html HTTP/1.1" 401 2474
210.108.70.119 - - [02/Jun/2023:12:54:29 -0300] "GET /manager/html HTTP/1.1" 401 2474
210.108.70.119 - - [02/Jun/2023:12:54:29 -0300] "GET /manager/html HTTP/1.1" 401 2474
210.108.70.119 - - [02/Jun/2023:12:54:30 -0300] "GET /manager/html HTTP/1.1" 401 2474
210.108.70.119 - - [02/Jun/2023:12:54:30 -0300] "GET /manager/html HTTP/1.1" 401 2474
210.108.70.119 - - [02/Jun/2023:12:54:31 -0300] "GET /manager/html HTTP/1.1" 401 2474
210.108.70.119 - - [02/Jun/2023:12:54:31 -0300] "GET /manager/html HTTP/1.1" 401 2474
210.108.70.119 - - [02/Jun/2023:12:54:31 -0300] "GET /manager/html HTTP/1.1" 401 2474
210.108.70.119 - - [02/Jun/2023:12:54:32 -0300] "GET /manager/html HTTP/1.1" 401 2474
210.108.70.119 - - [02/Jun/2023:12:54:32 -0300] "GET /manager/html HTTP/1.1" 401 2474
210.108.70.119 - - [02/Jun/2023:12:54:32 -0300] "GET /manager/html HTTP/1.1" 401 2474
210.108.70.119 - - [02/Jun/2023:12:54:33 -0300] "GET /manager/html HTTP/1.1" 401 2474
210.108.70.119 - - [02/Jun/2023:12:54:33 -0300] "GET /manager/html HTTP/1.1" 401 2474
210.108.70.119 - - [02/Jun/2023:12:54:33 -0300] "GET /manager/html HTTP/1.1" 401 2474
210.108.70.119 - - [02/Jun/2023:12:54:34 -0300] "GET /manager/html HTTP/1.1" 401 2474
210.108.70.119 - - [02/Jun/2023:12:54:34 -0300] "GET /manager/html HTTP/1.1" 401 2474
210.108.70.119 - - [02/Jun/2023:12:54:35 -0300] "GET /manager/html HTTP/1.1" 401 2474
210.108.70.119 - - [02/Jun/2023:12:54:35 -0300] "GET /manager/html HTTP/1.1" 401 2474
210.108.70.119 - - [02/Jun/2023:12:54:35 -0300] "GET /manager/html HTTP/1.1" 401 2474
210.108.70.119 - - [02/Jun/2023:12:54:36 -0300] "GET /manager/html HTTP/1.1" 401 2474
210.108.70.119 - - [02/Jun/2023:12:54:36 -0300] "GET /manager/html HTTP/1.1" 401 2474
190.171.149.90 - - [02/Jun/2023:12:54:36 -0300] "POST /cormun/servlet/permisosadjuntos?a21a888d4203a85efa1fd4482baba544,INS,9404476,P,20230529122556,, HTTP/1.1" 200 116
190.171.149.90 - - [02/Jun/2023:12:54:36 -0300] "GET /cormun/servlet/hpexe_return? HTTP/1.1" 200 1036
210.108.70.119 - - [02/Jun/2023:12:54:36 -0300] "GET /manager/html HTTP/1.1" 401 2474
190.171.149.90 - - [02/Jun/2023:12:54:36 -0300] "GET /cormun/servlet/trpermisosadjuntos?9404476,20230529122556,P, HTTP/1.1" 200 6761
210.108.70.119 - - [02/Jun/2023:12:54:37 -0300] "GET /manager/html HTTP/1.1" 401 2474
190.171.149.90 - - [02/Jun/2023:12:54:37 -0300] "GET /cormun/servlet/trpermisosadjuntos?9404476,20230529122556,P, HTTP/1.1" 200 6758
210.108.70.119 - - [02/Jun/2023:12:54:37 -0300] "GET /manager/html HTTP/1.1" 401 2474
210.108.70.119 - - [02/Jun/2023:12:54:37 -0300] "GET /manager/html HTTP/1.1" 401 2474
210.108.70.119 - - [02/Jun/2023:12:54:38 -0300] "GET /manager/html HTTP/1.1" 401 2474
210.108.70.119 - - [02/Jun/2023:12:54:38 -0300] "GET /manager/html HTTP/1.1" 401 2474
210.108.70.119 - - [02/Jun/2023:12:54:38 -0300] "GET /manager/html HTTP/1.1" 401 2474
210.108.70.119 - - [02/Jun/2023:12:54:39 -0300] "GET /manager/html HTTP/1.1" 401 2474
210.108.70.119 - - [02/Jun/2023:12:54:39 -0300] "GET /manager/html HTTP/1.1" 401 2474
210.108.70.119 - - [02/Jun/2023:12:54:39 -0300] "GET /manager/html HTTP/1.1" 401 2474
190.171.149.90 - - [02/Jun/2023:12:54:39 -0300] "GET /cormun/servlet/trpermisosgoce? HTTP/1.1" 200 10830
210.108.70.119 - - [02/Jun/2023:12:54:40 -0300] "GET /manager/html HTTP/1.1" 401 2474
190.171.149.90 - - [02/Jun/2023:12:54:40 -0300] "GET /cormun/servlet/trpermisosgoce? HTTP/1.1" 200 10840
210.108.70.119 - - [02/Jun/2023:12:54:40 -0300] "GET /manager/html HTTP/1.1" 401 2474
210.108.70.119 - - [02/Jun/2023:12:54:41 -0300] "GET /manager/html HTTP/1.1" 401 2474
210.108.70.119 - - [02/Jun/2023:12:54:41 -0300] "GET /manager/html HTTP/1.1" 401 2474
210.108.70.119 - - [02/Jun/2023:12:54:41 -0300] "GET /manager/html HTTP/1.1" 401 2474
210.108.70.119 - - [02/Jun/2023:12:54:42 -0300] "GET /manager/html HTTP/1.1" 401 2474
210.108.70.119 - - [02/Jun/2023:12:54:42 -0300] "GET /manager/html HTTP/1.1" 401 2474
210.108.70.119 - - [02/Jun/2023:12:54:42 -0300] "GET /manager/html HTTP/1.1" 401 2474
190.171.149.90 - - [02/Jun/2023:12:54:42 -0300] "POST /cormun/servlet/trpermisosgoce?a21a888d4203a85efa1fd4482baba544,,gx-no-cache=1685720384217 HTTP/1.1" 200 8164
190.171.149.90 - - [02/Jun/2023:12:54:42 -0300] "GET /cormun/static/Shared/jqueryui/images/ui-bg_highlight-soft_100_c6c2c8_1x100.png HTTP/1.1" 404 1117
190.171.149.90 - - [02/Jun/2023:12:54:42 -0300] "GET /cormun/static/Shared/jqueryui/images/ui-icons_82798d_256x240.png HTTP/1.1" 404 1089
190.171.149.90 - - [02/Jun/2023:12:54:42 -0300] "GET /cormun/static/Shared/jqueryui/images/ui-bg_flat_55_fafafa_40x100.png HTTP/1.1" 404 1097
190.171.149.90 - - [02/Jun/2023:12:54:42 -0300] "GET /cormun/static/Shared/jqueryui/images/ui-icons_8d78a5_256x240.png HTTP/1.1" 404 1089
210.108.70.119 - - [02/Jun/2023:12:54:43 -0300] "GET /manager/html HTTP/1.1" 401 2474
210.108.70.119 - - [02/Jun/2023:12:54:43 -0300] "GET /manager/html HTTP/1.1" 401 2474
210.108.70.119 - - [02/Jun/2023:12:54:43 -0300] "GET /manager/html HTTP/1.1" 401 2474
190.171.149.90 - - [02/Jun/2023:12:54:44 -0300] "GET /cormun/servlet/trpermisosadjuntos?16828151,20230526113046,P, HTTP/1.1" 200 6260
210.108.70.119 - - [02/Jun/2023:12:54:44 -0300] "GET /manager/html HTTP/1.1" 401 2474
190.171.149.90 - - [02/Jun/2023:12:54:44 -0300] "GET /cormun/servlet/trpermisosadjuntos?16828151,20230526113046,P, HTTP/1.1" 200 6261
210.108.70.119 - - [02/Jun/2023:12:54:44 -0300] "GET /manager/html HTTP/1.1" 401 2474
210.108.70.119 - - [02/Jun/2023:12:54:44 -0300] "GET /manager/html HTTP/1.1" 401 2474
210.108.70.119 - - [02/Jun/2023:12:54:45 -0300] "GET /manager/html HTTP/1.1" 401 2474
210.108.70.119 - - [02/Jun/2023:12:54:45 -0300] "GET /manager/html HTTP/1.1" 401 2474
210.108.70.119 - - [02/Jun/2023:12:54:45 -0300] "GET /manager/html HTTP/1.1" 401 2474
190.171.149.90 - - [02/Jun/2023:12:54:45 -0300] "GET /cormun/servlet/permisosadjuntos?INS,16828151,P,20230526113046,, HTTP/1.1" 200 5583
190.171.149.90 - - [02/Jun/2023:12:54:46 -0300] "GET /cormun/static/about:blank HTTP/1.1" 404 1011
190.171.149.90 - - [02/Jun/2023:12:54:46 -0300] "GET /cormun/servlet/permisosadjuntos?INS,16828151,P,20230526113046,, HTTP/1.1" 200 5573
210.108.70.119 - - [02/Jun/2023:12:54:46 -0300] "GET /manager/html HTTP/1.1" 401 2474
210.108.70.119 - - [02/Jun/2023:12:54:46 -0300] "GET /manager/html HTTP/1.1" 401 2474
210.108.70.119 - - [02/Jun/2023:12:54:46 -0300] "GET /manager/html HTTP/1.1" 401 2474
210.108.70.119 - - [02/Jun/2023:12:54:47 -0300] "GET /manager/html HTTP/1.1" 401 2474
210.108.70.119 - - [02/Jun/2023:12:54:47 -0300] "GET /manager/html HTTP/1.1" 401 2474
210.108.70.119 - - [02/Jun/2023:12:54:48 -0300] "GET /manager/html HTTP/1.1" 401 2474
210.108.70.119 - - [02/Jun/2023:12:54:48 -0300] "GET /manager/html HTTP/1.1" 401 2474
210.108.70.119 - - [02/Jun/2023:12:54:48 -0300] "GET /manager/html HTTP/1.1" 401 2474
210.108.70.119 - - [02/Jun/2023:12:54:49 -0300] "GET /manager/html HTTP/1.1" 401 2474
210.108.70.119 - - [02/Jun/2023:12:54:49 -0300] "GET /manager/html HTTP/1.1" 401 2474
210.108.70.119 - - [02/Jun/2023:12:54:49 -0300] "GET /manager/html HTTP/1.1" 401 2474
210.108.70.119 - - [02/Jun/2023:12:54:50 -0300] "GET /manager/html HTTP/1.1" 401 2474
210.108.70.119 - - [02/Jun/2023:12:54:50 -0300] "GET /manager/html HTTP/1.1" 401 2474
210.108.70.119 - - [02/Jun/2023:12:54:50 -0300] "GET /manager/html HTTP/1.1" 401 2474
210.108.70.119 - - [02/Jun/2023:12:54:51 -0300] "GET /manager/html HTTP/1.1" 401 2474
210.108.70.119 - - [02/Jun/2023:12:54:51 -0300] "GET /manager/html HTTP/1.1" 401 2474
210.108.70.119 - - [02/Jun/2023:12:54:51 -0300] "GET /manager/html HTTP/1.1" 401 2474
210.108.70.119 - - [02/Jun/2023:12:54:52 -0300] "GET /manager/html HTTP/1.1" 401 2474
210.108.70.119 - - [02/Jun/2023:12:54:52 -0300] "GET /manager/html HTTP/1.1" 401 2474
210.108.70.119 - - [02/Jun/2023:12:54:52 -0300] "GET /manager/html HTTP/1.1" 401 2474
210.108.70.119 - - [02/Jun/2023:12:54:53 -0300] "GET /manager/html HTTP/1.1" 401 2474
210.108.70.119 - - [02/Jun/2023:12:54:53 -0300] "GET /manager/html HTTP/1.1" 401 2474
210.108.70.119 - - [02/Jun/2023:12:54:53 -0300] "GET /manager/html HTTP/1.1" 401 2474
210.108.70.119 - - [02/Jun/2023:12:54:54 -0300] "GET /manager/html HTTP/1.1" 401 2474
210.108.70.119 - - [02/Jun/2023:12:54:54 -0300] "GET /manager/html HTTP/1.1" 401 2474
210.108.70.119 - - [02/Jun/2023:12:54:54 -0300] "GET /manager/html HTTP/1.1" 401 2474
210.108.70.119 - - [02/Jun/2023:12:54:55 -0300] "GET /manager/html HTTP/1.1" 401 2474
210.108.70.119 - - [02/Jun/2023:12:54:55 -0300] "GET /manager/html HTTP/1.1" 401 2474
210.108.70.119 - - [02/Jun/2023:12:54:56 -0300] "GET /manager/html HTTP/1.1" 401 2474
210.108.70.119 - - [02/Jun/2023:12:54:56 -0300] "GET /manager/html HTTP/1.1" 401 2474
210.108.70.119 - - [02/Jun/2023:12:54:56 -0300] "GET /manager/html HTTP/1.1" 401 2474
210.108.70.119 - - [02/Jun/2023:12:54:57 -0300] "GET /manager/html HTTP/1.1" 401 2474
210.108.70.119 - - [02/Jun/2023:12:54:57 -0300] "GET /manager/html HTTP/1.1" 401 2474
210.108.70.119 - - [02/Jun/2023:12:54:57 -0300] "GET /manager/html HTTP/1.1" 401 2474
210.108.70.119 - - [02/Jun/2023:12:54:58 -0300] "GET /manager/html HTTP/1.1" 401 2474
210.108.70.119 - - [02/Jun/2023:12:54:58 -0300] "GET /manager/html HTTP/1.1" 401 2474
210.108.70.119 - - [02/Jun/2023:12:54:58 -0300] "GET /manager/html HTTP/1.1" 401 2474
210.108.70.119 - - [02/Jun/2023:12:54:59 -0300] "GET /manager/html HTTP/1.1" 401 2474
190.171.149.90 - - [02/Jun/2023:12:54:59 -0300] "POST /cormun/servlet/permisosadjuntos?a21a888d4203a85efa1fd4482baba544,INS,16828151,P,20230526113046,, HTTP/1.1" 200 116
190.171.149.90 - - [02/Jun/2023:12:54:59 -0300] "GET /cormun/servlet/hpexe_return? HTTP/1.1" 200 1037
190.171.149.90 - - [02/Jun/2023:12:54:59 -0300] "GET /cormun/servlet/trpermisosadjuntos?16828151,20230526113046,P, HTTP/1.1" 200 6762
210.108.70.119 - - [02/Jun/2023:12:54:59 -0300] "GET /manager/html HTTP/1.1" 401 2474
190.171.149.90 - - [02/Jun/2023:12:54:59 -0300] "GET /cormun/servlet/trpermisosadjuntos?16828151,20230526113046,P, HTTP/1.1" 200 6759
210.108.70.119 - - [02/Jun/2023:12:54:59 -0300] "GET /manager/html HTTP/1.1" 401 2474
210.108.70.119 - - [02/Jun/2023:12:55:00 -0300] "GET /manager/html HTTP/1.1" 401 2474
210.108.70.119 - - [02/Jun/2023:12:55:00 -0300] "GET /manager/html HTTP/1.1" 401 2474
210.108.70.119 - - [02/Jun/2023:12:55:00 -0300] "GET /manager/html HTTP/1.1" 401 2474
210.108.70.119 - - [02/Jun/2023:12:55:01 -0300] "GET /manager/html HTTP/1.1" 401 2474
210.108.70.119 - - [02/Jun/2023:12:55:01 -0300] "GET /manager/html HTTP/1.1" 401 2474
210.108.70.119 - - [02/Jun/2023:12:55:01 -0300] "GET /manager/html HTTP/1.1" 401 2474
190.171.149.90 - - [02/Jun/2023:12:55:02 -0300] "GET /cormun/servlet/trpermisosgoce? HTTP/1.1" 200 10825
210.108.70.119 - - [02/Jun/2023:12:55:02 -0300] "GET /manager/html HTTP/1.1" 401 2474
190.171.149.90 - - [02/Jun/2023:12:55:02 -0300] "GET /cormun/servlet/trpermisosgoce? HTTP/1.1" 200 10831
210.108.70.119 - - [02/Jun/2023:12:55:02 -0300] "GET /manager/html HTTP/1.1" 401 2474
210.108.70.119 - - [02/Jun/2023:12:55:02 -0300] "GET /manager/html HTTP/1.1" 401 2474
210.108.70.119 - - [02/Jun/2023:12:55:03 -0300] "GET /manager/html HTTP/1.1" 401 2474
210.108.70.119 - - [02/Jun/2023:12:55:03 -0300] "GET /manager/html HTTP/1.1" 401 2474
210.108.70.119 - - [02/Jun/2023:12:55:04 -0300] "GET /manager/html HTTP/1.1" 401 2474
210.108.70.119 - - [02/Jun/2023:12:55:04 -0300] "GET /manager/html HTTP/1.1" 401 2474
190.171.149.90 - - [02/Jun/2023:12:55:04 -0300] "POST /cormun/servlet/trpermisosgoce?a21a888d4203a85efa1fd4482baba544,,gx-no-cache=1685720405974 HTTP/1.1" 200 8141
190.171.149.90 - - [02/Jun/2023:12:55:04 -0300] "GET /cormun/static/Shared/jqueryui/images/ui-bg_highlight-soft_100_c6c2c8_1x100.png HTTP/1.1" 404 1117
190.171.149.90 - - [02/Jun/2023:12:55:04 -0300] "GET /cormun/static/Shared/jqueryui/images/ui-bg_flat_55_fafafa_40x100.png HTTP/1.1" 404 1097
190.171.149.90 - - [02/Jun/2023:12:55:04 -0300] "GET /cormun/static/Shared/jqueryui/images/ui-icons_8d78a5_256x240.png HTTP/1.1" 404 1089
190.171.149.90 - - [02/Jun/2023:12:55:04 -0300] "GET /cormun/static/Shared/jqueryui/images/ui-icons_82798d_256x240.png HTTP/1.1" 404 1089
210.108.70.119 - - [02/Jun/2023:12:55:04 -0300] "GET /manager/html HTTP/1.1" 401 2474
210.108.70.119 - - [02/Jun/2023:12:55:05 -0300] "GET /manager/html HTTP/1.1" 401 2474
210.108.70.119 - - [02/Jun/2023:12:55:05 -0300] "GET /manager/html HTTP/1.1" 401 2474
210.108.70.119 - - [02/Jun/2023:12:55:06 -0300] "GET /manager/html HTTP/1.1" 401 2474
210.108.70.119 - - [02/Jun/2023:12:55:06 -0300] "GET /manager/html HTTP/1.1" 401 2474
210.108.70.119 - - [02/Jun/2023:12:55:06 -0300] "GET /manager/html HTTP/1.1" 401 2474
210.108.70.119 - - [02/Jun/2023:12:55:07 -0300] "GET /manager/html HTTP/1.1" 401 2474
210.108.70.119 - - [02/Jun/2023:12:55:07 -0300] "GET /manager/html HTTP/1.1" 401 2474
210.108.70.119 - - [02/Jun/2023:12:55:07 -0300] "GET /manager/html HTTP/1.1" 401 2474
210.108.70.119 - - [02/Jun/2023:12:55:08 -0300] "GET /manager/html HTTP/1.1" 401 2474
210.108.70.119 - - [02/Jun/2023:12:55:08 -0300] "GET /manager/html HTTP/1.1" 401 2474
210.108.70.119 - - [02/Jun/2023:12:55:08 -0300] "GET /manager/html HTTP/1.1" 401 2474
210.108.70.119 - - [02/Jun/2023:12:55:09 -0300] "GET /manager/html HTTP/1.1" 401 2474
210.108.70.119 - - [02/Jun/2023:12:55:09 -0300] "GET /manager/html HTTP/1.1" 401 2474
210.108.70.119 - - [02/Jun/2023:12:55:09 -0300] "GET /manager/html HTTP/1.1" 401 2474
210.108.70.119 - - [02/Jun/2023:12:55:10 -0300] "GET /manager/html HTTP/1.1" 401 2474
210.108.70.119 - - [02/Jun/2023:12:55:10 -0300] "GET /manager/html HTTP/1.1" 401 2474
210.108.70.119 - - [02/Jun/2023:12:55:10 -0300] "GET /manager/html HTTP/1.1" 401 2474
210.108.70.119 - - [02/Jun/2023:12:55:11 -0300] "GET /manager/html HTTP/1.1" 401 2474
210.108.70.119 - - [02/Jun/2023:12:55:11 -0300] "GET /manager/html HTTP/1.1" 401 2474
210.108.70.119 - - [02/Jun/2023:12:55:11 -0300] "GET /manager/html HTTP/1.1" 401 2474
210.108.70.119 - - [02/Jun/2023:12:55:12 -0300] "GET /manager/html HTTP/1.1" 401 2474
210.108.70.119 - - [02/Jun/2023:12:55:12 -0300] "GET /manager/html HTTP/1.1" 401 2474
210.108.70.119 - - [02/Jun/2023:12:55:13 -0300] "GET /manager/html HTTP/1.1" 401 2474
210.108.70.119 - - [02/Jun/2023:12:55:13 -0300] "GET /manager/html HTTP/1.1" 401 2474
210.108.70.119 - - [02/Jun/2023:12:55:13 -0300] "GET /manager/html HTTP/1.1" 401 2474
210.108.70.119 - - [02/Jun/2023:12:55:14 -0300] "GET /manager/html HTTP/1.1" 401 2474
210.108.70.119 - - [02/Jun/2023:12:55:14 -0300] "GET /manager/html HTTP/1.1" 401 2474
210.108.70.119 - - [02/Jun/2023:12:55:14 -0300] "GET /manager/html HTTP/1.1" 401 2474
210.108.70.119 - - [02/Jun/2023:12:55:15 -0300] "GET /manager/html HTTP/1.1" 401 2474
210.108.70.119 - - [02/Jun/2023:12:55:15 -0300] "GET /manager/html HTTP/1.1" 401 2474
210.108.70.119 - - [02/Jun/2023:12:55:15 -0300] "GET /manager/html HTTP/1.1" 401 2474
210.108.70.119 - - [02/Jun/2023:12:55:16 -0300] "GET /manager/html HTTP/1.1" 401 2474
210.108.70.119 - - [02/Jun/2023:12:55:16 -0300] "GET /manager/html HTTP/1.1" 401 2474
210.108.70.119 - - [02/Jun/2023:12:55:16 -0300] "GET /manager/html HTTP/1.1" 401 2474
210.108.70.119 - - [02/Jun/2023:12:55:17 -0300] "GET /manager/html HTTP/1.1" 401 2474
210.108.70.119 - - [02/Jun/2023:12:55:17 -0300] "GET /manager/html HTTP/1.1" 401 2474
210.108.70.119 - - [02/Jun/2023:12:55:17 -0300] "GET /manager/html HTTP/1.1" 401 2474
210.108.70.119 - - [02/Jun/2023:12:55:18 -0300] "GET /manager/html HTTP/1.1" 401 2474
190.171.149.90 - - [02/Jun/2023:12:55:18 -0300] "GET /cormun/servlet/apermisogoceprn?11840907,P,20230602113359,PU HTTP/1.1" 200 1668
210.108.70.119 - - [02/Jun/2023:12:55:18 -0300] "GET /manager/html HTTP/1.1" 401 2474
210.108.70.119 - - [02/Jun/2023:12:55:18 -0300] "GET /manager/html HTTP/1.1" 401 2474
210.108.70.119 - - [02/Jun/2023:12:55:19 -0300] "GET /manager/html HTTP/1.1" 401 2474
210.108.70.119 - - [02/Jun/2023:12:55:19 -0300] "GET /manager/html HTTP/1.1" 401 2474
210.108.70.119 - - [02/Jun/2023:12:55:19 -0300] "GET /manager/html HTTP/1.1" 401 2474
210.108.70.119 - - [02/Jun/2023:12:55:20 -0300] "GET /manager/html HTTP/1.1" 401 2474
210.108.70.119 - - [02/Jun/2023:12:55:20 -0300] "GET /manager/html HTTP/1.1" 401 2474
210.108.70.119 - - [02/Jun/2023:12:55:21 -0300] "GET /manager/html HTTP/1.1" 401 2474
210.108.70.119 - - [02/Jun/2023:12:55:21 -0300] "GET /manager/html HTTP/1.1" 401 2474
210.108.70.119 - - [02/Jun/2023:12:55:21 -0300] "GET /manager/html HTTP/1.1" 401 2474
210.108.70.119 - - [02/Jun/2023:12:55:22 -0300] "GET /manager/html HTTP/1.1" 401 2474
210.108.70.119 - - [02/Jun/2023:12:55:22 -0300] "GET /manager/html HTTP/1.1" 401 2474
210.108.70.119 - - [02/Jun/2023:12:55:22 -0300] "GET /manager/html HTTP/1.1" 401 2474
210.108.70.119 - - [02/Jun/2023:12:55:23 -0300] "GET /manager/html HTTP/1.1" 401 2474
210.108.70.119 - - [02/Jun/2023:12:55:23 -0300] "GET /manager/html HTTP/1.1" 401 2474
210.108.70.119 - - [02/Jun/2023:12:55:23 -0300] "GET /manager/html HTTP/1.1" 401 2474
210.108.70.119 - - [02/Jun/2023:12:55:24 -0300] "GET /manager/html HTTP/1.1" 401 2474
210.108.70.119 - - [02/Jun/2023:12:55:24 -0300] "GET /manager/html HTTP/1.1" 401 2474
210.108.70.119 - - [02/Jun/2023:12:55:24 -0300] "GET /manager/html HTTP/1.1" 401 2474
210.108.70.119 - - [02/Jun/2023:12:55:25 -0300] "GET /manager/html HTTP/1.1" 401 2474
210.108.70.119 - - [02/Jun/2023:12:55:25 -0300] "GET /manager/html HTTP/1.1" 401 2474
210.108.70.119 - - [02/Jun/2023:12:55:25 -0300] "GET /manager/html HTTP/1.1" 401 2474
210.108.70.119 - - [02/Jun/2023:12:55:26 -0300] "GET /manager/html HTTP/1.1" 401 2474
210.108.70.119 - - [02/Jun/2023:12:55:26 -0300] "GET /manager/html HTTP/1.1" 401 2474
210.108.70.119 - - [02/Jun/2023:12:55:26 -0300] "GET /manager/html HTTP/1.1" 401 2474
210.108.70.119 - - [02/Jun/2023:12:55:27 -0300] "GET /manager/html HTTP/1.1" 401 2474
210.108.70.119 - - [02/Jun/2023:12:55:27 -0300] "GET /manager/html HTTP/1.1" 401 2474
210.108.70.119 - - [02/Jun/2023:12:55:27 -0300] "GET /manager/html HTTP/1.1" 401 2474
210.108.70.119 - - [02/Jun/2023:12:55:28 -0300] "GET /manager/html HTTP/1.1" 401 2474
210.108.70.119 - - [02/Jun/2023:12:55:28 -0300] "GET /manager/html HTTP/1.1" 401 2474
210.108.70.119 - - [02/Jun/2023:12:55:28 -0300] "GET /manager/html HTTP/1.1" 401 2474
210.108.70.119 - - [02/Jun/2023:12:55:29 -0300] "GET /manager/html HTTP/1.1" 401 2474
210.108.70.119 - - [02/Jun/2023:12:55:29 -0300] "GET /manager/html HTTP/1.1" 401 2474
210.108.70.119 - - [02/Jun/2023:12:55:30 -0300] "GET /manager/html HTTP/1.1" 401 2474
210.108.70.119 - - [02/Jun/2023:12:55:30 -0300] "GET /manager/html HTTP/1.1" 401 2474
210.108.70.119 - - [02/Jun/2023:12:55:30 -0300] "GET /manager/html HTTP/1.1" 401 2474
210.108.70.119 - - [02/Jun/2023:12:55:31 -0300] "GET /manager/html HTTP/1.1" 401 2474
210.108.70.119 - - [02/Jun/2023:12:55:31 -0300] "GET /manager/html HTTP/1.1" 401 2474
210.108.70.119 - - [02/Jun/2023:12:55:31 -0300] "GET /manager/html HTTP/1.1" 401 2474
210.108.70.119 - - [02/Jun/2023:12:55:32 -0300] "GET /manager/html HTTP/1.1" 401 2474
210.108.70.119 - - [02/Jun/2023:12:55:32 -0300] "GET /manager/html HTTP/1.1" 401 2474
210.108.70.119 - - [02/Jun/2023:12:55:32 -0300] "GET /manager/html HTTP/1.1" 401 2474
210.108.70.119 - - [02/Jun/2023:12:55:33 -0300] "GET /manager/html HTTP/1.1" 401 2474
190.171.149.90 - - [02/Jun/2023:12:55:33 -0300] "GET /cormun/servlet/permisogoce?INS,0,,, HTTP/1.1" 200 6812
210.108.70.119 - - [02/Jun/2023:12:55:33 -0300] "GET /manager/html HTTP/1.1" 401 2474
190.171.149.90 - - [02/Jun/2023:12:55:33 -0300] "GET /cormun/servlet/permisogoce?INS,0,,, HTTP/1.1" 200 6812
210.108.70.119 - - [02/Jun/2023:12:55:33 -0300] "GET /manager/html HTTP/1.1" 401 2474
210.108.70.119 - - [02/Jun/2023:12:55:34 -0300] "GET /manager/html HTTP/1.1" 401 2474
210.108.70.119 - - [02/Jun/2023:12:55:34 -0300] "GET /manager/html HTTP/1.1" 401 2474
210.108.70.119 - - [02/Jun/2023:12:55:34 -0300] "GET /manager/html HTTP/1.1" 401 2474
210.108.70.119 - - [02/Jun/2023:12:55:35 -0300] "GET /manager/html HTTP/1.1" 401 2474
210.108.70.119 - - [02/Jun/2023:12:55:35 -0300] "GET /manager/html HTTP/1.1" 401 2474
210.108.70.119 - - [02/Jun/2023:12:55:35 -0300] "GET /manager/html HTTP/1.1" 401 2474
210.108.70.119 - - [02/Jun/2023:12:55:36 -0300] "GET /manager/html HTTP/1.1" 401 2474
210.108.70.119 - - [02/Jun/2023:12:55:36 -0300] "GET /manager/html HTTP/1.1" 401 2474
210.108.70.119 - - [02/Jun/2023:12:55:36 -0300] "GET /manager/html HTTP/1.1" 401 2474
210.108.70.119 - - [02/Jun/2023:12:55:37 -0300] "GET /manager/html HTTP/1.1" 401 2474
210.108.70.119 - - [02/Jun/2023:12:55:37 -0300] "GET /manager/html HTTP/1.1" 401 2474
210.108.70.119 - - [02/Jun/2023:12:55:38 -0300] "GET /manager/html HTTP/1.1" 401 2474
210.108.70.119 - - [02/Jun/2023:12:55:38 -0300] "GET /manager/html HTTP/1.1" 401 2474
210.108.70.119 - - [02/Jun/2023:12:55:38 -0300] "GET /manager/html HTTP/1.1" 401 2474
210.108.70.119 - - [02/Jun/2023:12:55:39 -0300] "GET /manager/html HTTP/1.1" 401 2474
210.108.70.119 - - [02/Jun/2023:12:55:39 -0300] "GET /manager/html HTTP/1.1" 401 2474
190.171.149.90 - - [02/Jun/2023:12:55:39 -0300] "GET /cormun/servlet/permisogoce?8c99d97070141a7b0ee7f15c3a30a23a8f9b2454b971560f6fff84ab0d549dfed5e7ac218fadaa59f3e8a5ce67875c3889af09c05c3c765ceca15a8d7faa13b3,gx-no-cache=1685720441273 HTTP/1.1" 200 91
210.108.70.119 - - [02/Jun/2023:12:55:39 -0300] "GET /manager/html HTTP/1.1" 401 2474
210.108.70.119 - - [02/Jun/2023:12:55:40 -0300] "GET /manager/html HTTP/1.1" 401 2474
210.108.70.119 - - [02/Jun/2023:12:55:40 -0300] "GET /manager/html HTTP/1.1" 401 2474
210.108.70.119 - - [02/Jun/2023:12:55:41 -0300] "GET /manager/html HTTP/1.1" 401 2474
210.108.70.119 - - [02/Jun/2023:12:55:41 -0300] "GET /manager/html HTTP/1.1" 401 2474
210.108.70.119 - - [02/Jun/2023:12:55:41 -0300] "GET /manager/html HTTP/1.1" 401 2474
210.108.70.119 - - [02/Jun/2023:12:55:42 -0300] "GET /manager/html HTTP/1.1" 401 2474
210.108.70.119 - - [02/Jun/2023:12:55:42 -0300] "GET /manager/html HTTP/1.1" 401 2474
210.108.70.119 - - [02/Jun/2023:12:55:42 -0300] "GET /manager/html HTTP/1.1" 401 2474
210.108.70.119 - - [02/Jun/2023:12:55:43 -0300] "GET /manager/html HTTP/1.1" 401 2474
190.171.149.90 - - [02/Jun/2023:12:55:43 -0300] "POST /cormun/servlet/permisogoce?a21a888d4203a85efa1fd4482baba544,INS,0,,,,gx-no-cache=1685720444811 HTTP/1.1" 200 93
190.171.149.90 - - [02/Jun/2023:12:55:43 -0300] "GET /cormun/servlet/hpexe_return? HTTP/1.1" 200 1009
210.108.70.119 - - [02/Jun/2023:12:55:43 -0300] "GET /manager/html HTTP/1.1" 401 2474
190.171.149.90 - - [02/Jun/2023:12:55:43 -0300] "GET /cormun/servlet/trpermisosgoce? HTTP/1.1" 200 10817
210.108.70.119 - - [02/Jun/2023:12:55:43 -0300] "GET /manager/html HTTP/1.1" 401 2474
190.171.149.90 - - [02/Jun/2023:12:55:43 -0300] "GET /cormun/servlet/trpermisosgoce? HTTP/1.1" 200 10811
210.108.70.119 - - [02/Jun/2023:12:55:44 -0300] "GET /manager/html HTTP/1.1" 401 2474
210.108.70.119 - - [02/Jun/2023:12:55:44 -0300] "GET /manager/html HTTP/1.1" 401 2474
210.108.70.119 - - [02/Jun/2023:12:55:44 -0300] "GET /manager/html HTTP/1.1" 401 2474
210.108.70.119 - - [02/Jun/2023:12:55:44 -0300] "GET /manager/html HTTP/1.1" 401 2474
210.108.70.119 - - [02/Jun/2023:12:55:45 -0300] "GET /manager/html HTTP/1.1" 401 2474
210.108.70.119 - - [02/Jun/2023:12:55:45 -0300] "GET /manager/html HTTP/1.1" 401 2474
210.108.70.119 - - [02/Jun/2023:12:55:45 -0300] "GET /manager/html HTTP/1.1" 401 2474
210.108.70.119 - - [02/Jun/2023:12:55:46 -0300] "GET /manager/html HTTP/1.1" 401 2474
210.108.70.119 - - [02/Jun/2023:12:55:46 -0300] "GET /manager/html HTTP/1.1" 401 2474
210.108.70.119 - - [02/Jun/2023:12:55:46 -0300] "GET /manager/html HTTP/1.1" 401 2474
210.108.70.119 - - [02/Jun/2023:12:55:47 -0300] "GET /manager/html HTTP/1.1" 401 2474
210.108.70.119 - - [02/Jun/2023:12:55:47 -0300] "GET /manager/html HTTP/1.1" 401 2474
210.108.70.119 - - [02/Jun/2023:12:55:47 -0300] "GET /manager/html HTTP/1.1" 401 2474
210.108.70.119 - - [02/Jun/2023:12:55:48 -0300] "GET /manager/html HTTP/1.1" 401 2474
210.108.70.119 - - [02/Jun/2023:12:55:48 -0300] "GET /manager/html HTTP/1.1" 401 2474
210.108.70.119 - - [02/Jun/2023:12:55:48 -0300] "GET /manager/html HTTP/1.1" 401 2474
210.108.70.119 - - [02/Jun/2023:12:55:49 -0300] "GET /manager/html HTTP/1.1" 401 2474
210.108.70.119 - - [02/Jun/2023:12:55:49 -0300] "GET /manager/html HTTP/1.1" 401 2474
210.108.70.119 - - [02/Jun/2023:12:55:49 -0300] "GET /manager/html HTTP/1.1" 401 2474
210.108.70.119 - - [02/Jun/2023:12:55:50 -0300] "GET /manager/html HTTP/1.1" 401 2474
210.108.70.119 - - [02/Jun/2023:12:55:50 -0300] "GET /manager/html HTTP/1.1" 401 2474
210.108.70.119 - - [02/Jun/2023:12:55:50 -0300] "GET /manager/html HTTP/1.1" 401 2474
210.108.70.119 - - [02/Jun/2023:12:55:51 -0300] "GET /manager/html HTTP/1.1" 401 2474
210.108.70.119 - - [02/Jun/2023:12:55:51 -0300] "GET /manager/html HTTP/1.1" 401 2474
210.108.70.119 - - [02/Jun/2023:12:55:51 -0300] "GET /manager/html HTTP/1.1" 401 2474
210.108.70.119 - - [02/Jun/2023:12:55:52 -0300] "GET /manager/html HTTP/1.1" 401 2474
210.108.70.119 - - [02/Jun/2023:12:55:52 -0300] "GET /manager/html HTTP/1.1" 401 2474
210.108.70.119 - - [02/Jun/2023:12:55:52 -0300] "GET /manager/html HTTP/1.1" 401 2474
210.108.70.119 - - [02/Jun/2023:12:55:53 -0300] "GET /manager/html HTTP/1.1" 401 2474
210.108.70.119 - - [02/Jun/2023:12:55:53 -0300] "GET /manager/html HTTP/1.1" 401 2474
210.108.70.119 - - [02/Jun/2023:12:55:53 -0300] "GET /manager/html HTTP/1.1" 401 2474
210.108.70.119 - - [02/Jun/2023:12:55:54 -0300] "GET /manager/html HTTP/1.1" 401 2474
210.108.70.119 - - [02/Jun/2023:12:55:54 -0300] "GET /manager/html HTTP/1.1" 401 2474
210.108.70.119 - - [02/Jun/2023:12:55:54 -0300] "GET /manager/html HTTP/1.1" 401 2474
210.108.70.119 - - [02/Jun/2023:12:55:55 -0300] "GET /manager/html HTTP/1.1" 401 2474
210.108.70.119 - - [02/Jun/2023:12:55:55 -0300] "GET /manager/html HTTP/1.1" 401 2474
210.108.70.119 - - [02/Jun/2023:12:55:55 -0300] "GET /manager/html HTTP/1.1" 401 2474
210.108.70.119 - - [02/Jun/2023:12:55:56 -0300] "GET /manager/html HTTP/1.1" 401 2474
210.108.70.119 - - [02/Jun/2023:12:55:56 -0300] "GET /manager/html HTTP/1.1" 401 2474
210.108.70.119 - - [02/Jun/2023:12:55:56 -0300] "GET /manager/html HTTP/1.1" 401 2474
210.108.70.119 - - [02/Jun/2023:12:55:57 -0300] "GET /manager/html HTTP/1.1" 401 2474
210.108.70.119 - - [02/Jun/2023:12:55:57 -0300] "GET /manager/html HTTP/1.1" 401 2474
210.108.70.119 - - [02/Jun/2023:12:55:57 -0300] "GET /manager/html HTTP/1.1" 401 2474
210.108.70.119 - - [02/Jun/2023:12:55:58 -0300] "GET /manager/html HTTP/1.1" 401 2474
210.108.70.119 - - [02/Jun/2023:12:55:58 -0300] "GET /manager/html HTTP/1.1" 401 2474
210.108.70.119 - - [02/Jun/2023:12:55:58 -0300] "GET /manager/html HTTP/1.1" 401 2474
210.108.70.119 - - [02/Jun/2023:12:55:59 -0300] "GET /manager/html HTTP/1.1" 401 2474
210.108.70.119 - - [02/Jun/2023:12:55:59 -0300] "GET /manager/html HTTP/1.1" 401 2474
210.108.70.119 - - [02/Jun/2023:12:55:59 -0300] "GET /manager/html HTTP/1.1" 401 2474
210.108.70.119 - - [02/Jun/2023:12:56:00 -0300] "GET /manager/html HTTP/1.1" 401 2474
210.108.70.119 - - [02/Jun/2023:12:56:00 -0300] "GET /manager/html HTTP/1.1" 401 2474
210.108.70.119 - - [02/Jun/2023:12:56:00 -0300] "GET /manager/html HTTP/1.1" 401 2474
210.108.70.119 - - [02/Jun/2023:12:56:01 -0300] "GET /manager/html HTTP/1.1" 401 2474
210.108.70.119 - - [02/Jun/2023:12:56:01 -0300] "GET /manager/html HTTP/1.1" 401 2474
210.108.70.119 - - [02/Jun/2023:12:56:01 -0300] "GET /manager/html HTTP/1.1" 401 2474
210.108.70.119 - - [02/Jun/2023:12:56:02 -0300] "GET /manager/html HTTP/1.1" 401 2474
210.108.70.119 - - [02/Jun/2023:12:56:02 -0300] "GET /manager/html HTTP/1.1" 401 2474
210.108.70.119 - - [02/Jun/2023:12:56:02 -0300] "GET /manager/html HTTP/1.1" 401 2474
210.108.70.119 - - [02/Jun/2023:12:56:02 -0300] "GET /manager/html HTTP/1.1" 401 2474
210.108.70.119 - - [02/Jun/2023:12:56:03 -0300] "GET /manager/html HTTP/1.1" 401 2474
210.108.70.119 - - [02/Jun/2023:12:56:03 -0300] "GET /manager/html HTTP/1.1" 401 2474
210.108.70.119 - - [02/Jun/2023:12:56:03 -0300] "GET /manager/html HTTP/1.1" 401 2474
210.108.70.119 - - [02/Jun/2023:12:56:04 -0300] "GET /manager/html HTTP/1.1" 401 2474
210.108.70.119 - - [02/Jun/2023:12:56:04 -0300] "GET /manager/html HTTP/1.1" 401 2474
210.108.70.119 - - [02/Jun/2023:12:56:04 -0300] "GET /manager/html HTTP/1.1" 401 2474
210.108.70.119 - - [02/Jun/2023:12:56:05 -0300] "GET /manager/html HTTP/1.1" 401 2474
210.108.70.119 - - [02/Jun/2023:12:56:05 -0300] "GET /manager/html HTTP/1.1" 401 2474
210.108.70.119 - - [02/Jun/2023:12:56:05 -0300] "GET /manager/html HTTP/1.1" 401 2474
210.108.70.119 - - [02/Jun/2023:12:56:06 -0300] "GET /manager/html HTTP/1.1" 401 2474
210.108.70.119 - - [02/Jun/2023:12:56:06 -0300] "GET /manager/html HTTP/1.1" 401 2474
210.108.70.119 - - [02/Jun/2023:12:56:06 -0300] "GET /manager/html HTTP/1.1" 401 2474
210.108.70.119 - - [02/Jun/2023:12:56:07 -0300] "GET /manager/html HTTP/1.1" 401 2474
210.108.70.119 - - [02/Jun/2023:12:56:07 -0300] "GET /manager/html HTTP/1.1" 401 2474
210.108.70.119 - - [02/Jun/2023:12:56:07 -0300] "GET /manager/html HTTP/1.1" 401 2474
210.108.70.119 - - [02/Jun/2023:12:56:08 -0300] "GET /manager/html HTTP/1.1" 401 2474
210.108.70.119 - - [02/Jun/2023:12:56:08 -0300] "GET /manager/html HTTP/1.1" 401 2474
210.108.70.119 - - [02/Jun/2023:12:56:08 -0300] "GET /manager/html HTTP/1.1" 401 2474
210.108.70.119 - - [02/Jun/2023:12:56:09 -0300] "GET /manager/html HTTP/1.1" 401 2474
210.108.70.119 - - [02/Jun/2023:12:56:09 -0300] "GET /manager/html HTTP/1.1" 401 2474
210.108.70.119 - - [02/Jun/2023:12:56:09 -0300] "GET /manager/html HTTP/1.1" 401 2474
210.108.70.119 - - [02/Jun/2023:12:56:10 -0300] "GET /manager/html HTTP/1.1" 401 2474
210.108.70.119 - - [02/Jun/2023:12:56:10 -0300] "GET /manager/html HTTP/1.1" 401 2474
210.108.70.119 - - [02/Jun/2023:12:56:10 -0300] "GET /manager/html HTTP/1.1" 401 2474
210.108.70.119 - - [02/Jun/2023:12:56:11 -0300] "GET /manager/html HTTP/1.1" 401 2474
210.108.70.119 - - [02/Jun/2023:12:56:11 -0300] "GET /manager/html HTTP/1.1" 401 2474
210.108.70.119 - - [02/Jun/2023:12:56:11 -0300] "GET /manager/html HTTP/1.1" 401 2474
210.108.70.119 - - [02/Jun/2023:12:56:12 -0300] "GET /manager/html HTTP/1.1" 401 2474
210.108.70.119 - - [02/Jun/2023:12:56:12 -0300] "GET /manager/html HTTP/1.1" 401 2474
210.108.70.119 - - [02/Jun/2023:12:56:12 -0300] "GET /manager/html HTTP/1.1" 401 2474
210.108.70.119 - - [02/Jun/2023:12:56:13 -0300] "GET /manager/html HTTP/1.1" 401 2474
210.108.70.119 - - [02/Jun/2023:12:56:13 -0300] "GET /manager/html HTTP/1.1" 401 2474
210.108.70.119 - - [02/Jun/2023:12:56:14 -0300] "GET /manager/html HTTP/1.1" 401 2474
210.108.70.119 - - [02/Jun/2023:12:56:14 -0300] "GET /manager/html HTTP/1.1" 401 2474
210.108.70.119 - - [02/Jun/2023:12:56:14 -0300] "GET /manager/html HTTP/1.1" 401 2474
210.108.70.119 - - [02/Jun/2023:12:56:15 -0300] "GET /manager/html HTTP/1.1" 401 2474
210.108.70.119 - - [02/Jun/2023:12:56:15 -0300] "GET /manager/html HTTP/1.1" 401 2474
210.108.70.119 - - [02/Jun/2023:12:56:15 -0300] "GET /manager/html HTTP/1.1" 401 2474
210.108.70.119 - - [02/Jun/2023:12:56:16 -0300] "GET /manager/html HTTP/1.1" 401 2474
210.108.70.119 - - [02/Jun/2023:12:56:16 -0300] "GET /manager/html HTTP/1.1" 401 2474
210.108.70.119 - - [02/Jun/2023:12:56:16 -0300] "GET /manager/html HTTP/1.1" 401 2474
210.108.70.119 - - [02/Jun/2023:12:56:17 -0300] "GET /manager/html HTTP/1.1" 401 2474
210.108.70.119 - - [02/Jun/2023:12:56:17 -0300] "GET /manager/html HTTP/1.1" 401 2474
210.108.70.119 - - [02/Jun/2023:12:56:17 -0300] "GET /manager/html HTTP/1.1" 401 2474
210.108.70.119 - - [02/Jun/2023:12:56:18 -0300] "GET /manager/html HTTP/1.1" 401 2474
190.171.142.10 - - [02/Jun/2023:12:56:18 -0300] "GET /cormun/servlet/solicitudot?01eef292a4b8cee00aaf6c39947734ad11003426d1a73d1e97f388cebe634688bd1145f429a58c36f76e9270ad3e148a009621ac0094836d007bfbd2a0ae3f74698fc9a3067e43dc0758767e5253d341d118eeb13f43fb078503a670bc1caa8e36612432f9fa780b55ed9b2cb703dece,gx-no-cache=1685720447175 HTTP/1.1" 200 110
190.171.142.10 - - [02/Jun/2023:12:56:18 -0300] "POST /cormun/servlet/solicitudot?gx-no-cache=1685720447219 HTTP/1.1" 200 64
190.171.142.10 - - [02/Jun/2023:12:56:18 -0300] "GET /cormun/servlet/solicitudot?01eef292a4b8cee00aaf6c39947734ad085a9a667c96ed4400e22b1ec9f72db38cd7fcc899f2b962fee9c6efc55a6f0ff1daa18e47d2bd405b944960f579e49d548355a5ea598269edd2b5e43b026371d04bdd39f5a4d575a261c2fcf301ef7a43eab0f234f440e93099e54d64c48d31,gx-no-cache=1685720447248 HTTP/1.1" 200 29
210.108.70.119 - - [02/Jun/2023:12:56:18 -0300] "GET /manager/html HTTP/1.1" 401 2474
210.108.70.119 - - [02/Jun/2023:12:56:18 -0300] "GET /manager/html HTTP/1.1" 401 2474
210.108.70.119 - - [02/Jun/2023:12:56:19 -0300] "GET /manager/html HTTP/1.1" 401 2474
210.108.70.119 - - [02/Jun/2023:12:56:19 -0300] "GET /manager/html HTTP/1.1" 401 2474
210.108.70.119 - - [02/Jun/2023:12:56:19 -0300] "GET /manager/html HTTP/1.1" 401 2474
210.108.70.119 - - [02/Jun/2023:12:56:20 -0300] "GET /manager/html HTTP/1.1" 401 2474
210.108.70.119 - - [02/Jun/2023:12:56:20 -0300] "GET /manager/html HTTP/1.1" 401 2474
190.171.142.10 - - [02/Jun/2023:12:56:20 -0300] "GET /cormun/static/menuarrow.gif HTTP/1.1" 404 1015
210.108.70.119 - - [02/Jun/2023:12:56:20 -0300] "GET /manager/html HTTP/1.1" 401 2474
210.108.70.119 - - [02/Jun/2023:12:56:21 -0300] "GET /manager/html HTTP/1.1" 401 2474
210.108.70.119 - - [02/Jun/2023:12:56:21 -0300] "GET /manager/html HTTP/1.1" 401 2474
210.108.70.119 - - [02/Jun/2023:12:56:21 -0300] "GET /manager/html HTTP/1.1" 401 2474
210.108.70.119 - - [02/Jun/2023:12:56:22 -0300] "GET /manager/html HTTP/1.1" 401 2474
210.108.70.119 - - [02/Jun/2023:12:56:22 -0300] "GET /manager/html HTTP/1.1" 401 2474
190.171.142.10 - - [02/Jun/2023:12:56:22 -0300] "GET /cormun/servlet/solicitudot?01eef292a4b8cee00aaf6c39947734ad11003426d1a73d1e97f388cebe634688bd1145f429a58c36f76e9270ad3e148a009621ac0094836d007bfbd2a0ae3f74698fc9a3067e43dc0758767e5253d341d118eeb13f43fb078503a670bc1caa8e36612432f9fa780b55ed9b2cb703dece,gx-no-cache=1685720451396 HTTP/1.1" 200 110
210.108.70.119 - - [02/Jun/2023:12:56:22 -0300] "GET /manager/html HTTP/1.1" 401 2474
210.108.70.119 - - [02/Jun/2023:12:56:22 -0300] "GET /manager/html HTTP/1.1" 401 2474
210.108.70.119 - - [02/Jun/2023:12:56:23 -0300] "GET /manager/html HTTP/1.1" 401 2474
210.108.70.119 - - [02/Jun/2023:12:56:23 -0300] "GET /manager/html HTTP/1.1" 401 2474
210.108.70.119 - - [02/Jun/2023:12:56:23 -0300] "GET /manager/html HTTP/1.1" 401 2474
190.171.142.10 - - [02/Jun/2023:12:56:24 -0300] "GET /cormun/servlet/solicitudot?01eef292a4b8cee00aaf6c39947734adb8e294d68b5a0d4a65e9e233776d64fec1e65aea493011c2c8d1eab061a1aa2c,gx-no-cache=1685720453104 HTTP/1.1" 200 30
210.108.70.119 - - [02/Jun/2023:12:56:24 -0300] "GET /manager/html HTTP/1.1" 401 2474
210.108.70.119 - - [02/Jun/2023:12:56:24 -0300] "GET /manager/html HTTP/1.1" 401 2474
210.108.70.119 - - [02/Jun/2023:12:56:24 -0300] "GET /manager/html HTTP/1.1" 401 2474
210.108.70.119 - - [02/Jun/2023:12:56:25 -0300] "GET /manager/html HTTP/1.1" 401 2474
210.108.70.119 - - [02/Jun/2023:12:56:25 -0300] "GET /manager/html HTTP/1.1" 401 2474
210.108.70.119 - - [02/Jun/2023:12:56:25 -0300] "GET /manager/html HTTP/1.1" 401 2474
210.108.70.119 - - [02/Jun/2023:12:56:26 -0300] "GET /manager/html HTTP/1.1" 401 2474
210.108.70.119 - - [02/Jun/2023:12:56:26 -0300] "GET /manager/html HTTP/1.1" 401 2474
210.108.70.119 - - [02/Jun/2023:12:56:26 -0300] "GET /manager/html HTTP/1.1" 401 2474
210.108.70.119 - - [02/Jun/2023:12:56:27 -0300] "GET /manager/html HTTP/1.1" 401 2474
210.108.70.119 - - [02/Jun/2023:12:56:27 -0300] "GET /manager/html HTTP/1.1" 401 2474
210.108.70.119 - - [02/Jun/2023:12:56:27 -0300] "GET /manager/html HTTP/1.1" 401 2474
210.108.70.119 - - [02/Jun/2023:12:56:28 -0300] "GET /manager/html HTTP/1.1" 401 2474
210.108.70.119 - - [02/Jun/2023:12:56:28 -0300] "GET /manager/html HTTP/1.1" 401 2474
210.108.70.119 - - [02/Jun/2023:12:56:28 -0300] "GET /manager/html HTTP/1.1" 401 2474
210.108.70.119 - - [02/Jun/2023:12:56:29 -0300] "GET /manager/html HTTP/1.1" 401 2474
210.108.70.119 - - [02/Jun/2023:12:56:29 -0300] "GET /manager/html HTTP/1.1" 401 2474
210.108.70.119 - - [02/Jun/2023:12:56:29 -0300] "GET /manager/html HTTP/1.1" 401 2474
210.108.70.119 - - [02/Jun/2023:12:56:30 -0300] "GET /manager/html HTTP/1.1" 401 2474
210.108.70.119 - - [02/Jun/2023:12:56:30 -0300] "GET /manager/html HTTP/1.1" 401 2474
210.108.70.119 - - [02/Jun/2023:12:56:30 -0300] "GET /manager/html HTTP/1.1" 401 2474
210.108.70.119 - - [02/Jun/2023:12:56:31 -0300] "GET /manager/html HTTP/1.1" 401 2474
210.108.70.119 - - [02/Jun/2023:12:56:31 -0300] "GET /manager/html HTTP/1.1" 401 2474
210.108.70.119 - - [02/Jun/2023:12:56:31 -0300] "GET /manager/html HTTP/1.1" 401 2474
210.108.70.119 - - [02/Jun/2023:12:56:32 -0300] "GET /manager/html HTTP/1.1" 401 2474
210.108.70.119 - - [02/Jun/2023:12:56:32 -0300] "GET /manager/html HTTP/1.1" 401 2474
210.108.70.119 - - [02/Jun/2023:12:56:32 -0300] "GET /manager/html HTTP/1.1" 401 2474
210.108.70.119 - - [02/Jun/2023:12:56:33 -0300] "GET /manager/html HTTP/1.1" 401 2474
210.108.70.119 - - [02/Jun/2023:12:56:33 -0300] "GET /manager/html HTTP/1.1" 401 2474
210.108.70.119 - - [02/Jun/2023:12:56:33 -0300] "GET /manager/html HTTP/1.1" 401 2474
210.108.70.119 - - [02/Jun/2023:12:56:34 -0300] "GET /manager/html HTTP/1.1" 401 2474
210.108.70.119 - - [02/Jun/2023:12:56:34 -0300] "GET /manager/html HTTP/1.1" 401 2474
210.108.70.119 - - [02/Jun/2023:12:56:34 -0300] "GET /manager/html HTTP/1.1" 401 2474
210.108.70.119 - - [02/Jun/2023:12:56:35 -0300] "GET /manager/html HTTP/1.1" 401 2474
210.108.70.119 - - [02/Jun/2023:12:56:35 -0300] "GET /manager/html HTTP/1.1" 401 2474
210.108.70.119 - - [02/Jun/2023:12:56:35 -0300] "GET /manager/html HTTP/1.1" 401 2474
210.108.70.119 - - [02/Jun/2023:12:56:36 -0300] "GET /manager/html HTTP/1.1" 401 2474
210.108.70.119 - - [02/Jun/2023:12:56:36 -0300] "GET /manager/html HTTP/1.1" 401 2474
210.108.70.119 - - [02/Jun/2023:12:56:36 -0300] "GET /manager/html HTTP/1.1" 401 2474
190.171.142.10 - - [02/Jun/2023:12:56:36 -0300] "POST /cormun/servlet/solicitudot?gx-no-cache=1685720465920 HTTP/1.1" 200 30
210.108.70.119 - - [02/Jun/2023:12:56:37 -0300] "GET /manager/html HTTP/1.1" 401 2474
210.108.70.119 - - [02/Jun/2023:12:56:37 -0300] "GET /manager/html HTTP/1.1" 401 2474
210.108.70.119 - - [02/Jun/2023:12:56:37 -0300] "GET /manager/html HTTP/1.1" 401 2474
210.108.70.119 - - [02/Jun/2023:12:56:38 -0300] "GET /manager/html HTTP/1.1" 401 2474
210.108.70.119 - - [02/Jun/2023:12:56:38 -0300] "GET /manager/html HTTP/1.1" 401 2474
210.108.70.119 - - [02/Jun/2023:12:56:38 -0300] "GET /manager/html HTTP/1.1" 401 2474
210.108.70.119 - - [02/Jun/2023:12:56:39 -0300] "GET /manager/html HTTP/1.1" 401 2474
210.108.70.119 - - [02/Jun/2023:12:56:39 -0300] "GET /manager/html HTTP/1.1" 401 2474
210.108.70.119 - - [02/Jun/2023:12:56:39 -0300] "GET /manager/html HTTP/1.1" 401 2474
210.108.70.119 - - [02/Jun/2023:12:56:39 -0300] "GET /manager/html HTTP/1.1" 401 2474
