210.108.70.119 - - [02/Jun/2023:12:48:07 -0300] "GET /manager/html HTTP/1.1" 401 2474
210.108.70.119 - - [02/Jun/2023:12:48:08 -0300] "GET /manager/html HTTP/1.1" 401 2474
210.108.70.119 - - [02/Jun/2023:12:48:08 -0300] "GET /manager/html HTTP/1.1" 401 2474
210.108.70.119 - - [02/Jun/2023:12:48:08 -0300] "GET /manager/html HTTP/1.1" 401 2474
210.108.70.119 - - [02/Jun/2023:12:48:09 -0300] "GET /manager/html HTTP/1.1" 401 2474
210.108.70.119 - - [02/Jun/2023:12:48:09 -0300] "GET /manager/html HTTP/1.1" 401 2474
210.108.70.119 - - [02/Jun/2023:12:48:10 -0300] "GET /manager/html HTTP/1.1" 401 2474
210.108.70.119 - - [02/Jun/2023:12:48:10 -0300] "GET /manager/html HTTP/1.1" 401 2474
210.108.70.119 - - [02/Jun/2023:12:48:10 -0300] "GET /manager/html HTTP/1.1" 401 2474
210.108.70.119 - - [02/Jun/2023:12:48:11 -0300] "GET /manager/html HTTP/1.1" 401 2474
210.108.70.119 - - [02/Jun/2023:12:48:11 -0300] "GET /manager/html HTTP/1.1" 401 2474
210.108.70.119 - - [02/Jun/2023:12:48:11 -0300] "GET /manager/html HTTP/1.1" 401 2474
210.108.70.119 - - [02/Jun/2023:12:48:12 -0300] "GET /manager/html HTTP/1.1" 401 2474
210.108.70.119 - - [02/Jun/2023:12:48:12 -0300] "GET /manager/html HTTP/1.1" 401 2474
210.108.70.119 - - [02/Jun/2023:12:48:12 -0300] "GET /manager/html HTTP/1.1" 401 2474
210.108.70.119 - - [02/Jun/2023:12:48:13 -0300] "GET /manager/html HTTP/1.1" 401 2474
210.108.70.119 - - [02/Jun/2023:12:48:13 -0300] "GET /manager/html HTTP/1.1" 401 2474
210.108.70.119 - - [02/Jun/2023:12:48:13 -0300] "GET /manager/html HTTP/1.1" 401 2474
210.108.70.119 - - [02/Jun/2023:12:48:14 -0300] "GET /manager/html HTTP/1.1" 401 2474
210.108.70.119 - - [02/Jun/2023:12:48:14 -0300] "GET /manager/html HTTP/1.1" 401 2474
210.108.70.119 - - [02/Jun/2023:12:48:14 -0300] "GET /manager/html HTTP/1.1" 401 2474
210.108.70.119 - - [02/Jun/2023:12:48:15 -0300] "GET /manager/html HTTP/1.1" 401 2474
210.108.70.119 - - [02/Jun/2023:12:48:15 -0300] "GET /manager/html HTTP/1.1" 401 2474
210.108.70.119 - - [02/Jun/2023:12:48:16 -0300] "GET /manager/html HTTP/1.1" 401 2474
210.108.70.119 - - [02/Jun/2023:12:48:16 -0300] "GET /manager/html HTTP/1.1" 401 2474
190.171.154.42 - - [02/Jun/2023:12:48:16 -0300] "POST /cormun/servlet/hlogin?8ac4a2b22188418e1ed48f8c7b511aca,gx-no-cache=1685719966083 HTTP/1.1" 200 90
190.171.154.42 - - [02/Jun/2023:12:48:16 -0300] "GET /cormun/servlet/hpexe_link HTTP/1.1" 200 972
210.108.70.119 - - [02/Jun/2023:12:48:16 -0300] "GET /manager/html HTTP/1.1" 401 2474
190.171.154.42 - - [02/Jun/2023:12:48:16 -0300] "GET /cormun/servlet/solicitudot?INS,0,0,false, HTTP/1.1" 200 15974
210.108.70.119 - - [02/Jun/2023:12:48:17 -0300] "GET /manager/html HTTP/1.1" 401 2474
190.171.154.42 - - [02/Jun/2023:12:48:17 -0300] "GET /cormun/servlet/solicitudot?INS,0,0,false, HTTP/1.1" 200 15981
210.108.70.119 - - [02/Jun/2023:12:48:17 -0300] "GET /manager/html HTTP/1.1" 401 2474
210.108.70.119 - - [02/Jun/2023:12:48:17 -0300] "GET /manager/html HTTP/1.1" 401 2474
210.108.70.119 - - [02/Jun/2023:12:48:18 -0300] "GET /manager/html HTTP/1.1" 401 2474
210.108.70.119 - - [02/Jun/2023:12:48:18 -0300] "GET /manager/html HTTP/1.1" 401 2474
210.108.70.119 - - [02/Jun/2023:12:48:18 -0300] "GET /manager/html HTTP/1.1" 401 2474
210.108.70.119 - - [02/Jun/2023:12:48:19 -0300] "GET /manager/html HTTP/1.1" 401 2474
210.108.70.119 - - [02/Jun/2023:12:48:19 -0300] "GET /manager/html HTTP/1.1" 401 2474
210.108.70.119 - - [02/Jun/2023:12:48:19 -0300] "GET /manager/html HTTP/1.1" 401 2474
210.108.70.119 - - [02/Jun/2023:12:48:20 -0300] "GET /manager/html HTTP/1.1" 401 2474
210.108.70.119 - - [02/Jun/2023:12:48:20 -0300] "GET /manager/html HTTP/1.1" 401 2474
210.108.70.119 - - [02/Jun/2023:12:48:21 -0300] "GET /manager/html HTTP/1.1" 401 2474
210.108.70.119 - - [02/Jun/2023:12:48:21 -0300] "GET /manager/html HTTP/1.1" 401 2474
210.108.70.119 - - [02/Jun/2023:12:48:21 -0300] "GET /manager/html HTTP/1.1" 401 2474
210.108.70.119 - - [02/Jun/2023:12:48:22 -0300] "GET /manager/html HTTP/1.1" 401 2474
210.108.70.119 - - [02/Jun/2023:12:48:22 -0300] "GET /manager/html HTTP/1.1" 401 2474
210.108.70.119 - - [02/Jun/2023:12:48:22 -0300] "GET /manager/html HTTP/1.1" 401 2474
210.108.70.119 - - [02/Jun/2023:12:48:23 -0300] "GET /manager/html HTTP/1.1" 401 2474
210.108.70.119 - - [02/Jun/2023:12:48:23 -0300] "GET /manager/html HTTP/1.1" 401 2474
210.108.70.119 - - [02/Jun/2023:12:48:23 -0300] "GET /manager/html HTTP/1.1" 401 2474
210.108.70.119 - - [02/Jun/2023:12:48:24 -0300] "GET /manager/html HTTP/1.1" 401 2474
210.108.70.119 - - [02/Jun/2023:12:48:24 -0300] "GET /manager/html HTTP/1.1" 401 2474
210.108.70.119 - - [02/Jun/2023:12:48:24 -0300] "GET /manager/html HTTP/1.1" 401 2474
210.108.70.119 - - [02/Jun/2023:12:48:25 -0300] "GET /manager/html HTTP/1.1" 401 2474
210.108.70.119 - - [02/Jun/2023:12:48:25 -0300] "GET /manager/html HTTP/1.1" 401 2474
210.108.70.119 - - [02/Jun/2023:12:48:26 -0300] "GET /manager/html HTTP/1.1" 401 2474
210.108.70.119 - - [02/Jun/2023:12:48:26 -0300] "GET /manager/html HTTP/1.1" 401 2474
210.108.70.119 - - [02/Jun/2023:12:48:26 -0300] "GET /manager/html HTTP/1.1" 401 2474
210.108.70.119 - - [02/Jun/2023:12:48:27 -0300] "GET /manager/html HTTP/1.1" 401 2474
210.108.70.119 - - [02/Jun/2023:12:48:27 -0300] "GET /manager/html HTTP/1.1" 401 2474
210.108.70.119 - - [02/Jun/2023:12:48:27 -0300] "GET /manager/html HTTP/1.1" 401 2474
210.108.70.119 - - [02/Jun/2023:12:48:28 -0300] "GET /manager/html HTTP/1.1" 401 2474
210.108.70.119 - - [02/Jun/2023:12:48:28 -0300] "GET /manager/html HTTP/1.1" 401 2474
210.108.70.119 - - [02/Jun/2023:12:48:28 -0300] "GET /manager/html HTTP/1.1" 401 2474
210.108.70.119 - - [02/Jun/2023:12:48:29 -0300] "GET /manager/html HTTP/1.1" 401 2474
210.108.70.119 - - [02/Jun/2023:12:48:29 -0300] "GET /manager/html HTTP/1.1" 401 2474
210.108.70.119 - - [02/Jun/2023:12:48:29 -0300] "GET /manager/html HTTP/1.1" 401 2474
210.108.70.119 - - [02/Jun/2023:12:48:30 -0300] "GET /manager/html HTTP/1.1" 401 2474
210.108.70.119 - - [02/Jun/2023:12:48:30 -0300] "GET /manager/html HTTP/1.1" 401 2474
210.108.70.119 - - [02/Jun/2023:12:48:31 -0300] "GET /manager/html HTTP/1.1" 401 2474
210.108.70.119 - - [02/Jun/2023:12:48:31 -0300] "GET /manager/html HTTP/1.1" 401 2474
210.108.70.119 - - [02/Jun/2023:12:48:31 -0300] "GET /manager/html HTTP/1.1" 401 2474
210.108.70.119 - - [02/Jun/2023:12:48:32 -0300] "GET /manager/html HTTP/1.1" 401 2474
190.171.154.42 - - [02/Jun/2023:12:48:32 -0300] "GET /cormun/servlet/trpermisosgoce? HTTP/1.1" 200 10191
210.108.70.119 - - [02/Jun/2023:12:48:32 -0300] "GET /manager/html HTTP/1.1" 401 2474
190.171.154.42 - - [02/Jun/2023:12:48:32 -0300] "GET /cormun/servlet/trpermisosgoce? HTTP/1.1" 200 10190
210.108.70.119 - - [02/Jun/2023:12:48:32 -0300] "GET /manager/html HTTP/1.1" 401 2474
210.108.70.119 - - [02/Jun/2023:12:48:33 -0300] "GET /manager/html HTTP/1.1" 401 2474
210.108.70.119 - - [02/Jun/2023:12:48:33 -0300] "GET /manager/html HTTP/1.1" 401 2474
210.108.70.119 - - [02/Jun/2023:12:48:33 -0300] "GET /manager/html HTTP/1.1" 401 2474
210.108.70.119 - - [02/Jun/2023:12:48:34 -0300] "GET /manager/html HTTP/1.1" 401 2474
210.108.70.119 - - [02/Jun/2023:12:48:34 -0300] "GET /manager/html HTTP/1.1" 401 2474
210.108.70.119 - - [02/Jun/2023:12:48:34 -0300] "GET /manager/html HTTP/1.1" 401 2474
210.108.70.119 - - [02/Jun/2023:12:48:35 -0300] "GET /manager/html HTTP/1.1" 401 2474
210.108.70.119 - - [02/Jun/2023:12:48:35 -0300] "GET /manager/html HTTP/1.1" 401 2474
210.108.70.119 - - [02/Jun/2023:12:48:36 -0300] "GET /manager/html HTTP/1.1" 401 2474
210.108.70.119 - - [02/Jun/2023:12:48:36 -0300] "GET /manager/html HTTP/1.1" 401 2474
210.108.70.119 - - [02/Jun/2023:12:48:36 -0300] "GET /manager/html HTTP/1.1" 401 2474
210.108.70.119 - - [02/Jun/2023:12:48:37 -0300] "GET /manager/html HTTP/1.1" 401 2474
210.108.70.119 - - [02/Jun/2023:12:48:37 -0300] "GET /manager/html HTTP/1.1" 401 2474
210.108.70.119 - - [02/Jun/2023:12:48:37 -0300] "GET /manager/html HTTP/1.1" 401 2474
210.108.70.119 - - [02/Jun/2023:12:48:38 -0300] "GET /manager/html HTTP/1.1" 401 2474
210.108.70.119 - - [02/Jun/2023:12:48:38 -0300] "GET /manager/html HTTP/1.1" 401 2474
210.108.70.119 - - [02/Jun/2023:12:48:38 -0300] "GET /manager/html HTTP/1.1" 401 2474
210.108.70.119 - - [02/Jun/2023:12:48:39 -0300] "GET /manager/html HTTP/1.1" 401 2474
210.108.70.119 - - [02/Jun/2023:12:48:39 -0300] "GET /manager/html HTTP/1.1" 401 2474
210.108.70.119 - - [02/Jun/2023:12:48:39 -0300] "GET /manager/html HTTP/1.1" 401 2474
210.108.70.119 - - [02/Jun/2023:12:48:40 -0300] "GET /manager/html HTTP/1.1" 401 2474
210.108.70.119 - - [02/Jun/2023:12:48:40 -0300] "GET /manager/html HTTP/1.1" 401 2474
210.108.70.119 - - [02/Jun/2023:12:48:41 -0300] "GET /manager/html HTTP/1.1" 401 2474
210.108.70.119 - - [02/Jun/2023:12:48:41 -0300] "GET /manager/html HTTP/1.1" 401 2474
210.108.70.119 - - [02/Jun/2023:12:48:41 -0300] "GET /manager/html HTTP/1.1" 401 2474
210.108.70.119 - - [02/Jun/2023:12:48:42 -0300] "GET /manager/html HTTP/1.1" 401 2474
210.108.70.119 - - [02/Jun/2023:12:48:42 -0300] "GET /manager/html HTTP/1.1" 401 2474
210.108.70.119 - - [02/Jun/2023:12:48:42 -0300] "GET /manager/html HTTP/1.1" 401 2474
210.108.70.119 - - [02/Jun/2023:12:48:43 -0300] "GET /manager/html HTTP/1.1" 401 2474
210.108.70.119 - - [02/Jun/2023:12:48:43 -0300] "GET /manager/html HTTP/1.1" 401 2474
210.108.70.119 - - [02/Jun/2023:12:48:43 -0300] "GET /manager/html HTTP/1.1" 401 2474
210.108.70.119 - - [02/Jun/2023:12:48:44 -0300] "GET /manager/html HTTP/1.1" 401 2474
210.108.70.119 - - [02/Jun/2023:12:48:44 -0300] "GET /manager/html HTTP/1.1" 401 2474
210.108.70.119 - - [02/Jun/2023:12:48:44 -0300] "GET /manager/html HTTP/1.1" 401 2474
210.108.70.119 - - [02/Jun/2023:12:48:45 -0300] "GET /manager/html HTTP/1.1" 401 2474
210.108.70.119 - - [02/Jun/2023:12:48:45 -0300] "GET /manager/html HTTP/1.1" 401 2474
210.108.70.119 - - [02/Jun/2023:12:48:46 -0300] "GET /manager/html HTTP/1.1" 401 2474
210.108.70.119 - - [02/Jun/2023:12:48:46 -0300] "GET /manager/html HTTP/1.1" 401 2474
210.108.70.119 - - [02/Jun/2023:12:48:46 -0300] "GET /manager/html HTTP/1.1" 401 2474
210.108.70.119 - - [02/Jun/2023:12:48:47 -0300] "GET /manager/html HTTP/1.1" 401 2474
210.108.70.119 - - [02/Jun/2023:12:48:47 -0300] "GET /manager/html HTTP/1.1" 401 2474
210.108.70.119 - - [02/Jun/2023:12:48:47 -0300] "GET /manager/html HTTP/1.1" 401 2474
210.108.70.119 - - [02/Jun/2023:12:48:48 -0300] "GET /manager/html HTTP/1.1" 401 2474
210.108.70.119 - - [02/Jun/2023:12:48:48 -0300] "GET /manager/html HTTP/1.1" 401 2474
210.108.70.119 - - [02/Jun/2023:12:48:48 -0300] "GET /manager/html HTTP/1.1" 401 2474
210.108.70.119 - - [02/Jun/2023:12:48:49 -0300] "GET /manager/html HTTP/1.1" 401 2474
210.108.70.119 - - [02/Jun/2023:12:48:49 -0300] "GET /manager/html HTTP/1.1" 401 2474
210.108.70.119 - - [02/Jun/2023:12:48:49 -0300] "GET /manager/html HTTP/1.1" 401 2474
210.108.70.119 - - [02/Jun/2023:12:48:50 -0300] "GET /manager/html HTTP/1.1" 401 2474
210.108.70.119 - - [02/Jun/2023:12:48:50 -0300] "GET /manager/html HTTP/1.1" 401 2474
210.108.70.119 - - [02/Jun/2023:12:48:50 -0300] "GET /manager/html HTTP/1.1" 401 2474
210.108.70.119 - - [02/Jun/2023:12:48:51 -0300] "GET /manager/html HTTP/1.1" 401 2474
210.108.70.119 - - [02/Jun/2023:12:48:52 -0300] "GET /manager/html HTTP/1.1" 401 2474
210.108.70.119 - - [02/Jun/2023:12:48:52 -0300] "GET /manager/html HTTP/1.1" 401 2474
210.108.70.119 - - [02/Jun/2023:12:48:52 -0300] "GET /manager/html HTTP/1.1" 401 2474
210.108.70.119 - - [02/Jun/2023:12:48:53 -0300] "GET /manager/html HTTP/1.1" 401 2474
210.108.70.119 - - [02/Jun/2023:12:48:53 -0300] "GET /manager/html HTTP/1.1" 401 2474
210.108.70.119 - - [02/Jun/2023:12:48:53 -0300] "GET /manager/html HTTP/1.1" 401 2474
210.108.70.119 - - [02/Jun/2023:12:48:54 -0300] "GET /manager/html HTTP/1.1" 401 2474
210.108.70.119 - - [02/Jun/2023:12:48:54 -0300] "GET /manager/html HTTP/1.1" 401 2474
210.108.70.119 - - [02/Jun/2023:12:48:54 -0300] "GET /manager/html HTTP/1.1" 401 2474
210.108.70.119 - - [02/Jun/2023:12:48:55 -0300] "GET /manager/html HTTP/1.1" 401 2474
210.108.70.119 - - [02/Jun/2023:12:48:55 -0300] "GET /manager/html HTTP/1.1" 401 2474
210.108.70.119 - - [02/Jun/2023:12:48:55 -0300] "GET /manager/html HTTP/1.1" 401 2474
210.108.70.119 - - [02/Jun/2023:12:48:56 -0300] "GET /manager/html HTTP/1.1" 401 2474
210.108.70.119 - - [02/Jun/2023:12:48:56 -0300] "GET /manager/html HTTP/1.1" 401 2474
210.108.70.119 - - [02/Jun/2023:12:48:56 -0300] "GET /manager/html HTTP/1.1" 401 2474
210.108.70.119 - - [02/Jun/2023:12:48:57 -0300] "GET /manager/html HTTP/1.1" 401 2474
210.108.70.119 - - [02/Jun/2023:12:48:57 -0300] "GET /manager/html HTTP/1.1" 401 2474
210.108.70.119 - - [02/Jun/2023:12:48:57 -0300] "GET /manager/html HTTP/1.1" 401 2474
210.108.70.119 - - [02/Jun/2023:12:48:58 -0300] "GET /manager/html HTTP/1.1" 401 2474
210.108.70.119 - - [02/Jun/2023:12:48:58 -0300] "GET /manager/html HTTP/1.1" 401 2474
210.108.70.119 - - [02/Jun/2023:12:48:58 -0300] "GET /manager/html HTTP/1.1" 401 2474
210.108.70.119 - - [02/Jun/2023:12:48:59 -0300] "GET /manager/html HTTP/1.1" 401 2474
210.108.70.119 - - [02/Jun/2023:12:48:59 -0300] "GET /manager/html HTTP/1.1" 401 2474
210.108.70.119 - - [02/Jun/2023:12:48:59 -0300] "GET /manager/html HTTP/1.1" 401 2474
210.108.70.119 - - [02/Jun/2023:12:49:00 -0300] "GET /manager/html HTTP/1.1" 401 2474
210.108.70.119 - - [02/Jun/2023:12:49:00 -0300] "GET /manager/html HTTP/1.1" 401 2474
210.108.70.119 - - [02/Jun/2023:12:49:00 -0300] "GET /manager/html HTTP/1.1" 401 2474
210.108.70.119 - - [02/Jun/2023:12:49:01 -0300] "GET /manager/html HTTP/1.1" 401 2474
210.108.70.119 - - [02/Jun/2023:12:49:01 -0300] "GET /manager/html HTTP/1.1" 401 2474
210.108.70.119 - - [02/Jun/2023:12:49:01 -0300] "GET /manager/html HTTP/1.1" 401 2474
210.108.70.119 - - [02/Jun/2023:12:49:02 -0300] "GET /manager/html HTTP/1.1" 401 2474
210.108.70.119 - - [02/Jun/2023:12:49:02 -0300] "GET /manager/html HTTP/1.1" 401 2474
210.108.70.119 - - [02/Jun/2023:12:49:02 -0300] "GET /manager/html HTTP/1.1" 401 2474
210.108.70.119 - - [02/Jun/2023:12:49:03 -0300] "GET /manager/html HTTP/1.1" 401 2474
210.108.70.119 - - [02/Jun/2023:12:49:03 -0300] "GET /manager/html HTTP/1.1" 401 2474
210.108.70.119 - - [02/Jun/2023:12:49:03 -0300] "GET /manager/html HTTP/1.1" 401 2474
210.108.70.119 - - [02/Jun/2023:12:49:04 -0300] "GET /manager/html HTTP/1.1" 401 2474
210.108.70.119 - - [02/Jun/2023:12:49:04 -0300] "GET /manager/html HTTP/1.1" 401 2474
210.108.70.119 - - [02/Jun/2023:12:49:04 -0300] "GET /manager/html HTTP/1.1" 401 2474
210.108.70.119 - - [02/Jun/2023:12:49:05 -0300] "GET /manager/html HTTP/1.1" 401 2474
210.108.70.119 - - [02/Jun/2023:12:49:05 -0300] "GET /manager/html HTTP/1.1" 401 2474
210.108.70.119 - - [02/Jun/2023:12:49:05 -0300] "GET /manager/html HTTP/1.1" 401 2474
210.108.70.119 - - [02/Jun/2023:12:49:06 -0300] "GET /manager/html HTTP/1.1" 401 2474
210.108.70.119 - - [02/Jun/2023:12:49:06 -0300] "GET /manager/html HTTP/1.1" 401 2474
210.108.70.119 - - [02/Jun/2023:12:49:06 -0300] "GET /manager/html HTTP/1.1" 401 2474
210.108.70.119 - - [02/Jun/2023:12:49:07 -0300] "GET /manager/html HTTP/1.1" 401 2474
210.108.70.119 - - [02/Jun/2023:12:49:07 -0300] "GET /manager/html HTTP/1.1" 401 2474
210.108.70.119 - - [02/Jun/2023:12:49:08 -0300] "GET /manager/html HTTP/1.1" 401 2474
210.108.70.119 - - [02/Jun/2023:12:49:08 -0300] "GET /manager/html HTTP/1.1" 401 2474
210.108.70.119 - - [02/Jun/2023:12:49:08 -0300] "GET /manager/html HTTP/1.1" 401 2474
210.108.70.119 - - [02/Jun/2023:12:49:09 -0300] "GET /manager/html HTTP/1.1" 401 2474
210.108.70.119 - - [02/Jun/2023:12:49:10 -0300] "GET /manager/html HTTP/1.1" 401 2474
210.108.70.119 - - [02/Jun/2023:12:49:10 -0300] "GET /manager/html HTTP/1.1" 401 2474
210.108.70.119 - - [02/Jun/2023:12:49:10 -0300] "GET /manager/html HTTP/1.1" 401 2474
210.108.70.119 - - [02/Jun/2023:12:49:11 -0300] "GET /manager/html HTTP/1.1" 401 2474
210.108.70.119 - - [02/Jun/2023:12:49:11 -0300] "GET /manager/html HTTP/1.1" 401 2474
210.108.70.119 - - [02/Jun/2023:12:49:12 -0300] "GET /manager/html HTTP/1.1" 401 2474
210.108.70.119 - - [02/Jun/2023:12:49:12 -0300] "GET /manager/html HTTP/1.1" 401 2474
210.108.70.119 - - [02/Jun/2023:12:49:12 -0300] "GET /manager/html HTTP/1.1" 401 2474
210.108.70.119 - - [02/Jun/2023:12:49:13 -0300] "GET /manager/html HTTP/1.1" 401 2474
210.108.70.119 - - [02/Jun/2023:12:49:13 -0300] "GET /manager/html HTTP/1.1" 401 2474
210.108.70.119 - - [02/Jun/2023:12:49:13 -0300] "GET /manager/html HTTP/1.1" 401 2474
210.108.70.119 - - [02/Jun/2023:12:49:14 -0300] "GET /manager/html HTTP/1.1" 401 2474
210.108.70.119 - - [02/Jun/2023:12:49:14 -0300] "GET /manager/html HTTP/1.1" 401 2474
210.108.70.119 - - [02/Jun/2023:12:49:14 -0300] "GET /manager/html HTTP/1.1" 401 2474
210.108.70.119 - - [02/Jun/2023:12:49:15 -0300] "GET /manager/html HTTP/1.1" 401 2474
210.108.70.119 - - [02/Jun/2023:12:49:15 -0300] "GET /manager/html HTTP/1.1" 401 2474
210.108.70.119 - - [02/Jun/2023:12:49:15 -0300] "GET /manager/html HTTP/1.1" 401 2474
210.108.70.119 - - [02/Jun/2023:12:49:16 -0300] "GET /manager/html HTTP/1.1" 401 2474
210.108.70.119 - - [02/Jun/2023:12:49:16 -0300] "GET /manager/html HTTP/1.1" 401 2474
210.108.70.119 - - [02/Jun/2023:12:49:16 -0300] "GET /manager/html HTTP/1.1" 401 2474
210.108.70.119 - - [02/Jun/2023:12:49:17 -0300] "GET /manager/html HTTP/1.1" 401 2474
210.108.70.119 - - [02/Jun/2023:12:49:17 -0300] "GET /manager/html HTTP/1.1" 401 2474
210.108.70.119 - - [02/Jun/2023:12:49:17 -0300] "GET /manager/html HTTP/1.1" 401 2474
210.108.70.119 - - [02/Jun/2023:12:49:18 -0300] "GET /manager/html HTTP/1.1" 401 2474
210.108.70.119 - - [02/Jun/2023:12:49:18 -0300] "GET /manager/html HTTP/1.1" 401 2474
210.108.70.119 - - [02/Jun/2023:12:49:18 -0300] "GET /manager/html HTTP/1.1" 401 2474
210.108.70.119 - - [02/Jun/2023:12:49:19 -0300] "GET /manager/html HTTP/1.1" 401 2474
210.108.70.119 - - [02/Jun/2023:12:49:19 -0300] "GET /manager/html HTTP/1.1" 401 2474
210.108.70.119 - - [02/Jun/2023:12:49:19 -0300] "GET /manager/html HTTP/1.1" 401 2474
210.108.70.119 - - [02/Jun/2023:12:49:20 -0300] "GET /manager/html HTTP/1.1" 401 2474
210.108.70.119 - - [02/Jun/2023:12:49:20 -0300] "GET /manager/html HTTP/1.1" 401 2474
210.108.70.119 - - [02/Jun/2023:12:49:20 -0300] "GET /manager/html HTTP/1.1" 401 2474
210.108.70.119 - - [02/Jun/2023:12:49:21 -0300] "GET /manager/html HTTP/1.1" 401 2474
210.108.70.119 - - [02/Jun/2023:12:49:21 -0300] "GET /manager/html HTTP/1.1" 401 2474
210.108.70.119 - - [02/Jun/2023:12:49:21 -0300] "GET /manager/html HTTP/1.1" 401 2474
210.108.70.119 - - [02/Jun/2023:12:49:22 -0300] "GET /manager/html HTTP/1.1" 401 2474
210.108.70.119 - - [02/Jun/2023:12:49:22 -0300] "GET /manager/html HTTP/1.1" 401 2474
210.108.70.119 - - [02/Jun/2023:12:49:22 -0300] "GET /manager/html HTTP/1.1" 401 2474
210.108.70.119 - - [02/Jun/2023:12:49:23 -0300] "GET /manager/html HTTP/1.1" 401 2474
210.108.70.119 - - [02/Jun/2023:12:49:23 -0300] "GET /manager/html HTTP/1.1" 401 2474
190.171.141.138 - - [02/Jun/2023:12:49:23 -0300] "GET /cormun/servlet/hlogin HTTP/1.1" 200 1717
210.108.70.119 - - [02/Jun/2023:12:49:23 -0300] "GET /manager/html HTTP/1.1" 401 2474
210.108.70.119 - - [02/Jun/2023:12:49:24 -0300] "GET /manager/html HTTP/1.1" 401 2474
210.108.70.119 - - [02/Jun/2023:12:49:24 -0300] "GET /manager/html HTTP/1.1" 401 2474
190.171.141.138 - - [02/Jun/2023:12:49:24 -0300] "GET /cormun/servlet/hlogin HTTP/1.1" 200 1728
210.108.70.119 - - [02/Jun/2023:12:49:24 -0300] "GET /manager/html HTTP/1.1" 401 2474
210.108.70.119 - - [02/Jun/2023:12:49:25 -0300] "GET /manager/html HTTP/1.1" 401 2474
210.108.70.119 - - [02/Jun/2023:12:49:25 -0300] "GET /manager/html HTTP/1.1" 401 2474
210.108.70.119 - - [02/Jun/2023:12:49:25 -0300] "GET /manager/html HTTP/1.1" 401 2474
210.108.70.119 - - [02/Jun/2023:12:49:26 -0300] "GET /manager/html HTTP/1.1" 401 2474
210.108.70.119 - - [02/Jun/2023:12:49:26 -0300] "GET /manager/html HTTP/1.1" 401 2474
210.108.70.119 - - [02/Jun/2023:12:49:27 -0300] "GET /manager/html HTTP/1.1" 401 2474
210.108.70.119 - - [02/Jun/2023:12:49:27 -0300] "GET /manager/html HTTP/1.1" 401 2474
210.108.70.119 - - [02/Jun/2023:12:49:27 -0300] "GET /manager/html HTTP/1.1" 401 2474
210.108.70.119 - - [02/Jun/2023:12:49:28 -0300] "GET /manager/html HTTP/1.1" 401 2474
210.108.70.119 - - [02/Jun/2023:12:49:28 -0300] "GET /manager/html HTTP/1.1" 401 2474
210.108.70.119 - - [02/Jun/2023:12:49:29 -0300] "GET /manager/html HTTP/1.1" 401 2474
210.108.70.119 - - [02/Jun/2023:12:49:29 -0300] "GET /manager/html HTTP/1.1" 401 2474
210.108.70.119 - - [02/Jun/2023:12:49:29 -0300] "GET /manager/html HTTP/1.1" 401 2474
210.108.70.119 - - [02/Jun/2023:12:49:30 -0300] "GET /manager/html HTTP/1.1" 401 2474
210.108.70.119 - - [02/Jun/2023:12:49:30 -0300] "GET /manager/html HTTP/1.1" 401 2474
210.108.70.119 - - [02/Jun/2023:12:49:30 -0300] "GET /manager/html HTTP/1.1" 401 2474
210.108.70.119 - - [02/Jun/2023:12:49:31 -0300] "GET /manager/html HTTP/1.1" 401 2474
210.108.70.119 - - [02/Jun/2023:12:49:31 -0300] "GET /manager/html HTTP/1.1" 401 2474
210.108.70.119 - - [02/Jun/2023:12:49:31 -0300] "GET /manager/html HTTP/1.1" 401 2474
210.108.70.119 - - [02/Jun/2023:12:49:32 -0300] "GET /manager/html HTTP/1.1" 401 2474
210.108.70.119 - - [02/Jun/2023:12:49:32 -0300] "GET /manager/html HTTP/1.1" 401 2474
210.108.70.119 - - [02/Jun/2023:12:49:32 -0300] "GET /manager/html HTTP/1.1" 401 2474
210.108.70.119 - - [02/Jun/2023:12:49:33 -0300] "GET /manager/html HTTP/1.1" 401 2474
210.108.70.119 - - [02/Jun/2023:12:49:33 -0300] "GET /manager/html HTTP/1.1" 401 2474
210.108.70.119 - - [02/Jun/2023:12:49:33 -0300] "GET /manager/html HTTP/1.1" 401 2474
210.108.70.119 - - [02/Jun/2023:12:49:34 -0300] "GET /manager/html HTTP/1.1" 401 2474
210.108.70.119 - - [02/Jun/2023:12:49:34 -0300] "GET /manager/html HTTP/1.1" 401 2474
210.108.70.119 - - [02/Jun/2023:12:49:34 -0300] "GET /manager/html HTTP/1.1" 401 2474
210.108.70.119 - - [02/Jun/2023:12:49:35 -0300] "GET /manager/html HTTP/1.1" 401 2474
210.108.70.119 - - [02/Jun/2023:12:49:35 -0300] "GET /manager/html HTTP/1.1" 401 2474
210.108.70.119 - - [02/Jun/2023:12:49:35 -0300] "GET /manager/html HTTP/1.1" 401 2474
210.108.70.119 - - [02/Jun/2023:12:49:36 -0300] "GET /manager/html HTTP/1.1" 401 2474
210.108.70.119 - - [02/Jun/2023:12:49:36 -0300] "GET /manager/html HTTP/1.1" 401 2474
210.108.70.119 - - [02/Jun/2023:12:49:36 -0300] "GET /manager/html HTTP/1.1" 401 2474
190.171.141.138 - - [02/Jun/2023:12:49:37 -0300] "POST /cormun/servlet/hlogin?e49c6d001b8b701f76b073dc225c44d1,gx-no-cache=1685720046822 HTTP/1.1" 200 90
210.108.70.119 - - [02/Jun/2023:12:49:37 -0300] "GET /manager/html HTTP/1.1" 401 2474
190.171.141.138 - - [02/Jun/2023:12:49:37 -0300] "GET /cormun/servlet/hpexe_link HTTP/1.1" 200 949
210.108.70.119 - - [02/Jun/2023:12:49:37 -0300] "GET /manager/html HTTP/1.1" 401 2474
210.108.70.119 - - [02/Jun/2023:12:49:37 -0300] "GET /manager/html HTTP/1.1" 401 2474
190.171.141.138 - - [02/Jun/2023:12:49:37 -0300] "GET /cormun/servlet/hhome HTTP/1.1" 200 4472
210.108.70.119 - - [02/Jun/2023:12:49:38 -0300] "GET /manager/html HTTP/1.1" 401 2474
190.171.141.138 - - [02/Jun/2023:12:49:38 -0300] "GET /cormun/servlet/hhome HTTP/1.1" 200 4468
210.108.70.119 - - [02/Jun/2023:12:49:38 -0300] "GET /manager/html HTTP/1.1" 401 2474
210.108.70.119 - - [02/Jun/2023:12:49:38 -0300] "GET /manager/html HTTP/1.1" 401 2474
210.108.70.119 - - [02/Jun/2023:12:49:39 -0300] "GET /manager/html HTTP/1.1" 401 2474
210.108.70.119 - - [02/Jun/2023:12:49:39 -0300] "GET /manager/html HTTP/1.1" 401 2474
210.108.70.119 - - [02/Jun/2023:12:49:39 -0300] "GET /manager/html HTTP/1.1" 401 2474
210.108.70.119 - - [02/Jun/2023:12:49:40 -0300] "GET /manager/html HTTP/1.1" 401 2474
210.108.70.119 - - [02/Jun/2023:12:49:40 -0300] "GET /manager/html HTTP/1.1" 401 2474
210.108.70.119 - - [02/Jun/2023:12:49:40 -0300] "GET /manager/html HTTP/1.1" 401 2474
210.108.70.119 - - [02/Jun/2023:12:49:41 -0300] "GET /manager/html HTTP/1.1" 401 2474
210.108.70.119 - - [02/Jun/2023:12:49:41 -0300] "GET /manager/html HTTP/1.1" 401 2474
190.171.141.138 - - [02/Jun/2023:12:49:41 -0300] "GET /cormun/servlet/trlicencias? HTTP/1.1" 200 12050
210.108.70.119 - - [02/Jun/2023:12:49:41 -0300] "GET /manager/html HTTP/1.1" 401 2474
190.171.141.138 - - [02/Jun/2023:12:49:41 -0300] "GET /cormun/servlet/trlicencias? HTTP/1.1" 200 12041
210.108.70.119 - - [02/Jun/2023:12:49:42 -0300] "GET /manager/html HTTP/1.1" 401 2474
210.108.70.119 - - [02/Jun/2023:12:49:42 -0300] "GET /manager/html HTTP/1.1" 401 2474
210.108.70.119 - - [02/Jun/2023:12:49:42 -0300] "GET /manager/html HTTP/1.1" 401 2474
210.108.70.119 - - [02/Jun/2023:12:49:43 -0300] "GET /manager/html HTTP/1.1" 401 2474
210.108.70.119 - - [02/Jun/2023:12:49:43 -0300] "GET /manager/html HTTP/1.1" 401 2474
210.108.70.119 - - [02/Jun/2023:12:49:43 -0300] "GET /manager/html HTTP/1.1" 401 2474
210.108.70.119 - - [02/Jun/2023:12:49:44 -0300] "GET /manager/html HTTP/1.1" 401 2474
190.171.142.10 - - [02/Jun/2023:12:49:44 -0300] "GET /cormun/servlet/hlogin HTTP/1.1" 200 1714
210.108.70.119 - - [02/Jun/2023:12:49:44 -0300] "GET /manager/html HTTP/1.1" 401 2474
210.108.70.119 - - [02/Jun/2023:12:49:44 -0300] "GET /manager/html HTTP/1.1" 401 2474
210.108.70.119 - - [02/Jun/2023:12:49:45 -0300] "GET /manager/html HTTP/1.1" 401 2474
210.108.70.119 - - [02/Jun/2023:12:49:45 -0300] "GET /manager/html HTTP/1.1" 401 2474
210.108.70.119 - - [02/Jun/2023:12:49:45 -0300] "GET /manager/html HTTP/1.1" 401 2474
210.108.70.119 - - [02/Jun/2023:12:49:46 -0300] "GET /manager/html HTTP/1.1" 401 2474
210.108.70.119 - - [02/Jun/2023:12:49:46 -0300] "GET /manager/html HTTP/1.1" 401 2474
210.108.70.119 - - [02/Jun/2023:12:49:46 -0300] "GET /manager/html HTTP/1.1" 401 2474
210.108.70.119 - - [02/Jun/2023:12:49:47 -0300] "GET /manager/html HTTP/1.1" 401 2474
210.108.70.119 - - [02/Jun/2023:12:49:47 -0300] "GET /manager/html HTTP/1.1" 401 2474
210.108.70.119 - - [02/Jun/2023:12:49:47 -0300] "GET /manager/html HTTP/1.1" 401 2474
210.108.70.119 - - [02/Jun/2023:12:49:48 -0300] "GET /manager/html HTTP/1.1" 401 2474
210.108.70.119 - - [02/Jun/2023:12:49:48 -0300] "GET /manager/html HTTP/1.1" 401 2474
210.108.70.119 - - [02/Jun/2023:12:49:48 -0300] "GET /manager/html HTTP/1.1" 401 2474
210.108.70.119 - - [02/Jun/2023:12:49:49 -0300] "GET /manager/html HTTP/1.1" 401 2474
210.108.70.119 - - [02/Jun/2023:12:49:49 -0300] "GET /manager/html HTTP/1.1" 401 2474
210.108.70.119 - - [02/Jun/2023:12:49:49 -0300] "GET /manager/html HTTP/1.1" 401 2474
210.108.70.119 - - [02/Jun/2023:12:49:50 -0300] "GET /manager/html HTTP/1.1" 401 2474
210.108.70.119 - - [02/Jun/2023:12:49:50 -0300] "GET /manager/html HTTP/1.1" 401 2474
210.108.70.119 - - [02/Jun/2023:12:49:50 -0300] "GET /manager/html HTTP/1.1" 401 2474
210.108.70.119 - - [02/Jun/2023:12:49:51 -0300] "GET /manager/html HTTP/1.1" 401 2474
210.108.70.119 - - [02/Jun/2023:12:49:51 -0300] "GET /manager/html HTTP/1.1" 401 2474
210.108.70.119 - - [02/Jun/2023:12:49:51 -0300] "GET /manager/html HTTP/1.1" 401 2474
210.108.70.119 - - [02/Jun/2023:12:49:52 -0300] "GET /manager/html HTTP/1.1" 401 2474
210.108.70.119 - - [02/Jun/2023:12:49:52 -0300] "GET /manager/html HTTP/1.1" 401 2474
210.108.70.119 - - [02/Jun/2023:12:49:52 -0300] "GET /manager/html HTTP/1.1" 401 2474
210.108.70.119 - - [02/Jun/2023:12:49:53 -0300] "GET /manager/html HTTP/1.1" 401 2474
210.108.70.119 - - [02/Jun/2023:12:49:53 -0300] "GET /manager/html HTTP/1.1" 401 2474
210.108.70.119 - - [02/Jun/2023:12:49:53 -0300] "GET /manager/html HTTP/1.1" 401 2474
210.108.70.119 - - [02/Jun/2023:12:49:54 -0300] "GET /manager/html HTTP/1.1" 401 2474
210.108.70.119 - - [02/Jun/2023:12:49:54 -0300] "GET /manager/html HTTP/1.1" 401 2474
210.108.70.119 - - [02/Jun/2023:12:49:54 -0300] "GET /manager/html HTTP/1.1" 401 2474
210.108.70.119 - - [02/Jun/2023:12:49:55 -0300] "GET /manager/html HTTP/1.1" 401 2474
210.108.70.119 - - [02/Jun/2023:12:49:55 -0300] "GET /manager/html HTTP/1.1" 401 2474
210.108.70.119 - - [02/Jun/2023:12:49:55 -0300] "GET /manager/html HTTP/1.1" 401 2474
210.108.70.119 - - [02/Jun/2023:12:49:56 -0300] "GET /manager/html HTTP/1.1" 401 2474
210.108.70.119 - - [02/Jun/2023:12:49:56 -0300] "GET /manager/html HTTP/1.1" 401 2474
210.108.70.119 - - [02/Jun/2023:12:49:56 -0300] "GET /manager/html HTTP/1.1" 401 2474
210.108.70.119 - - [02/Jun/2023:12:49:57 -0300] "GET /manager/html HTTP/1.1" 401 2474
210.108.70.119 - - [02/Jun/2023:12:49:57 -0300] "GET /manager/html HTTP/1.1" 401 2474
210.108.70.119 - - [02/Jun/2023:12:49:57 -0300] "GET /manager/html HTTP/1.1" 401 2474
210.108.70.119 - - [02/Jun/2023:12:49:58 -0300] "GET /manager/html HTTP/1.1" 401 2474
210.108.70.119 - - [02/Jun/2023:12:49:58 -0300] "GET /manager/html HTTP/1.1" 401 2474
210.108.70.119 - - [02/Jun/2023:12:49:58 -0300] "GET /manager/html HTTP/1.1" 401 2474
210.108.70.119 - - [02/Jun/2023:12:49:59 -0300] "GET /manager/html HTTP/1.1" 401 2474
210.108.70.119 - - [02/Jun/2023:12:49:59 -0300] "GET /manager/html HTTP/1.1" 401 2474
210.108.70.119 - - [02/Jun/2023:12:49:59 -0300] "GET /manager/html HTTP/1.1" 401 2474
210.108.70.119 - - [02/Jun/2023:12:50:00 -0300] "GET /manager/html HTTP/1.1" 401 2474
210.108.70.119 - - [02/Jun/2023:12:50:00 -0300] "GET /manager/html HTTP/1.1" 401 2474
210.108.70.119 - - [02/Jun/2023:12:50:01 -0300] "GET /manager/html HTTP/1.1" 401 2474
210.108.70.119 - - [02/Jun/2023:12:50:01 -0300] "GET /manager/html HTTP/1.1" 401 2474
210.108.70.119 - - [02/Jun/2023:12:50:01 -0300] "GET /manager/html HTTP/1.1" 401 2474
210.108.70.119 - - [02/Jun/2023:12:50:02 -0300] "GET /manager/html HTTP/1.1" 401 2474
210.108.70.119 - - [02/Jun/2023:12:50:02 -0300] "GET /manager/html HTTP/1.1" 401 2474
210.108.70.119 - - [02/Jun/2023:12:50:02 -0300] "GET /manager/html HTTP/1.1" 401 2474
210.108.70.119 - - [02/Jun/2023:12:50:03 -0300] "GET /manager/html HTTP/1.1" 401 2474
190.171.142.10 - - [02/Jun/2023:12:50:03 -0300] "POST /cormun/servlet/hlogin?5a4c9f15f40f58f243b0da07d65f87e5,gx-no-cache=1685720072369 HTTP/1.1" 200 90
190.171.142.10 - - [02/Jun/2023:12:50:03 -0300] "GET /cormun/servlet/hpexe_link HTTP/1.1" 200 942
210.108.70.119 - - [02/Jun/2023:12:50:03 -0300] "GET /manager/html HTTP/1.1" 401 2474
190.171.142.10 - - [02/Jun/2023:12:50:03 -0300] "GET /cormun/servlet/hhome HTTP/1.1" 200 4198
210.108.70.119 - - [02/Jun/2023:12:50:03 -0300] "GET /manager/html HTTP/1.1" 401 2474
190.171.142.10 - - [02/Jun/2023:12:50:04 -0300] "GET /cormun/servlet/hhome HTTP/1.1" 200 4193
210.108.70.119 - - [02/Jun/2023:12:50:04 -0300] "GET /manager/html HTTP/1.1" 401 2474
210.108.70.119 - - [02/Jun/2023:12:50:04 -0300] "GET /manager/html HTTP/1.1" 401 2474
210.108.70.119 - - [02/Jun/2023:12:50:05 -0300] "GET /manager/html HTTP/1.1" 401 2474
210.108.70.119 - - [02/Jun/2023:12:50:05 -0300] "GET /manager/html HTTP/1.1" 401 2474
210.108.70.119 - - [02/Jun/2023:12:50:05 -0300] "GET /manager/html HTTP/1.1" 401 2474
210.108.70.119 - - [02/Jun/2023:12:50:06 -0300] "GET /manager/html HTTP/1.1" 401 2474
210.108.70.119 - - [02/Jun/2023:12:50:06 -0300] "GET /manager/html HTTP/1.1" 401 2474
210.108.70.119 - - [02/Jun/2023:12:50:06 -0300] "GET /manager/html HTTP/1.1" 401 2474
190.171.142.10 - - [02/Jun/2023:12:50:07 -0300] "GET /cormun/servlet/trsolicitudot? HTTP/1.1" 200 7414
210.108.70.119 - - [02/Jun/2023:12:50:07 -0300] "GET /manager/html HTTP/1.1" 401 2474
190.171.142.10 - - [02/Jun/2023:12:50:07 -0300] "GET /cormun/servlet/trsolicitudot? HTTP/1.1" 200 7413
210.108.70.119 - - [02/Jun/2023:12:50:07 -0300] "GET /manager/html HTTP/1.1" 401 2474
210.108.70.119 - - [02/Jun/2023:12:50:07 -0300] "GET /manager/html HTTP/1.1" 401 2474
210.108.70.119 - - [02/Jun/2023:12:50:08 -0300] "GET /manager/html HTTP/1.1" 401 2474
210.108.70.119 - - [02/Jun/2023:12:50:08 -0300] "GET /manager/html HTTP/1.1" 401 2474
210.108.70.119 - - [02/Jun/2023:12:50:08 -0300] "GET /manager/html HTTP/1.1" 401 2474
210.108.70.119 - - [02/Jun/2023:12:50:09 -0300] "GET /manager/html HTTP/1.1" 401 2474
210.108.70.119 - - [02/Jun/2023:12:50:09 -0300] "GET /manager/html HTTP/1.1" 401 2474
210.108.70.119 - - [02/Jun/2023:12:50:09 -0300] "GET /manager/html HTTP/1.1" 401 2474
210.108.70.119 - - [02/Jun/2023:12:50:10 -0300] "GET /manager/html HTTP/1.1" 401 2474
210.108.70.119 - - [02/Jun/2023:12:50:10 -0300] "GET /manager/html HTTP/1.1" 401 2474
210.108.70.119 - - [02/Jun/2023:12:50:10 -0300] "GET /manager/html HTTP/1.1" 401 2474
210.108.70.119 - - [02/Jun/2023:12:50:11 -0300] "GET /manager/html HTTP/1.1" 401 2474
210.108.70.119 - - [02/Jun/2023:12:50:11 -0300] "GET /manager/html HTTP/1.1" 401 2474
210.108.70.119 - - [02/Jun/2023:12:50:11 -0300] "GET /manager/html HTTP/1.1" 401 2474
210.108.70.119 - - [02/Jun/2023:12:50:12 -0300] "GET /manager/html HTTP/1.1" 401 2474
210.108.70.119 - - [02/Jun/2023:12:50:12 -0300] "GET /manager/html HTTP/1.1" 401 2474
210.108.70.119 - - [02/Jun/2023:12:50:13 -0300] "GET /manager/html HTTP/1.1" 401 2474
210.108.70.119 - - [02/Jun/2023:12:50:13 -0300] "GET /manager/html HTTP/1.1" 401 2474
210.108.70.119 - - [02/Jun/2023:12:50:13 -0300] "GET /manager/html HTTP/1.1" 401 2474
210.108.70.119 - - [02/Jun/2023:12:50:14 -0300] "GET /manager/html HTTP/1.1" 401 2474
210.108.70.119 - - [02/Jun/2023:12:50:14 -0300] "GET /manager/html HTTP/1.1" 401 2474
210.108.70.119 - - [02/Jun/2023:12:50:14 -0300] "GET /manager/html HTTP/1.1" 401 2474
210.108.70.119 - - [02/Jun/2023:12:50:15 -0300] "GET /manager/html HTTP/1.1" 401 2474
210.108.70.119 - - [02/Jun/2023:12:50:15 -0300] "GET /manager/html HTTP/1.1" 401 2474
210.108.70.119 - - [02/Jun/2023:12:50:15 -0300] "GET /manager/html HTTP/1.1" 401 2474
210.108.70.119 - - [02/Jun/2023:12:50:16 -0300] "GET /manager/html HTTP/1.1" 401 2474
210.108.70.119 - - [02/Jun/2023:12:50:16 -0300] "GET /manager/html HTTP/1.1" 401 2474
210.108.70.119 - - [02/Jun/2023:12:50:16 -0300] "GET /manager/html HTTP/1.1" 401 2474
210.108.70.119 - - [02/Jun/2023:12:50:17 -0300] "GET /manager/html HTTP/1.1" 401 2474
210.108.70.119 - - [02/Jun/2023:12:50:17 -0300] "GET /manager/html HTTP/1.1" 401 2474
210.108.70.119 - - [02/Jun/2023:12:50:17 -0300] "GET /manager/html HTTP/1.1" 401 2474
210.108.70.119 - - [02/Jun/2023:12:50:18 -0300] "GET /manager/html HTTP/1.1" 401 2474
210.108.70.119 - - [02/Jun/2023:12:50:18 -0300] "GET /manager/html HTTP/1.1" 401 2474
210.108.70.119 - - [02/Jun/2023:12:50:18 -0300] "GET /manager/html HTTP/1.1" 401 2474
210.108.70.119 - - [02/Jun/2023:12:50:19 -0300] "GET /manager/html HTTP/1.1" 401 2474
210.108.70.119 - - [02/Jun/2023:12:50:19 -0300] "GET /manager/html HTTP/1.1" 401 2474
210.108.70.119 - - [02/Jun/2023:12:50:19 -0300] "GET /manager/html HTTP/1.1" 401 2474
210.108.70.119 - - [02/Jun/2023:12:50:20 -0300] "GET /manager/html HTTP/1.1" 401 2474
210.108.70.119 - - [02/Jun/2023:12:50:20 -0300] "GET /manager/html HTTP/1.1" 401 2474
210.108.70.119 - - [02/Jun/2023:12:50:20 -0300] "GET /manager/html HTTP/1.1" 401 2474
210.108.70.119 - - [02/Jun/2023:12:50:21 -0300] "GET /manager/html HTTP/1.1" 401 2474
210.108.70.119 - - [02/Jun/2023:12:50:21 -0300] "GET /manager/html HTTP/1.1" 401 2474
210.108.70.119 - - [02/Jun/2023:12:50:22 -0300] "GET /manager/html HTTP/1.1" 401 2474
210.108.70.119 - - [02/Jun/2023:12:50:22 -0300] "GET /manager/html HTTP/1.1" 401 2474
210.108.70.119 - - [02/Jun/2023:12:50:22 -0300] "GET /manager/html HTTP/1.1" 401 2474
210.108.70.119 - - [02/Jun/2023:12:50:23 -0300] "GET /manager/html HTTP/1.1" 401 2474
210.108.70.119 - - [02/Jun/2023:12:50:23 -0300] "GET /manager/html HTTP/1.1" 401 2474
210.108.70.119 - - [02/Jun/2023:12:50:23 -0300] "GET /manager/html HTTP/1.1" 401 2474
190.171.149.90 - - [02/Jun/2023:12:50:23 -0300] "GET /cormun/servlet/licenciaspermisos?INS,0,,, HTTP/1.1" 200 7561
190.171.142.10 - - [02/Jun/2023:12:50:24 -0300] "GET /cormun/servlet/trsolicitudot? HTTP/1.1" 200 7413
190.171.149.90 - - [02/Jun/2023:12:50:24 -0300] "GET /cormun/static/gxcfg.js?202012153173 HTTP/1.1" 200 953
190.171.149.90 - - [02/Jun/2023:12:50:24 -0300] "GET /cormun/static/licenciaspermisos.js?2020121532136 HTTP/1.1" 200 38753
210.108.70.119 - - [02/Jun/2023:12:50:24 -0300] "GET /manager/html HTTP/1.1" 401 2474
190.171.142.10 - - [02/Jun/2023:12:50:24 -0300] "GET /cormun/servlet/trsolicitudot? HTTP/1.1" 200 7413
190.171.149.90 - - [02/Jun/2023:12:50:24 -0300] "GET /cormun/servlet/licenciaspermisos?INS,0,,, HTTP/1.1" 200 7559
210.108.70.119 - - [02/Jun/2023:12:50:24 -0300] "GET /manager/html HTTP/1.1" 401 2474
210.108.70.119 - - [02/Jun/2023:12:50:24 -0300] "GET /manager/html HTTP/1.1" 401 2474
210.108.70.119 - - [02/Jun/2023:12:50:25 -0300] "GET /manager/html HTTP/1.1" 401 2474
210.108.70.119 - - [02/Jun/2023:12:50:25 -0300] "GET /manager/html HTTP/1.1" 401 2474
210.108.70.119 - - [02/Jun/2023:12:50:25 -0300] "GET /manager/html HTTP/1.1" 401 2474
210.108.70.119 - - [02/Jun/2023:12:50:26 -0300] "GET /manager/html HTTP/1.1" 401 2474
190.171.142.10 - - [02/Jun/2023:12:50:26 -0300] "GET /cormun/servlet/trautorizarsolicitud? HTTP/1.1" 200 7318
210.108.70.119 - - [02/Jun/2023:12:50:26 -0300] "GET /manager/html HTTP/1.1" 401 2474
190.171.142.10 - - [02/Jun/2023:12:50:26 -0300] "GET /cormun/static/gxcfg.js?202211298474254 HTTP/1.1" 304 -
190.171.142.10 - - [02/Jun/2023:12:50:26 -0300] "GET /cormun/static/trautorizarsolicitud.js?202211298474588 HTTP/1.1" 304 -
190.171.142.10 - - [02/Jun/2023:12:50:26 -0300] "GET /cormun/servlet/trautorizarsolicitud? HTTP/1.1" 200 7317
210.108.70.119 - - [02/Jun/2023:12:50:26 -0300] "GET /manager/html HTTP/1.1" 401 2474
190.171.149.90 - - [02/Jun/2023:12:50:27 -0300] "GET /cormun/servlet/trpermisosgoce? HTTP/1.1" 200 10605
190.171.149.90 - - [02/Jun/2023:12:50:27 -0300] "GET /cormun/static/gxcfg.js?2020121631564 HTTP/1.1" 200 953
190.171.149.90 - - [02/Jun/2023:12:50:27 -0300] "GET /cormun/static/trpermisosgoce.js?2020121633681 HTTP/1.1" 200 35904
210.108.70.119 - - [02/Jun/2023:12:50:27 -0300] "GET /manager/html HTTP/1.1" 401 2474
190.171.149.90 - - [02/Jun/2023:12:50:27 -0300] "GET /cormun/servlet/trpermisosgoce? HTTP/1.1" 200 10605
210.108.70.119 - - [02/Jun/2023:12:50:27 -0300] "GET /manager/html HTTP/1.1" 401 2474
210.108.70.119 - - [02/Jun/2023:12:50:27 -0300] "GET /manager/html HTTP/1.1" 401 2474
210.108.70.119 - - [02/Jun/2023:12:50:28 -0300] "GET /manager/html HTTP/1.1" 401 2474
210.108.70.119 - - [02/Jun/2023:12:50:28 -0300] "GET /manager/html HTTP/1.1" 401 2474
210.108.70.119 - - [02/Jun/2023:12:50:28 -0300] "GET /manager/html HTTP/1.1" 401 2474
210.108.70.119 - - [02/Jun/2023:12:50:29 -0300] "GET /manager/html HTTP/1.1" 401 2474
190.171.149.90 - - [02/Jun/2023:12:50:29 -0300] "GET /cormun/servlet/permisogoce?INS,0,,, HTTP/1.1" 200 6812
190.171.149.90 - - [02/Jun/2023:12:50:29 -0300] "GET /cormun/static/gxcfg.js?20201215124560 HTTP/1.1" 200 953
190.171.149.90 - - [02/Jun/2023:12:50:29 -0300] "GET /cormun/static/permisogoce.js?20201215124939 HTTP/1.1" 200 27790
210.108.70.119 - - [02/Jun/2023:12:50:29 -0300] "GET /manager/html HTTP/1.1" 401 2474
190.171.149.90 - - [02/Jun/2023:12:50:29 -0300] "GET /cormun/servlet/permisogoce?INS,0,,, HTTP/1.1" 200 6812
190.171.142.10 - - [02/Jun/2023:12:50:29 -0300] "GET /cormun/servlet/trautorizarsolicitud? HTTP/1.1" 200 7317
210.108.70.119 - - [02/Jun/2023:12:50:29 -0300] "GET /manager/html HTTP/1.1" 401 2474
190.171.142.10 - - [02/Jun/2023:12:50:30 -0300] "GET /cormun/servlet/trautorizarsolicitud? HTTP/1.1" 200 7317
210.108.70.119 - - [02/Jun/2023:12:50:30 -0300] "GET /manager/html HTTP/1.1" 401 2474
210.108.70.119 - - [02/Jun/2023:12:50:30 -0300] "GET /manager/html HTTP/1.1" 401 2474
210.108.70.119 - - [02/Jun/2023:12:50:30 -0300] "GET /manager/html HTTP/1.1" 401 2474
210.108.70.119 - - [02/Jun/2023:12:50:31 -0300] "GET /manager/html HTTP/1.1" 401 2474
210.108.70.119 - - [02/Jun/2023:12:50:31 -0300] "GET /manager/html HTTP/1.1" 401 2474
210.108.70.119 - - [02/Jun/2023:12:50:32 -0300] "GET /manager/html HTTP/1.1" 401 2474
210.108.70.119 - - [02/Jun/2023:12:50:32 -0300] "GET /manager/html HTTP/1.1" 401 2474
210.108.70.119 - - [02/Jun/2023:12:50:32 -0300] "GET /manager/html HTTP/1.1" 401 2474
210.108.70.119 - - [02/Jun/2023:12:50:33 -0300] "GET /manager/html HTTP/1.1" 401 2474
210.108.70.119 - - [02/Jun/2023:12:50:33 -0300] "GET /manager/html HTTP/1.1" 401 2474
190.171.142.10 - - [02/Jun/2023:12:50:33 -0300] "GET /cormun/servlet/trsolicitudot? HTTP/1.1" 200 7414
210.108.70.119 - - [02/Jun/2023:12:50:33 -0300] "GET /manager/html HTTP/1.1" 401 2474
190.171.142.10 - - [02/Jun/2023:12:50:33 -0300] "GET /cormun/servlet/trsolicitudot? HTTP/1.1" 200 7413
210.108.70.119 - - [02/Jun/2023:12:50:34 -0300] "GET /manager/html HTTP/1.1" 401 2474
210.108.70.119 - - [02/Jun/2023:12:50:34 -0300] "GET /manager/html HTTP/1.1" 401 2474
210.108.70.119 - - [02/Jun/2023:12:50:34 -0300] "GET /manager/html HTTP/1.1" 401 2474
210.108.70.119 - - [02/Jun/2023:12:50:35 -0300] "GET /manager/html HTTP/1.1" 401 2474
210.108.70.119 - - [02/Jun/2023:12:50:35 -0300] "GET /manager/html HTTP/1.1" 401 2474
210.108.70.119 - - [02/Jun/2023:12:50:36 -0300] "GET /manager/html HTTP/1.1" 401 2474
210.108.70.119 - - [02/Jun/2023:12:50:36 -0300] "GET /manager/html HTTP/1.1" 401 2474
190.171.142.10 - - [02/Jun/2023:12:50:36 -0300] "GET /cormun/servlet/solicitudot?INS,0,0,false, HTTP/1.1" 200 16074
190.171.142.10 - - [02/Jun/2023:12:50:36 -0300] "GET /cormun/static/gxcfg.js?20221129840861 HTTP/1.1" 304 -
190.171.142.10 - - [02/Jun/2023:12:50:36 -0300] "GET /cormun/static/solicitudot.js?20221129840983 HTTP/1.1" 304 -
190.171.142.10 - - [02/Jun/2023:12:50:36 -0300] "GET /cormun/static/Resources/prompt.gif HTTP/1.1" 304 -
210.108.70.119 - - [02/Jun/2023:12:50:36 -0300] "GET /manager/html HTTP/1.1" 401 2474
190.171.142.10 - - [02/Jun/2023:12:50:36 -0300] "GET /cormun/servlet/solicitudot?INS,0,0,false, HTTP/1.1" 200 16082
210.108.70.119 - - [02/Jun/2023:12:50:37 -0300] "GET /manager/html HTTP/1.1" 401 2474
210.108.70.119 - - [02/Jun/2023:12:50:37 -0300] "GET /manager/html HTTP/1.1" 401 2474
210.108.70.119 - - [02/Jun/2023:12:50:37 -0300] "GET /manager/html HTTP/1.1" 401 2474
210.108.70.119 - - [02/Jun/2023:12:50:38 -0300] "GET /manager/html HTTP/1.1" 401 2474
210.108.70.119 - - [02/Jun/2023:12:50:38 -0300] "GET /manager/html HTTP/1.1" 401 2474
210.108.70.119 - - [02/Jun/2023:12:50:38 -0300] "GET /manager/html HTTP/1.1" 401 2474
210.108.70.119 - - [02/Jun/2023:12:50:39 -0300] "GET /manager/html HTTP/1.1" 401 2474
210.108.70.119 - - [02/Jun/2023:12:50:39 -0300] "GET /manager/html HTTP/1.1" 401 2474
210.108.70.119 - - [02/Jun/2023:12:50:39 -0300] "GET /manager/html HTTP/1.1" 401 2474
190.171.149.90 - - [02/Jun/2023:12:50:40 -0300] "GET /cormun/servlet/permisogoce?8c99d97070141a7b0ee7f15c3a30a23a8f9b2454b971560f6fff84ab0d549dfed5e7ac218fadaa59f3e8a5ce67875c3889af09c05c3c765ceca15a8d7faa13b3,gx-no-cache=1685720141712 HTTP/1.1" 200 89
210.108.70.119 - - [02/Jun/2023:12:50:40 -0300] "GET /manager/html HTTP/1.1" 401 2474
210.108.70.119 - - [02/Jun/2023:12:50:40 -0300] "GET /manager/html HTTP/1.1" 401 2474
210.108.70.119 - - [02/Jun/2023:12:50:40 -0300] "GET /manager/html HTTP/1.1" 401 2474
210.108.70.119 - - [02/Jun/2023:12:50:41 -0300] "GET /manager/html HTTP/1.1" 401 2474
210.108.70.119 - - [02/Jun/2023:12:50:41 -0300] "GET /manager/html HTTP/1.1" 401 2474
190.171.149.90 - - [02/Jun/2023:12:50:41 -0300] "GET /cormun/static/menuarrow.gif HTTP/1.1" 404 1015
210.108.70.119 - - [02/Jun/2023:12:50:41 -0300] "GET /manager/html HTTP/1.1" 401 2474
210.108.70.119 - - [02/Jun/2023:12:50:42 -0300] "GET /manager/html HTTP/1.1" 401 2474
210.108.70.119 - - [02/Jun/2023:12:50:42 -0300] "GET /manager/html HTTP/1.1" 401 2474
210.108.70.119 - - [02/Jun/2023:12:50:42 -0300] "GET /manager/html HTTP/1.1" 401 2474
210.108.70.119 - - [02/Jun/2023:12:50:43 -0300] "GET /manager/html HTTP/1.1" 401 2474
210.108.70.119 - - [02/Jun/2023:12:50:43 -0300] "GET /manager/html HTTP/1.1" 401 2474
210.108.70.119 - - [02/Jun/2023:12:50:43 -0300] "GET /manager/html HTTP/1.1" 401 2474
210.108.70.119 - - [02/Jun/2023:12:50:44 -0300] "GET /manager/html HTTP/1.1" 401 2474
210.108.70.119 - - [02/Jun/2023:12:50:44 -0300] "GET /manager/html HTTP/1.1" 401 2474
210.108.70.119 - - [02/Jun/2023:12:50:44 -0300] "GET /manager/html HTTP/1.1" 401 2474
210.108.70.119 - - [02/Jun/2023:12:50:45 -0300] "GET /manager/html HTTP/1.1" 401 2474
210.108.70.119 - - [02/Jun/2023:12:50:45 -0300] "GET /manager/html HTTP/1.1" 401 2474
210.108.70.119 - - [02/Jun/2023:12:50:45 -0300] "GET /manager/html HTTP/1.1" 401 2474
210.108.70.119 - - [02/Jun/2023:12:50:46 -0300] "GET /manager/html HTTP/1.1" 401 2474
210.108.70.119 - - [02/Jun/2023:12:50:46 -0300] "GET /manager/html HTTP/1.1" 401 2474
210.108.70.119 - - [02/Jun/2023:12:50:46 -0300] "GET /manager/html HTTP/1.1" 401 2474
210.108.70.119 - - [02/Jun/2023:12:50:47 -0300] "GET /manager/html HTTP/1.1" 401 2474
190.171.149.90 - - [02/Jun/2023:12:50:47 -0300] "GET /cormun/servlet/permisogoce?8c99d97070141a7b0ee7f15c3a30a23aa86b0402438bc37a487e33dd963f69415634c70dc6946b6a487a875b5a014a7d450e57be09956854f9687568a4ed5d64,gx-no-cache=1685720148889 HTTP/1.1" 200 47
210.108.70.119 - - [02/Jun/2023:12:50:47 -0300] "GET /manager/html HTTP/1.1" 401 2474
210.108.70.119 - - [02/Jun/2023:12:50:47 -0300] "GET /manager/html HTTP/1.1" 401 2474
210.108.70.119 - - [02/Jun/2023:12:50:48 -0300] "GET /manager/html HTTP/1.1" 401 2474
210.108.70.119 - - [02/Jun/2023:12:50:48 -0300] "GET /manager/html HTTP/1.1" 401 2474
210.108.70.119 - - [02/Jun/2023:12:50:48 -0300] "GET /manager/html HTTP/1.1" 401 2474
210.108.70.119 - - [02/Jun/2023:12:50:49 -0300] "GET /manager/html HTTP/1.1" 401 2474
190.171.149.90 - - [02/Jun/2023:12:50:49 -0300] "POST /cormun/servlet/permisogoce?a21a888d4203a85efa1fd4482baba544,INS,0,,,,gx-no-cache=1685720150602 HTTP/1.1" 200 93
190.171.149.90 - - [02/Jun/2023:12:50:49 -0300] "GET /cormun/servlet/hpexe_return? HTTP/1.1" 200 1009
190.171.149.90 - - [02/Jun/2023:12:50:49 -0300] "GET /cormun/servlet/trpermisosgoce HTTP/1.1" 200 10844
210.108.70.119 - - [02/Jun/2023:12:50:49 -0300] "GET /manager/html HTTP/1.1" 401 2474
210.108.70.119 - - [02/Jun/2023:12:50:49 -0300] "GET /manager/html HTTP/1.1" 401 2474
190.171.149.90 - - [02/Jun/2023:12:50:49 -0300] "GET /cormun/servlet/trpermisosgoce HTTP/1.1" 200 10832
210.108.70.119 - - [02/Jun/2023:12:50:50 -0300] "GET /manager/html HTTP/1.1" 401 2474
210.108.70.119 - - [02/Jun/2023:12:50:50 -0300] "GET /manager/html HTTP/1.1" 401 2474
210.108.70.119 - - [02/Jun/2023:12:50:50 -0300] "GET /manager/html HTTP/1.1" 401 2474
210.108.70.119 - - [02/Jun/2023:12:50:51 -0300] "GET /manager/html HTTP/1.1" 401 2474
210.108.70.119 - - [02/Jun/2023:12:50:51 -0300] "GET /manager/html HTTP/1.1" 401 2474
210.108.70.119 - - [02/Jun/2023:12:50:51 -0300] "GET /manager/html HTTP/1.1" 401 2474
210.108.70.119 - - [02/Jun/2023:12:50:52 -0300] "GET /manager/html HTTP/1.1" 401 2474
190.171.149.90 - - [02/Jun/2023:12:50:52 -0300] "GET /cormun/servlet/apermisogoceprn?11840907,P,20230602113359,PU HTTP/1.1" 200 1667
210.108.70.119 - - [02/Jun/2023:12:50:52 -0300] "GET /manager/html HTTP/1.1" 401 2474
210.108.70.119 - - [02/Jun/2023:12:50:52 -0300] "GET /manager/html HTTP/1.1" 401 2474
210.108.70.119 - - [02/Jun/2023:12:50:53 -0300] "GET /manager/html HTTP/1.1" 401 2474
210.108.70.119 - - [02/Jun/2023:12:50:53 -0300] "GET /manager/html HTTP/1.1" 401 2474
210.108.70.119 - - [02/Jun/2023:12:50:53 -0300] "GET /manager/html HTTP/1.1" 401 2474
210.108.70.119 - - [02/Jun/2023:12:50:54 -0300] "GET /manager/html HTTP/1.1" 401 2474
210.108.70.119 - - [02/Jun/2023:12:50:54 -0300] "GET /manager/html HTTP/1.1" 401 2474
210.108.70.119 - - [02/Jun/2023:12:50:54 -0300] "GET /manager/html HTTP/1.1" 401 2474
210.108.70.119 - - [02/Jun/2023:12:50:55 -0300] "GET /manager/html HTTP/1.1" 401 2474
210.108.70.119 - - [02/Jun/2023:12:50:55 -0300] "GET /manager/html HTTP/1.1" 401 2474
210.108.70.119 - - [02/Jun/2023:12:50:55 -0300] "GET /manager/html HTTP/1.1" 401 2474
210.108.70.119 - - [02/Jun/2023:12:50:56 -0300] "GET /manager/html HTTP/1.1" 401 2474
210.108.70.119 - - [02/Jun/2023:12:50:56 -0300] "GET /manager/html HTTP/1.1" 401 2474
190.171.142.10 - - [02/Jun/2023:12:50:56 -0300] "POST /cormun/servlet/solicitudot?gx-no-cache=1685720125466 HTTP/1.1" 200 3971
210.108.70.119 - - [02/Jun/2023:12:50:56 -0300] "GET /manager/html HTTP/1.1" 401 2474
190.171.142.10 - - [02/Jun/2023:12:50:57 -0300] "POST /cormun/servlet/solicitudot?5a4c9f15f40f58f243b0da07d65f87e5,INS,0,0,false,,gx-no-cache=1685720125628 HTTP/1.1" 200 12794
210.108.70.119 - - [02/Jun/2023:12:50:57 -0300] "GET /manager/html HTTP/1.1" 401 2474
210.108.70.119 - - [02/Jun/2023:12:50:57 -0300] "GET /manager/html HTTP/1.1" 401 2474
210.108.70.119 - - [02/Jun/2023:12:50:57 -0300] "GET /manager/html HTTP/1.1" 401 2474
210.108.70.119 - - [02/Jun/2023:12:50:58 -0300] "GET /manager/html HTTP/1.1" 401 2474
210.108.70.119 - - [02/Jun/2023:12:50:58 -0300] "GET /manager/html HTTP/1.1" 401 2474
210.108.70.119 - - [02/Jun/2023:12:50:58 -0300] "GET /manager/html HTTP/1.1" 401 2474
210.108.70.119 - - [02/Jun/2023:12:50:59 -0300] "GET /manager/html HTTP/1.1" 401 2474
210.108.70.119 - - [02/Jun/2023:12:50:59 -0300] "GET /manager/html HTTP/1.1" 401 2474
210.108.70.119 - - [02/Jun/2023:12:50:59 -0300] "GET /manager/html HTTP/1.1" 401 2474
210.108.70.119 - - [02/Jun/2023:12:51:00 -0300] "GET /manager/html HTTP/1.1" 401 2474
210.108.70.119 - - [02/Jun/2023:12:51:00 -0300] "GET /manager/html HTTP/1.1" 401 2474
210.108.70.119 - - [02/Jun/2023:12:51:00 -0300] "GET /manager/html HTTP/1.1" 401 2474
190.171.142.10 - - [02/Jun/2023:12:51:00 -0300] "GET /cormun/servlet/solicitudot?01eef292a4b8cee00aaf6c39947734adf694648def6d52fc9baf6ed5edfd9644d329a15f72c28151175879d40ca96140,gx-no-cache=1685720129919 HTTP/1.1" 200 30
210.108.70.119 - - [02/Jun/2023:12:51:01 -0300] "GET /manager/html HTTP/1.1" 401 2474
