186.67.172.234 - - [30/May/2023:10:19:29 -0300] "GET /cormun/static/trlicencias.js?202211298463889 HTTP/1.1" 200 41883
186.67.172.234 - - [30/May/2023:10:19:29 -0300] "GET /cormun/static/Resources/PXToolsDataTitle.png HTTP/1.1" 200 1173
186.67.172.234 - - [30/May/2023:10:19:29 -0300] "GET /cormun/static/Resources/CormunMP2.png HTTP/1.1" 200 6878
186.67.172.234 - - [30/May/2023:10:19:29 -0300] "GET /cormun/static/Resources/ImgHome.png HTTP/1.1" 200 1364
186.67.172.234 - - [30/May/2023:10:19:29 -0300] "GET /cormun/static/Resources/ImgLogin.png HTTP/1.1" 200 1432
186.67.172.234 - - [30/May/2023:10:19:29 -0300] "GET /cormun/static/Resources/Llave.png HTTP/1.1" 200 1395
186.67.172.234 - - [30/May/2023:10:19:29 -0300] "GET /cormun/static/Resources/PXToolsGridFirstDisabled.gif HTTP/1.1" 200 100
186.67.172.234 - - [30/May/2023:10:19:29 -0300] "GET /cormun/static/Resources/PXToolsGridPreviousDisabled.gif HTTP/1.1" 200 90
186.67.172.234 - - [30/May/2023:10:19:29 -0300] "GET /cormun/static/Resources/PXToolsGridNextDisabled.gif HTTP/1.1" 200 90
186.67.172.234 - - [30/May/2023:10:19:29 -0300] "GET /cormun/static/Resources/PXToolsGridLastDisabled.gif HTTP/1.1" 200 98
186.67.172.234 - - [30/May/2023:10:19:29 -0300] "GET /cormun/static/Resources/PXToolsActionExcel.png HTTP/1.1" 200 727
186.67.172.234 - - [30/May/2023:10:19:29 -0300] "GET /cormun/static/Resources/PXToolsGridPage.gif HTTP/1.1" 200 725
186.67.172.234 - - [30/May/2023:10:19:29 -0300] "GET /cormun/static/Resources/PXToolsAddAllAction.png HTTP/1.1" 200 495
186.67.172.234 - - [30/May/2023:10:19:29 -0300] "GET /cormun/static/hwchdr01.js?2022112219251119 HTTP/1.1" 200 996
186.67.172.234 - - [30/May/2023:10:19:29 -0300] "GET /cormun/static/hpexe_recentlink.js?20201214471090 HTTP/1.1" 200 2144
186.67.172.234 - - [30/May/2023:10:19:29 -0300] "GET /cormun/static/hpexe_scripts.js?20201214471411 HTTP/1.1" 200 1544
186.67.172.234 - - [30/May/2023:10:19:29 -0300] "GET /cormun/static/hpexe_messagecontroller.js?202211298371222 HTTP/1.1" 200 870
186.67.172.234 - - [30/May/2023:10:19:29 -0300] "GET /cormun/static/cmcontrolpreferences.js?20199141926336 HTTP/1.1" 200 1375
186.67.172.234 - - [30/May/2023:10:19:29 -0300] "GET /cormun/static/hpexe_messagegenexuscomponent.js?20221129836373 HTTP/1.1" 200 587
186.67.172.234 - - [30/May/2023:10:19:29 -0300] "GET /cormun/static/hpexe_messagepopupcomponent.js?2020121447232 HTTP/1.1" 200 605
186.67.172.234 - - [30/May/2023:10:19:29 -0300] "GET /cormun/static/Shared/jquery/jquery-1.4.2.min.js HTTP/1.1" 200 72174
186.67.172.234 - - [30/May/2023:10:19:29 -0300] "GET /cormun/static/SmoothNavMenu/resources/ddsmoothmenu.js HTTP/1.1" 200 12712
186.67.172.234 - - [30/May/2023:10:19:29 -0300] "GET /cormun/static/Shared/jquery/jquery-1.10.2.min.js HTTP/1.1" 200 273199
186.67.172.234 - - [30/May/2023:10:19:29 -0300] "GET /cormun/static/SmoothNavMenu/resources/SmoothNavMenuRender.js HTTP/1.1" 200 5951
186.67.172.234 - - [30/May/2023:10:19:29 -0300] "GET /cormun/static/Shared/jqueryui/jquery-ui.min.js HTTP/1.1" 200 240427
186.67.172.234 - - [30/May/2023:10:19:29 -0300] "GET /cormun/static/scaMessage/js/jquery.pnotify.min.js HTTP/1.1" 200 13038
186.67.172.234 - - [30/May/2023:10:19:29 -0300] "GET /cormun/static/scaMessage/scaMessageRender.js HTTP/1.1" 200 11977
186.67.172.234 - - [30/May/2023:10:19:29 -0300] "GET /cormun/static/hmpwkw03.js?20221129844354 HTTP/1.1" 200 3971
186.67.172.234 - - [30/May/2023:10:19:29 -0300] "GET /cormun/static/Resources/PXTools/calendar.png HTTP/1.1" 200 1306
186.67.172.234 - - [30/May/2023:10:19:29 -0300] "GET /cormun/static/Resources/PXToolsDataSearch.png HTTP/1.1" 200 435
186.67.172.234 - - [30/May/2023:10:19:29 -0300] "GET /cormun/static/Resources/indicator.gif HTTP/1.1" 200 1553
186.67.172.234 - - [30/May/2023:10:19:29 -0300] "GET /cormun/static/Resources/asc.gif HTTP/1.1" 200 67
186.67.172.234 - - [30/May/2023:10:19:29 -0300] "GET /cormun//static/Resources/PXToolsGridDisplay.png HTTP/1.1" 200 525
186.67.172.234 - - [30/May/2023:10:19:29 -0300] "GET /cormun//static/Resources/PXToolsActionDisabled.gif HTTP/1.1" 200 53
186.67.172.234 - - [30/May/2023:10:19:29 -0300] "GET /cormun//static/Resources/PXTools/ActionInsert.png HTTP/1.1" 200 1482
186.67.172.234 - - [30/May/2023:10:19:29 -0300] "GET /cormun//static/Resources/PXToolsActionPrint.png HTTP/1.1" 200 404
186.67.172.234 - - [30/May/2023:10:19:29 -0300] "GET /cormun//static/Resources/PXToolsHeaderHelp.png HTTP/1.1" 200 1333
186.67.172.234 - - [30/May/2023:10:19:29 -0300] "GET /cormun//static/Resources/PXToolsHeaderFavorites.png HTTP/1.1" 200 1414
186.67.172.234 - - [30/May/2023:10:19:29 -0300] "GET /cormun/static/Resources/desc.gif HTTP/1.1" 200 65
186.67.172.234 - - [30/May/2023:10:19:29 -0300] "GET /cormun/servlet/trlicencias HTTP/1.1" 200 7233
186.67.172.234 - - [30/May/2023:10:19:29 -0300] "GET /cormun/static/Shared/ext/resources/themes/images/default/panel/bg-headersPanel.png HTTP/1.1" 200 255
186.67.172.234 - - [30/May/2023:10:19:29 -0300] "GET /cormun/static/Shared/ext/resources/themes/images/default/tools/tool-sprites.gif HTTP/1.1" 200 5434
186.67.172.234 - - [30/May/2023:10:19:30 -0300] "GET /cormun/servlet/hlogin HTTP/1.1" 200 1737
186.67.172.234 - - [30/May/2023:10:19:30 -0300] "GET /cormun/static/gxcfg.js?2022112219184450 HTTP/1.1" 200 953
186.67.172.234 - - [30/May/2023:10:19:30 -0300] "GET /cormun/static/Resources/Spanish/PXTools.css?1759030 HTTP/1.1" 200 100853
186.67.172.234 - - [30/May/2023:10:19:30 -0300] "GET /cormun/static/hlogin.js?2022112219184458 HTTP/1.1" 200 2156
186.67.172.234 - - [30/May/2023:10:19:30 -0300] "GET /cormun/static/Resources/CormunLogin.png HTTP/1.1" 200 19132
186.67.172.234 - - [30/May/2023:10:19:30 -0300] "GET /cormun/static/Resources/PXToolsLoginTop.png HTTP/1.1" 200 1337
186.67.172.234 - - [30/May/2023:10:19:30 -0300] "GET /cormun/static/Resources/PXToolsLoginBackground.png HTTP/1.1" 200 1164
186.67.172.234 - - [30/May/2023:10:19:30 -0300] "GET /cormun/static/Resources/PXToolsButtonLeft.png HTTP/1.1" 200 1310
186.67.172.234 - - [30/May/2023:10:19:30 -0300] "GET /cormun/static/Resources/PXToolsLoginBottom.png HTTP/1.1" 200 1389
186.67.172.234 - - [30/May/2023:10:19:30 -0300] "GET /cormun/static/Resources/PXToolsButtonRight.png HTTP/1.1" 200 1294
186.67.172.234 - - [30/May/2023:10:19:30 -0300] "GET /cormun/static/Resources/PXToolsButtonBackground.png HTTP/1.1" 200 1176
190.171.142.42 - - [30/May/2023:10:19:32 -0300] "GET /cormun/servlet/hlogin HTTP/1.1" 200 1719
191.125.152.106 - - [30/May/2023:10:19:33 -0300] "POST /cormun/servlet/hlogin?776905913c44f818e3b2d8cb00927efb,gx-no-cache=1685451842043 HTTP/1.1" 200 447
191.125.152.106 - - [30/May/2023:10:19:40 -0300] "POST /cormun/servlet/hlogin?776905913c44f818e3b2d8cb00927efb,gx-no-cache=1685451848871 HTTP/1.1" 200 447
190.171.142.42 - - [30/May/2023:10:19:43 -0300] "POST /cormun/servlet/hlogin?e7143798090e1120c4b1a5fc72eacae0,gx-no-cache=1685451852814 HTTP/1.1" 200 90
190.171.142.42 - - [30/May/2023:10:19:43 -0300] "GET /cormun/servlet/hpexe_link HTTP/1.1" 200 950
190.171.142.42 - - [30/May/2023:10:19:43 -0300] "GET /cormun/servlet/hhome HTTP/1.1" 200 4272
190.171.142.42 - - [30/May/2023:10:19:43 -0300] "GET /cormun/servlet/hhome HTTP/1.1" 200 4268
191.125.152.106 - - [30/May/2023:10:19:46 -0300] "POST /cormun/servlet/hlogin?776905913c44f818e3b2d8cb00927efb,gx-no-cache=1685451854646 HTTP/1.1" 200 447
191.125.152.106 - - [30/May/2023:10:20:01 -0300] "POST /cormun/servlet/hlogin?776905913c44f818e3b2d8cb00927efb,gx-no-cache=1685451869575 HTTP/1.1" 200 447
190.171.153.26 - - [30/May/2023:10:20:03 -0300] "GET /cormun/servlet/hlogin HTTP/1.1" 200 1720
190.171.153.26 - - [30/May/2023:10:20:04 -0300] "GET /cormun/static/gxcfg.js?2022112219184450 HTTP/1.1" 304 -
190.171.153.26 - - [30/May/2023:10:20:04 -0300] "GET /cormun/static/Resources/Spanish/PXTools.css?1759030 HTTP/1.1" 304 -
190.171.153.26 - - [30/May/2023:10:20:04 -0300] "GET /cormun/static/messages.spa.js?85251 HTTP/1.1" 304 -
190.171.153.26 - - [30/May/2023:10:20:04 -0300] "GET /cormun/static/hlogin.js?2022112219184458 HTTP/1.1" 304 -
190.171.153.26 - - [30/May/2023:10:20:05 -0300] "GET /cormun/static/Resources/PXToolsButtonBackground.png HTTP/1.1" 304 -
190.171.153.26 - - [30/May/2023:10:20:05 -0300] "GET /cormun/static/Resources/PXToolsLoginBottom.png HTTP/1.1" 304 -
190.171.153.26 - - [30/May/2023:10:20:05 -0300] "GET /cormun/static/Resources/CormunLogin.png HTTP/1.1" 304 -
190.171.153.26 - - [30/May/2023:10:20:05 -0300] "GET /cormun/static/Resources/PXToolsButtonRight.png HTTP/1.1" 304 -
190.171.153.26 - - [30/May/2023:10:20:05 -0300] "GET /cormun/static/Resources/PXToolsLoginBackground.png HTTP/1.1" 304 -
190.171.153.26 - - [30/May/2023:10:20:05 -0300] "GET /cormun/static/Resources/PXToolsLoginTop.png HTTP/1.1" 304 -
190.171.153.26 - - [30/May/2023:10:20:05 -0300] "GET /cormun/static/Resources/PXToolsButtonLeft.png HTTP/1.1" 304 -
190.171.153.26 - - [30/May/2023:10:20:05 -0300] "GET /cormun/static/Resources/indicator.gif HTTP/1.1" 304 -
190.171.153.26 - - [30/May/2023:10:20:05 -0300] "GET /cormun/servlet/hlogin HTTP/1.1" 200 1730
190.171.153.26 - - [30/May/2023:10:20:05 -0300] "GET /cormun/static/Resources/indicator.gif HTTP/1.1" 200 1553
190.171.153.26 - - [30/May/2023:10:20:05 -0300] "GET /favicon.ico HTTP/1.1" 200 21630
190.171.142.42 - - [30/May/2023:10:20:09 -0300] "GET /cormun/servlet/trpermisosgoce? HTTP/1.1" 200 15538
190.171.142.42 - - [30/May/2023:10:20:10 -0300] "GET /cormun/servlet/trpermisosgoce? HTTP/1.1" 200 15536
190.171.153.26 - - [30/May/2023:10:20:11 -0300] "POST /cormun/servlet/hlogin?9d1de84198686f7b825410170c8d8579,gx-no-cache=1685451881971 HTTP/1.1" 200 90
190.171.153.26 - - [30/May/2023:10:20:12 -0300] "GET /cormun/servlet/hpexe_link HTTP/1.1" 200 950
190.171.153.26 - - [30/May/2023:10:20:12 -0300] "GET /cormun/static/Resources/Spanish/PXTools.css?8354383 HTTP/1.1" 304 -
190.171.153.26 - - [30/May/2023:10:20:12 -0300] "GET /cormun/static/hpexe_link.js?20221129847423 HTTP/1.1" 304 -
190.171.153.26 - - [30/May/2023:10:20:12 -0300] "GET /cormun/static/gxcfg.js?20221129847421 HTTP/1.1" 304 -
190.171.153.26 - - [30/May/2023:10:20:12 -0300] "GET /cormun/servlet/hhome HTTP/1.1" 200 4294
190.171.142.42 - - [30/May/2023:10:20:12 -0300] "GET /cormun/servlet/permisogoce?INS,0,,, HTTP/1.1" 200 7164
190.171.153.26 - - [30/May/2023:10:20:12 -0300] "GET /cormun/static/gxcfg.js?20201215495537 HTTP/1.1" 200 953
190.171.153.26 - - [30/May/2023:10:20:12 -0300] "GET /cormun/static/hhome.js?20201215495544 HTTP/1.1" 200 777
190.171.153.26 - - [30/May/2023:10:20:12 -0300] "GET /cormun/static/hpexe_recentlink.js?20201214471090 HTTP/1.1" 304 -
190.171.153.26 - - [30/May/2023:10:20:12 -0300] "GET /cormun/static/hwchdr01.js?2022112219251119 HTTP/1.1" 304 -
190.171.153.26 - - [30/May/2023:10:20:12 -0300] "GET /cormun/static/hpexe_scripts.js?20201214471411 HTTP/1.1" 304 -
190.171.153.26 - - [30/May/2023:10:20:12 -0300] "GET /cormun/static/hpexe_messagecontroller.js?202211298371222 HTTP/1.1" 304 -
190.171.153.26 - - [30/May/2023:10:20:12 -0300] "GET /cormun/static/hpexe_messagepopupcomponent.js?2020121447232 HTTP/1.1" 304 -
190.171.153.26 - - [30/May/2023:10:20:12 -0300] "GET /cormun/static/hpexe_messagegenexuscomponent.js?20221129836373 HTTP/1.1" 304 -
190.171.153.26 - - [30/May/2023:10:20:12 -0300] "GET /cormun/static/cmcontrolpreferences.js?20199141926336 HTTP/1.1" 304 -
190.171.153.26 - - [30/May/2023:10:20:12 -0300] "GET /cormun/static/Resources/PXToolsDataTitle.png HTTP/1.1" 304 -
190.171.153.26 - - [30/May/2023:10:20:12 -0300] "GET /cormun/static/hmpwkw03.js?20221129844354 HTTP/1.1" 304 -
190.171.153.26 - - [30/May/2023:10:20:12 -0300] "GET /cormun/static/Resources/ImgLogin.png HTTP/1.1" 304 -
190.171.153.26 - - [30/May/2023:10:20:12 -0300] "GET /cormun/static/Resources/ImgHome.png HTTP/1.1" 304 -
190.171.153.26 - - [30/May/2023:10:20:12 -0300] "GET /cormun/static/Resources/CormunMP2.png HTTP/1.1" 304 -
190.171.153.26 - - [30/May/2023:10:20:12 -0300] "GET /cormun/static/Resources/Llave.png HTTP/1.1" 304 -
190.171.142.42 - - [30/May/2023:10:20:12 -0300] "GET /cormun/servlet/permisogoce?INS,0,,, HTTP/1.1" 200 7164
190.171.153.26 - - [30/May/2023:10:20:13 -0300] "GET /cormun/servlet/hhome HTTP/1.1" 200 4291
190.171.153.26 - - [30/May/2023:10:20:15 -0300] "GET /cormun/servlet/trautorizarsolicitud? HTTP/1.1" 200 7404
190.171.153.26 - - [30/May/2023:10:20:16 -0300] "GET /cormun/static/gxcfg.js?202211298474254 HTTP/1.1" 200 953
190.171.153.26 - - [30/May/2023:10:20:16 -0300] "GET /cormun/static/trautorizarsolicitud.js?202211298474588 HTTP/1.1" 200 53909
190.171.153.26 - - [30/May/2023:10:20:16 -0300] "GET /cormun/static/Resources/PXToolsGridNextDisabled.gif HTTP/1.1" 304 -
190.171.153.26 - - [30/May/2023:10:20:16 -0300] "GET /cormun/static/Resources/PXToolsGridLastDisabled.gif HTTP/1.1" 304 -
190.171.153.26 - - [30/May/2023:10:20:16 -0300] "GET /cormun/static/Resources/PXToolsGridFirstDisabled.gif HTTP/1.1" 304 -
190.171.153.26 - - [30/May/2023:10:20:16 -0300] "GET /cormun/static/Resources/PXToolsDataSearch.png HTTP/1.1" 304 -
190.171.153.26 - - [30/May/2023:10:20:16 -0300] "GET /cormun/static/Resources/PXTools/calendar.png HTTP/1.1" 304 -
190.171.153.26 - - [30/May/2023:10:20:16 -0300] "GET /cormun/static/Resources/PXToolsGridPreviousDisabled.gif HTTP/1.1" 304 -
190.171.153.26 - - [30/May/2023:10:20:16 -0300] "GET /cormun/static/Resources/PXToolsGridPage.gif HTTP/1.1" 304 -
190.171.153.26 - - [30/May/2023:10:20:16 -0300] "GET /cormun/static/Resources/PXToolsActionExcel.png HTTP/1.1" 304 -
190.171.153.26 - - [30/May/2023:10:20:16 -0300] "GET /cormun/static/Resources/desc.gif HTTP/1.1" 304 -
190.171.153.26 - - [30/May/2023:10:20:16 -0300] "GET /cormun/static/Resources/asc.gif HTTP/1.1" 304 -
190.171.153.26 - - [30/May/2023:10:20:16 -0300] "GET /cormun/servlet/trautorizarsolicitud? HTTP/1.1" 200 7403
190.171.153.26 - - [30/May/2023:10:20:25 -0300] "GET /cormun/servlet/trautorizarpermisogoce? HTTP/1.1" 200 11953
190.171.153.26 - - [30/May/2023:10:20:25 -0300] "GET /cormun/static/gxcfg.js?2020121645532 HTTP/1.1" 200 953
190.171.153.26 - - [30/May/2023:10:20:25 -0300] "GET /cormun/static/trautorizarpermisogoce.js?2020121651492 HTTP/1.1" 200 34948
191.125.152.106 - - [30/May/2023:10:20:27 -0300] "GET /cormun/servlet/hlogin HTTP/1.1" 200 1722
190.171.153.26 - - [30/May/2023:10:20:28 -0300] "GET /cormun//static/Resources/PXToolsActionPrint.png HTTP/1.1" 200 404
190.171.153.26 - - [30/May/2023:10:20:28 -0300] "GET /cormun//static/Resources/PXToolsGridDisplay.png HTTP/1.1" 200 525
190.171.153.26 - - [30/May/2023:10:20:28 -0300] "GET /cormun//static/Resources/PXTools/ActionInsert.png HTTP/1.1" 304 -
190.171.153.26 - - [30/May/2023:10:20:28 -0300] "GET /cormun//static/Resources/PXToolsHeaderFavorites.png HTTP/1.1" 200 1414
190.171.153.26 - - [30/May/2023:10:20:28 -0300] "GET /cormun//static/Resources/PXToolsHeaderHelp.png HTTP/1.1" 200 1333
190.171.153.26 - - [30/May/2023:10:20:28 -0300] "GET /cormun//static/Resources/PXToolsGridDelete.png HTTP/1.1" 200 538
190.171.153.26 - - [30/May/2023:10:20:28 -0300] "GET /cormun/servlet/trautorizarpermisogoce? HTTP/1.1" 200 11953
191.125.152.106 - - [30/May/2023:10:20:41 -0300] "POST /cormun/servlet/hlogin?776905913c44f818e3b2d8cb00927efb,gx-no-cache=1685451910396 HTTP/1.1" 200 427
191.125.152.106 - - [30/May/2023:10:20:54 -0300] "POST /cormun/servlet/hlogin?776905913c44f818e3b2d8cb00927efb,gx-no-cache=1685451923050 HTTP/1.1" 200 427
190.171.142.42 - - [30/May/2023:10:21:01 -0300] "GET /cormun/servlet/permisogoce?13a7ae1b29c4cf25e8d636b7cf4c499b0f594e791fd3231b7ea0cedc9a89af4ee9b9ebea69226dd1df6154e1a72c659cefd4b0af80404edce1749e32cb38cb37,gx-no-cache=1685451930858 HTTP/1.1" 200 82
190.171.142.42 - - [30/May/2023:10:21:01 -0300] "GET /cormun/static/menuarrow.gif HTTP/1.1" 404 1015
190.171.142.42 - - [30/May/2023:10:21:05 -0300] "GET /cormun/servlet/permisogoce?13a7ae1b29c4cf25e8d636b7cf4c499b5c2e1009d9ebb87b5f685a30f25d72bd052f535facbdd7a51cf6f7c018cc48023f68ceae4da368c79dc4af30a7169b67,gx-no-cache=1685451935284 HTTP/1.1" 200 47
191.125.152.106 - - [30/May/2023:10:21:07 -0300] "POST /cormun/servlet/hlogin?776905913c44f818e3b2d8cb00927efb,gx-no-cache=1685451935914 HTTP/1.1" 200 427
190.171.153.26 - - [30/May/2023:10:21:08 -0300] "POST /cormun/servlet/trautorizarpermisogoce?9d1de84198686f7b825410170c8d8579,,gx-no-cache=1685451938238 HTTP/1.1" 200 131
190.171.153.26 - - [30/May/2023:10:21:08 -0300] "GET /cormun/servlet/licenciaspermisoslog?INS,19593560,P,20230529170637,0,NU, HTTP/1.1" 200 6189
190.171.153.26 - - [30/May/2023:10:21:08 -0300] "GET /cormun/static/gxcfg.js?20201215135367 HTTP/1.1" 200 953
190.171.153.26 - - [30/May/2023:10:21:08 -0300] "GET /cormun/static/licenciaspermisoslog.js?20201215135432 HTTP/1.1" 200 9271
190.171.153.26 - - [30/May/2023:10:21:08 -0300] "GET /cormun/servlet/licenciaspermisoslog?INS,19593560,P,20230529170637,0,NU, HTTP/1.1" 200 6188
190.171.142.42 - - [30/May/2023:10:21:09 -0300] "POST /cormun/servlet/permisogoce?e7143798090e1120c4b1a5fc72eacae0,INS,0,,,,gx-no-cache=1685451937863 HTTP/1.1" 200 93
190.171.142.42 - - [30/May/2023:10:21:09 -0300] "GET /cormun/servlet/hpexe_return? HTTP/1.1" 200 1008
190.171.142.42 - - [30/May/2023:10:21:09 -0300] "GET /cormun/servlet/trpermisosgoce HTTP/1.1" 200 15810
190.171.142.42 - - [30/May/2023:10:21:10 -0300] "GET /cormun/servlet/trpermisosgoce HTTP/1.1" 200 15805
190.171.153.26 - - [30/May/2023:10:21:18 -0300] "GET /cormun/servlet/licenciaspermisoslog?0ec9701cb64b192e9a08bdb6d8bf046144208ecd31ff161b1a6bb85c8b48da2fdb650cbcb2b7297c3bb408644bdcbdc0e64a6cb9afe3646cd1796b3a913abfad57977560282f610ffd8784d74d07bc19a05ddaf5e7291868079e6def12e58b8f,gx-no-cache=1685451948701 HTTP/1.1" 200 120
190.171.153.26 - - [30/May/2023:10:21:19 -0300] "GET /cormun/static/Shared/jqueryui/images/ui-bg_highlight-soft_100_c6c2c8_1x100.png HTTP/1.1" 404 1117
190.171.153.26 - - [30/May/2023:10:21:19 -0300] "GET /cormun/static/Shared/jqueryui/images/ui-icons_82798d_256x240.png HTTP/1.1" 404 1089
190.171.153.26 - - [30/May/2023:10:21:19 -0300] "GET /cormun/static/Shared/jqueryui/images/ui-bg_flat_55_994d53_40x100.png HTTP/1.1" 404 1097
190.171.153.26 - - [30/May/2023:10:21:19 -0300] "GET /cormun/static/Shared/jqueryui/images/ui-icons_ebccce_256x240.png HTTP/1.1" 404 1089
190.171.153.26 - - [30/May/2023:10:21:19 -0300] "GET /cormun/servlet/licenciaspermisoslog?0ec9701cb64b192e9a08bdb6d8bf046144208ecd31ff161b1a6bb85c8b48da2fdb650cbcb2b7297c3bb408644bdcbdc0e64a6cb9afe3646cd1796b3a913abfad57977560282f610ffd8784d74d07bc19a05ddaf5e7291868079e6def12e58b8f,gx-no-cache=1685451949329 HTTP/1.1" 200 120
190.171.153.26 - - [30/May/2023:10:21:19 -0300] "POST /cormun/servlet/licenciaspermisoslog?9d1de84198686f7b825410170c8d8579,INS,19593560,P,20230529170637,0,NU,,gx-no-cache=1685451949351 HTTP/1.1" 200 93
190.171.153.26 - - [30/May/2023:10:21:20 -0300] "GET /cormun/servlet/hpexe_return? HTTP/1.1" 200 1045
190.171.153.26 - - [30/May/2023:10:21:21 -0300] "GET /cormun/static/gxcfg.js?20221129846035 HTTP/1.1" 200 953
190.171.153.26 - - [30/May/2023:10:21:21 -0300] "GET /cormun/static/hpexe_return.js?20221129846037 HTTP/1.1" 200 1633
191.125.152.106 - - [30/May/2023:10:21:21 -0300] "POST /cormun/servlet/hlogin?776905913c44f818e3b2d8cb00927efb,gx-no-cache=1685451950177 HTTP/1.1" 200 427
190.171.153.26 - - [30/May/2023:10:21:21 -0300] "GET /cormun/servlet/trautorizarpermisogoce HTTP/1.1" 200 11757
190.171.153.26 - - [30/May/2023:10:21:22 -0300] "GET /cormun/servlet/trautorizarpermisogoce HTTP/1.1" 200 11753
190.171.143.98 - - [30/May/2023:10:21:43 -0300] "GET /cormun/servlet/hlogin HTTP/1.1" 200 1721
190.171.143.98 - - [30/May/2023:10:21:53 -0300] "POST /cormun/servlet/hlogin?7de6b6793d682daae0a4df57d1dd84ba,gx-no-cache=1685451984936 HTTP/1.1" 200 90
190.171.143.98 - - [30/May/2023:10:21:53 -0300] "GET /cormun/servlet/hpexe_link HTTP/1.1" 200 953
190.171.143.98 - - [30/May/2023:10:21:53 -0300] "GET /cormun/servlet/hhome HTTP/1.1" 200 4308
190.171.143.98 - - [30/May/2023:10:21:54 -0300] "GET /cormun/servlet/hhome HTTP/1.1" 200 4304
190.171.143.98 - - [30/May/2023:10:21:58 -0300] "GET /cormun/servlet/trpermisosgoce? HTTP/1.1" 200 11233
190.171.143.98 - - [30/May/2023:10:21:59 -0300] "GET /cormun/servlet/trpermisosgoce? HTTP/1.1" 200 11231
190.171.153.26 - - [30/May/2023:10:22:01 -0300] "POST /cormun/servlet/trautorizarpermisogoce?9d1de84198686f7b825410170c8d8579,gx-no-cache=1685451991291 HTTP/1.1" 200 8648
190.171.143.98 - - [30/May/2023:10:22:01 -0300] "GET /cormun/servlet/permisogoce?INS,0,,, HTTP/1.1" 200 7197
190.171.143.98 - - [30/May/2023:10:22:01 -0300] "GET /cormun/static/gxcfg.js?20201215124560 HTTP/1.1" 304 -
190.171.143.98 - - [30/May/2023:10:22:01 -0300] "GET /cormun/static/permisogoce.js?20201215124939 HTTP/1.1" 304 -
190.171.143.98 - - [30/May/2023:10:22:01 -0300] "GET /cormun/servlet/permisogoce?INS,0,,, HTTP/1.1" 200 7197
190.171.153.26 - - [30/May/2023:10:22:02 -0300] "GET /cormun/static/Shared/jqueryui/images/ui-bg_highlight-soft_100_c6c2c8_1x100.png HTTP/1.1" 404 1117
190.171.153.26 - - [30/May/2023:10:22:03 -0300] "GET /cormun/static/Shared/jqueryui/images/ui-icons_8d78a5_256x240.png HTTP/1.1" 404 1089
190.171.153.26 - - [30/May/2023:10:22:03 -0300] "GET /cormun/static/Shared/jqueryui/images/ui-bg_flat_55_fafafa_40x100.png HTTP/1.1" 404 1097
190.171.153.26 - - [30/May/2023:10:22:03 -0300] "GET /cormun/static/Shared/jqueryui/images/ui-icons_82798d_256x240.png HTTP/1.1" 404 1089
190.171.153.26 - - [30/May/2023:10:22:10 -0300] "POST /cormun/servlet/trautorizarpermisogoce?9d1de84198686f7b825410170c8d8579,gx-no-cache=1685451999997 HTTP/1.1" 200 8402
190.171.153.26 - - [30/May/2023:10:22:15 -0300] "POST /cormun/servlet/trautorizarpermisogoce?9d1de84198686f7b825410170c8d8579,gx-no-cache=1685452005277 HTTP/1.1" 200 8241
190.171.153.26 - - [30/May/2023:10:22:21 -0300] "POST /cormun/servlet/trautorizarpermisogoce?9d1de84198686f7b825410170c8d8579,gx-no-cache=1685452011293 HTTP/1.1" 200 7968
190.171.153.26 - - [30/May/2023:10:22:37 -0300] "POST /cormun/servlet/trautorizarpermisogoce?9d1de84198686f7b825410170c8d8579,gx-no-cache=1685452027103 HTTP/1.1" 200 7758
190.171.143.98 - - [30/May/2023:10:22:43 -0300] "GET /cormun/servlet/permisogoce?673398416f9b5c846cb11dbfeb4a2a7b5f3d29b23cd3862cc181eb92d63441776c5d6c65d4b55aaac24a526abe9334902d0e3d7389a87b18fe6ee18239b67d2d,gx-no-cache=1685452034746 HTTP/1.1" 200 80
190.171.143.98 - - [30/May/2023:10:22:43 -0300] "GET /cormun/static/menuarrow.gif HTTP/1.1" 404 1015
190.171.153.26 - - [30/May/2023:10:22:43 -0300] "POST /cormun/servlet/trautorizarpermisogoce?9d1de84198686f7b825410170c8d8579,gx-no-cache=1685452033644 HTTP/1.1" 200 7550
190.171.153.26 - - [30/May/2023:10:22:47 -0300] "POST /cormun/servlet/trautorizarpermisogoce?9d1de84198686f7b825410170c8d8579,gx-no-cache=1685452036733 HTTP/1.1" 200 7318
190.171.142.42 - - [30/May/2023:10:22:47 -0300] "GET /cormun/servlet/permisogoce?INS,0,,, HTTP/1.1" 200 7164
190.171.142.42 - - [30/May/2023:10:22:48 -0300] "GET /cormun/servlet/permisogoce?INS,0,,, HTTP/1.1" 200 7164
190.171.153.26 - - [30/May/2023:10:22:49 -0300] "POST /cormun/servlet/trautorizarpermisogoce?9d1de84198686f7b825410170c8d8579,gx-no-cache=1685452039380 HTTP/1.1" 200 7058
190.171.143.98 - - [30/May/2023:10:22:57 -0300] "GET /cormun/servlet/permisogoce?673398416f9b5c846cb11dbfeb4a2a7b5462b36ed93eb4c83e9c995e9b4effdc53440ead7a554e1fe1ee801909b3ed21f1577ed6e799b040c1a08f65be504135,gx-no-cache=1685452048888 HTTP/1.1" 200 47
190.171.143.98 - - [30/May/2023:10:23:03 -0300] "POST /cormun/servlet/permisogoce?7de6b6793d682daae0a4df57d1dd84ba,INS,0,,,,gx-no-cache=1685452053837 HTTP/1.1" 200 93
190.171.143.98 - - [30/May/2023:10:23:03 -0300] "GET /cormun/servlet/hpexe_return? HTTP/1.1" 200 1012
190.171.143.98 - - [30/May/2023:10:23:03 -0300] "GET /cormun/servlet/trpermisosgoce HTTP/1.1" 200 11556
190.171.143.98 - - [30/May/2023:10:23:03 -0300] "GET /cormun/servlet/trpermisosgoce HTTP/1.1" 200 11551
190.171.142.42 - - [30/May/2023:10:23:07 -0300] "GET /cormun/servlet/permisogoce?13a7ae1b29c4cf25e8d636b7cf4c499bdd3a8b1f85ca616d1a00ee422cfd4dede9b9ebea69226dd1df6154e1a72c659cefd4b0af80404edce1749e32cb38cb37,gx-no-cache=1685452056883 HTTP/1.1" 200 89
190.171.142.42 - - [30/May/2023:10:23:07 -0300] "GET /cormun/static/menuarrow.gif HTTP/1.1" 404 1015
190.171.143.98 - - [30/May/2023:10:23:08 -0300] "GET /cormun/servlet/trpermisosadjuntos?8161307,20230530090535,P, HTTP/1.1" 200 6618
190.171.143.98 - - [30/May/2023:10:23:08 -0300] "GET /cormun/static/gxcfg.js?2020121641683 HTTP/1.1" 304 -
190.171.143.98 - - [30/May/2023:10:23:08 -0300] "GET /cormun/static/trpermisosadjuntos.js?2020121642996 HTTP/1.1" 304 -
190.171.153.26 - - [30/May/2023:10:23:08 -0300] "POST /cormun/servlet/trautorizarpermisogoce?9d1de84198686f7b825410170c8d8579,gx-no-cache=1685452058553 HTTP/1.1" 200 6850
190.171.143.98 - - [30/May/2023:10:23:08 -0300] "GET /cormun/servlet/trpermisosadjuntos?8161307,20230530090535,P, HTTP/1.1" 200 6618
190.171.143.98 - - [30/May/2023:10:23:10 -0300] "GET /cormun/servlet/permisosadjuntos?INS,8161307,P,20230530090535,, HTTP/1.1" 200 5943
190.171.143.98 - - [30/May/2023:10:23:10 -0300] "GET /cormun/static/gxcfg.js?20201215134212 HTTP/1.1" 304 -
190.171.143.98 - - [30/May/2023:10:23:10 -0300] "GET /cormun/static/permisosadjuntos.js?20201215134285 HTTP/1.1" 304 -
190.171.143.98 - - [30/May/2023:10:23:10 -0300] "GET /cormun/static/about:blank HTTP/1.1" 404 1011
190.171.143.98 - - [30/May/2023:10:23:10 -0300] "GET /cormun/servlet/permisosadjuntos?INS,8161307,P,20230530090535,, HTTP/1.1" 200 5932
190.171.142.42 - - [30/May/2023:10:23:12 -0300] "GET /cormun/servlet/permisogoce?13a7ae1b29c4cf25e8d636b7cf4c499bd1c7629b11c07497dea9232fd6159747208b8a5172d07d9e8da87ae085828daa3f68ceae4da368c79dc4af30a7169b67,gx-no-cache=1685452062258 HTTP/1.1" 200 48
190.171.142.42 - - [30/May/2023:10:23:16 -0300] "POST /cormun/servlet/permisogoce?e7143798090e1120c4b1a5fc72eacae0,INS,0,,,,gx-no-cache=1685452065630 HTTP/1.1" 200 93
190.171.142.42 - - [30/May/2023:10:23:16 -0300] "GET /cormun/servlet/hpexe_return? HTTP/1.1" 200 1008
190.171.153.26 - - [30/May/2023:10:23:16 -0300] "POST /cormun/servlet/trautorizarpermisogoce?9d1de84198686f7b825410170c8d8579,gx-no-cache=1685452066750 HTTP/1.1" 200 6656
190.171.142.42 - - [30/May/2023:10:23:16 -0300] "GET /cormun/servlet/trpermisosgoce HTTP/1.1" 200 16052
190.171.142.42 - - [30/May/2023:10:23:17 -0300] "GET /cormun/servlet/trpermisosgoce HTTP/1.1" 200 16047
190.171.143.98 - - [30/May/2023:10:23:17 -0300] "POST /cormun/servlet/permisosadjuntos?7de6b6793d682daae0a4df57d1dd84ba,INS,8161307,P,20230530090535,, HTTP/1.1" 200 116
190.171.143.98 - - [30/May/2023:10:23:17 -0300] "GET /cormun/servlet/hpexe_return? HTTP/1.1" 200 1037
190.171.143.98 - - [30/May/2023:10:23:17 -0300] "GET /cormun/servlet/trpermisosadjuntos?8161307,20230530090535,P, HTTP/1.1" 200 7108
190.171.143.98 - - [30/May/2023:10:23:17 -0300] "GET /cormun/servlet/trpermisosadjuntos?8161307,20230530090535,P, HTTP/1.1" 200 7103
190.171.143.98 - - [30/May/2023:10:23:20 -0300] "POST /cormun/servlet/trpermisosadjuntos?7de6b6793d682daae0a4df57d1dd84ba,8161307,20230530090535,P,,gx-no-cache=1685452071555 HTTP/1.1" 200 90
190.171.143.98 - - [30/May/2023:10:23:20 -0300] "GET /cormun/servlet/hpexe_link HTTP/1.1" 200 983
190.171.143.98 - - [30/May/2023:10:23:20 -0300] "GET /cormun/servlet/trpermisosgoce HTTP/1.1" 200 11553
190.171.143.98 - - [30/May/2023:10:23:21 -0300] "GET /cormun/servlet/trpermisosgoce HTTP/1.1" 200 11551
190.171.143.98 - - [30/May/2023:10:23:25 -0300] "POST /cormun/servlet/trpermisosgoce?7de6b6793d682daae0a4df57d1dd84ba,gx-no-cache=1685452076964 HTTP/1.1" 200 8761
190.171.143.98 - - [30/May/2023:10:23:26 -0300] "GET /cormun/static/Shared/jqueryui/images/ui-bg_highlight-soft_100_c6c2c8_1x100.png HTTP/1.1" 404 1117
190.171.143.98 - - [30/May/2023:10:23:26 -0300] "GET /cormun/static/Shared/jqueryui/images/ui-icons_82798d_256x240.png HTTP/1.1" 404 1089
190.171.143.98 - - [30/May/2023:10:23:26 -0300] "GET /cormun/static/Shared/jqueryui/images/ui-bg_flat_55_fafafa_40x100.png HTTP/1.1" 404 1097
190.171.143.98 - - [30/May/2023:10:23:26 -0300] "GET /cormun/static/Shared/jqueryui/images/ui-icons_8d78a5_256x240.png HTTP/1.1" 404 1089
190.171.143.98 - - [30/May/2023:10:23:27 -0300] "GET /cormun/servlet/apermisogoceprn?8161307,P,20230530090535,PU HTTP/1.1" 200 1638
190.171.143.98 - - [30/May/2023:10:23:50 -0300] "GET /cormun/servlet/permisogoce?INS,0,,, HTTP/1.1" 200 7197
190.171.143.98 - - [30/May/2023:10:23:50 -0300] "GET /cormun/servlet/permisogoce?INS,0,,, HTTP/1.1" 200 7197
190.171.153.26 - - [30/May/2023:10:23:51 -0300] "POST /cormun/servlet/trautorizarpermisogoce?9d1de84198686f7b825410170c8d8579,gx-no-cache=1685452101575 HTTP/1.1" 200 6451
190.171.141.138 - - [30/May/2023:10:23:53 -0300] "GET /cormun/servlet/hlogin HTTP/1.1" 200 1717
190.171.153.26 - - [30/May/2023:10:23:59 -0300] "POST /cormun/servlet/trautorizarpermisogoce?9d1de84198686f7b825410170c8d8579,gx-no-cache=1685452109438 HTTP/1.1" 200 6226
190.171.143.98 - - [30/May/2023:10:24:02 -0300] "GET /cormun/servlet/permisogoce?673398416f9b5c846cb11dbfeb4a2a7b1df9bcfd905ac6e02694aeb55b2d0af86c5d6c65d4b55aaac24a526abe9334902d0e3d7389a87b18fe6ee18239b67d2d,gx-no-cache=1685452113499 HTTP/1.1" 200 226
190.171.143.98 - - [30/May/2023:10:24:02 -0300] "GET /cormun/static/Shared/jqueryui/images/ui-bg_highlight-soft_100_c6c2c8_1x100.png HTTP/1.1" 404 1117
190.171.143.98 - - [30/May/2023:10:24:02 -0300] "GET /cormun/static/Shared/jqueryui/images/ui-icons_82798d_256x240.png HTTP/1.1" 404 1089
190.171.143.98 - - [30/May/2023:10:24:02 -0300] "GET /cormun/static/Shared/jqueryui/images/ui-bg_flat_55_994d53_40x100.png HTTP/1.1" 404 1097
190.171.143.98 - - [30/May/2023:10:24:02 -0300] "GET /cormun/static/Shared/jqueryui/images/ui-icons_ebccce_256x240.png HTTP/1.1" 404 1089
190.171.141.138 - - [30/May/2023:10:24:04 -0300] "POST /cormun/servlet/hlogin?7017e031cd3e1fe20669a589fd05ee74,gx-no-cache=1685452114037 HTTP/1.1" 200 427
190.171.143.98 - - [30/May/2023:10:24:08 -0300] "GET /cormun/static/Resources/resize.gif HTTP/1.1" 200 77
190.171.143.98 - - [30/May/2023:10:24:08 -0300] "GET /cormun/static/Resources/PXTools/ClosePrompt.png HTTP/1.1" 200 1036
190.171.143.98 - - [30/May/2023:10:24:09 -0300] "GET /cormun/servlet/prfichaempleado?,MD,,gxPopupLevel%3D0%3B HTTP/1.1" 200 9334
190.171.143.98 - - [30/May/2023:10:24:09 -0300] "GET /cormun/static/gxcfg.js?20201215571085 HTTP/1.1" 200 953
190.171.143.98 - - [30/May/2023:10:24:09 -0300] "GET /cormun/static/menusearch.js?20201214473581 HTTP/1.1" 200 1424
190.171.143.98 - - [30/May/2023:10:24:09 -0300] "GET /cormun/static/prfichaempleado.js?20201215572193 HTTP/1.1" 200 16005
190.171.143.98 - - [30/May/2023:10:24:09 -0300] "GET /cormun/static/Resources/PXToolsMenuSearch.png HTTP/1.1" 200 336
190.171.143.98 - - [30/May/2023:10:24:09 -0300] "GET /cormun/static/hmpwkw011.js?202211298443482 HTTP/1.1" 200 1968
190.171.143.98 - - [30/May/2023:10:24:09 -0300] "GET /cormun/static/Resources/PXToolsMenuSearchCancel.png HTTP/1.1" 200 306
190.171.141.138 - - [30/May/2023:10:24:13 -0300] "POST /cormun/servlet/hlogin?7017e031cd3e1fe20669a589fd05ee74,gx-no-cache=1685452122913 HTTP/1.1" 200 427
186.67.172.234 - - [30/May/2023:10:24:20 -0300] "POST /cormun/servlet/hlogin?3d949f7bdd69c2a0b2c6a642fd364685,gx-no-cache=1685452129558 HTTP/1.1" 200 90
186.67.172.234 - - [30/May/2023:10:24:21 -0300] "GET /cormun/servlet/hpexe_link HTTP/1.1" 200 956
186.67.172.234 - - [30/May/2023:10:24:21 -0300] "GET /cormun/static/hpexe_link.js?20221129847423 HTTP/1.1" 200 625
186.67.172.234 - - [30/May/2023:10:24:21 -0300] "GET /cormun/static/gxcfg.js?20221129847421 HTTP/1.1" 200 953
186.67.172.234 - - [30/May/2023:10:24:21 -0300] "GET /cormun/servlet/trlicencias HTTP/1.1" 200 17501
186.67.172.234 - - [30/May/2023:10:24:21 -0300] "GET /cormun/static/SmoothNavMenu/resources/images/down.gif HTTP/1.1" 200 854
186.67.172.234 - - [30/May/2023:10:24:21 -0300] "GET /cormun/static/SmoothNavMenu/resources/images/right.gif HTTP/1.1" 200 860
186.67.172.234 - - [30/May/2023:10:24:21 -0300] "GET /cormun/servlet/trlicencias HTTP/1.1" 200 17477
190.171.142.42 - - [30/May/2023:10:24:22 -0300] "GET /cormun/servlet/permisogoce?INS,0,,, HTTP/1.1" 200 7164
190.171.142.42 - - [30/May/2023:10:24:22 -0300] "GET /cormun/servlet/permisogoce?INS,0,,, HTTP/1.1" 200 7164
103.110.32.156 - - [30/May/2023:10:24:23 -0300] "GET /config/getuser?index=0 HTTP/1.1" 404 989
190.171.141.138 - - [30/May/2023:10:24:24 -0300] "POST /cormun/servlet/hlogin?7017e031cd3e1fe20669a589fd05ee74,gx-no-cache=1685452133574 HTTP/1.1" 200 427
190.171.141.138 - - [30/May/2023:10:24:29 -0300] "POST /cormun/servlet/hlogin?7017e031cd3e1fe20669a589fd05ee74,gx-no-cache=1685452138310 HTTP/1.1" 200 427
190.171.143.98 - - [30/May/2023:10:24:29 -0300] "GET /cormun/servlet/permisogoce?673398416f9b5c846cb11dbfeb4a2a7b1df9bcfd905ac6e02694aeb55b2d0af86c5d6c65d4b55aaac24a526abe9334902d0e3d7389a87b18fe6ee18239b67d2d,gx-no-cache=1685452141176 HTTP/1.1" 200 226
190.171.142.42 - - [30/May/2023:10:24:34 -0300] "GET /cormun/servlet/permisogoce?13a7ae1b29c4cf25e8d636b7cf4c499b9408df27e6a54e23287e91fc1a760451e9b9ebea69226dd1df6154e1a72c659cefd4b0af80404edce1749e32cb38cb37,gx-no-cache=1685452143539 HTTP/1.1" 200 84
190.171.142.42 - - [30/May/2023:10:24:34 -0300] "GET /cormun/static/menuarrow.gif HTTP/1.1" 404 1015
190.171.141.138 - - [30/May/2023:10:24:35 -0300] "POST /cormun/servlet/hlogin?7017e031cd3e1fe20669a589fd05ee74,gx-no-cache=1685452145030 HTTP/1.1" 200 427
190.171.143.98 - - [30/May/2023:10:24:37 -0300] "GET /cormun/servlet/prfichaempleado?,MD,,gxPopupLevel%3D0%3B HTTP/1.1" 200 9334
190.171.142.42 - - [30/May/2023:10:24:39 -0300] "GET /cormun/servlet/permisogoce?13a7ae1b29c4cf25e8d636b7cf4c499b9827f8aa15491ce1ca241f502d9374a1d897aec8f4eafc6240dbd922efe73d823f68ceae4da368c79dc4af30a7169b67,gx-no-cache=1685452148535 HTTP/1.1" 200 48
190.171.141.138 - - [30/May/2023:10:24:40 -0300] "POST /cormun/servlet/hlogin?7017e031cd3e1fe20669a589fd05ee74,gx-no-cache=1685452149600 HTTP/1.1" 200 427
190.171.142.42 - - [30/May/2023:10:24:41 -0300] "POST /cormun/servlet/permisogoce?e7143798090e1120c4b1a5fc72eacae0,INS,0,,,,gx-no-cache=1685452150704 HTTP/1.1" 200 93
190.171.142.42 - - [30/May/2023:10:24:41 -0300] "GET /cormun/servlet/hpexe_return? HTTP/1.1" 200 1008
190.171.142.42 - - [30/May/2023:10:24:42 -0300] "GET /cormun/servlet/trpermisosgoce HTTP/1.1" 200 16226
190.171.142.42 - - [30/May/2023:10:24:42 -0300] "GET /cormun/servlet/trpermisosgoce HTTP/1.1" 200 16222
190.171.142.42 - - [30/May/2023:10:24:44 -0300] "GET /cormun/servlet/permisogoce?INS,0,,, HTTP/1.1" 200 7165
190.171.142.42 - - [30/May/2023:10:24:44 -0300] "GET /cormun/servlet/permisogoce?INS,0,,, HTTP/1.1" 200 7165
190.171.143.98 - - [30/May/2023:10:24:53 -0300] "POST /cormun/servlet/prfichaempleado?7de6b6793d682daae0a4df57d1dd84ba,,MD,,gxPopupLevel%3D0%3B,gx-no-cache=1685452165195 HTTP/1.1" 200 3406
190.171.141.138 - - [30/May/2023:10:24:58 -0300] "POST /cormun/servlet/hlogin?7017e031cd3e1fe20669a589fd05ee74,gx-no-cache=1685452167351 HTTP/1.1" 200 430
190.171.141.138 - - [30/May/2023:10:25:04 -0300] "POST /cormun/servlet/hlogin?7017e031cd3e1fe20669a589fd05ee74,gx-no-cache=1685452173702 HTTP/1.1" 200 430
190.171.142.42 - - [30/May/2023:10:25:04 -0300] "GET /cormun/servlet/permisogoce?13a7ae1b29c4cf25e8d636b7cf4c499b9c058e54eddb325adc962ed8740af47ce9b9ebea69226dd1df6154e1a72c659cefd4b0af80404edce1749e32cb38cb37,gx-no-cache=1685452174176 HTTP/1.1" 200 86
190.171.142.42 - - [30/May/2023:10:25:04 -0300] "GET /cormun/static/menuarrow.gif HTTP/1.1" 404 1015
190.171.142.42 - - [30/May/2023:10:25:09 -0300] "GET /cormun/servlet/permisogoce?13a7ae1b29c4cf25e8d636b7cf4c499b41b87514231be564323c83a21335adc18b5144b8d160fa2b8332dba86caaa5553f68ceae4da368c79dc4af30a7169b67,gx-no-cache=1685452178829 HTTP/1.1" 200 48
190.171.142.42 - - [30/May/2023:10:25:12 -0300] "POST /cormun/servlet/permisogoce?e7143798090e1120c4b1a5fc72eacae0,INS,0,,,,gx-no-cache=1685452181617 HTTP/1.1" 200 93
190.171.142.42 - - [30/May/2023:10:25:12 -0300] "GET /cormun/servlet/hpexe_return? HTTP/1.1" 200 1008
190.171.142.42 - - [30/May/2023:10:25:12 -0300] "GET /cormun/servlet/trpermisosgoce HTTP/1.1" 200 16414
190.171.142.42 - - [30/May/2023:10:25:13 -0300] "GET /cormun/servlet/trpermisosgoce HTTP/1.1" 200 16405
190.171.142.42 - - [30/May/2023:10:25:16 -0300] "GET /cormun/servlet/permisogoce?INS,0,,, HTTP/1.1" 200 7163
190.171.142.42 - - [30/May/2023:10:25:16 -0300] "GET /cormun/servlet/permisogoce?INS,0,,, HTTP/1.1" 200 7164
190.171.153.26 - - [30/May/2023:10:25:23 -0300] "POST /cormun/servlet/trautorizarpermisogoce?9d1de84198686f7b825410170c8d8579,gx-no-cache=1685452193509 HTTP/1.1" 200 6012
190.171.142.42 - - [30/May/2023:10:25:29 -0300] "GET /cormun/servlet/permisogoce?13a7ae1b29c4cf25e8d636b7cf4c499b52e504487ef0b3a07f872930811ead4de9b9ebea69226dd1df6154e1a72c659cefd4b0af80404edce1749e32cb38cb37,gx-no-cache=1685452198542 HTTP/1.1" 200 84
190.171.142.42 - - [30/May/2023:10:25:29 -0300] "GET /cormun/static/menuarrow.gif HTTP/1.1" 404 1015
190.171.153.26 - - [30/May/2023:10:25:29 -0300] "POST /cormun/servlet/trautorizarpermisogoce?9d1de84198686f7b825410170c8d8579,gx-no-cache=1685452199732 HTTP/1.1" 200 5794
190.171.142.42 - - [30/May/2023:10:25:33 -0300] "GET /cormun/servlet/permisogoce?13a7ae1b29c4cf25e8d636b7cf4c499b13bf4369c16c7b9bf0265490b9c1a3e40fed56c92a7ab7cddd2394907052f1b43f68ceae4da368c79dc4af30a7169b67,gx-no-cache=1685452202672 HTTP/1.1" 200 48
190.171.153.26 - - [30/May/2023:10:25:34 -0300] "POST /cormun/servlet/trautorizarpermisogoce?9d1de84198686f7b825410170c8d8579,gx-no-cache=1685452204413 HTTP/1.1" 200 5558
190.171.142.42 - - [30/May/2023:10:25:36 -0300] "POST /cormun/servlet/permisogoce?e7143798090e1120c4b1a5fc72eacae0,INS,0,,,,gx-no-cache=1685452205594 HTTP/1.1" 200 93
190.171.142.42 - - [30/May/2023:10:25:37 -0300] "GET /cormun/servlet/hpexe_return? HTTP/1.1" 200 1008
190.171.142.42 - - [30/May/2023:10:25:37 -0300] "GET /cormun/servlet/trpermisosgoce HTTP/1.1" 200 16616
190.171.142.42 - - [30/May/2023:10:25:37 -0300] "GET /cormun/servlet/trpermisosgoce HTTP/1.1" 200 16612
190.171.153.26 - - [30/May/2023:10:25:42 -0300] "POST /cormun/servlet/trautorizarpermisogoce?9d1de84198686f7b825410170c8d8579,gx-no-cache=1685452212428 HTTP/1.1" 200 5278
200.54.103.162 - - [30/May/2023:10:25:46 -0300] "GET /cormun/servlet/trlicencias? HTTP/1.1" 200 7221
200.54.103.162 - - [30/May/2023:10:25:46 -0300] "GET /cormun/servlet/hlogin HTTP/1.1" 200 1739
200.54.103.162 - - [30/May/2023:10:25:46 -0300] "GET /cormun/servlet/trlicencias? HTTP/1.1" 200 7232
200.54.103.162 - - [30/May/2023:10:25:49 -0300] "POST /cormun/servlet/hlogin?a1b61ca436ee487db7a2bed3f0b92849,gx-no-cache=1685452342894 HTTP/1.1" 200 90
200.54.103.162 - - [30/May/2023:10:25:49 -0300] "GET /cormun/servlet/hpexe_link HTTP/1.1" 200 956
190.171.153.26 - - [30/May/2023:10:25:49 -0300] "POST /cormun/servlet/trautorizarpermisogoce?9d1de84198686f7b825410170c8d8579,gx-no-cache=1685452219357 HTTP/1.1" 200 8805
190.171.153.26 - - [30/May/2023:10:25:49 -0300] "GET /cormun//static/Resources/PXToolsActionDisabled.gif HTTP/1.1" 304 -
200.54.103.162 - - [30/May/2023:10:25:49 -0300] "GET /cormun/servlet/trlicencias HTTP/1.1" 200 15454
200.54.103.162 - - [30/May/2023:10:25:50 -0300] "GET /cormun/servlet/trlicencias HTTP/1.1" 200 15468
192.168.10.17 - - [30/May/2023:10:26:05 -0300] "GET /cormun/servlet/hlogin HTTP/1.1" 200 1719
192.168.10.17 - - [30/May/2023:10:26:05 -0300] "GET /cormun/servlet/hlogin HTTP/1.1" 200 1730
190.171.153.26 - - [30/May/2023:10:26:07 -0300] "POST /cormun/servlet/trautorizarpermisogoce?9d1de84198686f7b825410170c8d8579,gx-no-cache=1685452237870 HTTP/1.1" 200 5253
192.168.10.17 - - [30/May/2023:10:26:11 -0300] "POST /cormun/servlet/hlogin?b6608e672db88f6a3a343a7e4cf37e07,gx-no-cache=1685452185255 HTTP/1.1" 200 90
192.168.10.17 - - [30/May/2023:10:26:11 -0300] "GET /cormun/servlet/hpexe_link HTTP/1.1" 200 951
192.168.10.17 - - [30/May/2023:10:26:11 -0300] "GET /cormun/servlet/hhome HTTP/1.1" 200 3804
192.168.10.17 - - [30/May/2023:10:26:12 -0300] "GET /cormun/servlet/hhome HTTP/1.1" 200 3801
192.168.10.17 - - [30/May/2023:10:26:14 -0300] "GET /cormun/servlet/trsolicitudgral? HTTP/1.1" 200 27715
192.168.10.17 - - [30/May/2023:10:26:15 -0300] "GET /cormun/servlet/trsolicitudgral? HTTP/1.1" 200 27713
192.168.10.17 - - [30/May/2023:10:26:17 -0300] "GET /cormun/static/menuarrow.gif HTTP/1.1" 404 1015
192.168.10.17 - - [30/May/2023:10:26:27 -0300] "POST /cormun/servlet/trsolicitudgral?b6608e672db88f6a3a343a7e4cf37e07,,gx-no-cache=1685452201067 HTTP/1.1" 200 7959
192.168.10.17 - - [30/May/2023:10:26:31 -0300] "GET /cormun/servlet/vesolicitudgral?2023,19873,, HTTP/1.1" 200 8370
192.168.10.17 - - [30/May/2023:10:26:31 -0300] "GET /cormun/pexe_scrolldiv.js HTTP/1.1" 404 1009
192.168.10.17 - - [30/May/2023:10:26:31 -0300] "GET /cormun/servlet/vesolicitudgral?2023,19873,, HTTP/1.1" 200 8370
192.168.10.17 - - [30/May/2023:10:26:41 -0300] "GET /cormun/servlet/vesolicitudgral?2023,19873,,SolicitudOTAdjuntos HTTP/1.1" 200 10949
192.168.10.17 - - [30/May/2023:10:26:41 -0300] "GET /cormun/pexe_scrolldiv.js HTTP/1.1" 404 1009
192.168.10.17 - - [30/May/2023:10:26:41 -0300] "GET /cormun/servlet/vesolicitudgral?2023,19873,,SolicitudOTAdjuntos HTTP/1.1" 200 10952
192.168.10.17 - - [30/May/2023:10:26:42 -0300] "POST /cormun/servlet/acontrolpreferencessavestate?None,RRHH+DANIELA,true HTTP/1.1" 200 35
192.168.10.17 - - [30/May/2023:10:26:53 -0300] "GET /cormun/PublicTempStorage/c._notas7549157.pdf HTTP/1.1" 200 348892
192.168.10.17 - - [30/May/2023:10:27:01 -0300] "GET /cormun/servlet/vesolicitudgral?2023,19873,,SolicitudOTAdjuntos HTTP/1.1" 200 10952
192.168.10.17 - - [30/May/2023:10:27:02 -0300] "GET /cormun/servlet/vesolicitudgral?2023,19873,,SolicitudOTAdjuntos HTTP/1.1" 200 10952
192.168.10.17 - - [30/May/2023:10:27:02 -0300] "POST /cormun/servlet/acontrolpreferencessavestate?None,RRHH+DANIELA,true HTTP/1.1" 200 35
192.168.10.17 - - [30/May/2023:10:27:03 -0300] "GET /cormun/PublicTempStorage/c.v6365687.pdf HTTP/1.1" 200 40996
190.171.142.50 - - [30/May/2023:10:27:06 -0300] "GET /cormun/servlet/solicitudotadjuntos?INS,2023,20300,,1, HTTP/1.1" 200 6001
190.171.142.50 - - [30/May/2023:10:27:06 -0300] "GET /cormun/static/gxcfg.js?202211298385187 HTTP/1.1" 200 953
190.171.142.50 - - [30/May/2023:10:27:07 -0300] "GET /cormun/static/solicitudotadjuntos.js?202211298385196 HTTP/1.1" 200 11771
190.171.142.50 - - [30/May/2023:10:27:07 -0300] "GET /cormun/static/about:blank HTTP/1.1" 404 1011
190.171.142.50 - - [30/May/2023:10:27:07 -0300] "GET /cormun/servlet/solicitudotadjuntos?INS,2023,20300,,1, HTTP/1.1" 200 5994
190.171.142.50 - - [30/May/2023:10:27:07 -0300] "GET /cormun/servlet/solicitudotadjuntos?753f40da540b4e7d948b51e67053955ee5178b49f8e455853599a013ba5ffdd98149358f925169277eb12279cf35ad39,gx-no-cache=1685452293184 HTTP/1.1" 200 30
190.171.142.50 - - [30/May/2023:10:27:08 -0300] "POST /cormun/servlet/solicitudotadjuntos?93d972e4ffae5b02512a249dea6b67a0,INS,2023,20300,,1,,gx-no-cache=1685452293397 HTTP/1.1" 200 3867
192.168.10.17 - - [30/May/2023:10:27:16 -0300] "GET /cormun/servlet/vesolicitudgral?2023,19873,,SolicitudOTAdjuntos HTTP/1.1" 200 10950
192.168.10.17 - - [30/May/2023:10:27:16 -0300] "GET /cormun/servlet/vesolicitudgral?2023,19873,,SolicitudOTAdjuntos HTTP/1.1" 200 10951
192.168.10.17 - - [30/May/2023:10:27:17 -0300] "POST /cormun/servlet/acontrolpreferencessavestate?None,RRHH+DANIELA,true HTTP/1.1" 200 35
190.171.143.98 - - [30/May/2023:10:28:16 -0300] "GET /cormun/servlet/permisogoce?673398416f9b5c846cb11dbfeb4a2a7bdc9c8ae54e0ff7eaf0325ca6d8b743d46c5d6c65d4b55aaac24a526abe9334902d0e3d7389a87b18fe6ee18239b67d2d,gx-no-cache=1685452367504 HTTP/1.1" 200 76
190.171.143.98 - - [30/May/2023:10:28:16 -0300] "GET /cormun/static/menuarrow.gif HTTP/1.1" 404 1015
190.171.143.98 - - [30/May/2023:10:28:27 -0300] "GET /cormun/servlet/permisogoce?673398416f9b5c846cb11dbfeb4a2a7bde358fca04189a934b437186f508dfa77e208a43304aee480ba9dbb965d72132f1577ed6e799b040c1a08f65be504135,gx-no-cache=1685452378376 HTTP/1.1" 200 47
190.171.143.98 - - [30/May/2023:10:28:59 -0300] "POST /cormun/servlet/permisogoce?7de6b6793d682daae0a4df57d1dd84ba,INS,0,,,,gx-no-cache=1685452410180 HTTP/1.1" 200 93
190.171.143.98 - - [30/May/2023:10:28:59 -0300] "GET /cormun/servlet/hpexe_return? HTTP/1.1" 200 1034
190.171.143.98 - - [30/May/2023:10:28:59 -0300] "GET /cormun/servlet/trpermisosgoce?gx-no-cache=1685452076964 HTTP/1.1" 200 11759
190.171.143.98 - - [30/May/2023:10:28:59 -0300] "GET /cormun/servlet/trpermisosgoce?gx-no-cache=1685452076964 HTTP/1.1" 200 11775
190.171.143.98 - - [30/May/2023:10:29:04 -0300] "GET /cormun/servlet/trpermisosadjuntos?8144635,20230530090724,P, HTTP/1.1" 200 6649
190.171.143.98 - - [30/May/2023:10:29:04 -0300] "GET /cormun/servlet/trpermisosadjuntos?8144635,20230530090724,P, HTTP/1.1" 200 6627
190.171.143.98 - - [30/May/2023:10:29:09 -0300] "POST /cormun/servlet/trpermisosadjuntos?7de6b6793d682daae0a4df57d1dd84ba,8144635,20230530090724,P,,gx-no-cache=1685452420763 HTTP/1.1" 200 90
190.171.143.98 - - [30/May/2023:10:29:09 -0300] "GET /cormun/servlet/hpexe_link HTTP/1.1" 200 1005
190.171.143.98 - - [30/May/2023:10:29:09 -0300] "GET /cormun/servlet/trpermisosgoce?gx-no-cache=1685452076964 HTTP/1.1" 200 11756
190.171.143.98 - - [30/May/2023:10:29:10 -0300] "GET /cormun/servlet/trpermisosgoce?gx-no-cache=1685452076964 HTTP/1.1" 200 11775
190.171.143.98 - - [30/May/2023:10:29:21 -0300] "GET /cormun/servlet/trpermisosadjuntos?8144635,20230530090724,P, HTTP/1.1" 200 6649
190.171.143.98 - - [30/May/2023:10:29:22 -0300] "GET /cormun/servlet/trpermisosadjuntos?8144635,20230530090724,P, HTTP/1.1" 200 6627
190.171.143.98 - - [30/May/2023:10:29:23 -0300] "GET /cormun/servlet/permisosadjuntos?INS,8144635,P,20230530090724,, HTTP/1.1" 200 5954
190.171.143.98 - - [30/May/2023:10:29:23 -0300] "GET /cormun/static/about:blank HTTP/1.1" 404 1011
190.171.143.98 - - [30/May/2023:10:29:23 -0300] "GET /cormun/servlet/permisosadjuntos?INS,8144635,P,20230530090724,, HTTP/1.1" 200 5944
190.171.143.98 - - [30/May/2023:10:29:32 -0300] "POST /cormun/servlet/permisosadjuntos?7de6b6793d682daae0a4df57d1dd84ba,INS,8144635,P,20230530090724,, HTTP/1.1" 200 116
190.171.143.98 - - [30/May/2023:10:29:32 -0300] "GET /cormun/servlet/hpexe_return? HTTP/1.1" 200 1039
190.171.143.98 - - [30/May/2023:10:29:32 -0300] "GET /cormun/servlet/trpermisosadjuntos?8144635,20230530090724,P, HTTP/1.1" 200 7116
190.171.143.98 - - [30/May/2023:10:29:33 -0300] "GET /cormun/servlet/trpermisosadjuntos?8144635,20230530090724,P, HTTP/1.1" 200 7113
190.171.143.98 - - [30/May/2023:10:29:36 -0300] "POST /cormun/servlet/trpermisosadjuntos?7de6b6793d682daae0a4df57d1dd84ba,8144635,20230530090724,P,,gx-no-cache=1685452447803 HTTP/1.1" 200 90
190.171.143.98 - - [30/May/2023:10:29:36 -0300] "GET /cormun/servlet/hpexe_link HTTP/1.1" 200 1005
190.171.143.98 - - [30/May/2023:10:29:36 -0300] "GET /cormun/servlet/trpermisosgoce?gx-no-cache=1685452076964 HTTP/1.1" 200 11756
190.171.143.98 - - [30/May/2023:10:29:37 -0300] "GET /cormun/servlet/trpermisosgoce?gx-no-cache=1685452076964 HTTP/1.1" 200 11775
190.46.88.50 - - [30/May/2023:10:31:59 -0300] "GET /cormun/servlet/hhome HTTP/1.1" 200 3321
190.46.88.50 - - [30/May/2023:10:31:59 -0300] "GET /cormun/static/Resources/ImgLogin.png HTTP/1.1" 304 -
190.46.88.50 - - [30/May/2023:10:31:59 -0300] "GET /cormun/static/Resources/ImgHome.png HTTP/1.1" 304 -
190.46.88.50 - - [30/May/2023:10:31:59 -0300] "GET /cormun/static/Resources/PXToolsDataTitle.png HTTP/1.1" 304 -
190.46.88.50 - - [30/May/2023:10:31:59 -0300] "GET /cormun/static/Resources/Llave.png HTTP/1.1" 304 -
190.46.88.50 - - [30/May/2023:10:31:59 -0300] "GET /cormun/static/Resources/indicator.gif HTTP/1.1" 304 -
190.46.88.50 - - [30/May/2023:10:31:59 -0300] "GET /cormun/servlet/hlogin HTTP/1.1" 200 1731
190.46.88.50 - - [30/May/2023:10:31:59 -0300] "GET /cormun/servlet/hhome HTTP/1.1" 200 3332
190.46.88.50 - - [30/May/2023:10:31:59 -0300] "GET /cormun/static/Resources/PXToolsLoginTop.png HTTP/1.1" 304 -
190.46.88.50 - - [30/May/2023:10:31:59 -0300] "GET /cormun/static/Resources/PXToolsLoginBackground.png HTTP/1.1" 304 -
190.46.88.50 - - [30/May/2023:10:31:59 -0300] "GET /cormun/static/Resources/PXToolsButtonLeft.png HTTP/1.1" 304 -
190.46.88.50 - - [30/May/2023:10:31:59 -0300] "GET /cormun/static/Resources/PXToolsButtonRight.png HTTP/1.1" 304 -
190.171.153.26 - - [30/May/2023:10:31:59 -0300] "GET /cormun/servlet/trlicencias? HTTP/1.1" 200 11988
190.46.88.50 - - [30/May/2023:10:31:59 -0300] "GET /cormun/static/Resources/PXToolsLoginBottom.png HTTP/1.1" 304 -
190.46.88.50 - - [30/May/2023:10:31:59 -0300] "GET /cormun/static/Resources/PXToolsButtonBackground.png HTTP/1.1" 304 -
190.171.153.26 - - [30/May/2023:10:32:00 -0300] "GET /cormun/static/gxcfg.js?202211298463625 HTTP/1.1" 200 953
190.171.153.26 - - [30/May/2023:10:32:00 -0300] "GET /cormun/static/Resources/PXToolsAddAllAction.png HTTP/1.1" 304 -
190.171.153.26 - - [30/May/2023:10:32:00 -0300] "GET /cormun/static/trlicencias.js?202211298463889 HTTP/1.1" 200 41883
190.171.153.26 - - [30/May/2023:10:32:00 -0300] "GET /cormun/servlet/trlicencias? HTTP/1.1" 200 11988
190.46.88.50 - - [30/May/2023:10:32:03 -0300] "POST /cormun/servlet/hlogin?0174951fd3d629beb688c1f8303679ce,gx-no-cache=1685452592485 HTTP/1.1" 200 90
190.46.88.50 - - [30/May/2023:10:32:03 -0300] "GET /cormun/servlet/hpexe_link HTTP/1.1" 200 949
190.46.88.50 - - [30/May/2023:10:32:03 -0300] "GET /cormun/servlet/hhome HTTP/1.1" 200 4316
190.46.88.50 - - [30/May/2023:10:32:03 -0300] "GET /cormun/servlet/hhome HTTP/1.1" 200 4312
190.46.88.50 - - [30/May/2023:10:32:07 -0300] "GET /cormun/servlet/trlicencias? HTTP/1.1" 200 10287
190.46.88.50 - - [30/May/2023:10:32:07 -0300] "GET /cormun/static/Resources/PXTools/calendar.png HTTP/1.1" 304 -
