186.103.157.98 - - [26/May/2023:11:50:34 -0300] "GET /cormun/static/Shared/jqueryui/images/ui-icons_8d78a5_256x240.png HTTP/1.1" 404 1089
186.103.157.98 - - [26/May/2023:11:50:34 -0300] "GET /cormun/servlet/solicitudotadjuntos?DLT,2023,20266,TITULO,0, HTTP/1.1" 200 6268
186.103.157.98 - - [26/May/2023:11:50:37 -0300] "POST /cormun/servlet/solicitudotadjuntos?94baadde6cedbac838b18e670418f072,DLT,2023,20266,TITULO,0,,gx-no-cache=1685111707556 HTTP/1.1" 200 93
186.103.157.98 - - [26/May/2023:11:50:37 -0300] "GET /cormun/servlet/hpexe_return? HTTP/1.1" 200 1034
186.103.157.98 - - [26/May/2023:11:50:37 -0300] "GET /cormun/servlet/trsolicitudadjuntos?2023,20266, HTTP/1.1" 200 10312
186.103.157.98 - - [26/May/2023:11:50:37 -0300] "GET /cormun/servlet/trsolicitudadjuntos?2023,20266, HTTP/1.1" 200 10307
186.103.157.98 - - [26/May/2023:11:50:40 -0300] "GET /cormun/servlet/solicitudotadjuntos?INS,2023,20266,,1, HTTP/1.1" 200 6322
192.168.10.17 - - [26/May/2023:11:50:40 -0300] "POST /cormun/servlet/trsolicitudgral?3773148db61cb68ec65f687b1d4aed8e,,gx-no-cache=1685111658040 HTTP/1.1" 200 6679
192.168.10.17 - - [26/May/2023:11:50:40 -0300] "GET /cormun/static/Shared/jqueryui/images/ui-icons_82798d_256x240.png HTTP/1.1" 404 1089
192.168.10.17 - - [26/May/2023:11:50:40 -0300] "GET /cormun/static/Shared/jqueryui/images/ui-bg_highlight-soft_100_c6c2c8_1x100.png HTTP/1.1" 404 1117
192.168.10.17 - - [26/May/2023:11:50:40 -0300] "GET /cormun/static/Shared/jqueryui/images/ui-icons_8d78a5_256x240.png HTTP/1.1" 404 1089
192.168.10.17 - - [26/May/2023:11:50:40 -0300] "GET /cormun/static/Shared/jqueryui/images/ui-bg_flat_55_fafafa_40x100.png HTTP/1.1" 404 1097
186.103.157.98 - - [26/May/2023:11:50:41 -0300] "GET /cormun/static/about:blank HTTP/1.1" 404 1011
186.103.157.98 - - [26/May/2023:11:50:41 -0300] "GET /cormun/servlet/solicitudotadjuntos?INS,2023,20266,,1, HTTP/1.1" 200 6315
186.103.157.98 - - [26/May/2023:11:50:41 -0300] "GET /cormun/servlet/solicitudotadjuntos?a261b589ae4af2659e39670c417bf731862d01ea220e440cfbb73cf7bdbbd367b1c09dfb3e2e070d72fc21e376395ca4,gx-no-cache=1685111712134 HTTP/1.1" 200 30
186.103.157.98 - - [26/May/2023:11:50:41 -0300] "POST /cormun/servlet/solicitudotadjuntos?94baadde6cedbac838b18e670418f072,INS,2023,20266,,1,,gx-no-cache=1685111712150 HTTP/1.1" 200 4156
186.103.157.98 - - [26/May/2023:11:50:46 -0300] "POST /cormun/servlet/solicitudotadjuntos?gx-no-cache=1685111716784 HTTP/1.1" 200 26
192.168.10.17 - - [26/May/2023:11:50:51 -0300] "POST /cormun/servlet/trsolicitudgral?3773148db61cb68ec65f687b1d4aed8e,,gx-no-cache=1685111668646 HTTP/1.1" 200 5255
186.103.157.98 - - [26/May/2023:11:50:59 -0300] "GET /cormun/servlet/solicitudotadjuntos?a261b589ae4af2659e39670c417bf731aec57840d4f1af11f5c6ae9b3e8e2826,gx-no-cache=1685111730320 HTTP/1.1" 200 30
186.103.157.98 - - [26/May/2023:11:50:59 -0300] "GET /cormun/servlet/solicitudotadjuntos?a261b589ae4af2659e39670c417bf731aec57840d4f1af11f5c6ae9b3e8e2826,gx-no-cache=1685111730335 HTTP/1.1" 200 30
186.103.157.98 - - [26/May/2023:11:50:59 -0300] "POST /cormun/servlet/solicitudotadjuntos?94baadde6cedbac838b18e670418f072,INS,2023,20266,,1, HTTP/1.1" 200 116
186.103.157.98 - - [26/May/2023:11:51:00 -0300] "GET /cormun/servlet/hpexe_return? HTTP/1.1" 200 1028
192.168.10.17 - - [26/May/2023:11:51:00 -0300] "POST /cormun/servlet/trsolicitudgral?3773148db61cb68ec65f687b1d4aed8e,,gx-no-cache=1685111677269 HTTP/1.1" 200 5254
186.103.157.98 - - [26/May/2023:11:51:00 -0300] "GET /cormun/servlet/trsolicitudadjuntos?2023,20266, HTTP/1.1" 200 10492
186.103.157.98 - - [26/May/2023:11:51:00 -0300] "GET /cormun/servlet/trsolicitudadjuntos?2023,20266, HTTP/1.1" 200 10492
186.103.157.98 - - [26/May/2023:11:51:04 -0300] "GET /cormun/servlet/hlogin HTTP/1.1" 200 1752
192.168.10.17 - - [26/May/2023:11:51:06 -0300] "POST /cormun/servlet/trsolicitudgral?3773148db61cb68ec65f687b1d4aed8e,,gx-no-cache=1685111683637 HTTP/1.1" 200 6661
190.171.141.106 - - [26/May/2023:11:51:10 -0300] "POST /cormun/servlet/trsolicitudot?9aa38ff39bd13006cafc5b06b775a15a,,gx-no-cache=1685112092374 HTTP/1.1" 200 10794
192.168.10.17 - - [26/May/2023:11:51:11 -0300] "GET /cormun/servlet/vesolicitudgral?2023,20220,, HTTP/1.1" 200 8414
192.168.10.17 - - [26/May/2023:11:51:11 -0300] "GET /cormun/pexe_scrolldiv.js HTTP/1.1" 404 1009
192.168.10.17 - - [26/May/2023:11:51:11 -0300] "GET /cormun/servlet/vesolicitudgral?2023,20220,, HTTP/1.1" 200 8412
192.168.10.17 - - [26/May/2023:11:51:12 -0300] "POST /cormun/servlet/vesolicitudgral?3773148db61cb68ec65f687b1d4aed8e,2023,20220,,,gx-no-cache=1685111690048 HTTP/1.1" 200 12179
192.168.10.17 - - [26/May/2023:11:51:13 -0300] "GET /cormun/static/Shared/jqueryui/images/ui-icons_82798d_256x240.png HTTP/1.1" 404 1089
192.168.10.17 - - [26/May/2023:11:51:13 -0300] "GET /cormun/static/Shared/jqueryui/images/ui-bg_highlight-soft_100_c6c2c8_1x100.png HTTP/1.1" 404 1117
192.168.10.17 - - [26/May/2023:11:51:13 -0300] "GET /cormun/static/Shared/jqueryui/images/ui-bg_flat_55_fafafa_40x100.png HTTP/1.1" 404 1097
192.168.10.17 - - [26/May/2023:11:51:13 -0300] "GET /cormun/static/Shared/jqueryui/images/ui-icons_8d78a5_256x240.png HTTP/1.1" 404 1089
192.168.10.17 - - [26/May/2023:11:51:13 -0300] "POST /cormun/servlet/vesolicitudgral?3773148db61cb68ec65f687b1d4aed8e,2023,20220,,,gx-no-cache=1685111690244 HTTP/1.1" 200 12112
190.171.141.106 - - [26/May/2023:11:51:15 -0300] "GET /cormun/servlet/trvisualizadoreventos? HTTP/1.1" 200 6972
190.171.141.106 - - [26/May/2023:11:51:15 -0300] "GET /cormun/servlet/trvisualizadoreventos? HTTP/1.1" 200 6972
192.168.10.17 - - [26/May/2023:11:51:19 -0300] "GET /cormun/servlet/trsolicitudgral? HTTP/1.1" 200 9701
192.168.10.17 - - [26/May/2023:11:51:19 -0300] "GET /cormun/servlet/trsolicitudgral? HTTP/1.1" 200 9700
190.171.141.106 - - [26/May/2023:11:51:21 -0300] "POST /cormun/servlet/trvisualizadoreventos?9aa38ff39bd13006cafc5b06b775a15a,,gx-no-cache=1685112104053 HTTP/1.1" 200 4302
190.171.141.106 - - [26/May/2023:11:51:27 -0300] "GET /cormun/servlet/trsolicitudot? HTTP/1.1" 200 13619
190.171.141.106 - - [26/May/2023:11:51:28 -0300] "GET /cormun/servlet/trsolicitudot? HTTP/1.1" 200 13619
192.168.10.17 - - [26/May/2023:11:51:32 -0300] "POST /cormun/servlet/trsolicitudgral?3773148db61cb68ec65f687b1d4aed8e,,gx-no-cache=1685111709767 HTTP/1.1" 200 7368
190.171.141.106 - - [26/May/2023:11:51:38 -0300] "GET /cormun/servlet/treventos?2023,20273, HTTP/1.1" 200 8669
190.171.141.106 - - [26/May/2023:11:51:39 -0300] "GET /cormun/servlet/treventos?2023,20273, HTTP/1.1" 200 8673
192.168.10.17 - - [26/May/2023:11:51:41 -0300] "GET /cormun/servlet/vesolicitudgral?2023,20206,, HTTP/1.1" 200 8396
192.168.10.17 - - [26/May/2023:11:51:41 -0300] "GET /cormun/pexe_scrolldiv.js HTTP/1.1" 404 1009
192.168.10.17 - - [26/May/2023:11:51:41 -0300] "GET /cormun/servlet/vesolicitudgral?2023,20206,, HTTP/1.1" 200 8395
192.168.10.17 - - [26/May/2023:11:51:43 -0300] "POST /cormun/servlet/vesolicitudgral?3773148db61cb68ec65f687b1d4aed8e,2023,20206,,,gx-no-cache=1685111720224 HTTP/1.1" 200 12220
192.168.10.17 - - [26/May/2023:11:51:43 -0300] "GET /cormun/static/Shared/jqueryui/images/ui-icons_82798d_256x240.png HTTP/1.1" 404 1089
192.168.10.17 - - [26/May/2023:11:51:43 -0300] "GET /cormun/static/Shared/jqueryui/images/ui-bg_highlight-soft_100_c6c2c8_1x100.png HTTP/1.1" 404 1117
192.168.10.17 - - [26/May/2023:11:51:43 -0300] "GET /cormun/static/Shared/jqueryui/images/ui-bg_flat_55_fafafa_40x100.png HTTP/1.1" 404 1097
192.168.10.17 - - [26/May/2023:11:51:43 -0300] "GET /cormun/static/Shared/jqueryui/images/ui-icons_8d78a5_256x240.png HTTP/1.1" 404 1089
192.168.10.17 - - [26/May/2023:11:51:43 -0300] "POST /cormun/servlet/vesolicitudgral?3773148db61cb68ec65f687b1d4aed8e,2023,20206,,,gx-no-cache=1685111720461 HTTP/1.1" 200 12153
192.168.10.17 - - [26/May/2023:11:51:48 -0300] "GET /cormun/servlet/trsolicitudgral? HTTP/1.1" 200 10402
190.171.141.106 - - [26/May/2023:11:51:48 -0300] "GET /cormun/servlet/trsolicitudot? HTTP/1.1" 200 13619
192.168.10.17 - - [26/May/2023:11:51:48 -0300] "GET /cormun/servlet/trsolicitudgral? HTTP/1.1" 200 10401
190.171.141.106 - - [26/May/2023:11:51:49 -0300] "GET /cormun/servlet/trsolicitudot? HTTP/1.1" 200 13619
192.168.10.17 - - [26/May/2023:11:51:55 -0300] "POST /cormun/servlet/trsolicitudgral?3773148db61cb68ec65f687b1d4aed8e,,gx-no-cache=1685111732743 HTTP/1.1" 200 7123
192.168.10.17 - - [26/May/2023:11:52:11 -0300] "POST /cormun/servlet/trsolicitudgral?3773148db61cb68ec65f687b1d4aed8e,,gx-no-cache=1685111748332 HTTP/1.1" 200 7469
190.171.141.106 - - [26/May/2023:11:52:13 -0300] "POST /cormun/servlet/trsolicitudot?9aa38ff39bd13006cafc5b06b775a15a,,gx-no-cache=1685112155429 HTTP/1.1" 200 10793
192.168.10.17 - - [26/May/2023:11:52:17 -0300] "GET /cormun/servlet/vesolicitudgral?2023,20179,, HTTP/1.1" 200 8405
192.168.10.17 - - [26/May/2023:11:52:17 -0300] "GET /cormun/pexe_scrolldiv.js HTTP/1.1" 404 1009
192.168.10.17 - - [26/May/2023:11:52:17 -0300] "GET /cormun/servlet/vesolicitudgral?2023,20179,, HTTP/1.1" 200 8405
192.168.10.17 - - [26/May/2023:11:52:19 -0300] "POST /cormun/servlet/vesolicitudgral?3773148db61cb68ec65f687b1d4aed8e,2023,20179,,,gx-no-cache=1685111756310 HTTP/1.1" 200 12189
192.168.10.17 - - [26/May/2023:11:52:19 -0300] "GET /cormun/static/Shared/jqueryui/images/ui-icons_82798d_256x240.png HTTP/1.1" 404 1089
192.168.10.17 - - [26/May/2023:11:52:19 -0300] "GET /cormun/static/Shared/jqueryui/images/ui-bg_highlight-soft_100_c6c2c8_1x100.png HTTP/1.1" 404 1117
192.168.10.17 - - [26/May/2023:11:52:19 -0300] "GET /cormun/static/Shared/jqueryui/images/ui-bg_flat_55_fafafa_40x100.png HTTP/1.1" 404 1097
192.168.10.17 - - [26/May/2023:11:52:19 -0300] "GET /cormun/static/Shared/jqueryui/images/ui-icons_8d78a5_256x240.png HTTP/1.1" 404 1089
192.168.10.17 - - [26/May/2023:11:52:19 -0300] "POST /cormun/servlet/vesolicitudgral?3773148db61cb68ec65f687b1d4aed8e,2023,20179,,,gx-no-cache=1685111756504 HTTP/1.1" 200 12123
192.168.10.17 - - [26/May/2023:11:52:30 -0300] "GET /cormun/servlet/trautorizarot? HTTP/1.1" 200 12409
192.168.10.17 - - [26/May/2023:11:52:30 -0300] "GET /cormun/servlet/trautorizarot? HTTP/1.1" 200 12403
190.171.152.234 - - [26/May/2023:11:52:51 -0300] "GET /cormun/servlet/trsolicitudot? HTTP/1.1" 200 9614
190.171.152.234 - - [26/May/2023:11:52:51 -0300] "GET /cormun/servlet/trsolicitudot? HTTP/1.1" 200 9614
190.171.152.234 - - [26/May/2023:11:52:55 -0300] "GET /cormun/servlet/trsolicitudot? HTTP/1.1" 200 9614
190.171.152.234 - - [26/May/2023:11:52:56 -0300] "GET /cormun/servlet/trsolicitudot? HTTP/1.1" 200 9614
190.171.152.234 - - [26/May/2023:11:53:03 -0300] "GET /cormun/static/menuarrow.gif HTTP/1.1" 404 1015
190.171.152.234 - - [26/May/2023:11:53:11 -0300] "GET /cormun/servlet/trsolicitudot? HTTP/1.1" 200 9614
190.171.152.234 - - [26/May/2023:11:53:12 -0300] "GET /cormun/servlet/trsolicitudot? HTTP/1.1" 200 9614
190.171.152.234 - - [26/May/2023:11:53:12 -0300] "GET /favicon.ico HTTP/1.1" 200 21630
190.171.152.234 - - [26/May/2023:11:53:15 -0300] "GET /cormun/servlet/trsolicitudot? HTTP/1.1" 200 9614
190.171.152.234 - - [26/May/2023:11:53:15 -0300] "GET /cormun/servlet/trsolicitudot? HTTP/1.1" 200 9614
83.97.73.89 - - [26/May/2023:11:53:19 -0300] "GET /?XDEBUG_SESSION_START=phpstorm HTTP/1.1" 200 11217
190.171.152.234 - - [26/May/2023:11:53:20 -0300] "POST /cormun/servlet/trsolicitudot?8e4fc9cfd9e43e7fa40e4a7a032af0d3,,gx-no-cache=1685108395720 HTTP/1.1" 200 18610
190.171.152.234 - - [26/May/2023:11:53:25 -0300] "GET /cormun/servlet/trsolicitudot? HTTP/1.1" 200 21207
190.171.152.234 - - [26/May/2023:11:53:25 -0300] "GET /cormun/servlet/trsolicitudot? HTTP/1.1" 200 21207
190.171.152.234 - - [26/May/2023:11:53:27 -0300] "GET /cormun/servlet/solicitudot?INS,0,0,false, HTTP/1.1" 200 16158
190.171.152.234 - - [26/May/2023:11:53:29 -0300] "GET /cormun/servlet/solicitudot?INS,0,0,false, HTTP/1.1" 200 16166
192.168.10.17 - - [26/May/2023:11:53:37 -0300] "POST /cormun/servlet/trautorizarot?3773148db61cb68ec65f687b1d4aed8e,,gx-no-cache=1685111834983 HTTP/1.1" 200 5341
192.168.10.17 - - [26/May/2023:11:53:40 -0300] "GET /cormun/servlet/trsolicitudgral? HTTP/1.1" 200 10502
192.168.10.17 - - [26/May/2023:11:53:40 -0300] "GET /cormun/servlet/trsolicitudgral? HTTP/1.1" 200 10502
190.171.152.234 - - [26/May/2023:11:53:46 -0300] "POST /cormun/servlet/solicitudot?gx-no-cache=1685108421263 HTTP/1.1" 200 3971
190.171.152.234 - - [26/May/2023:11:53:46 -0300] "POST /cormun/servlet/solicitudot?8e4fc9cfd9e43e7fa40e4a7a032af0d3,INS,0,0,false,,gx-no-cache=1685108421397 HTTP/1.1" 200 12802
192.168.10.17 - - [26/May/2023:11:53:46 -0300] "POST /cormun/servlet/trsolicitudgral?3773148db61cb68ec65f687b1d4aed8e,,gx-no-cache=1685111843876 HTTP/1.1" 200 10599
190.171.152.234 - - [26/May/2023:11:53:46 -0300] "GET /cormun/servlet/solicitudot?253546ffec68f908804a07e0edd44bea74cc670e1ba1fd931da4b7879471129348aaabe4aeb1170d969fbbed90348c69,gx-no-cache=1685108422302 HTTP/1.1" 200 30
186.103.157.98 - - [26/May/2023:11:53:53 -0300] "GET /cormun/servlet/hlogin HTTP/1.1" 200 1725
186.103.157.98 - - [26/May/2023:11:53:59 -0300] "POST /cormun/servlet/hlogin?94baadde6cedbac838b18e670418f072,gx-no-cache=1685111910215 HTTP/1.1" 200 90
186.103.157.98 - - [26/May/2023:11:53:59 -0300] "GET /cormun/servlet/hpexe_link HTTP/1.1" 200 971
186.103.157.98 - - [26/May/2023:11:53:59 -0300] "GET /cormun/servlet/trsolicitudadjuntos?2023,20266, HTTP/1.1" 200 10487
186.103.157.98 - - [26/May/2023:11:54:00 -0300] "GET /cormun/servlet/trsolicitudadjuntos?2023,20266, HTTP/1.1" 200 10493
186.103.157.98 - - [26/May/2023:11:54:04 -0300] "GET /cormun/servlet/trsolicitudot? HTTP/1.1" 200 8895
186.103.157.98 - - [26/May/2023:11:54:05 -0300] "GET /cormun/servlet/trsolicitudot? HTTP/1.1" 200 8888
186.103.157.98 - - [26/May/2023:11:54:12 -0300] "POST /cormun/servlet/trsolicitudot?94baadde6cedbac838b18e670418f072,,gx-no-cache=1685111923298 HTTP/1.1" 200 4878
186.103.157.98 - - [26/May/2023:11:54:12 -0300] "GET /cormun/static/Shared/jqueryui/images/ui-bg_highlight-soft_100_c6c2c8_1x100.png HTTP/1.1" 404 1117
186.103.157.98 - - [26/May/2023:11:54:12 -0300] "GET /cormun/static/Shared/jqueryui/images/ui-icons_82798d_256x240.png HTTP/1.1" 404 1089
186.103.157.98 - - [26/May/2023:11:54:12 -0300] "GET /cormun/static/Shared/jqueryui/images/ui-bg_flat_55_fafafa_40x100.png HTTP/1.1" 404 1097
186.103.157.98 - - [26/May/2023:11:54:12 -0300] "GET /cormun/static/Shared/jqueryui/images/ui-icons_8d78a5_256x240.png HTTP/1.1" 404 1089
186.103.157.98 - - [26/May/2023:11:54:13 -0300] "POST /cormun/servlet/trsolicitudot?94baadde6cedbac838b18e670418f072,,gx-no-cache=1685111923535 HTTP/1.1" 200 4633
190.171.141.106 - - [26/May/2023:11:54:19 -0300] "GET /cormun/servlet/trvisualizadoreventos? HTTP/1.1" 200 6973
190.171.141.106 - - [26/May/2023:11:54:20 -0300] "GET /cormun/servlet/trvisualizadoreventos? HTTP/1.1" 200 6973
190.171.141.106 - - [26/May/2023:11:54:24 -0300] "POST /cormun/servlet/trvisualizadoreventos?9aa38ff39bd13006cafc5b06b775a15a,,gx-no-cache=1685112286661 HTTP/1.1" 200 4302
186.103.157.98 - - [26/May/2023:11:54:25 -0300] "GET /cormun/servlet/hlogin HTTP/1.1" 200 1742
190.171.141.106 - - [26/May/2023:11:54:28 -0300] "GET /cormun/servlet/trautorizarsolicitud? HTTP/1.1" 200 7315
190.171.141.106 - - [26/May/2023:11:54:28 -0300] "GET /cormun/servlet/trautorizarsolicitud? HTTP/1.1" 200 7315
190.171.141.106 - - [26/May/2023:11:54:31 -0300] "GET /cormun/servlet/trsolicitudot? HTTP/1.1" 200 13610
190.171.141.106 - - [26/May/2023:11:54:31 -0300] "GET /cormun/servlet/trsolicitudot? HTTP/1.1" 200 13609
190.171.152.234 - - [26/May/2023:11:54:36 -0300] "GET /cormun/servlet/prbanco?,MD,,gxPopupLevel%3D0%3B HTTP/1.1" 200 6563
190.171.141.106 - - [26/May/2023:11:54:37 -0300] "GET /cormun/servlet/vesolicitudot?2023,20273,, HTTP/1.1" 200 8584
190.171.141.106 - - [26/May/2023:11:54:37 -0300] "GET /cormun/pexe_scrolldiv.js HTTP/1.1" 404 1009
190.171.141.106 - - [26/May/2023:11:54:38 -0300] "GET /cormun/servlet/vesolicitudot?2023,20273,, HTTP/1.1" 200 8584
190.171.152.234 - - [26/May/2023:11:54:40 -0300] "GET /cormun/servlet/solicitudot?253546ffec68f908804a07e0edd44bea91bc865a522e7baa379f68463fff6d2720995d233ccbd92bded87a835cb453d148aaabe4aeb1170d969fbbed90348c69,gx-no-cache=1685108475570 HTTP/1.1" 200 30
190.171.141.106 - - [26/May/2023:11:54:40 -0300] "GET /cormun/servlet/vesolicitudot?2023,20273,,SolicitudOTLog HTTP/1.1" 200 9769
190.171.141.106 - - [26/May/2023:11:54:40 -0300] "GET /cormun/pexe_scrolldiv.js HTTP/1.1" 404 1009
190.171.141.106 - - [26/May/2023:11:54:40 -0300] "GET /cormun/static/tbsolicitudot03.js?20221129837931 HTTP/1.1" 200 13332
190.171.141.106 - - [26/May/2023:11:54:40 -0300] "GET /cormun/static/Resources/PXToolsTabLastSelected.png HTTP/1.1" 200 1274
190.171.141.106 - - [26/May/2023:11:54:41 -0300] "GET /cormun/servlet/vesolicitudot?2023,20273,,SolicitudOTLog HTTP/1.1" 200 9770
190.171.141.106 - - [26/May/2023:11:54:42 -0300] "POST /cormun/servlet/acontrolpreferencessavestate?None,JDESRIVIERS,true HTTP/1.1" 200 35
190.171.152.234 - - [26/May/2023:11:54:43 -0300] "GET /cormun/servlet/prbanco?,MD,,gxPopupLevel%3D0%3B HTTP/1.1" 200 6563
190.171.152.234 - - [26/May/2023:11:54:57 -0300] "GET /cormun/servlet/solicitudot?253546ffec68f908804a07e0edd44bea26172c098d992577d9164acc1ea0febf,gx-no-cache=1685108492526 HTTP/1.1" 200 53
190.171.152.234 - - [26/May/2023:11:55:03 -0300] "GET /cormun/servlet/prbanco?,MD,,gxPopupLevel%3D0%3B HTTP/1.1" 200 6563
190.171.152.234 - - [26/May/2023:11:55:12 -0300] "GET /cormun/servlet/prbanco?,MD,,gxPopupLevel%3D0%3B HTTP/1.1" 200 6563
186.103.157.42 - - [26/May/2023:11:55:13 -0300] "GET /cormun/servlet/hlogin HTTP/1.1" 200 1715
186.103.157.42 - - [26/May/2023:11:55:22 -0300] "POST /cormun/servlet/hlogin?e5752630ab983e052db55fbb5608e1f6,gx-no-cache=1685112290705 HTTP/1.1" 200 90
186.103.157.42 - - [26/May/2023:11:55:22 -0300] "GET /cormun/servlet/hpexe_link HTTP/1.1" 200 944
186.103.157.42 - - [26/May/2023:11:55:22 -0300] "GET /cormun/servlet/hhome HTTP/1.1" 200 4373
186.103.157.42 - - [26/May/2023:11:55:22 -0300] "GET /cormun/servlet/hhome HTTP/1.1" 200 4369
186.103.157.42 - - [26/May/2023:11:55:26 -0300] "GET /cormun/servlet/trlicencias? HTTP/1.1" 200 11799
186.103.157.42 - - [26/May/2023:11:55:27 -0300] "GET /cormun/servlet/trlicencias? HTTP/1.1" 200 11776
190.171.152.234 - - [26/May/2023:11:55:29 -0300] "GET /cormun/servlet/solicitudot?253546ffec68f908804a07e0edd44bea2d786aa4e8f9671e6a2576f230a2f2bbd1aae1f7f5561b52042079215f70423ed886c5014b76d35b95a7db2b2b3ed9af,gx-no-cache=1685108524670 HTTP/1.1" 200 51
190.171.152.234 - - [26/May/2023:11:56:08 -0300] "POST /cormun/servlet/solicitudot?8e4fc9cfd9e43e7fa40e4a7a032af0d3,INS,0,0,false,,gx-no-cache=1685108563678 HTTP/1.1" 200 13004
190.171.152.234 - - [26/May/2023:11:56:08 -0300] "GET /cormun/static/Shared/jqueryui/images/ui-bg_highlight-soft_100_c6c2c8_1x100.png HTTP/1.1" 404 1117
190.171.152.234 - - [26/May/2023:11:56:08 -0300] "GET /cormun/static/Shared/jqueryui/images/ui-icons_82798d_256x240.png HTTP/1.1" 404 1089
190.171.152.234 - - [26/May/2023:11:56:08 -0300] "GET /cormun/static/Shared/jqueryui/images/ui-bg_flat_55_fafafa_40x100.png HTTP/1.1" 404 1097
190.171.152.234 - - [26/May/2023:11:56:08 -0300] "GET /cormun/static/Shared/jqueryui/images/ui-icons_8d78a5_256x240.png HTTP/1.1" 404 1089
190.171.152.234 - - [26/May/2023:11:56:11 -0300] "GET /cormun/servlet/solicitudot?253546ffec68f908804a07e0edd44bea2d786aa4e8f9671e6a2576f230a2f2bbaa26c1f8ba54dbedc54f013bff7973f74091d3b334a4baccbb6ba231afd31886,gx-no-cache=1685108567057 HTTP/1.1" 200 51
190.171.152.234 - - [26/May/2023:11:56:36 -0300] "POST /cormun/servlet/solicitudot?gx-no-cache=1685108592215 HTTP/1.1" 200 256
190.171.152.234 - - [26/May/2023:11:56:40 -0300] "GET /cormun/servlet/solicitudot?253546ffec68f908804a07e0edd44bea2fb5caaa236550ade7bec23383af74fa66829df53802670552624957949efad4cfd17a79614823d3358080708f765c9c24c3defcc48ec2cbf8956b694d6412c53c06630300bb0065a6bb548364e748a309ad6faeab5f923125a8b6bbb377bd80c2a709008e405f5fbb2cf450953e184ae7954e8ec1505bd7e2d009a35eb55264203e6c750815892cbc5cc26b620a2aa86ac6167128c87b188c3af3c8a3f6042d970d642339295e61663bd49f9c71a51d54d35ebfc19eaaebce61bc1a8e76d5d1ac1dc2fe3e61930d245486de192b073a335904a2becb2ae5197f841641c15a45e2e9281f43cc8ec7c8180caa94876704efb081ac7f3055dd6d0e12f478c22a78dc27da04f7fbf2332bff2a23265302df3b15209e7d6d6ec99a89c1bccc9f0518fe33d3ccc5e5e01e447bcc4fd06eb998c794262cab3afafd676cf93437b99f420e5fa0b69a222846878f3a7b5a213b7b7e57ee5f4ba9778dfc7cac48217d6569a5d8c3da9dee7f05723159cc3990bf52,gx-no-cache=1685108595806 HTTP/1.1" 200 30
190.171.152.234 - - [26/May/2023:11:57:15 -0300] "GET /cormun/servlet/trsolicitudot? HTTP/1.1" 200 21215
190.171.152.234 - - [26/May/2023:11:57:16 -0300] "GET /cormun/servlet/trsolicitudot? HTTP/1.1" 200 21207
192.168.10.17 - - [26/May/2023:11:58:02 -0300] "GET /cormun/servlet/vesolicitudgral?2023,20239,, HTTP/1.1" 200 8410
192.168.10.17 - - [26/May/2023:11:58:02 -0300] "GET /cormun/pexe_scrolldiv.js HTTP/1.1" 404 1009
192.168.10.17 - - [26/May/2023:11:58:02 -0300] "GET /cormun/servlet/vesolicitudgral?2023,20239,, HTTP/1.1" 200 8409
190.171.152.234 - - [26/May/2023:11:58:45 -0300] "GET /cormun/servlet/trsolicitudot? HTTP/1.1" 200 21207
190.171.152.234 - - [26/May/2023:11:58:46 -0300] "GET /cormun/servlet/trsolicitudot? HTTP/1.1" 200 21207
190.171.152.234 - - [26/May/2023:11:58:50 -0300] "GET /cormun/servlet/solicitudot?INS,0,0,false, HTTP/1.1" 200 16158
190.171.152.234 - - [26/May/2023:11:58:50 -0300] "GET /cormun/servlet/solicitudot?INS,0,0,false, HTTP/1.1" 200 16165
190.171.152.234 - - [26/May/2023:11:59:03 -0300] "POST /cormun/servlet/solicitudot?gx-no-cache=1685108738464 HTTP/1.1" 200 3971
190.171.152.234 - - [26/May/2023:11:59:03 -0300] "POST /cormun/servlet/solicitudot?8e4fc9cfd9e43e7fa40e4a7a032af0d3,INS,0,0,false,,gx-no-cache=1685108738596 HTTP/1.1" 200 12802
190.171.152.234 - - [26/May/2023:11:59:05 -0300] "GET /cormun/servlet/solicitudot?253546ffec68f908804a07e0edd44bea74cc670e1ba1fd931da4b7879471129348aaabe4aeb1170d969fbbed90348c69,gx-no-cache=1685108740768 HTTP/1.1" 200 30
190.171.141.90 - - [26/May/2023:11:59:45 -0300] "GET /cormun/servlet/hlogin HTTP/1.1" 200 1719
190.171.141.90 - - [26/May/2023:11:59:45 -0300] "GET /cormun/servlet/hlogin HTTP/1.1" 200 1729
190.171.141.90 - - [26/May/2023:11:59:46 -0300] "GET /favicon.ico HTTP/1.1" 200 21630
190.171.141.90 - - [26/May/2023:11:59:58 -0300] "POST /cormun/servlet/hlogin?3d0bc42c95ed82b2069129ebaeac5fb5,gx-no-cache=1685112299781 HTTP/1.1" 200 90
190.171.141.90 - - [26/May/2023:11:59:58 -0300] "GET /cormun/servlet/hpexe_link HTTP/1.1" 200 950
190.171.141.90 - - [26/May/2023:11:59:58 -0300] "GET /cormun/servlet/hhome HTTP/1.1" 200 3972
190.171.141.90 - - [26/May/2023:11:59:58 -0300] "GET /cormun/servlet/hhome HTTP/1.1" 200 3968
186.103.157.98 - - [26/May/2023:12:00:26 -0300] "GET /cormun/servlet/hlogin HTTP/1.1" 200 1725
190.171.153.34 - - [26/May/2023:12:00:30 -0300] "GET /cormun/servlet/hlogin HTTP/1.1" 200 1724
186.103.157.98 - - [26/May/2023:12:00:32 -0300] "POST /cormun/servlet/hlogin?94baadde6cedbac838b18e670418f072,gx-no-cache=1685112303460 HTTP/1.1" 200 90
186.103.157.98 - - [26/May/2023:12:00:32 -0300] "GET /cormun/servlet/hpexe_link HTTP/1.1" 200 960
186.103.157.98 - - [26/May/2023:12:00:33 -0300] "GET /cormun/servlet/trsolicitudot? HTTP/1.1" 200 7496
186.103.157.98 - - [26/May/2023:12:00:33 -0300] "GET /cormun/servlet/trsolicitudot? HTTP/1.1" 200 7494
186.103.157.98 - - [26/May/2023:12:00:37 -0300] "GET /cormun/servlet/trpermisosgoce? HTTP/1.1" 200 9777
186.103.157.98 - - [26/May/2023:12:00:38 -0300] "GET /cormun/servlet/trpermisosgoce? HTTP/1.1" 200 9777
190.171.153.34 - - [26/May/2023:12:00:40 -0300] "POST /cormun/servlet/hlogin?9a018c8fd5afc8600dbd1b9ffc959c1c,gx-no-cache=1685112310700 HTTP/1.1" 200 432
190.171.141.90 - - [26/May/2023:12:00:41 -0300] "GET /cormun/servlet/trlicencias? HTTP/1.1" 200 15778
190.171.141.90 - - [26/May/2023:12:00:42 -0300] "GET /cormun/servlet/trlicencias? HTTP/1.1" 200 15798
186.103.157.98 - - [26/May/2023:12:00:43 -0300] "GET /cormun/static/menuarrow.gif HTTP/1.1" 404 1015
190.171.153.34 - - [26/May/2023:12:00:47 -0300] "POST /cormun/servlet/hlogin?9a018c8fd5afc8600dbd1b9ffc959c1c,gx-no-cache=1685112316956 HTTP/1.1" 200 432
186.103.157.98 - - [26/May/2023:12:00:48 -0300] "POST /cormun/servlet/trpermisosgoce?94baadde6cedbac838b18e670418f072,,gx-no-cache=1685112318998 HTTP/1.1" 200 10286
142.93.218.102 - - [26/May/2023:12:00:56 -0300] "GET / HTTP/1.1" 200 11217
190.171.153.34 - - [26/May/2023:12:00:59 -0300] "POST /cormun/servlet/hlogin?9a018c8fd5afc8600dbd1b9ffc959c1c,gx-no-cache=1685112329056 HTTP/1.1" 200 432
190.171.153.34 - - [26/May/2023:12:01:08 -0300] "GET /cormun/servlet/hlogin HTTP/1.1" 200 1724
186.103.157.98 - - [26/May/2023:12:01:11 -0300] "GET /cormun/servlet/hlogin HTTP/1.1" 200 1744
190.171.153.34 - - [26/May/2023:12:01:19 -0300] "POST /cormun/servlet/hlogin?9a018c8fd5afc8600dbd1b9ffc959c1c,gx-no-cache=1685112348919 HTTP/1.1" 200 90
190.171.153.34 - - [26/May/2023:12:01:19 -0300] "GET /cormun/servlet/hpexe_link HTTP/1.1" 200 954
190.171.153.34 - - [26/May/2023:12:01:19 -0300] "GET /cormun/servlet/hhome HTTP/1.1" 200 4230
190.171.153.34 - - [26/May/2023:12:01:20 -0300] "GET /cormun/servlet/hhome HTTP/1.1" 200 4227
190.171.153.34 - - [26/May/2023:12:01:32 -0300] "GET /cormun/servlet/trlicencias? HTTP/1.1" 200 11812
190.171.153.34 - - [26/May/2023:12:01:32 -0300] "GET /cormun/servlet/trlicencias? HTTP/1.1" 200 11814
192.168.10.17 - - [26/May/2023:12:01:36 -0300] "GET /cormun/servlet/vesolicitudgral?2023,20239,,SolicitudOTAdjuntos HTTP/1.1" 200 11100
192.168.10.17 - - [26/May/2023:12:01:36 -0300] "GET /cormun/pexe_scrolldiv.js HTTP/1.1" 404 1009
192.168.10.17 - - [26/May/2023:12:01:37 -0300] "POST /cormun/servlet/acontrolpreferencessavestate?None,RRHH+DANIELA,true HTTP/1.1" 200 35
192.168.10.17 - - [26/May/2023:12:01:38 -0300] "GET /cormun/servlet/vesolicitudgral?2023,20239,,SolicitudOTAdjuntos HTTP/1.1" 200 11100
192.168.10.17 - - [26/May/2023:12:01:40 -0300] "GET /cormun/PublicTempStorage/ya%F1ez_viveros_romina_patricia_%28afp_y_cotizaciones%293883606.pdf HTTP/1.1" 200 978230
192.168.10.17 - - [26/May/2023:12:01:54 -0300] "GET /cormun/servlet/vesolicitudgral?2023,20239,,SolicitudOTAdjuntos HTTP/1.1" 200 11101
192.168.10.17 - - [26/May/2023:12:01:55 -0300] "POST /cormun/servlet/acontrolpreferencessavestate?None,RRHH+DANIELA,true HTTP/1.1" 200 35
192.168.10.17 - - [26/May/2023:12:01:55 -0300] "GET /cormun/servlet/vesolicitudgral?2023,20239,,SolicitudOTAdjuntos HTTP/1.1" 200 11104
190.171.141.90 - - [26/May/2023:12:01:56 -0300] "GET /cormun/servlet/licenciaspermisos?DSP,15104564,L,20230524000000, HTTP/1.1" 200 7101
190.171.141.90 - - [26/May/2023:12:01:56 -0300] "GET /cormun/static/gxcfg.js?202012153173 HTTP/1.1" 200 953
190.171.141.90 - - [26/May/2023:12:01:56 -0300] "GET /cormun/static/licenciaspermisos.js?2020121532136 HTTP/1.1" 200 38753
190.171.141.90 - - [26/May/2023:12:01:56 -0300] "GET /cormun/servlet/licenciaspermisos?DSP,15104564,L,20230524000000, HTTP/1.1" 200 7102
192.168.10.17 - - [26/May/2023:12:01:56 -0300] "GET /cormun/PublicTempStorage/ya%F1ez_viveros_romina_patricia_%28fonasa%298647538.pdf HTTP/1.1" 200 71805
190.171.141.90 - - [26/May/2023:12:02:12 -0300] "GET /cormun/servlet/trsolicitudot? HTTP/1.1" 200 7213
190.171.141.90 - - [26/May/2023:12:02:12 -0300] "GET /cormun/servlet/trsolicitudot? HTTP/1.1" 200 7185
192.168.10.17 - - [26/May/2023:12:02:20 -0300] "GET /cormun/servlet/vesolicitudgral?2023,20239,,SolicitudOTAdjuntos HTTP/1.1" 200 11097
192.168.10.17 - - [26/May/2023:12:02:21 -0300] "POST /cormun/servlet/acontrolpreferencessavestate?None,RRHH+DANIELA,true HTTP/1.1" 200 35
192.168.10.17 - - [26/May/2023:12:02:21 -0300] "GET /cormun/servlet/vesolicitudgral?2023,20239,,SolicitudOTAdjuntos HTTP/1.1" 200 11101
192.168.10.17 - - [26/May/2023:12:02:22 -0300] "GET /cormun/servlet/vesolicitudgral?2023,20239,,General HTTP/1.1" 200 8411
192.168.10.17 - - [26/May/2023:12:02:22 -0300] "GET /cormun/pexe_scrolldiv.js HTTP/1.1" 404 1009
192.168.10.17 - - [26/May/2023:12:02:22 -0300] "GET /cormun/servlet/vesolicitudgral?2023,20239,,General HTTP/1.1" 200 8411
190.171.149.74 - - [26/May/2023:12:02:25 -0300] "POST /cormun/servlet/trsolicitudot?86d2c17fea35042e07ce99e640825066,gx-no-cache=1685112415042 HTTP/1.1" 440 972
190.171.149.74 - - [26/May/2023:12:02:27 -0300] "GET /cormun/servlet/trsolicitudot HTTP/1.1" 200 6315
190.171.149.74 - - [26/May/2023:12:02:27 -0300] "GET /cormun/servlet/hlogin HTTP/1.1" 200 1730
190.171.149.74 - - [26/May/2023:12:02:27 -0300] "GET /cormun/servlet/trsolicitudot HTTP/1.1" 200 6315
190.171.141.90 - - [26/May/2023:12:02:29 -0300] "GET /cormun/servlet/trsolicitudot? HTTP/1.1" 200 7185
190.171.141.90 - - [26/May/2023:12:02:29 -0300] "GET /cormun/servlet/trsolicitudot? HTTP/1.1" 200 7185
190.171.141.90 - - [26/May/2023:12:02:32 -0300] "GET /cormun/servlet/solicitudot?INS,0,0,false, HTTP/1.1" 200 15855
190.171.141.90 - - [26/May/2023:12:02:32 -0300] "GET /cormun/static/gxcfg.js?20221129840861 HTTP/1.1" 200 953
190.171.141.90 - - [26/May/2023:12:02:32 -0300] "GET /cormun/static/solicitudot.js?20221129840983 HTTP/1.1" 200 74072
190.171.141.90 - - [26/May/2023:12:02:33 -0300] "GET /cormun/servlet/solicitudot?INS,0,0,false, HTTP/1.1" 200 15862
190.171.141.90 - - [26/May/2023:12:02:55 -0300] "GET /cormun/servlet/trlicencias? HTTP/1.1" 200 15801
190.171.141.90 - - [26/May/2023:12:02:56 -0300] "GET /cormun/servlet/trlicencias? HTTP/1.1" 200 15781
190.171.141.90 - - [26/May/2023:12:03:04 -0300] "GET /cormun/servlet/trlicenciaspermisosadjuntos?15104564,20230524000000,L, HTTP/1.1" 200 6311
190.171.141.90 - - [26/May/2023:12:03:04 -0300] "GET /cormun/static/calendar-system.css?75620 HTTP/1.1" 200 5572
190.171.141.90 - - [26/May/2023:12:03:04 -0300] "GET /cormun/static/gxui/gxui-all.css?110300 HTTP/1.1" 200 2179
190.171.141.90 - - [26/May/2023:12:03:04 -0300] "GET /cormun/static/gxcfg.js?201991422445549 HTTP/1.1" 200 953
190.171.141.90 - - [26/May/2023:12:03:04 -0300] "GET /cormun/static/Resources/Spanish/PXTools.css?2294816 HTTP/1.1" 200 100853
190.171.141.90 - - [26/May/2023:12:03:04 -0300] "GET /cormun/static/Shared/ext/resources/css/ext-all.css?205870 HTTP/1.1" 200 416045
190.171.141.90 - - [26/May/2023:12:03:04 -0300] "GET /cormun/static/trlicenciaspermisosadjuntos.js?20199142244593 HTTP/1.1" 200 21036
190.171.141.90 - - [26/May/2023:12:03:05 -0300] "GET /cormun/servlet/trlicenciaspermisosadjuntos?15104564,20230524000000,L, HTTP/1.1" 200 6311
190.171.141.90 - - [26/May/2023:12:03:07 -0300] "GET /cormun/servlet/trlicencias? HTTP/1.1" 200 15777
190.171.141.90 - - [26/May/2023:12:03:08 -0300] "GET /cormun/servlet/trlicencias? HTTP/1.1" 200 15784
192.168.10.17 - - [26/May/2023:12:04:13 -0300] "GET /cormun/servlet/vesolicitudgral?2023,20239,,SolicitudOTAdjuntos HTTP/1.1" 200 11101
192.168.10.17 - - [26/May/2023:12:04:13 -0300] "GET /cormun/pexe_scrolldiv.js HTTP/1.1" 404 1009
192.168.10.17 - - [26/May/2023:12:04:14 -0300] "POST /cormun/servlet/acontrolpreferencessavestate?None,RRHH+DANIELA,true HTTP/1.1" 200 35
192.168.10.17 - - [26/May/2023:12:04:15 -0300] "GET /cormun/servlet/vesolicitudgral?2023,20239,,SolicitudOTAdjuntos HTTP/1.1" 200 11100
192.168.10.17 - - [26/May/2023:12:04:15 -0300] "GET /cormun/PublicTempStorage/ya%F1ez_viveros_romina_patricia_%28afp_y_cotizaciones%298888879.pdf HTTP/1.1" 200 978230
190.171.149.74 - - [26/May/2023:12:04:26 -0300] "POST /cormun/servlet/hlogin?a0b594683d2c0259fa6b06e79501f6a4,gx-no-cache=1685112536115 HTTP/1.1" 200 90
190.171.149.74 - - [26/May/2023:12:04:26 -0300] "GET /cormun/servlet/hpexe_link HTTP/1.1" 200 951
190.171.149.74 - - [26/May/2023:12:04:26 -0300] "GET /cormun/servlet/trsolicitudot HTTP/1.1" 200 8886
190.171.149.74 - - [26/May/2023:12:04:30 -0300] "GET /cormun/servlet/trsolicitudot HTTP/1.1" 200 8884
192.168.10.17 - - [26/May/2023:12:04:35 -0300] "GET /cormun/servlet/vesolicitudgral?2023,20239,,SolicitudOTAdjuntos HTTP/1.1" 200 11101
192.168.10.17 - - [26/May/2023:12:04:36 -0300] "POST /cormun/servlet/acontrolpreferencessavestate?None,RRHH+DANIELA,true HTTP/1.1" 200 35
192.168.10.17 - - [26/May/2023:12:04:37 -0300] "GET /cormun/servlet/vesolicitudgral?2023,20239,,SolicitudOTAdjuntos HTTP/1.1" 200 11104
192.168.10.17 - - [26/May/2023:12:04:37 -0300] "GET /cormun/servlet/trsolicitudgral? HTTP/1.1" 200 13449
192.168.10.17 - - [26/May/2023:12:04:37 -0300] "GET /cormun/servlet/trsolicitudgral? HTTP/1.1" 200 13443
192.168.10.17 - - [26/May/2023:12:04:42 -0300] "GET /cormun/servlet/vesolicitudgral?2023,20205,, HTTP/1.1" 200 8364
192.168.10.17 - - [26/May/2023:12:04:42 -0300] "GET /cormun/pexe_scrolldiv.js HTTP/1.1" 404 1009
192.168.10.17 - - [26/May/2023:12:04:43 -0300] "GET /cormun/servlet/vesolicitudgral?2023,20205,, HTTP/1.1" 200 8364
192.168.10.17 - - [26/May/2023:12:05:10 -0300] "GET /cormun/servlet/vesolicitudgral?2023,20205,,SolicitudOTAdjuntos HTTP/1.1" 200 7055
192.168.10.17 - - [26/May/2023:12:05:10 -0300] "GET /cormun/pexe_scrolldiv.js HTTP/1.1" 404 1009
192.168.10.17 - - [26/May/2023:12:05:10 -0300] "GET /cormun/servlet/vesolicitudgral?2023,20205,,SolicitudOTAdjuntos HTTP/1.1" 200 7055
192.168.10.17 - - [26/May/2023:12:05:11 -0300] "POST /cormun/servlet/acontrolpreferencessavestate?None,RRHH+DANIELA,true HTTP/1.1" 200 35
192.168.10.17 - - [26/May/2023:12:05:18 -0300] "GET /cormun/servlet/vesolicitudgral?2023,20205,,General HTTP/1.1" 200 8367
192.168.10.17 - - [26/May/2023:12:05:18 -0300] "GET /cormun/pexe_scrolldiv.js HTTP/1.1" 404 1009
192.168.10.17 - - [26/May/2023:12:05:18 -0300] "GET /cormun/servlet/vesolicitudgral?2023,20205,,General HTTP/1.1" 200 8367
190.171.141.90 - - [26/May/2023:12:06:03 -0300] "GET /cormun/servlet/trlicenciaspermisosadjuntos?15104564,20230524000000,L, HTTP/1.1" 200 6311
190.171.141.90 - - [26/May/2023:12:06:04 -0300] "GET /cormun/servlet/trlicenciaspermisosadjuntos?15104564,20230524000000,L, HTTP/1.1" 200 6311
190.171.142.42 - - [26/May/2023:12:06:06 -0300] "POST /cormun/servlet/hlogin?5c298b9528bd27faed45828c5909f7bb,gx-no-cache=1685112635038 HTTP/1.1" 200 90
190.171.142.42 - - [26/May/2023:12:06:06 -0300] "GET /cormun/servlet/hpexe_link HTTP/1.1" 200 959
190.171.142.42 - - [26/May/2023:12:06:06 -0300] "GET /cormun/servlet/trautorizarsolicitud HTTP/1.1" 200 8776
190.171.142.42 - - [26/May/2023:12:06:07 -0300] "GET /cormun/servlet/trautorizarsolicitud HTTP/1.1" 200 8777
190.171.141.90 - - [26/May/2023:12:06:07 -0300] "GET /cormun/servlet/trlicencias? HTTP/1.1" 200 15782
190.171.141.90 - - [26/May/2023:12:06:07 -0300] "GET /cormun/servlet/trlicencias? HTTP/1.1" 200 15776
190.171.142.42 - - [26/May/2023:12:06:12 -0300] "POST /cormun/servlet/trautorizarsolicitud?5c298b9528bd27faed45828c5909f7bb,gx-no-cache=1685112640834 HTTP/1.1" 200 4776
190.171.142.42 - - [26/May/2023:12:06:12 -0300] "GET /cormun/static/Shared/jqueryui/images/ui-bg_highlight-soft_100_c6c2c8_1x100.png HTTP/1.1" 404 1117
190.171.142.42 - - [26/May/2023:12:06:12 -0300] "GET /cormun/static/Shared/jqueryui/images/ui-icons_82798d_256x240.png HTTP/1.1" 404 1089
190.171.142.42 - - [26/May/2023:12:06:12 -0300] "GET /cormun/static/Shared/jqueryui/images/ui-bg_flat_55_fafafa_40x100.png HTTP/1.1" 404 1097
190.171.142.42 - - [26/May/2023:12:06:12 -0300] "GET /cormun/static/Shared/jqueryui/images/ui-icons_8d78a5_256x240.png HTTP/1.1" 404 1089
190.171.142.42 - - [26/May/2023:12:06:12 -0300] "POST /cormun/servlet/trautorizarsolicitud?5c298b9528bd27faed45828c5909f7bb,gx-no-cache=1685112640983 HTTP/1.1" 200 4532
190.171.149.74 - - [26/May/2023:12:07:27 -0300] "POST /cormun/servlet/trsolicitudot?a0b594683d2c0259fa6b06e79501f6a4,gx-no-cache=1685112717817 HTTP/1.1" 200 110
190.171.142.42 - - [26/May/2023:12:07:28 -0300] "GET /cormun/servlet/hlogin HTTP/1.1" 200 1739
190.171.149.74 - - [26/May/2023:12:07:28 -0300] "GET /cormun/servlet/solicitudot?UPD,2023,20279,false, HTTP/1.1" 200 16558
190.171.149.74 - - [26/May/2023:12:07:38 -0300] "GET /cormun/servlet/solicitudot?UPD,2023,20279,false, HTTP/1.1" 200 16570
190.171.149.74 - - [26/May/2023:12:07:40 -0300] "POST /cormun/servlet/solicitudot?gx-no-cache=1685112728573 HTTP/1.1" 200 4035
190.171.149.74 - - [26/May/2023:12:07:41 -0300] "POST /cormun/servlet/solicitudot?a0b594683d2c0259fa6b06e79501f6a4,UPD,2023,20279,false,,gx-no-cache=1685112731863 HTTP/1.1" 200 12694
190.171.149.74 - - [26/May/2023:12:07:42 -0300] "GET /cormun/servlet/solicitudot?e4f19522b5efb181f88c6e18bfb4a12fa5e574b678639f6e41b2f7b284c7e9905096346300dab43e931ca680398aa6db,gx-no-cache=1685112732924 HTTP/1.1" 200 30
190.171.149.74 - - [26/May/2023:12:07:43 -0300] "GET /cormun/servlet/solicitudot?e4f19522b5efb181f88c6e18bfb4a12f0832eda018aefc697f0ff61150d315e1df21782ce71905e7e652d50d6cba88e7,gx-no-cache=1685112733038 HTTP/1.1" 200 30
190.171.149.74 - - [26/May/2023:12:07:43 -0300] "GET /cormun/servlet/solicitudot?e4f19522b5efb181f88c6e18bfb4a12f68f720cba659fab9fe2c224c6edff549187cceb40732b00cb9863e0fa8bbf7ae663e204212906520980a1279b042dcde1ca6779b1b95fdd5d75d9e9a351a6dd9,gx-no-cache=1685112733303 HTTP/1.1" 200 59
190.171.149.74 - - [26/May/2023:12:07:43 -0300] "POST /cormun/servlet/solicitudot?gx-no-cache=1685112733432 HTTP/1.1" 200 256
190.171.149.74 - - [26/May/2023:12:07:43 -0300] "GET /cormun/servlet/solicitudot?e4f19522b5efb181f88c6e18bfb4a12f50163eff81a49b9361d5707179d4f4814f326c373a4d2dc4605d4cb973e8794e624fd637ae82a4bc7efcc1df3865a0fea1d98edc9e01f07cd02712a2cad88e23e6a5eda8c8e236d33be4d294f4ce63eb9a012e566206d15d4608dd8fee54550b43aecb8e7fa46a154d8df2b3a9be276ca7e4553730870914718bc95696a334556f75fd95ed1c38ffe6649717505d137324117b35e195648c3542b9db7ce1af18ce1d70d35d97038df7256e01f4a21ff9dae538721731a088d9ed611323f9b1dac1fa444e694df41c84dc798ac2478a20d021dae2e7dfaef3f44e2b7b76f2a86c2d355d84ddfb2bf473da91a3b76017fabc0f057f8393e33b5ddb3212b2ded3c12345dc3318d7ca70277fd29a1b088ba9e8896c73a25229fd2dbe89614666f940c78c2d679a4e29ad6c80874e728320f833ab2e7f93c3bde38ba05f5891836dc4b2daaf6e547dfc7f2511335756397759c8336c0237ee64e49dcfc21d29d7c2d233874b072ff971422625230b600d1095,gx-no-cache=1685112733502 HTTP/1.1" 200 30
190.171.149.74 - - [26/May/2023:12:07:43 -0300] "POST /cormun/servlet/solicitudot?gx-no-cache=1685112733721 HTTP/1.1" 200 30
190.171.149.74 - - [26/May/2023:12:07:43 -0300] "POST /cormun/servlet/solicitudot?gx-no-cache=1685112733833 HTTP/1.1" 200 1468
190.171.149.74 - - [26/May/2023:12:07:44 -0300] "POST /cormun/servlet/solicitudot?gx-no-cache=1685112734881 HTTP/1.1" 200 41
190.171.149.74 - - [26/May/2023:12:08:30 -0300] "GET /cormun/servlet/solicitudot?e4f19522b5efb181f88c6e18bfb4a12f22244dd9ca5b2873c148bf2a3605b3384afd3b8319ba969f2b53d7f83f60e6fd8eeaeb23a5cc3a5a2c4dd487119b87e3b6e3da08b66279cd56bb63b904593e17c4d4ecbe0faa2f2f1b5be1ce466a58321b07fc28edf21ca6c4a066f844a7778d,gx-no-cache=1685112780291 HTTP/1.1" 200 110
190.171.141.138 - - [26/May/2023:12:09:09 -0300] "GET /cormun/servlet/trautorizarpermisogoce? HTTP/1.1" 200 5937
190.171.141.138 - - [26/May/2023:12:09:09 -0300] "GET /cormun/servlet/hlogin HTTP/1.1" 200 1742
190.171.141.138 - - [26/May/2023:12:09:09 -0300] "GET /cormun/servlet/trautorizarpermisogoce? HTTP/1.1" 200 5932
190.171.149.74 - - [26/May/2023:12:09:12 -0300] "POST /cormun/servlet/solicitudot?gx-no-cache=1685112822739 HTTP/1.1" 200 109
190.171.141.138 - - [26/May/2023:12:09:12 -0300] "POST /cormun/servlet/hlogin?33d9eef62f2b3b73887a2bbc3b9d4758,gx-no-cache=1685112822718 HTTP/1.1" 200 90
190.171.149.74 - - [26/May/2023:12:09:12 -0300] "GET /cormun/servlet/solicitudot?e4f19522b5efb181f88c6e18bfb4a12f50110a8fbb888bf611aec1c6ac84ac1043ff139f080b8f95a6ac3fdbbaf0a1bb6289d53a40cac8d80b4887598fe29545da36895198785e6fed1537ea409ed89d2539defcb022cbc6aa81958172a842df9bf8617e52dc818a5c4675d53fffcdb6a322512b925cb9ecd79ef3eb7612a90226bfd60518edce577c34013f24b0daa54198a16cf9799b99ad8cd5bbc937e0fa,gx-no-cache=1685112822777 HTTP/1.1" 200 29
190.171.141.138 - - [26/May/2023:12:09:12 -0300] "GET /cormun/servlet/hpexe_link HTTP/1.1" 200 961
190.171.149.74 - - [26/May/2023:12:09:12 -0300] "GET /cormun/servlet/solicitudot?e4f19522b5efb181f88c6e18bfb4a12fbc5863fd536dd7b5076e4d0126f84ba38a781ff427d5da2678685cc2c82fb3ae,gx-no-cache=1685112822800 HTTP/1.1" 200 30
190.171.149.74 - - [26/May/2023:12:09:12 -0300] "POST /cormun/servlet/solicitudot?gx-no-cache=1685112822820 HTTP/1.1" 200 33
190.171.141.138 - - [26/May/2023:12:09:12 -0300] "GET /cormun/servlet/trautorizarpermisogoce HTTP/1.1" 200 7143
190.171.149.74 - - [26/May/2023:12:09:13 -0300] "POST /cormun/servlet/solicitudot?a0b594683d2c0259fa6b06e79501f6a4,UPD,2023,20279,false,,gx-no-cache=1685112822861 HTTP/1.1" 200 93
190.171.149.74 - - [26/May/2023:12:09:13 -0300] "GET /cormun/servlet/hpexe_return? HTTP/1.1" 200 1007
190.171.141.138 - - [26/May/2023:12:09:13 -0300] "GET /cormun/servlet/trautorizarpermisogoce HTTP/1.1" 200 7142
190.171.149.74 - - [26/May/2023:12:09:13 -0300] "GET /cormun/servlet/trsolicitudot HTTP/1.1" 200 8887
190.171.149.74 - - [26/May/2023:12:09:13 -0300] "GET /cormun/servlet/trsolicitudot HTTP/1.1" 200 8885
190.171.141.138 - - [26/May/2023:12:09:33 -0300] "GET /cormun/servlet/trlicencias? HTTP/1.1" 200 12124
190.171.141.138 - - [26/May/2023:12:09:34 -0300] "GET /cormun/servlet/trlicencias? HTTP/1.1" 200 12121
190.171.141.90 - - [26/May/2023:12:11:28 -0300] "GET /cormun/servlet/licenciaspermisos?DSP,15104564,L,20230524000000, HTTP/1.1" 200 7101
190.171.141.90 - - [26/May/2023:12:11:28 -0300] "GET /cormun/servlet/licenciaspermisos?DSP,15104564,L,20230524000000, HTTP/1.1" 200 7102
114.246.242.244 - - [26/May/2023:12:11:45 -0300] "GET /phpMyAdmin/scripts/setup.php HTTP/1.0" 404 1017
114.246.242.244 - - [26/May/2023:12:11:46 -0300] "GET /phpmyadmin/scripts/setup.php HTTP/1.0" 404 1017
114.246.242.244 - - [26/May/2023:12:11:46 -0300] "GET /phpMyAdmin-2.11.4/scripts/setup.php HTTP/1.0" 404 1031
114.246.242.244 - - [26/May/2023:12:11:47 -0300] "GET /phpMyAdmin-2.11.3/scripts/setup.php HTTP/1.0" 404 1031
114.246.242.244 - - [26/May/2023:12:11:48 -0300] "GET /phpMyAdmin-2.10.0.2/scripts/setup.php HTTP/1.0" 404 1035
114.246.242.244 - - [26/May/2023:12:11:48 -0300] "GET /phpMyAdmin-2.10.3/scripts/setup.php HTTP/1.0" 404 1031
114.246.242.244 - - [26/May/2023:12:11:49 -0300] "GET /phpMyAdmin-2.8.0.2/scripts/setup.php HTTP/1.0" 404 1033
114.246.242.244 - - [26/May/2023:12:11:49 -0300] "GET /phpMyAdmin-2.10.2/scripts/setup.php HTTP/1.0" 404 1031
114.246.242.244 - - [26/May/2023:12:11:50 -0300] "GET /phpMyAdmin-2.11.9.2/scripts/setup.php HTTP/1.0" 404 1035
114.246.242.244 - - [26/May/2023:12:11:51 -0300] "GET /phpMyAdmin-2.11.0/scripts/setup.php HTTP/1.0" 404 1031
114.246.242.244 - - [26/May/2023:12:11:51 -0300] "GET /phpMyAdmin-2.11.7/scripts/setup.php HTTP/1.0" 404 1031
114.246.242.244 - - [26/May/2023:12:11:52 -0300] "GET /phpMyAdmin-2.11.1.2/scripts/setup.php HTTP/1.0" 404 1035
114.246.242.244 - - [26/May/2023:12:11:53 -0300] "GET /pma/scripts/setup.php HTTP/1.0" 404 1003
114.246.242.244 - - [26/May/2023:12:11:54 -0300] "GET /phpMyAdmin3/scripts/setup.php HTTP/1.0" 404 1019
114.246.242.244 - - [26/May/2023:12:11:54 -0300] "GET /myadmin/scripts/setup.php HTTP/1.0" 404 1011
114.246.242.244 - - [26/May/2023:12:11:55 -0300] "GET /MyAdmin/scripts/setup.php HTTP/1.0" 404 1011
114.246.242.244 - - [26/May/2023:12:11:55 -0300] "GET /PHPMYADMIN/scripts/setup.php HTTP/1.0" 404 1017
114.246.242.244 - - [26/May/2023:12:11:56 -0300] "GET /mysqladmin/scripts/setup.php HTTP/1.0" 404 1017
114.246.242.244 - - [26/May/2023:12:11:57 -0300] "GET /SQL/scripts/setup.php HTTP/1.0" 404 1003
114.246.242.244 - - [26/May/2023:12:11:57 -0300] "GET /phpMyAdmin-2.5.5-pl1/scripts/setup.php HTTP/1.0" 404 1037
114.246.242.244 - - [26/May/2023:12:11:58 -0300] "GET /phpMyAdmin-2.5.5/scripts/setup.php HTTP/1.0" 404 1029
114.246.242.244 - - [26/May/2023:12:11:59 -0300] "GET /phpMyAdmin-2.5.4/scripts/setup.php HTTP/1.0" 404 1029
114.246.242.244 - - [26/May/2023:12:11:59 -0300] "GET /phpMyAdmin-2.5.7-pl1/scripts/setup.php HTTP/1.0" 404 1037
114.246.242.244 - - [26/May/2023:12:12:00 -0300] "GET /admin/pma/scripts/setup.php HTTP/1.0" 404 1015
114.246.242.244 - - [26/May/2023:12:12:01 -0300] "GET /phpMyAdmin-2/scripts/setup.php HTTP/1.0" 404 1021
114.246.242.244 - - [26/May/2023:12:12:01 -0300] "GET /web/phpMyAdmin/scripts/setup.php HTTP/1.0" 404 1025
114.246.242.244 - - [26/May/2023:12:12:02 -0300] "GET /webadmin/scripts/setup.php HTTP/1.0" 404 1013
114.246.242.244 - - [26/May/2023:12:12:03 -0300] "GET /admin/scripts/setup.php HTTP/1.0" 404 1007
114.246.242.244 - - [26/May/2023:12:12:03 -0300] "GET /dbadmin/scripts/setup.php HTTP/1.0" 404 1011
114.246.242.244 - - [26/May/2023:12:12:04 -0300] "GET /mysql/scripts/setup.php HTTP/1.0" 404 1007
114.246.242.244 - - [26/May/2023:12:12:05 -0300] "GET /phpMyAdmin2/scripts/setup.php HTTP/1.0" 404 1019
114.246.242.244 - - [26/May/2023:12:12:05 -0300] "GET /phpma/scripts/setup.php HTTP/1.0" 404 1007
114.246.242.244 - - [26/May/2023:12:12:06 -0300] "GET /sqlweb/scripts/setup.php HTTP/1.0" 404 1009
114.246.242.244 - - [26/May/2023:12:12:07 -0300] "GET /webdb/scripts/setup.php HTTP/1.0" 404 1007
114.246.242.244 - - [26/May/2023:12:12:08 -0300] "GET /websql/scripts/setup.php HTTP/1.0" 404 1009
114.246.242.244 - - [26/May/2023:12:12:09 -0300] "GET /_phpMyAdmin/scripts/setup.php HTTP/1.0" 404 1019
114.246.242.244 - - [26/May/2023:12:12:09 -0300] "GET /php/scripts/setup.php HTTP/1.0" 404 1003
114.246.242.244 - - [26/May/2023:12:12:10 -0300] "GET /admin/phpmyadmin/scripts/setup.txt HTTP/1.0" 404 1029
114.246.242.244 - - [26/May/2023:12:12:11 -0300] "GET /db/scripts/setup.php HTTP/1.0" 404 1001
114.246.242.244 - - [26/May/2023:12:12:11 -0300] "GET /sqlmanager/scripts/setup.php HTTP/1.0" 404 1017
114.246.242.244 - - [26/May/2023:12:12:13 -0300] "GET /mysqlmanager/scripts/setup.php HTTP/1.0" 404 1021
114.246.242.244 - - [26/May/2023:12:12:13 -0300] "GET /phpmanager/scripts/setup.php HTTP/1.0" 404 1017
114.246.242.244 - - [26/May/2023:12:12:14 -0300] "GET /php-myadmin/scripts/setup.php HTTP/1.0" 404 1019
114.246.242.244 - - [26/May/2023:12:12:15 -0300] "GET /phpmy-admin/scripts/setup.php HTTP/1.0" 404 1019
114.246.242.244 - - [26/May/2023:12:12:16 -0300] "GET /mysql-admin/scripts/setup.php HTTP/1.0" 404 1019
190.171.142.10 - - [26/May/2023:12:12:41 -0300] "GET /cormun/servlet/hlogin HTTP/1.1" 200 1720
190.171.142.10 - - [26/May/2023:12:12:46 -0300] "POST /cormun/servlet/hlogin?5598417e2e2c78686a32b31c84bb3c93,gx-no-cache=1685113036870 HTTP/1.1" 200 90
190.171.142.10 - - [26/May/2023:12:12:46 -0300] "GET /cormun/servlet/hpexe_link HTTP/1.1" 200 951
190.171.142.10 - - [26/May/2023:12:12:46 -0300] "GET /cormun/servlet/hhome HTTP/1.1" 200 4210
190.171.142.10 - - [26/May/2023:12:12:47 -0300] "GET /cormun/servlet/hhome HTTP/1.1" 200 4206
190.171.142.10 - - [26/May/2023:12:12:50 -0300] "GET /cormun/servlet/trlicencias? HTTP/1.1" 200 12879
190.171.142.10 - - [26/May/2023:12:12:50 -0300] "GET /cormun/servlet/trlicencias? HTTP/1.1" 200 12885
192.168.10.17 - - [26/May/2023:12:13:54 -0300] "GET /cormun/servlet/trsolicitudgral? HTTP/1.1" 200 13067
192.168.10.17 - - [26/May/2023:12:13:54 -0300] "GET /cormun/servlet/trsolicitudgral? HTTP/1.1" 200 13061
192.168.10.17 - - [26/May/2023:12:13:58 -0300] "GET /cormun/servlet/vesolicitudgral?2023,20239,, HTTP/1.1" 200 8410
192.168.10.17 - - [26/May/2023:12:13:58 -0300] "GET /cormun/pexe_scrolldiv.js HTTP/1.1" 404 1009
192.168.10.17 - - [26/May/2023:12:13:58 -0300] "GET /cormun/servlet/vesolicitudgral?2023,20239,, HTTP/1.1" 200 8409
190.46.88.50 - - [26/May/2023:12:16:13 -0300] "GET /cormun/servlet/hhome HTTP/1.1" 200 3322
190.46.88.50 - - [26/May/2023:12:16:13 -0300] "GET /cormun/static/PXToolsJavascripts/PXToolsJavascriptsRender.js HTTP/1.1" 200 367
190.46.88.50 - - [26/May/2023:12:16:13 -0300] "GET /cormun/servlet/hhome HTTP/1.1" 200 3332
190.46.88.50 - - [26/May/2023:12:16:13 -0300] "GET /cormun/servlet/hlogin HTTP/1.1" 200 1731
190.46.88.50 - - [26/May/2023:12:16:13 -0300] "GET /cormun/servlet/hhome HTTP/1.1" 200 3332
190.46.88.50 - - [26/May/2023:12:16:13 -0300] "GET /favicon.ico HTTP/1.1" 200 21630
192.168.10.17 - - [26/May/2023:12:16:33 -0300] "GET /cormun/servlet/vesolicitudgral?2023,20239,,SolicitudOTAdjuntos HTTP/1.1" 200 11098
192.168.10.17 - - [26/May/2023:12:16:33 -0300] "GET /cormun/pexe_scrolldiv.js HTTP/1.1" 404 1009
192.168.10.17 - - [26/May/2023:12:16:34 -0300] "POST /cormun/servlet/acontrolpreferencessavestate?None,RRHH+DANIELA,true HTTP/1.1" 200 35
192.168.10.17 - - [26/May/2023:12:16:34 -0300] "GET /cormun/servlet/vesolicitudgral?2023,20239,,SolicitudOTAdjuntos HTTP/1.1" 200 11100
192.168.10.17 - - [26/May/2023:12:16:39 -0300] "GET /cormun/PublicTempStorage/ya%F1ez_viveros_romina_patricia_%28afp_y_cotizaciones%292501690.pdf HTTP/1.1" 200 978230
192.168.10.17 - - [26/May/2023:12:16:47 -0300] "GET /cormun/servlet/vesolicitudgral?2023,20239,,SolicitudOTAdjuntos HTTP/1.1" 200 11102
192.168.10.17 - - [26/May/2023:12:16:48 -0300] "POST /cormun/servlet/acontrolpreferencessavestate?None,RRHH+DANIELA,true HTTP/1.1" 200 35
192.168.10.17 - - [26/May/2023:12:16:48 -0300] "GET /cormun/servlet/vesolicitudgral?2023,20239,,SolicitudOTAdjuntos HTTP/1.1" 200 11099
192.168.10.17 - - [26/May/2023:12:16:49 -0300] "GET /cormun/PublicTempStorage/ya%F1ez_viveros_romina_patricia_%28fonasa%293625833.pdf HTTP/1.1" 200 71805
192.168.10.17 - - [26/May/2023:12:16:54 -0300] "GET /cormun/servlet/vesolicitudgral?2023,20239,,SolicitudOTAdjuntos HTTP/1.1" 200 11095
192.168.10.17 - - [26/May/2023:12:16:55 -0300] "POST /cormun/servlet/acontrolpreferencessavestate?None,RRHH+DANIELA,true HTTP/1.1" 200 35
192.168.10.17 - - [26/May/2023:12:16:55 -0300] "GET /cormun/servlet/vesolicitudgral?2023,20239,,SolicitudOTAdjuntos HTTP/1.1" 200 11102
192.168.10.17 - - [26/May/2023:12:16:57 -0300] "GET /cormun/servlet/vesolicitudgral?2023,20239,,General HTTP/1.1" 200 8411
192.168.10.17 - - [26/May/2023:12:16:57 -0300] "GET /cormun/pexe_scrolldiv.js HTTP/1.1" 404 1009
