190.171.142.42 - - [26/May/2023:11:43:42 -0300] "GET /cormun/servlet/solicitudotadjuntos?33f0a5d17aafdaba12d3e5fab94483a8a19d5a8780d7bd1f30562114abfb9e25,gx-no-cache=1685111291295 HTTP/1.1" 200 30
190.171.142.42 - - [26/May/2023:11:43:43 -0300] "POST /cormun/servlet/solicitudotadjuntos?5c298b9528bd27faed45828c5909f7bb,INS,2023,20283,,2, HTTP/1.1" 200 116
190.171.142.42 - - [26/May/2023:11:43:43 -0300] "GET /cormun/servlet/hpexe_return? HTTP/1.1" 200 1021
190.171.142.42 - - [26/May/2023:11:43:43 -0300] "GET /cormun/servlet/trsolicitudadjuntos?2023,20283, HTTP/1.1" 200 9301
190.171.142.42 - - [26/May/2023:11:43:43 -0300] "GET /cormun/servlet/trsolicitudadjuntos?2023,20283, HTTP/1.1" 200 9299
190.171.152.234 - - [26/May/2023:11:43:44 -0300] "GET /cormun/servlet/prbanco?,MD,,gxPopupLevel%3D0%3B HTTP/1.1" 200 6563
190.171.142.42 - - [26/May/2023:11:43:45 -0300] "GET /cormun/servlet/solicitudotadjuntos?INS,2023,20283,,2, HTTP/1.1" 200 6309
190.171.142.42 - - [26/May/2023:11:43:45 -0300] "GET /cormun/static/about:blank HTTP/1.1" 404 1011
190.171.142.42 - - [26/May/2023:11:43:45 -0300] "GET /cormun/servlet/solicitudotadjuntos?INS,2023,20283,,2, HTTP/1.1" 200 6303
190.171.142.42 - - [26/May/2023:11:43:46 -0300] "GET /cormun/servlet/solicitudotadjuntos?33f0a5d17aafdaba12d3e5fab94483a8493c3d748c8c7ac429b637dd97689337aeb3611ebd3bc6552a0b859b675f15ed,gx-no-cache=1685111294686 HTTP/1.1" 200 30
190.171.142.42 - - [26/May/2023:11:43:46 -0300] "POST /cormun/servlet/solicitudotadjuntos?5c298b9528bd27faed45828c5909f7bb,INS,2023,20283,,2,,gx-no-cache=1685111294709 HTTP/1.1" 200 4495
190.171.152.234 - - [26/May/2023:11:43:48 -0300] "GET /cormun/servlet/solicitudot?253546ffec68f908804a07e0edd44bea00785753985aca4b834d2ec9f36433b6ab6c4a7bcd75f2bbd3023f9a52fd081c,gx-no-cache=1685107824095 HTTP/1.1" 200 30
190.171.152.234 - - [26/May/2023:11:43:49 -0300] "GET /cormun/servlet/solicitudot?253546ffec68f908804a07e0edd44bea26172c098d992577d9164acc1ea0febf,gx-no-cache=1685107825006 HTTP/1.1" 200 53
190.171.142.42 - - [26/May/2023:11:43:51 -0300] "POST /cormun/servlet/solicitudotadjuntos?gx-no-cache=1685111299761 HTTP/1.1" 200 26
190.171.141.106 - - [26/May/2023:11:43:51 -0300] "GET /cormun/servlet/trvisualizadoreventos? HTTP/1.1" 200 6985
190.171.141.106 - - [26/May/2023:11:43:51 -0300] "GET /cormun/servlet/trvisualizadoreventos? HTTP/1.1" 200 6972
190.171.141.106 - - [26/May/2023:11:43:54 -0300] "GET /cormun/servlet/trsolicitudot? HTTP/1.1" 200 8821
186.103.157.98 - - [26/May/2023:11:43:54 -0300] "POST /cormun/servlet/solicitudot?gx-no-cache=1685111305470 HTTP/1.1" 200 30
190.171.141.106 - - [26/May/2023:11:43:54 -0300] "GET /cormun/servlet/trsolicitudot? HTTP/1.1" 200 8820
186.103.157.98 - - [26/May/2023:11:43:54 -0300] "POST /cormun/servlet/solicitudot?gx-no-cache=1685111305516 HTTP/1.1" 200 1469
186.103.157.98 - - [26/May/2023:11:43:55 -0300] "POST /cormun/servlet/solicitudot?gx-no-cache=1685111305561 HTTP/1.1" 200 41
190.171.142.42 - - [26/May/2023:11:43:57 -0300] "GET /cormun/servlet/solicitudotadjuntos?33f0a5d17aafdaba12d3e5fab94483a8a19d5a8780d7bd1f30562114abfb9e25,gx-no-cache=1685111306394 HTTP/1.1" 200 30
190.171.142.42 - - [26/May/2023:11:43:57 -0300] "GET /cormun/servlet/solicitudotadjuntos?33f0a5d17aafdaba12d3e5fab94483a8a19d5a8780d7bd1f30562114abfb9e25,gx-no-cache=1685111306426 HTTP/1.1" 200 30
190.171.142.42 - - [26/May/2023:11:43:57 -0300] "POST /cormun/servlet/solicitudotadjuntos?5c298b9528bd27faed45828c5909f7bb,INS,2023,20283,,2, HTTP/1.1" 200 116
190.171.142.42 - - [26/May/2023:11:43:57 -0300] "GET /cormun/servlet/hpexe_return? HTTP/1.1" 200 1021
190.171.142.42 - - [26/May/2023:11:43:58 -0300] "GET /cormun/servlet/trsolicitudadjuntos?2023,20283, HTTP/1.1" 200 9539
190.171.142.42 - - [26/May/2023:11:43:58 -0300] "GET /cormun/servlet/trsolicitudadjuntos?2023,20283, HTTP/1.1" 200 9537
190.171.152.234 - - [26/May/2023:11:43:59 -0300] "POST /cormun/servlet/solicitudot?8e4fc9cfd9e43e7fa40e4a7a032af0d3,INS,0,0,false,,gx-no-cache=1685107834303 HTTP/1.1" 200 13002
190.171.152.234 - - [26/May/2023:11:43:59 -0300] "GET /cormun/static/Shared/jqueryui/images/ui-bg_highlight-soft_100_c6c2c8_1x100.png HTTP/1.1" 404 1117
190.171.152.234 - - [26/May/2023:11:43:59 -0300] "GET /cormun/static/Shared/jqueryui/images/ui-icons_82798d_256x240.png HTTP/1.1" 404 1089
190.171.152.234 - - [26/May/2023:11:43:59 -0300] "GET /cormun/static/Shared/jqueryui/images/ui-bg_flat_55_fafafa_40x100.png HTTP/1.1" 404 1097
190.171.152.234 - - [26/May/2023:11:43:59 -0300] "GET /cormun/static/Shared/jqueryui/images/ui-icons_8d78a5_256x240.png HTTP/1.1" 404 1089
190.171.142.42 - - [26/May/2023:11:44:00 -0300] "GET /cormun/servlet/solicitudotadjuntos?INS,2023,20283,,2, HTTP/1.1" 200 6309
190.171.142.42 - - [26/May/2023:11:44:00 -0300] "GET /cormun/static/about:blank HTTP/1.1" 404 1011
190.171.142.42 - - [26/May/2023:11:44:00 -0300] "GET /cormun/servlet/solicitudotadjuntos?INS,2023,20283,,2, HTTP/1.1" 200 6303
190.171.142.42 - - [26/May/2023:11:44:01 -0300] "GET /cormun/servlet/solicitudotadjuntos?33f0a5d17aafdaba12d3e5fab94483a8493c3d748c8c7ac429b637dd97689337aeb3611ebd3bc6552a0b859b675f15ed,gx-no-cache=1685111309658 HTTP/1.1" 200 30
190.171.142.42 - - [26/May/2023:11:44:01 -0300] "POST /cormun/servlet/solicitudotadjuntos?5c298b9528bd27faed45828c5909f7bb,INS,2023,20283,,2,,gx-no-cache=1685111309673 HTTP/1.1" 200 4495
190.171.141.106 - - [26/May/2023:11:44:01 -0300] "POST /cormun/servlet/trsolicitudot?9aa38ff39bd13006cafc5b06b775a15a,,gx-no-cache=1685111664207 HTTP/1.1" 200 4864
190.171.141.106 - - [26/May/2023:11:44:01 -0300] "GET /cormun/static/Shared/jqueryui/images/ui-bg_highlight-soft_100_c6c2c8_1x100.png HTTP/1.1" 404 1117
190.171.141.106 - - [26/May/2023:11:44:01 -0300] "GET /cormun/static/Shared/jqueryui/images/ui-bg_flat_55_fafafa_40x100.png HTTP/1.1" 404 1097
190.171.141.106 - - [26/May/2023:11:44:01 -0300] "GET /cormun/static/Shared/jqueryui/images/ui-icons_8d78a5_256x240.png HTTP/1.1" 404 1089
190.171.141.106 - - [26/May/2023:11:44:01 -0300] "GET /cormun/static/Shared/jqueryui/images/ui-icons_82798d_256x240.png HTTP/1.1" 404 1089
190.171.152.234 - - [26/May/2023:11:44:02 -0300] "GET /cormun/servlet/solicitudot?253546ffec68f908804a07e0edd44beab67e269d8f4522b61dcc8056da999e21d1aae1f7f5561b52042079215f70423ed886c5014b76d35b95a7db2b2b3ed9af,gx-no-cache=1685107837306 HTTP/1.1" 200 53
190.171.141.106 - - [26/May/2023:11:44:02 -0300] "POST /cormun/servlet/trsolicitudot?9aa38ff39bd13006cafc5b06b775a15a,,gx-no-cache=1685111664420 HTTP/1.1" 200 4623
190.171.152.234 - - [26/May/2023:11:44:02 -0300] "POST /cormun/servlet/solicitudot?gx-no-cache=1685107838199 HTTP/1.1" 200 255
190.171.152.234 - - [26/May/2023:11:44:04 -0300] "GET /cormun/servlet/solicitudot?253546ffec68f908804a07e0edd44bea2fb5caaa236550ade7bec23383af74fad162c470827b5af3b36479444e3a388ecfd17a79614823d3358080708f765c9c24c3defcc48ec2cbf8956b694d6412c53c06630300bb0065a6bb548364e748a309ad6faeab5f923125a8b6bbb377bd80c2a709008e405f5fbb2cf450953e184ae7954e8ec1505bd7e2d009a35eb55264203e6c750815892cbc5cc26b620a2aa86ac6167128c87b188c3af3c8a3f6042d970d642339295e61663bd49f9c71a51d54d35ebfc19eaaebce61bc1a8e76d5d1ac1dc2fe3e61930d245486de192b073a335904a2becb2ae5197f841641c15a45d389a054708a3e1977416aad90daf4f2efb081ac7f3055dd6d0e12f478c22a78086d5fd3adb617a307c3e348372d3de7afd0479d2be5fc00b509d53943ebfb58d8fc0f2495aa8fea193d132261cbf3eb79e8930cc32b42b0154abc6d33323c4bed60bc68d9a81b5a073acf553c2b52026fcf466b2a7879e88eeed99008ee309db7a2f33dfd136bb0819358574febcdf6,gx-no-cache=1685107839608 HTTP/1.1" 200 30
190.171.141.106 - - [26/May/2023:11:44:06 -0300] "GET /cormun/servlet/trautorizarsolicitud? HTTP/1.1" 200 11160
190.171.141.106 - - [26/May/2023:11:44:06 -0300] "GET /cormun/servlet/trautorizarsolicitud? HTTP/1.1" 200 11160
190.171.141.106 - - [26/May/2023:11:44:15 -0300] "GET /cormun/servlet/treventos?2023,20272, HTTP/1.1" 200 8477
190.171.141.106 - - [26/May/2023:11:44:15 -0300] "GET /cormun/servlet/treventos?2023,20272, HTTP/1.1" 200 8475
190.171.152.234 - - [26/May/2023:11:44:28 -0300] "POST /cormun/servlet/solicitudot?gx-no-cache=1685107863471 HTTP/1.1" 200 30
190.171.152.234 - - [26/May/2023:11:44:30 -0300] "POST /cormun/servlet/solicitudot?gx-no-cache=1685107865427 HTTP/1.1" 200 1468
190.171.152.234 - - [26/May/2023:11:44:30 -0300] "POST /cormun/servlet/solicitudot?gx-no-cache=1685107865468 HTTP/1.1" 200 38
190.171.142.42 - - [26/May/2023:11:45:10 -0300] "POST /cormun/servlet/solicitudotadjuntos?gx-no-cache=1685111379285 HTTP/1.1" 200 26
186.103.157.98 - - [26/May/2023:11:45:15 -0300] "GET /cormun/servlet/solicitudot?a261b589ae4af2659e39670c417bf73129473dc84d91efca460a6e086fce6d3206ae0b73363aca931c8a4f75b32b65e965c5e89cbb2d139794fc13e3540e03d17c4404200b99fa6b34d38c088767d49886d467d472e4f0102fc5af810259818ede59c28c72ff4af02834dc30d75e6b2b,gx-no-cache=1685111386056 HTTP/1.1" 200 110
190.171.142.42 - - [26/May/2023:11:45:16 -0300] "GET /cormun/servlet/solicitudotadjuntos?33f0a5d17aafdaba12d3e5fab94483a8a19d5a8780d7bd1f30562114abfb9e25,gx-no-cache=1685111385412 HTTP/1.1" 200 30
190.171.142.42 - - [26/May/2023:11:45:16 -0300] "GET /cormun/servlet/solicitudotadjuntos?33f0a5d17aafdaba12d3e5fab94483a8a19d5a8780d7bd1f30562114abfb9e25,gx-no-cache=1685111385432 HTTP/1.1" 200 30
190.171.142.42 - - [26/May/2023:11:45:16 -0300] "POST /cormun/servlet/solicitudotadjuntos?5c298b9528bd27faed45828c5909f7bb,INS,2023,20283,,2, HTTP/1.1" 200 116
190.171.142.42 - - [26/May/2023:11:45:16 -0300] "GET /cormun/servlet/hpexe_return? HTTP/1.1" 200 1021
190.171.142.42 - - [26/May/2023:11:45:17 -0300] "GET /cormun/servlet/trsolicitudadjuntos?2023,20283, HTTP/1.1" 200 9799
190.171.142.42 - - [26/May/2023:11:45:17 -0300] "GET /cormun/servlet/trsolicitudadjuntos?2023,20283, HTTP/1.1" 200 9797
186.103.157.98 - - [26/May/2023:11:45:24 -0300] "POST /cormun/servlet/solicitudot?gx-no-cache=1685111395454 HTTP/1.1" 200 64
186.103.157.98 - - [26/May/2023:11:45:24 -0300] "GET /cormun/servlet/solicitudot?a261b589ae4af2659e39670c417bf731114c3d77021bffb3f860a06b99b5c01663c2a7c698c480eae8cfd98cccd7a873c758910b7e31bc649dab1ace5e72df07bace30869b36501d1cb0e2498bdf794d987242fd1634698098cbbfb4ca4e27297aa9753f2e1f7093a346f71f49895d670af699dbaa39bc68a9c24f5e519fb51299bd583238e31c30d675b5cb2ea854bb95a1b81689c2670f3848b92a7bd5c35c,gx-no-cache=1685111395486 HTTP/1.1" 200 29
186.103.157.98 - - [26/May/2023:11:45:24 -0300] "GET /cormun/servlet/solicitudot?a261b589ae4af2659e39670c417bf731eaf795208480ae442d37322b5359d06037e0485dfc57b161f7a0d18e7b7a8ac0,gx-no-cache=1685111395508 HTTP/1.1" 200 30
186.103.157.98 - - [26/May/2023:11:45:24 -0300] "POST /cormun/servlet/solicitudot?gx-no-cache=1685111395534 HTTP/1.1" 200 30
186.103.157.98 - - [26/May/2023:11:45:25 -0300] "POST /cormun/servlet/solicitudot?94baadde6cedbac838b18e670418f072,UPD,2023,20266,false,,gx-no-cache=1685111395566 HTTP/1.1" 200 93
186.103.157.98 - - [26/May/2023:11:45:25 -0300] "GET /cormun/servlet/hpexe_return? HTTP/1.1" 200 1015
186.103.157.98 - - [26/May/2023:11:45:25 -0300] "GET /cormun/servlet/trsolicitudot HTTP/1.1" 200 8892
186.103.157.98 - - [26/May/2023:11:45:25 -0300] "GET /cormun/servlet/trsolicitudot HTTP/1.1" 200 8888
190.171.152.234 - - [26/May/2023:11:45:48 -0300] "GET /cormun/servlet/solicitudot?253546ffec68f908804a07e0edd44bea94595dbaacf5aac0cf9d29ffdbddc6bd3a414c0e04f4b450a4700500eebdb22e1fcb680dce622165a77e13a6c18eb05cde14ad5f33d69a0e91b398e89baad5f560280914408a02d33391fd31a3e4e83958f6abaaf4bd7112faea0e7b78758803,gx-no-cache=1685107944230 HTTP/1.1" 200 110
190.171.142.42 - - [26/May/2023:11:45:49 -0300] "GET /cormun/servlet/trautorizarsolicitud? HTTP/1.1" 200 7382
190.171.142.42 - - [26/May/2023:11:45:49 -0300] "GET /cormun/servlet/trautorizarsolicitud? HTTP/1.1" 200 7369
190.171.142.42 - - [26/May/2023:11:45:52 -0300] "GET /cormun/servlet/trsolicitudot? HTTP/1.1" 200 8881
190.171.142.42 - - [26/May/2023:11:45:53 -0300] "GET /cormun/servlet/trsolicitudot? HTTP/1.1" 200 8880
190.171.152.234 - - [26/May/2023:11:45:54 -0300] "POST /cormun/servlet/solicitudot?gx-no-cache=1685107949318 HTTP/1.1" 200 97
190.171.142.42 - - [26/May/2023:11:46:02 -0300] "POST /cormun/servlet/trsolicitudot?5c298b9528bd27faed45828c5909f7bb,,gx-no-cache=1685111431366 HTTP/1.1" 200 4856
190.171.142.42 - - [26/May/2023:11:46:02 -0300] "GET /cormun/static/Shared/jqueryui/images/ui-bg_highlight-soft_100_c6c2c8_1x100.png HTTP/1.1" 404 1117
190.171.142.42 - - [26/May/2023:11:46:02 -0300] "GET /cormun/static/Shared/jqueryui/images/ui-icons_82798d_256x240.png HTTP/1.1" 404 1089
190.171.142.42 - - [26/May/2023:11:46:02 -0300] "GET /cormun/static/Shared/jqueryui/images/ui-icons_8d78a5_256x240.png HTTP/1.1" 404 1089
190.171.142.42 - - [26/May/2023:11:46:02 -0300] "GET /cormun/static/Shared/jqueryui/images/ui-bg_flat_55_fafafa_40x100.png HTTP/1.1" 404 1097
190.171.142.42 - - [26/May/2023:11:46:02 -0300] "POST /cormun/servlet/trsolicitudot?5c298b9528bd27faed45828c5909f7bb,,gx-no-cache=1685111431526 HTTP/1.1" 200 4608
190.171.152.234 - - [26/May/2023:11:46:04 -0300] "GET /cormun/servlet/solicitudot?253546ffec68f908804a07e0edd44bea2b84e60111e6add91d2d8066038b3a33e0b24acc411e8cf8c34f5b9d880084bc887c3b526adad07573c40466403ea8950f367607ded260345261721d97dc27cfc1d6ad86c5e0b6601308377359a1ce59b2ad9975cea22b2e2f2eee56fa9620f7,gx-no-cache=1685107960061 HTTP/1.1" 200 29
190.171.152.234 - - [26/May/2023:11:46:04 -0300] "GET /cormun/static/menuarrow.gif HTTP/1.1" 404 1015
190.171.142.42 - - [26/May/2023:11:46:06 -0300] "GET /cormun/servlet/trautorizarsolicitud? HTTP/1.1" 200 8777
190.171.142.42 - - [26/May/2023:11:46:06 -0300] "GET /cormun/servlet/trautorizarsolicitud? HTTP/1.1" 200 8777
190.171.152.234 - - [26/May/2023:11:46:13 -0300] "GET /cormun/servlet/solicitudot?253546ffec68f908804a07e0edd44beadc8cf4569da1b5c26d8dc7b5bc049d9a8c436dbba2d9d3733f2afa07d98ec5cd,gx-no-cache=1685107968964 HTTP/1.1" 200 30
190.171.152.234 - - [26/May/2023:11:46:24 -0300] "POST /cormun/servlet/solicitudot?gx-no-cache=1685107979464 HTTP/1.1" 200 30
190.171.142.42 - - [26/May/2023:11:46:26 -0300] "GET /cormun/servlet/hlogin HTTP/1.1" 200 1740
186.103.157.98 - - [26/May/2023:11:46:27 -0300] "GET /cormun/servlet/hlogin HTTP/1.1" 200 1741
190.171.152.234 - - [26/May/2023:11:46:36 -0300] "POST /cormun/servlet/solicitudot?8e4fc9cfd9e43e7fa40e4a7a032af0d3,INS,0,0,false,,gx-no-cache=1685107992073 HTTP/1.1" 200 13118
190.171.152.234 - - [26/May/2023:11:46:45 -0300] "POST /cormun/servlet/solicitudot?gx-no-cache=1685108000675 HTTP/1.1" 200 4041
190.171.152.234 - - [26/May/2023:11:46:45 -0300] "POST /cormun/servlet/solicitudot?8e4fc9cfd9e43e7fa40e4a7a032af0d3,INS,0,0,false,,gx-no-cache=1685108000788 HTTP/1.1" 200 13158
190.171.152.234 - - [26/May/2023:11:46:45 -0300] "GET /cormun/servlet/solicitudot?253546ffec68f908804a07e0edd44bea486f0272b04714d19984c6732cb79ffa9da392ab065742d14c1121314501564a,gx-no-cache=1685108000980 HTTP/1.1" 200 30
190.171.152.234 - - [26/May/2023:11:46:45 -0300] "GET /cormun/servlet/solicitudot?253546ffec68f908804a07e0edd44bea00785753985aca4b834d2ec9f36433b69f1412480ba67efcc64e97a6777cf3bc,gx-no-cache=1685108001003 HTTP/1.1" 200 30
190.171.152.234 - - [26/May/2023:11:46:45 -0300] "GET /cormun/servlet/solicitudot?253546ffec68f908804a07e0edd44beab67e269d8f4522b61dcc8056da999e21d1aae1f7f5561b52042079215f70423ed886c5014b76d35b95a7db2b2b3ed9af,gx-no-cache=1685108001030 HTTP/1.1" 200 53
190.171.152.234 - - [26/May/2023:11:46:45 -0300] "POST /cormun/servlet/solicitudot?gx-no-cache=1685108001061 HTTP/1.1" 200 254
190.171.152.234 - - [26/May/2023:11:46:45 -0300] "GET /cormun/servlet/solicitudot?253546ffec68f908804a07e0edd44bea2fb5caaa236550ade7bec23383af74fad162c470827b5af3b36479444e3a388ecfd17a79614823d3358080708f765c9c24c3defcc48ec2cbf8956b694d6412c53c06630300bb0065a6bb548364e748a309ad6faeab5f923125a8b6bbb377bd80c2a709008e405f5fbb2cf450953e184ae7954e8ec1505bd7e2d009a35eb55264203e6c750815892cbc5cc26b620a2aa86ac6167128c87b188c3af3c8a3f6042d970d642339295e61663bd49f9c71a51d54d35ebfc19eaaebce61bc1a8e76d5d1ac1dc2fe3e61930d245486de192b073a335904a2becb2ae5197f841641c15a45d389a054708a3e1977416aad90daf4f2efb081ac7f3055dd6d0e12f478c22a78086d5fd3adb617a307c3e348372d3de7afd0479d2be5fc00b509d53943ebfb58d8fc0f2495aa8fea193d132261cbf3eb79e8930cc32b42b0154abc6d33323c4bed60bc68d9a81b5a073acf553c2b52026fcf466b2a7879e88eeed99008ee309df9a14b8aafae9306b0bc093a80664090,gx-no-cache=1685108001085 HTTP/1.1" 200 30
190.171.152.234 - - [26/May/2023:11:46:45 -0300] "POST /cormun/servlet/solicitudot?gx-no-cache=1685108001106 HTTP/1.1" 200 30
190.171.152.234 - - [26/May/2023:11:46:45 -0300] "POST /cormun/servlet/solicitudot?gx-no-cache=1685108001137 HTTP/1.1" 200 1468
190.171.152.234 - - [26/May/2023:11:46:45 -0300] "POST /cormun/servlet/solicitudot?gx-no-cache=1685108001172 HTTP/1.1" 200 41
190.171.152.234 - - [26/May/2023:11:46:45 -0300] "GET /cormun/servlet/solicitudot?253546ffec68f908804a07e0edd44bea94595dbaacf5aac0cf9d29ffdbddc6bd3a414c0e04f4b450a4700500eebdb22e1fcb680dce622165a77e13a6c18eb05cde14ad5f33d69a0e91b398e89baad5f560280914408a02d33391fd31a3e4e83958f6abaaf4bd7112faea0e7b78758803,gx-no-cache=1685108001205 HTTP/1.1" 200 110
190.171.152.234 - - [26/May/2023:11:46:45 -0300] "POST /cormun/servlet/solicitudot?gx-no-cache=1685108001227 HTTP/1.1" 200 97
190.171.152.234 - - [26/May/2023:11:46:45 -0300] "GET /cormun/servlet/solicitudot?253546ffec68f908804a07e0edd44bea2b84e60111e6add91d2d8066038b3a33e0b24acc411e8cf8c34f5b9d880084bc887c3b526adad07573c40466403ea895ab8d842555730a993ccb0e4013971d1b9ae49ccabab0d708ced26b458f7a4b525711672064303523df9361d2ee90125b08b4ab0a989db3baf5d20e89746562a5ce683a732f34b459d10f672d3c08fe8d42259d8f3ecdd1e3e6eeba7923d93be1,gx-no-cache=1685108001260 HTTP/1.1" 200 29
190.171.152.234 - - [26/May/2023:11:46:45 -0300] "GET /cormun/servlet/solicitudot?253546ffec68f908804a07e0edd44beadc8cf4569da1b5c26d8dc7b5bc049d9a8c436dbba2d9d3733f2afa07d98ec5cd,gx-no-cache=1685108001289 HTTP/1.1" 200 30
190.171.152.234 - - [26/May/2023:11:46:46 -0300] "POST /cormun/servlet/solicitudot?gx-no-cache=1685108001317 HTTP/1.1" 200 30
190.171.152.234 - - [26/May/2023:11:46:46 -0300] "POST /cormun/servlet/solicitudot?8e4fc9cfd9e43e7fa40e4a7a032af0d3,INS,0,0,false,,gx-no-cache=1685108001344 HTTP/1.1" 200 93
190.171.152.234 - - [26/May/2023:11:46:46 -0300] "GET /cormun/servlet/hpexe_return? HTTP/1.1" 200 1009
190.171.152.234 - - [26/May/2023:11:46:46 -0300] "GET /cormun/servlet/trsolicitudot HTTP/1.1" 200 8905
190.171.152.234 - - [26/May/2023:11:46:47 -0300] "GET /cormun/servlet/trsolicitudot HTTP/1.1" 200 8901
190.171.152.234 - - [26/May/2023:11:46:50 -0300] "POST /cormun/servlet/trsolicitudot?8e4fc9cfd9e43e7fa40e4a7a032af0d3,gx-no-cache=1685108006131 HTTP/1.1" 200 107
190.171.152.234 - - [26/May/2023:11:46:50 -0300] "GET /cormun/servlet/trsolicitudadjuntos?2023,20284, HTTP/1.1" 200 6384
190.171.152.234 - - [26/May/2023:11:46:51 -0300] "GET /cormun/servlet/trsolicitudadjuntos?2023,20284, HTTP/1.1" 200 6383
190.171.152.234 - - [26/May/2023:11:46:52 -0300] "GET /cormun/servlet/solicitudotadjuntos?INS,2023,20284,,1, HTTP/1.1" 200 6326
190.171.152.234 - - [26/May/2023:11:46:53 -0300] "GET /cormun/static/about:blank HTTP/1.1" 404 1011
190.171.152.234 - - [26/May/2023:11:46:53 -0300] "GET /cormun/servlet/solicitudotadjuntos?INS,2023,20284,,1, HTTP/1.1" 200 6320
190.171.152.234 - - [26/May/2023:11:46:53 -0300] "GET /cormun/servlet/solicitudotadjuntos?253546ffec68f908804a07e0edd44bea06e57f748497cb9fa9b218c8a288859f04e304b8d83e709c603d40f961361bfc,gx-no-cache=1685108009014 HTTP/1.1" 200 30
190.171.152.234 - - [26/May/2023:11:46:53 -0300] "POST /cormun/servlet/solicitudotadjuntos?8e4fc9cfd9e43e7fa40e4a7a032af0d3,INS,2023,20284,,1,,gx-no-cache=1685108009030 HTTP/1.1" 200 4194
190.171.152.234 - - [26/May/2023:11:46:55 -0300] "POST /cormun/servlet/solicitudotadjuntos?gx-no-cache=1685108011157 HTTP/1.1" 200 26
190.171.152.234 - - [26/May/2023:11:47:09 -0300] "GET /cormun/servlet/solicitudotadjuntos?253546ffec68f908804a07e0edd44bea8001fe2eef50050983f17e7729e44ddd,gx-no-cache=1685108024764 HTTP/1.1" 200 30
190.171.152.234 - - [26/May/2023:11:47:09 -0300] "GET /cormun/servlet/solicitudotadjuntos?253546ffec68f908804a07e0edd44bea8001fe2eef50050983f17e7729e44ddd,gx-no-cache=1685108024775 HTTP/1.1" 200 30
190.171.152.234 - - [26/May/2023:11:47:09 -0300] "POST /cormun/servlet/solicitudotadjuntos?8e4fc9cfd9e43e7fa40e4a7a032af0d3,INS,2023,20284,,1, HTTP/1.1" 200 116
190.171.152.234 - - [26/May/2023:11:47:09 -0300] "GET /cormun/servlet/hpexe_return? HTTP/1.1" 200 1024
190.171.152.234 - - [26/May/2023:11:47:09 -0300] "GET /cormun/servlet/trsolicitudadjuntos?2023,20284, HTTP/1.1" 200 9292
190.171.152.234 - - [26/May/2023:11:47:10 -0300] "GET /cormun/servlet/trsolicitudadjuntos?2023,20284, HTTP/1.1" 200 9291
190.171.152.234 - - [26/May/2023:11:47:11 -0300] "GET /cormun/servlet/solicitudotadjuntos?INS,2023,20284,,1, HTTP/1.1" 200 6326
190.171.152.234 - - [26/May/2023:11:47:11 -0300] "GET /cormun/static/about:blank HTTP/1.1" 404 1011
190.171.152.234 - - [26/May/2023:11:47:11 -0300] "GET /cormun/servlet/solicitudotadjuntos?INS,2023,20284,,1, HTTP/1.1" 200 6320
190.171.152.234 - - [26/May/2023:11:47:12 -0300] "GET /cormun/servlet/solicitudotadjuntos?253546ffec68f908804a07e0edd44bea06e57f748497cb9fa9b218c8a288859f04e304b8d83e709c603d40f961361bfc,gx-no-cache=1685108027745 HTTP/1.1" 200 30
190.171.152.234 - - [26/May/2023:11:47:12 -0300] "POST /cormun/servlet/solicitudotadjuntos?8e4fc9cfd9e43e7fa40e4a7a032af0d3,INS,2023,20284,,1,,gx-no-cache=1685108027772 HTTP/1.1" 200 4194
190.171.152.234 - - [26/May/2023:11:47:15 -0300] "POST /cormun/servlet/solicitudotadjuntos?gx-no-cache=1685108030478 HTTP/1.1" 200 26
190.171.152.234 - - [26/May/2023:11:47:20 -0300] "GET /cormun/servlet/solicitudotadjuntos?253546ffec68f908804a07e0edd44bea8001fe2eef50050983f17e7729e44ddd,gx-no-cache=1685108035396 HTTP/1.1" 200 30
190.171.152.234 - - [26/May/2023:11:47:20 -0300] "GET /cormun/servlet/solicitudotadjuntos?253546ffec68f908804a07e0edd44bea8001fe2eef50050983f17e7729e44ddd,gx-no-cache=1685108035408 HTTP/1.1" 200 30
190.171.152.234 - - [26/May/2023:11:47:20 -0300] "POST /cormun/servlet/solicitudotadjuntos?8e4fc9cfd9e43e7fa40e4a7a032af0d3,INS,2023,20284,,1, HTTP/1.1" 200 116
190.171.152.234 - - [26/May/2023:11:47:20 -0300] "GET /cormun/servlet/hpexe_return? HTTP/1.1" 200 1024
190.171.152.234 - - [26/May/2023:11:47:20 -0300] "GET /cormun/servlet/trsolicitudadjuntos?2023,20284, HTTP/1.1" 200 9554
190.171.152.234 - - [26/May/2023:11:47:20 -0300] "GET /cormun/servlet/trsolicitudadjuntos?2023,20284, HTTP/1.1" 200 9552
190.171.152.234 - - [26/May/2023:11:47:22 -0300] "GET /cormun/servlet/solicitudotadjuntos?INS,2023,20284,,1, HTTP/1.1" 200 6326
190.171.152.234 - - [26/May/2023:11:47:22 -0300] "GET /cormun/static/about:blank HTTP/1.1" 404 1011
190.171.152.234 - - [26/May/2023:11:47:22 -0300] "GET /cormun/servlet/solicitudotadjuntos?INS,2023,20284,,1, HTTP/1.1" 200 6320
190.171.152.234 - - [26/May/2023:11:47:23 -0300] "GET /cormun/servlet/solicitudotadjuntos?253546ffec68f908804a07e0edd44bea06e57f748497cb9fa9b218c8a288859f04e304b8d83e709c603d40f961361bfc,gx-no-cache=1685108038645 HTTP/1.1" 200 30
190.171.152.234 - - [26/May/2023:11:47:23 -0300] "POST /cormun/servlet/solicitudotadjuntos?8e4fc9cfd9e43e7fa40e4a7a032af0d3,INS,2023,20284,,1,,gx-no-cache=1685108038660 HTTP/1.1" 200 4195
190.171.152.234 - - [26/May/2023:11:47:34 -0300] "POST /cormun/servlet/solicitudotadjuntos?gx-no-cache=1685108050029 HTTP/1.1" 200 26
190.171.152.234 - - [26/May/2023:11:47:41 -0300] "GET /cormun/servlet/solicitudotadjuntos?253546ffec68f908804a07e0edd44bea8001fe2eef50050983f17e7729e44ddd,gx-no-cache=1685108056692 HTTP/1.1" 200 30
190.171.152.234 - - [26/May/2023:11:47:41 -0300] "GET /cormun/servlet/solicitudotadjuntos?253546ffec68f908804a07e0edd44bea8001fe2eef50050983f17e7729e44ddd,gx-no-cache=1685108056704 HTTP/1.1" 200 30
190.171.152.234 - - [26/May/2023:11:47:41 -0300] "POST /cormun/servlet/solicitudotadjuntos?8e4fc9cfd9e43e7fa40e4a7a032af0d3,INS,2023,20284,,1, HTTP/1.1" 200 116
190.171.152.234 - - [26/May/2023:11:47:41 -0300] "GET /cormun/servlet/hpexe_return? HTTP/1.1" 200 1024
190.171.152.234 - - [26/May/2023:11:47:41 -0300] "GET /cormun/servlet/trsolicitudadjuntos?2023,20284, HTTP/1.1" 200 9831
190.171.152.234 - - [26/May/2023:11:47:42 -0300] "GET /cormun/servlet/trsolicitudadjuntos?2023,20284, HTTP/1.1" 200 9829
190.171.152.234 - - [26/May/2023:11:47:45 -0300] "GET /cormun/servlet/solicitudotadjuntos?INS,2023,20284,,1, HTTP/1.1" 200 6326
190.171.152.234 - - [26/May/2023:11:47:45 -0300] "GET /cormun/static/about:blank HTTP/1.1" 404 1011
190.171.152.234 - - [26/May/2023:11:47:45 -0300] "GET /cormun/servlet/solicitudotadjuntos?INS,2023,20284,,1, HTTP/1.1" 200 6320
190.171.152.234 - - [26/May/2023:11:47:46 -0300] "GET /cormun/servlet/solicitudotadjuntos?253546ffec68f908804a07e0edd44bea06e57f748497cb9fa9b218c8a288859f04e304b8d83e709c603d40f961361bfc,gx-no-cache=1685108061388 HTTP/1.1" 200 30
190.171.152.234 - - [26/May/2023:11:47:46 -0300] "POST /cormun/servlet/solicitudotadjuntos?8e4fc9cfd9e43e7fa40e4a7a032af0d3,INS,2023,20284,,1,,gx-no-cache=1685108061405 HTTP/1.1" 200 4195
190.171.152.234 - - [26/May/2023:11:47:49 -0300] "POST /cormun/servlet/solicitudotadjuntos?gx-no-cache=1685108064950 HTTP/1.1" 200 26
190.171.152.234 - - [26/May/2023:11:47:53 -0300] "GET /cormun/servlet/solicitudotadjuntos?253546ffec68f908804a07e0edd44bea8001fe2eef50050983f17e7729e44ddd,gx-no-cache=1685108068628 HTTP/1.1" 200 30
190.171.152.234 - - [26/May/2023:11:47:53 -0300] "GET /cormun/servlet/solicitudotadjuntos?253546ffec68f908804a07e0edd44bea8001fe2eef50050983f17e7729e44ddd,gx-no-cache=1685108068640 HTTP/1.1" 200 30
190.171.152.234 - - [26/May/2023:11:47:53 -0300] "POST /cormun/servlet/solicitudotadjuntos?8e4fc9cfd9e43e7fa40e4a7a032af0d3,INS,2023,20284,,1, HTTP/1.1" 200 116
190.171.152.234 - - [26/May/2023:11:47:53 -0300] "GET /cormun/servlet/hpexe_return? HTTP/1.1" 200 1024
190.171.152.234 - - [26/May/2023:11:47:53 -0300] "GET /cormun/servlet/trsolicitudadjuntos?2023,20284, HTTP/1.1" 200 10036
190.171.152.234 - - [26/May/2023:11:47:54 -0300] "GET /cormun/servlet/trsolicitudadjuntos?2023,20284, HTTP/1.1" 200 10038
190.171.141.106 - - [26/May/2023:11:47:54 -0300] "GET /cormun/servlet/hlogin HTTP/1.1" 200 1726
190.171.141.106 - - [26/May/2023:11:47:54 -0300] "GET /cormun/static/Resources/Spanish/PXTools.css?1759030 HTTP/1.1" 304 -
190.171.141.106 - - [26/May/2023:11:47:54 -0300] "GET /cormun/static/gxcfg.js?2022112219184450 HTTP/1.1" 304 -
190.171.141.106 - - [26/May/2023:11:47:54 -0300] "GET /cormun/static/hlogin.js?2022112219184458 HTTP/1.1" 304 -
190.171.141.106 - - [26/May/2023:11:47:54 -0300] "GET /cormun/servlet/hlogin HTTP/1.1" 200 1736
190.171.152.234 - - [26/May/2023:11:47:56 -0300] "GET /cormun/servlet/solicitudotadjuntos?INS,2023,20284,,1, HTTP/1.1" 200 6326
190.171.152.234 - - [26/May/2023:11:47:56 -0300] "GET /cormun/static/about:blank HTTP/1.1" 404 1011
190.171.152.234 - - [26/May/2023:11:47:56 -0300] "GET /cormun/servlet/solicitudotadjuntos?INS,2023,20284,,1, HTTP/1.1" 200 6320
190.171.152.234 - - [26/May/2023:11:47:56 -0300] "GET /cormun/servlet/solicitudotadjuntos?253546ffec68f908804a07e0edd44bea06e57f748497cb9fa9b218c8a288859f04e304b8d83e709c603d40f961361bfc,gx-no-cache=1685108072297 HTTP/1.1" 200 30
190.171.152.234 - - [26/May/2023:11:47:57 -0300] "POST /cormun/servlet/solicitudotadjuntos?8e4fc9cfd9e43e7fa40e4a7a032af0d3,INS,2023,20284,,1,,gx-no-cache=1685108072331 HTTP/1.1" 200 4195
190.171.152.234 - - [26/May/2023:11:47:59 -0300] "POST /cormun/servlet/solicitudotadjuntos?gx-no-cache=1685108075277 HTTP/1.1" 200 26
190.171.152.234 - - [26/May/2023:11:48:04 -0300] "GET /cormun/servlet/solicitudotadjuntos?253546ffec68f908804a07e0edd44bea8001fe2eef50050983f17e7729e44ddd,gx-no-cache=1685108079957 HTTP/1.1" 200 30
190.171.152.234 - - [26/May/2023:11:48:04 -0300] "GET /cormun/servlet/solicitudotadjuntos?253546ffec68f908804a07e0edd44bea8001fe2eef50050983f17e7729e44ddd,gx-no-cache=1685108079969 HTTP/1.1" 200 30
190.171.152.234 - - [26/May/2023:11:48:04 -0300] "POST /cormun/servlet/solicitudotadjuntos?8e4fc9cfd9e43e7fa40e4a7a032af0d3,INS,2023,20284,,1, HTTP/1.1" 200 116
190.171.152.234 - - [26/May/2023:11:48:04 -0300] "GET /cormun/servlet/hpexe_return? HTTP/1.1" 200 1024
190.171.152.234 - - [26/May/2023:11:48:05 -0300] "GET /cormun/servlet/trsolicitudadjuntos?2023,20284, HTTP/1.1" 200 10344
190.171.152.234 - - [26/May/2023:11:48:05 -0300] "GET /cormun/servlet/trsolicitudadjuntos?2023,20284, HTTP/1.1" 200 10342
190.171.152.234 - - [26/May/2023:11:48:06 -0300] "GET /cormun/servlet/solicitudotadjuntos?INS,2023,20284,,1, HTTP/1.1" 200 6326
190.171.152.234 - - [26/May/2023:11:48:07 -0300] "GET /cormun/static/about:blank HTTP/1.1" 404 1011
190.171.152.234 - - [26/May/2023:11:48:07 -0300] "GET /cormun/servlet/solicitudotadjuntos?INS,2023,20284,,1, HTTP/1.1" 200 6320
190.171.152.234 - - [26/May/2023:11:48:07 -0300] "GET /cormun/servlet/solicitudotadjuntos?253546ffec68f908804a07e0edd44bea06e57f748497cb9fa9b218c8a288859f04e304b8d83e709c603d40f961361bfc,gx-no-cache=1685108082955 HTTP/1.1" 200 30
190.171.152.234 - - [26/May/2023:11:48:07 -0300] "POST /cormun/servlet/solicitudotadjuntos?8e4fc9cfd9e43e7fa40e4a7a032af0d3,INS,2023,20284,,1,,gx-no-cache=1685108082971 HTTP/1.1" 200 4195
190.171.152.234 - - [26/May/2023:11:48:10 -0300] "POST /cormun/servlet/solicitudotadjuntos?gx-no-cache=1685108085654 HTTP/1.1" 200 26
190.171.141.106 - - [26/May/2023:11:48:10 -0300] "POST /cormun/servlet/hlogin?39ce4e69e5924b04b07b84e41f146094,gx-no-cache=1685111563165 HTTP/1.1" 200 90
190.171.141.106 - - [26/May/2023:11:48:10 -0300] "GET /cormun/servlet/hpexe_link HTTP/1.1" 200 955
190.171.141.106 - - [26/May/2023:11:48:10 -0300] "GET /cormun/static/gxcfg.js?20221129847421 HTTP/1.1" 304 -
190.171.141.106 - - [26/May/2023:11:48:10 -0300] "GET /cormun/static/hpexe_link.js?20221129847423 HTTP/1.1" 304 -
190.171.141.106 - - [26/May/2023:11:48:10 -0300] "GET /cormun/servlet/hhome HTTP/1.1" 200 4212
190.171.141.106 - - [26/May/2023:11:48:10 -0300] "GET /cormun/static/gxcfg.js?20201215495537 HTTP/1.1" 304 -
190.171.141.106 - - [26/May/2023:11:48:10 -0300] "GET /cormun/static/Resources/Spanish/PXTools.css?14345360 HTTP/1.1" 304 -
190.171.141.106 - - [26/May/2023:11:48:10 -0300] "GET /cormun/static/hhome.js?20201215495544 HTTP/1.1" 304 -
190.171.141.106 - - [26/May/2023:11:48:10 -0300] "GET /cormun/static/hwchdr01.js?2022112219251119 HTTP/1.1" 304 -
190.171.141.106 - - [26/May/2023:11:48:10 -0300] "GET /cormun/static/hpexe_recentlink.js?20201214471090 HTTP/1.1" 304 -
190.171.141.106 - - [26/May/2023:11:48:10 -0300] "GET /cormun/static/hpexe_scripts.js?20201214471411 HTTP/1.1" 304 -
190.171.141.106 - - [26/May/2023:11:48:11 -0300] "GET /cormun/static/hpexe_messagecontroller.js?202211298371222 HTTP/1.1" 304 -
190.171.141.106 - - [26/May/2023:11:48:11 -0300] "GET /cormun/static/hpexe_messagepopupcomponent.js?2020121447232 HTTP/1.1" 304 -
190.171.141.106 - - [26/May/2023:11:48:11 -0300] "GET /cormun/static/cmcontrolpreferences.js?20199141926336 HTTP/1.1" 304 -
190.171.141.106 - - [26/May/2023:11:48:11 -0300] "GET /cormun/static/hpexe_messagegenexuscomponent.js?20221129836373 HTTP/1.1" 304 -
190.171.141.106 - - [26/May/2023:11:48:11 -0300] "GET /cormun/static/hmpwkw03.js?20221129844354 HTTP/1.1" 304 -
190.171.141.106 - - [26/May/2023:11:48:11 -0300] "GET /cormun/static/Resources/PXToolsDataTitle.png HTTP/1.1" 304 -
190.171.141.106 - - [26/May/2023:11:48:11 -0300] "GET /cormun/servlet/hhome HTTP/1.1" 200 4208
190.171.152.234 - - [26/May/2023:11:48:15 -0300] "GET /cormun/servlet/solicitudotadjuntos?253546ffec68f908804a07e0edd44bea8001fe2eef50050983f17e7729e44ddd,gx-no-cache=1685108090485 HTTP/1.1" 200 30
190.171.152.234 - - [26/May/2023:11:48:15 -0300] "GET /cormun/servlet/solicitudotadjuntos?253546ffec68f908804a07e0edd44bea8001fe2eef50050983f17e7729e44ddd,gx-no-cache=1685108090497 HTTP/1.1" 200 30
190.171.152.234 - - [26/May/2023:11:48:15 -0300] "POST /cormun/servlet/solicitudotadjuntos?8e4fc9cfd9e43e7fa40e4a7a032af0d3,INS,2023,20284,,1, HTTP/1.1" 200 116
190.171.152.234 - - [26/May/2023:11:48:15 -0300] "GET /cormun/servlet/hpexe_return? HTTP/1.1" 200 1024
190.171.152.234 - - [26/May/2023:11:48:15 -0300] "GET /cormun/servlet/trsolicitudadjuntos?2023,20284, HTTP/1.1" 200 10508
190.171.141.106 - - [26/May/2023:11:48:15 -0300] "GET /cormun/servlet/trautorizarsolicitud? HTTP/1.1" 200 11154
190.171.141.106 - - [26/May/2023:11:48:15 -0300] "GET /cormun/static/gxcfg.js?202211298474254 HTTP/1.1" 304 -
190.171.141.106 - - [26/May/2023:11:48:16 -0300] "GET /cormun/servlet/trautorizarsolicitud? HTTP/1.1" 200 11152
190.171.152.234 - - [26/May/2023:11:48:16 -0300] "GET /cormun/servlet/trsolicitudadjuntos?2023,20284, HTTP/1.1" 200 10508
192.168.10.17 - - [26/May/2023:11:48:17 -0300] "GET /cormun/servlet/trsolicitudgral? HTTP/1.1" 200 11547
192.168.10.17 - - [26/May/2023:11:48:17 -0300] "GET /cormun/servlet/trsolicitudgral? HTTP/1.1" 200 11546
190.171.152.234 - - [26/May/2023:11:48:19 -0300] "GET /cormun/servlet/trsolicitudot? HTTP/1.1" 200 8910
190.171.152.234 - - [26/May/2023:11:48:20 -0300] "GET /cormun/servlet/trsolicitudot? HTTP/1.1" 200 8901
190.171.141.106 - - [26/May/2023:11:48:22 -0300] "POST /cormun/servlet/trautorizarsolicitud?39ce4e69e5924b04b07b84e41f146094,,gx-no-cache=1685111574678 HTTP/1.1" 200 8078
190.171.141.106 - - [26/May/2023:11:48:22 -0300] "GET /cormun/static/Shared/jqueryui/images/ui-bg_highlight-soft_100_c6c2c8_1x100.png HTTP/1.1" 404 1117
190.171.141.106 - - [26/May/2023:11:48:22 -0300] "GET /cormun/static/Shared/jqueryui/images/ui-icons_82798d_256x240.png HTTP/1.1" 404 1089
190.171.141.106 - - [26/May/2023:11:48:22 -0300] "GET /cormun/static/Shared/jqueryui/images/ui-bg_flat_55_fafafa_40x100.png HTTP/1.1" 404 1097
190.171.141.106 - - [26/May/2023:11:48:22 -0300] "GET /cormun/static/Shared/jqueryui/images/ui-icons_8d78a5_256x240.png HTTP/1.1" 404 1089
190.171.141.106 - - [26/May/2023:11:48:22 -0300] "POST /cormun/servlet/trautorizarsolicitud?39ce4e69e5924b04b07b84e41f146094,,gx-no-cache=1685111574891 HTTP/1.1" 200 8022
190.171.141.106 - - [26/May/2023:11:48:24 -0300] "POST /cormun/servlet/trautorizarsolicitud?39ce4e69e5924b04b07b84e41f146094,,gx-no-cache=1685111577401 HTTP/1.1" 200 7730
190.171.141.106 - - [26/May/2023:11:48:25 -0300] "POST /cormun/servlet/trautorizarsolicitud?39ce4e69e5924b04b07b84e41f146094,,gx-no-cache=1685111577604 HTTP/1.1" 200 7675
192.168.10.17 - - [26/May/2023:11:48:26 -0300] "POST /cormun/servlet/trsolicitudgral?3773148db61cb68ec65f687b1d4aed8e,,gx-no-cache=1685111523224 HTTP/1.1" 200 7407
190.171.141.106 - - [26/May/2023:11:48:27 -0300] "POST /cormun/servlet/trautorizarsolicitud?39ce4e69e5924b04b07b84e41f146094,,gx-no-cache=1685111580305 HTTP/1.1" 200 7358
190.171.141.106 - - [26/May/2023:11:48:28 -0300] "POST /cormun/servlet/trautorizarsolicitud?39ce4e69e5924b04b07b84e41f146094,,gx-no-cache=1685111580489 HTTP/1.1" 200 7303
192.168.10.17 - - [26/May/2023:11:48:33 -0300] "POST /cormun/servlet/trsolicitudgral?3773148db61cb68ec65f687b1d4aed8e,,gx-no-cache=1685111530073 HTTP/1.1" 200 7451
192.168.10.17 - - [26/May/2023:11:48:33 -0300] "GET /cormun/static/Shared/jqueryui/images/ui-icons_82798d_256x240.png HTTP/1.1" 404 1089
192.168.10.17 - - [26/May/2023:11:48:33 -0300] "GET /cormun/static/Shared/jqueryui/images/ui-bg_highlight-soft_100_c6c2c8_1x100.png HTTP/1.1" 404 1117
192.168.10.17 - - [26/May/2023:11:48:33 -0300] "GET /cormun/static/Shared/jqueryui/images/ui-bg_flat_55_fafafa_40x100.png HTTP/1.1" 404 1097
192.168.10.17 - - [26/May/2023:11:48:33 -0300] "GET /cormun/static/Shared/jqueryui/images/ui-icons_8d78a5_256x240.png HTTP/1.1" 404 1089
190.171.141.106 - - [26/May/2023:11:48:36 -0300] "POST /cormun/servlet/trautorizarsolicitud?39ce4e69e5924b04b07b84e41f146094,,gx-no-cache=1685111589428 HTTP/1.1" 200 6896
190.171.141.106 - - [26/May/2023:11:48:37 -0300] "POST /cormun/servlet/trautorizarsolicitud?39ce4e69e5924b04b07b84e41f146094,,gx-no-cache=1685111589618 HTTP/1.1" 200 6840
190.171.141.106 - - [26/May/2023:11:48:37 -0300] "POST /cormun/servlet/trautorizarsolicitud?39ce4e69e5924b04b07b84e41f146094,,gx-no-cache=1685111590404 HTTP/1.1" 200 6478
190.171.141.106 - - [26/May/2023:11:48:38 -0300] "POST /cormun/servlet/trautorizarsolicitud?39ce4e69e5924b04b07b84e41f146094,,gx-no-cache=1685111590566 HTTP/1.1" 200 6422
190.171.141.106 - - [26/May/2023:11:48:40 -0300] "POST /cormun/servlet/trautorizarsolicitud?39ce4e69e5924b04b07b84e41f146094,,gx-no-cache=1685111592760 HTTP/1.1" 200 6011
190.171.141.106 - - [26/May/2023:11:48:40 -0300] "POST /cormun/servlet/trautorizarsolicitud?39ce4e69e5924b04b07b84e41f146094,,gx-no-cache=1685111592907 HTTP/1.1" 200 5954
190.171.152.234 - - [26/May/2023:11:48:41 -0300] "POST /cormun/servlet/trsolicitudot?8e4fc9cfd9e43e7fa40e4a7a032af0d3,,gx-no-cache=1685108116657 HTTP/1.1" 200 4869
190.171.152.234 - - [26/May/2023:11:48:41 -0300] "GET /cormun/static/Shared/jqueryui/images/ui-bg_highlight-soft_100_c6c2c8_1x100.png HTTP/1.1" 404 1117
190.171.152.234 - - [26/May/2023:11:48:41 -0300] "GET /cormun/static/Shared/jqueryui/images/ui-icons_82798d_256x240.png HTTP/1.1" 404 1089
190.171.152.234 - - [26/May/2023:11:48:41 -0300] "GET /cormun/static/Shared/jqueryui/images/ui-bg_flat_55_fafafa_40x100.png HTTP/1.1" 404 1097
190.171.152.234 - - [26/May/2023:11:48:41 -0300] "GET /cormun/static/Shared/jqueryui/images/ui-icons_8d78a5_256x240.png HTTP/1.1" 404 1089
190.171.152.234 - - [26/May/2023:11:48:41 -0300] "POST /cormun/servlet/trsolicitudot?8e4fc9cfd9e43e7fa40e4a7a032af0d3,,gx-no-cache=1685108116846 HTTP/1.1" 200 4636
190.171.141.106 - - [26/May/2023:11:48:42 -0300] "POST /cormun/servlet/trautorizarsolicitud?39ce4e69e5924b04b07b84e41f146094,,gx-no-cache=1685111595032 HTTP/1.1" 200 4797
190.171.141.106 - - [26/May/2023:11:48:42 -0300] "POST /cormun/servlet/trautorizarsolicitud?39ce4e69e5924b04b07b84e41f146094,,gx-no-cache=1685111595165 HTTP/1.1" 200 4541
192.168.10.17 - - [26/May/2023:11:48:43 -0300] "POST /cormun/servlet/trsolicitudgral?3773148db61cb68ec65f687b1d4aed8e,,gx-no-cache=1685111540182 HTTP/1.1" 200 7427
190.171.152.234 - - [26/May/2023:11:48:44 -0300] "GET /cormun/servlet/trautorizarsolicitud? HTTP/1.1" 200 9096
190.171.152.234 - - [26/May/2023:11:48:44 -0300] "GET /cormun/servlet/trautorizarsolicitud? HTTP/1.1" 200 9095
192.168.10.17 - - [26/May/2023:11:49:05 -0300] "POST /cormun/servlet/trsolicitudgral?3773148db61cb68ec65f687b1d4aed8e,,gx-no-cache=1685111562717 HTTP/1.1" 200 6653
192.168.10.17 - - [26/May/2023:11:49:10 -0300] "POST /cormun/servlet/trsolicitudgral?3773148db61cb68ec65f687b1d4aed8e,,gx-no-cache=1685111567128 HTTP/1.1" 200 6685
190.171.152.234 - - [26/May/2023:11:49:10 -0300] "POST /cormun/servlet/trautorizarsolicitud?8e4fc9cfd9e43e7fa40e4a7a032af0d3,,gx-no-cache=1685108146008 HTTP/1.1" 200 6013
190.171.152.234 - - [26/May/2023:11:49:10 -0300] "GET /cormun/static/Shared/jqueryui/images/ui-bg_highlight-soft_100_c6c2c8_1x100.png HTTP/1.1" 404 1117
190.171.152.234 - - [26/May/2023:11:49:10 -0300] "GET /cormun/static/Shared/jqueryui/images/ui-icons_82798d_256x240.png HTTP/1.1" 404 1089
190.171.152.234 - - [26/May/2023:11:49:10 -0300] "GET /cormun/static/Shared/jqueryui/images/ui-bg_flat_55_fafafa_40x100.png HTTP/1.1" 404 1097
190.171.152.234 - - [26/May/2023:11:49:10 -0300] "GET /cormun/static/Shared/jqueryui/images/ui-icons_8d78a5_256x240.png HTTP/1.1" 404 1089
190.171.152.234 - - [26/May/2023:11:49:11 -0300] "POST /cormun/servlet/trautorizarsolicitud?8e4fc9cfd9e43e7fa40e4a7a032af0d3,,gx-no-cache=1685108146186 HTTP/1.1" 200 5958
190.171.152.234 - - [26/May/2023:11:49:17 -0300] "POST /cormun/servlet/trautorizarsolicitud?8e4fc9cfd9e43e7fa40e4a7a032af0d3,,gx-no-cache=1685108152616 HTTP/1.1" 200 113
190.171.152.234 - - [26/May/2023:11:49:17 -0300] "GET /cormun/servlet/solicitudotlog?INS,2023,20281,0,REC, HTTP/1.1" 200 6104
190.171.152.234 - - [26/May/2023:11:49:17 -0300] "GET /cormun/static/gxcfg.js?202211298384126 HTTP/1.1" 200 953
190.171.152.234 - - [26/May/2023:11:49:17 -0300] "GET /cormun/static/solicitudotlog.js?202211298384130 HTTP/1.1" 200 8934
190.171.152.234 - - [26/May/2023:11:49:17 -0300] "GET /cormun/servlet/solicitudotlog?INS,2023,20281,0,REC, HTTP/1.1" 200 6103
190.171.152.234 - - [26/May/2023:11:49:18 -0300] "GET /cormun/servlet/solicitudotlog?253546ffec68f908804a07e0edd44bea4d096129543cf6ac9b0842588f4ff9157f2ac6a1ae6d55a9f22f428181a1029fbd03e15159492b38adfd85370b4edcc2502a22c2a50d2dd344c031ad6d5827e9a20bcdf3b25f1d4d59d2df3b3e44822809d3367f27e2d3c56ee85895a0c03ab9955b8fa33765382dfe36227140913f337eb64e81809a1e16e54bd976aa71cdf9867d0f88eb48535589eb556ff1fe54a0,gx-no-cache=1685108153563 HTTP/1.1" 200 94
190.171.152.234 - - [26/May/2023:11:49:21 -0300] "POST /cormun/servlet/solicitudotlog?8e4fc9cfd9e43e7fa40e4a7a032af0d3,INS,2023,20281,0,REC,,gx-no-cache=1685108156560 HTTP/1.1" 200 93
190.171.152.234 - - [26/May/2023:11:49:21 -0300] "GET /cormun/servlet/hpexe_return? HTTP/1.1" 200 1027
190.171.152.234 - - [26/May/2023:11:49:21 -0300] "GET /cormun/servlet/trautorizarsolicitud? HTTP/1.1" 200 8799
190.171.152.234 - - [26/May/2023:11:49:21 -0300] "GET /cormun/servlet/trautorizarsolicitud? HTTP/1.1" 200 8797
192.168.10.17 - - [26/May/2023:11:49:22 -0300] "POST /cormun/servlet/trsolicitudgral?3773148db61cb68ec65f687b1d4aed8e,,gx-no-cache=1685111579877 HTTP/1.1" 200 7417
190.171.152.234 - - [26/May/2023:11:49:30 -0300] "POST /cormun/servlet/trautorizarsolicitud?8e4fc9cfd9e43e7fa40e4a7a032af0d3,,gx-no-cache=1685108166097 HTTP/1.1" 200 113
190.171.152.234 - - [26/May/2023:11:49:30 -0300] "GET /cormun/servlet/solicitudotlog?INS,2023,20281,0,REC, HTTP/1.1" 200 6103
190.171.152.234 - - [26/May/2023:11:49:31 -0300] "GET /cormun/servlet/solicitudotlog?INS,2023,20281,0,REC, HTTP/1.1" 200 6103
190.171.152.234 - - [26/May/2023:11:49:31 -0300] "GET /cormun/servlet/solicitudotlog?253546ffec68f908804a07e0edd44bea4d096129543cf6ac9b0842588f4ff9157f2ac6a1ae6d55a9f22f428181a1029fbd03e15159492b38adfd85370b4edcc2502a22c2a50d2dd344c031ad6d5827e9a20bcdf3b25f1d4d59d2df3b3e44822809d3367f27e2d3c56ee85895a0c03ab9955b8fa33765382dfe36227140913f337eb64e81809a1e16e54bd976aa71cdf9867d0f88eb48535589eb556ff1fe54a0,gx-no-cache=1685108166951 HTTP/1.1" 200 94
192.168.10.17 - - [26/May/2023:11:49:42 -0300] "GET /cormun/servlet/vesolicitudgral?2023,20239,, HTTP/1.1" 200 8407
192.168.10.17 - - [26/May/2023:11:49:42 -0300] "GET /cormun/pexe_scrolldiv.js HTTP/1.1" 404 1009
192.168.10.17 - - [26/May/2023:11:49:42 -0300] "GET /cormun/servlet/vesolicitudgral?2023,20239,, HTTP/1.1" 200 8407
192.168.10.17 - - [26/May/2023:11:49:45 -0300] "POST /cormun/servlet/vesolicitudgral?3773148db61cb68ec65f687b1d4aed8e,2023,20239,,,gx-no-cache=1685111602232 HTTP/1.1" 200 12210
192.168.10.17 - - [26/May/2023:11:49:45 -0300] "GET /cormun/static/Shared/jqueryui/images/ui-icons_82798d_256x240.png HTTP/1.1" 404 1089
192.168.10.17 - - [26/May/2023:11:49:45 -0300] "GET /cormun/static/Shared/jqueryui/images/ui-bg_highlight-soft_100_c6c2c8_1x100.png HTTP/1.1" 404 1117
192.168.10.17 - - [26/May/2023:11:49:45 -0300] "GET /cormun/static/Shared/jqueryui/images/ui-icons_8d78a5_256x240.png HTTP/1.1" 404 1089
192.168.10.17 - - [26/May/2023:11:49:45 -0300] "GET /cormun/static/Shared/jqueryui/images/ui-bg_flat_55_fafafa_40x100.png HTTP/1.1" 404 1097
192.168.10.17 - - [26/May/2023:11:49:45 -0300] "POST /cormun/servlet/vesolicitudgral?3773148db61cb68ec65f687b1d4aed8e,2023,20239,,,gx-no-cache=1685111602443 HTTP/1.1" 200 12143
190.171.152.234 - - [26/May/2023:11:49:48 -0300] "POST /cormun/servlet/solicitudotlog?8e4fc9cfd9e43e7fa40e4a7a032af0d3,INS,2023,20281,0,REC,,gx-no-cache=1685108184176 HTTP/1.1" 200 93
190.171.152.234 - - [26/May/2023:11:49:48 -0300] "GET /cormun/servlet/hpexe_return? HTTP/1.1" 200 1026
190.171.152.234 - - [26/May/2023:11:49:49 -0300] "GET /cormun/servlet/trautorizarsolicitud HTTP/1.1" 200 7398
192.168.10.17 - - [26/May/2023:11:49:49 -0300] "GET /cormun/servlet/trsolicitudgral? HTTP/1.1" 200 10435
190.171.152.234 - - [26/May/2023:11:49:49 -0300] "GET /cormun/servlet/trautorizarsolicitud HTTP/1.1" 200 7395
192.168.10.17 - - [26/May/2023:11:49:49 -0300] "GET /cormun/servlet/trsolicitudgral? HTTP/1.1" 200 10434
190.171.152.234 - - [26/May/2023:11:49:52 -0300] "GET /cormun/servlet/trsolicitudot? HTTP/1.1" 200 8904
190.171.152.234 - - [26/May/2023:11:49:52 -0300] "GET /cormun/servlet/trsolicitudot? HTTP/1.1" 200 8903
190.171.141.106 - - [26/May/2023:11:50:02 -0300] "GET /cormun/servlet/trsolicitudot? HTTP/1.1" 200 7431
190.171.141.106 - - [26/May/2023:11:50:02 -0300] "GET /cormun/servlet/trsolicitudot? HTTP/1.1" 200 7421
192.168.10.17 - - [26/May/2023:11:50:02 -0300] "POST /cormun/servlet/trsolicitudgral?3773148db61cb68ec65f687b1d4aed8e,,gx-no-cache=1685111620070 HTTP/1.1" 200 6660
190.171.152.234 - - [26/May/2023:11:50:03 -0300] "POST /cormun/servlet/trsolicitudot?8e4fc9cfd9e43e7fa40e4a7a032af0d3,,gx-no-cache=1685108198305 HTTP/1.1" 200 4823
190.171.152.234 - - [26/May/2023:11:50:03 -0300] "POST /cormun/servlet/trsolicitudot?8e4fc9cfd9e43e7fa40e4a7a032af0d3,,gx-no-cache=1685108198469 HTTP/1.1" 200 4625
190.171.141.106 - - [26/May/2023:11:50:07 -0300] "POST /cormun/servlet/trsolicitudot?9aa38ff39bd13006cafc5b06b775a15a,,gx-no-cache=1685112029449 HTTP/1.1" 200 4647
192.168.10.17 - - [26/May/2023:11:50:07 -0300] "POST /cormun/servlet/trsolicitudgral?3773148db61cb68ec65f687b1d4aed8e,,gx-no-cache=1685111624976 HTTP/1.1" 200 6694
192.168.10.17 - - [26/May/2023:11:50:07 -0300] "GET /cormun/static/Shared/jqueryui/images/ui-bg_highlight-soft_100_c6c2c8_1x100.png HTTP/1.1" 404 1117
192.168.10.17 - - [26/May/2023:11:50:07 -0300] "GET /cormun/static/Shared/jqueryui/images/ui-icons_82798d_256x240.png HTTP/1.1" 404 1089
192.168.10.17 - - [26/May/2023:11:50:07 -0300] "GET /cormun/static/Shared/jqueryui/images/ui-icons_8d78a5_256x240.png HTTP/1.1" 404 1089
192.168.10.17 - - [26/May/2023:11:50:07 -0300] "GET /cormun/static/Shared/jqueryui/images/ui-bg_flat_55_fafafa_40x100.png HTTP/1.1" 404 1097
190.171.141.106 - - [26/May/2023:11:50:11 -0300] "POST /cormun/servlet/trsolicitudot?9aa38ff39bd13006cafc5b06b775a15a,,gx-no-cache=1685112034180 HTTP/1.1" 200 10821
190.171.152.234 - - [26/May/2023:11:50:13 -0300] "GET /cormun/static/menuarrow.gif HTTP/1.1" 404 1015
192.168.10.17 - - [26/May/2023:11:50:16 -0300] "POST /cormun/servlet/trsolicitudgral?3773148db61cb68ec65f687b1d4aed8e,,gx-no-cache=1685111633150 HTTP/1.1" 200 6646
186.103.157.98 - - [26/May/2023:11:50:16 -0300] "GET /cormun/servlet/hlogin HTTP/1.1" 200 1725
192.168.10.17 - - [26/May/2023:11:50:18 -0300] "GET /cormun/servlet/vesolicitudgral?2023,20207,, HTTP/1.1" 200 8374
192.168.10.17 - - [26/May/2023:11:50:19 -0300] "GET /cormun/pexe_scrolldiv.js HTTP/1.1" 404 1009
192.168.10.17 - - [26/May/2023:11:50:19 -0300] "GET /cormun/servlet/vesolicitudgral?2023,20207,, HTTP/1.1" 200 8374
192.168.10.17 - - [26/May/2023:11:50:21 -0300] "POST /cormun/servlet/vesolicitudgral?3773148db61cb68ec65f687b1d4aed8e,2023,20207,,,gx-no-cache=1685111638128 HTTP/1.1" 200 12165
192.168.10.17 - - [26/May/2023:11:50:21 -0300] "GET /cormun/static/Shared/jqueryui/images/ui-icons_82798d_256x240.png HTTP/1.1" 404 1089
192.168.10.17 - - [26/May/2023:11:50:21 -0300] "GET /cormun/static/Shared/jqueryui/images/ui-bg_highlight-soft_100_c6c2c8_1x100.png HTTP/1.1" 404 1117
192.168.10.17 - - [26/May/2023:11:50:21 -0300] "GET /cormun/static/Shared/jqueryui/images/ui-bg_flat_55_fafafa_40x100.png HTTP/1.1" 404 1097
192.168.10.17 - - [26/May/2023:11:50:21 -0300] "GET /cormun/static/Shared/jqueryui/images/ui-icons_8d78a5_256x240.png HTTP/1.1" 404 1089
192.168.10.17 - - [26/May/2023:11:50:21 -0300] "POST /cormun/servlet/vesolicitudgral?3773148db61cb68ec65f687b1d4aed8e,2023,20207,,,gx-no-cache=1685111638295 HTTP/1.1" 200 12098
186.103.157.98 - - [26/May/2023:11:50:23 -0300] "POST /cormun/servlet/hlogin?94baadde6cedbac838b18e670418f072,gx-no-cache=1685111693613 HTTP/1.1" 200 90
186.103.157.98 - - [26/May/2023:11:50:23 -0300] "GET /cormun/servlet/hpexe_link HTTP/1.1" 200 958
186.103.157.98 - - [26/May/2023:11:50:23 -0300] "GET /cormun/servlet/trsolicitudot HTTP/1.1" 200 8889
186.103.157.98 - - [26/May/2023:11:50:23 -0300] "GET /cormun/servlet/trsolicitudot HTTP/1.1" 200 8888
192.168.10.17 - - [26/May/2023:11:50:25 -0300] "GET /cormun/servlet/trsolicitudgral? HTTP/1.1" 200 9691
192.168.10.17 - - [26/May/2023:11:50:26 -0300] "GET /cormun/servlet/trsolicitudgral? HTTP/1.1" 200 9690
186.103.157.98 - - [26/May/2023:11:50:27 -0300] "POST /cormun/servlet/trsolicitudot?94baadde6cedbac838b18e670418f072,gx-no-cache=1685111698083 HTTP/1.1" 200 107
186.103.157.98 - - [26/May/2023:11:50:27 -0300] "GET /cormun/servlet/trsolicitudadjuntos?2023,20266, HTTP/1.1" 200 10464
186.103.157.98 - - [26/May/2023:11:50:28 -0300] "GET /cormun/servlet/trsolicitudadjuntos?2023,20266, HTTP/1.1" 200 10466
190.171.152.234 - - [26/May/2023:11:50:33 -0300] "POST /cormun/servlet/trsolicitudot?8e4fc9cfd9e43e7fa40e4a7a032af0d3,,gx-no-cache=1685108228254 HTTP/1.1" 200 6772
192.168.10.17 - - [26/May/2023:11:50:33 -0300] "POST /cormun/servlet/trsolicitudgral?3773148db61cb68ec65f687b1d4aed8e,,gx-no-cache=1685111650679 HTTP/1.1" 200 6646
192.168.10.17 - - [26/May/2023:11:50:33 -0300] "POST /cormun/servlet/trsolicitudgral?3773148db61cb68ec65f687b1d4aed8e,,gx-no-cache=1685111651013 HTTP/1.1" 200 6645
186.103.157.98 - - [26/May/2023:11:50:33 -0300] "GET /cormun/servlet/solicitudotadjuntos?DLT,2023,20266,TITULO,0, HTTP/1.1" 200 6275
186.103.157.98 - - [26/May/2023:11:50:34 -0300] "GET /cormun/PublicTempStorage/17638244.pdf HTTP/1.1" 200 25478
186.103.157.98 - - [26/May/2023:11:50:34 -0300] "GET /cormun/static/Shared/jqueryui/images/ui-bg_highlight-soft_100_c6c2c8_1x100.png HTTP/1.1" 404 1117
186.103.157.98 - - [26/May/2023:11:50:34 -0300] "GET /cormun/static/Shared/jqueryui/images/ui-icons_82798d_256x240.png HTTP/1.1" 404 1089
186.103.157.98 - - [26/May/2023:11:50:34 -0300] "GET /cormun/static/Shared/jqueryui/images/ui-bg_flat_55_fafafa_40x100.png HTTP/1.1" 404 1097
