181.212.42.153 - - [26/May/2023:09:14:50 -0300] "GET /cormun/servlet/hlogin HTTP/1.1" 200 1765
181.212.42.153 - - [26/May/2023:09:14:50 -0300] "GET /cormun/servlet/licenciaspermisos?DSP,10035113,L,20230520000000, HTTP/1.1" 200 6264
181.212.42.153 - - [26/May/2023:09:14:54 -0300] "POST /cormun/servlet/hlogin?236d6b18112b3d4d068ecaa634565231,gx-no-cache=1685102365620 HTTP/1.1" 200 90
181.212.42.153 - - [26/May/2023:09:14:54 -0300] "GET /cormun/servlet/hpexe_link HTTP/1.1" 200 985
181.212.42.153 - - [26/May/2023:09:14:54 -0300] "GET /cormun/servlet/licenciaspermisos?DSP,10035113,L,20230520000000, HTTP/1.1" 200 6900
181.212.42.153 - - [26/May/2023:09:14:55 -0300] "GET /cormun/servlet/licenciaspermisos?DSP,10035113,L,20230520000000, HTTP/1.1" 200 6899
181.212.42.153 - - [26/May/2023:09:14:56 -0300] "POST /cormun/servlet/licenciaspermisos?236d6b18112b3d4d068ecaa634565231,DSP,10035113,L,20230520000000,,gx-no-cache=1685102367502 HTTP/1.1" 200 93
181.212.42.153 - - [26/May/2023:09:14:56 -0300] "GET /cormun/servlet/hpexe_return? HTTP/1.1" 200 1028
181.212.42.153 - - [26/May/2023:09:14:56 -0300] "GET /cormun/servlet/hhome HTTP/1.1" 200 3968
181.212.42.153 - - [26/May/2023:09:14:56 -0300] "GET /cormun/static/gxcfg.js?20201215495537 HTTP/1.1" 200 953
181.212.42.153 - - [26/May/2023:09:14:56 -0300] "GET /cormun/static/hhome.js?20201215495544 HTTP/1.1" 200 777
181.212.42.153 - - [26/May/2023:09:14:56 -0300] "GET /cormun/servlet/hhome HTTP/1.1" 200 3962
181.212.42.153 - - [26/May/2023:09:14:59 -0300] "GET /cormun/servlet/trlicencias? HTTP/1.1" 200 20038
181.212.42.153 - - [26/May/2023:09:15:00 -0300] "GET /cormun/servlet/trlicencias? HTTP/1.1" 200 20046
181.212.42.153 - - [26/May/2023:09:15:05 -0300] "POST /cormun/servlet/trlicencias?236d6b18112b3d4d068ecaa634565231,,gx-no-cache=1685102375939 HTTP/1.1" 200 5696
181.212.42.153 - - [26/May/2023:09:15:14 -0300] "GET /cormun/servlet/licenciaspermisos?DSP,14049430,L,20230509000000, HTTP/1.1" 200 7077
181.212.42.153 - - [26/May/2023:09:15:14 -0300] "GET /cormun/servlet/licenciaspermisos?DSP,14049430,L,20230509000000, HTTP/1.1" 200 7079
190.171.141.106 - - [26/May/2023:09:21:09 -0300] "GET /cormun/servlet/hlogin HTTP/1.1" 200 1720
190.171.141.106 - - [26/May/2023:09:21:09 -0300] "GET /cormun/static/Resources/Spanish/PXTools.css?1759030 HTTP/1.1" 304 -
190.171.141.106 - - [26/May/2023:09:21:09 -0300] "GET /cormun/static/gxcfg.js?2022112219184450 HTTP/1.1" 304 -
190.171.141.106 - - [26/May/2023:09:21:09 -0300] "GET /cormun/static/hlogin.js?2022112219184458 HTTP/1.1" 304 -
190.171.141.106 - - [26/May/2023:09:25:30 -0300] "GET /cormun/servlet/hlogin HTTP/1.1" 200 1725
190.171.141.106 - - [26/May/2023:09:25:31 -0300] "GET /cormun/servlet/hlogin HTTP/1.1" 200 1725
190.171.141.106 - - [26/May/2023:09:25:36 -0300] "POST /cormun/servlet/hlogin?8b1448d7a27d1bf9e3854dfa4321d98b,gx-no-cache=1685103007541 HTTP/1.1" 200 90
190.171.141.106 - - [26/May/2023:09:25:36 -0300] "GET /cormun/servlet/hpexe_link HTTP/1.1" 200 954
190.171.141.106 - - [26/May/2023:09:25:36 -0300] "GET /cormun/servlet/hhome HTTP/1.1" 200 4209
190.171.141.106 - - [26/May/2023:09:25:37 -0300] "GET /cormun/servlet/hhome HTTP/1.1" 200 4205
190.171.141.106 - - [26/May/2023:09:25:43 -0300] "GET /cormun/servlet/trsolicitudot? HTTP/1.1" 200 7423
190.171.141.106 - - [26/May/2023:09:25:43 -0300] "GET /cormun/servlet/trsolicitudot? HTTP/1.1" 200 7423
190.171.141.106 - - [26/May/2023:09:25:44 -0300] "GET /cormun/servlet/trsolicitudot? HTTP/1.1" 200 7422
190.171.141.106 - - [26/May/2023:09:25:47 -0300] "GET /cormun/servlet/solicitudot?INS,0,0,false, HTTP/1.1" 200 16089
190.171.141.106 - - [26/May/2023:09:25:48 -0300] "GET /cormun/servlet/solicitudot?INS,0,0,false, HTTP/1.1" 200 16096
190.171.141.106 - - [26/May/2023:09:26:46 -0300] "POST /cormun/servlet/solicitudot?gx-no-cache=1685103077470 HTTP/1.1" 200 3963
190.171.141.106 - - [26/May/2023:09:26:46 -0300] "POST /cormun/servlet/solicitudot?8b1448d7a27d1bf9e3854dfa4321d98b,INS,0,0,false,,gx-no-cache=1685103077925 HTTP/1.1" 200 12806
190.171.141.106 - - [26/May/2023:09:26:51 -0300] "GET /cormun/servlet/solicitudot?0262d2026c99ffc59c8dd309c0e5948820d026759bc8de6a72a1ad495abe82bd76b0d57ca28bbfe2b25d2061bcb3e800,gx-no-cache=1685103082971 HTTP/1.1" 200 30
190.171.142.42 - - [26/May/2023:09:26:59 -0300] "GET /cormun/servlet/hlogin HTTP/1.1" 200 1721
190.171.142.42 - - [26/May/2023:09:27:10 -0300] "POST /cormun/servlet/hlogin?d29e0a070ac0456b2e02522b25dd7078,gx-no-cache=1685103098863 HTTP/1.1" 200 90
190.171.142.42 - - [26/May/2023:09:27:10 -0300] "GET /cormun/servlet/hpexe_link HTTP/1.1" 200 949
190.171.142.42 - - [26/May/2023:09:27:10 -0300] "GET /cormun/servlet/hhome HTTP/1.1" 200 4264
190.171.142.42 - - [26/May/2023:09:27:10 -0300] "GET /cormun/servlet/hhome HTTP/1.1" 200 4260
190.171.142.42 - - [26/May/2023:09:27:19 -0300] "GET /cormun/servlet/trlicencias? HTTP/1.1" 200 13304
190.171.142.42 - - [26/May/2023:09:27:19 -0300] "GET /cormun/servlet/trlicencias? HTTP/1.1" 200 13295
190.171.141.106 - - [26/May/2023:09:30:14 -0300] "GET /cormun/servlet/solicitudot?0262d2026c99ffc59c8dd309c0e594882d43bc682aef79c0f73efa65c115a446,gx-no-cache=1685103285966 HTTP/1.1" 200 94
190.171.141.106 - - [26/May/2023:09:30:14 -0300] "GET /cormun/static/Shared/jqueryui/images/ui-bg_flat_55_994d53_40x100.png HTTP/1.1" 404 1097
190.171.141.106 - - [26/May/2023:09:30:14 -0300] "GET /cormun/static/Shared/jqueryui/images/ui-bg_highlight-soft_100_c6c2c8_1x100.png HTTP/1.1" 404 1117
190.171.141.106 - - [26/May/2023:09:30:14 -0300] "GET /cormun/static/Shared/jqueryui/images/ui-icons_82798d_256x240.png HTTP/1.1" 404 1089
190.171.141.106 - - [26/May/2023:09:30:14 -0300] "GET /cormun/static/Shared/jqueryui/images/ui-icons_ebccce_256x240.png HTTP/1.1" 404 1089
190.171.141.106 - - [26/May/2023:09:30:14 -0300] "GET /cormun/servlet/solicitudot?0262d2026c99ffc59c8dd309c0e59488e2faebe54078c0e56b4e979d1f5db6b4,gx-no-cache=1685103286066 HTTP/1.1" 200 29
190.171.141.106 - - [26/May/2023:09:30:14 -0300] "POST /cormun/servlet/solicitudot?gx-no-cache=1685103286104 HTTP/1.1" 200 297
190.171.141.106 - - [26/May/2023:09:30:14 -0300] "GET /cormun/servlet/solicitudot?0262d2026c99ffc59c8dd309c0e59488876b097d9b2850c3975461143a3f35cafe3e635540d9b8792db23dbcddb874d9597f9aa247d3cacba83bf67e16e84bd36242dcd74ed7911e731453097bf6b008f1b7e844bcd466edc8025291255b3acc4a3022ac8f7656c9fceb0797f2d2c4623080c4aad4dfa1f35687d9c7dd388927ce08291ed293e041a109d19d01971acc129af5f444f4fe2490a027ba82b21cd7c3b9cafae6556b47466ed9f23133e5de080219ce70f5ba5c03b1be2cced7edf820bc915e0cc07c46887b155d1e1b0c8d23d92a2f1ff0909c734211730a6ddfa01075f5eebbeaa4abd017e15a4fa60a22d8466554a053cf882b395c9e1c4ab3873f2f2d77ecc3bfc5546bc33a9f47436a135aa7328695cf86264cef81e9116bdc509a938d17c0605af37129fa021c79c97e211aabd45d2177cb70f74ecb320fa4f9c07ddf830e5021ba614ea813b06aff7ab455c7b5b90f6956b78af20949e03b9ddfaf2cdde106e17aad2d7863eaf97663c3e2f79ccf48e3f0f7afbbe1baa50004f023bb0c88e5a0308e3a33b7af1823,gx-no-cache=1685103286133 HTTP/1.1" 200 30
190.171.141.106 - - [26/May/2023:09:30:14 -0300] "POST /cormun/servlet/solicitudot?gx-no-cache=1685103286153 HTTP/1.1" 200 30
190.171.141.106 - - [26/May/2023:09:30:14 -0300] "POST /cormun/servlet/solicitudot?gx-no-cache=1685103286178 HTTP/1.1" 200 1466
190.171.141.106 - - [26/May/2023:09:30:14 -0300] "POST /cormun/servlet/solicitudot?gx-no-cache=1685103286207 HTTP/1.1" 200 38
10.40.40.2 - - [26/May/2023:09:30:41 -0300] "GET /cormun/servlet/trsolicitudgral? HTTP/1.1" 500 10
10.40.40.2 - - [26/May/2023:09:30:46 -0300] "GET /cormun/servlet/hlogin HTTP/1.1" 200 1724
10.40.40.2 - - [26/May/2023:09:30:48 -0300] "POST /cormun/servlet/hlogin?855266989c37cbb1f5a16c3ad64f437b,gx-no-cache=1685103266124 HTTP/1.1" 200 90
10.40.40.2 - - [26/May/2023:09:30:48 -0300] "GET /cormun/servlet/hpexe_link HTTP/1.1" 200 954
10.40.40.2 - - [26/May/2023:09:30:48 -0300] "GET /cormun/servlet/hhome HTTP/1.1" 200 3804
10.40.40.2 - - [26/May/2023:09:30:49 -0300] "GET /cormun/servlet/hhome HTTP/1.1" 200 3801
10.40.40.2 - - [26/May/2023:09:30:51 -0300] "GET /cormun/servlet/trsolicitudgral? HTTP/1.1" 200 27045
10.40.40.2 - - [26/May/2023:09:30:52 -0300] "GET /cormun/servlet/trsolicitudgral? HTTP/1.1" 200 27044
10.40.40.2 - - [26/May/2023:09:31:02 -0300] "POST /cormun/servlet/trsolicitudgral?855266989c37cbb1f5a16c3ad64f437b,,gx-no-cache=1685103278492 HTTP/1.1" 200 24611
190.171.141.106 - - [26/May/2023:09:31:05 -0300] "GET /cormun/servlet/solicitudot?0262d2026c99ffc59c8dd309c0e5948820923c5bb972e42cff0826255fe69752bb8bda4de35cc967a9f72367ae1c598aa440bf94247e5186c3af9da2ad10fe7c045147296a8ba511547b78722573e363131613526d04ae4041e44fafa66ef9fec934276ab148ba7509a42ca10f535ae6,gx-no-cache=1685103336764 HTTP/1.1" 200 110
190.171.141.106 - - [26/May/2023:09:31:30 -0300] "POST /cormun/servlet/solicitudot?gx-no-cache=1685103362177 HTTP/1.1" 200 97
190.171.141.106 - - [26/May/2023:09:31:51 -0300] "GET /cormun/servlet/solicitudot?0262d2026c99ffc59c8dd309c0e59488572025dca6431d81cd6e43eb1f75f11a5cc13cc4f4f953d3f72dcdaa843d3ca3048f4e8097b3752b5974017a9b7dc69661ea80aa30bc6a5ccdba437ebea6c81b6cba9d810de1de360654ac9e622aec83e64e78c50f75250d253098ce53a853de,gx-no-cache=1685103383213 HTTP/1.1" 200 29
190.171.141.106 - - [26/May/2023:09:33:00 -0300] "GET /cormun/servlet/solicitudot?0262d2026c99ffc59c8dd309c0e594882da6042d03279122f72df8fb0b222f3a2b806e7dd9e19f561b6b8b6443d027de,gx-no-cache=1685103452318 HTTP/1.1" 200 30
40.77.167.153 - - [26/May/2023:09:33:52 -0300] "GET /cormun/servlet/hhome HTTP/1.1" 200 3323
186.103.157.42 - - [26/May/2023:09:35:18 -0300] "GET /cormun/servlet/hlogin HTTP/1.1" 200 1719
186.103.157.42 - - [26/May/2023:09:35:18 -0300] "GET /cormun/servlet/hlogin HTTP/1.1" 200 1729
190.171.141.106 - - [26/May/2023:09:35:20 -0300] "POST /cormun/servlet/solicitudot?gx-no-cache=1685103591421 HTTP/1.1" 200 30
186.103.157.42 - - [26/May/2023:09:35:29 -0300] "POST /cormun/servlet/hlogin?b6152c35a9fe889a74a701fbc981b92d,gx-no-cache=1685103897888 HTTP/1.1" 200 90
186.103.157.42 - - [26/May/2023:09:35:29 -0300] "GET /cormun/servlet/hpexe_link HTTP/1.1" 200 950
186.103.157.42 - - [26/May/2023:09:35:29 -0300] "GET /cormun/servlet/hhome HTTP/1.1" 200 4379
186.103.157.42 - - [26/May/2023:09:35:30 -0300] "GET /cormun/servlet/hhome HTTP/1.1" 200 4375
186.103.157.42 - - [26/May/2023:09:35:41 -0300] "GET /cormun/servlet/trsolicitudot? HTTP/1.1" 200 7601
186.103.157.42 - - [26/May/2023:09:35:41 -0300] "GET /cormun/servlet/trsolicitudot? HTTP/1.1" 200 7599
186.103.157.42 - - [26/May/2023:09:35:46 -0300] "GET /cormun/static/menuarrow.gif HTTP/1.1" 404 1015
186.103.157.42 - - [26/May/2023:09:36:03 -0300] "POST /cormun/servlet/trsolicitudot?b6152c35a9fe889a74a701fbc981b92d,,gx-no-cache=1685103931122 HTTP/1.1" 200 13680
186.103.157.42 - - [26/May/2023:09:39:28 -0300] "GET /cormun/servlet/hlogin HTTP/1.1" 200 1719
186.103.157.42 - - [26/May/2023:09:39:51 -0300] "GET /cormun/servlet/hlogin HTTP/1.1" 200 1724
186.103.157.42 - - [26/May/2023:09:40:07 -0300] "POST /cormun/servlet/hlogin?48aa7b54b3b6bfc7b342bb123bc0eec5,gx-no-cache=1685104175817 HTTP/1.1" 200 90
186.103.157.42 - - [26/May/2023:09:40:07 -0300] "GET /cormun/servlet/hpexe_link HTTP/1.1" 200 952
186.103.157.42 - - [26/May/2023:09:40:07 -0300] "GET /cormun/servlet/hhome HTTP/1.1" 200 4381
186.103.157.42 - - [26/May/2023:09:40:08 -0300] "GET /cormun/servlet/hhome HTTP/1.1" 200 4377
186.103.157.42 - - [26/May/2023:09:40:10 -0300] "GET /cormun/servlet/trsolicitudot? HTTP/1.1" 200 7604
186.103.157.42 - - [26/May/2023:09:40:10 -0300] "GET /cormun/servlet/trsolicitudot? HTTP/1.1" 200 7602
186.103.157.42 - - [26/May/2023:09:40:13 -0300] "GET /cormun/static/menuarrow.gif HTTP/1.1" 404 1015
186.103.157.42 - - [26/May/2023:09:40:27 -0300] "POST /cormun/servlet/trsolicitudot?48aa7b54b3b6bfc7b342bb123bc0eec5,,gx-no-cache=1685104195043 HTTP/1.1" 200 13680
190.171.141.106 - - [26/May/2023:09:40:59 -0300] "GET /cormun/servlet/solicitudot?0262d2026c99ffc59c8dd309c0e59488d8bb1a679fe584ab03ee47c23445aef35de427fa52b3836a640464328ab448efe57520b92eaf809d7f1dea711bc0a3b4,gx-no-cache=1685103930702 HTTP/1.1" 200 30
190.171.141.106 - - [26/May/2023:09:40:59 -0300] "GET /cormun/servlet/solicitudot?0262d2026c99ffc59c8dd309c0e59488876b097d9b2850c3975461143a3f35cafe3e635540d9b8792db23dbcddb874d9597f9aa247d3cacba83bf67e16e84bd36242dcd74ed7911e731453097bf6b008f1b7e844bcd466edc8025291255b3acc4a3022ac8f7656c9fceb0797f2d2c4623080c4aad4dfa1f35687d9c7dd388927ce08291ed293e041a109d19d01971acc129af5f444f4fe2490a027ba82b21cd7c3b9cafae6556b47466ed9f23133e5de080219ce70f5ba5c03b1be2cced7edf820bc915e0cc07c46887b155d1e1b0c8d23d92a2f1ff0909c734211730a6ddfa01075f5eebbeaa4abd017e15a4fa60a22d8466554a053cf882b395c9e1c4ab3873f2f2d77ecc3bfc5546bc33a9f47436a135aa7328695cf86264cef81e9116bdc509a938d17c0605af37129fa021c79c97e211aabd45d2177cb70f74ecb320fa4f9c07ddf830e5021ba614ea813b06aff7ab455c7b5b90f6956b78af20949e03b9ddfaf2cdde106e17aad2d7863eaf9763de63d4bf1bf9f507547e9fcbee6fc9704f023bb0c88e5a0308e3a33b7af1823,gx-no-cache=1685103930782 HTTP/1.1" 200 30
190.171.141.106 - - [26/May/2023:09:40:59 -0300] "POST /cormun/servlet/solicitudot?gx-no-cache=1685103930814 HTTP/1.1" 200 30
190.171.141.106 - - [26/May/2023:09:40:59 -0300] "POST /cormun/servlet/solicitudot?gx-no-cache=1685103930854 HTTP/1.1" 200 1470
190.171.141.106 - - [26/May/2023:09:40:59 -0300] "POST /cormun/servlet/solicitudot?gx-no-cache=1685103930885 HTTP/1.1" 200 38
190.171.141.106 - - [26/May/2023:09:40:59 -0300] "GET /cormun/servlet/solicitudot?0262d2026c99ffc59c8dd309c0e5948820923c5bb972e42cff0826255fe69752bb8bda4de35cc967a9f72367ae1c598aa440bf94247e5186c3af9da2ad10fe7c045147296a8ba511547b78722573e363131613526d04ae4041e44fafa66ef9fec934276ab148ba7509a42ca10f535ae6,gx-no-cache=1685103930903 HTTP/1.1" 200 110
190.171.141.106 - - [26/May/2023:09:40:59 -0300] "POST /cormun/servlet/solicitudot?gx-no-cache=1685103930923 HTTP/1.1" 200 97
190.171.141.106 - - [26/May/2023:09:40:59 -0300] "GET /cormun/servlet/solicitudot?0262d2026c99ffc59c8dd309c0e594882da6042d03279122f72df8fb0b222f3a2b806e7dd9e19f561b6b8b6443d027de,gx-no-cache=1685103930954 HTTP/1.1" 200 30
117.210.155.54 - - [26/May/2023:09:41:37 -0300] "GET / HTTP/1.1" 200 11217
190.171.141.138 - - [26/May/2023:09:42:12 -0300] "GET /cormun/servlet/hlogin HTTP/1.1" 200 1721
190.171.141.138 - - [26/May/2023:09:42:20 -0300] "POST /cormun/servlet/hlogin?79b23af478a10f2e7b97bf1fdec0b1bd,gx-no-cache=1685104009981 HTTP/1.1" 200 90
190.171.141.138 - - [26/May/2023:09:42:20 -0300] "GET /cormun/servlet/hpexe_link HTTP/1.1" 200 951
190.171.141.138 - - [26/May/2023:09:42:20 -0300] "GET /cormun/servlet/hhome HTTP/1.1" 200 4474
190.171.141.138 - - [26/May/2023:09:42:20 -0300] "GET /cormun/servlet/hhome HTTP/1.1" 200 4471
190.171.141.106 - - [26/May/2023:09:42:22 -0300] "GET /cormun/servlet/solicitudot?0262d2026c99ffc59c8dd309c0e59488876b097d9b2850c3975461143a3f35cafe3e635540d9b8792db23dbcddb874d9597f9aa247d3cacba83bf67e16e84bd36242dcd74ed7911e731453097bf6b008f1b7e844bcd466edc8025291255b3acc4a3022ac8f7656c9fceb0797f2d2c4623080c4aad4dfa1f35687d9c7dd388927ce08291ed293e041a109d19d01971acc129af5f444f4fe2490a027ba82b21cd7c3b9cafae6556b47466ed9f23133e5de080219ce70f5ba5c03b1be2cced7edf820bc915e0cc07c46887b155d1e1b0c8d23d92a2f1ff0909c734211730a6ddfa01075f5eebbeaa4abd017e15a4fa60a22d8466554a053cf882b395c9e1c4ab3873f2f2d77ecc3bfc5546bc33a9f47436a135aa7328695cf86264cef81e9116bdc509a938d17c0605af37129fa021c79c97e211aabd45d2177cb70f74ecb320fa4f9c07ddf830e5021ba614ea813b06aff7ab455c7b5b90f6956b78af20949e03b9ddfaf2cdde106e17aad2d7863eaf9763de63d4bf1bf9f507547e9fcbee6fc9704f023bb0c88e5a0308e3a33b7af1823,gx-no-cache=1685104013669 HTTP/1.1" 200 30
190.171.141.106 - - [26/May/2023:09:42:22 -0300] "POST /cormun/servlet/solicitudot?gx-no-cache=1685104013702 HTTP/1.1" 200 30
190.171.141.106 - - [26/May/2023:09:42:22 -0300] "POST /cormun/servlet/solicitudot?gx-no-cache=1685104013733 HTTP/1.1" 200 1470
190.171.141.106 - - [26/May/2023:09:42:22 -0300] "POST /cormun/servlet/solicitudot?gx-no-cache=1685104013769 HTTP/1.1" 200 38
190.171.141.106 - - [26/May/2023:09:42:22 -0300] "GET /cormun/servlet/solicitudot?0262d2026c99ffc59c8dd309c0e5948820923c5bb972e42cff0826255fe69752bb8bda4de35cc967a9f72367ae1c598aa440bf94247e5186c3af9da2ad10fe7c045147296a8ba511547b78722573e363131613526d04ae4041e44fafa66ef9fec934276ab148ba7509a42ca10f535ae6,gx-no-cache=1685104013802 HTTP/1.1" 200 110
190.171.141.106 - - [26/May/2023:09:42:22 -0300] "POST /cormun/servlet/solicitudot?gx-no-cache=1685104013827 HTTP/1.1" 200 97
190.171.141.138 - - [26/May/2023:09:42:25 -0300] "GET /cormun/servlet/trpermisosgoce? HTTP/1.1" 200 15757
190.171.141.138 - - [26/May/2023:09:42:25 -0300] "GET /cormun/servlet/trpermisosgoce? HTTP/1.1" 200 15755
190.171.141.138 - - [26/May/2023:09:42:28 -0300] "GET /cormun/servlet/permisogoce?INS,0,,, HTTP/1.1" 200 7374
190.171.141.138 - - [26/May/2023:09:42:28 -0300] "GET /cormun/servlet/permisogoce?INS,0,,, HTTP/1.1" 200 7375
190.171.141.138 - - [26/May/2023:09:42:33 -0300] "GET /cormun/servlet/permisogoce?f60c5191bed041ba8269163ab23737b6b65888c5a8b67e00faeef70470d59dfa266f39c42079d805896fda2a28e054ceda6c934ffc79c4566e4dc31150926d0b,gx-no-cache=1685104023254 HTTP/1.1" 200 73
190.171.141.138 - - [26/May/2023:09:42:34 -0300] "GET /cormun/static/menuarrow.gif HTTP/1.1" 404 1015
190.171.141.138 - - [26/May/2023:09:42:37 -0300] "GET /cormun/servlet/permisogoce?f60c5191bed041ba8269163ab23737b624f2bc3d2586f7a3097272d2d4982b0afd7fd1edfa9eb46ea856eb5992d1d6c28fc3da0b793333d7ea367e86cf7f0c6f,gx-no-cache=1685104027315 HTTP/1.1" 200 47
190.171.141.138 - - [26/May/2023:09:42:43 -0300] "POST /cormun/servlet/permisogoce?79b23af478a10f2e7b97bf1fdec0b1bd,INS,0,,,,gx-no-cache=1685104033117 HTTP/1.1" 200 93
190.171.141.138 - - [26/May/2023:09:42:43 -0300] "GET /cormun/servlet/hpexe_return? HTTP/1.1" 200 1009
190.171.141.138 - - [26/May/2023:09:42:44 -0300] "GET /cormun/servlet/trpermisosgoce HTTP/1.1" 200 16006
190.171.141.138 - - [26/May/2023:09:42:44 -0300] "GET /cormun/servlet/trpermisosgoce HTTP/1.1" 200 16002
190.171.141.138 - - [26/May/2023:09:42:46 -0300] "GET /cormun/servlet/apermisogoceprn?10729801,P,20230526082605,PU HTTP/1.1" 200 1663
190.171.141.106 - - [26/May/2023:09:43:01 -0300] "POST /cormun/servlet/solicitudot?gx-no-cache=1685104053102 HTTP/1.1" 200 30
190.171.141.106 - - [26/May/2023:09:43:02 -0300] "POST /cormun/servlet/solicitudot?8b1448d7a27d1bf9e3854dfa4321d98b,INS,0,0,false,,gx-no-cache=1685104053132 HTTP/1.1" 200 93
190.171.141.106 - - [26/May/2023:09:43:02 -0300] "GET /cormun/servlet/hpexe_return? HTTP/1.1" 200 1011
190.171.141.106 - - [26/May/2023:09:43:02 -0300] "GET /cormun/servlet/trsolicitudot HTTP/1.1" 200 8860
190.171.141.106 - - [26/May/2023:09:43:03 -0300] "GET /cormun/servlet/trsolicitudot HTTP/1.1" 200 8856
190.171.153.34 - - [26/May/2023:09:44:18 -0300] "GET /cormun/servlet/hlogin HTTP/1.1" 200 1720
190.171.153.34 - - [26/May/2023:09:44:18 -0300] "GET /cormun/servlet/hlogin HTTP/1.1" 200 1730
190.171.153.34 - - [26/May/2023:09:44:19 -0300] "GET /favicon.ico HTTP/1.1" 200 21630
190.171.141.106 - - [26/May/2023:09:44:25 -0300] "POST /cormun/servlet/trsolicitudot?8b1448d7a27d1bf9e3854dfa4321d98b,gx-no-cache=1685104137275 HTTP/1.1" 200 107
190.171.141.106 - - [26/May/2023:09:44:26 -0300] "GET /cormun/servlet/trsolicitudadjuntos?2023,20268, HTTP/1.1" 200 6315
190.171.153.34 - - [26/May/2023:09:44:26 -0300] "POST /cormun/servlet/hlogin?00893a28a6cb750df746c054bda98b84,gx-no-cache=1685104136354 HTTP/1.1" 200 90
190.171.153.34 - - [26/May/2023:09:44:26 -0300] "GET /cormun/servlet/hpexe_link HTTP/1.1" 200 952
190.171.141.106 - - [26/May/2023:09:44:27 -0300] "GET /cormun/servlet/trsolicitudadjuntos?2023,20268, HTTP/1.1" 200 6315
190.171.153.34 - - [26/May/2023:09:44:27 -0300] "GET /cormun/servlet/hhome HTTP/1.1" 200 4227
190.171.153.34 - - [26/May/2023:09:44:27 -0300] "GET /cormun/servlet/hhome HTTP/1.1" 200 4224
190.208.14.71 - - [26/May/2023:09:44:30 -0300] "GET /cormun/servlet/hlogin HTTP/1.1" 200 1716
190.171.153.34 - - [26/May/2023:09:44:30 -0300] "GET /cormun/servlet/trlicencias? HTTP/1.1" 200 11826
190.171.153.34 - - [26/May/2023:09:44:30 -0300] "GET /cormun/servlet/trlicencias? HTTP/1.1" 200 11827
190.208.14.71 - - [26/May/2023:09:44:30 -0300] "GET /cormun/static/gxtimezone.js?85251 HTTP/1.1" 200 5781
190.208.14.71 - - [26/May/2023:09:44:31 -0300] "GET /cormun/static/gxcfg.js?2022112219184450 HTTP/1.1" 200 953
190.171.141.106 - - [26/May/2023:09:44:31 -0300] "GET /cormun/servlet/solicitudotadjuntos?INS,2023,20268,,1, HTTP/1.1" 200 6255
190.208.14.71 - - [26/May/2023:09:44:31 -0300] "GET /cormun/static/Resources/Spanish/PXTools.css?1759030 HTTP/1.1" 200 100853
190.171.141.106 - - [26/May/2023:09:44:31 -0300] "GET /cormun/static/about:blank HTTP/1.1" 404 1011
190.208.14.71 - - [26/May/2023:09:44:31 -0300] "GET /cormun/static/gxgral.js?85251 HTTP/1.1" 200 384558
190.171.141.106 - - [26/May/2023:09:44:31 -0300] "GET /cormun/servlet/solicitudotadjuntos?INS,2023,20268,,1, HTTP/1.1" 200 6248
190.171.141.106 - - [26/May/2023:09:44:32 -0300] "GET /cormun/servlet/solicitudotadjuntos?0262d2026c99ffc59c8dd309c0e594888f82cbf3da222f766b3c3ebc3ef97bcd9415ea1ab52203631da8079e5f5581f9,gx-no-cache=1685104143387 HTTP/1.1" 200 30
190.171.141.106 - - [26/May/2023:09:44:32 -0300] "POST /cormun/servlet/solicitudotadjuntos?8b1448d7a27d1bf9e3854dfa4321d98b,INS,2023,20268,,1,,gx-no-cache=1685104143405 HTTP/1.1" 200 4158
190.208.14.71 - - [26/May/2023:09:44:32 -0300] "GET /cormun/static/messages.spa.js?85251 HTTP/1.1" 200 30736
190.208.14.71 - - [26/May/2023:09:44:32 -0300] "GET /cormun/static/hlogin.js?2022112219184458 HTTP/1.1" 200 2156
190.208.14.71 - - [26/May/2023:09:44:33 -0300] "GET /cormun/static/Resources/CormunLogin.png HTTP/1.1" 200 19132
190.208.14.71 - - [26/May/2023:09:44:33 -0300] "GET /cormun/static/Resources/PXToolsLoginBottom.png HTTP/1.1" 200 1389
190.208.14.71 - - [26/May/2023:09:44:33 -0300] "GET /cormun/static/Resources/PXToolsButtonBackground.png HTTP/1.1" 200 1176
190.208.14.71 - - [26/May/2023:09:44:34 -0300] "GET /cormun/static/Resources/PXToolsButtonRight.png HTTP/1.1" 200 1294
190.208.14.71 - - [26/May/2023:09:44:34 -0300] "GET /cormun/static/Resources/PXToolsLoginBackground.png HTTP/1.1" 200 1164
190.208.14.71 - - [26/May/2023:09:44:34 -0300] "GET /cormun/static/Resources/PXToolsLoginTop.png HTTP/1.1" 200 1337
190.208.14.71 - - [26/May/2023:09:44:34 -0300] "GET /cormun/static/Resources/PXToolsButtonLeft.png HTTP/1.1" 200 1310
190.208.14.71 - - [26/May/2023:09:44:34 -0300] "GET /cormun/servlet/hlogin HTTP/1.1" 200 1725
190.208.14.71 - - [26/May/2023:09:44:34 -0300] "GET /cormun/static/Resources/indicator.gif HTTP/1.1" 200 1553
190.208.14.71 - - [26/May/2023:09:44:35 -0300] "GET /cormun/static/Resources/indicator.gif HTTP/1.1" 200 1553
192.168.10.17 - - [26/May/2023:09:44:37 -0300] "GET /cormun/servlet/hlogin HTTP/1.1" 200 1720
190.171.141.106 - - [26/May/2023:09:44:39 -0300] "POST /cormun/servlet/solicitudotadjuntos?gx-no-cache=1685104150504 HTTP/1.1" 200 26
192.168.10.17 - - [26/May/2023:09:44:44 -0300] "POST /cormun/servlet/hlogin?d693ca2e4f4d6ae867f02eb39a74d601,gx-no-cache=1685104101486 HTTP/1.1" 200 90
192.168.10.17 - - [26/May/2023:09:44:44 -0300] "GET /cormun/servlet/hpexe_link HTTP/1.1" 200 951
192.168.10.17 - - [26/May/2023:09:44:44 -0300] "GET /cormun/servlet/hhome HTTP/1.1" 200 3804
192.168.10.17 - - [26/May/2023:09:44:44 -0300] "GET /cormun/servlet/hhome HTTP/1.1" 200 3800
190.171.141.106 - - [26/May/2023:09:44:52 -0300] "GET /cormun/servlet/solicitudotadjuntos?0262d2026c99ffc59c8dd309c0e59488c08a4382c481768173977e80148d7eb4,gx-no-cache=1685104163950 HTTP/1.1" 200 30
190.171.141.106 - - [26/May/2023:09:44:52 -0300] "GET /cormun/servlet/solicitudotadjuntos?0262d2026c99ffc59c8dd309c0e59488c08a4382c481768173977e80148d7eb4,gx-no-cache=1685104163971 HTTP/1.1" 200 30
190.171.141.106 - - [26/May/2023:09:44:52 -0300] "POST /cormun/servlet/solicitudotadjuntos?8b1448d7a27d1bf9e3854dfa4321d98b,INS,2023,20268,,1, HTTP/1.1" 200 116
190.171.141.106 - - [26/May/2023:09:44:52 -0300] "GET /cormun/servlet/hpexe_return? HTTP/1.1" 200 1028
190.171.141.106 - - [26/May/2023:09:44:52 -0300] "GET /cormun/servlet/trsolicitudadjuntos?2023,20268, HTTP/1.1" 200 9250
190.171.141.106 - - [26/May/2023:09:44:53 -0300] "GET /cormun/servlet/trsolicitudadjuntos?2023,20268, HTTP/1.1" 200 9247
190.171.142.42 - - [26/May/2023:09:44:53 -0300] "GET /cormun/servlet/licenciaspermisos?INS,0,,, HTTP/1.1" 200 7878
190.171.142.42 - - [26/May/2023:09:44:53 -0300] "GET /cormun/static/gxcfg.js?202012153173 HTTP/1.1" 200 953
190.171.142.42 - - [26/May/2023:09:44:53 -0300] "GET /cormun/static/licenciaspermisos.js?2020121532136 HTTP/1.1" 200 38753
190.171.142.42 - - [26/May/2023:09:44:54 -0300] "GET /cormun/servlet/licenciaspermisos?INS,0,,, HTTP/1.1" 200 7886
190.171.141.106 - - [26/May/2023:09:44:56 -0300] "GET /cormun/servlet/solicitudotadjuntos?INS,2023,20268,,1, HTTP/1.1" 200 6255
190.171.141.106 - - [26/May/2023:09:44:56 -0300] "GET /cormun/static/about:blank HTTP/1.1" 404 1011
190.171.141.106 - - [26/May/2023:09:44:56 -0300] "GET /cormun/servlet/solicitudotadjuntos?INS,2023,20268,,1, HTTP/1.1" 200 6248
190.171.141.106 - - [26/May/2023:09:44:57 -0300] "GET /cormun/servlet/solicitudotadjuntos?0262d2026c99ffc59c8dd309c0e594888f82cbf3da222f766b3c3ebc3ef97bcd9415ea1ab52203631da8079e5f5581f9,gx-no-cache=1685104168510 HTTP/1.1" 200 30
190.171.141.106 - - [26/May/2023:09:44:57 -0300] "POST /cormun/servlet/solicitudotadjuntos?8b1448d7a27d1bf9e3854dfa4321d98b,INS,2023,20268,,1,,gx-no-cache=1685104168530 HTTP/1.1" 200 4158
190.171.142.42 - - [26/May/2023:09:44:57 -0300] "GET /cormun/servlet/trpermisosgoce? HTTP/1.1" 200 14640
190.171.142.42 - - [26/May/2023:09:44:58 -0300] "GET /cormun/servlet/trpermisosgoce? HTTP/1.1" 200 14631
190.171.142.42 - - [26/May/2023:09:45:00 -0300] "GET /cormun/servlet/permisogoce?INS,0,,, HTTP/1.1" 200 7153
190.171.142.42 - - [26/May/2023:09:45:00 -0300] "GET /cormun/servlet/permisogoce?INS,0,,, HTTP/1.1" 200 7153
190.171.141.106 - - [26/May/2023:09:45:06 -0300] "POST /cormun/servlet/solicitudotadjuntos?gx-no-cache=1685104177753 HTTP/1.1" 200 26
190.171.141.106 - - [26/May/2023:09:45:20 -0300] "GET /cormun/servlet/solicitudotadjuntos?0262d2026c99ffc59c8dd309c0e59488c08a4382c481768173977e80148d7eb4,gx-no-cache=1685104191374 HTTP/1.1" 200 30
190.171.141.106 - - [26/May/2023:09:45:20 -0300] "GET /cormun/servlet/solicitudotadjuntos?0262d2026c99ffc59c8dd309c0e59488c08a4382c481768173977e80148d7eb4,gx-no-cache=1685104191386 HTTP/1.1" 200 30
190.171.141.106 - - [26/May/2023:09:45:20 -0300] "POST /cormun/servlet/solicitudotadjuntos?8b1448d7a27d1bf9e3854dfa4321d98b,INS,2023,20268,,1, HTTP/1.1" 200 116
190.171.141.106 - - [26/May/2023:09:45:20 -0300] "GET /cormun/servlet/hpexe_return? HTTP/1.1" 200 1028
190.171.141.106 - - [26/May/2023:09:45:20 -0300] "GET /cormun/servlet/trsolicitudadjuntos?2023,20268, HTTP/1.1" 200 9485
190.171.141.106 - - [26/May/2023:09:45:20 -0300] "GET /cormun/servlet/trsolicitudadjuntos?2023,20268, HTTP/1.1" 200 9484
190.171.142.50 - - [26/May/2023:09:45:22 -0300] "GET /cormun/servlet/hlogin HTTP/1.1" 200 1719
190.171.142.50 - - [26/May/2023:09:45:23 -0300] "GET /favicon.ico HTTP/1.1" 200 21630
190.171.142.50 - - [26/May/2023:09:45:31 -0300] "POST /cormun/servlet/hlogin?aa7622faf9e08088488685c0460eb994,gx-no-cache=1685104199044 HTTP/1.1" 200 90
190.171.142.50 - - [26/May/2023:09:45:31 -0300] "GET /cormun/servlet/hpexe_link HTTP/1.1" 200 949
190.171.142.50 - - [26/May/2023:09:45:31 -0300] "GET /cormun/servlet/hhome HTTP/1.1" 200 3947
190.171.142.50 - - [26/May/2023:09:45:31 -0300] "GET /cormun/servlet/hhome HTTP/1.1" 200 3943
190.171.142.50 - - [26/May/2023:09:45:34 -0300] "GET /cormun/servlet/trlicencias? HTTP/1.1" 200 14422
190.171.142.50 - - [26/May/2023:09:45:34 -0300] "GET /cormun/servlet/trlicencias? HTTP/1.1" 200 14374
190.171.141.106 - - [26/May/2023:09:45:46 -0300] "GET /cormun/servlet/solicitudotadjuntos?INS,2023,20268,,1, HTTP/1.1" 200 6256
190.171.141.106 - - [26/May/2023:09:45:46 -0300] "GET /cormun/static/about:blank HTTP/1.1" 404 1011
190.171.141.106 - - [26/May/2023:09:45:46 -0300] "GET /cormun/servlet/solicitudotadjuntos?INS,2023,20268,,1, HTTP/1.1" 200 6249
190.171.141.106 - - [26/May/2023:09:45:47 -0300] "GET /cormun/servlet/solicitudotadjuntos?0262d2026c99ffc59c8dd309c0e594888f82cbf3da222f766b3c3ebc3ef97bcd9415ea1ab52203631da8079e5f5581f9,gx-no-cache=1685104218443 HTTP/1.1" 200 30
190.171.141.106 - - [26/May/2023:09:45:47 -0300] "POST /cormun/servlet/solicitudotadjuntos?8b1448d7a27d1bf9e3854dfa4321d98b,INS,2023,20268,,1,,gx-no-cache=1685104218479 HTTP/1.1" 200 4159
190.171.141.106 - - [26/May/2023:09:45:51 -0300] "GET /cormun/servlet/trlicencias? HTTP/1.1" 200 6032
190.171.141.106 - - [26/May/2023:09:45:51 -0300] "GET /cormun/servlet/trlicencias? HTTP/1.1" 200 6032
190.171.141.106 - - [26/May/2023:09:45:51 -0300] "POST /cormun/servlet/solicitudotadjuntos?gx-no-cache=1685104223217 HTTP/1.1" 200 26
190.171.141.106 - - [26/May/2023:09:45:53 -0300] "GET /cormun/servlet/hlogin HTTP/1.1" 200 1734
190.171.141.106 - - [26/May/2023:09:45:53 -0300] "GET /cormun/servlet/trlicencias? HTTP/1.1" 200 6042
190.171.141.106 - - [26/May/2023:09:45:55 -0300] "POST /cormun/servlet/hlogin?2d49cf049df2b2dcf2567bdbf5541a00,gx-no-cache=1685104578178 HTTP/1.1" 200 90
190.171.141.106 - - [26/May/2023:09:45:55 -0300] "GET /cormun/servlet/hpexe_link HTTP/1.1" 200 952
190.171.141.106 - - [26/May/2023:09:45:56 -0300] "GET /cormun/servlet/trlicencias HTTP/1.1" 200 12479
190.171.141.106 - - [26/May/2023:09:45:57 -0300] "GET /cormun/servlet/trlicencias HTTP/1.1" 200 12486
190.171.141.138 - - [26/May/2023:09:46:00 -0300] "GET /cormun/servlet/trpermisosadjuntos?11231702,20230519140105,P, HTTP/1.1" 200 6824
190.171.141.138 - - [26/May/2023:09:46:00 -0300] "GET /cormun/static/gxcfg.js?2020121641683 HTTP/1.1" 200 953
190.171.141.138 - - [26/May/2023:09:46:00 -0300] "GET /cormun/static/trpermisosadjuntos.js?2020121642996 HTTP/1.1" 200 20158
190.171.141.106 - - [26/May/2023:09:46:00 -0300] "GET /cormun/servlet/trsolicitudot? HTTP/1.1" 200 8844
190.171.141.138 - - [26/May/2023:09:46:00 -0300] "GET /cormun/servlet/trpermisosadjuntos?11231702,20230519140105,P, HTTP/1.1" 200 6824
190.171.141.138 - - [26/May/2023:09:46:01 -0300] "GET /cormun/servlet/permisosadjuntos?INS,11231702,P,20230519140105,, HTTP/1.1" 200 6121
190.171.141.138 - - [26/May/2023:09:46:01 -0300] "GET /cormun/static/gxcfg.js?20201215134212 HTTP/1.1" 200 953
190.171.141.138 - - [26/May/2023:09:46:01 -0300] "GET /cormun/static/permisosadjuntos.js?20201215134285 HTTP/1.1" 200 8724
190.171.141.138 - - [26/May/2023:09:46:01 -0300] "GET /cormun/static/about:blank HTTP/1.1" 404 1011
190.171.141.138 - - [26/May/2023:09:46:02 -0300] "GET /cormun/servlet/permisosadjuntos?INS,11231702,P,20230519140105,, HTTP/1.1" 200 6111
190.171.141.106 - - [26/May/2023:09:46:02 -0300] "GET /cormun/servlet/solicitudotadjuntos?0262d2026c99ffc59c8dd309c0e59488c08a4382c481768173977e80148d7eb4,gx-no-cache=1685104233726 HTTP/1.1" 200 30
190.171.141.106 - - [26/May/2023:09:46:02 -0300] "GET /cormun/servlet/solicitudotadjuntos?0262d2026c99ffc59c8dd309c0e59488c08a4382c481768173977e80148d7eb4,gx-no-cache=1685104233737 HTTP/1.1" 200 30
190.171.141.106 - - [26/May/2023:09:46:02 -0300] "POST /cormun/servlet/solicitudotadjuntos?8b1448d7a27d1bf9e3854dfa4321d98b,INS,2023,20268,,1, HTTP/1.1" 200 116
190.171.141.106 - - [26/May/2023:09:46:02 -0300] "GET /cormun/servlet/hpexe_return? HTTP/1.1" 200 1028
190.171.141.106 - - [26/May/2023:09:46:02 -0300] "GET /cormun/servlet/trsolicitudadjuntos?2023,20268, HTTP/1.1" 200 9722
190.171.141.106 - - [26/May/2023:09:46:03 -0300] "GET /cormun/servlet/trsolicitudadjuntos?2023,20268, HTTP/1.1" 200 9722
190.171.141.106 - - [26/May/2023:09:46:03 -0300] "GET /cormun/servlet/trsolicitudot? HTTP/1.1" 200 8844
190.171.141.106 - - [26/May/2023:09:46:09 -0300] "GET /cormun/servlet/solicitudotadjuntos?INS,2023,20268,,1, HTTP/1.1" 200 6256
190.171.141.138 - - [26/May/2023:09:46:09 -0300] "POST /cormun/servlet/permisosadjuntos?79b23af478a10f2e7b97bf1fdec0b1bd,INS,11231702,P,20230519140105,, HTTP/1.1" 200 116
190.171.141.138 - - [26/May/2023:09:46:09 -0300] "GET /cormun/servlet/hpexe_return? HTTP/1.1" 200 1036
190.171.141.138 - - [26/May/2023:09:46:09 -0300] "GET /cormun/servlet/trpermisosadjuntos?11231702,20230519140105,P, HTTP/1.1" 200 7342
190.171.141.106 - - [26/May/2023:09:46:09 -0300] "GET /cormun/static/about:blank HTTP/1.1" 404 1011
190.171.141.106 - - [26/May/2023:09:46:09 -0300] "GET /cormun/servlet/solicitudotadjuntos?INS,2023,20268,,1, HTTP/1.1" 200 6249
190.171.141.138 - - [26/May/2023:09:46:09 -0300] "GET /cormun/servlet/trpermisosadjuntos?11231702,20230519140105,P, HTTP/1.1" 200 7338
190.171.141.106 - - [26/May/2023:09:46:10 -0300] "GET /cormun/servlet/solicitudotadjuntos?0262d2026c99ffc59c8dd309c0e594888f82cbf3da222f766b3c3ebc3ef97bcd9415ea1ab52203631da8079e5f5581f9,gx-no-cache=1685104241740 HTTP/1.1" 200 30
190.171.141.106 - - [26/May/2023:09:46:10 -0300] "POST /cormun/servlet/solicitudotadjuntos?8b1448d7a27d1bf9e3854dfa4321d98b,INS,2023,20268,,1,,gx-no-cache=1685104241755 HTTP/1.1" 200 4159
190.171.141.138 - - [26/May/2023:09:46:11 -0300] "POST /cormun/servlet/trpermisosadjuntos?79b23af478a10f2e7b97bf1fdec0b1bd,11231702,20230519140105,P,,gx-no-cache=1685104241212 HTTP/1.1" 200 90
190.171.141.138 - - [26/May/2023:09:46:11 -0300] "GET /cormun/servlet/hpexe_link HTTP/1.1" 200 982
190.171.141.138 - - [26/May/2023:09:46:11 -0300] "GET /cormun/servlet/trpermisosgoce HTTP/1.1" 200 16003
190.171.141.138 - - [26/May/2023:09:46:11 -0300] "GET /cormun/servlet/trpermisosgoce HTTP/1.1" 200 16002
190.171.141.106 - - [26/May/2023:09:46:13 -0300] "POST /cormun/servlet/solicitudotadjuntos?gx-no-cache=1685104245095 HTTP/1.1" 200 26
190.171.141.138 - - [26/May/2023:09:46:14 -0300] "GET /cormun/servlet/trpermisosadjuntos?16077078,20230519135956,P, HTTP/1.1" 200 6826
190.171.141.138 - - [26/May/2023:09:46:14 -0300] "GET /cormun/servlet/trpermisosadjuntos?16077078,20230519135956,P, HTTP/1.1" 200 6826
190.171.141.138 - - [26/May/2023:09:46:15 -0300] "GET /cormun/servlet/permisosadjuntos?INS,16077078,P,20230519135956,, HTTP/1.1" 200 6123
190.171.141.138 - - [26/May/2023:09:46:15 -0300] "GET /cormun/static/about:blank HTTP/1.1" 404 1011
190.171.141.138 - - [26/May/2023:09:46:15 -0300] "GET /cormun/servlet/permisosadjuntos?INS,16077078,P,20230519135956,, HTTP/1.1" 200 6113
190.171.141.138 - - [26/May/2023:09:46:22 -0300] "POST /cormun/servlet/permisosadjuntos?79b23af478a10f2e7b97bf1fdec0b1bd,INS,16077078,P,20230519135956,, HTTP/1.1" 200 116
190.171.141.138 - - [26/May/2023:09:46:22 -0300] "GET /cormun/servlet/hpexe_return? HTTP/1.1" 200 1038
190.171.141.138 - - [26/May/2023:09:46:22 -0300] "GET /cormun/servlet/trpermisosadjuntos?16077078,20230519135956,P, HTTP/1.1" 200 7341
190.171.141.138 - - [26/May/2023:09:46:22 -0300] "GET /cormun/servlet/trpermisosadjuntos?16077078,20230519135956,P, HTTP/1.1" 200 7337
190.171.141.138 - - [26/May/2023:09:46:24 -0300] "POST /cormun/servlet/trpermisosadjuntos?79b23af478a10f2e7b97bf1fdec0b1bd,16077078,20230519135956,P,,gx-no-cache=1685104253948 HTTP/1.1" 200 90
190.171.141.138 - - [26/May/2023:09:46:24 -0300] "GET /cormun/servlet/hpexe_link HTTP/1.1" 200 983
190.171.141.138 - - [26/May/2023:09:46:24 -0300] "GET /cormun/servlet/trpermisosgoce HTTP/1.1" 200 16003
190.171.141.138 - - [26/May/2023:09:46:24 -0300] "GET /cormun/servlet/trpermisosgoce HTTP/1.1" 200 16002
190.171.141.106 - - [26/May/2023:09:46:27 -0300] "GET /cormun/servlet/solicitudotadjuntos?0262d2026c99ffc59c8dd309c0e59488c08a4382c481768173977e80148d7eb4,gx-no-cache=1685104258998 HTTP/1.1" 200 30
190.171.141.106 - - [26/May/2023:09:46:27 -0300] "GET /cormun/servlet/solicitudotadjuntos?0262d2026c99ffc59c8dd309c0e59488c08a4382c481768173977e80148d7eb4,gx-no-cache=1685104259057 HTTP/1.1" 200 30
190.171.141.138 - - [26/May/2023:09:46:27 -0300] "GET /cormun/servlet/trpermisosadjuntos?16884603,20230519094052,P, HTTP/1.1" 200 6830
190.171.141.138 - - [26/May/2023:09:46:28 -0300] "GET /cormun/servlet/trpermisosadjuntos?16884603,20230519094052,P, HTTP/1.1" 200 6831
190.171.141.106 - - [26/May/2023:09:46:28 -0300] "POST /cormun/servlet/solicitudotadjuntos?8b1448d7a27d1bf9e3854dfa4321d98b,INS,2023,20268,,1, HTTP/1.1" 200 116
190.171.141.106 - - [26/May/2023:09:46:28 -0300] "GET /cormun/servlet/hpexe_return? HTTP/1.1" 200 1028
190.171.141.106 - - [26/May/2023:09:46:28 -0300] "GET /cormun/servlet/trsolicitudadjuntos?2023,20268, HTTP/1.1" 200 9971
190.171.141.106 - - [26/May/2023:09:46:28 -0300] "GET /cormun/servlet/trsolicitudadjuntos?2023,20268, HTTP/1.1" 200 9967
190.171.141.138 - - [26/May/2023:09:46:29 -0300] "GET /cormun/servlet/permisosadjuntos?INS,16884603,P,20230519094052,, HTTP/1.1" 200 6130
190.171.141.138 - - [26/May/2023:09:46:29 -0300] "GET /cormun/static/about:blank HTTP/1.1" 404 1011
190.171.141.138 - - [26/May/2023:09:46:29 -0300] "GET /cormun/servlet/permisosadjuntos?INS,16884603,P,20230519094052,, HTTP/1.1" 200 6119
190.171.141.138 - - [26/May/2023:09:46:36 -0300] "POST /cormun/servlet/permisosadjuntos?79b23af478a10f2e7b97bf1fdec0b1bd,INS,16884603,P,20230519094052,, HTTP/1.1" 200 116
190.171.141.138 - - [26/May/2023:09:46:36 -0300] "GET /cormun/servlet/hpexe_return? HTTP/1.1" 200 1035
190.171.141.138 - - [26/May/2023:09:46:36 -0300] "GET /cormun/servlet/trpermisosadjuntos?16884603,20230519094052,P, HTTP/1.1" 200 7347
190.171.141.138 - - [26/May/2023:09:46:36 -0300] "GET /cormun/servlet/trpermisosadjuntos?16884603,20230519094052,P, HTTP/1.1" 200 7344
190.171.141.106 - - [26/May/2023:09:46:37 -0300] "GET /cormun/servlet/solicitudotadjuntos?INS,2023,20268,,1, HTTP/1.1" 200 6256
190.171.141.106 - - [26/May/2023:09:46:37 -0300] "GET /cormun/static/about:blank HTTP/1.1" 404 1011
190.171.141.106 - - [26/May/2023:09:46:37 -0300] "GET /cormun/servlet/solicitudotadjuntos?INS,2023,20268,,1, HTTP/1.1" 200 6249
190.171.141.106 - - [26/May/2023:09:46:37 -0300] "GET /cormun/servlet/solicitudotadjuntos?0262d2026c99ffc59c8dd309c0e594888f82cbf3da222f766b3c3ebc3ef97bcd9415ea1ab52203631da8079e5f5581f9,gx-no-cache=1685104269120 HTTP/1.1" 200 30
190.171.141.106 - - [26/May/2023:09:46:37 -0300] "POST /cormun/servlet/solicitudotadjuntos?8b1448d7a27d1bf9e3854dfa4321d98b,INS,2023,20268,,1,,gx-no-cache=1685104269135 HTTP/1.1" 200 4158
190.171.141.138 - - [26/May/2023:09:46:38 -0300] "POST /cormun/servlet/trpermisosadjuntos?79b23af478a10f2e7b97bf1fdec0b1bd,16884603,20230519094052,P,,gx-no-cache=1685104268363 HTTP/1.1" 200 90
190.171.141.138 - - [26/May/2023:09:46:38 -0300] "GET /cormun/servlet/hpexe_link HTTP/1.1" 200 982
190.171.141.138 - - [26/May/2023:09:46:38 -0300] "GET /cormun/servlet/trpermisosgoce HTTP/1.1" 200 16003
190.171.141.138 - - [26/May/2023:09:46:39 -0300] "GET /cormun/servlet/trpermisosgoce HTTP/1.1" 200 16002
190.171.141.106 - - [26/May/2023:09:46:42 -0300] "POST /cormun/servlet/solicitudotadjuntos?gx-no-cache=1685104273634 HTTP/1.1" 200 26
190.171.141.138 - - [26/May/2023:09:46:45 -0300] "GET /cormun/servlet/trpermisosadjuntos?9390855,20230524110500,P, HTTP/1.1" 200 6816
190.171.141.138 - - [26/May/2023:09:46:45 -0300] "GET /cormun/servlet/trpermisosadjuntos?9390855,20230524110500,P, HTTP/1.1" 200 6817
190.171.141.138 - - [26/May/2023:09:46:46 -0300] "GET /cormun/servlet/permisosadjuntos?INS,9390855,P,20230524110500,, HTTP/1.1" 200 6115
190.171.141.138 - - [26/May/2023:09:46:47 -0300] "GET /cormun/static/about:blank HTTP/1.1" 404 1011
190.171.141.138 - - [26/May/2023:09:46:47 -0300] "GET /cormun/servlet/permisosadjuntos?INS,9390855,P,20230524110500,, HTTP/1.1" 200 6105
190.171.141.106 - - [26/May/2023:09:46:52 -0300] "POST /cormun/servlet/trsolicitudot?2d49cf049df2b2dcf2567bdbf5541a00,,gx-no-cache=1685104635260 HTTP/1.1" 200 4649
190.171.141.106 - - [26/May/2023:09:46:54 -0300] "POST /cormun/servlet/trsolicitudot?2d49cf049df2b2dcf2567bdbf5541a00,,gx-no-cache=1685104636874 HTTP/1.1" 200 4650
190.171.141.138 - - [26/May/2023:09:46:54 -0300] "POST /cormun/servlet/permisosadjuntos?79b23af478a10f2e7b97bf1fdec0b1bd,INS,9390855,P,20230524110500,, HTTP/1.1" 200 116
190.171.141.138 - - [26/May/2023:09:46:54 -0300] "GET /cormun/servlet/hpexe_return? HTTP/1.1" 200 1036
190.171.141.138 - - [26/May/2023:09:46:54 -0300] "GET /cormun/servlet/trpermisosadjuntos?9390855,20230524110500,P, HTTP/1.1" 200 7328
190.171.141.138 - - [26/May/2023:09:46:55 -0300] "GET /cormun/servlet/trpermisosadjuntos?9390855,20230524110500,P, HTTP/1.1" 200 7322
190.171.141.106 - - [26/May/2023:09:46:55 -0300] "GET /cormun/servlet/solicitudotadjuntos?0262d2026c99ffc59c8dd309c0e59488c08a4382c481768173977e80148d7eb4,gx-no-cache=1685104286622 HTTP/1.1" 200 30
190.171.141.106 - - [26/May/2023:09:46:55 -0300] "GET /cormun/servlet/solicitudotadjuntos?0262d2026c99ffc59c8dd309c0e59488c08a4382c481768173977e80148d7eb4,gx-no-cache=1685104286634 HTTP/1.1" 200 30
190.171.141.106 - - [26/May/2023:09:46:55 -0300] "POST /cormun/servlet/solicitudotadjuntos?8b1448d7a27d1bf9e3854dfa4321d98b,INS,2023,20268,,1, HTTP/1.1" 200 116
190.171.141.106 - - [26/May/2023:09:46:55 -0300] "GET /cormun/servlet/hpexe_return? HTTP/1.1" 200 1028
190.171.141.106 - - [26/May/2023:09:46:55 -0300] "GET /cormun/servlet/trsolicitudadjuntos?2023,20268, HTTP/1.1" 200 10243
190.171.141.106 - - [26/May/2023:09:46:56 -0300] "GET /cormun/servlet/trsolicitudadjuntos?2023,20268, HTTP/1.1" 200 10241
190.171.141.138 - - [26/May/2023:09:46:56 -0300] "POST /cormun/servlet/trpermisosadjuntos?79b23af478a10f2e7b97bf1fdec0b1bd,9390855,20230524110500,P,,gx-no-cache=1685104286852 HTTP/1.1" 200 90
190.171.141.138 - - [26/May/2023:09:46:56 -0300] "GET /cormun/servlet/hpexe_link HTTP/1.1" 200 981
190.171.141.138 - - [26/May/2023:09:46:57 -0300] "GET /cormun/servlet/trpermisosgoce HTTP/1.1" 200 16003
190.171.141.106 - - [26/May/2023:09:46:57 -0300] "GET /cormun/servlet/trsolicitudot? HTTP/1.1" 200 7439
190.171.141.138 - - [26/May/2023:09:46:57 -0300] "GET /cormun/servlet/trpermisosgoce HTTP/1.1" 200 16002
190.171.141.106 - - [26/May/2023:09:46:58 -0300] "GET /cormun/servlet/trsolicitudot? HTTP/1.1" 200 7439
190.171.141.138 - - [26/May/2023:09:47:04 -0300] "GET /cormun/servlet/trpermisosadjuntos?15755864,20230524110349,P, HTTP/1.1" 200 6820
190.171.141.106 - - [26/May/2023:09:47:04 -0300] "GET /cormun/servlet/solicitudotadjuntos?INS,2023,20268,,1, HTTP/1.1" 200 6256
190.171.141.138 - - [26/May/2023:09:47:04 -0300] "GET /cormun/servlet/trpermisosadjuntos?15755864,20230524110349,P, HTTP/1.1" 200 6820
190.171.141.106 - - [26/May/2023:09:47:05 -0300] "GET /cormun/static/about:blank HTTP/1.1" 404 1011
190.171.141.106 - - [26/May/2023:09:47:05 -0300] "GET /cormun/servlet/solicitudotadjuntos?INS,2023,20268,,1, HTTP/1.1" 200 6249
190.171.141.106 - - [26/May/2023:09:47:05 -0300] "GET /cormun/servlet/solicitudotadjuntos?0262d2026c99ffc59c8dd309c0e594888f82cbf3da222f766b3c3ebc3ef97bcd9415ea1ab52203631da8079e5f5581f9,gx-no-cache=1685104296946 HTTP/1.1" 200 30
190.171.141.106 - - [26/May/2023:09:47:05 -0300] "POST /cormun/servlet/solicitudotadjuntos?8b1448d7a27d1bf9e3854dfa4321d98b,INS,2023,20268,,1,,gx-no-cache=1685104297039 HTTP/1.1" 200 4158
190.171.141.138 - - [26/May/2023:09:47:06 -0300] "GET /cormun/servlet/permisosadjuntos?INS,15755864,P,20230524110349,, HTTP/1.1" 200 6114
190.171.141.138 - - [26/May/2023:09:47:06 -0300] "GET /cormun/static/about:blank HTTP/1.1" 404 1011
190.171.141.138 - - [26/May/2023:09:47:06 -0300] "GET /cormun/servlet/permisosadjuntos?INS,15755864,P,20230524110349,, HTTP/1.1" 200 6104
190.171.141.106 - - [26/May/2023:09:47:09 -0300] "POST /cormun/servlet/solicitudotadjuntos?gx-no-cache=1685104300535 HTTP/1.1" 200 26
190.171.141.138 - - [26/May/2023:09:47:09 -0300] "POST /cormun/servlet/permisosadjuntos?79b23af478a10f2e7b97bf1fdec0b1bd,INS,15755864,P,20230524110349,, HTTP/1.1" 200 116
190.171.141.138 - - [26/May/2023:09:47:09 -0300] "GET /cormun/servlet/hpexe_return? HTTP/1.1" 200 1037
190.171.141.138 - - [26/May/2023:09:47:10 -0300] "GET /cormun/servlet/trpermisosadjuntos?15755864,20230524110349,P, HTTP/1.1" 200 7336
190.171.141.138 - - [26/May/2023:09:47:10 -0300] "GET /cormun/servlet/trpermisosadjuntos?15755864,20230524110349,P, HTTP/1.1" 200 7332
190.171.141.138 - - [26/May/2023:09:47:11 -0300] "POST /cormun/servlet/trpermisosadjuntos?79b23af478a10f2e7b97bf1fdec0b1bd,15755864,20230524110349,P,,gx-no-cache=1685104301573 HTTP/1.1" 200 90
190.171.141.138 - - [26/May/2023:09:47:11 -0300] "GET /cormun/servlet/hpexe_link HTTP/1.1" 200 982
190.171.141.138 - - [26/May/2023:09:47:11 -0300] "GET /cormun/servlet/trpermisosgoce HTTP/1.1" 200 16003
190.171.141.138 - - [26/May/2023:09:47:12 -0300] "GET /cormun/servlet/trpermisosgoce HTTP/1.1" 200 16002
190.171.141.106 - - [26/May/2023:09:47:12 -0300] "POST /cormun/servlet/trsolicitudot?2d49cf049df2b2dcf2567bdbf5541a00,,gx-no-cache=1685104654830 HTTP/1.1" 200 4657
190.171.141.138 - - [26/May/2023:09:47:18 -0300] "GET /cormun/servlet/trpermisosadjuntos?12693082,20230524090925,P, HTTP/1.1" 200 6821
190.171.141.138 - - [26/May/2023:09:47:18 -0300] "GET /cormun/servlet/trpermisosadjuntos?12693082,20230524090925,P, HTTP/1.1" 200 6820
190.171.141.106 - - [26/May/2023:09:47:18 -0300] "GET /cormun/servlet/solicitudot?INS,0,0,false, HTTP/1.1" 200 16079
190.171.141.106 - - [26/May/2023:09:47:18 -0300] "GET /cormun/static/gxcfg.js?20221129840861 HTTP/1.1" 200 953
190.171.141.106 - - [26/May/2023:09:47:18 -0300] "GET /cormun/static/Resources/prompt.gif HTTP/1.1" 200 902
190.171.141.106 - - [26/May/2023:09:47:19 -0300] "GET /cormun/static/solicitudot.js?20221129840983 HTTP/1.1" 200 74072
190.171.141.138 - - [26/May/2023:09:47:19 -0300] "GET /cormun/servlet/permisosadjuntos?INS,12693082,P,20230524090925,, HTTP/1.1" 200 6119
190.171.141.138 - - [26/May/2023:09:47:19 -0300] "GET /cormun/static/about:blank HTTP/1.1" 404 1011
190.171.141.138 - - [26/May/2023:09:47:19 -0300] "GET /cormun/servlet/permisosadjuntos?INS,12693082,P,20230524090925,, HTTP/1.1" 200 6109
190.171.141.106 - - [26/May/2023:09:47:19 -0300] "GET /cormun/servlet/solicitudot?INS,0,0,false, HTTP/1.1" 200 16087
190.171.141.106 - - [26/May/2023:09:47:19 -0300] "GET /cormun/servlet/solicitudotadjuntos?0262d2026c99ffc59c8dd309c0e59488c08a4382c481768173977e80148d7eb4,gx-no-cache=1685104311286 HTTP/1.1" 200 30
190.171.141.106 - - [26/May/2023:09:47:20 -0300] "GET /cormun/servlet/solicitudotadjuntos?0262d2026c99ffc59c8dd309c0e59488c08a4382c481768173977e80148d7eb4,gx-no-cache=1685104311298 HTTP/1.1" 200 30
190.171.141.106 - - [26/May/2023:09:47:20 -0300] "POST /cormun/servlet/solicitudotadjuntos?8b1448d7a27d1bf9e3854dfa4321d98b,INS,2023,20268,,1, HTTP/1.1" 200 116
190.171.141.106 - - [26/May/2023:09:47:20 -0300] "GET /cormun/servlet/hpexe_return? HTTP/1.1" 200 1028
190.171.141.106 - - [26/May/2023:09:47:20 -0300] "GET /cormun/servlet/trsolicitudadjuntos?2023,20268, HTTP/1.1" 200 10405
190.171.141.106 - - [26/May/2023:09:47:20 -0300] "GET /cormun/servlet/trsolicitudadjuntos?2023,20268, HTTP/1.1" 200 10403
190.171.141.138 - - [26/May/2023:09:47:26 -0300] "POST /cormun/servlet/permisosadjuntos?79b23af478a10f2e7b97bf1fdec0b1bd,INS,12693082,P,20230524090925,, HTTP/1.1" 200 116
190.171.141.138 - - [26/May/2023:09:47:26 -0300] "GET /cormun/servlet/hpexe_return? HTTP/1.1" 200 1037
190.171.141.138 - - [26/May/2023:09:47:26 -0300] "GET /cormun/servlet/trpermisosadjuntos?12693082,20230524090925,P, HTTP/1.1" 200 7345
190.171.141.138 - - [26/May/2023:09:47:26 -0300] "GET /cormun/servlet/trpermisosadjuntos?12693082,20230524090925,P, HTTP/1.1" 200 7342
190.171.141.138 - - [26/May/2023:09:47:28 -0300] "POST /cormun/servlet/trpermisosadjuntos?79b23af478a10f2e7b97bf1fdec0b1bd,12693082,20230524090925,P,,gx-no-cache=1685104318237 HTTP/1.1" 200 90
190.171.141.138 - - [26/May/2023:09:47:28 -0300] "GET /cormun/servlet/hpexe_link HTTP/1.1" 200 982
190.171.141.138 - - [26/May/2023:09:47:28 -0300] "GET /cormun/servlet/trpermisosgoce HTTP/1.1" 200 16003
190.171.141.138 - - [26/May/2023:09:47:28 -0300] "GET /cormun/servlet/trpermisosgoce HTTP/1.1" 200 16002
190.171.141.106 - - [26/May/2023:09:47:31 -0300] "POST /cormun/servlet/solicitudot?gx-no-cache=1685104674227 HTTP/1.1" 200 3963
190.171.141.106 - - [26/May/2023:09:47:31 -0300] "POST /cormun/servlet/solicitudot?2d49cf049df2b2dcf2567bdbf5541a00,INS,0,0,false,,gx-no-cache=1685104674352 HTTP/1.1" 200 12798
190.171.141.138 - - [26/May/2023:09:47:32 -0300] "POST /cormun/servlet/trpermisosgoce?79b23af478a10f2e7b97bf1fdec0b1bd,gx-no-cache=1685104321801 HTTP/1.1" 200 13170
190.171.141.138 - - [26/May/2023:09:47:32 -0300] "GET /cormun/static/Shared/jqueryui/images/ui-bg_highlight-soft_100_c6c2c8_1x100.png HTTP/1.1" 404 1117
190.171.141.138 - - [26/May/2023:09:47:32 -0300] "GET /cormun/static/Shared/jqueryui/images/ui-icons_82798d_256x240.png HTTP/1.1" 404 1089
190.171.141.138 - - [26/May/2023:09:47:32 -0300] "GET /cormun/static/Shared/jqueryui/images/ui-bg_flat_55_fafafa_40x100.png HTTP/1.1" 404 1097
190.171.141.138 - - [26/May/2023:09:47:32 -0300] "GET /cormun/static/Shared/jqueryui/images/ui-icons_8d78a5_256x240.png HTTP/1.1" 404 1089
190.171.141.138 - - [26/May/2023:09:47:33 -0300] "POST /cormun/servlet/trpermisosgoce?79b23af478a10f2e7b97bf1fdec0b1bd,gx-no-cache=1685104322838 HTTP/1.1" 200 13173
190.171.141.138 - - [26/May/2023:09:47:34 -0300] "POST /cormun/servlet/trpermisosgoce?79b23af478a10f2e7b97bf1fdec0b1bd,gx-no-cache=1685104323990 HTTP/1.1" 200 13166
190.171.141.106 - - [26/May/2023:09:47:35 -0300] "GET /cormun/servlet/solicitudot?c93b0a1116c02d59e8757f665eaf8b13291a1d90dc31252e67a7723a343a72b3b967751a58348a1d7548d23a6cab5714,gx-no-cache=1685104677949 HTTP/1.1" 200 30
190.171.141.138 - - [26/May/2023:09:47:35 -0300] "POST /cormun/servlet/trpermisosgoce?79b23af478a10f2e7b97bf1fdec0b1bd,gx-no-cache=1685104325486 HTTP/1.1" 200 13162
190.171.141.106 - - [26/May/2023:09:47:37 -0300] "GET /cormun/servlet/solicitudotadjuntos?INS,2023,20268,,1, HTTP/1.1" 200 6256
