190.171.141.106 - - [26/May/2023:11:35:39 -0300] "POST /cormun/servlet/trsolicitudot?9aa38ff39bd13006cafc5b06b775a15a,,gx-no-cache=1685111162095 HTTP/1.1" 200 6256
190.171.141.106 - - [26/May/2023:11:35:39 -0300] "GET /cormun/static/Shared/jqueryui/images/ui-bg_flat_55_fafafa_40x100.png HTTP/1.1" 404 1097
190.171.141.106 - - [26/May/2023:11:35:39 -0300] "GET /cormun/static/Shared/jqueryui/images/ui-icons_8d78a5_256x240.png HTTP/1.1" 404 1089
190.171.141.82 - - [26/May/2023:11:35:50 -0300] "POST /cormun/servlet/licenciaspermisos?7ee946326c77f5b0cf9b44113bbe591b,DSP,7909623,L,20230409000000,,gx-no-cache=1685110820867 HTTP/1.1" 200 93
190.171.141.82 - - [26/May/2023:11:35:50 -0300] "GET /cormun/servlet/hpexe_return? HTTP/1.1" 200 1045
190.171.141.82 - - [26/May/2023:11:35:51 -0300] "GET /cormun/servlet/trlicencias?gx-no-cache=1685110725597 HTTP/1.1" 200 9200
190.171.141.82 - - [26/May/2023:11:35:51 -0300] "GET /cormun/servlet/trlicencias?gx-no-cache=1685110725597 HTTP/1.1" 200 9217
190.171.153.34 - - [26/May/2023:11:35:52 -0300] "GET /cormun/servlet/permisogoce?INS,0,,, HTTP/1.1" 200 7241
190.171.153.34 - - [26/May/2023:11:35:53 -0300] "GET /cormun/servlet/permisogoce?INS,0,,, HTTP/1.1" 200 7241
190.171.141.82 - - [26/May/2023:11:35:54 -0300] "GET /cormun/servlet/licenciaspermisos?DSP,7909623,L,20230424000000, HTTP/1.1" 200 7083
190.171.141.82 - - [26/May/2023:11:35:54 -0300] "GET /cormun/servlet/licenciaspermisos?DSP,7909623,L,20230424000000, HTTP/1.1" 200 7060
190.171.153.34 - - [26/May/2023:11:36:14 -0300] "GET /cormun/servlet/permisogoce?4dfdb46ce4453aa10c89440cfda7a1a57c227b4d66799b3f070084f16201c54068fe9ece50d40efe3e86919575349d01e6ce920e59930e3262a1234265205d18,gx-no-cache=1685110844581 HTTP/1.1" 200 81
190.171.153.34 - - [26/May/2023:11:36:20 -0300] "GET /cormun/static/menuarrow.gif HTTP/1.1" 404 1015
190.171.141.82 - - [26/May/2023:11:36:25 -0300] "POST /cormun/servlet/licenciaspermisos?7ee946326c77f5b0cf9b44113bbe591b,DSP,7909623,L,20230424000000,,gx-no-cache=1685110855116 HTTP/1.1" 200 93
190.171.141.82 - - [26/May/2023:11:36:25 -0300] "GET /cormun/servlet/hpexe_return? HTTP/1.1" 200 1045
190.171.141.82 - - [26/May/2023:11:36:25 -0300] "GET /cormun/servlet/trlicencias?gx-no-cache=1685110725597 HTTP/1.1" 200 9200
190.171.141.82 - - [26/May/2023:11:36:25 -0300] "GET /cormun/servlet/trlicencias?gx-no-cache=1685110725597 HTTP/1.1" 200 9217
190.171.153.34 - - [26/May/2023:11:36:26 -0300] "GET /cormun/servlet/permisogoce?4dfdb46ce4453aa10c89440cfda7a1a59014d3b54ebadbf09cebe31524a9d9f0a4a78b1e2958a6c8531165896162d1cd01487519c03a72c93827450b1657e24e,gx-no-cache=1685110856340 HTTP/1.1" 200 47
190.171.153.34 - - [26/May/2023:11:36:29 -0300] "POST /cormun/servlet/permisogoce?ee1f8baf47c5d61c6604948a8774bc74,INS,0,,,,gx-no-cache=1685110859058 HTTP/1.1" 200 93
190.171.153.34 - - [26/May/2023:11:36:29 -0300] "GET /cormun/servlet/hpexe_return? HTTP/1.1" 200 1011
190.171.153.34 - - [26/May/2023:11:36:29 -0300] "GET /cormun/servlet/trpermisosgoce HTTP/1.1" 200 11720
190.171.153.34 - - [26/May/2023:11:36:29 -0300] "GET /cormun/servlet/trpermisosgoce HTTP/1.1" 200 11715
190.171.141.82 - - [26/May/2023:11:36:31 -0300] "GET /cormun/servlet/licenciaspermisos?DSP,7909623,L,20230509000000, HTTP/1.1" 200 7082
190.171.141.82 - - [26/May/2023:11:36:31 -0300] "GET /cormun/servlet/licenciaspermisos?DSP,7909623,L,20230509000000, HTTP/1.1" 200 7058
190.171.153.34 - - [26/May/2023:11:36:34 -0300] "GET /cormun/servlet/apermisogoceprn?19590923,P,20230526101930,PU HTTP/1.1" 200 1656
190.171.141.82 - - [26/May/2023:11:36:58 -0300] "POST /cormun/servlet/licenciaspermisos?7ee946326c77f5b0cf9b44113bbe591b,DSP,7909623,L,20230509000000,,gx-no-cache=1685110888404 HTTP/1.1" 200 93
190.171.141.82 - - [26/May/2023:11:36:58 -0300] "GET /cormun/servlet/hpexe_return? HTTP/1.1" 200 1045
190.171.141.82 - - [26/May/2023:11:36:58 -0300] "GET /cormun/servlet/trlicencias?gx-no-cache=1685110725597 HTTP/1.1" 200 9200
190.171.141.82 - - [26/May/2023:11:36:59 -0300] "GET /cormun/servlet/trlicencias?gx-no-cache=1685110725597 HTTP/1.1" 200 9217
190.171.141.82 - - [26/May/2023:11:37:01 -0300] "GET /cormun/servlet/licenciaspermisos?DSP,7909623,L,20230524000000, HTTP/1.1" 200 7086
190.171.141.106 - - [26/May/2023:11:37:01 -0300] "GET /cormun/servlet/treventos?2023,20282, HTTP/1.1" 200 6276
190.171.141.82 - - [26/May/2023:11:37:01 -0300] "GET /cormun/servlet/licenciaspermisos?DSP,7909623,L,20230524000000, HTTP/1.1" 200 7065
190.171.141.106 - - [26/May/2023:11:37:01 -0300] "GET /cormun/servlet/treventos?2023,20282, HTTP/1.1" 200 6276
190.171.141.106 - - [26/May/2023:11:37:03 -0300] "GET /cormun/servlet/trsolicitudot? HTTP/1.1" 200 8821
190.171.141.106 - - [26/May/2023:11:37:04 -0300] "GET /cormun/servlet/trsolicitudot? HTTP/1.1" 200 8820
190.171.141.106 - - [26/May/2023:11:37:09 -0300] "POST /cormun/servlet/trsolicitudot?9aa38ff39bd13006cafc5b06b775a15a,,gx-no-cache=1685111251543 HTTP/1.1" 200 6256
190.171.141.106 - - [26/May/2023:11:37:12 -0300] "GET /cormun/servlet/treventos?2023,20282, HTTP/1.1" 200 6276
190.171.141.106 - - [26/May/2023:11:37:13 -0300] "GET /cormun/servlet/treventos?2023,20282, HTTP/1.1" 200 6276
190.171.141.106 - - [26/May/2023:11:37:24 -0300] "GET /cormun/servlet/trvisualizadoreventos? HTTP/1.1" 200 6981
190.171.141.106 - - [26/May/2023:11:37:24 -0300] "GET /cormun/servlet/trvisualizadoreventos? HTTP/1.1" 200 6972
190.171.141.106 - - [26/May/2023:11:37:26 -0300] "GET /cormun/servlet/trsolicitudot? HTTP/1.1" 200 8821
190.171.141.106 - - [26/May/2023:11:37:27 -0300] "GET /cormun/servlet/trsolicitudot? HTTP/1.1" 200 8820
190.171.141.82 - - [26/May/2023:11:37:29 -0300] "POST /cormun/servlet/licenciaspermisos?7ee946326c77f5b0cf9b44113bbe591b,DSP,7909623,L,20230524000000,,gx-no-cache=1685110919699 HTTP/1.1" 200 93
190.171.141.82 - - [26/May/2023:11:37:29 -0300] "GET /cormun/servlet/hpexe_return? HTTP/1.1" 200 1045
190.171.141.82 - - [26/May/2023:11:37:29 -0300] "GET /cormun/servlet/trlicencias?gx-no-cache=1685110725597 HTTP/1.1" 200 9200
190.171.141.82 - - [26/May/2023:11:37:30 -0300] "GET /cormun/servlet/trlicencias?gx-no-cache=1685110725597 HTTP/1.1" 200 9217
190.171.141.106 - - [26/May/2023:11:37:30 -0300] "GET /cormun/servlet/treventos?2023,20282, HTTP/1.1" 200 6276
190.171.141.106 - - [26/May/2023:11:37:31 -0300] "GET /cormun/servlet/treventos?2023,20282, HTTP/1.1" 200 6276
190.171.141.106 - - [26/May/2023:11:37:33 -0300] "GET /cormun/servlet/trsolicitudot? HTTP/1.1" 200 8821
190.171.141.106 - - [26/May/2023:11:37:33 -0300] "GET /cormun/servlet/trsolicitudot? HTTP/1.1" 200 8820
190.171.141.106 - - [26/May/2023:11:37:41 -0300] "POST /cormun/servlet/trsolicitudot?9aa38ff39bd13006cafc5b06b775a15a,,gx-no-cache=1685111283862 HTTP/1.1" 200 6257
190.171.141.106 - - [26/May/2023:11:37:48 -0300] "POST /cormun/servlet/trsolicitudot?9aa38ff39bd13006cafc5b06b775a15a,,gx-no-cache=1685111290718 HTTP/1.1" 200 107
190.171.141.106 - - [26/May/2023:11:37:48 -0300] "GET /cormun/servlet/trsolicitudadjuntos?2023,20282, HTTP/1.1" 200 6313
190.171.141.106 - - [26/May/2023:11:37:48 -0300] "GET /cormun/servlet/trsolicitudadjuntos?2023,20282, HTTP/1.1" 200 6313
190.171.141.106 - - [26/May/2023:11:37:51 -0300] "GET /cormun/servlet/solicitudotadjuntos?INS,2023,20282,,1, HTTP/1.1" 200 6258
190.171.141.106 - - [26/May/2023:11:37:52 -0300] "GET /cormun/static/about:blank HTTP/1.1" 404 1011
190.171.141.106 - - [26/May/2023:11:37:52 -0300] "GET /cormun/servlet/solicitudotadjuntos?INS,2023,20282,,1, HTTP/1.1" 200 6251
190.171.141.106 - - [26/May/2023:11:37:52 -0300] "GET /cormun/servlet/solicitudotadjuntos?dc1f0b01ed8f85bfc50c180f444e4f5769982ce9394015740a2ed03134efc27b9bb8fcf9d916809a65f4f1f22adea941,gx-no-cache=1685111295083 HTTP/1.1" 200 30
190.171.141.106 - - [26/May/2023:11:37:52 -0300] "POST /cormun/servlet/solicitudotadjuntos?9aa38ff39bd13006cafc5b06b775a15a,INS,2023,20282,,1,,gx-no-cache=1685111295106 HTTP/1.1" 200 4159
190.171.141.106 - - [26/May/2023:11:37:56 -0300] "POST /cormun/servlet/solicitudotadjuntos?gx-no-cache=1685111298680 HTTP/1.1" 200 26
190.171.141.106 - - [26/May/2023:11:38:07 -0300] "GET /cormun/servlet/solicitudotadjuntos?dc1f0b01ed8f85bfc50c180f444e4f57e20fe1c641f24ad5d02fd03cf1e20a41,gx-no-cache=1685111309507 HTTP/1.1" 200 30
190.171.141.106 - - [26/May/2023:11:38:07 -0300] "GET /cormun/servlet/solicitudotadjuntos?dc1f0b01ed8f85bfc50c180f444e4f57e20fe1c641f24ad5d02fd03cf1e20a41,gx-no-cache=1685111309526 HTTP/1.1" 200 30
190.171.141.106 - - [26/May/2023:11:38:07 -0300] "POST /cormun/servlet/solicitudotadjuntos?9aa38ff39bd13006cafc5b06b775a15a,INS,2023,20282,,1, HTTP/1.1" 200 116
190.171.141.106 - - [26/May/2023:11:38:07 -0300] "GET /cormun/servlet/hpexe_return? HTTP/1.1" 200 1028
190.171.141.106 - - [26/May/2023:11:38:07 -0300] "GET /cormun/servlet/trsolicitudadjuntos?2023,20282, HTTP/1.1" 200 9243
190.171.141.106 - - [26/May/2023:11:38:07 -0300] "GET /cormun/servlet/trsolicitudadjuntos?2023,20282, HTTP/1.1" 200 9236
190.171.141.106 - - [26/May/2023:11:38:13 -0300] "GET /cormun/servlet/solicitudotadjuntos?INS,2023,20282,,1, HTTP/1.1" 200 6258
190.171.141.106 - - [26/May/2023:11:38:13 -0300] "GET /cormun/static/about:blank HTTP/1.1" 404 1011
190.171.141.106 - - [26/May/2023:11:38:13 -0300] "GET /cormun/servlet/solicitudotadjuntos?INS,2023,20282,,1, HTTP/1.1" 200 6251
190.171.141.106 - - [26/May/2023:11:38:13 -0300] "GET /cormun/servlet/solicitudotadjuntos?dc1f0b01ed8f85bfc50c180f444e4f5769982ce9394015740a2ed03134efc27b9bb8fcf9d916809a65f4f1f22adea941,gx-no-cache=1685111316289 HTTP/1.1" 200 30
190.171.141.106 - - [26/May/2023:11:38:14 -0300] "POST /cormun/servlet/solicitudotadjuntos?9aa38ff39bd13006cafc5b06b775a15a,INS,2023,20282,,1,,gx-no-cache=1685111316428 HTTP/1.1" 200 4159
190.171.141.106 - - [26/May/2023:11:38:19 -0300] "POST /cormun/servlet/solicitudotadjuntos?gx-no-cache=1685111322276 HTTP/1.1" 200 26
190.171.141.106 - - [26/May/2023:11:38:29 -0300] "GET /cormun/servlet/solicitudotadjuntos?dc1f0b01ed8f85bfc50c180f444e4f57e20fe1c641f24ad5d02fd03cf1e20a41,gx-no-cache=1685111331595 HTTP/1.1" 200 30
190.171.141.106 - - [26/May/2023:11:38:29 -0300] "GET /cormun/servlet/solicitudotadjuntos?dc1f0b01ed8f85bfc50c180f444e4f57e20fe1c641f24ad5d02fd03cf1e20a41,gx-no-cache=1685111331617 HTTP/1.1" 200 30
190.171.141.106 - - [26/May/2023:11:38:29 -0300] "POST /cormun/servlet/solicitudotadjuntos?9aa38ff39bd13006cafc5b06b775a15a,INS,2023,20282,,1, HTTP/1.1" 200 116
190.171.141.106 - - [26/May/2023:11:38:29 -0300] "GET /cormun/servlet/hpexe_return? HTTP/1.1" 200 1028
190.171.141.106 - - [26/May/2023:11:38:29 -0300] "GET /cormun/servlet/trsolicitudadjuntos?2023,20282, HTTP/1.1" 200 9477
190.171.141.106 - - [26/May/2023:11:38:29 -0300] "GET /cormun/servlet/trsolicitudadjuntos?2023,20282, HTTP/1.1" 200 9476
190.171.141.106 - - [26/May/2023:11:38:32 -0300] "GET /cormun/servlet/solicitudotadjuntos?INS,2023,20282,,1, HTTP/1.1" 200 6257
190.171.141.106 - - [26/May/2023:11:38:32 -0300] "GET /cormun/static/about:blank HTTP/1.1" 404 1011
190.171.141.106 - - [26/May/2023:11:38:32 -0300] "GET /cormun/servlet/solicitudotadjuntos?INS,2023,20282,,1, HTTP/1.1" 200 6250
190.171.141.106 - - [26/May/2023:11:38:32 -0300] "GET /cormun/servlet/solicitudotadjuntos?dc1f0b01ed8f85bfc50c180f444e4f5769982ce9394015740a2ed03134efc27b9bb8fcf9d916809a65f4f1f22adea941,gx-no-cache=1685111335345 HTTP/1.1" 200 30
190.171.141.106 - - [26/May/2023:11:38:33 -0300] "POST /cormun/servlet/solicitudotadjuntos?9aa38ff39bd13006cafc5b06b775a15a,INS,2023,20282,,1,,gx-no-cache=1685111335359 HTTP/1.1" 200 4159
190.171.141.106 - - [26/May/2023:11:38:35 -0300] "POST /cormun/servlet/solicitudotadjuntos?gx-no-cache=1685111338452 HTTP/1.1" 200 26
190.171.141.106 - - [26/May/2023:11:38:41 -0300] "GET /cormun/servlet/solicitudotadjuntos?dc1f0b01ed8f85bfc50c180f444e4f57e20fe1c641f24ad5d02fd03cf1e20a41,gx-no-cache=1685111344299 HTTP/1.1" 200 30
190.171.141.106 - - [26/May/2023:11:38:41 -0300] "GET /cormun/servlet/solicitudotadjuntos?dc1f0b01ed8f85bfc50c180f444e4f57e20fe1c641f24ad5d02fd03cf1e20a41,gx-no-cache=1685111344318 HTTP/1.1" 200 30
190.171.141.106 - - [26/May/2023:11:38:41 -0300] "POST /cormun/servlet/solicitudotadjuntos?9aa38ff39bd13006cafc5b06b775a15a,INS,2023,20282,,1, HTTP/1.1" 200 116
190.171.141.106 - - [26/May/2023:11:38:41 -0300] "GET /cormun/servlet/hpexe_return? HTTP/1.1" 200 1028
190.171.141.106 - - [26/May/2023:11:38:42 -0300] "GET /cormun/servlet/trsolicitudadjuntos?2023,20282, HTTP/1.1" 200 9708
190.171.141.106 - - [26/May/2023:11:38:42 -0300] "GET /cormun/servlet/trsolicitudadjuntos?2023,20282, HTTP/1.1" 200 9706
190.171.141.106 - - [26/May/2023:11:38:45 -0300] "GET /cormun/servlet/solicitudotadjuntos?INS,2023,20282,,1, HTTP/1.1" 200 6257
190.171.141.106 - - [26/May/2023:11:38:46 -0300] "GET /cormun/static/about:blank HTTP/1.1" 404 1011
190.171.141.106 - - [26/May/2023:11:38:46 -0300] "GET /cormun/servlet/solicitudotadjuntos?INS,2023,20282,,1, HTTP/1.1" 200 6250
190.171.141.106 - - [26/May/2023:11:38:46 -0300] "GET /cormun/servlet/solicitudotadjuntos?dc1f0b01ed8f85bfc50c180f444e4f5769982ce9394015740a2ed03134efc27b9bb8fcf9d916809a65f4f1f22adea941,gx-no-cache=1685111349129 HTTP/1.1" 200 30
190.171.141.106 - - [26/May/2023:11:38:46 -0300] "POST /cormun/servlet/solicitudotadjuntos?9aa38ff39bd13006cafc5b06b775a15a,INS,2023,20282,,1,,gx-no-cache=1685111349142 HTTP/1.1" 200 4159
190.171.141.106 - - [26/May/2023:11:38:50 -0300] "POST /cormun/servlet/solicitudotadjuntos?gx-no-cache=1685111352900 HTTP/1.1" 200 26
190.171.141.106 - - [26/May/2023:11:38:55 -0300] "GET /cormun/servlet/solicitudotadjuntos?dc1f0b01ed8f85bfc50c180f444e4f57e20fe1c641f24ad5d02fd03cf1e20a41,gx-no-cache=1685111358043 HTTP/1.1" 200 30
190.171.141.106 - - [26/May/2023:11:38:55 -0300] "GET /cormun/servlet/solicitudotadjuntos?dc1f0b01ed8f85bfc50c180f444e4f57e20fe1c641f24ad5d02fd03cf1e20a41,gx-no-cache=1685111358055 HTTP/1.1" 200 30
190.171.141.106 - - [26/May/2023:11:38:55 -0300] "POST /cormun/servlet/solicitudotadjuntos?9aa38ff39bd13006cafc5b06b775a15a,INS,2023,20282,,1, HTTP/1.1" 200 116
190.171.141.106 - - [26/May/2023:11:38:55 -0300] "GET /cormun/servlet/hpexe_return? HTTP/1.1" 200 1028
190.171.141.106 - - [26/May/2023:11:38:55 -0300] "GET /cormun/servlet/trsolicitudadjuntos?2023,20282, HTTP/1.1" 200 9947
190.171.141.106 - - [26/May/2023:11:38:56 -0300] "GET /cormun/servlet/trsolicitudadjuntos?2023,20282, HTTP/1.1" 200 9945
190.171.141.106 - - [26/May/2023:11:38:58 -0300] "GET /cormun/servlet/solicitudotadjuntos?INS,2023,20282,,1, HTTP/1.1" 200 6257
190.171.141.106 - - [26/May/2023:11:38:58 -0300] "GET /cormun/static/about:blank HTTP/1.1" 404 1011
190.171.141.106 - - [26/May/2023:11:38:58 -0300] "GET /cormun/servlet/solicitudotadjuntos?INS,2023,20282,,1, HTTP/1.1" 200 6250
190.171.141.106 - - [26/May/2023:11:38:59 -0300] "GET /cormun/servlet/solicitudotadjuntos?dc1f0b01ed8f85bfc50c180f444e4f5769982ce9394015740a2ed03134efc27b9bb8fcf9d916809a65f4f1f22adea941,gx-no-cache=1685111361645 HTTP/1.1" 200 30
190.171.141.106 - - [26/May/2023:11:38:59 -0300] "POST /cormun/servlet/solicitudotadjuntos?9aa38ff39bd13006cafc5b06b775a15a,INS,2023,20282,,1,,gx-no-cache=1685111361666 HTTP/1.1" 200 4159
190.171.141.106 - - [26/May/2023:11:39:02 -0300] "POST /cormun/servlet/solicitudotadjuntos?gx-no-cache=1685111364780 HTTP/1.1" 200 26
190.171.141.106 - - [26/May/2023:11:39:09 -0300] "GET /cormun/servlet/solicitudotadjuntos?dc1f0b01ed8f85bfc50c180f444e4f57e20fe1c641f24ad5d02fd03cf1e20a41,gx-no-cache=1685111371603 HTTP/1.1" 200 30
190.171.141.106 - - [26/May/2023:11:39:09 -0300] "GET /cormun/servlet/solicitudotadjuntos?dc1f0b01ed8f85bfc50c180f444e4f57e20fe1c641f24ad5d02fd03cf1e20a41,gx-no-cache=1685111371622 HTTP/1.1" 200 30
190.171.141.106 - - [26/May/2023:11:39:09 -0300] "POST /cormun/servlet/solicitudotadjuntos?9aa38ff39bd13006cafc5b06b775a15a,INS,2023,20282,,1, HTTP/1.1" 200 116
190.171.141.106 - - [26/May/2023:11:39:09 -0300] "GET /cormun/servlet/hpexe_return? HTTP/1.1" 200 1028
190.171.141.106 - - [26/May/2023:11:39:09 -0300] "GET /cormun/servlet/trsolicitudadjuntos?2023,20282, HTTP/1.1" 200 10201
190.171.141.106 - - [26/May/2023:11:39:10 -0300] "GET /cormun/servlet/trsolicitudadjuntos?2023,20282, HTTP/1.1" 200 10199
190.171.141.106 - - [26/May/2023:11:39:14 -0300] "GET /cormun/servlet/solicitudotadjuntos?INS,2023,20282,,2, HTTP/1.1" 200 6256
190.171.141.106 - - [26/May/2023:11:39:14 -0300] "GET /cormun/static/about:blank HTTP/1.1" 404 1011
190.171.141.106 - - [26/May/2023:11:39:14 -0300] "GET /cormun/servlet/solicitudotadjuntos?INS,2023,20282,,2, HTTP/1.1" 200 6249
190.171.141.106 - - [26/May/2023:11:39:15 -0300] "GET /cormun/servlet/solicitudotadjuntos?dc1f0b01ed8f85bfc50c180f444e4f5769982ce9394015740a2ed03134efc27b9bb8fcf9d916809a65f4f1f22adea941,gx-no-cache=1685111377503 HTTP/1.1" 200 30
190.171.141.106 - - [26/May/2023:11:39:15 -0300] "POST /cormun/servlet/solicitudotadjuntos?9aa38ff39bd13006cafc5b06b775a15a,INS,2023,20282,,2,,gx-no-cache=1685111377517 HTTP/1.1" 200 4374
190.171.141.106 - - [26/May/2023:11:39:17 -0300] "POST /cormun/servlet/solicitudotadjuntos?gx-no-cache=1685111379485 HTTP/1.1" 200 26
190.171.141.106 - - [26/May/2023:11:39:29 -0300] "GET /cormun/servlet/solicitudotadjuntos?dc1f0b01ed8f85bfc50c180f444e4f57e20fe1c641f24ad5d02fd03cf1e20a41,gx-no-cache=1685111391995 HTTP/1.1" 200 30
190.171.141.106 - - [26/May/2023:11:39:29 -0300] "GET /cormun/servlet/solicitudotadjuntos?dc1f0b01ed8f85bfc50c180f444e4f57e20fe1c641f24ad5d02fd03cf1e20a41,gx-no-cache=1685111392014 HTTP/1.1" 200 30
190.171.141.106 - - [26/May/2023:11:39:29 -0300] "POST /cormun/servlet/solicitudotadjuntos?9aa38ff39bd13006cafc5b06b775a15a,INS,2023,20282,,2, HTTP/1.1" 200 116
190.171.141.106 - - [26/May/2023:11:39:29 -0300] "GET /cormun/servlet/hpexe_return? HTTP/1.1" 200 1028
190.171.141.106 - - [26/May/2023:11:39:30 -0300] "GET /cormun/servlet/trsolicitudadjuntos?2023,20282, HTTP/1.1" 200 10379
190.171.141.106 - - [26/May/2023:11:39:30 -0300] "GET /cormun/servlet/trsolicitudadjuntos?2023,20282, HTTP/1.1" 200 10378
190.171.141.106 - - [26/May/2023:11:39:33 -0300] "GET /cormun/PublicTempStorage/inhabilidades8553718.pdf HTTP/1.1" 200 98427
190.171.141.106 - - [26/May/2023:11:39:45 -0300] "GET /cormun/servlet/trsolicitudadjuntos?2023,20282, HTTP/1.1" 200 10376
190.171.141.106 - - [26/May/2023:11:39:46 -0300] "GET /cormun/servlet/trsolicitudadjuntos?2023,20282, HTTP/1.1" 200 10377
190.171.152.234 - - [26/May/2023:11:39:53 -0300] "GET /cormun/servlet/trsolicitudot? HTTP/1.1" 200 7489
190.171.152.234 - - [26/May/2023:11:39:53 -0300] "GET /cormun/servlet/trsolicitudot? HTTP/1.1" 200 7488
190.171.141.106 - - [26/May/2023:11:39:56 -0300] "GET /cormun/servlet/trvisualizadoreventos? HTTP/1.1" 200 6985
190.171.141.106 - - [26/May/2023:11:39:56 -0300] "GET /cormun/servlet/trvisualizadoreventos? HTTP/1.1" 200 6972
190.171.141.106 - - [26/May/2023:11:40:01 -0300] "GET /cormun/servlet/trautorizarsolicitud? HTTP/1.1" 200 10766
190.171.141.106 - - [26/May/2023:11:40:02 -0300] "GET /cormun/servlet/trautorizarsolicitud? HTTP/1.1" 200 10766
186.103.157.98 - - [26/May/2023:11:40:02 -0300] "GET /cormun/servlet/hlogin HTTP/1.1" 200 1725
186.103.157.98 - - [26/May/2023:11:40:02 -0300] "GET /cormun/servlet/hlogin HTTP/1.1" 200 1735
192.168.10.17 - - [26/May/2023:11:40:04 -0300] "GET /cormun/servlet/trsolicitudgral? HTTP/1.1" 200 8307
192.168.10.17 - - [26/May/2023:11:40:04 -0300] "GET /cormun/servlet/trsolicitudgral? HTTP/1.1" 200 8294
190.171.152.234 - - [26/May/2023:11:40:06 -0300] "POST /cormun/servlet/trsolicitudot?d2d9f0eff1dbfaa8b30c95bf5d452c02,,gx-no-cache=1685107601976 HTTP/1.1" 200 4642
186.103.157.98 - - [26/May/2023:11:40:09 -0300] "POST /cormun/servlet/hlogin?94baadde6cedbac838b18e670418f072,gx-no-cache=1685111079523 HTTP/1.1" 200 90
186.103.157.98 - - [26/May/2023:11:40:09 -0300] "GET /cormun/servlet/hpexe_link HTTP/1.1" 200 953
186.103.157.98 - - [26/May/2023:11:40:09 -0300] "GET /cormun/servlet/hhome HTTP/1.1" 200 4275
186.103.157.98 - - [26/May/2023:11:40:09 -0300] "GET /cormun/servlet/hhome HTTP/1.1" 200 4271
190.171.152.234 - - [26/May/2023:11:40:10 -0300] "POST /cormun/servlet/trsolicitudot?d2d9f0eff1dbfaa8b30c95bf5d452c02,,gx-no-cache=1685107605733 HTTP/1.1" 200 4641
186.103.157.98 - - [26/May/2023:11:40:11 -0300] "GET /cormun/servlet/trsolicitudot? HTTP/1.1" 200 7495
190.171.141.106 - - [26/May/2023:11:40:11 -0300] "GET /cormun/servlet/trsolicitudot? HTTP/1.1" 200 8816
186.103.157.98 - - [26/May/2023:11:40:11 -0300] "GET /cormun/servlet/trsolicitudot? HTTP/1.1" 200 7494
190.171.141.106 - - [26/May/2023:11:40:11 -0300] "GET /cormun/servlet/trsolicitudot? HTTP/1.1" 200 8816
186.103.157.98 - - [26/May/2023:11:40:14 -0300] "GET /cormun/servlet/trautorizarsolicitud? HTTP/1.1" 200 8781
186.103.157.98 - - [26/May/2023:11:40:14 -0300] "GET /cormun/servlet/trautorizarsolicitud? HTTP/1.1" 200 8780
190.171.141.106 - - [26/May/2023:11:40:15 -0300] "POST /cormun/servlet/trsolicitudot?9aa38ff39bd13006cafc5b06b775a15a,,gx-no-cache=1685111437967 HTTP/1.1" 200 6111
190.171.141.106 - - [26/May/2023:11:40:15 -0300] "GET /cormun/static/Shared/jqueryui/images/ui-bg_highlight-soft_100_c6c2c8_1x100.png HTTP/1.1" 404 1117
190.171.141.106 - - [26/May/2023:11:40:15 -0300] "GET /cormun/static/Shared/jqueryui/images/ui-icons_82798d_256x240.png HTTP/1.1" 404 1089
190.171.141.106 - - [26/May/2023:11:40:15 -0300] "GET /cormun/static/Shared/jqueryui/images/ui-bg_flat_55_fafafa_40x100.png HTTP/1.1" 404 1097
190.171.141.106 - - [26/May/2023:11:40:15 -0300] "GET /cormun/static/Shared/jqueryui/images/ui-icons_8d78a5_256x240.png HTTP/1.1" 404 1089
192.168.10.17 - - [26/May/2023:11:40:15 -0300] "POST /cormun/servlet/trsolicitudgral?3773148db61cb68ec65f687b1d4aed8e,,gx-no-cache=1685111032962 HTTP/1.1" 200 7086
192.168.10.17 - - [26/May/2023:11:40:17 -0300] "POST /cormun/servlet/trsolicitudgral?3773148db61cb68ec65f687b1d4aed8e,,gx-no-cache=1685111034382 HTTP/1.1" 200 7086
192.168.10.17 - - [26/May/2023:11:40:18 -0300] "POST /cormun/servlet/trsolicitudgral?3773148db61cb68ec65f687b1d4aed8e,,gx-no-cache=1685111035126 HTTP/1.1" 200 7085
190.171.152.234 - - [26/May/2023:11:40:23 -0300] "POST /cormun/servlet/trsolicitudot?d2d9f0eff1dbfaa8b30c95bf5d452c02,,gx-no-cache=1685107618534 HTTP/1.1" 200 6066
186.103.157.98 - - [26/May/2023:11:40:29 -0300] "GET /cormun/servlet/hlogin HTTP/1.1" 200 1747
192.168.10.17 - - [26/May/2023:11:40:33 -0300] "POST /cormun/servlet/trsolicitudgral?3773148db61cb68ec65f687b1d4aed8e,,gx-no-cache=1685111050511 HTTP/1.1" 200 8304
192.168.10.17 - - [26/May/2023:11:40:37 -0300] "GET /cormun/servlet/vesolicitudgral?2023,20281,, HTTP/1.1" 200 8423
192.168.10.17 - - [26/May/2023:11:40:37 -0300] "GET /cormun/pexe_scrolldiv.js HTTP/1.1" 404 1009
192.168.10.17 - - [26/May/2023:11:40:37 -0300] "GET /cormun/servlet/vesolicitudgral?2023,20281,, HTTP/1.1" 200 8423
192.168.10.17 - - [26/May/2023:11:40:40 -0300] "POST /cormun/servlet/vesolicitudgral?3773148db61cb68ec65f687b1d4aed8e,2023,20281,,,gx-no-cache=1685111057666 HTTP/1.1" 200 12220
192.168.10.17 - - [26/May/2023:11:40:40 -0300] "GET /cormun/static/Shared/jqueryui/images/ui-bg_highlight-soft_100_c6c2c8_1x100.png HTTP/1.1" 404 1117
192.168.10.17 - - [26/May/2023:11:40:40 -0300] "GET /cormun/static/Shared/jqueryui/images/ui-icons_82798d_256x240.png HTTP/1.1" 404 1089
192.168.10.17 - - [26/May/2023:11:40:40 -0300] "GET /cormun/static/Shared/jqueryui/images/ui-icons_8d78a5_256x240.png HTTP/1.1" 404 1089
192.168.10.17 - - [26/May/2023:11:40:40 -0300] "GET /cormun/static/Shared/jqueryui/images/ui-bg_flat_55_fafafa_40x100.png HTTP/1.1" 404 1097
190.171.141.82 - - [26/May/2023:11:40:41 -0300] "POST /cormun/servlet/trlicencias?7ee946326c77f5b0cf9b44113bbe591b,gx-no-cache=1685110725597,gx-no-cache=1685111111603 HTTP/1.1" 200 5664
190.171.141.82 - - [26/May/2023:11:40:45 -0300] "GET /cormun/servlet/licenciaspermisos?DSP,12294073,L,20230428000000, HTTP/1.1" 200 7030
190.171.141.82 - - [26/May/2023:11:40:45 -0300] "GET /cormun/servlet/licenciaspermisos?DSP,12294073,L,20230428000000, HTTP/1.1" 200 7007
192.168.10.17 - - [26/May/2023:11:40:48 -0300] "GET /cormun/servlet/trsolicitudgral? HTTP/1.1" 200 11298
192.168.10.17 - - [26/May/2023:11:40:48 -0300] "GET /cormun/servlet/trsolicitudgral? HTTP/1.1" 200 11297
186.103.157.98 - - [26/May/2023:11:40:50 -0300] "GET /cormun/servlet/hlogin HTTP/1.1" 200 1721
190.171.141.82 - - [26/May/2023:11:40:51 -0300] "POST /cormun/servlet/licenciaspermisos?7ee946326c77f5b0cf9b44113bbe591b,DSP,12294073,L,20230428000000,,gx-no-cache=1685111121667 HTTP/1.1" 200 93
190.171.141.82 - - [26/May/2023:11:40:51 -0300] "GET /cormun/servlet/hpexe_return? HTTP/1.1" 200 1046
190.171.141.82 - - [26/May/2023:11:40:52 -0300] "GET /cormun/servlet/trlicencias?gx-no-cache=1685110725597 HTTP/1.1" 200 8295
190.171.141.82 - - [26/May/2023:11:40:52 -0300] "GET /cormun/servlet/trlicencias?gx-no-cache=1685110725597 HTTP/1.1" 200 8312
192.168.10.17 - - [26/May/2023:11:40:52 -0300] "GET /cormun/servlet/vesolicitudgral?2023,20281,, HTTP/1.1" 200 8423
192.168.10.17 - - [26/May/2023:11:40:52 -0300] "GET /cormun/pexe_scrolldiv.js HTTP/1.1" 404 1009
192.168.10.17 - - [26/May/2023:11:40:53 -0300] "GET /cormun/servlet/vesolicitudgral?2023,20281,, HTTP/1.1" 200 8423
192.168.10.17 - - [26/May/2023:11:40:54 -0300] "POST /cormun/servlet/vesolicitudgral?3773148db61cb68ec65f687b1d4aed8e,2023,20281,,,gx-no-cache=1685111071169 HTTP/1.1" 200 12220
192.168.10.17 - - [26/May/2023:11:40:54 -0300] "GET /cormun/static/Shared/jqueryui/images/ui-icons_82798d_256x240.png HTTP/1.1" 404 1089
192.168.10.17 - - [26/May/2023:11:40:54 -0300] "GET /cormun/static/Shared/jqueryui/images/ui-bg_flat_55_fafafa_40x100.png HTTP/1.1" 404 1097
192.168.10.17 - - [26/May/2023:11:40:54 -0300] "GET /cormun/static/Shared/jqueryui/images/ui-icons_8d78a5_256x240.png HTTP/1.1" 404 1089
192.168.10.17 - - [26/May/2023:11:40:54 -0300] "GET /cormun/static/Shared/jqueryui/images/ui-bg_highlight-soft_100_c6c2c8_1x100.png HTTP/1.1" 404 1117
186.103.157.98 - - [26/May/2023:11:40:54 -0300] "POST /cormun/servlet/hlogin?9f50a7ae5e274fbec85e8f1cfcfc6e9a,gx-no-cache=1685111124159 HTTP/1.1" 200 90
186.103.157.98 - - [26/May/2023:11:40:54 -0300] "GET /cormun/servlet/hpexe_link HTTP/1.1" 200 950
186.103.157.98 - - [26/May/2023:11:40:54 -0300] "GET /cormun/servlet/hhome HTTP/1.1" 200 4271
186.103.157.98 - - [26/May/2023:11:40:54 -0300] "GET /cormun/servlet/hhome HTTP/1.1" 200 4267
190.171.141.82 - - [26/May/2023:11:40:55 -0300] "GET /cormun/servlet/licenciaspermisos?DSP,12294073,L,20230501000000, HTTP/1.1" 200 7032
190.171.141.82 - - [26/May/2023:11:40:55 -0300] "GET /cormun/servlet/licenciaspermisos?DSP,12294073,L,20230501000000, HTTP/1.1" 200 7009
192.168.10.17 - - [26/May/2023:11:40:57 -0300] "POST /cormun/servlet/vesolicitudgral?3773148db61cb68ec65f687b1d4aed8e,2023,20281,,,gx-no-cache=1685111074782 HTTP/1.1" 200 12220
192.168.10.17 - - [26/May/2023:11:40:58 -0300] "POST /cormun/servlet/vesolicitudgral?3773148db61cb68ec65f687b1d4aed8e,2023,20281,,,gx-no-cache=1685111075877 HTTP/1.1" 200 12220
186.103.157.98 - - [26/May/2023:11:41:01 -0300] "GET /cormun/servlet/trautorizarsolicitud? HTTP/1.1" 200 8775
186.103.157.98 - - [26/May/2023:11:41:01 -0300] "GET /cormun//static/Resources/PXToolsGridUpdate.png HTTP/1.1" 200 470
186.103.157.98 - - [26/May/2023:11:41:01 -0300] "GET /cormun//static/Resources/PXToolsActionView.png HTTP/1.1" 200 398
186.103.157.98 - - [26/May/2023:11:41:01 -0300] "GET /cormun//static/Resources/PXToolsRemoveAllAction.png HTTP/1.1" 200 487
186.103.157.98 - - [26/May/2023:11:41:01 -0300] "GET /cormun/servlet/trautorizarsolicitud? HTTP/1.1" 200 8773
186.103.157.98 - - [26/May/2023:11:41:02 -0300] "GET /cormun//static/Resources/PXToolsGridDelete.png HTTP/1.1" 200 538
190.171.141.82 - - [26/May/2023:11:41:02 -0300] "POST /cormun/servlet/licenciaspermisos?7ee946326c77f5b0cf9b44113bbe591b,DSP,12294073,L,20230501000000,,gx-no-cache=1685111132523 HTTP/1.1" 200 93
190.171.141.82 - - [26/May/2023:11:41:02 -0300] "GET /cormun/servlet/hpexe_return? HTTP/1.1" 200 1045
190.171.141.82 - - [26/May/2023:11:41:02 -0300] "GET /cormun/servlet/trlicencias?gx-no-cache=1685110725597 HTTP/1.1" 200 8295
190.171.141.82 - - [26/May/2023:11:41:03 -0300] "GET /cormun/servlet/trlicencias?gx-no-cache=1685110725597 HTTP/1.1" 200 8312
192.168.10.17 - - [26/May/2023:11:41:05 -0300] "GET /cormun/servlet/trsolicitudgral? HTTP/1.1" 200 11298
192.168.10.17 - - [26/May/2023:11:41:05 -0300] "GET /cormun/servlet/trsolicitudgral? HTTP/1.1" 200 11297
186.103.157.98 - - [26/May/2023:11:41:05 -0300] "POST /cormun/servlet/trautorizarsolicitud?9f50a7ae5e274fbec85e8f1cfcfc6e9a,,gx-no-cache=1685111135645 HTTP/1.1" 200 113
186.103.157.98 - - [26/May/2023:11:41:05 -0300] "GET /cormun/servlet/solicitudotlog?INS,2023,20266,0,REC, HTTP/1.1" 200 6086
186.103.157.98 - - [26/May/2023:11:41:05 -0300] "GET /cormun/static/gxcfg.js?202211298384126 HTTP/1.1" 200 953
186.103.157.98 - - [26/May/2023:11:41:05 -0300] "GET /cormun/static/solicitudotlog.js?202211298384130 HTTP/1.1" 200 8934
186.103.157.98 - - [26/May/2023:11:41:06 -0300] "GET /cormun/servlet/solicitudotlog?INS,2023,20266,0,REC, HTTP/1.1" 200 6087
186.103.157.98 - - [26/May/2023:11:41:06 -0300] "GET /cormun/servlet/solicitudotlog?b164493d245722d04bcdd567a5769c4fdeb3e06d2869030eb08a1040c2df461c546ce00d41d873c6f76ce662ea655a148d112e4fbf7d4138d2bbf649ab1a941f0669366d9cb97c27e16341b09f80c7579c955b5c3bb7e05c4fe8e9b9d7cc41cca084808e3af25dd79d98b5370443e2c9c14cfa241aba98c44d0bac6330c08aa4597e4ad28b050bdd0b261c19968e04edcd35a5e2bbeb486b886a663912e003b8,gx-no-cache=1685111136552 HTTP/1.1" 200 94
186.103.157.98 - - [26/May/2023:11:41:09 -0300] "POST /cormun/servlet/solicitudotlog?9f50a7ae5e274fbec85e8f1cfcfc6e9a,INS,2023,20266,0,REC,,gx-no-cache=1685111138870 HTTP/1.1" 200 4059
186.103.157.98 - - [26/May/2023:11:41:09 -0300] "GET /cormun/static/Shared/jqueryui/images/ui-icons_82798d_256x240.png HTTP/1.1" 404 1089
186.103.157.98 - - [26/May/2023:11:41:09 -0300] "GET /cormun/static/Shared/jqueryui/images/ui-bg_flat_55_994d53_40x100.png HTTP/1.1" 404 1097
186.103.157.98 - - [26/May/2023:11:41:09 -0300] "GET /cormun/static/Shared/jqueryui/images/ui-icons_ebccce_256x240.png HTTP/1.1" 404 1089
186.103.157.98 - - [26/May/2023:11:41:09 -0300] "GET /cormun/static/Shared/jqueryui/images/ui-bg_highlight-soft_100_c6c2c8_1x100.png HTTP/1.1" 404 1117
190.171.142.42 - - [26/May/2023:11:41:10 -0300] "GET /cormun/servlet/solicitudot?33f0a5d17aafdaba12d3e5fab94483a897f6e36ba184882f9efe3c1031775931b0824a4824b28f4968b3723b8b229046ad2099472dc0fad9d3a2c7af1c57e08a27f8b594648faa8a67074795094bf9a931621ff392d66d8e954ec8a5156df3f7066ffd101280756131288fe2c69392b27ef1388ebe8e608b9a736d13cd334602d4eed53ccfc96b9ef0e45b82eb60f0fe3cd43827ca75f65dbdf3f318109a4600ba883ab8a127b91732c7391cfbb8b73ebf3313be70add59018e8df131525196f4bc8d08c7945befa65f339a525cf5ba8ecd6a52ab5d75c5d33ccac024c1d7abfee24c24df9657e7237f0441ea3c069f758a5ac62ad631b3cf6366ab144975fa305870299ebb609b14bfc1d2eaae0f170f9224a072bc90db0e388834ed75cf603cc8b1e6d30e1ff1b13391bc8e1528dc57b2b7ac5dfb5456e822eda51cca2e83aa7160cf6fb8f1bab57c5cd7ad94e6cb41002a1abe7a78b1cf270b8721db6c81d2171b0a7ee66fd0fedc2d2a95240ea2a622d3539e53956f7ee50d93ffbca725c,gx-no-cache=1685111139137 HTTP/1.1" 200 30
192.168.10.17 - - [26/May/2023:11:41:10 -0300] "GET /cormun/servlet/vesolicitudgral?2023,20281,, HTTP/1.1" 200 8423
192.168.10.17 - - [26/May/2023:11:41:10 -0300] "GET /cormun/pexe_scrolldiv.js HTTP/1.1" 404 1009
192.168.10.17 - - [26/May/2023:11:41:11 -0300] "GET /cormun/servlet/vesolicitudgral?2023,20281,, HTTP/1.1" 200 8423
190.171.141.82 - - [26/May/2023:11:41:14 -0300] "POST /cormun/servlet/trlicencias?7ee946326c77f5b0cf9b44113bbe591b,gx-no-cache=1685110725597,gx-no-cache=1685111144148 HTTP/1.1" 200 5706
190.171.142.42 - - [26/May/2023:11:41:14 -0300] "POST /cormun/servlet/solicitudot?gx-no-cache=1685111143181 HTTP/1.1" 200 30
190.171.141.82 - - [26/May/2023:11:41:16 -0300] "GET /cormun/servlet/licenciaspermisos?DSP,13568424,L,20230421000000, HTTP/1.1" 200 7085
190.171.141.82 - - [26/May/2023:11:41:17 -0300] "GET /cormun/servlet/licenciaspermisos?DSP,13568424,L,20230421000000, HTTP/1.1" 200 7065
190.171.142.42 - - [26/May/2023:11:41:20 -0300] "POST /cormun/servlet/solicitudot?gx-no-cache=1685111148636 HTTP/1.1" 200 1467
190.171.142.42 - - [26/May/2023:11:41:20 -0300] "POST /cormun/servlet/solicitudot?gx-no-cache=1685111148671 HTTP/1.1" 200 38
192.168.10.17 - - [26/May/2023:11:41:20 -0300] "POST /cormun/servlet/vesolicitudgral?3773148db61cb68ec65f687b1d4aed8e,2023,20281,,,gx-no-cache=1685111097585 HTTP/1.1" 200 12220
192.168.10.17 - - [26/May/2023:11:41:20 -0300] "GET /cormun/static/Shared/jqueryui/images/ui-bg_highlight-soft_100_c6c2c8_1x100.png HTTP/1.1" 404 1117
192.168.10.17 - - [26/May/2023:11:41:20 -0300] "GET /cormun/static/Shared/jqueryui/images/ui-bg_flat_55_fafafa_40x100.png HTTP/1.1" 404 1097
192.168.10.17 - - [26/May/2023:11:41:20 -0300] "GET /cormun/static/Shared/jqueryui/images/ui-icons_82798d_256x240.png HTTP/1.1" 404 1089
192.168.10.17 - - [26/May/2023:11:41:20 -0300] "GET /cormun/static/Shared/jqueryui/images/ui-icons_8d78a5_256x240.png HTTP/1.1" 404 1089
186.103.157.98 - - [26/May/2023:11:41:26 -0300] "POST /cormun/servlet/solicitudotlog?9f50a7ae5e274fbec85e8f1cfcfc6e9a,INS,2023,20266,0,REC,,gx-no-cache=1685111156538 HTTP/1.1" 200 93
186.103.157.98 - - [26/May/2023:11:41:26 -0300] "GET /cormun/servlet/hpexe_return? HTTP/1.1" 200 1025
186.103.157.98 - - [26/May/2023:11:41:26 -0300] "GET /cormun/static/hpexe_return.js?20221129846037 HTTP/1.1" 200 1633
186.103.157.98 - - [26/May/2023:11:41:26 -0300] "GET /cormun/static/gxcfg.js?20221129846035 HTTP/1.1" 200 953
186.103.157.98 - - [26/May/2023:11:41:26 -0300] "GET /cormun/servlet/trautorizarsolicitud HTTP/1.1" 200 7392
186.103.157.98 - - [26/May/2023:11:41:27 -0300] "GET /cormun/servlet/trautorizarsolicitud HTTP/1.1" 200 7389
190.171.152.234 - - [26/May/2023:11:41:28 -0300] "GET /cormun/servlet/trsolicitudot? HTTP/1.1" 200 8910
190.171.152.234 - - [26/May/2023:11:41:29 -0300] "GET /cormun/servlet/trsolicitudot? HTTP/1.1" 200 8910
190.171.152.234 - - [26/May/2023:11:41:38 -0300] "POST /cormun/servlet/trsolicitudot?d2d9f0eff1dbfaa8b30c95bf5d452c02,,gx-no-cache=1685107693560 HTTP/1.1" 200 6039
190.171.152.234 - - [26/May/2023:11:41:41 -0300] "POST /cormun/servlet/trsolicitudot?d2d9f0eff1dbfaa8b30c95bf5d452c02,,gx-no-cache=1685107696854 HTTP/1.1" 200 6038
190.171.152.234 - - [26/May/2023:11:41:42 -0300] "POST /cormun/servlet/trsolicitudot?d2d9f0eff1dbfaa8b30c95bf5d452c02,,gx-no-cache=1685107697813 HTTP/1.1" 200 6039
190.171.152.234 - - [26/May/2023:11:41:43 -0300] "POST /cormun/servlet/trsolicitudot?d2d9f0eff1dbfaa8b30c95bf5d452c02,,gx-no-cache=1685107698173 HTTP/1.1" 200 6039
190.171.152.234 - - [26/May/2023:11:41:47 -0300] "GET /cormun/servlet/trsolicitudot? HTTP/1.1" 200 8910
190.171.152.234 - - [26/May/2023:11:41:48 -0300] "GET /cormun/servlet/trsolicitudot? HTTP/1.1" 200 8910
190.171.152.234 - - [26/May/2023:11:41:51 -0300] "POST /cormun/servlet/trsolicitudot?d2d9f0eff1dbfaa8b30c95bf5d452c02,,gx-no-cache=1685107706833 HTTP/1.1" 200 6039
190.171.152.234 - - [26/May/2023:11:41:52 -0300] "POST /cormun/servlet/trsolicitudot?d2d9f0eff1dbfaa8b30c95bf5d452c02,,gx-no-cache=1685107707549 HTTP/1.1" 200 6039
190.171.152.234 - - [26/May/2023:11:41:52 -0300] "POST /cormun/servlet/trsolicitudot?d2d9f0eff1dbfaa8b30c95bf5d452c02,,gx-no-cache=1685107707893 HTTP/1.1" 200 6039
190.171.152.234 - - [26/May/2023:11:41:53 -0300] "POST /cormun/servlet/trsolicitudot?d2d9f0eff1dbfaa8b30c95bf5d452c02,,gx-no-cache=1685107708269 HTTP/1.1" 200 6039
190.171.141.82 - - [26/May/2023:11:41:59 -0300] "POST /cormun/servlet/licenciaspermisos?7ee946326c77f5b0cf9b44113bbe591b,DSP,13568424,L,20230421000000,,gx-no-cache=1685111189435 HTTP/1.1" 200 93
190.171.141.82 - - [26/May/2023:11:41:59 -0300] "GET /cormun/servlet/hpexe_return? HTTP/1.1" 200 1045
190.171.141.82 - - [26/May/2023:11:41:59 -0300] "GET /cormun/servlet/trlicencias?gx-no-cache=1685110725597 HTTP/1.1" 200 8333
190.171.141.82 - - [26/May/2023:11:42:00 -0300] "GET /cormun/servlet/trlicencias?gx-no-cache=1685110725597 HTTP/1.1" 200 8350
190.171.142.42 - - [26/May/2023:11:42:01 -0300] "GET /cormun/servlet/solicitudot?33f0a5d17aafdaba12d3e5fab94483a8a4208e907f42734cd6804f9f3926f9856a4ae96f6c28cf51594a5a38db70ccc30f6ba18ca7cb1651c597adf8c2507b53d37dbdef46e386b20e5e2d48b23b9383267d2241c497f675c150385115baa055e0da579b51a2dd0f5bbbf5ce647d409d,gx-no-cache=1685111190485 HTTP/1.1" 200 110
190.171.142.42 - - [26/May/2023:11:42:02 -0300] "POST /cormun/servlet/solicitudot?gx-no-cache=1685111190653 HTTP/1.1" 200 69
190.171.142.42 - - [26/May/2023:11:42:10 -0300] "GET /cormun/servlet/solicitudot?33f0a5d17aafdaba12d3e5fab94483a8ec2176fb214b66dfe64d2623d8cf7ec021d7dcb9ba88f88c5d786981a6244c10aa9968ae423ed762e977863839270abff1c7bfeced049b77221c076a0bc6133db5bdad4df8b3ddabaa47024a7076a6f27114bbcf0f01c1d801bcff9889c5cd28,gx-no-cache=1685111199575 HTTP/1.1" 200 29
190.171.142.42 - - [26/May/2023:11:42:10 -0300] "GET /cormun/static/menuarrow.gif HTTP/1.1" 404 1015
190.171.142.42 - - [26/May/2023:11:42:14 -0300] "GET /cormun/servlet/solicitudot?33f0a5d17aafdaba12d3e5fab94483a867dc7682b589aba89d82c792730f80bbf764f95ece7d0504ac4ca3ff4b56a076,gx-no-cache=1685111203280 HTTP/1.1" 200 30
190.171.152.234 - - [26/May/2023:11:42:17 -0300] "GET /cormun/servlet/hlogin HTTP/1.1" 200 1719
190.171.152.234 - - [26/May/2023:11:42:25 -0300] "POST /cormun/servlet/hlogin?8e4fc9cfd9e43e7fa40e4a7a032af0d3,gx-no-cache=1685107740574 HTTP/1.1" 200 90
190.171.152.234 - - [26/May/2023:11:42:25 -0300] "GET /cormun/servlet/hpexe_link HTTP/1.1" 200 951
190.171.152.234 - - [26/May/2023:11:42:25 -0300] "GET /cormun/servlet/hhome HTTP/1.1" 200 4278
190.171.152.234 - - [26/May/2023:11:42:26 -0300] "GET /cormun/servlet/hhome HTTP/1.1" 200 4275
190.171.142.42 - - [26/May/2023:11:42:26 -0300] "POST /cormun/servlet/solicitudot?gx-no-cache=1685111214734 HTTP/1.1" 200 30
190.171.152.234 - - [26/May/2023:11:42:28 -0300] "GET /cormun/servlet/trsolicitudot? HTTP/1.1" 200 7493
190.171.152.234 - - [26/May/2023:11:42:28 -0300] "GET /cormun/servlet/trsolicitudot? HTTP/1.1" 200 7493
190.171.141.82 - - [26/May/2023:11:42:34 -0300] "POST /cormun/servlet/trlicencias?7ee946326c77f5b0cf9b44113bbe591b,gx-no-cache=1685110725597,gx-no-cache=1685111224058 HTTP/1.1" 200 5694
190.171.152.234 - - [26/May/2023:11:42:35 -0300] "GET /cormun/servlet/trsolicitudot? HTTP/1.1" 200 7493
190.171.152.234 - - [26/May/2023:11:42:36 -0300] "GET /cormun/servlet/trsolicitudot? HTTP/1.1" 200 7493
190.171.152.234 - - [26/May/2023:11:42:39 -0300] "GET /cormun/servlet/solicitudot?INS,0,0,false, HTTP/1.1" 200 16158
190.171.152.234 - - [26/May/2023:11:42:39 -0300] "GET /cormun/servlet/solicitudot?INS,0,0,false, HTTP/1.1" 200 16165
190.171.152.234 - - [26/May/2023:11:42:47 -0300] "POST /cormun/servlet/solicitudot?gx-no-cache=1685107763111 HTTP/1.1" 200 3971
190.171.152.234 - - [26/May/2023:11:42:48 -0300] "POST /cormun/servlet/solicitudot?8e4fc9cfd9e43e7fa40e4a7a032af0d3,INS,0,0,false,,gx-no-cache=1685107763248 HTTP/1.1" 200 12802
190.171.152.234 - - [26/May/2023:11:42:49 -0300] "GET /cormun/servlet/solicitudot?253546ffec68f908804a07e0edd44bea486f0272b04714d19984c6732cb79ffa48aaabe4aeb1170d969fbbed90348c69,gx-no-cache=1685107764761 HTTP/1.1" 200 30
186.103.157.98 - - [26/May/2023:11:42:52 -0300] "GET /cormun/servlet/hlogin HTTP/1.1" 200 1725
186.103.157.98 - - [26/May/2023:11:42:58 -0300] "POST /cormun/servlet/hlogin?94baadde6cedbac838b18e670418f072,gx-no-cache=1685111248515 HTTP/1.1" 200 90
186.103.157.98 - - [26/May/2023:11:42:58 -0300] "GET /cormun/servlet/hpexe_link HTTP/1.1" 200 964
186.103.157.98 - - [26/May/2023:11:42:58 -0300] "GET /cormun/servlet/trautorizarsolicitud HTTP/1.1" 200 7397
186.103.157.98 - - [26/May/2023:11:42:58 -0300] "GET /cormun/servlet/trautorizarsolicitud HTTP/1.1" 200 7396
190.171.142.42 - - [26/May/2023:11:42:59 -0300] "POST /cormun/servlet/solicitudot?5c298b9528bd27faed45828c5909f7bb,INS,0,0,false,,gx-no-cache=1685111247874 HTTP/1.1" 200 93
190.171.142.42 - - [26/May/2023:11:42:59 -0300] "GET /cormun/servlet/hpexe_return? HTTP/1.1" 200 1006
190.171.142.42 - - [26/May/2023:11:42:59 -0300] "GET /cormun/servlet/trsolicitudot HTTP/1.1" 200 8884
190.171.142.42 - - [26/May/2023:11:42:59 -0300] "GET /cormun//static/Resources/PXToolsActionView.png HTTP/1.1" 200 398
190.171.142.42 - - [26/May/2023:11:42:59 -0300] "GET /cormun//static/Resources/PXToolsRemoveAllAction.png HTTP/1.1" 200 487
190.171.142.42 - - [26/May/2023:11:42:59 -0300] "GET /cormun/servlet/trsolicitudot HTTP/1.1" 200 8880
186.103.157.98 - - [26/May/2023:11:43:00 -0300] "GET /cormun/servlet/trsolicitudot? HTTP/1.1" 200 8889
186.103.157.98 - - [26/May/2023:11:43:00 -0300] "GET /cormun/servlet/trsolicitudot? HTTP/1.1" 200 8889
186.103.157.98 - - [26/May/2023:11:43:05 -0300] "POST /cormun/servlet/trsolicitudot?94baadde6cedbac838b18e670418f072,,gx-no-cache=1685111256423 HTTP/1.1" 200 110
186.103.157.98 - - [26/May/2023:11:43:06 -0300] "GET /cormun/servlet/solicitudot?UPD,2023,20266,false, HTTP/1.1" 200 16744
186.103.157.98 - - [26/May/2023:11:43:06 -0300] "GET /cormun/servlet/solicitudot?UPD,2023,20266,false, HTTP/1.1" 200 16755
186.103.157.98 - - [26/May/2023:11:43:06 -0300] "POST /cormun/servlet/solicitudot?gx-no-cache=1685111257335 HTTP/1.1" 200 4032
186.103.157.98 - - [26/May/2023:11:43:07 -0300] "POST /cormun/servlet/solicitudot?94baadde6cedbac838b18e670418f072,UPD,2023,20266,false,,gx-no-cache=1685111257458 HTTP/1.1" 200 12939
186.103.157.98 - - [26/May/2023:11:43:07 -0300] "GET /cormun/servlet/solicitudot?a261b589ae4af2659e39670c417bf731bd8f8b01b50aae5f75ccbac0df2ac95459a778c67a8c7c3270d713ca6a46a30c,gx-no-cache=1685111257695 HTTP/1.1" 200 30
186.103.157.98 - - [26/May/2023:11:43:07 -0300] "GET /cormun/servlet/solicitudot?a261b589ae4af2659e39670c417bf731b11cf61b7f555654ed7899653fb4d4f49c7abb7ba4c01b24b9fcc214a99c2f0659a778c67a8c7c3270d713ca6a46a30c,gx-no-cache=1685111257716 HTTP/1.1" 200 30
186.103.157.98 - - [26/May/2023:11:43:07 -0300] "GET /cormun/servlet/solicitudot?a261b589ae4af2659e39670c417bf7315f4e34607bc67a3f67fd34e08438311b2f2d9310eabc736619b5c84ad48fcabf08be26a92993497d3d5ef97a4fb86a89,gx-no-cache=1685111257734 HTTP/1.1" 200 53
186.103.157.98 - - [26/May/2023:11:43:07 -0300] "POST /cormun/servlet/solicitudot?gx-no-cache=1685111257753 HTTP/1.1" 200 254
186.103.157.98 - - [26/May/2023:11:43:07 -0300] "GET /cormun/servlet/solicitudot?a261b589ae4af2659e39670c417bf7314adf30e6fec379cc89599133ea9567a47808f80db10dbb3ad59ae090a587f4e0e83c7141c9ec678afaee956f355e63ba2cdac3dd36a6446a5304f6c322074a847521991b20a23082408a5d3a139f86119a95ca6d8e5b2672fa3d9e8691d49218bb89437bb145d8c8e10cec401de580d8e6a3757571ef0b55ca857f43afe5609ee33bc52851261035e779b9a17b42fb1c9222d846b67946a8b300b96970767d0b54573b29bbe43ea69d2b012b8ce10b5198041ee5f554eaffc49f6f196243ba876c5d626b585db636bf689e0863398987d5cdf4705625246856bccbc7178b6687f3be1c81d0c5a2f9c16ca6d595036a9bc7eb2881583565f72c9d7d76d920339ef7fe8997ecb72c1dcc674b3e970b667b0b618ac1168a961d66ce89d79d7c069b1e3760e2accb8eb13337aa702c8e83e6fd8ca66f689e377ee1ab8482852c4def81e97b15154a7bf654526d4157b102058be0a495cfbbd5821d951b7684af6c54e05963468b118a890910730856693965,gx-no-cache=1685111257778 HTTP/1.1" 200 30
186.103.157.98 - - [26/May/2023:11:43:07 -0300] "POST /cormun/servlet/solicitudot?gx-no-cache=1685111257808 HTTP/1.1" 200 30
186.103.157.98 - - [26/May/2023:11:43:07 -0300] "POST /cormun/servlet/solicitudot?gx-no-cache=1685111257831 HTTP/1.1" 200 1469
186.103.157.98 - - [26/May/2023:11:43:07 -0300] "POST /cormun/servlet/solicitudot?gx-no-cache=1685111257861 HTTP/1.1" 200 41
190.171.142.42 - - [26/May/2023:11:43:07 -0300] "POST /cormun/servlet/trsolicitudot?5c298b9528bd27faed45828c5909f7bb,gx-no-cache=1685111256409 HTTP/1.1" 200 107
190.171.142.42 - - [26/May/2023:11:43:07 -0300] "GET /cormun/servlet/trsolicitudadjuntos?2023,20283, HTTP/1.1" 200 6368
190.171.142.42 - - [26/May/2023:11:43:07 -0300] "GET /cormun/static/gxcfg.js?20201215574222 HTTP/1.1" 200 953
190.171.142.42 - - [26/May/2023:11:43:07 -0300] "GET /cormun/static/trsolicitudadjuntos.js?20201215574932 HTTP/1.1" 200 17921
190.171.142.42 - - [26/May/2023:11:43:07 -0300] "GET /cormun/static/Resources/PXToolsGridNew.png HTTP/1.1" 200 427
190.171.142.42 - - [26/May/2023:11:43:08 -0300] "GET /cormun/servlet/trsolicitudadjuntos?2023,20283, HTTP/1.1" 200 6368
190.171.142.42 - - [26/May/2023:11:43:14 -0300] "GET /cormun/servlet/solicitudotadjuntos?INS,2023,20283,,1, HTTP/1.1" 200 6310
190.171.142.42 - - [26/May/2023:11:43:14 -0300] "GET /cormun/static/gxcfg.js?202211298385187 HTTP/1.1" 200 953
190.171.142.42 - - [26/May/2023:11:43:14 -0300] "GET /cormun/static/solicitudotadjuntos.js?202211298385196 HTTP/1.1" 200 11771
190.171.142.42 - - [26/May/2023:11:43:15 -0300] "GET /cormun/static/about:blank HTTP/1.1" 404 1011
190.171.142.42 - - [26/May/2023:11:43:15 -0300] "GET /cormun/servlet/solicitudotadjuntos?INS,2023,20283,,1, HTTP/1.1" 200 6304
190.171.142.42 - - [26/May/2023:11:43:15 -0300] "GET /cormun/servlet/solicitudotadjuntos?33f0a5d17aafdaba12d3e5fab94483a8493c3d748c8c7ac429b637dd97689337aeb3611ebd3bc6552a0b859b675f15ed,gx-no-cache=1685111264236 HTTP/1.1" 200 30
190.171.142.42 - - [26/May/2023:11:43:15 -0300] "POST /cormun/servlet/solicitudotadjuntos?5c298b9528bd27faed45828c5909f7bb,INS,2023,20283,,1,,gx-no-cache=1685111264257 HTTP/1.1" 200 3964
190.171.142.42 - - [26/May/2023:11:43:22 -0300] "GET /cormun/servlet/trsolicitudadjuntos?2023,20283, HTTP/1.1" 200 6368
190.171.142.42 - - [26/May/2023:11:43:22 -0300] "GET /cormun/servlet/trsolicitudadjuntos?2023,20283, HTTP/1.1" 200 6368
190.171.142.42 - - [26/May/2023:11:43:24 -0300] "GET /cormun/servlet/solicitudotadjuntos?INS,2023,20283,,2, HTTP/1.1" 200 6309
190.171.142.42 - - [26/May/2023:11:43:24 -0300] "GET /cormun/static/about:blank HTTP/1.1" 404 1011
190.171.142.42 - - [26/May/2023:11:43:24 -0300] "GET /cormun/servlet/solicitudotadjuntos?INS,2023,20283,,2, HTTP/1.1" 200 6303
190.171.142.42 - - [26/May/2023:11:43:25 -0300] "GET /cormun/servlet/solicitudotadjuntos?33f0a5d17aafdaba12d3e5fab94483a8493c3d748c8c7ac429b637dd97689337aeb3611ebd3bc6552a0b859b675f15ed,gx-no-cache=1685111273934 HTTP/1.1" 200 30
190.171.142.42 - - [26/May/2023:11:43:25 -0300] "POST /cormun/servlet/solicitudotadjuntos?5c298b9528bd27faed45828c5909f7bb,INS,2023,20283,,2,,gx-no-cache=1685111273953 HTTP/1.1" 200 4495
190.171.141.106 - - [26/May/2023:11:43:25 -0300] "POST /cormun/servlet/trsolicitudot?9aa38ff39bd13006cafc5b06b775a15a,,gx-no-cache=1685111628160 HTTP/1.1" 200 107
190.171.141.106 - - [26/May/2023:11:43:25 -0300] "GET /cormun/servlet/trsolicitudadjuntos?2023,20282, HTTP/1.1" 200 10375
190.171.141.106 - - [26/May/2023:11:43:26 -0300] "GET /cormun/servlet/trsolicitudadjuntos?2023,20282, HTTP/1.1" 200 10377
190.171.141.106 - - [26/May/2023:11:43:28 -0300] "GET /cormun/servlet/solicitudotadjuntos?INS,2023,20282,,1, HTTP/1.1" 200 6257
190.171.141.106 - - [26/May/2023:11:43:29 -0300] "GET /cormun/static/about:blank HTTP/1.1" 404 1011
190.171.141.106 - - [26/May/2023:11:43:29 -0300] "GET /cormun/servlet/solicitudotadjuntos?INS,2023,20282,,1, HTTP/1.1" 200 6250
190.171.141.106 - - [26/May/2023:11:43:29 -0300] "GET /cormun/servlet/solicitudotadjuntos?dc1f0b01ed8f85bfc50c180f444e4f5769982ce9394015740a2ed03134efc27b9bb8fcf9d916809a65f4f1f22adea941,gx-no-cache=1685111632004 HTTP/1.1" 200 30
190.171.141.106 - - [26/May/2023:11:43:29 -0300] "POST /cormun/servlet/solicitudotadjuntos?9aa38ff39bd13006cafc5b06b775a15a,INS,2023,20282,,1,,gx-no-cache=1685111632024 HTTP/1.1" 200 4159
190.171.142.42 - - [26/May/2023:11:43:29 -0300] "POST /cormun/servlet/solicitudotadjuntos?gx-no-cache=1685111278394 HTTP/1.1" 200 26
190.171.141.106 - - [26/May/2023:11:43:32 -0300] "POST /cormun/servlet/solicitudotadjuntos?gx-no-cache=1685111635444 HTTP/1.1" 200 26
186.103.157.98 - - [26/May/2023:11:43:36 -0300] "POST /cormun/servlet/solicitudot?gx-no-cache=1685111286777 HTTP/1.1" 200 297
190.171.141.106 - - [26/May/2023:11:43:39 -0300] "GET /cormun/servlet/solicitudotadjuntos?dc1f0b01ed8f85bfc50c180f444e4f57e20fe1c641f24ad5d02fd03cf1e20a41,gx-no-cache=1685111642267 HTTP/1.1" 200 30
190.171.141.106 - - [26/May/2023:11:43:39 -0300] "GET /cormun/servlet/solicitudotadjuntos?dc1f0b01ed8f85bfc50c180f444e4f57e20fe1c641f24ad5d02fd03cf1e20a41,gx-no-cache=1685111642287 HTTP/1.1" 200 30
190.171.141.106 - - [26/May/2023:11:43:39 -0300] "POST /cormun/servlet/solicitudotadjuntos?9aa38ff39bd13006cafc5b06b775a15a,INS,2023,20282,,1, HTTP/1.1" 200 116
190.171.141.106 - - [26/May/2023:11:43:39 -0300] "GET /cormun/servlet/hpexe_return? HTTP/1.1" 200 1028
190.171.141.106 - - [26/May/2023:11:43:40 -0300] "GET /cormun/servlet/trsolicitudadjuntos?2023,20282, HTTP/1.1" 200 10533
190.171.141.106 - - [26/May/2023:11:43:40 -0300] "GET /cormun/servlet/trsolicitudadjuntos?2023,20282, HTTP/1.1" 200 10532
186.103.157.98 - - [26/May/2023:11:43:40 -0300] "GET /cormun/servlet/solicitudot?a261b589ae4af2659e39670c417bf7314adf30e6fec379cc89599133ea9567a406614dffd2d8f2e7b57d2383b48309eee83c7141c9ec678afaee956f355e63ba2cdac3dd36a6446a5304f6c322074a847521991b20a23082408a5d3a139f86119a95ca6d8e5b2672fa3d9e8691d49218bb89437bb145d8c8e10cec401de580d8e6a3757571ef0b55ca857f43afe5609ee33bc52851261035e779b9a17b42fb1c9222d846b67946a8b300b96970767d0b54573b29bbe43ea69d2b012b8ce10b5198041ee5f554eaffc49f6f196243ba876c5d626b585db636bf689e0863398987d5cdf4705625246856bccbc7178b6687e6757c575ba36b4e666fb451f34fc3a6c7eb2881583565f72c9d7d76d920339e4cdd8ff2ff0647904fa265ed492fd9b8d1308d8b0be0a9ff4a90da7734c63c18126d134a6fbf68d859d09e7fbbbec702c6776f07e9923ba7ac4f45d91ecb3be680e600c14d04bb179c8059a30be4bc7c4a62fe7af65fd64840ee069f577f6d6cab84486b36075b0625f28f9c387d9a887dbd1bb30d850442f93d8f94526ae7c3,gx-no-cache=1685111291403 HTTP/1.1" 200 30
190.171.142.42 - - [26/May/2023:11:43:42 -0300] "GET /cormun/servlet/solicitudotadjuntos?33f0a5d17aafdaba12d3e5fab94483a8a19d5a8780d7bd1f30562114abfb9e25,gx-no-cache=1685111291279 HTTP/1.1" 200 30
