181.212.43.89 - - [26/May/2023:11:16:24 -0300] "GET /cormun/servlet/trsolicitudot HTTP/1.1" 200 9104
181.212.43.89 - - [26/May/2023:11:16:24 -0300] "GET /cormun/servlet/trsolicitudot HTTP/1.1" 200 9100
190.171.149.74 - - [26/May/2023:11:18:36 -0300] "GET /cormun/servlet/solicitudot?27dcde7a55ae017a2649e7b471833a7cd86b2ca2467164185f5fbe598a1b68b52ec1cdf0bd8a098dcfa9a09c5ea28d44776aafd84a69ff30887cba379472a3a0c5e522790b267ec725d4adc70eda62d8204b7dd216e39bbf4be6eee62a6b58811b0de792fbe51a72a2597805c7cc0f91,gx-no-cache=1685109786583 HTTP/1.1" 200 110
181.212.43.89 - - [26/May/2023:11:18:48 -0300] "POST /cormun/servlet/trsolicitudot?9a5a81c3e5a90c4117bb24e2f32d4122,gx-no-cache=1685109795524 HTTP/1.1" 200 107
181.212.43.89 - - [26/May/2023:11:18:49 -0300] "GET /cormun/servlet/trsolicitudadjuntos?2023,20277, HTTP/1.1" 200 6123
181.212.43.89 - - [26/May/2023:11:18:49 -0300] "GET /cormun/static/gxcfg.js?20201215574222 HTTP/1.1" 200 953
181.212.43.89 - - [26/May/2023:11:18:49 -0300] "GET /cormun/static/Resources/PXToolsGridNew.png HTTP/1.1" 200 427
181.212.43.89 - - [26/May/2023:11:18:49 -0300] "GET /cormun/static/trsolicitudadjuntos.js?20201215574932 HTTP/1.1" 200 17921
181.212.43.89 - - [26/May/2023:11:18:49 -0300] "GET /cormun/servlet/trsolicitudadjuntos?2023,20277, HTTP/1.1" 200 6123
181.212.43.89 - - [26/May/2023:11:18:51 -0300] "GET /cormun/servlet/solicitudotadjuntos?INS,2023,20277,,1, HTTP/1.1" 200 6062
181.212.43.89 - - [26/May/2023:11:18:51 -0300] "GET /cormun/static/gxcfg.js?202211298385187 HTTP/1.1" 200 953
181.212.43.89 - - [26/May/2023:11:18:51 -0300] "GET /cormun/static/solicitudotadjuntos.js?202211298385196 HTTP/1.1" 200 11771
181.212.43.89 - - [26/May/2023:11:18:51 -0300] "GET /cormun/static/about:blank HTTP/1.1" 404 1011
181.212.43.89 - - [26/May/2023:11:18:51 -0300] "GET /cormun/servlet/solicitudotadjuntos?INS,2023,20277,,1, HTTP/1.1" 200 6055
181.212.43.89 - - [26/May/2023:11:18:52 -0300] "GET /cormun/servlet/solicitudotadjuntos?6fd5845fe35d55b7d96ad7e2094f7d785bc11ddf17775b00054741007d4b2398381d6303ecab5f079e577570c3c92208,gx-no-cache=1685109798550 HTTP/1.1" 200 30
181.212.43.89 - - [26/May/2023:11:18:52 -0300] "POST /cormun/servlet/solicitudotadjuntos?9a5a81c3e5a90c4117bb24e2f32d4122,INS,2023,20277,,1,,gx-no-cache=1685109798747 HTTP/1.1" 200 3919
190.171.149.74 - - [26/May/2023:11:18:54 -0300] "GET /cormun/static/menuarrow.gif HTTP/1.1" 404 1015
181.212.43.89 - - [26/May/2023:11:18:55 -0300] "POST /cormun/servlet/solicitudotadjuntos?gx-no-cache=1685109802004 HTTP/1.1" 200 26
190.171.149.74 - - [26/May/2023:11:19:05 -0300] "GET /cormun/servlet/solicitudot?27dcde7a55ae017a2649e7b471833a7cee4c67c84c022a16ae10ffbb44d992f76b81d6e87046887e5983fe6fd47ffee7,gx-no-cache=1685109815523 HTTP/1.1" 200 30
190.171.149.74 - - [26/May/2023:11:19:05 -0300] "POST /cormun/servlet/solicitudot?gx-no-cache=1685109815550 HTTP/1.1" 200 33
181.212.43.89 - - [26/May/2023:11:19:17 -0300] "GET /cormun/servlet/solicitudotadjuntos?6fd5845fe35d55b7d96ad7e2094f7d788fae8efe6cdb5a612bbe2ec738bd60af,gx-no-cache=1685109824336 HTTP/1.1" 200 30
181.212.43.89 - - [26/May/2023:11:19:17 -0300] "GET /cormun/servlet/solicitudotadjuntos?6fd5845fe35d55b7d96ad7e2094f7d788fae8efe6cdb5a612bbe2ec738bd60af,gx-no-cache=1685109824355 HTTP/1.1" 200 30
181.212.43.89 - - [26/May/2023:11:19:17 -0300] "POST /cormun/servlet/solicitudotadjuntos?9a5a81c3e5a90c4117bb24e2f32d4122,INS,2023,20277,,1, HTTP/1.1" 200 116
181.212.43.89 - - [26/May/2023:11:19:17 -0300] "GET /cormun/servlet/hpexe_return? HTTP/1.1" 200 1028
181.212.43.89 - - [26/May/2023:11:19:18 -0300] "GET /cormun/servlet/trsolicitudadjuntos?2023,20277, HTTP/1.1" 200 9086
181.212.43.89 - - [26/May/2023:11:19:19 -0300] "GET /cormun/servlet/trsolicitudadjuntos?2023,20277, HTTP/1.1" 200 9080
181.212.43.89 - - [26/May/2023:11:19:21 -0300] "GET /cormun/servlet/solicitudotadjuntos?INS,2023,20277,,1, HTTP/1.1" 200 6062
181.212.43.89 - - [26/May/2023:11:19:21 -0300] "GET /cormun/static/about:blank HTTP/1.1" 404 1011
181.212.43.89 - - [26/May/2023:11:19:21 -0300] "GET /cormun/servlet/solicitudotadjuntos?INS,2023,20277,,1, HTTP/1.1" 200 6055
181.212.43.89 - - [26/May/2023:11:19:22 -0300] "GET /cormun/servlet/solicitudotadjuntos?6fd5845fe35d55b7d96ad7e2094f7d785bc11ddf17775b00054741007d4b2398381d6303ecab5f079e577570c3c92208,gx-no-cache=1685109828946 HTTP/1.1" 200 30
181.212.43.89 - - [26/May/2023:11:19:23 -0300] "POST /cormun/servlet/solicitudotadjuntos?9a5a81c3e5a90c4117bb24e2f32d4122,INS,2023,20277,,1,,gx-no-cache=1685109829648 HTTP/1.1" 200 3919
181.212.43.89 - - [26/May/2023:11:19:24 -0300] "POST /cormun/servlet/solicitudotadjuntos?gx-no-cache=1685109831082 HTTP/1.1" 200 26
181.212.43.89 - - [26/May/2023:11:19:29 -0300] "GET /cormun/servlet/solicitudotadjuntos?6fd5845fe35d55b7d96ad7e2094f7d788fae8efe6cdb5a612bbe2ec738bd60af,gx-no-cache=1685109835791 HTTP/1.1" 200 30
181.212.43.89 - - [26/May/2023:11:19:29 -0300] "GET /cormun/servlet/solicitudotadjuntos?6fd5845fe35d55b7d96ad7e2094f7d788fae8efe6cdb5a612bbe2ec738bd60af,gx-no-cache=1685109835803 HTTP/1.1" 200 30
181.212.43.89 - - [26/May/2023:11:19:29 -0300] "POST /cormun/servlet/solicitudotadjuntos?9a5a81c3e5a90c4117bb24e2f32d4122,INS,2023,20277,,1, HTTP/1.1" 200 116
181.212.43.89 - - [26/May/2023:11:19:29 -0300] "GET /cormun/servlet/hpexe_return? HTTP/1.1" 200 1028
181.212.43.89 - - [26/May/2023:11:19:29 -0300] "GET /cormun/servlet/trsolicitudadjuntos?2023,20277, HTTP/1.1" 200 9343
181.212.43.89 - - [26/May/2023:11:19:30 -0300] "GET /cormun/servlet/trsolicitudadjuntos?2023,20277, HTTP/1.1" 200 9342
181.212.43.89 - - [26/May/2023:11:19:32 -0300] "GET /cormun/servlet/solicitudotadjuntos?INS,2023,20277,,1, HTTP/1.1" 200 6062
181.212.43.89 - - [26/May/2023:11:19:32 -0300] "GET /cormun/static/about:blank HTTP/1.1" 404 1011
181.212.43.89 - - [26/May/2023:11:19:32 -0300] "GET /cormun/servlet/solicitudotadjuntos?INS,2023,20277,,1, HTTP/1.1" 200 6055
181.212.43.89 - - [26/May/2023:11:19:33 -0300] "GET /cormun/servlet/solicitudotadjuntos?6fd5845fe35d55b7d96ad7e2094f7d785bc11ddf17775b00054741007d4b2398381d6303ecab5f079e577570c3c92208,gx-no-cache=1685109839797 HTTP/1.1" 200 30
181.212.43.89 - - [26/May/2023:11:19:33 -0300] "POST /cormun/servlet/solicitudotadjuntos?9a5a81c3e5a90c4117bb24e2f32d4122,INS,2023,20277,,1,,gx-no-cache=1685109839814 HTTP/1.1" 200 3918
181.212.43.89 - - [26/May/2023:11:19:35 -0300] "POST /cormun/servlet/solicitudotadjuntos?gx-no-cache=1685109842222 HTTP/1.1" 200 26
190.171.149.74 - - [26/May/2023:11:19:44 -0300] "POST /cormun/servlet/solicitudot?86d2c17fea35042e07ce99e640825066,INS,0,0,false,,gx-no-cache=1685109854505 HTTP/1.1" 200 93
190.171.149.74 - - [26/May/2023:11:19:44 -0300] "GET /cormun/servlet/hpexe_return? HTTP/1.1" 200 1011
190.171.149.74 - - [26/May/2023:11:19:45 -0300] "GET /cormun/servlet/trsolicitudot HTTP/1.1" 200 8624
190.171.149.74 - - [26/May/2023:11:19:45 -0300] "GET /cormun/servlet/trsolicitudot HTTP/1.1" 200 8620
190.171.149.74 - - [26/May/2023:11:19:49 -0300] "GET /cormun/servlet/solicitudot?INS,0,0,false, HTTP/1.1" 200 15862
190.171.149.74 - - [26/May/2023:11:19:50 -0300] "GET /cormun/servlet/solicitudot?INS,0,0,false, HTTP/1.1" 200 15869
181.212.43.89 - - [26/May/2023:11:19:51 -0300] "GET /cormun/servlet/solicitudotadjuntos?6fd5845fe35d55b7d96ad7e2094f7d788fae8efe6cdb5a612bbe2ec738bd60af,gx-no-cache=1685109858340 HTTP/1.1" 200 30
181.212.43.89 - - [26/May/2023:11:19:51 -0300] "GET /cormun/servlet/solicitudotadjuntos?6fd5845fe35d55b7d96ad7e2094f7d788fae8efe6cdb5a612bbe2ec738bd60af,gx-no-cache=1685109858353 HTTP/1.1" 200 30
181.212.43.89 - - [26/May/2023:11:19:51 -0300] "POST /cormun/servlet/solicitudotadjuntos?9a5a81c3e5a90c4117bb24e2f32d4122,INS,2023,20277,,1, HTTP/1.1" 200 116
181.212.43.89 - - [26/May/2023:11:19:51 -0300] "GET /cormun/servlet/hpexe_return? HTTP/1.1" 200 1028
181.212.43.89 - - [26/May/2023:11:19:52 -0300] "GET /cormun/servlet/trsolicitudadjuntos?2023,20277, HTTP/1.1" 200 9566
181.212.43.89 - - [26/May/2023:11:19:52 -0300] "GET /cormun/servlet/trsolicitudadjuntos?2023,20277, HTTP/1.1" 200 9563
181.212.43.89 - - [26/May/2023:11:19:54 -0300] "GET /cormun/servlet/solicitudotadjuntos?INS,2023,20277,,1, HTTP/1.1" 200 6062
181.212.43.89 - - [26/May/2023:11:19:55 -0300] "GET /cormun/static/about:blank HTTP/1.1" 404 1011
181.212.43.89 - - [26/May/2023:11:19:55 -0300] "GET /cormun/servlet/solicitudotadjuntos?INS,2023,20277,,1, HTTP/1.1" 200 6055
181.212.43.89 - - [26/May/2023:11:19:56 -0300] "GET /cormun/servlet/solicitudotadjuntos?6fd5845fe35d55b7d96ad7e2094f7d785bc11ddf17775b00054741007d4b2398381d6303ecab5f079e577570c3c92208,gx-no-cache=1685109862765 HTTP/1.1" 200 30
181.212.43.89 - - [26/May/2023:11:19:56 -0300] "POST /cormun/servlet/solicitudotadjuntos?9a5a81c3e5a90c4117bb24e2f32d4122,INS,2023,20277,,1,,gx-no-cache=1685109862780 HTTP/1.1" 200 3918
181.212.43.89 - - [26/May/2023:11:19:59 -0300] "POST /cormun/servlet/solicitudotadjuntos?gx-no-cache=1685109866110 HTTP/1.1" 200 26
190.171.149.74 - - [26/May/2023:11:20:00 -0300] "POST /cormun/servlet/solicitudot?gx-no-cache=1685109870271 HTTP/1.1" 200 4076
190.171.149.74 - - [26/May/2023:11:20:00 -0300] "POST /cormun/servlet/solicitudot?86d2c17fea35042e07ce99e640825066,INS,0,0,false,,gx-no-cache=1685109870413 HTTP/1.1" 200 12633
181.212.43.89 - - [26/May/2023:11:20:04 -0300] "GET /cormun/servlet/solicitudotadjuntos?6fd5845fe35d55b7d96ad7e2094f7d788fae8efe6cdb5a612bbe2ec738bd60af,gx-no-cache=1685109871443 HTTP/1.1" 200 30
181.212.43.89 - - [26/May/2023:11:20:04 -0300] "GET /cormun/servlet/solicitudotadjuntos?6fd5845fe35d55b7d96ad7e2094f7d788fae8efe6cdb5a612bbe2ec738bd60af,gx-no-cache=1685109871469 HTTP/1.1" 200 30
181.212.43.89 - - [26/May/2023:11:20:05 -0300] "POST /cormun/servlet/solicitudotadjuntos?9a5a81c3e5a90c4117bb24e2f32d4122,INS,2023,20277,,1, HTTP/1.1" 200 116
181.212.43.89 - - [26/May/2023:11:20:05 -0300] "GET /cormun/servlet/hpexe_return? HTTP/1.1" 200 1028
181.212.43.89 - - [26/May/2023:11:20:05 -0300] "GET /cormun/servlet/trsolicitudadjuntos?2023,20277, HTTP/1.1" 200 9830
181.212.43.89 - - [26/May/2023:11:20:06 -0300] "GET /cormun/servlet/trsolicitudadjuntos?2023,20277, HTTP/1.1" 200 9825
190.171.149.74 - - [26/May/2023:11:20:08 -0300] "GET /cormun/servlet/solicitudot?27dcde7a55ae017a2649e7b471833a7c29e19dc5066b5c13c4d1800bffc25597d5e69d0dc005507e6618521bb249f5b7,gx-no-cache=1685109878073 HTTP/1.1" 200 30
190.171.149.74 - - [26/May/2023:11:20:08 -0300] "GET /cormun/servlet/solicitudot?27dcde7a55ae017a2649e7b471833a7c316c125c6a4c47d5db00c2db327ef1896766acc64d0945e65bfc36956d0b5e76,gx-no-cache=1685109878105 HTTP/1.1" 200 30
190.171.149.74 - - [26/May/2023:11:20:08 -0300] "GET /cormun/servlet/solicitudot?27dcde7a55ae017a2649e7b471833a7c729e06e3bb6e521611ba6da7e30b427c,gx-no-cache=1685109878163 HTTP/1.1" 200 59
190.171.149.74 - - [26/May/2023:11:20:08 -0300] "POST /cormun/servlet/solicitudot?gx-no-cache=1685109878188 HTTP/1.1" 200 255
190.171.149.74 - - [26/May/2023:11:20:08 -0300] "GET /cormun/servlet/solicitudot?27dcde7a55ae017a2649e7b471833a7cb6f7b68444ca0620e30226d9076a7f0a18612ac9ca5eaee6512b8285fac5bbc3551d66abbb120efde1465af5b0997d45b952b2a5573f01329b766963ad44cd20f3d9de12eaef3b62aacf7d709bc96624f1d4971f2e6ce80b9cf4f942b03bbb213830222e0ddb72fd3a7cd248aac4c127428d7f15c1fa562a122ed203a41316541e3893115bca2eabc1107d8d097d26e810e18da19f0c942e64876bd7ff9aa20ec67aa8b711e5ed8be0cf7b711d1d69763bea6eabfd8bd0d622538ba0c4b5d5faaca38184777ed8645a131d5e12c6bbac1c550737f0c52200018e838289038ff64755cacc02451e0c04a5c4c65f68aac288ef2c24b6c5d42408dd99ac3990903a97cbc91a8cbe1df5b8479929685645b85325f6cbe03238b5a677092a714b31f0461b917d67123e2baeff61a88561418df85bd8d6d911fa4f6181fec5e89ff32c2b854179376a8587c8aab3d725b07f802293f9c321d63149f310be98c218e03ffb66701b13887b456b5e58d4eb18aa83,gx-no-cache=1685109878216 HTTP/1.1" 200 30
181.212.43.89 - - [26/May/2023:11:20:08 -0300] "GET /cormun/servlet/solicitudotadjuntos?INS,2023,20277,,1, HTTP/1.1" 200 6062
181.212.43.89 - - [26/May/2023:11:20:08 -0300] "GET /cormun/static/about:blank HTTP/1.1" 404 1011
181.212.43.89 - - [26/May/2023:11:20:08 -0300] "GET /cormun/servlet/solicitudotadjuntos?INS,2023,20277,,1, HTTP/1.1" 200 6055
181.212.43.89 - - [26/May/2023:11:20:09 -0300] "GET /cormun/servlet/solicitudotadjuntos?6fd5845fe35d55b7d96ad7e2094f7d785bc11ddf17775b00054741007d4b2398381d6303ecab5f079e577570c3c92208,gx-no-cache=1685109875838 HTTP/1.1" 200 30
181.212.43.89 - - [26/May/2023:11:20:09 -0300] "POST /cormun/servlet/solicitudotadjuntos?9a5a81c3e5a90c4117bb24e2f32d4122,INS,2023,20277,,1,,gx-no-cache=1685109875855 HTTP/1.1" 200 3918
181.212.43.89 - - [26/May/2023:11:20:11 -0300] "POST /cormun/servlet/solicitudotadjuntos?gx-no-cache=1685109878397 HTTP/1.1" 200 26
190.171.149.74 - - [26/May/2023:11:20:13 -0300] "POST /cormun/servlet/solicitudot?gx-no-cache=1685109883421 HTTP/1.1" 200 30
190.171.149.74 - - [26/May/2023:11:20:15 -0300] "GET /cormun/servlet/prcontratosol?17523103,,,,,MD,,gxPopupLevel%3D0%3B HTTP/1.1" 200 8812
190.171.149.74 - - [26/May/2023:11:20:19 -0300] "POST /cormun/servlet/solicitudot?gx-no-cache=1685109889060 HTTP/1.1" 200 1468
190.171.149.74 - - [26/May/2023:11:20:19 -0300] "POST /cormun/servlet/solicitudot?gx-no-cache=1685109889094 HTTP/1.1" 200 38
190.171.149.74 - - [26/May/2023:11:20:19 -0300] "GET /cormun/servlet/solicitudot?27dcde7a55ae017a2649e7b471833a7cd86b2ca2467164185f5fbe598a1b68b52ec1cdf0bd8a098dcfa9a09c5ea28d44776aafd84a69ff30887cba379472a3a0c5e522790b267ec725d4adc70eda62d8204b7dd216e39bbf4be6eee62a6b58811b0de792fbe51a72a2597805c7cc0f91,gx-no-cache=1685109889115 HTTP/1.1" 200 110
190.171.149.74 - - [26/May/2023:11:20:19 -0300] "POST /cormun/servlet/solicitudot?gx-no-cache=1685109889139 HTTP/1.1" 200 110
190.171.149.74 - - [26/May/2023:11:20:19 -0300] "GET /cormun/servlet/solicitudot?27dcde7a55ae017a2649e7b471833a7cb9364aeb76c44f14f24f771c5f2ac1fb0fa4ef6bd1f855d9cd53e0923c696b9edc6175c26d524be902cc5db7ab1694cbce6ffad554e742046d33226f3c9f798178867d5b3ec9bc1fb3615cb0884500ff9c73f0887c3b5543c04a1365be8fc1ae0d4aa04b6bbef9377a35c7a8d00b95efaf78d8374c6192f09ccb0535ccce0c33824a13adb24927ab7c73507d6d530128,gx-no-cache=1685109889166 HTTP/1.1" 200 29
190.171.149.74 - - [26/May/2023:11:20:19 -0300] "GET /cormun/servlet/solicitudot?27dcde7a55ae017a2649e7b471833a7cc061aaaa4584a74116e24834f1811f3c04bcc52a3fcab56022180a1e319fc581,gx-no-cache=1685109889189 HTTP/1.1" 200 134
190.171.149.74 - - [26/May/2023:11:20:19 -0300] "GET /cormun/static/Shared/jqueryui/images/ui-bg_highlight-soft_100_c6c2c8_1x100.png HTTP/1.1" 404 1117
190.171.149.74 - - [26/May/2023:11:20:19 -0300] "GET /cormun/static/Shared/jqueryui/images/ui-icons_82798d_256x240.png HTTP/1.1" 404 1089
190.171.149.74 - - [26/May/2023:11:20:19 -0300] "GET /cormun/static/Shared/jqueryui/images/ui-icons_ebccce_256x240.png HTTP/1.1" 404 1089
190.171.149.74 - - [26/May/2023:11:20:19 -0300] "GET /cormun/static/Shared/jqueryui/images/ui-bg_flat_55_994d53_40x100.png HTTP/1.1" 404 1097
181.212.43.89 - - [26/May/2023:11:20:20 -0300] "GET /cormun/servlet/solicitudotadjuntos?6fd5845fe35d55b7d96ad7e2094f7d788fae8efe6cdb5a612bbe2ec738bd60af,gx-no-cache=1685109887611 HTTP/1.1" 200 30
181.212.43.89 - - [26/May/2023:11:20:20 -0300] "GET /cormun/servlet/solicitudotadjuntos?6fd5845fe35d55b7d96ad7e2094f7d788fae8efe6cdb5a612bbe2ec738bd60af,gx-no-cache=1685109887624 HTTP/1.1" 200 30
181.212.43.89 - - [26/May/2023:11:20:21 -0300] "POST /cormun/servlet/solicitudotadjuntos?9a5a81c3e5a90c4117bb24e2f32d4122,INS,2023,20277,,1, HTTP/1.1" 200 116
181.212.43.89 - - [26/May/2023:11:20:21 -0300] "GET /cormun/servlet/hpexe_return? HTTP/1.1" 200 1028
181.212.43.89 - - [26/May/2023:11:20:21 -0300] "GET /cormun/servlet/trsolicitudadjuntos?2023,20277, HTTP/1.1" 200 10101
181.212.43.89 - - [26/May/2023:11:20:21 -0300] "GET /cormun/servlet/trsolicitudadjuntos?2023,20277, HTTP/1.1" 200 10102
181.212.43.89 - - [26/May/2023:11:20:27 -0300] "POST /cormun/servlet/trsolicitudadjuntos?9a5a81c3e5a90c4117bb24e2f32d4122,2023,20277,,gx-no-cache=1685109893661 HTTP/1.1" 200 90
181.212.43.89 - - [26/May/2023:11:20:27 -0300] "GET /cormun/servlet/hpexe_link HTTP/1.1" 200 971
181.212.43.89 - - [26/May/2023:11:20:27 -0300] "GET /cormun/servlet/trsolicitudot HTTP/1.1" 200 9101
181.212.43.89 - - [26/May/2023:11:20:27 -0300] "GET /cormun/servlet/trsolicitudot HTTP/1.1" 200 9100
181.212.43.89 - - [26/May/2023:11:20:37 -0300] "GET /cormun/servlet/solicitudot?INS,0,0,false, HTTP/1.1" 200 15897
181.212.43.89 - - [26/May/2023:11:20:37 -0300] "GET /cormun/servlet/solicitudot?INS,0,0,false, HTTP/1.1" 200 15904
181.212.42.153 - - [26/May/2023:11:20:42 -0300] "GET /cormun/servlet/permisogoce?INS,0,,, HTTP/1.1" 200 6825
181.212.42.153 - - [26/May/2023:11:20:43 -0300] "GET /cormun/servlet/permisogoce?INS,0,,, HTTP/1.1" 200 6825
181.212.42.153 - - [26/May/2023:11:20:43 -0300] "GET /cormun/servlet/permisogoce?INS,0,,, HTTP/1.1" 200 6825
181.212.42.153 - - [26/May/2023:11:20:43 -0300] "GET /cormun/servlet/permisogoce?INS,0,,, HTTP/1.1" 200 6825
181.212.43.89 - - [26/May/2023:11:20:46 -0300] "POST /cormun/servlet/solicitudot?gx-no-cache=1685109913240 HTTP/1.1" 200 3963
181.212.43.89 - - [26/May/2023:11:20:46 -0300] "POST /cormun/servlet/solicitudot?9a5a81c3e5a90c4117bb24e2f32d4122,INS,0,0,false,,gx-no-cache=1685109913345 HTTP/1.1" 200 12515
181.212.43.89 - - [26/May/2023:11:20:49 -0300] "GET /cormun/servlet/solicitudot?6fd5845fe35d55b7d96ad7e2094f7d7887cf32fc47ef0d56bbbc7a32848554c16033ce645564db2b031eed8796d5805e,gx-no-cache=1685109916255 HTTP/1.1" 200 30
181.212.42.153 - - [26/May/2023:11:20:50 -0300] "GET /cormun/servlet/permisogoce?9df32285fa0cd34fb8ede1e96167135b1b5a582f611a5014573f2a5c61de1376f812b0dae20177c07ace6935ffdbfc67c782de856a03d0e6e4b188a00e34d525,gx-no-cache=1685109921124 HTTP/1.1" 200 83
181.212.42.153 - - [26/May/2023:11:20:51 -0300] "GET /cormun/static/menuarrow.gif HTTP/1.1" 404 1015
181.212.42.153 - - [26/May/2023:11:21:00 -0300] "GET /cormun/servlet/permisogoce?9df32285fa0cd34fb8ede1e96167135b018737a82fbb4529dfd4bd1815ed5504cfec170a563a3a3aae5a2097475f08a625afcb203ac861dab687f42f4031882d,gx-no-cache=1685109931696 HTTP/1.1" 200 129
181.212.42.153 - - [26/May/2023:11:21:00 -0300] "GET /cormun/static/Shared/jqueryui/images/ui-bg_highlight-soft_100_c6c2c8_1x100.png HTTP/1.1" 404 1117
181.212.42.153 - - [26/May/2023:11:21:00 -0300] "GET /cormun/static/Shared/jqueryui/images/ui-icons_82798d_256x240.png HTTP/1.1" 404 1089
181.212.42.153 - - [26/May/2023:11:21:00 -0300] "GET /cormun/static/Shared/jqueryui/images/ui-bg_flat_55_994d53_40x100.png HTTP/1.1" 404 1097
181.212.42.153 - - [26/May/2023:11:21:00 -0300] "POST /cormun/servlet/permisogoce?f7c94dd6a5d772ca37933eacdc1e959b,INS,0,,,,gx-no-cache=1685109931743 HTTP/1.1" 200 4493
181.212.42.153 - - [26/May/2023:11:21:00 -0300] "GET /cormun/static/Shared/jqueryui/images/ui-icons_ebccce_256x240.png HTTP/1.1" 404 1089
181.212.42.153 - - [26/May/2023:11:21:03 -0300] "GET /cormun/servlet/permisogoce?9df32285fa0cd34fb8ede1e96167135b018737a82fbb4529dfd4bd1815ed5504d433bcd6724d2a7bf9e386371325933225afcb203ac861dab687f42f4031882d,gx-no-cache=1685109934385 HTTP/1.1" 200 47
181.212.42.153 - - [26/May/2023:11:21:05 -0300] "POST /cormun/servlet/permisogoce?f7c94dd6a5d772ca37933eacdc1e959b,INS,0,,,,gx-no-cache=1685109935512 HTTP/1.1" 200 93
181.212.42.153 - - [26/May/2023:11:21:05 -0300] "GET /cormun/servlet/hpexe_return? HTTP/1.1" 200 1026
181.212.42.153 - - [26/May/2023:11:21:06 -0300] "GET /cormun/servlet/trpermisosgoce?gx-no-cache=1685109585343 HTTP/1.1" 200 18806
181.212.42.153 - - [26/May/2023:11:21:06 -0300] "GET /cormun/servlet/trpermisosgoce?gx-no-cache=1685109585343 HTTP/1.1" 200 18821
181.212.42.153 - - [26/May/2023:11:21:08 -0300] "GET /cormun/servlet/apermisogoceprn?15523885,P,20230526100420,PU HTTP/1.1" 200 1656
190.171.141.138 - - [26/May/2023:11:21:10 -0300] "GET /cormun/servlet/apermisogoceprn?15724008,P,20230526095318,PU HTTP/1.1" 200 1662
190.171.149.74 - - [26/May/2023:11:21:15 -0300] "GET /cormun/servlet/solicitudot?27dcde7a55ae017a2649e7b471833a7cd86b2ca2467164185f5fbe598a1b68b52ec1cdf0bd8a098dcfa9a09c5ea28d44776aafd84a69ff30887cba379472a3a0c5e522790b267ec725d4adc70eda62d8204b7dd216e39bbf4be6eee62a6b58811b0de792fbe51a72a2597805c7cc0f91,gx-no-cache=1685109945047 HTTP/1.1" 200 110
181.212.42.153 - - [26/May/2023:11:21:15 -0300] "GET /cormun/servlet/trlicencias? HTTP/1.1" 200 20070
181.212.42.153 - - [26/May/2023:11:21:15 -0300] "GET /cormun/servlet/trlicencias? HTTP/1.1" 200 20024
190.171.149.74 - - [26/May/2023:11:21:23 -0300] "GET /cormun/static/menuarrow.gif HTTP/1.1" 404 1015
190.171.149.74 - - [26/May/2023:11:21:32 -0300] "GET /cormun/servlet/solicitudot?27dcde7a55ae017a2649e7b471833a7cee4c67c84c022a16ae10ffbb44d992f76b81d6e87046887e5983fe6fd47ffee7,gx-no-cache=1685109962161 HTTP/1.1" 200 30
190.171.149.74 - - [26/May/2023:11:21:32 -0300] "POST /cormun/servlet/solicitudot?gx-no-cache=1685109962198 HTTP/1.1" 200 33
190.171.149.74 - - [26/May/2023:11:21:50 -0300] "POST /cormun/servlet/solicitudot?86d2c17fea35042e07ce99e640825066,INS,0,0,false,,gx-no-cache=1685109979761 HTTP/1.1" 200 93
190.171.149.74 - - [26/May/2023:11:21:50 -0300] "GET /cormun/servlet/hpexe_return? HTTP/1.1" 200 1011
190.171.149.74 - - [26/May/2023:11:21:50 -0300] "GET /cormun/servlet/trsolicitudot HTTP/1.1" 200 9033
190.171.149.74 - - [26/May/2023:11:21:50 -0300] "GET /cormun/servlet/trsolicitudot HTTP/1.1" 200 9029
181.212.43.89 - - [26/May/2023:11:22:05 -0300] "GET /cormun/servlet/prbanco?,MD,,gxPopupLevel%3D0%3B HTTP/1.1" 200 6572
181.212.43.89 - - [26/May/2023:11:22:10 -0300] "GET /cormun/servlet/solicitudot?6fd5845fe35d55b7d96ad7e2094f7d780f69a6ae107bb6873e831755b7e676030c28f256e61f1b664b9b89062f85d242,gx-no-cache=1685109997240 HTTP/1.1" 200 30
181.212.43.89 - - [26/May/2023:11:22:13 -0300] "GET /cormun/servlet/solicitudot?6fd5845fe35d55b7d96ad7e2094f7d78203ebf468d50ef41743470434b4f8557,gx-no-cache=1685110000139 HTTP/1.1" 200 59
199.195.248.153 - - [26/May/2023:11:22:26 -0300] "CONNECT google.com:443 HTTP/1.1" 400 -
181.212.43.89 - - [26/May/2023:11:22:36 -0300] "POST /cormun/servlet/solicitudot?gx-no-cache=1685110023561 HTTP/1.1" 200 255
181.212.43.89 - - [26/May/2023:11:22:38 -0300] "GET /cormun/servlet/solicitudot?6fd5845fe35d55b7d96ad7e2094f7d7852cec5399752033ce167ebff375cf04cb93b7079a8aeda1b3cda71a1d4ae52976c9fce070afddbedc0185612cc5ded54f22f4d46fb6b3201c19fc0fbd160a8268dc33e6f445521d38673ec8af34c4c060616695dc237aa592ebd3c4641193e0e50be7311429035c40650eda1b1b8d65e162989cd265c67ff8e53068aa03316aef9b70a198c45bcadde2099cb94b0819f8adc7fc4ccd80388a2a3f655a1b9d319a494408935d7386760efecd51232a428001bb6b511f439cc4cc79fafe4ad0a717b747cf044d375ea5649270b4a4d4edf1a43963a2ee4485e6118c4072993a01a0935b8a21a4da6a548e7cbb36741eb13ab1db6c5cb4a72475c1053d8e1eb23acfccf4a8c6417113db561e260944c14f265d288479081edd128a4a1592c45c4d4baf6332bb425660067de8186e1358d4cbae85f93df2ad7b9281f26a0b904b2887529fe2f5abec4f9300684a73c505dbf0ccb93ec35b27350fec8b8b62310c783ffd31123f86b6b9990ee3f2fab68ebe9,gx-no-cache=1685110024922 HTTP/1.1" 200 30
181.212.43.89 - - [26/May/2023:11:22:41 -0300] "POST /cormun/servlet/solicitudot?gx-no-cache=1685110028261 HTTP/1.1" 200 30
181.212.43.89 - - [26/May/2023:11:22:43 -0300] "GET /cormun/servlet/prsolicitudot?10312007,,,,,MD,,gxPopupLevel%3D0%3B HTTP/1.1" 200 5942
181.212.43.89 - - [26/May/2023:11:22:43 -0300] "GET /cormun/static/gxcfg.js?20201215593468 HTTP/1.1" 200 953
181.212.43.89 - - [26/May/2023:11:22:43 -0300] "GET /cormun/static/prsolicitudot.js?20201215593721 HTTP/1.1" 200 13680
181.212.43.89 - - [26/May/2023:11:22:46 -0300] "POST /cormun/servlet/solicitudot?gx-no-cache=1685110032641 HTTP/1.1" 200 1466
181.212.43.89 - - [26/May/2023:11:22:46 -0300] "POST /cormun/servlet/solicitudot?gx-no-cache=1685110032672 HTTP/1.1" 200 38
181.212.43.89 - - [26/May/2023:11:22:46 -0300] "GET /cormun/servlet/solicitudot?6fd5845fe35d55b7d96ad7e2094f7d78ac7ae97ac0fbd02fea88bd9a7c593e65c694f34db5c4715b10076ac1f7119268b54d2fcf5c7b47abf9f0bf1f5b49f5f10f1750a1d79280e509d246ad938dc9d669d6d3bd793219d23e4d2501a554c2b205b59cf8dc2aeb666685c200f500fd8b,gx-no-cache=1685110032692 HTTP/1.1" 200 110
181.212.43.89 - - [26/May/2023:11:22:46 -0300] "POST /cormun/servlet/solicitudot?gx-no-cache=1685110032714 HTTP/1.1" 200 64
181.212.43.89 - - [26/May/2023:11:22:46 -0300] "GET /cormun/servlet/solicitudot?6fd5845fe35d55b7d96ad7e2094f7d78faf5d33c9fa6a9841cd65891b6c30619b6f5f6a3749a9e6e387f13235e711bce69d39dcc246bb784a86f0fdaa84c2bd873e2e592723c0c865513648b7485fc7c986de47eb64d1765c42cc2a9b8cd5c25f2347921b4b630fb64dbecd4bc6edd61,gx-no-cache=1685110032738 HTTP/1.1" 200 29
181.212.43.89 - - [26/May/2023:11:22:46 -0300] "GET /cormun/servlet/solicitudot?6fd5845fe35d55b7d96ad7e2094f7d7884d3bf505ce1fa66c92b7638df11f23f61b22928e28788fc759e90dec0ca5783,gx-no-cache=1685110032764 HTTP/1.1" 200 30
192.168.10.17 - - [26/May/2023:11:24:06 -0300] "POST /cormun/servlet/trsolicitudgral?3773148db61cb68ec65f687b1d4aed8e,,gx-no-cache=1685110063424 HTTP/1.1" 200 7390
192.168.10.17 - - [26/May/2023:11:24:17 -0300] "GET /cormun/servlet/vesolicitudgral?2023,20237,, HTTP/1.1" 200 8371
192.168.10.17 - - [26/May/2023:11:24:17 -0300] "GET /cormun/pexe_scrolldiv.js HTTP/1.1" 404 1009
192.168.10.17 - - [26/May/2023:11:24:17 -0300] "GET /cormun/servlet/vesolicitudgral?2023,20237,, HTTP/1.1" 200 8370
192.168.10.17 - - [26/May/2023:11:24:19 -0300] "POST /cormun/servlet/vesolicitudgral?3773148db61cb68ec65f687b1d4aed8e,2023,20237,,,gx-no-cache=1685110076966 HTTP/1.1" 200 12194
192.168.10.17 - - [26/May/2023:11:24:19 -0300] "GET /cormun/static/Shared/jqueryui/images/ui-icons_82798d_256x240.png HTTP/1.1" 404 1089
192.168.10.17 - - [26/May/2023:11:24:19 -0300] "GET /cormun/static/Shared/jqueryui/images/ui-bg_highlight-soft_100_c6c2c8_1x100.png HTTP/1.1" 404 1117
192.168.10.17 - - [26/May/2023:11:24:19 -0300] "GET /cormun/static/Shared/jqueryui/images/ui-icons_8d78a5_256x240.png HTTP/1.1" 404 1089
192.168.10.17 - - [26/May/2023:11:24:19 -0300] "GET /cormun/static/Shared/jqueryui/images/ui-bg_flat_55_fafafa_40x100.png HTTP/1.1" 404 1097
192.168.10.17 - - [26/May/2023:11:24:20 -0300] "POST /cormun/servlet/vesolicitudgral?3773148db61cb68ec65f687b1d4aed8e,2023,20237,,,gx-no-cache=1685110077223 HTTP/1.1" 200 12128
192.168.10.17 - - [26/May/2023:11:24:35 -0300] "GET /cormun/servlet/trautorizarot? HTTP/1.1" 200 9529
192.168.10.17 - - [26/May/2023:11:24:35 -0300] "GET /cormun/servlet/trautorizarot? HTTP/1.1" 200 9525
192.168.10.17 - - [26/May/2023:11:24:38 -0300] "GET /cormun/servlet/veautorizarot?2023,20237,, HTTP/1.1" 200 8323
192.168.10.17 - - [26/May/2023:11:24:38 -0300] "GET /cormun/pexe_scrolldiv.js HTTP/1.1" 404 1009
192.168.10.17 - - [26/May/2023:11:24:39 -0300] "GET /cormun/servlet/veautorizarot?2023,20237,, HTTP/1.1" 200 8323
192.168.10.17 - - [26/May/2023:11:24:41 -0300] "POST /cormun/servlet/veautorizarot?3773148db61cb68ec65f687b1d4aed8e,2023,20237,,,gx-no-cache=1685110098468 HTTP/1.1" 200 12187
192.168.10.17 - - [26/May/2023:11:24:41 -0300] "GET /cormun/static/Shared/jqueryui/images/ui-bg_highlight-soft_100_c6c2c8_1x100.png HTTP/1.1" 404 1117
192.168.10.17 - - [26/May/2023:11:24:41 -0300] "GET /cormun/static/Shared/jqueryui/images/ui-icons_8d78a5_256x240.png HTTP/1.1" 404 1089
192.168.10.17 - - [26/May/2023:11:24:41 -0300] "GET /cormun/static/Shared/jqueryui/images/ui-bg_flat_55_fafafa_40x100.png HTTP/1.1" 404 1097
192.168.10.17 - - [26/May/2023:11:24:41 -0300] "GET /cormun/static/Shared/jqueryui/images/ui-icons_82798d_256x240.png HTTP/1.1" 404 1089
192.168.10.17 - - [26/May/2023:11:24:41 -0300] "POST /cormun/servlet/veautorizarot?3773148db61cb68ec65f687b1d4aed8e,2023,20237,,,gx-no-cache=1685110098643 HTTP/1.1" 200 12127
192.168.10.17 - - [26/May/2023:11:24:50 -0300] "GET /cormun/servlet/trsolicitudgral? HTTP/1.1" 200 10142
192.168.10.17 - - [26/May/2023:11:24:51 -0300] "GET /cormun/servlet/trsolicitudgral? HTTP/1.1" 200 10134
192.168.10.17 - - [26/May/2023:11:24:55 -0300] "POST /cormun/servlet/trsolicitudgral?3773148db61cb68ec65f687b1d4aed8e,,gx-no-cache=1685110113075 HTTP/1.1" 200 7149
190.171.141.106 - - [26/May/2023:11:24:56 -0300] "POST /cormun/servlet/solicitudot?gx-no-cache=1685110518781 HTTP/1.1" 440 972
190.171.141.106 - - [26/May/2023:11:25:02 -0300] "POST /cormun/servlet/solicitudot?2d49cf049df2b2dcf2567bdbf5541a00,INS,0,0,false,,gx-no-cache=1685110524663 HTTP/1.1" 440 972
190.171.141.106 - - [26/May/2023:11:25:02 -0300] "GET /cormun/servlet/solicitudot?INS,0,0,false, HTTP/1.1" 200 15016
190.171.141.106 - - [26/May/2023:11:25:05 -0300] "GET /cormun/servlet/solicitudot?INS,0,0,false, HTTP/1.1" 200 15016
190.171.141.106 - - [26/May/2023:11:25:06 -0300] "GET /cormun/servlet/hlogin HTTP/1.1" 200 1750
190.171.141.106 - - [26/May/2023:11:25:06 -0300] "GET /cormun/servlet/solicitudot?INS,0,0,false, HTTP/1.1" 200 15016
192.168.10.17 - - [26/May/2023:11:25:07 -0300] "GET /cormun/servlet/vesolicitudgral?2023,20237,, HTTP/1.1" 200 8373
192.168.10.17 - - [26/May/2023:11:25:07 -0300] "GET /cormun/pexe_scrolldiv.js HTTP/1.1" 404 1009
192.168.10.17 - - [26/May/2023:11:25:07 -0300] "GET /cormun/servlet/vesolicitudgral?2023,20237,, HTTP/1.1" 200 8371
181.212.43.89 - - [26/May/2023:11:25:08 -0300] "GET /cormun/servlet/solicitudot?6fd5845fe35d55b7d96ad7e2094f7d78ac7ae97ac0fbd02fea88bd9a7c593e65c694f34db5c4715b10076ac1f7119268b54d2fcf5c7b47abf9f0bf1f5b49f5f10f1750a1d79280e509d246ad938dc9d669d6d3bd793219d23e4d2501a554c2b205b59cf8dc2aeb666685c200f500fd8b,gx-no-cache=1685110175598 HTTP/1.1" 200 110
190.171.141.106 - - [26/May/2023:11:25:09 -0300] "POST /cormun/servlet/hlogin?9aa38ff39bd13006cafc5b06b775a15a,gx-no-cache=1685110531651 HTTP/1.1" 200 90
190.171.141.106 - - [26/May/2023:11:25:09 -0300] "GET /cormun/servlet/hpexe_link HTTP/1.1" 200 969
190.171.141.106 - - [26/May/2023:11:25:09 -0300] "GET /cormun/servlet/solicitudot?INS,0,0,false, HTTP/1.1" 200 15926
190.171.141.106 - - [26/May/2023:11:25:10 -0300] "GET /cormun/servlet/solicitudot?INS,0,0,false, HTTP/1.1" 200 15933
190.171.141.106 - - [26/May/2023:11:25:11 -0300] "GET /cormun/servlet/trsolicitudot? HTTP/1.1" 200 7418
190.171.141.106 - - [26/May/2023:11:25:12 -0300] "GET /cormun/servlet/trsolicitudot? HTTP/1.1" 200 7417
190.171.141.106 - - [26/May/2023:11:25:13 -0300] "POST /cormun/servlet/trsolicitudot?9aa38ff39bd13006cafc5b06b775a15a,,gx-no-cache=1685110535813 HTTP/1.1" 200 4633
190.171.141.106 - - [26/May/2023:11:25:15 -0300] "GET /cormun/servlet/solicitudot?INS,0,0,false, HTTP/1.1" 200 15925
190.171.141.106 - - [26/May/2023:11:25:15 -0300] "GET /cormun/servlet/solicitudot?INS,0,0,false, HTTP/1.1" 200 15933
181.212.43.89 - - [26/May/2023:11:25:18 -0300] "POST /cormun/servlet/solicitudot?gx-no-cache=1685110185208 HTTP/1.1" 200 72
192.168.10.17 - - [26/May/2023:11:25:24 -0300] "GET /cormun/servlet/vesolicitudgral?2023,20237,,SolicitudOTAdjuntos HTTP/1.1" 200 11059
192.168.10.17 - - [26/May/2023:11:25:24 -0300] "GET /cormun/pexe_scrolldiv.js HTTP/1.1" 404 1009
192.168.10.17 - - [26/May/2023:11:25:26 -0300] "POST /cormun/servlet/acontrolpreferencessavestate?None,RRHH+DANIELA,true HTTP/1.1" 200 35
192.168.10.17 - - [26/May/2023:11:25:27 -0300] "GET /cormun/servlet/vesolicitudgral?2023,20237,,SolicitudOTAdjuntos HTTP/1.1" 200 11065
181.212.43.89 - - [26/May/2023:11:25:28 -0300] "POST /cormun/servlet/solicitudot?gx-no-cache=1685110195222 HTTP/1.1" 200 33
190.171.141.106 - - [26/May/2023:11:25:29 -0300] "POST /cormun/servlet/solicitudot?gx-no-cache=1685110552282 HTTP/1.1" 200 3963
190.171.141.106 - - [26/May/2023:11:25:30 -0300] "POST /cormun/servlet/solicitudot?9aa38ff39bd13006cafc5b06b775a15a,INS,0,0,false,,gx-no-cache=1685110552414 HTTP/1.1" 200 12546
190.171.152.234 - - [26/May/2023:11:25:30 -0300] "POST /cormun/servlet/solicitudot?d2d9f0eff1dbfaa8b30c95bf5d452c02,INS,0,0,false,,gx-no-cache=1685106725355 HTTP/1.1" 200 13031
190.171.152.234 - - [26/May/2023:11:25:32 -0300] "GET /cormun/servlet/solicitudot?5390458f28cb386d54652f8d1a76f1d8940bd2af3e583b40c4b4411a9480267aec8ef1feaf15501922319c4767fd023de74d04a159e7c869184b2fbc28702dea,gx-no-cache=1685106727401 HTTP/1.1" 200 53
190.171.152.234 - - [26/May/2023:11:25:32 -0300] "POST /cormun/servlet/solicitudot?gx-no-cache=1685106727432 HTTP/1.1" 200 1468
190.171.152.234 - - [26/May/2023:11:25:32 -0300] "POST /cormun/servlet/solicitudot?gx-no-cache=1685106727468 HTTP/1.1" 200 38
181.212.43.89 - - [26/May/2023:11:25:32 -0300] "POST /cormun/servlet/solicitudot?9a5a81c3e5a90c4117bb24e2f32d4122,INS,0,0,false,,gx-no-cache=1685110198740 HTTP/1.1" 200 93
181.212.43.89 - - [26/May/2023:11:25:32 -0300] "GET /cormun/servlet/hpexe_return? HTTP/1.1" 200 1012
181.212.43.89 - - [26/May/2023:11:25:32 -0300] "GET /cormun/servlet/trsolicitudot HTTP/1.1" 200 9410
181.212.43.89 - - [26/May/2023:11:25:32 -0300] "GET /cormun/servlet/trsolicitudot HTTP/1.1" 200 9405
190.171.141.106 - - [26/May/2023:11:25:33 -0300] "GET /cormun/servlet/solicitudot?dc1f0b01ed8f85bfc50c180f444e4f5788f918a6b363359dc86b67349cd6046f66e2e81c135c04068a048063d1bc48fb,gx-no-cache=1685110555600 HTTP/1.1" 200 111
190.171.141.106 - - [26/May/2023:11:25:33 -0300] "GET /cormun/static/Shared/jqueryui/images/ui-bg_highlight-soft_100_c6c2c8_1x100.png HTTP/1.1" 404 1117
190.171.141.106 - - [26/May/2023:11:25:33 -0300] "GET /cormun/static/Shared/jqueryui/images/ui-icons_82798d_256x240.png HTTP/1.1" 404 1089
190.171.141.106 - - [26/May/2023:11:25:33 -0300] "GET /cormun/static/Shared/jqueryui/images/ui-bg_flat_55_994d53_40x100.png HTTP/1.1" 404 1097
190.171.141.106 - - [26/May/2023:11:25:33 -0300] "GET /cormun/static/Shared/jqueryui/images/ui-icons_ebccce_256x240.png HTTP/1.1" 404 1089
192.168.10.17 - - [26/May/2023:11:25:40 -0300] "GET /cormun/PublicTempStorage/ramirez_vera_felipe_andres_%28c._identidad%29181153.pdf HTTP/1.1" 200 283142
190.171.141.106 - - [26/May/2023:11:25:48 -0300] "POST /cormun/servlet/solicitudot?gx-no-cache=1685110570787 HTTP/1.1" 200 3966
190.171.141.106 - - [26/May/2023:11:25:48 -0300] "POST /cormun/servlet/solicitudot?9aa38ff39bd13006cafc5b06b775a15a,INS,0,0,false,,gx-no-cache=1685110570906 HTTP/1.1" 200 12600
190.171.141.106 - - [26/May/2023:11:25:49 -0300] "GET /cormun/servlet/solicitudot?dc1f0b01ed8f85bfc50c180f444e4f57b6d489fe5c422f2c5b84aea79013dc1766e2e81c135c04068a048063d1bc48fb,gx-no-cache=1685110571489 HTTP/1.1" 200 111
181.212.43.89 - - [26/May/2023:11:25:54 -0300] "POST /cormun/servlet/trsolicitudot?9a5a81c3e5a90c4117bb24e2f32d4122,gx-no-cache=1685110220748 HTTP/1.1" 200 110
181.212.43.89 - - [26/May/2023:11:25:54 -0300] "GET /cormun/servlet/solicitudot?UPD,2023,20280,false, HTTP/1.1" 200 16536
181.212.43.89 - - [26/May/2023:11:25:54 -0300] "GET /cormun/servlet/solicitudot?UPD,2023,20280,false, HTTP/1.1" 200 16547
181.212.43.89 - - [26/May/2023:11:25:55 -0300] "POST /cormun/servlet/solicitudot?gx-no-cache=1685110221764 HTTP/1.1" 200 4042
181.212.43.89 - - [26/May/2023:11:25:55 -0300] "POST /cormun/servlet/solicitudot?9a5a81c3e5a90c4117bb24e2f32d4122,UPD,2023,20280,false,,gx-no-cache=1685110222082 HTTP/1.1" 200 12705
181.212.43.89 - - [26/May/2023:11:25:56 -0300] "GET /cormun/servlet/solicitudot?6fd5845fe35d55b7d96ad7e2094f7d7887cf32fc47ef0d56bbbc7a32848554c143c23f5dba22c31077aa892244d9199f,gx-no-cache=1685110222815 HTTP/1.1" 200 30
181.212.43.89 - - [26/May/2023:11:25:56 -0300] "GET /cormun/servlet/solicitudot?6fd5845fe35d55b7d96ad7e2094f7d780f69a6ae107bb6873e831755b7e67603bbbf18fdc1e0a9b697b4dac473d8a293,gx-no-cache=1685110222836 HTTP/1.1" 200 30
181.212.43.89 - - [26/May/2023:11:25:56 -0300] "GET /cormun/servlet/solicitudot?6fd5845fe35d55b7d96ad7e2094f7d783297d15b4d18a3108b2e9e4b1a6cc1a09c553ae65e405bf6b9e3555f556c59a603502473dab52c7efc11660a74769183f40c7c8430ff0922658ee9f3e7155cee,gx-no-cache=1685110222855 HTTP/1.1" 200 59
181.212.43.89 - - [26/May/2023:11:25:56 -0300] "POST /cormun/servlet/solicitudot?gx-no-cache=1685110222877 HTTP/1.1" 200 256
181.212.43.89 - - [26/May/2023:11:25:56 -0300] "GET /cormun/servlet/solicitudot?6fd5845fe35d55b7d96ad7e2094f7d7852cec5399752033ce167ebff375cf04cb93b7079a8aeda1b3cda71a1d4ae52976c9fce070afddbedc0185612cc5ded54f22f4d46fb6b3201c19fc0fbd160a8268dc33e6f445521d38673ec8af34c4c060616695dc237aa592ebd3c4641193e0e50be7311429035c40650eda1b1b8d65e162989cd265c67ff8e53068aa03316aef9b70a198c45bcadde2099cb94b0819f8adc7fc4ccd80388a2a3f655a1b9d319a494408935d7386760efecd51232a428001bb6b511f439cc4cc79fafe4ad0a717b747cf044d375ea5649270b4a4d4edf1a43963a2ee4485e6118c4072993a01a0935b8a21a4da6a548e7cbb36741eb13ab1db6c5cb4a72475c1053d8e1eb23acfccf4a8c6417113db561e260944c14f265d288479081edd128a4a1592c45c4d4baf6332bb425660067de8186e1358d4cbae85f93df2ad7b9281f26a0b904b2887529fe2f5abec4f9300684a73c505dbf0ccb93ec35b27350fec8b8b62310c78345d5c693e97455754118c6084f600c81,gx-no-cache=1685110222900 HTTP/1.1" 200 30
181.212.43.89 - - [26/May/2023:11:25:56 -0300] "POST /cormun/servlet/solicitudot?gx-no-cache=1685110222920 HTTP/1.1" 200 30
181.212.43.89 - - [26/May/2023:11:25:56 -0300] "POST /cormun/servlet/solicitudot?gx-no-cache=1685110222943 HTTP/1.1" 200 1470
181.212.43.89 - - [26/May/2023:11:25:56 -0300] "POST /cormun/servlet/solicitudot?gx-no-cache=1685110223154 HTTP/1.1" 200 41
190.171.141.106 - - [26/May/2023:11:25:56 -0300] "POST /cormun/servlet/solicitudot?gx-no-cache=1685110579211 HTTP/1.1" 200 4024
181.212.43.89 - - [26/May/2023:11:25:57 -0300] "GET /cormun/servlet/solicitudot?6fd5845fe35d55b7d96ad7e2094f7d78ac7ae97ac0fbd02fea88bd9a7c593e65c694f34db5c4715b10076ac1f7119268b54d2fcf5c7b47abf9f0bf1f5b49f5f10f1750a1d79280e509d246ad938dc9d669d6d3bd793219d23e4d2501a554c2b205b59cf8dc2aeb666685c200f500fd8b,gx-no-cache=1685110224111 HTTP/1.1" 200 110
181.212.43.89 - - [26/May/2023:11:25:57 -0300] "POST /cormun/servlet/solicitudot?gx-no-cache=1685110224131 HTTP/1.1" 200 67
181.212.43.89 - - [26/May/2023:11:25:58 -0300] "GET /cormun/servlet/solicitudot?6fd5845fe35d55b7d96ad7e2094f7d787d2772aca45f5400f3fe1baf4f5d414780cbc4a48e0da237b6db52a13d23770f8d5938a82dd6be245f553e508dd9872f6f87d86903f59a2d5ff16c9f90258b9bb4a0f122ed780f1df3ca08aa52678b89525c5f17f3f95f5b4b17bcb5a0357393780895aa6b0d9d840ac83584d2100e83efa20409c1887496a696c7a034924a74b3f2bb4ca981a0ac094f3ad923f3179da8f8ddaa69559aa0c65573a88da3789d62a0db67a7671c89a585dfcb070d897de25083c2a43abe27eacf88c88608c482,gx-no-cache=1685110225095 HTTP/1.1" 200 30
192.168.10.17 - - [26/May/2023:11:26:02 -0300] "GET /cormun/servlet/vesolicitudgral?2023,20237,,SolicitudOTAdjuntos HTTP/1.1" 200 11068
192.168.10.17 - - [26/May/2023:11:26:04 -0300] "GET /cormun/PublicTempStorage/ramirez_vera_felipe_andres_%28afp%295584790.pdf HTTP/1.1" 200 38289
192.168.10.17 - - [26/May/2023:11:26:04 -0300] "POST /cormun/servlet/acontrolpreferencessavestate?None,RRHH+DANIELA,true HTTP/1.1" 200 35
192.168.10.17 - - [26/May/2023:11:26:05 -0300] "GET /cormun/servlet/vesolicitudgral?2023,20237,,SolicitudOTAdjuntos HTTP/1.1" 200 11063
190.171.141.106 - - [26/May/2023:11:26:10 -0300] "POST /cormun/servlet/solicitudot?gx-no-cache=1685110592823 HTTP/1.1" 200 3966
190.171.141.106 - - [26/May/2023:11:26:10 -0300] "POST /cormun/servlet/solicitudot?9aa38ff39bd13006cafc5b06b775a15a,INS,0,0,false,,gx-no-cache=1685110592973 HTTP/1.1" 200 12658
190.171.141.106 - - [26/May/2023:11:26:10 -0300] "GET /cormun/servlet/solicitudot?dc1f0b01ed8f85bfc50c180f444e4f57b128e0be4c676bba143577ef515ccb3566e2e81c135c04068a048063d1bc48fb,gx-no-cache=1685110593150 HTTP/1.1" 200 30
181.212.43.89 - - [26/May/2023:11:26:12 -0300] "GET /cormun/servlet/solicitudot?6fd5845fe35d55b7d96ad7e2094f7d7884d3bf505ce1fa66c92b7638df11f23f61b22928e28788fc759e90dec0ca5783,gx-no-cache=1685110239544 HTTP/1.1" 200 30
181.212.43.89 - - [26/May/2023:11:26:12 -0300] "POST /cormun/servlet/solicitudot?gx-no-cache=1685110239564 HTTP/1.1" 200 33
181.212.43.89 - - [26/May/2023:11:26:13 -0300] "POST /cormun/servlet/solicitudot?9a5a81c3e5a90c4117bb24e2f32d4122,UPD,2023,20280,false,,gx-no-cache=1685110239619 HTTP/1.1" 200 93
181.212.43.89 - - [26/May/2023:11:26:13 -0300] "GET /cormun/servlet/hpexe_return? HTTP/1.1" 200 1016
181.212.43.89 - - [26/May/2023:11:26:13 -0300] "GET /cormun/servlet/trsolicitudot HTTP/1.1" 200 9404
181.212.43.89 - - [26/May/2023:11:26:14 -0300] "GET /cormun/servlet/trsolicitudot HTTP/1.1" 200 9399
181.212.43.89 - - [26/May/2023:11:26:23 -0300] "POST /cormun/servlet/trsolicitudot?9a5a81c3e5a90c4117bb24e2f32d4122,gx-no-cache=1685110249650 HTTP/1.1" 200 110
181.212.43.89 - - [26/May/2023:11:26:23 -0300] "GET /cormun/servlet/solicitudot?UPD,2023,20277,false, HTTP/1.1" 200 16548
190.171.152.234 - - [26/May/2023:11:26:23 -0300] "GET /cormun/servlet/solicitudot?5390458f28cb386d54652f8d1a76f1d8cef0787d4bb58c0171d32db75e3e67ea15b5e3e386c6fe9e9896324e6d72e36a2bacd42841cd1ea74f2aecc2eac99516cfcc3a55e38764f7e5d4c4889deaa1ef2a3cbb78c94780faedcd5906384da54d92ec1be49c6e5f3f7800fc2becbd4124,gx-no-cache=1685106778629 HTTP/1.1" 200 110
181.212.43.89 - - [26/May/2023:11:26:23 -0300] "GET /cormun/servlet/solicitudot?UPD,2023,20277,false, HTTP/1.1" 200 16559
181.212.43.89 - - [26/May/2023:11:26:26 -0300] "POST /cormun/servlet/solicitudot?gx-no-cache=1685110250553 HTTP/1.1" 200 4042
181.212.43.89 - - [26/May/2023:11:26:26 -0300] "POST /cormun/servlet/solicitudot?9a5a81c3e5a90c4117bb24e2f32d4122,UPD,2023,20277,false,,gx-no-cache=1685110252744 HTTP/1.1" 200 12715
181.212.43.89 - - [26/May/2023:11:26:26 -0300] "GET /cormun/servlet/solicitudot?6fd5845fe35d55b7d96ad7e2094f7d7887cf32fc47ef0d56bbbc7a32848554c143c23f5dba22c31077aa892244d9199f,gx-no-cache=1685110252962 HTTP/1.1" 200 30
181.212.43.89 - - [26/May/2023:11:26:26 -0300] "GET /cormun/servlet/solicitudot?6fd5845fe35d55b7d96ad7e2094f7d780f69a6ae107bb6873e831755b7e67603bbbf18fdc1e0a9b697b4dac473d8a293,gx-no-cache=1685110252983 HTTP/1.1" 200 30
181.212.43.89 - - [26/May/2023:11:26:26 -0300] "GET /cormun/servlet/solicitudot?6fd5845fe35d55b7d96ad7e2094f7d783297d15b4d18a3108b2e9e4b1a6cc1a09c553ae65e405bf6b9e3555f556c59a603502473dab52c7efc11660a74769183f40c7c8430ff0922658ee9f3e7155cee,gx-no-cache=1685110253002 HTTP/1.1" 200 59
181.212.43.89 - - [26/May/2023:11:26:26 -0300] "POST /cormun/servlet/solicitudot?gx-no-cache=1685110253026 HTTP/1.1" 200 254
181.212.43.89 - - [26/May/2023:11:26:26 -0300] "GET /cormun/servlet/solicitudot?6fd5845fe35d55b7d96ad7e2094f7d7852cec5399752033ce167ebff375cf04cb93b7079a8aeda1b3cda71a1d4ae52976c9fce070afddbedc0185612cc5ded54f22f4d46fb6b3201c19fc0fbd160a8268dc33e6f445521d38673ec8af34c4c060616695dc237aa592ebd3c4641193e0e50be7311429035c40650eda1b1b8d65e162989cd265c67ff8e53068aa03316aef9b70a198c45bcadde2099cb94b0819f8adc7fc4ccd80388a2a3f655a1b9d319a494408935d7386760efecd51232a428001bb6b511f439cc4cc79fafe4ad0a717b747cf044d375ea5649270b4a4d4edf1a43963a2ee4485e6118c4072993a01a0935b8a21a4da6a548e7cbb36741eb13ab1db6c5cb4a72475c1053d8e1eb23acfccf4a8c6417113db561e260944c14f265d288479081edd128a4a1592c45c4d4baf6332bb425660067de8186e1358d4cbae85f93df2ad7b9281f26a0b904b2887529fe2f5abec4f9300684a73c505dbf0ccb93ec35b27350fec8b8b62310c78345d5c693e97455754118c6084f600c81,gx-no-cache=1685110253057 HTTP/1.1" 200 30
181.212.43.89 - - [26/May/2023:11:26:26 -0300] "POST /cormun/servlet/solicitudot?gx-no-cache=1685110253092 HTTP/1.1" 200 30
181.212.43.89 - - [26/May/2023:11:26:26 -0300] "POST /cormun/servlet/solicitudot?gx-no-cache=1685110253128 HTTP/1.1" 200 1469
181.212.43.89 - - [26/May/2023:11:26:26 -0300] "POST /cormun/servlet/solicitudot?gx-no-cache=1685110253171 HTTP/1.1" 200 41
192.168.10.17 - - [26/May/2023:11:26:26 -0300] "GET /cormun/servlet/vesolicitudgral?2023,20237,,SolicitudOTAdjuntos HTTP/1.1" 200 11063
192.168.10.17 - - [26/May/2023:11:26:29 -0300] "POST /cormun/servlet/acontrolpreferencessavestate?None,RRHH+DANIELA,true HTTP/1.1" 200 35
192.168.10.17 - - [26/May/2023:11:26:29 -0300] "GET /cormun/PublicTempStorage/ramirez_vera_felipe_andres_%28fonasa%298799547.pdf HTTP/1.1" 200 71795
181.212.43.89 - - [26/May/2023:11:26:29 -0300] "GET /cormun/servlet/solicitudot?6fd5845fe35d55b7d96ad7e2094f7d78ac7ae97ac0fbd02fea88bd9a7c593e65c694f34db5c4715b10076ac1f7119268b54d2fcf5c7b47abf9f0bf1f5b49f5f10f1750a1d79280e509d246ad938dc9d669d6d3bd793219d23e4d2501a554c2b205b59cf8dc2aeb666685c200f500fd8b,gx-no-cache=1685110256587 HTTP/1.1" 200 110
181.212.43.89 - - [26/May/2023:11:26:29 -0300] "POST /cormun/servlet/solicitudot?gx-no-cache=1685110256610 HTTP/1.1" 200 97
181.212.43.89 - - [26/May/2023:11:26:30 -0300] "GET /cormun/servlet/solicitudot?6fd5845fe35d55b7d96ad7e2094f7d78cec178b25a8bc524317eba7b58f7ed4980cbc4a48e0da237b6db52a13d23770f8d5938a82dd6be245f553e508dd9872f6f87d86903f59a2d5ff16c9f90258b9bb4a0f122ed780f1df3ca08aa52678b89525c5f17f3f95f5b4b17bcb5a0357393780895aa6b0d9d840ac83584d2100e83efa20409c1887496a696c7a034924a74b3f2bb4ca981a0ac094f3ad923f3179da8f8ddaa69559aa0c65573a88da3789d62a0db67a7671c89a585dfcb070d897de25083c2a43abe27eacf88c88608c482,gx-no-cache=1685110256636 HTTP/1.1" 200 29
192.168.10.17 - - [26/May/2023:11:26:30 -0300] "GET /cormun/servlet/vesolicitudgral?2023,20237,,SolicitudOTAdjuntos HTTP/1.1" 200 11069
181.212.43.89 - - [26/May/2023:11:26:30 -0300] "GET /cormun/servlet/solicitudot?6fd5845fe35d55b7d96ad7e2094f7d7884d3bf505ce1fa66c92b7638df11f23f61b22928e28788fc759e90dec0ca5783,gx-no-cache=1685110256656 HTTP/1.1" 200 30
181.212.43.89 - - [26/May/2023:11:26:30 -0300] "POST /cormun/servlet/solicitudot?gx-no-cache=1685110256675 HTTP/1.1" 200 30
181.212.43.89 - - [26/May/2023:11:26:30 -0300] "POST /cormun/servlet/solicitudot?9a5a81c3e5a90c4117bb24e2f32d4122,UPD,2023,20277,false,,gx-no-cache=1685110256694 HTTP/1.1" 200 93
181.212.43.89 - - [26/May/2023:11:26:30 -0300] "GET /cormun/servlet/hpexe_return? HTTP/1.1" 200 1015
181.212.43.89 - - [26/May/2023:11:26:30 -0300] "GET /cormun/servlet/trsolicitudot HTTP/1.1" 200 9404
181.212.43.89 - - [26/May/2023:11:26:30 -0300] "GET /cormun/servlet/trsolicitudot HTTP/1.1" 200 9399
190.171.152.234 - - [26/May/2023:11:26:41 -0300] "POST /cormun/servlet/solicitudot?gx-no-cache=1685106796735 HTTP/1.1" 200 97
192.168.10.17 - - [26/May/2023:11:26:42 -0300] "GET /cormun/servlet/vesolicitudgral?2023,20237,,SolicitudOTAdjuntos HTTP/1.1" 200 11063
192.168.10.17 - - [26/May/2023:11:26:44 -0300] "POST /cormun/servlet/acontrolpreferencessavestate?None,RRHH+DANIELA,true HTTP/1.1" 200 35
192.168.10.17 - - [26/May/2023:11:26:45 -0300] "GET /cormun/servlet/vesolicitudgral?2023,20237,,SolicitudOTAdjuntos HTTP/1.1" 200 11066
192.168.10.17 - - [26/May/2023:11:26:45 -0300] "GET /cormun/PublicTempStorage/ramirez_vera_felipe_andres_%28c.v%29817362.pdf HTTP/1.1" 200 127659
190.171.152.234 - - [26/May/2023:11:26:57 -0300] "GET /cormun/servlet/solicitudot?5390458f28cb386d54652f8d1a76f1d8a460fe10de79f21c55c5aba149a9f0cd96f3d842083b356b4d160b06d722f04f658266c6b86a98d125235a24ca5b8869724517cb5a08a3e859dedcfece0afb82eec9dce66f97f5a5637b57766de277660d947c44e62fdcc26a01e423c845bb9d,gx-no-cache=1685106812725 HTTP/1.1" 200 29
190.171.152.234 - - [26/May/2023:11:26:57 -0300] "GET /cormun/static/menuarrow.gif HTTP/1.1" 404 1015
190.171.152.234 - - [26/May/2023:11:27:04 -0300] "GET /cormun/servlet/solicitudot?5390458f28cb386d54652f8d1a76f1d8b2017de12ac918aa3e565ca44c7b849874300db49b6dddc86dd202adfc0c6e45,gx-no-cache=1685106820164 HTTP/1.1" 200 30
40.77.167.231 - - [26/May/2023:11:27:24 -0300] "GET /cormun/servlet/trlicencias HTTP/1.1" 200 6038
192.168.10.17 - - [26/May/2023:11:27:33 -0300] "GET /cormun/servlet/vesolicitudgral?2023,20237,,SolicitudOTAdjuntos HTTP/1.1" 200 11061
192.168.10.17 - - [26/May/2023:11:27:35 -0300] "POST /cormun/servlet/acontrolpreferencessavestate?None,RRHH+DANIELA,true HTTP/1.1" 200 35
192.168.10.17 - - [26/May/2023:11:27:36 -0300] "GET /cormun/servlet/vesolicitudgral?2023,20237,,SolicitudOTAdjuntos HTTP/1.1" 200 11069
192.168.10.17 - - [26/May/2023:11:27:36 -0300] "GET /cormun/servlet/vesolicitudgral?2023,20237,,General HTTP/1.1" 200 8377
192.168.10.17 - - [26/May/2023:11:27:36 -0300] "GET /cormun/pexe_scrolldiv.js HTTP/1.1" 404 1009
192.168.10.17 - - [26/May/2023:11:27:36 -0300] "GET /cormun/servlet/vesolicitudgral?2023,20237,,General HTTP/1.1" 200 8377
190.171.152.234 - - [26/May/2023:11:27:40 -0300] "POST /cormun/servlet/solicitudot?gx-no-cache=1685106856037 HTTP/1.1" 200 30
190.171.141.106 - - [26/May/2023:11:27:42 -0300] "GET /cormun/servlet/solicitudot?dc1f0b01ed8f85bfc50c180f444e4f572ae5e0e23ba9e69c6087fe8fd6d83fbe,gx-no-cache=1685110685356 HTTP/1.1" 200 94
190.171.141.106 - - [26/May/2023:11:27:42 -0300] "GET /cormun/servlet/solicitudot?dc1f0b01ed8f85bfc50c180f444e4f574f43113e7487fc686bc6b540ebf7d9a7,gx-no-cache=1685110685425 HTTP/1.1" 200 29
190.171.141.106 - - [26/May/2023:11:27:47 -0300] "POST /cormun/servlet/solicitudot?gx-no-cache=1685110689520 HTTP/1.1" 200 297
190.171.141.106 - - [26/May/2023:11:27:47 -0300] "GET /cormun/servlet/solicitudot?dc1f0b01ed8f85bfc50c180f444e4f57816b8eb62bc4638c1978125d74f2ed986b730703b540fdab8f0888962347137acaa9d8045527835082dbb67fdb689c95ed978fba17a0f5a99e859a7e117151d8b62d187e88b30cff0a1e1e4bbedc06bdc2fd19cdb122961cadd604ec9d1535d49172a6d4e33b44460982cf88d27f54f6a3960126fcedfb3eac84e5f420ee91e2417f0f89f72fa57b21bba27c7f64f17c5cf84d6eab6cf2dfc7480ede1053a88818a50ab3f261acaae42b8db20c48c28ae67ecc85a0567c9dd3cfe3b42e887558593364848b42bd6156d9177c3be53bb9802a664af4f9fbb59b203f508f8e47ad3f23b2463100d98db3b8383df32c261d1a66c7e7ad7ec4a7c1128655c86182f557777cf8cf3c064350817c4b0791c56c2c326cf3df95ba140853427dc415adf02c8dda3af560af0c7cf4ffddd6397cc6386eb0f8d13c46c6b1093556b50ed575866336ee2fa8a25c0dfdacaa9ae554c4a13bb1e76961cef479d0d34940c2f7c20f87ab33b767dd2c8b0e2fd19153355934cbc2d3831edb3364f4ed3f1d6b11ab,gx-no-cache=1685110689558 HTTP/1.1" 200 30
190.171.141.106 - - [26/May/2023:11:27:50 -0300] "POST /cormun/servlet/solicitudot?gx-no-cache=1685110692740 HTTP/1.1" 200 30
190.171.141.106 - - [26/May/2023:11:27:51 -0300] "POST /cormun/servlet/solicitudot?gx-no-cache=1685110694222 HTTP/1.1" 200 1466
190.171.141.106 - - [26/May/2023:11:27:51 -0300] "POST /cormun/servlet/solicitudot?gx-no-cache=1685110694426 HTTP/1.1" 200 38
192.168.10.17 - - [26/May/2023:11:28:10 -0300] "GET /cormun/servlet/vesolicitudgral?2023,20237,,SolicitudOTAdjuntos HTTP/1.1" 200 11067
