192.168.10.17 - - [26/May/2023:11:28:10 -0300] "GET /cormun/pexe_scrolldiv.js HTTP/1.1" 404 1009
192.168.10.17 - - [26/May/2023:11:28:12 -0300] "POST /cormun/servlet/acontrolpreferencessavestate?None,RRHH+DANIELA,true HTTP/1.1" 200 35
192.168.10.17 - - [26/May/2023:11:28:13 -0300] "GET /cormun/PublicTempStorage/ramirez_vera_felipe_andres_%28c.v%298815547.pdf HTTP/1.1" 200 127659
192.168.10.17 - - [26/May/2023:11:28:13 -0300] "GET /cormun/servlet/vesolicitudgral?2023,20237,,SolicitudOTAdjuntos HTTP/1.1" 200 11068
192.168.10.17 - - [26/May/2023:11:28:19 -0300] "GET /cormun/servlet/vesolicitudgral?2023,20237,,SolicitudOTAdjuntos HTTP/1.1" 200 11070
192.168.10.17 - - [26/May/2023:11:28:21 -0300] "POST /cormun/servlet/acontrolpreferencessavestate?None,RRHH+DANIELA,true HTTP/1.1" 200 35
192.168.10.17 - - [26/May/2023:11:28:22 -0300] "GET /cormun/servlet/vesolicitudgral?2023,20237,,SolicitudOTAdjuntos HTTP/1.1" 200 11069
192.168.10.17 - - [26/May/2023:11:28:27 -0300] "GET /cormun/servlet/vesolicitudgral?2023,20237,,General HTTP/1.1" 200 8377
192.168.10.17 - - [26/May/2023:11:28:27 -0300] "GET /cormun/pexe_scrolldiv.js HTTP/1.1" 404 1009
192.168.10.17 - - [26/May/2023:11:28:27 -0300] "GET /cormun/servlet/vesolicitudgral?2023,20237,,General HTTP/1.1" 200 8377
190.171.153.34 - - [26/May/2023:11:28:42 -0300] "GET /cormun/servlet/hlogin HTTP/1.1" 200 1722
190.171.153.34 - - [26/May/2023:11:28:42 -0300] "GET /cormun/servlet/hlogin HTTP/1.1" 200 1732
190.171.141.106 - - [26/May/2023:11:28:45 -0300] "GET /cormun/servlet/solicitudot?dc1f0b01ed8f85bfc50c180f444e4f579eb22860ba81def90737ee963203a85a744e95480fd5bd950d4f90f70156cea2eecdf9925a6a72b55dab55df45b23fec6813b3b7c28e776edc78859f7ae9f5dae83e76b86ad464cfd47240bad1945a8f34d6c75cb732dabf4f661bb6448f1483,gx-no-cache=1685110747520 HTTP/1.1" 200 110
190.171.141.106 - - [26/May/2023:11:28:51 -0300] "POST /cormun/servlet/solicitudot?gx-no-cache=1685110753759 HTTP/1.1" 200 69
190.171.153.34 - - [26/May/2023:11:28:55 -0300] "POST /cormun/servlet/hlogin?ee1f8baf47c5d61c6604948a8774bc74,gx-no-cache=1685110405230 HTTP/1.1" 200 90
190.171.153.34 - - [26/May/2023:11:28:55 -0300] "GET /cormun/servlet/hpexe_link HTTP/1.1" 200 952
190.171.153.34 - - [26/May/2023:11:28:55 -0300] "GET /cormun/static/hpexe_link.js?20221129847423 HTTP/1.1" 200 625
190.171.153.34 - - [26/May/2023:11:28:55 -0300] "GET /cormun/static/gxcfg.js?20221129847421 HTTP/1.1" 200 953
190.171.153.34 - - [26/May/2023:11:28:55 -0300] "GET /cormun/servlet/hhome HTTP/1.1" 200 4352
190.171.153.34 - - [26/May/2023:11:28:55 -0300] "GET /cormun/static/gxcfg.js?20201215495537 HTTP/1.1" 200 953
190.171.153.34 - - [26/May/2023:11:28:55 -0300] "GET /cormun/static/PXToolsJavascripts/pexe_autoreload.js HTTP/1.1" 200 1762
190.171.153.34 - - [26/May/2023:11:28:55 -0300] "GET /cormun/static/PXToolsJavascripts/pexe_cookies.js HTTP/1.1" 200 792
190.171.153.34 - - [26/May/2023:11:28:55 -0300] "GET /cormun/static/PXToolsJavascripts/pexe_windows.js HTTP/1.1" 200 15249
190.171.153.34 - - [26/May/2023:11:28:55 -0300] "GET /cormun/static/PXToolsJavascripts/pexe_grid.js HTTP/1.1" 200 7559
190.171.153.34 - - [26/May/2023:11:28:55 -0300] "GET /cormun/static/PXToolsJavascripts/pexe_griddivfix.js HTTP/1.1" 200 6946
190.171.153.34 - - [26/May/2023:11:28:55 -0300] "GET /cormun/static/PXToolsJavascripts/pexe_link.js HTTP/1.1" 200 5671
190.171.153.34 - - [26/May/2023:11:28:55 -0300] "GET /cormun/static/PXToolsJavascripts/pexe_menudivfix.js HTTP/1.1" 200 333
190.171.153.34 - - [26/May/2023:11:28:55 -0300] "GET /cormun/static/PXToolsJavascripts/pexe_menus.js HTTP/1.1" 200 1286
190.171.153.34 - - [26/May/2023:11:28:55 -0300] "GET /cormun/static/PXToolsJavascripts/pexe_layers.js HTTP/1.1" 200 4114
190.171.153.34 - - [26/May/2023:11:28:55 -0300] "GET /cormun/static/PXToolsJavascripts/pexe_oav.js HTTP/1.1" 200 645
190.171.153.34 - - [26/May/2023:11:28:55 -0300] "GET /cormun/static/PXToolsJavascripts/pexe_picture.js HTTP/1.1" 200 689
190.171.153.34 - - [26/May/2023:11:28:55 -0300] "GET /cormun/static/PXToolsJavascripts/pexe_oavdivfix.js HTTP/1.1" 200 639
190.171.153.34 - - [26/May/2023:11:28:55 -0300] "GET /cormun/static/PXToolsJavascripts/pexe_popup.js HTTP/1.1" 200 15149
190.171.153.34 - - [26/May/2023:11:28:55 -0300] "GET /cormun/static/PXToolsJavascripts/pexe_tabdivfix.js HTTP/1.1" 200 898
190.171.153.34 - - [26/May/2023:11:28:55 -0300] "GET /cormun/static/PXToolsJavascripts/pexe_scrolldiv.js HTTP/1.1" 200 4138
190.171.153.34 - - [26/May/2023:11:28:55 -0300] "GET /cormun/static/PXToolsJavascripts/pexe_tabs.js HTTP/1.1" 200 3748
190.171.153.34 - - [26/May/2023:11:28:55 -0300] "GET /cormun/static/PXToolsJavascripts/pexe_upload.js HTTP/1.1" 200 1423
190.171.153.34 - - [26/May/2023:11:28:55 -0300] "GET /cormun/static/PXToolsJavascripts/PXToolsJavascriptsRender.js HTTP/1.1" 200 367
190.171.153.34 - - [26/May/2023:11:28:55 -0300] "GET /cormun/static/Resources/Spanish/PXTools.css?14345360 HTTP/1.1" 200 100853
190.171.153.34 - - [26/May/2023:11:28:55 -0300] "GET /cormun/static/RunJS/RunJS.js HTTP/1.1" 200 288
190.171.153.34 - - [26/May/2023:11:28:55 -0300] "GET /cormun/static/hwchdr01.js?2022112219251119 HTTP/1.1" 200 996
190.171.153.34 - - [26/May/2023:11:28:55 -0300] "GET /cormun/static/hpexe_recentlink.js?20201214471090 HTTP/1.1" 200 2144
190.171.153.34 - - [26/May/2023:11:28:55 -0300] "GET /cormun/static/hhome.js?20201215495544 HTTP/1.1" 200 777
190.171.153.34 - - [26/May/2023:11:28:55 -0300] "GET /cormun/static/Resources/ImgLogin.png HTTP/1.1" 200 1432
190.171.153.34 - - [26/May/2023:11:28:55 -0300] "GET /cormun/static/Shared/ext/locale/ext-lang-en.js HTTP/1.1" 200 10940
190.171.153.34 - - [26/May/2023:11:28:55 -0300] "GET /cormun/static/Resources/PXToolsDataTitle.png HTTP/1.1" 200 1173
190.171.153.34 - - [26/May/2023:11:28:55 -0300] "GET /cormun/static/Resources/Llave.png HTTP/1.1" 200 1395
190.171.153.34 - - [26/May/2023:11:28:55 -0300] "GET /cormun/static/hpexe_scripts.js?20201214471411 HTTP/1.1" 200 1544
190.171.153.34 - - [26/May/2023:11:28:55 -0300] "GET /cormun/static/Resources/CormunMP2.png HTTP/1.1" 200 6878
190.171.153.34 - - [26/May/2023:11:28:55 -0300] "GET /cormun/static/Resources/ImgHome.png HTTP/1.1" 200 1364
190.171.153.34 - - [26/May/2023:11:28:55 -0300] "GET /cormun/static/gxui/gxui-all.js HTTP/1.1" 200 107772
190.171.153.34 - - [26/May/2023:11:28:55 -0300] "GET /cormun/static/hpexe_messagecontroller.js?202211298371222 HTTP/1.1" 200 870
190.171.153.34 - - [26/May/2023:11:28:55 -0300] "GET /cormun/static/hpexe_messagepopupcomponent.js?2020121447232 HTTP/1.1" 200 605
190.171.153.34 - - [26/May/2023:11:28:55 -0300] "GET /cormun/static/hpexe_messagegenexuscomponent.js?20221129836373 HTTP/1.1" 200 587
190.171.153.34 - - [26/May/2023:11:28:55 -0300] "GET /cormun/static/cmcontrolpreferences.js?20199141926336 HTTP/1.1" 200 1375
190.171.153.34 - - [26/May/2023:11:28:55 -0300] "GET /cormun/static/SmoothNavMenu/resources/ddsmoothmenu.js HTTP/1.1" 200 12712
190.171.153.34 - - [26/May/2023:11:28:55 -0300] "GET /cormun/static/SmoothNavMenu/resources/SmoothNavMenuRender.js HTTP/1.1" 200 5951
190.171.153.34 - - [26/May/2023:11:28:55 -0300] "GET /cormun/static/scaMessage/js/jquery.pnotify.min.js HTTP/1.1" 200 13038
190.171.153.34 - - [26/May/2023:11:28:55 -0300] "GET /cormun/static/scaMessage/scaMessageRender.js HTTP/1.1" 200 11977
190.171.153.34 - - [26/May/2023:11:28:55 -0300] "GET /cormun/static/hmpwkw03.js?20221129844354 HTTP/1.1" 200 3971
190.171.153.34 - - [26/May/2023:11:28:55 -0300] "GET /cormun/static/Shared/jquery/jquery-1.10.2.min.js HTTP/1.1" 200 273199
190.171.153.34 - - [26/May/2023:11:28:55 -0300] "GET /cormun/static/Shared/jqueryui/jquery-ui.min.js HTTP/1.1" 200 240427
190.171.153.34 - - [26/May/2023:11:28:55 -0300] "GET /cormun/static/Shared/jquery/jquery-1.4.2.min.js HTTP/1.1" 200 72174
190.171.153.34 - - [26/May/2023:11:28:55 -0300] "GET /cormun/static/Shared/ext/ext-all.js HTTP/1.1" 200 1289687
190.171.153.34 - - [26/May/2023:11:28:56 -0300] "GET /cormun/static/SmoothNavMenu/resources/images/down.gif HTTP/1.1" 200 854
190.171.153.34 - - [26/May/2023:11:28:56 -0300] "GET /cormun/static/SmoothNavMenu/resources/images/right.gif HTTP/1.1" 200 860
190.171.153.34 - - [26/May/2023:11:28:56 -0300] "GET /cormun/servlet/hhome HTTP/1.1" 200 4348
190.171.141.106 - - [26/May/2023:11:29:05 -0300] "GET /cormun/servlet/solicitudot?dc1f0b01ed8f85bfc50c180f444e4f57e98c9232c8bf143d730a10084c485bda8e47d2d6c789b92130433343e650c4281f720cf9ad7b2ff3f54c5c59bf9fe8c0054330441776291b92a7b5141a798e7afdd0d39f67e4ea7343a09caa8967019bdff03ec34873a67fcb3c37c240cdf2e3,gx-no-cache=1685110767650 HTTP/1.1" 200 29
190.171.141.106 - - [26/May/2023:11:29:12 -0300] "GET /cormun/servlet/solicitudot?dc1f0b01ed8f85bfc50c180f444e4f57941ca07c2b59ac83d71f61eb40dad77d09f541a1619e9c5ea10d7f79638d1e41,gx-no-cache=1685110775082 HTTP/1.1" 200 30
13.213.110.26 - - [26/May/2023:11:29:15 -0300] "GET /robots.txt HTTP/1.1" 404 981
190.171.153.34 - - [26/May/2023:11:29:17 -0300] "GET /cormun/servlet/trpermisosgoce? HTTP/1.1" 200 11239
190.171.153.34 - - [26/May/2023:11:29:17 -0300] "GET /cormun/static/gxui/gxui-all.css?120300 HTTP/1.1" 200 2179
190.171.153.34 - - [26/May/2023:11:29:17 -0300] "GET /cormun/static/gxcfg.js?2020121631564 HTTP/1.1" 200 953
190.171.153.34 - - [26/May/2023:11:29:17 -0300] "GET /cormun/static/calendar-system.css?85620 HTTP/1.1" 200 5572
190.171.153.34 - - [26/May/2023:11:29:17 -0300] "GET /cormun/static/calendar-setup.js?85251 HTTP/1.1" 200 2588
190.171.153.34 - - [26/May/2023:11:29:17 -0300] "GET /cormun/static/calendar.js?85251 HTTP/1.1" 200 26246
190.171.153.34 - - [26/May/2023:11:29:17 -0300] "GET /cormun/static/calendar-es.js?85251 HTTP/1.1" 200 1901
190.171.153.34 - - [26/May/2023:11:29:17 -0300] "GET /cormun/static/gxdec.js?85251 HTTP/1.1" 200 19579
190.171.153.34 - - [26/May/2023:11:29:17 -0300] "GET /cormun/static/trpermisosgoce.js?2020121633681 HTTP/1.1" 200 35904
190.171.153.34 - - [26/May/2023:11:29:17 -0300] "GET /cormun/static/Resources/PXTools/calendar.png HTTP/1.1" 200 1306
190.171.153.34 - - [26/May/2023:11:29:17 -0300] "GET /cormun/static/Shared/ext/resources/css/ext-all.css?215870 HTTP/1.1" 200 416045
190.171.153.34 - - [26/May/2023:11:29:17 -0300] "GET /cormun/static/Resources/PXToolsDataSearch.png HTTP/1.1" 200 435
190.171.153.34 - - [26/May/2023:11:29:17 -0300] "GET /cormun/static/Resources/PXToolsGridFirstDisabled.gif HTTP/1.1" 200 100
190.171.153.34 - - [26/May/2023:11:29:17 -0300] "GET /cormun/static/Resources/PXToolsGridPreviousDisabled.gif HTTP/1.1" 200 90
190.171.153.34 - - [26/May/2023:11:29:17 -0300] "GET /cormun/static/Resources/PXToolsGridNextDisabled.gif HTTP/1.1" 200 90
190.171.153.34 - - [26/May/2023:11:29:17 -0300] "GET /cormun/static/Resources/PXToolsAddAllAction.png HTTP/1.1" 200 495
190.171.153.34 - - [26/May/2023:11:29:17 -0300] "GET /cormun/static/Resources/PXToolsGridPage.gif HTTP/1.1" 200 725
190.171.153.34 - - [26/May/2023:11:29:17 -0300] "GET /cormun/static/Resources/PXToolsActionExcel.png HTTP/1.1" 200 727
190.171.153.34 - - [26/May/2023:11:29:17 -0300] "GET /cormun/static/Resources/PXToolsGridLastDisabled.gif HTTP/1.1" 200 98
190.171.153.34 - - [26/May/2023:11:29:17 -0300] "GET /cormun/static/Resources/asc.gif HTTP/1.1" 200 67
190.171.153.34 - - [26/May/2023:11:29:17 -0300] "GET /cormun//static/Resources/PXTools/ActionInsert.png HTTP/1.1" 200 1482
190.171.153.34 - - [26/May/2023:11:29:17 -0300] "GET /cormun/static/Resources/desc.gif HTTP/1.1" 200 65
190.171.153.34 - - [26/May/2023:11:29:17 -0300] "GET /cormun//static/Resources/PXToolsGridUpdate.png HTTP/1.1" 200 470
190.171.153.34 - - [26/May/2023:11:29:17 -0300] "GET /cormun//static/Resources/PXToolsGridDisplay.png HTTP/1.1" 200 525
190.171.153.34 - - [26/May/2023:11:29:17 -0300] "GET /cormun//static/Resources/PXToolsGridDelete.png HTTP/1.1" 200 538
190.171.153.34 - - [26/May/2023:11:29:17 -0300] "GET /cormun//static/Resources/PXToolsActionDisabled.gif HTTP/1.1" 200 53
190.171.153.34 - - [26/May/2023:11:29:17 -0300] "GET /cormun//static/Resources/PXToolsHeaderHelp.png HTTP/1.1" 200 1333
190.171.153.34 - - [26/May/2023:11:29:17 -0300] "GET /cormun//static/Resources/PXToolsActionPrint.png HTTP/1.1" 200 404
190.171.153.34 - - [26/May/2023:11:29:17 -0300] "GET /cormun/servlet/trpermisosgoce? HTTP/1.1" 200 11237
190.171.153.34 - - [26/May/2023:11:29:17 -0300] "GET /cormun/static/Shared/ext/resources/themes/images/default/panel/bg-headersPanel.png HTTP/1.1" 200 255
190.171.153.34 - - [26/May/2023:11:29:17 -0300] "GET /cormun/static/Shared/ext/resources/themes/images/default/tools/tool-sprites.gif HTTP/1.1" 200 5434
190.171.153.34 - - [26/May/2023:11:29:17 -0300] "GET /cormun//static/Resources/PXToolsHeaderFavorites.png HTTP/1.1" 200 1414
190.171.141.106 - - [26/May/2023:11:29:18 -0300] "POST /cormun/servlet/solicitudot?gx-no-cache=1685110781089 HTTP/1.1" 200 30
190.171.153.34 - - [26/May/2023:11:29:28 -0300] "GET /cormun/servlet/apermisogoceprn?15102490,P,20230522100911,PU HTTP/1.1" 200 1652
192.168.10.17 - - [26/May/2023:11:29:49 -0300] "GET /cormun/servlet/trsolicitudgral? HTTP/1.1" 200 9707
192.168.10.17 - - [26/May/2023:11:29:49 -0300] "GET /cormun/servlet/trsolicitudgral? HTTP/1.1" 200 9702
190.171.153.34 - - [26/May/2023:11:29:52 -0300] "GET /cormun/servlet/trpermisosgoce? HTTP/1.1" 200 11237
190.171.153.34 - - [26/May/2023:11:29:53 -0300] "GET /cormun/servlet/trpermisosgoce? HTTP/1.1" 200 11237
190.171.153.34 - - [26/May/2023:11:29:56 -0300] "GET /cormun/servlet/permisogoce?INS,0,,, HTTP/1.1" 200 7243
190.171.153.34 - - [26/May/2023:11:29:56 -0300] "GET /cormun/static/gxcfg.js?20201215124560 HTTP/1.1" 200 953
190.171.153.34 - - [26/May/2023:11:29:56 -0300] "GET /cormun/static/Resources/prompt.gif HTTP/1.1" 200 902
190.171.153.34 - - [26/May/2023:11:29:56 -0300] "GET /cormun/static/permisogoce.js?20201215124939 HTTP/1.1" 200 27790
190.171.153.34 - - [26/May/2023:11:29:57 -0300] "GET /cormun/servlet/permisogoce?INS,0,,, HTTP/1.1" 200 7243
192.168.10.17 - - [26/May/2023:11:30:02 -0300] "POST /cormun/servlet/trsolicitudgral?3773148db61cb68ec65f687b1d4aed8e,,gx-no-cache=1685110419612 HTTP/1.1" 200 6650
190.171.142.42 - - [26/May/2023:11:30:06 -0300] "GET /cormun/servlet/hlogin HTTP/1.1" 200 1735
190.171.142.42 - - [26/May/2023:11:30:09 -0300] "GET /cormun/servlet/hlogin HTTP/1.1" 200 1718
192.168.10.17 - - [26/May/2023:11:30:11 -0300] "GET /cormun/servlet/vesolicitudgral?2023,20217,, HTTP/1.1" 200 8436
192.168.10.17 - - [26/May/2023:11:30:11 -0300] "GET /cormun/pexe_scrolldiv.js HTTP/1.1" 404 1009
192.168.10.17 - - [26/May/2023:11:30:11 -0300] "GET /cormun/servlet/vesolicitudgral?2023,20217,, HTTP/1.1" 200 8436
190.171.153.34 - - [26/May/2023:11:30:16 -0300] "GET /cormun/servlet/permisogoce?4dfdb46ce4453aa10c89440cfda7a1a59f1d9be3cf29a436d227d0b6fa2c4fdb0f41591a94f7bddb28acbf2c7b07242839e0b42c542880ccd299504deac78b45,gx-no-cache=1685110486436 HTTP/1.1" 200 80
192.168.10.17 - - [26/May/2023:11:30:16 -0300] "POST /cormun/servlet/vesolicitudgral?3773148db61cb68ec65f687b1d4aed8e,2023,20217,,,gx-no-cache=1685110433852 HTTP/1.1" 200 12202
192.168.10.17 - - [26/May/2023:11:30:16 -0300] "GET /cormun/static/Shared/jqueryui/images/ui-bg_highlight-soft_100_c6c2c8_1x100.png HTTP/1.1" 404 1117
192.168.10.17 - - [26/May/2023:11:30:16 -0300] "GET /cormun/static/Shared/jqueryui/images/ui-bg_flat_55_fafafa_40x100.png HTTP/1.1" 404 1097
192.168.10.17 - - [26/May/2023:11:30:16 -0300] "GET /cormun/static/Shared/jqueryui/images/ui-icons_8d78a5_256x240.png HTTP/1.1" 404 1089
192.168.10.17 - - [26/May/2023:11:30:16 -0300] "GET /cormun/static/Shared/jqueryui/images/ui-icons_82798d_256x240.png HTTP/1.1" 404 1089
192.168.10.17 - - [26/May/2023:11:30:16 -0300] "POST /cormun/servlet/vesolicitudgral?3773148db61cb68ec65f687b1d4aed8e,2023,20217,,,gx-no-cache=1685110434044 HTTP/1.1" 200 12136
190.171.142.42 - - [26/May/2023:11:30:17 -0300] "POST /cormun/servlet/hlogin?5c298b9528bd27faed45828c5909f7bb,gx-no-cache=1685110486046 HTTP/1.1" 200 90
190.171.142.42 - - [26/May/2023:11:30:17 -0300] "GET /cormun/servlet/hpexe_link HTTP/1.1" 200 948
190.171.142.42 - - [26/May/2023:11:30:17 -0300] "GET /cormun/servlet/hhome HTTP/1.1" 200 4263
190.171.142.42 - - [26/May/2023:11:30:17 -0300] "GET /cormun/servlet/hhome HTTP/1.1" 200 4259
190.171.153.34 - - [26/May/2023:11:30:17 -0300] "GET /cormun/static/menuarrow.gif HTTP/1.1" 404 1015
192.168.10.17 - - [26/May/2023:11:30:20 -0300] "GET /cormun/servlet/trautorizarot? HTTP/1.1" 200 9552
192.168.10.17 - - [26/May/2023:11:30:20 -0300] "GET /cormun/servlet/trautorizarot? HTTP/1.1" 200 9547
190.171.142.42 - - [26/May/2023:11:30:23 -0300] "GET /cormun/servlet/trsolicitudot? HTTP/1.1" 200 7477
190.171.142.42 - - [26/May/2023:11:30:23 -0300] "GET /cormun/static/gxcfg.js?20221129846531 HTTP/1.1" 200 953
190.171.142.42 - - [26/May/2023:11:30:23 -0300] "GET /cormun/static/trsolicitudot.js?202211298465651 HTTP/1.1" 200 54040
190.171.142.42 - - [26/May/2023:11:30:23 -0300] "GET /cormun/servlet/trsolicitudot? HTTP/1.1" 200 7476
192.168.10.17 - - [26/May/2023:11:30:24 -0300] "POST /cormun/servlet/trautorizarot?3773148db61cb68ec65f687b1d4aed8e,,gx-no-cache=1685110441869 HTTP/1.1" 200 5342
190.171.142.42 - - [26/May/2023:11:30:26 -0300] "GET /cormun/servlet/solicitudot?INS,0,0,false, HTTP/1.1" 200 16138
190.171.142.42 - - [26/May/2023:11:30:26 -0300] "GET /cormun/static/gxcfg.js?20221129840861 HTTP/1.1" 200 953
190.171.142.42 - - [26/May/2023:11:30:26 -0300] "GET /cormun/static/solicitudot.js?20221129840983 HTTP/1.1" 200 74072
190.171.152.234 - - [26/May/2023:11:30:26 -0300] "POST /cormun/servlet/solicitudot?d2d9f0eff1dbfaa8b30c95bf5d452c02,INS,0,0,false,,gx-no-cache=1685107021281 HTTP/1.1" 200 93
190.171.142.42 - - [26/May/2023:11:30:26 -0300] "GET /cormun/servlet/solicitudot?INS,0,0,false, HTTP/1.1" 200 16145
190.171.152.234 - - [26/May/2023:11:30:26 -0300] "GET /cormun/servlet/hpexe_return? HTTP/1.1" 200 1004
190.171.152.234 - - [26/May/2023:11:30:27 -0300] "GET /cormun/servlet/trsolicitudot HTTP/1.1" 200 8900
190.171.152.234 - - [26/May/2023:11:30:27 -0300] "GET /cormun/servlet/trsolicitudot HTTP/1.1" 200 8899
190.171.153.34 - - [26/May/2023:11:30:29 -0300] "GET /cormun/servlet/permisogoce?4dfdb46ce4453aa10c89440cfda7a1a5a85bdda3c7cb140335cd05d6fe5761bf7b44e76552137161fd6d5e7470bcd40512e7576770764b3b0be60794d3326001,gx-no-cache=1685110499483 HTTP/1.1" 200 47
190.171.152.234 - - [26/May/2023:11:30:33 -0300] "POST /cormun/servlet/trsolicitudot?d2d9f0eff1dbfaa8b30c95bf5d452c02,gx-no-cache=1685107027938 HTTP/1.1" 200 107
190.171.153.34 - - [26/May/2023:11:30:33 -0300] "POST /cormun/servlet/permisogoce?ee1f8baf47c5d61c6604948a8774bc74,INS,0,,,,gx-no-cache=1685110501864 HTTP/1.1" 200 93
190.171.153.34 - - [26/May/2023:11:30:33 -0300] "GET /cormun/servlet/hpexe_return? HTTP/1.1" 200 1011
190.171.153.34 - - [26/May/2023:11:30:33 -0300] "GET /cormun/static/hpexe_return.js?20221129846037 HTTP/1.1" 200 1633
190.171.153.34 - - [26/May/2023:11:30:33 -0300] "GET /cormun/static/gxcfg.js?20221129846035 HTTP/1.1" 200 953
190.171.152.234 - - [26/May/2023:11:30:33 -0300] "GET /cormun/servlet/trsolicitudadjuntos?2023,20281, HTTP/1.1" 200 6377
190.171.153.34 - - [26/May/2023:11:30:33 -0300] "GET /cormun/servlet/trpermisosgoce HTTP/1.1" 200 11456
190.171.153.34 - - [26/May/2023:11:30:34 -0300] "GET /cormun/servlet/trpermisosgoce HTTP/1.1" 200 11452
190.171.152.234 - - [26/May/2023:11:30:34 -0300] "GET /cormun/servlet/trsolicitudadjuntos?2023,20281, HTTP/1.1" 200 6377
190.171.152.234 - - [26/May/2023:11:30:35 -0300] "GET /cormun/servlet/solicitudotadjuntos?INS,2023,20281,,1, HTTP/1.1" 200 6321
190.171.152.234 - - [26/May/2023:11:30:36 -0300] "GET /cormun/static/about:blank HTTP/1.1" 404 1011
190.171.152.234 - - [26/May/2023:11:30:36 -0300] "GET /cormun/servlet/solicitudotadjuntos?INS,2023,20281,,1, HTTP/1.1" 200 6314
190.171.152.234 - - [26/May/2023:11:30:36 -0300] "GET /cormun/servlet/solicitudotadjuntos?5390458f28cb386d54652f8d1a76f1d870b2d2a794564e7a7d6054133e0ed0efbd7905174fb36545be95018812abf1bd,gx-no-cache=1685107031910 HTTP/1.1" 200 30
190.171.152.234 - - [26/May/2023:11:30:36 -0300] "POST /cormun/servlet/solicitudotadjuntos?d2d9f0eff1dbfaa8b30c95bf5d452c02,INS,2023,20281,,1,,gx-no-cache=1685107031927 HTTP/1.1" 200 4189
190.171.153.34 - - [26/May/2023:11:30:37 -0300] "GET /cormun/servlet/apermisogoceprn?9433824,P,20230526101334,PU HTTP/1.1" 200 1656
190.171.152.234 - - [26/May/2023:11:30:42 -0300] "POST /cormun/servlet/solicitudotadjuntos?gx-no-cache=1685107037454 HTTP/1.1" 200 26
190.171.141.82 - - [26/May/2023:11:30:45 -0300] "GET /cormun/servlet/hlogin HTTP/1.1" 200 1716
192.168.10.17 - - [26/May/2023:11:30:45 -0300] "GET /cormun/servlet/trsolicitudgral? HTTP/1.1" 200 8294
192.168.10.17 - - [26/May/2023:11:30:45 -0300] "GET /cormun/servlet/trsolicitudgral? HTTP/1.1" 200 8294
192.168.10.17 - - [26/May/2023:11:30:51 -0300] "POST /cormun/servlet/trsolicitudgral?3773148db61cb68ec65f687b1d4aed8e,,gx-no-cache=1685110468497 HTTP/1.1" 200 6646
190.171.141.82 - - [26/May/2023:11:30:53 -0300] "POST /cormun/servlet/hlogin?7ee946326c77f5b0cf9b44113bbe591b,gx-no-cache=1685110523170 HTTP/1.1" 200 421
192.168.10.17 - - [26/May/2023:11:30:54 -0300] "GET /cormun/servlet/vesolicitudgral?2023,20217,, HTTP/1.1" 200 8439
192.168.10.17 - - [26/May/2023:11:30:54 -0300] "GET /cormun/pexe_scrolldiv.js HTTP/1.1" 404 1009
190.171.152.234 - - [26/May/2023:11:30:54 -0300] "GET /cormun/servlet/solicitudotadjuntos?5390458f28cb386d54652f8d1a76f1d82e13ebb7140ce1daf904236b618a38b5,gx-no-cache=1685107050021 HTTP/1.1" 200 30
190.171.152.234 - - [26/May/2023:11:30:54 -0300] "GET /cormun/servlet/solicitudotadjuntos?5390458f28cb386d54652f8d1a76f1d82e13ebb7140ce1daf904236b618a38b5,gx-no-cache=1685107050033 HTTP/1.1" 200 30
192.168.10.17 - - [26/May/2023:11:30:54 -0300] "GET /cormun/servlet/vesolicitudgral?2023,20217,, HTTP/1.1" 200 8438
190.171.152.234 - - [26/May/2023:11:30:54 -0300] "POST /cormun/servlet/solicitudotadjuntos?d2d9f0eff1dbfaa8b30c95bf5d452c02,INS,2023,20281,,1, HTTP/1.1" 200 116
190.171.152.234 - - [26/May/2023:11:30:54 -0300] "GET /cormun/servlet/hpexe_return? HTTP/1.1" 200 1020
190.171.152.234 - - [26/May/2023:11:30:55 -0300] "GET /cormun/servlet/trsolicitudadjuntos?2023,20281, HTTP/1.1" 200 9286
190.171.152.234 - - [26/May/2023:11:30:55 -0300] "GET /cormun/servlet/trsolicitudadjuntos?2023,20281, HTTP/1.1" 200 9284
190.171.152.234 - - [26/May/2023:11:30:56 -0300] "GET /cormun/servlet/solicitudotadjuntos?INS,2023,20281,,1, HTTP/1.1" 200 6321
190.171.152.234 - - [26/May/2023:11:30:57 -0300] "GET /cormun/static/about:blank HTTP/1.1" 404 1011
190.171.152.234 - - [26/May/2023:11:30:57 -0300] "GET /cormun/servlet/solicitudotadjuntos?INS,2023,20281,,1, HTTP/1.1" 200 6314
190.171.152.234 - - [26/May/2023:11:30:57 -0300] "GET /cormun/servlet/solicitudotadjuntos?5390458f28cb386d54652f8d1a76f1d870b2d2a794564e7a7d6054133e0ed0efbd7905174fb36545be95018812abf1bd,gx-no-cache=1685107052975 HTTP/1.1" 200 30
190.171.152.234 - - [26/May/2023:11:30:57 -0300] "POST /cormun/servlet/solicitudotadjuntos?d2d9f0eff1dbfaa8b30c95bf5d452c02,INS,2023,20281,,1,,gx-no-cache=1685107052991 HTTP/1.1" 200 4189
190.171.141.82 - - [26/May/2023:11:30:59 -0300] "POST /cormun/servlet/hlogin?7ee946326c77f5b0cf9b44113bbe591b,gx-no-cache=1685110529055 HTTP/1.1" 200 90
190.171.141.82 - - [26/May/2023:11:30:59 -0300] "GET /cormun/servlet/hpexe_link HTTP/1.1" 200 946
190.171.141.82 - - [26/May/2023:11:30:59 -0300] "GET /cormun/servlet/hhome HTTP/1.1" 200 3958
190.171.141.82 - - [26/May/2023:11:30:59 -0300] "GET /cormun/servlet/hhome HTTP/1.1" 200 3955
190.171.152.234 - - [26/May/2023:11:31:01 -0300] "POST /cormun/servlet/solicitudotadjuntos?gx-no-cache=1685107056573 HTTP/1.1" 200 26
190.171.141.82 - - [26/May/2023:11:31:02 -0300] "GET /cormun/servlet/trlicencias? HTTP/1.1" 200 14257
190.171.141.82 - - [26/May/2023:11:31:02 -0300] "GET /cormun/servlet/trlicencias? HTTP/1.1" 200 14275
190.171.152.234 - - [26/May/2023:11:31:07 -0300] "GET /cormun/servlet/solicitudotadjuntos?5390458f28cb386d54652f8d1a76f1d82e13ebb7140ce1daf904236b618a38b5,gx-no-cache=1685107062884 HTTP/1.1" 200 30
190.171.152.234 - - [26/May/2023:11:31:07 -0300] "GET /cormun/servlet/solicitudotadjuntos?5390458f28cb386d54652f8d1a76f1d82e13ebb7140ce1daf904236b618a38b5,gx-no-cache=1685107062896 HTTP/1.1" 200 30
190.171.152.234 - - [26/May/2023:11:31:07 -0300] "POST /cormun/servlet/solicitudotadjuntos?d2d9f0eff1dbfaa8b30c95bf5d452c02,INS,2023,20281,,1, HTTP/1.1" 200 116
190.171.152.234 - - [26/May/2023:11:31:08 -0300] "GET /cormun/servlet/hpexe_return? HTTP/1.1" 200 1020
190.171.152.234 - - [26/May/2023:11:31:08 -0300] "GET /cormun/servlet/trsolicitudadjuntos?2023,20281, HTTP/1.1" 200 9546
190.171.152.234 - - [26/May/2023:11:31:08 -0300] "GET /cormun/servlet/trsolicitudadjuntos?2023,20281, HTTP/1.1" 200 9545
190.171.152.234 - - [26/May/2023:11:31:10 -0300] "GET /cormun/servlet/solicitudotadjuntos?INS,2023,20281,,1, HTTP/1.1" 200 6321
190.171.152.234 - - [26/May/2023:11:31:10 -0300] "GET /cormun/static/about:blank HTTP/1.1" 404 1011
190.171.152.234 - - [26/May/2023:11:31:10 -0300] "GET /cormun/servlet/solicitudotadjuntos?INS,2023,20281,,1, HTTP/1.1" 200 6314
190.171.152.234 - - [26/May/2023:11:31:11 -0300] "GET /cormun/servlet/solicitudotadjuntos?5390458f28cb386d54652f8d1a76f1d870b2d2a794564e7a7d6054133e0ed0efbd7905174fb36545be95018812abf1bd,gx-no-cache=1685107066725 HTTP/1.1" 200 30
190.171.152.234 - - [26/May/2023:11:31:11 -0300] "POST /cormun/servlet/solicitudotadjuntos?d2d9f0eff1dbfaa8b30c95bf5d452c02,INS,2023,20281,,1,,gx-no-cache=1685107066740 HTTP/1.1" 200 4189
190.171.152.234 - - [26/May/2023:11:31:13 -0300] "POST /cormun/servlet/solicitudotadjuntos?gx-no-cache=1685107069006 HTTP/1.1" 200 26
190.171.152.234 - - [26/May/2023:11:31:17 -0300] "GET /cormun/servlet/solicitudotadjuntos?5390458f28cb386d54652f8d1a76f1d82e13ebb7140ce1daf904236b618a38b5,gx-no-cache=1685107073244 HTTP/1.1" 200 30
190.171.152.234 - - [26/May/2023:11:31:17 -0300] "GET /cormun/servlet/solicitudotadjuntos?5390458f28cb386d54652f8d1a76f1d82e13ebb7140ce1daf904236b618a38b5,gx-no-cache=1685107073257 HTTP/1.1" 200 30
190.171.152.234 - - [26/May/2023:11:31:18 -0300] "POST /cormun/servlet/solicitudotadjuntos?d2d9f0eff1dbfaa8b30c95bf5d452c02,INS,2023,20281,,1, HTTP/1.1" 200 116
190.171.152.234 - - [26/May/2023:11:31:18 -0300] "GET /cormun/servlet/hpexe_return? HTTP/1.1" 200 1020
190.171.152.234 - - [26/May/2023:11:31:18 -0300] "GET /cormun/servlet/trsolicitudadjuntos?2023,20281, HTTP/1.1" 200 9812
190.171.152.234 - - [26/May/2023:11:31:18 -0300] "GET /cormun/servlet/trsolicitudadjuntos?2023,20281, HTTP/1.1" 200 9807
190.171.152.234 - - [26/May/2023:11:31:20 -0300] "GET /cormun/servlet/solicitudotadjuntos?INS,2023,20281,,1, HTTP/1.1" 200 6321
190.171.152.234 - - [26/May/2023:11:31:20 -0300] "GET /cormun/static/about:blank HTTP/1.1" 404 1011
190.171.152.234 - - [26/May/2023:11:31:20 -0300] "GET /cormun/servlet/solicitudotadjuntos?INS,2023,20281,,1, HTTP/1.1" 200 6314
190.171.152.234 - - [26/May/2023:11:31:21 -0300] "GET /cormun/servlet/solicitudotadjuntos?5390458f28cb386d54652f8d1a76f1d870b2d2a794564e7a7d6054133e0ed0efbd7905174fb36545be95018812abf1bd,gx-no-cache=1685107076713 HTTP/1.1" 200 30
190.171.152.234 - - [26/May/2023:11:31:21 -0300] "POST /cormun/servlet/solicitudotadjuntos?d2d9f0eff1dbfaa8b30c95bf5d452c02,INS,2023,20281,,1,,gx-no-cache=1685107076728 HTTP/1.1" 200 4189
190.171.152.234 - - [26/May/2023:11:31:25 -0300] "POST /cormun/servlet/solicitudotadjuntos?gx-no-cache=1685107080389 HTTP/1.1" 200 26
190.171.142.42 - - [26/May/2023:11:31:30 -0300] "POST /cormun/servlet/solicitudot?gx-no-cache=1685110558582 HTTP/1.1" 200 3971
190.171.142.42 - - [26/May/2023:11:31:30 -0300] "POST /cormun/servlet/solicitudot?5c298b9528bd27faed45828c5909f7bb,INS,0,0,false,,gx-no-cache=1685110558726 HTTP/1.1" 200 12800
190.171.152.234 - - [26/May/2023:11:31:31 -0300] "GET /cormun/servlet/solicitudotadjuntos?5390458f28cb386d54652f8d1a76f1d82e13ebb7140ce1daf904236b618a38b5,gx-no-cache=1685107086765 HTTP/1.1" 200 30
190.171.152.234 - - [26/May/2023:11:31:31 -0300] "GET /cormun/servlet/solicitudotadjuntos?5390458f28cb386d54652f8d1a76f1d82e13ebb7140ce1daf904236b618a38b5,gx-no-cache=1685107086777 HTTP/1.1" 200 30
190.171.152.234 - - [26/May/2023:11:31:31 -0300] "POST /cormun/servlet/solicitudotadjuntos?d2d9f0eff1dbfaa8b30c95bf5d452c02,INS,2023,20281,,1, HTTP/1.1" 200 116
190.171.152.234 - - [26/May/2023:11:31:31 -0300] "GET /cormun/servlet/hpexe_return? HTTP/1.1" 200 1020
190.171.152.234 - - [26/May/2023:11:31:31 -0300] "GET /cormun/servlet/trsolicitudadjuntos?2023,20281, HTTP/1.1" 200 10027
190.171.152.234 - - [26/May/2023:11:31:32 -0300] "GET /cormun/servlet/trsolicitudadjuntos?2023,20281, HTTP/1.1" 200 10023
190.171.142.42 - - [26/May/2023:11:31:32 -0300] "GET /cormun/servlet/solicitudot?33f0a5d17aafdaba12d3e5fab94483a8f22df5388d703f287777fae3d6994af283bdd4378a7dc953c74af88ac1a12ff3,gx-no-cache=1685110561201 HTTP/1.1" 200 30
190.171.152.234 - - [26/May/2023:11:31:33 -0300] "GET /cormun/servlet/solicitudotadjuntos?INS,2023,20281,,1, HTTP/1.1" 200 6322
190.171.152.234 - - [26/May/2023:11:31:34 -0300] "GET /cormun/static/about:blank HTTP/1.1" 404 1011
190.171.152.234 - - [26/May/2023:11:31:34 -0300] "GET /cormun/servlet/solicitudotadjuntos?INS,2023,20281,,1, HTTP/1.1" 200 6315
190.171.152.234 - - [26/May/2023:11:31:34 -0300] "GET /cormun/servlet/solicitudotadjuntos?5390458f28cb386d54652f8d1a76f1d870b2d2a794564e7a7d6054133e0ed0efbd7905174fb36545be95018812abf1bd,gx-no-cache=1685107089916 HTTP/1.1" 200 30
190.171.152.234 - - [26/May/2023:11:31:34 -0300] "POST /cormun/servlet/solicitudotadjuntos?d2d9f0eff1dbfaa8b30c95bf5d452c02,INS,2023,20281,,1,,gx-no-cache=1685107089931 HTTP/1.1" 200 4190
190.171.141.82 - - [26/May/2023:11:31:36 -0300] "GET /cormun/servlet/licenciaspermisos?DSP,7909623,L,20230509000000, HTTP/1.1" 200 7060
190.171.141.82 - - [26/May/2023:11:31:37 -0300] "GET /cormun/static/gxcfg.js?202012153173 HTTP/1.1" 200 953
190.171.152.234 - - [26/May/2023:11:31:37 -0300] "POST /cormun/servlet/solicitudotadjuntos?gx-no-cache=1685107092462 HTTP/1.1" 200 26
190.171.141.82 - - [26/May/2023:11:31:37 -0300] "GET /cormun/static/licenciaspermisos.js?2020121532136 HTTP/1.1" 200 38753
190.171.141.82 - - [26/May/2023:11:31:37 -0300] "GET /cormun/servlet/licenciaspermisos?DSP,7909623,L,20230509000000, HTTP/1.1" 200 7058
190.171.152.234 - - [26/May/2023:11:31:42 -0300] "GET /cormun/servlet/solicitudotadjuntos?5390458f28cb386d54652f8d1a76f1d82e13ebb7140ce1daf904236b618a38b5,gx-no-cache=1685107097381 HTTP/1.1" 200 30
190.171.152.234 - - [26/May/2023:11:31:42 -0300] "GET /cormun/servlet/solicitudotadjuntos?5390458f28cb386d54652f8d1a76f1d82e13ebb7140ce1daf904236b618a38b5,gx-no-cache=1685107097392 HTTP/1.1" 200 30
190.171.152.234 - - [26/May/2023:11:31:42 -0300] "POST /cormun/servlet/solicitudotadjuntos?d2d9f0eff1dbfaa8b30c95bf5d452c02,INS,2023,20281,,1, HTTP/1.1" 200 116
190.171.152.234 - - [26/May/2023:11:31:42 -0300] "GET /cormun/servlet/hpexe_return? HTTP/1.1" 200 1020
190.171.152.234 - - [26/May/2023:11:31:42 -0300] "GET /cormun/servlet/trsolicitudadjuntos?2023,20281, HTTP/1.1" 200 10337
190.171.152.234 - - [26/May/2023:11:31:42 -0300] "GET /cormun/servlet/trsolicitudadjuntos?2023,20281, HTTP/1.1" 200 10334
190.171.152.234 - - [26/May/2023:11:31:44 -0300] "GET /cormun/servlet/solicitudotadjuntos?INS,2023,20281,,1, HTTP/1.1" 200 6322
190.171.152.234 - - [26/May/2023:11:31:44 -0300] "GET /cormun/static/about:blank HTTP/1.1" 404 1011
190.171.152.234 - - [26/May/2023:11:31:45 -0300] "GET /cormun/servlet/solicitudotadjuntos?INS,2023,20281,,1, HTTP/1.1" 200 6315
190.171.152.234 - - [26/May/2023:11:31:45 -0300] "GET /cormun/servlet/solicitudotadjuntos?5390458f28cb386d54652f8d1a76f1d870b2d2a794564e7a7d6054133e0ed0efbd7905174fb36545be95018812abf1bd,gx-no-cache=1685107100753 HTTP/1.1" 200 30
190.171.152.234 - - [26/May/2023:11:31:45 -0300] "POST /cormun/servlet/solicitudotadjuntos?d2d9f0eff1dbfaa8b30c95bf5d452c02,INS,2023,20281,,1,,gx-no-cache=1685107100769 HTTP/1.1" 200 4190
190.171.152.234 - - [26/May/2023:11:31:48 -0300] "POST /cormun/servlet/solicitudotadjuntos?gx-no-cache=1685107103494 HTTP/1.1" 200 26
190.171.152.234 - - [26/May/2023:11:31:54 -0300] "GET /cormun/servlet/solicitudotadjuntos?5390458f28cb386d54652f8d1a76f1d82e13ebb7140ce1daf904236b618a38b5,gx-no-cache=1685107109501 HTTP/1.1" 200 30
190.171.152.234 - - [26/May/2023:11:31:54 -0300] "GET /cormun/servlet/solicitudotadjuntos?5390458f28cb386d54652f8d1a76f1d82e13ebb7140ce1daf904236b618a38b5,gx-no-cache=1685107109538 HTTP/1.1" 200 30
190.171.152.234 - - [26/May/2023:11:31:54 -0300] "POST /cormun/servlet/solicitudotadjuntos?d2d9f0eff1dbfaa8b30c95bf5d452c02,INS,2023,20281,,1, HTTP/1.1" 200 116
190.171.152.234 - - [26/May/2023:11:31:54 -0300] "GET /cormun/servlet/hpexe_return? HTTP/1.1" 200 1020
190.171.152.234 - - [26/May/2023:11:31:55 -0300] "GET /cormun/servlet/trsolicitudadjuntos?2023,20281, HTTP/1.1" 200 10501
190.171.152.234 - - [26/May/2023:11:31:55 -0300] "GET /cormun/servlet/trsolicitudadjuntos?2023,20281, HTTP/1.1" 200 10499
192.168.10.17 - - [26/May/2023:11:32:16 -0300] "GET /cormun/servlet/vesolicitudgral?2023,20217,,SolicitudOTAdjuntos HTTP/1.1" 200 7058
192.168.10.17 - - [26/May/2023:11:32:16 -0300] "GET /cormun/pexe_scrolldiv.js HTTP/1.1" 404 1009
192.168.10.17 - - [26/May/2023:11:32:16 -0300] "GET /cormun/servlet/vesolicitudgral?2023,20217,,SolicitudOTAdjuntos HTTP/1.1" 200 7058
192.168.10.17 - - [26/May/2023:11:32:17 -0300] "POST /cormun/servlet/acontrolpreferencessavestate?None,RRHH+DANIELA,true HTTP/1.1" 200 35
192.168.10.17 - - [26/May/2023:11:32:18 -0300] "GET /cormun/servlet/vesolicitudgral?2023,20217,,General HTTP/1.1" 200 8440
192.168.10.17 - - [26/May/2023:11:32:18 -0300] "GET /cormun/pexe_scrolldiv.js HTTP/1.1" 404 1009
192.168.10.17 - - [26/May/2023:11:32:19 -0300] "GET /cormun/servlet/vesolicitudgral?2023,20217,,General HTTP/1.1" 200 8440
190.171.152.234 - - [26/May/2023:11:32:19 -0300] "GET /cormun/servlet/trsolicitudot? HTTP/1.1" 200 8906
190.171.152.234 - - [26/May/2023:11:32:20 -0300] "GET /cormun/servlet/trsolicitudot? HTTP/1.1" 200 8899
190.171.152.234 - - [26/May/2023:11:32:28 -0300] "POST /cormun/servlet/trsolicitudot?d2d9f0eff1dbfaa8b30c95bf5d452c02,,gx-no-cache=1685107144137 HTTP/1.1" 200 4866
190.171.152.234 - - [26/May/2023:11:32:28 -0300] "GET /cormun/static/Shared/jqueryui/images/ui-bg_highlight-soft_100_c6c2c8_1x100.png HTTP/1.1" 404 1117
190.171.152.234 - - [26/May/2023:11:32:28 -0300] "GET /cormun/static/Shared/jqueryui/images/ui-icons_82798d_256x240.png HTTP/1.1" 404 1089
190.171.152.234 - - [26/May/2023:11:32:28 -0300] "GET /cormun/static/Shared/jqueryui/images/ui-bg_flat_55_fafafa_40x100.png HTTP/1.1" 404 1097
190.171.152.234 - - [26/May/2023:11:32:28 -0300] "GET /cormun/static/Shared/jqueryui/images/ui-icons_8d78a5_256x240.png HTTP/1.1" 404 1089
190.171.152.234 - - [26/May/2023:11:32:29 -0300] "POST /cormun/servlet/trsolicitudot?d2d9f0eff1dbfaa8b30c95bf5d452c02,,gx-no-cache=1685107144334 HTTP/1.1" 200 4632
190.171.152.234 - - [26/May/2023:11:32:32 -0300] "GET /cormun/servlet/trautorizarsolicitud? HTTP/1.1" 200 8792
190.171.152.234 - - [26/May/2023:11:32:32 -0300] "GET /cormun/servlet/trautorizarsolicitud? HTTP/1.1" 200 8792
190.171.152.234 - - [26/May/2023:11:32:35 -0300] "POST /cormun/servlet/trautorizarsolicitud?d2d9f0eff1dbfaa8b30c95bf5d452c02,,gx-no-cache=1685107151200 HTTP/1.1" 200 5982
190.171.152.234 - - [26/May/2023:11:32:35 -0300] "GET /cormun/static/Shared/jqueryui/images/ui-icons_82798d_256x240.png HTTP/1.1" 404 1089
190.171.152.234 - - [26/May/2023:11:32:35 -0300] "GET /cormun/static/Shared/jqueryui/images/ui-bg_highlight-soft_100_c6c2c8_1x100.png HTTP/1.1" 404 1117
190.171.152.234 - - [26/May/2023:11:32:35 -0300] "GET /cormun/static/Shared/jqueryui/images/ui-bg_flat_55_fafafa_40x100.png HTTP/1.1" 404 1097
190.171.152.234 - - [26/May/2023:11:32:35 -0300] "GET /cormun/static/Shared/jqueryui/images/ui-icons_8d78a5_256x240.png HTTP/1.1" 404 1089
190.171.141.106 - - [26/May/2023:11:32:36 -0300] "GET /cormun/servlet/solicitudot?dc1f0b01ed8f85bfc50c180f444e4f579bd1ad0c30e9ff96cc67e6b100d55d1bb4ffdc3e5be78555e40a722489019b27c968391ea7b2f8d11ebe3052a9ba00a5,gx-no-cache=1685110979157 HTTP/1.1" 200 30
190.171.141.106 - - [26/May/2023:11:32:36 -0300] "GET /cormun/servlet/solicitudot?dc1f0b01ed8f85bfc50c180f444e4f57816b8eb62bc4638c1978125d74f2ed986b730703b540fdab8f0888962347137acaa9d8045527835082dbb67fdb689c95ed978fba17a0f5a99e859a7e117151d8b62d187e88b30cff0a1e1e4bbedc06bdc2fd19cdb122961cadd604ec9d1535d49172a6d4e33b44460982cf88d27f54f6a3960126fcedfb3eac84e5f420ee91e2417f0f89f72fa57b21bba27c7f64f17c5cf84d6eab6cf2dfc7480ede1053a88818a50ab3f261acaae42b8db20c48c28ae67ecc85a0567c9dd3cfe3b42e887558593364848b42bd6156d9177c3be53bb9802a664af4f9fbb59b203f508f8e47ad3f23b2463100d98db3b8383df32c261d1a66c7e7ad7ec4a7c1128655c86182f557777cf8cf3c064350817c4b0791c56c2c326cf3df95ba140853427dc415adf02c8dda3af560af0c7cf4ffddd6397cc6386eb0f8d13c46c6b1093556b50ed575866336ee2fa8a25c0dfdacaa9ae554c4a13bb1e76961cef479d0d34940c2f7c24d9c54e5baad6fa559e7bf5ba4611e5f34cbc2d3831edb3364f4ed3f1d6b11ab,gx-no-cache=1685110979194 HTTP/1.1" 200 30
190.171.141.106 - - [26/May/2023:11:32:36 -0300] "POST /cormun/servlet/solicitudot?gx-no-cache=1685110979223 HTTP/1.1" 200 30
190.171.141.106 - - [26/May/2023:11:32:36 -0300] "POST /cormun/servlet/solicitudot?gx-no-cache=1685110979273 HTTP/1.1" 200 1469
190.171.141.106 - - [26/May/2023:11:32:36 -0300] "POST /cormun/servlet/solicitudot?gx-no-cache=1685110979351 HTTP/1.1" 200 41
190.171.141.106 - - [26/May/2023:11:32:37 -0300] "GET /cormun/servlet/solicitudot?dc1f0b01ed8f85bfc50c180f444e4f579eb22860ba81def90737ee963203a85a744e95480fd5bd950d4f90f70156cea2eecdf9925a6a72b55dab55df45b23fec6813b3b7c28e776edc78859f7ae9f5dae83e76b86ad464cfd47240bad1945a8f34d6c75cb732dabf4f661bb6448f1483,gx-no-cache=1685110979376 HTTP/1.1" 200 110
190.171.141.106 - - [26/May/2023:11:32:37 -0300] "POST /cormun/servlet/solicitudot?gx-no-cache=1685110979527 HTTP/1.1" 200 64
190.171.141.106 - - [26/May/2023:11:32:37 -0300] "GET /cormun/servlet/solicitudot?dc1f0b01ed8f85bfc50c180f444e4f57941ca07c2b59ac83d71f61eb40dad77d09f541a1619e9c5ea10d7f79638d1e41,gx-no-cache=1685110979557 HTTP/1.1" 200 30
190.171.141.106 - - [26/May/2023:11:32:37 -0300] "POST /cormun/servlet/solicitudot?gx-no-cache=1685110979583 HTTP/1.1" 200 30
190.171.141.106 - - [26/May/2023:11:32:37 -0300] "POST /cormun/servlet/solicitudot?9aa38ff39bd13006cafc5b06b775a15a,INS,0,0,false,,gx-no-cache=1685110979615 HTTP/1.1" 200 93
190.171.141.106 - - [26/May/2023:11:32:37 -0300] "GET /cormun/servlet/hpexe_return? HTTP/1.1" 200 1013
190.171.141.106 - - [26/May/2023:11:32:37 -0300] "GET /cormun/servlet/hhome HTTP/1.1" 200 4213
190.171.141.106 - - [26/May/2023:11:32:38 -0300] "GET /cormun/servlet/hhome HTTP/1.1" 200 4207
190.171.152.234 - - [26/May/2023:11:32:38 -0300] "POST /cormun/servlet/trautorizarsolicitud?d2d9f0eff1dbfaa8b30c95bf5d452c02,,gx-no-cache=1685107153582 HTTP/1.1" 200 5983
190.171.152.234 - - [26/May/2023:11:32:39 -0300] "POST /cormun/servlet/trautorizarsolicitud?d2d9f0eff1dbfaa8b30c95bf5d452c02,,gx-no-cache=1685107154821 HTTP/1.1" 200 5983
190.171.152.234 - - [26/May/2023:11:32:39 -0300] "POST /cormun/servlet/trautorizarsolicitud?d2d9f0eff1dbfaa8b30c95bf5d452c02,,gx-no-cache=1685107155158 HTTP/1.1" 200 5982
190.171.152.234 - - [26/May/2023:11:32:40 -0300] "POST /cormun/servlet/trautorizarsolicitud?d2d9f0eff1dbfaa8b30c95bf5d452c02,,gx-no-cache=1685107155493 HTTP/1.1" 200 5982
190.171.152.234 - - [26/May/2023:11:32:40 -0300] "POST /cormun/servlet/trautorizarsolicitud?d2d9f0eff1dbfaa8b30c95bf5d452c02,,gx-no-cache=1685107155869 HTTP/1.1" 200 5982
190.171.152.234 - - [26/May/2023:11:32:42 -0300] "POST /cormun/servlet/trautorizarsolicitud?d2d9f0eff1dbfaa8b30c95bf5d452c02,,gx-no-cache=1685107157581 HTTP/1.1" 200 5983
190.171.152.234 - - [26/May/2023:11:32:43 -0300] "POST /cormun/servlet/trautorizarsolicitud?d2d9f0eff1dbfaa8b30c95bf5d452c02,,gx-no-cache=1685107158381 HTTP/1.1" 200 5983
190.171.152.234 - - [26/May/2023:11:32:43 -0300] "POST /cormun/servlet/trautorizarsolicitud?d2d9f0eff1dbfaa8b30c95bf5d452c02,,gx-no-cache=1685107158758 HTTP/1.1" 200 5982
190.171.141.82 - - [26/May/2023:11:32:44 -0300] "POST /cormun/servlet/licenciaspermisos?7ee946326c77f5b0cf9b44113bbe591b,DSP,7909623,L,20230509000000,,gx-no-cache=1685110634036 HTTP/1.1" 200 93
190.171.141.82 - - [26/May/2023:11:32:44 -0300] "GET /cormun/servlet/hpexe_return? HTTP/1.1" 200 1023
190.171.141.82 - - [26/May/2023:11:32:45 -0300] "GET /cormun/servlet/trlicencias HTTP/1.1" 200 14280
190.171.141.82 - - [26/May/2023:11:32:45 -0300] "GET /cormun/servlet/trlicencias HTTP/1.1" 200 14277
190.171.141.106 - - [26/May/2023:11:32:46 -0300] "GET /cormun/servlet/trvisualizadoreventos? HTTP/1.1" 200 6972
190.171.141.106 - - [26/May/2023:11:32:46 -0300] "GET /cormun/servlet/trvisualizadoreventos? HTTP/1.1" 200 6972
190.171.141.106 - - [26/May/2023:11:32:50 -0300] "POST /cormun/servlet/trvisualizadoreventos?9aa38ff39bd13006cafc5b06b775a15a,,gx-no-cache=1685110992693 HTTP/1.1" 200 4295
190.171.152.234 - - [26/May/2023:11:32:54 -0300] "GET /cormun/servlet/trsolicitudot? HTTP/1.1" 200 7489
190.171.152.234 - - [26/May/2023:11:32:54 -0300] "GET /cormun/servlet/trsolicitudot? HTTP/1.1" 200 7488
190.171.141.106 - - [26/May/2023:11:32:54 -0300] "GET /cormun/servlet/trvisualizadoreventos? HTTP/1.1" 200 6972
190.171.141.106 - - [26/May/2023:11:32:54 -0300] "GET /cormun/servlet/trvisualizadoreventos? HTTP/1.1" 200 6972
190.171.141.82 - - [26/May/2023:11:32:56 -0300] "GET /cormun/servlet/licenciaspermisos?DSP,7909623,L,20230524000000, HTTP/1.1" 200 7065
190.171.141.82 - - [26/May/2023:11:32:56 -0300] "GET /cormun/servlet/licenciaspermisos?DSP,7909623,L,20230524000000, HTTP/1.1" 200 7065
190.171.141.106 - - [26/May/2023:11:32:56 -0300] "POST /cormun/servlet/trvisualizadoreventos?9aa38ff39bd13006cafc5b06b775a15a,,gx-no-cache=1685110999141 HTTP/1.1" 200 4297
190.171.152.234 - - [26/May/2023:11:32:57 -0300] "GET /cormun/servlet/trautorizarsolicitud? HTTP/1.1" 200 8792
190.171.152.234 - - [26/May/2023:11:32:58 -0300] "GET /cormun/servlet/trautorizarsolicitud? HTTP/1.1" 200 8792
190.171.141.106 - - [26/May/2023:11:33:00 -0300] "GET /cormun/servlet/trsolicitudot? HTTP/1.1" 200 8821
190.171.152.234 - - [26/May/2023:11:33:01 -0300] "POST /cormun/servlet/trautorizarsolicitud?d2d9f0eff1dbfaa8b30c95bf5d452c02,,gx-no-cache=1685107176305 HTTP/1.1" 200 5982
190.171.152.234 - - [26/May/2023:11:33:01 -0300] "GET /cormun/static/Shared/jqueryui/images/ui-icons_82798d_256x240.png HTTP/1.1" 404 1089
190.171.152.234 - - [26/May/2023:11:33:01 -0300] "GET /cormun/static/Shared/jqueryui/images/ui-bg_highlight-soft_100_c6c2c8_1x100.png HTTP/1.1" 404 1117
190.171.152.234 - - [26/May/2023:11:33:01 -0300] "GET /cormun/static/Shared/jqueryui/images/ui-bg_flat_55_fafafa_40x100.png HTTP/1.1" 404 1097
190.171.152.234 - - [26/May/2023:11:33:01 -0300] "GET /cormun/static/Shared/jqueryui/images/ui-icons_8d78a5_256x240.png HTTP/1.1" 404 1089
190.171.141.106 - - [26/May/2023:11:33:01 -0300] "GET /cormun/servlet/trsolicitudot? HTTP/1.1" 200 8820
190.171.152.234 - - [26/May/2023:11:33:02 -0300] "POST /cormun/servlet/trautorizarsolicitud?d2d9f0eff1dbfaa8b30c95bf5d452c02,,gx-no-cache=1685107177533 HTTP/1.1" 200 5983
190.171.152.234 - - [26/May/2023:11:33:02 -0300] "POST /cormun/servlet/trautorizarsolicitud?d2d9f0eff1dbfaa8b30c95bf5d452c02,,gx-no-cache=1685107177870 HTTP/1.1" 200 5983
190.171.152.234 - - [26/May/2023:11:33:02 -0300] "POST /cormun/servlet/trautorizarsolicitud?d2d9f0eff1dbfaa8b30c95bf5d452c02,,gx-no-cache=1685107178190 HTTP/1.1" 200 5983
190.171.141.82 - - [26/May/2023:11:33:03 -0300] "POST /cormun/servlet/licenciaspermisos?7ee946326c77f5b0cf9b44113bbe591b,DSP,7909623,L,20230524000000,,gx-no-cache=1685110652980 HTTP/1.1" 200 93
190.171.141.82 - - [26/May/2023:11:33:03 -0300] "GET /cormun/servlet/hpexe_return? HTTP/1.1" 200 1023
190.171.141.82 - - [26/May/2023:11:33:03 -0300] "GET /cormun/servlet/trlicencias HTTP/1.1" 200 14274
190.171.141.82 - - [26/May/2023:11:33:03 -0300] "GET /cormun/servlet/trlicencias HTTP/1.1" 200 14254
190.171.141.82 - - [26/May/2023:11:33:14 -0300] "GET /cormun/servlet/licenciaspermisos?DSP,7909623,L,20230509000000, HTTP/1.1" 200 7060
190.171.141.82 - - [26/May/2023:11:33:14 -0300] "GET /cormun/servlet/licenciaspermisos?DSP,7909623,L,20230509000000, HTTP/1.1" 200 7058
190.171.141.82 - - [26/May/2023:11:33:24 -0300] "POST /cormun/servlet/licenciaspermisos?7ee946326c77f5b0cf9b44113bbe591b,DSP,7909623,L,20230509000000,,gx-no-cache=1685110674028 HTTP/1.1" 200 93
190.171.141.82 - - [26/May/2023:11:33:24 -0300] "GET /cormun/servlet/hpexe_return? HTTP/1.1" 200 1023
190.171.141.82 - - [26/May/2023:11:33:24 -0300] "GET /cormun/servlet/trlicencias HTTP/1.1" 200 14260
190.171.141.82 - - [26/May/2023:11:33:24 -0300] "GET /cormun/servlet/trlicencias HTTP/1.1" 200 14254
190.171.142.42 - - [26/May/2023:11:33:28 -0300] "GET /cormun/servlet/solicitudot?33f0a5d17aafdaba12d3e5fab94483a86e66723e9019c99944fde658dbfb3b1de39e3d4e04e8fa37c2e813f95db1d26069d13ae4872bb2cd0705c1f156cd96ea,gx-no-cache=1685110676884 HTTP/1.1" 200 30
190.171.142.42 - - [26/May/2023:11:33:28 -0300] "GET /cormun/servlet/solicitudot?33f0a5d17aafdaba12d3e5fab94483a88b385f80e78c3facf62590cafe929eed,gx-no-cache=1685110676920 HTTP/1.1" 200 29
190.171.141.82 - - [26/May/2023:11:33:41 -0300] "GET /cormun/servlet/licenciaspermisos?DSP,7909623,L,20230509000000, HTTP/1.1" 200 7060
190.171.141.82 - - [26/May/2023:11:33:41 -0300] "GET /cormun/servlet/licenciaspermisos?DSP,7909623,L,20230509000000, HTTP/1.1" 200 7058
190.171.141.82 - - [26/May/2023:11:33:44 -0300] "POST /cormun/servlet/licenciaspermisos?7ee946326c77f5b0cf9b44113bbe591b,DSP,7909623,L,20230509000000,,gx-no-cache=1685110694236 HTTP/1.1" 200 93
190.171.141.82 - - [26/May/2023:11:33:44 -0300] "GET /cormun/servlet/hpexe_return? HTTP/1.1" 200 1023
190.171.141.82 - - [26/May/2023:11:33:44 -0300] "GET /cormun/servlet/trlicencias HTTP/1.1" 200 14253
190.171.141.82 - - [26/May/2023:11:33:45 -0300] "GET /cormun/servlet/trlicencias HTTP/1.1" 200 14253
190.171.142.42 - - [26/May/2023:11:33:47 -0300] "POST /cormun/servlet/solicitudot?gx-no-cache=1685110696262 HTTP/1.1" 200 297
190.171.142.42 - - [26/May/2023:11:33:50 -0300] "POST /cormun/servlet/solicitudot?gx-no-cache=1685110699283 HTTP/1.1" 200 255
190.171.141.106 - - [26/May/2023:11:34:11 -0300] "POST /cormun/servlet/trsolicitudot?9aa38ff39bd13006cafc5b06b775a15a,,gx-no-cache=1685111073952 HTTP/1.1" 200 107
190.171.141.106 - - [26/May/2023:11:34:11 -0300] "GET /cormun/servlet/trsolicitudadjuntos?2023,20282, HTTP/1.1" 200 6313
190.171.141.106 - - [26/May/2023:11:34:11 -0300] "GET /cormun/servlet/trsolicitudadjuntos?2023,20282, HTTP/1.1" 200 6313
190.171.141.82 - - [26/May/2023:11:34:15 -0300] "POST /cormun/servlet/trlicencias?7ee946326c77f5b0cf9b44113bbe591b,gx-no-cache=1685110725597 HTTP/1.1" 200 6655
190.171.141.82 - - [26/May/2023:11:34:19 -0300] "GET /cormun/servlet/licenciaspermisos?DSP,7909623,L,20230301000000, HTTP/1.1" 200 7048
190.171.141.82 - - [26/May/2023:11:34:20 -0300] "GET /cormun/servlet/licenciaspermisos?DSP,7909623,L,20230301000000, HTTP/1.1" 200 7049
190.171.141.82 - - [26/May/2023:11:34:55 -0300] "POST /cormun/servlet/licenciaspermisos?7ee946326c77f5b0cf9b44113bbe591b,DSP,7909623,L,20230301000000,,gx-no-cache=1685110765691 HTTP/1.1" 200 93
190.171.141.82 - - [26/May/2023:11:34:55 -0300] "GET /cormun/servlet/hpexe_return? HTTP/1.1" 200 1044
190.171.141.82 - - [26/May/2023:11:34:55 -0300] "GET /cormun/servlet/trlicencias?gx-no-cache=1685110725597 HTTP/1.1" 200 9200
190.171.141.82 - - [26/May/2023:11:34:56 -0300] "GET /cormun/servlet/trlicencias?gx-no-cache=1685110725597 HTTP/1.1" 200 9217
190.171.141.82 - - [26/May/2023:11:34:59 -0300] "GET /cormun/servlet/licenciaspermisos?DSP,7909623,L,20230325000000, HTTP/1.1" 200 7080
190.171.141.82 - - [26/May/2023:11:34:59 -0300] "GET /cormun/servlet/licenciaspermisos?DSP,7909623,L,20230325000000, HTTP/1.1" 200 7058
190.171.152.234 - - [26/May/2023:11:35:18 -0300] "POST /cormun/servlet/trautorizarsolicitud?d2d9f0eff1dbfaa8b30c95bf5d452c02,,gx-no-cache=1685107313549 HTTP/1.1" 200 5983
190.171.152.234 - - [26/May/2023:11:35:18 -0300] "POST /cormun/servlet/trautorizarsolicitud?d2d9f0eff1dbfaa8b30c95bf5d452c02,,gx-no-cache=1685107313894 HTTP/1.1" 200 5982
190.171.152.234 - - [26/May/2023:11:35:19 -0300] "POST /cormun/servlet/trautorizarsolicitud?d2d9f0eff1dbfaa8b30c95bf5d452c02,,gx-no-cache=1685107314622 HTTP/1.1" 200 5983
190.171.152.234 - - [26/May/2023:11:35:19 -0300] "POST /cormun/servlet/trautorizarsolicitud?d2d9f0eff1dbfaa8b30c95bf5d452c02,,gx-no-cache=1685107314793 HTTP/1.1" 200 5983
190.171.141.82 - - [26/May/2023:11:35:26 -0300] "POST /cormun/servlet/licenciaspermisos?7ee946326c77f5b0cf9b44113bbe591b,DSP,7909623,L,20230325000000,,gx-no-cache=1685110796643 HTTP/1.1" 200 93
190.171.141.82 - - [26/May/2023:11:35:26 -0300] "GET /cormun/servlet/hpexe_return? HTTP/1.1" 200 1044
190.171.141.82 - - [26/May/2023:11:35:26 -0300] "GET /cormun/servlet/trlicencias?gx-no-cache=1685110725597 HTTP/1.1" 200 9200
190.171.141.106 - - [26/May/2023:11:35:27 -0300] "GET /cormun/servlet/trsolicitudot? HTTP/1.1" 200 8821
190.171.141.82 - - [26/May/2023:11:35:27 -0300] "GET /cormun/servlet/trlicencias?gx-no-cache=1685110725597 HTTP/1.1" 200 9217
190.171.141.106 - - [26/May/2023:11:35:27 -0300] "GET /cormun/servlet/trsolicitudot? HTTP/1.1" 200 8820
190.171.152.234 - - [26/May/2023:11:35:30 -0300] "POST /cormun/servlet/trautorizarsolicitud?d2d9f0eff1dbfaa8b30c95bf5d452c02,,gx-no-cache=1685107325988 HTTP/1.1" 200 5983
190.171.141.82 - - [26/May/2023:11:35:31 -0300] "GET /cormun/servlet/licenciaspermisos?DSP,7909623,L,20230409000000, HTTP/1.1" 200 7074
190.171.141.82 - - [26/May/2023:11:35:31 -0300] "GET /cormun/servlet/licenciaspermisos?DSP,7909623,L,20230409000000, HTTP/1.1" 200 7052
