186.67.172.234 - - [25/May/2023:10:40:53 -0300] "GET /cormun/servlet/solicitudotadjuntos?INS,2023,20260,,1, HTTP/1.1" 200 6240
186.67.172.234 - - [25/May/2023:10:40:53 -0300] "GET /cormun/static/about:blank HTTP/1.1" 404 1011
186.67.172.234 - - [25/May/2023:10:40:53 -0300] "GET /cormun/servlet/solicitudotadjuntos?INS,2023,20260,,1, HTTP/1.1" 200 6233
186.67.172.234 - - [25/May/2023:10:40:54 -0300] "GET /cormun/servlet/solicitudotadjuntos?be63759ae861af01a4213f882a84ce79543f51bcfde0f848e4c8123b4e1ba8e31d0b7b1950d58252c8ca6157bacdd8bf,gx-no-cache=1685021124419 HTTP/1.1" 200 30
186.67.172.234 - - [25/May/2023:10:40:54 -0300] "POST /cormun/servlet/solicitudotadjuntos?5fd8aecf050e859b936d7927966c8c0d,INS,2023,20260,,1,,gx-no-cache=1685021124430 HTTP/1.1" 200 4188
186.67.172.234 - - [25/May/2023:10:40:57 -0300] "POST /cormun/servlet/solicitudotadjuntos?gx-no-cache=1685021127306 HTTP/1.1" 200 26
190.171.149.90 - - [25/May/2023:10:42:05 -0300] "GET /cormun/servlet/hlogin HTTP/1.1" 200 1715
190.171.149.90 - - [25/May/2023:10:42:06 -0300] "GET /cormun/servlet/hlogin HTTP/1.1" 200 1725
190.171.149.90 - - [25/May/2023:10:42:06 -0300] "GET /favicon.ico HTTP/1.1" 200 21630
190.171.149.90 - - [25/May/2023:10:42:11 -0300] "POST /cormun/servlet/hlogin?387fd063aa0cd75552394c2379cb9b40,gx-no-cache=1685021232474 HTTP/1.1" 200 90
190.171.149.90 - - [25/May/2023:10:42:11 -0300] "GET /cormun/servlet/hpexe_link HTTP/1.1" 200 947
190.171.149.90 - - [25/May/2023:10:42:11 -0300] "GET /cormun/servlet/hhome HTTP/1.1" 200 3941
190.171.149.90 - - [25/May/2023:10:42:13 -0300] "GET /cormun/servlet/hhome HTTP/1.1" 200 3938
190.171.149.90 - - [25/May/2023:10:42:15 -0300] "GET /cormun/servlet/trpermisosgoce? HTTP/1.1" 200 10488
190.171.149.90 - - [25/May/2023:10:42:17 -0300] "GET /cormun/servlet/trpermisosgoce? HTTP/1.1" 200 10486
190.171.149.90 - - [25/May/2023:10:42:21 -0300] "GET /cormun/servlet/permisogoce?INS,0,,, HTTP/1.1" 200 6808
190.171.149.90 - - [25/May/2023:10:42:22 -0300] "GET /cormun/servlet/permisogoce?INS,0,,, HTTP/1.1" 200 6808
190.171.149.90 - - [25/May/2023:10:42:28 -0300] "GET /cormun/servlet/permisogoce?28aa271e0cb11efae61a64ab5912ad8df205f3a7a912607b5cf74ceaa16708af9ad4548cd7e61a66b6df3a7c21eef54d100351f8fb6f9cdfb410eda5794782d6,gx-no-cache=1685021250089 HTTP/1.1" 200 78
190.171.149.90 - - [25/May/2023:10:42:30 -0300] "GET /cormun/static/menuarrow.gif HTTP/1.1" 404 1015
190.171.149.90 - - [25/May/2023:10:42:34 -0300] "GET /cormun/servlet/permisogoce?28aa271e0cb11efae61a64ab5912ad8d24e45d3fb7e006a45715373053830e42cbdd3113171c87639ec7a5b8dc2c87252c86886d8ba46d8720e323d46c8b0c0a,gx-no-cache=1685021256120 HTTP/1.1" 200 47
190.171.149.90 - - [25/May/2023:10:42:37 -0300] "POST /cormun/servlet/permisogoce?387fd063aa0cd75552394c2379cb9b40,INS,0,,,,gx-no-cache=1685021257858 HTTP/1.1" 200 93
190.171.149.90 - - [25/May/2023:10:42:37 -0300] "GET /cormun/servlet/hpexe_return? HTTP/1.1" 200 1005
190.171.149.90 - - [25/May/2023:10:42:37 -0300] "GET /cormun/servlet/trpermisosgoce HTTP/1.1" 200 10725
190.171.149.90 - - [25/May/2023:10:42:38 -0300] "GET /cormun/servlet/trpermisosgoce HTTP/1.1" 200 10720
190.171.149.90 - - [25/May/2023:10:42:41 -0300] "GET /cormun/servlet/apermisogoceprn?9723748,P,20230525092600,PU HTTP/1.1" 200 1649
190.171.149.90 - - [25/May/2023:10:44:47 -0300] "POST /cormun/servlet/trpermisosgoce?387fd063aa0cd75552394c2379cb9b40,gx-no-cache=1685021388048 HTTP/1.1" 200 7794
190.171.149.90 - - [25/May/2023:10:44:47 -0300] "POST /cormun/servlet/trpermisosgoce?387fd063aa0cd75552394c2379cb9b40,gx-no-cache=1685021388581 HTTP/1.1" 200 7774
190.171.149.90 - - [25/May/2023:10:44:50 -0300] "GET /cormun/servlet/permisogoce?INS,0,,, HTTP/1.1" 200 6809
190.171.149.90 - - [25/May/2023:10:44:52 -0300] "GET /cormun/servlet/permisogoce?INS,0,,, HTTP/1.1" 200 6808
40.77.167.153 - - [25/May/2023:10:44:55 -0300] "GET /cormun/servlet/hhome HTTP/1.1" 200 3323
190.171.149.90 - - [25/May/2023:10:45:00 -0300] "GET /cormun/servlet/permisogoce?28aa271e0cb11efae61a64ab5912ad8df205f3a7a912607b5cf74ceaa16708af9ad4548cd7e61a66b6df3a7c21eef54d100351f8fb6f9cdfb410eda5794782d6,gx-no-cache=1685021402143 HTTP/1.1" 200 78
190.171.149.90 - - [25/May/2023:10:45:02 -0300] "GET /cormun/static/menuarrow.gif HTTP/1.1" 404 1015
190.171.149.90 - - [25/May/2023:10:45:08 -0300] "GET /cormun/servlet/permisogoce?28aa271e0cb11efae61a64ab5912ad8d24e45d3fb7e006a45715373053830e42217242f1ab46e3e2f556c190a5892fd97da057e827f5d1df0ff054fdc50a1c65,gx-no-cache=1685021409296 HTTP/1.1" 200 47
40.77.167.231 - - [25/May/2023:10:45:09 -0300] "GET /cormun/servlet/hpexe_return HTTP/1.1" 200 984
190.171.149.90 - - [25/May/2023:10:45:13 -0300] "POST /cormun/servlet/permisogoce?387fd063aa0cd75552394c2379cb9b40,INS,0,,,,gx-no-cache=1685021414571 HTTP/1.1" 200 93
190.171.149.90 - - [25/May/2023:10:45:13 -0300] "GET /cormun/servlet/hpexe_return? HTTP/1.1" 200 1027
190.171.149.90 - - [25/May/2023:10:45:14 -0300] "GET /cormun/servlet/trpermisosgoce?gx-no-cache=1685021388581 HTTP/1.1" 200 10736
190.171.149.90 - - [25/May/2023:10:45:16 -0300] "GET /cormun/servlet/trpermisosgoce?gx-no-cache=1685021388581 HTTP/1.1" 200 10752
190.171.149.90 - - [25/May/2023:10:45:18 -0300] "GET /cormun/servlet/apermisogoceprn?9723748,P,20230525092829,PU HTTP/1.1" 200 1652
64.227.43.239 - - [25/May/2023:10:46:57 -0300] "žš¬¦*T‡á¢7UÚéŸj)•?x+M¯gjR[ Ë»zft|¼Èë HöÖú臯ošA " 400 -
64.227.43.239 - - [25/May/2023:10:46:58 -0300] "-" 400 -
64.227.43.239 - - [25/May/2023:10:46:58 -0300] "ZV½:™]u͑ðrzO/Ø&¿®‡mÁ1%þP®ÌJ´˜zړ G²ìù0ŸÞúŸ¼¤ã„ð9Ø6ÞªQÞ88A&ÿ HÀÀÌÌ©ÀsÀrÀ,À¯À­À$À " 400 -
64.227.43.239 - - [25/May/2023:10:47:04 -0300] "uqÖøÉ‹÷Çtƒ’9»«,Î üôT Ðò¨ƒ¢Ýz ²ˆ·¢†³žx\+ÜÊ}þÍäÁæ<*“{ÞM " 400 -
64.227.43.239 - - [25/May/2023:10:47:04 -0300] "-" 400 -
64.227.43.239 - - [25/May/2023:10:47:05 -0300] "«§uý_ t‡À’¾âè¶)ùê/‰%ÂÉA6؛ùU›ë ±µ–Fr– " 400 -
64.227.43.239 - - [25/May/2023:10:47:05 -0300] "«§a¯q‚Á⢪K­z¦9ö¼Ì¯Œ!«€á° ÁÔ?޶p_òãŒÂQÁí%î°©PÛÑ=ýGk " 400 -
64.227.43.239 - - [25/May/2023:10:47:06 -0300] "¡Õ6=È,^µR\V!´O¥{lDŽZk ª³¡ä® ágÄÐõUYz:¤‚k " 400 -
40.77.167.153 - - [25/May/2023:10:47:06 -0300] "GET /cormun/servlet/hhome HTTP/1.1" 200 3325
64.227.43.239 - - [25/May/2023:10:47:06 -0300] "ŒhîNà‰>á77iHVïÒ¶`B§Pòdd¾XŒCó^‚ òø$fþS› êT¹Ü·þ»Ys(žIÛ'/ëç첡DŠÀÀÀÀ'ÌÀ/ÀÀ(Ì©À0ÀsÀ`ÀrÀaÀ,ÀvÀ¯ÀwÀ­Ì¨À$À " 400 -
190.171.144.234 - - [25/May/2023:10:52:16 -0300] "GET /cormun/servlet/hlogin HTTP/1.1" 200 1723
190.171.144.234 - - [25/May/2023:10:52:20 -0300] "POST /cormun/servlet/hlogin?9c352257fae1cfd79f7bb3b8088be8bb,gx-no-cache=1685021811020 HTTP/1.1" 200 90
190.171.144.234 - - [25/May/2023:10:52:20 -0300] "GET /cormun/servlet/hpexe_link HTTP/1.1" 200 954
190.171.144.234 - - [25/May/2023:10:52:21 -0300] "GET /cormun/servlet/hhome HTTP/1.1" 200 3994
190.171.144.234 - - [25/May/2023:10:52:21 -0300] "GET /cormun/servlet/hhome HTTP/1.1" 200 3990
190.171.144.234 - - [25/May/2023:10:52:24 -0300] "GET /cormun/servlet/trpermisosgoce? HTTP/1.1" 200 10153
190.171.144.234 - - [25/May/2023:10:52:25 -0300] "GET /cormun/servlet/trpermisosgoce? HTTP/1.1" 200 10151
186.67.172.234 - - [25/May/2023:10:52:52 -0300] "GET /cormun/servlet/hlogin HTTP/1.1" 200 1719
186.67.172.234 - - [25/May/2023:10:53:05 -0300] "POST /cormun/servlet/hlogin?5fd8aecf050e859b936d7927966c8c0d,gx-no-cache=1685021855427 HTTP/1.1" 200 90
186.67.172.234 - - [25/May/2023:10:53:05 -0300] "GET /cormun/servlet/hpexe_link HTTP/1.1" 200 976
186.67.172.234 - - [25/May/2023:10:53:05 -0300] "GET /cormun/servlet/solicitudotadjuntos?INS,2023,20260,,1, HTTP/1.1" 200 6235
186.67.172.234 - - [25/May/2023:10:53:05 -0300] "GET /cormun/static/about:blank HTTP/1.1" 404 1011
186.67.172.234 - - [25/May/2023:10:53:05 -0300] "GET /cormun/servlet/solicitudotadjuntos?INS,2023,20260,,1, HTTP/1.1" 200 6234
186.67.172.234 - - [25/May/2023:10:53:06 -0300] "GET /cormun/servlet/solicitudotadjuntos?be63759ae861af01a4213f882a84ce79543f51bcfde0f848e4c8123b4e1ba8e31d0b7b1950d58252c8ca6157bacdd8bf,gx-no-cache=1685021856534 HTTP/1.1" 200 30
186.67.172.234 - - [25/May/2023:10:53:06 -0300] "POST /cormun/servlet/solicitudotadjuntos?5fd8aecf050e859b936d7927966c8c0d,INS,2023,20260,,1,,gx-no-cache=1685021856547 HTTP/1.1" 200 4178
186.67.172.234 - - [25/May/2023:10:53:15 -0300] "GET /cormun/servlet/trsolicitudot? HTTP/1.1" 200 8721
186.67.172.234 - - [25/May/2023:10:53:15 -0300] "GET /cormun/servlet/trsolicitudot? HTTP/1.1" 200 8709
186.67.172.234 - - [25/May/2023:10:53:18 -0300] "POST /cormun/servlet/trsolicitudot?5fd8aecf050e859b936d7927966c8c0d,,gx-no-cache=1685021868080 HTTP/1.1" 200 107
186.67.172.234 - - [25/May/2023:10:53:18 -0300] "GET /cormun/servlet/trsolicitudadjuntos?2023,20260, HTTP/1.1" 200 9471
186.67.172.234 - - [25/May/2023:10:53:18 -0300] "GET /cormun/servlet/trsolicitudadjuntos?2023,20260, HTTP/1.1" 200 9474
186.67.172.234 - - [25/May/2023:10:53:21 -0300] "GET /cormun/servlet/solicitudotadjuntos?DLT,2023,20260,CERTIF3,0, HTTP/1.1" 200 6214
186.67.172.234 - - [25/May/2023:10:53:22 -0300] "GET /cormun/static/Shared/jqueryui/images/ui-icons_82798d_256x240.png HTTP/1.1" 404 1089
186.67.172.234 - - [25/May/2023:10:53:22 -0300] "GET /cormun/static/Shared/jqueryui/images/ui-bg_flat_55_fafafa_40x100.png HTTP/1.1" 404 1097
186.67.172.234 - - [25/May/2023:10:53:22 -0300] "GET /cormun/static/Shared/jqueryui/images/ui-bg_highlight-soft_100_c6c2c8_1x100.png HTTP/1.1" 404 1117
186.67.172.234 - - [25/May/2023:10:53:22 -0300] "GET /cormun/static/Shared/jqueryui/images/ui-icons_8d78a5_256x240.png HTTP/1.1" 404 1089
186.67.172.234 - - [25/May/2023:10:53:22 -0300] "GET /cormun/servlet/solicitudotadjuntos?DLT,2023,20260,CERTIF3,0, HTTP/1.1" 200 6208
186.67.172.234 - - [25/May/2023:10:53:22 -0300] "GET /cormun/PublicTempStorage/afiliacion_afp4313974.pdf HTTP/1.1" 200 150068
190.171.144.234 - - [25/May/2023:10:53:26 -0300] "POST /cormun/servlet/trpermisosgoce?9c352257fae1cfd79f7bb3b8088be8bb,,gx-no-cache=1685021876327 HTTP/1.1" 200 7184
190.171.144.234 - - [25/May/2023:10:53:26 -0300] "POST /cormun/servlet/trpermisosgoce?9c352257fae1cfd79f7bb3b8088be8bb,,gx-no-cache=1685021876758 HTTP/1.1" 200 7164
186.67.172.234 - - [25/May/2023:10:53:26 -0300] "POST /cormun/servlet/solicitudotadjuntos?5fd8aecf050e859b936d7927966c8c0d,DLT,2023,20260,CERTIF3,0,,gx-no-cache=1685021876733 HTTP/1.1" 200 93
186.67.172.234 - - [25/May/2023:10:53:26 -0300] "GET /cormun/servlet/hpexe_return? HTTP/1.1" 200 1031
186.67.172.234 - - [25/May/2023:10:53:27 -0300] "GET /cormun/servlet/trsolicitudadjuntos?2023,20260, HTTP/1.1" 200 9233
186.67.172.234 - - [25/May/2023:10:53:27 -0300] "GET /cormun/servlet/trsolicitudadjuntos?2023,20260, HTTP/1.1" 200 9230
190.171.144.234 - - [25/May/2023:10:53:29 -0300] "POST /cormun/servlet/trpermisosgoce?9c352257fae1cfd79f7bb3b8088be8bb,,gx-no-cache=1685021878584 HTTP/1.1" 200 104
190.171.144.234 - - [25/May/2023:10:53:29 -0300] "GET /cormun/PermisosGoce-1009.xls HTTP/1.1" 200 6144
186.67.172.234 - - [25/May/2023:10:53:29 -0300] "GET /cormun/servlet/solicitudotadjuntos?INS,2023,20260,,1, HTTP/1.1" 200 6241
186.67.172.234 - - [25/May/2023:10:53:29 -0300] "GET /cormun/static/about:blank HTTP/1.1" 404 1011
186.67.172.234 - - [25/May/2023:10:53:29 -0300] "GET /cormun/servlet/solicitudotadjuntos?INS,2023,20260,,1, HTTP/1.1" 200 6234
186.67.172.234 - - [25/May/2023:10:53:29 -0300] "GET /cormun/servlet/solicitudotadjuntos?be63759ae861af01a4213f882a84ce79543f51bcfde0f848e4c8123b4e1ba8e31d0b7b1950d58252c8ca6157bacdd8bf,gx-no-cache=1685021880062 HTTP/1.1" 200 30
186.67.172.234 - - [25/May/2023:10:53:30 -0300] "POST /cormun/servlet/solicitudotadjuntos?5fd8aecf050e859b936d7927966c8c0d,INS,2023,20260,,1,,gx-no-cache=1685021880074 HTTP/1.1" 200 4189
186.67.172.234 - - [25/May/2023:10:53:34 -0300] "POST /cormun/servlet/solicitudotadjuntos?gx-no-cache=1685021884530 HTTP/1.1" 200 26
190.171.144.234 - - [25/May/2023:10:53:37 -0300] "GET /cormun/servlet/permisogoce?INS,0,,, HTTP/1.1" 200 6856
190.171.144.234 - - [25/May/2023:10:53:38 -0300] "GET /cormun/servlet/permisogoce?INS,0,,, HTTP/1.1" 200 6857
186.67.172.234 - - [25/May/2023:10:53:56 -0300] "GET /cormun/servlet/solicitudotadjuntos?be63759ae861af01a4213f882a84ce797cd645df51061c3221f712be4171bc0d,gx-no-cache=1685021906122 HTTP/1.1" 200 30
186.67.172.234 - - [25/May/2023:10:53:56 -0300] "GET /cormun/servlet/solicitudotadjuntos?be63759ae861af01a4213f882a84ce797cd645df51061c3221f712be4171bc0d,gx-no-cache=1685021906137 HTTP/1.1" 200 30
186.67.172.234 - - [25/May/2023:10:53:56 -0300] "POST /cormun/servlet/solicitudotadjuntos?5fd8aecf050e859b936d7927966c8c0d,INS,2023,20260,,1, HTTP/1.1" 200 116
186.67.172.234 - - [25/May/2023:10:53:56 -0300] "GET /cormun/servlet/hpexe_return? HTTP/1.1" 200 1025
186.67.172.234 - - [25/May/2023:10:53:56 -0300] "GET /cormun/servlet/trsolicitudadjuntos?2023,20260, HTTP/1.1" 200 9466
186.67.172.234 - - [25/May/2023:10:53:56 -0300] "GET /cormun/servlet/trsolicitudadjuntos?2023,20260, HTTP/1.1" 200 9465
190.171.144.234 - - [25/May/2023:10:53:57 -0300] "GET /cormun/servlet/permisogoce?de346c51b827a56a0e797e9b50e413b245d9a244ca5639672b03832d4ea52e09dd6f233a6da6b8b0c0c9594c5a74d937d6e28bb39661a940a4b50c5b6d7fa9a5,gx-no-cache=1685021908145 HTTP/1.1" 200 81
190.171.144.234 - - [25/May/2023:10:53:57 -0300] "GET /cormun/static/menuarrow.gif HTTP/1.1" 404 1015
186.67.172.234 - - [25/May/2023:10:53:58 -0300] "GET /cormun/servlet/solicitudotadjuntos?INS,2023,20260,,1, HTTP/1.1" 200 6241
186.67.172.234 - - [25/May/2023:10:53:58 -0300] "GET /cormun/static/about:blank HTTP/1.1" 404 1011
186.67.172.234 - - [25/May/2023:10:53:58 -0300] "GET /cormun/servlet/solicitudotadjuntos?INS,2023,20260,,1, HTTP/1.1" 200 6234
186.67.172.234 - - [25/May/2023:10:53:59 -0300] "GET /cormun/servlet/solicitudotadjuntos?be63759ae861af01a4213f882a84ce79543f51bcfde0f848e4c8123b4e1ba8e31d0b7b1950d58252c8ca6157bacdd8bf,gx-no-cache=1685021909254 HTTP/1.1" 200 30
186.67.172.234 - - [25/May/2023:10:53:59 -0300] "POST /cormun/servlet/solicitudotadjuntos?5fd8aecf050e859b936d7927966c8c0d,INS,2023,20260,,1,,gx-no-cache=1685021909267 HTTP/1.1" 200 4189
186.67.172.234 - - [25/May/2023:10:54:01 -0300] "POST /cormun/servlet/solicitudotadjuntos?gx-no-cache=1685021911986 HTTP/1.1" 200 26
190.171.144.234 - - [25/May/2023:10:54:06 -0300] "GET /cormun/servlet/permisogoce?de346c51b827a56a0e797e9b50e413b26825a4fa62ca1ec52aff04b503577988d8d4827d20e0fe07a55ae388cd3a677ece40c8a0199ea44b573f5da4608ab40d,gx-no-cache=1685021916911 HTTP/1.1" 200 47
186.67.172.234 - - [25/May/2023:10:54:09 -0300] "GET /cormun/servlet/solicitudotadjuntos?be63759ae861af01a4213f882a84ce797cd645df51061c3221f712be4171bc0d,gx-no-cache=1685021919354 HTTP/1.1" 200 30
186.67.172.234 - - [25/May/2023:10:54:09 -0300] "GET /cormun/servlet/solicitudotadjuntos?be63759ae861af01a4213f882a84ce797cd645df51061c3221f712be4171bc0d,gx-no-cache=1685021919365 HTTP/1.1" 200 30
186.67.172.234 - - [25/May/2023:10:54:09 -0300] "POST /cormun/servlet/solicitudotadjuntos?5fd8aecf050e859b936d7927966c8c0d,INS,2023,20260,,1, HTTP/1.1" 200 116
186.67.172.234 - - [25/May/2023:10:54:09 -0300] "GET /cormun/servlet/hpexe_return? HTTP/1.1" 200 1025
186.67.172.234 - - [25/May/2023:10:54:09 -0300] "GET /cormun/servlet/trsolicitudadjuntos?2023,20260, HTTP/1.1" 200 9705
186.67.172.234 - - [25/May/2023:10:54:10 -0300] "GET /cormun/servlet/trsolicitudadjuntos?2023,20260, HTTP/1.1" 200 9703
190.171.144.234 - - [25/May/2023:10:54:11 -0300] "POST /cormun/servlet/permisogoce?9c352257fae1cfd79f7bb3b8088be8bb,INS,0,,,,gx-no-cache=1685021921058 HTTP/1.1" 200 93
186.67.172.234 - - [25/May/2023:10:54:11 -0300] "GET /cormun/servlet/solicitudotadjuntos?INS,2023,20260,,1, HTTP/1.1" 200 6241
190.171.144.234 - - [25/May/2023:10:54:11 -0300] "GET /cormun/servlet/hpexe_return? HTTP/1.1" 200 1013
186.67.172.234 - - [25/May/2023:10:54:11 -0300] "GET /cormun/static/about:blank HTTP/1.1" 404 1011
186.67.172.234 - - [25/May/2023:10:54:11 -0300] "GET /cormun/servlet/solicitudotadjuntos?INS,2023,20260,,1, HTTP/1.1" 200 6234
190.171.144.234 - - [25/May/2023:10:54:11 -0300] "GET /cormun/servlet/trpermisosgoce? HTTP/1.1" 200 10163
186.67.172.234 - - [25/May/2023:10:54:12 -0300] "GET /cormun/servlet/solicitudotadjuntos?be63759ae861af01a4213f882a84ce79543f51bcfde0f848e4c8123b4e1ba8e31d0b7b1950d58252c8ca6157bacdd8bf,gx-no-cache=1685021922204 HTTP/1.1" 200 30
186.67.172.234 - - [25/May/2023:10:54:12 -0300] "POST /cormun/servlet/solicitudotadjuntos?5fd8aecf050e859b936d7927966c8c0d,INS,2023,20260,,1,,gx-no-cache=1685021922217 HTTP/1.1" 200 4189
190.171.144.234 - - [25/May/2023:10:54:12 -0300] "GET /cormun/servlet/trpermisosgoce? HTTP/1.1" 200 10158
186.67.172.234 - - [25/May/2023:10:54:18 -0300] "POST /cormun/servlet/solicitudotadjuntos?gx-no-cache=1685021928484 HTTP/1.1" 200 26
190.171.144.234 - - [25/May/2023:10:54:20 -0300] "GET /cormun/servlet/apermisogoceprn?19017235,P,20230525093716,PU HTTP/1.1" 200 1659
186.67.172.234 - - [25/May/2023:10:54:24 -0300] "GET /cormun/servlet/solicitudotadjuntos?be63759ae861af01a4213f882a84ce797cd645df51061c3221f712be4171bc0d,gx-no-cache=1685021934898 HTTP/1.1" 200 30
186.67.172.234 - - [25/May/2023:10:54:24 -0300] "GET /cormun/servlet/solicitudotadjuntos?be63759ae861af01a4213f882a84ce797cd645df51061c3221f712be4171bc0d,gx-no-cache=1685021934908 HTTP/1.1" 200 30
186.67.172.234 - - [25/May/2023:10:54:25 -0300] "POST /cormun/servlet/solicitudotadjuntos?5fd8aecf050e859b936d7927966c8c0d,INS,2023,20260,,1, HTTP/1.1" 200 116
186.67.172.234 - - [25/May/2023:10:54:25 -0300] "GET /cormun/servlet/hpexe_return? HTTP/1.1" 200 1025
186.67.172.234 - - [25/May/2023:10:54:25 -0300] "GET /cormun/servlet/trsolicitudadjuntos?2023,20260, HTTP/1.1" 200 9974
186.67.172.234 - - [25/May/2023:10:54:26 -0300] "GET /cormun/servlet/trsolicitudadjuntos?2023,20260, HTTP/1.1" 200 9974
186.67.172.234 - - [25/May/2023:10:54:27 -0300] "GET /cormun/servlet/solicitudotadjuntos?INS,2023,20260,,1, HTTP/1.1" 200 6242
186.67.172.234 - - [25/May/2023:10:54:27 -0300] "GET /cormun/static/about:blank HTTP/1.1" 404 1011
186.67.172.234 - - [25/May/2023:10:54:27 -0300] "GET /cormun/servlet/solicitudotadjuntos?INS,2023,20260,,1, HTTP/1.1" 200 6234
186.67.172.234 - - [25/May/2023:10:54:28 -0300] "GET /cormun/servlet/solicitudotadjuntos?be63759ae861af01a4213f882a84ce79543f51bcfde0f848e4c8123b4e1ba8e31d0b7b1950d58252c8ca6157bacdd8bf,gx-no-cache=1685021938379 HTTP/1.1" 200 30
186.67.172.234 - - [25/May/2023:10:54:28 -0300] "POST /cormun/servlet/solicitudotadjuntos?5fd8aecf050e859b936d7927966c8c0d,INS,2023,20260,,1,,gx-no-cache=1685021938392 HTTP/1.1" 200 4189
186.67.172.234 - - [25/May/2023:10:54:30 -0300] "POST /cormun/servlet/solicitudotadjuntos?gx-no-cache=1685021940234 HTTP/1.1" 200 26
40.77.167.231 - - [25/May/2023:10:54:32 -0300] "GET /cormun/servlet/trlicencias HTTP/1.1" 200 6034
186.67.172.234 - - [25/May/2023:10:54:35 -0300] "GET /cormun/servlet/solicitudotadjuntos?be63759ae861af01a4213f882a84ce797cd645df51061c3221f712be4171bc0d,gx-no-cache=1685021945570 HTTP/1.1" 200 30
186.67.172.234 - - [25/May/2023:10:54:35 -0300] "GET /cormun/servlet/solicitudotadjuntos?be63759ae861af01a4213f882a84ce797cd645df51061c3221f712be4171bc0d,gx-no-cache=1685021945581 HTTP/1.1" 200 30
186.67.172.234 - - [25/May/2023:10:54:35 -0300] "POST /cormun/servlet/solicitudotadjuntos?5fd8aecf050e859b936d7927966c8c0d,INS,2023,20260,,1, HTTP/1.1" 200 116
186.67.172.234 - - [25/May/2023:10:54:35 -0300] "GET /cormun/servlet/hpexe_return? HTTP/1.1" 200 1025
186.67.172.234 - - [25/May/2023:10:54:36 -0300] "GET /cormun/servlet/trsolicitudadjuntos?2023,20260, HTTP/1.1" 200 10282
186.67.172.234 - - [25/May/2023:10:54:36 -0300] "GET /cormun/servlet/trsolicitudadjuntos?2023,20260, HTTP/1.1" 200 10281
186.67.172.234 - - [25/May/2023:10:54:37 -0300] "GET /cormun/servlet/solicitudotadjuntos?INS,2023,20260,,1, HTTP/1.1" 200 6242
186.67.172.234 - - [25/May/2023:10:54:37 -0300] "GET /cormun/static/about:blank HTTP/1.1" 404 1011
186.67.172.234 - - [25/May/2023:10:54:37 -0300] "GET /cormun/servlet/solicitudotadjuntos?INS,2023,20260,,1, HTTP/1.1" 200 6234
190.171.144.234 - - [25/May/2023:10:54:38 -0300] "GET /cormun/servlet/permisogoce?INS,0,,, HTTP/1.1" 200 6858
186.67.172.234 - - [25/May/2023:10:54:38 -0300] "GET /cormun/servlet/solicitudotadjuntos?be63759ae861af01a4213f882a84ce79543f51bcfde0f848e4c8123b4e1ba8e31d0b7b1950d58252c8ca6157bacdd8bf,gx-no-cache=1685021948402 HTTP/1.1" 200 30
186.67.172.234 - - [25/May/2023:10:54:38 -0300] "POST /cormun/servlet/solicitudotadjuntos?5fd8aecf050e859b936d7927966c8c0d,INS,2023,20260,,1,,gx-no-cache=1685021948415 HTTP/1.1" 200 4189
190.171.144.234 - - [25/May/2023:10:54:38 -0300] "GET /cormun/servlet/permisogoce?INS,0,,, HTTP/1.1" 200 6856
186.67.172.234 - - [25/May/2023:10:54:40 -0300] "POST /cormun/servlet/solicitudotadjuntos?gx-no-cache=1685021950676 HTTP/1.1" 200 26
186.67.172.234 - - [25/May/2023:10:54:44 -0300] "GET /cormun/servlet/solicitudotadjuntos?be63759ae861af01a4213f882a84ce797cd645df51061c3221f712be4171bc0d,gx-no-cache=1685021954329 HTTP/1.1" 200 30
186.67.172.234 - - [25/May/2023:10:54:44 -0300] "GET /cormun/servlet/solicitudotadjuntos?be63759ae861af01a4213f882a84ce797cd645df51061c3221f712be4171bc0d,gx-no-cache=1685021954340 HTTP/1.1" 200 30
186.67.172.234 - - [25/May/2023:10:54:44 -0300] "POST /cormun/servlet/solicitudotadjuntos?5fd8aecf050e859b936d7927966c8c0d,INS,2023,20260,,1, HTTP/1.1" 200 116
186.67.172.234 - - [25/May/2023:10:54:44 -0300] "GET /cormun/servlet/hpexe_return? HTTP/1.1" 200 1025
186.67.172.234 - - [25/May/2023:10:54:45 -0300] "GET /cormun/servlet/trsolicitudadjuntos?2023,20260, HTTP/1.1" 200 10453
186.67.172.234 - - [25/May/2023:10:54:46 -0300] "GET /cormun/servlet/trsolicitudadjuntos?2023,20260, HTTP/1.1" 200 10452
186.67.172.234 - - [25/May/2023:10:54:48 -0300] "GET /cormun/PublicTempStorage/afiliacion7508597.pdf HTTP/1.1" 200 150068
186.67.172.234 - - [25/May/2023:10:55:06 -0300] "GET /cormun/servlet/trsolicitudadjuntos?2023,20260, HTTP/1.1" 200 10454
190.171.144.234 - - [25/May/2023:10:55:06 -0300] "GET /cormun/servlet/permisogoce?de346c51b827a56a0e797e9b50e413b2c95c7aaa965a6beab6ab16b134ad2a95dd6f233a6da6b8b0c0c9594c5a74d937d6e28bb39661a940a4b50c5b6d7fa9a5,gx-no-cache=1685021976564 HTTP/1.1" 200 82
190.171.144.234 - - [25/May/2023:10:55:06 -0300] "GET /cormun/static/menuarrow.gif HTTP/1.1" 404 1015
186.67.172.234 - - [25/May/2023:10:55:06 -0300] "GET /cormun/servlet/trsolicitudadjuntos?2023,20260, HTTP/1.1" 200 10452
190.171.134.178 - - [25/May/2023:10:55:08 -0300] "GET /cormun/servlet/hlogin HTTP/1.1" 200 1723
186.67.172.234 - - [25/May/2023:10:55:08 -0300] "POST /cormun/servlet/trsolicitudadjuntos?5fd8aecf050e859b936d7927966c8c0d,2023,20260,,gx-no-cache=1685021978670 HTTP/1.1" 200 90
186.67.172.234 - - [25/May/2023:10:55:08 -0300] "GET /cormun/servlet/hpexe_link HTTP/1.1" 200 968
186.67.172.234 - - [25/May/2023:10:55:08 -0300] "GET /cormun/servlet/trsolicitudot HTTP/1.1" 200 8710
186.67.172.234 - - [25/May/2023:10:55:08 -0300] "GET /cormun/servlet/trsolicitudot HTTP/1.1" 200 8709
190.171.134.178 - - [25/May/2023:10:55:10 -0300] "GET /cormun/servlet/hlogin HTTP/1.1" 200 1733
190.171.134.178 - - [25/May/2023:10:55:14 -0300] "POST /cormun/servlet/hlogin?ba8aaa900ddfeff77e90c97d95baf833,gx-no-cache=1685022763504 HTTP/1.1" 200 90
190.171.134.178 - - [25/May/2023:10:55:14 -0300] "GET /cormun/servlet/hpexe_link HTTP/1.1" 200 953
190.171.134.178 - - [25/May/2023:10:55:14 -0300] "GET /cormun/servlet/hhome HTTP/1.1" 200 3936
190.171.134.178 - - [25/May/2023:10:55:15 -0300] "GET /cormun/servlet/hhome HTTP/1.1" 200 3932
186.67.172.234 - - [25/May/2023:10:55:16 -0300] "POST /cormun/servlet/trsolicitudot?5fd8aecf050e859b936d7927966c8c0d,gx-no-cache=1685021986191 HTTP/1.1" 200 4599
186.67.172.234 - - [25/May/2023:10:55:16 -0300] "GET /cormun/static/Shared/jqueryui/images/ui-icons_82798d_256x240.png HTTP/1.1" 404 1089
186.67.172.234 - - [25/May/2023:10:55:16 -0300] "GET /cormun/static/Shared/jqueryui/images/ui-bg_highlight-soft_100_c6c2c8_1x100.png HTTP/1.1" 404 1117
186.67.172.234 - - [25/May/2023:10:55:16 -0300] "GET /cormun/static/Shared/jqueryui/images/ui-bg_flat_55_fafafa_40x100.png HTTP/1.1" 404 1097
186.67.172.234 - - [25/May/2023:10:55:16 -0300] "GET /cormun/static/Shared/jqueryui/images/ui-icons_8d78a5_256x240.png HTTP/1.1" 404 1089
186.67.172.234 - - [25/May/2023:10:55:16 -0300] "POST /cormun/servlet/trsolicitudot?5fd8aecf050e859b936d7927966c8c0d,gx-no-cache=1685021986385 HTTP/1.1" 200 4348
190.171.134.178 - - [25/May/2023:10:55:18 -0300] "GET /cormun/servlet/trlicencias? HTTP/1.1" 200 10729
190.171.134.178 - - [25/May/2023:10:55:19 -0300] "GET /cormun/servlet/trlicencias? HTTP/1.1" 200 10726
186.67.172.234 - - [25/May/2023:10:55:20 -0300] "GET /cormun/servlet/trautorizarsolicitud? HTTP/1.1" 200 9249
186.67.172.234 - - [25/May/2023:10:55:20 -0300] "GET /cormun/servlet/trautorizarsolicitud? HTTP/1.1" 200 9248
186.67.172.234 - - [25/May/2023:10:55:25 -0300] "POST /cormun/servlet/trautorizarsolicitud?5fd8aecf050e859b936d7927966c8c0d,,gx-no-cache=1685021995478 HTTP/1.1" 200 6045
186.67.172.234 - - [25/May/2023:10:55:25 -0300] "GET /cormun/static/Shared/jqueryui/images/ui-bg_highlight-soft_100_c6c2c8_1x100.png HTTP/1.1" 404 1117
186.67.172.234 - - [25/May/2023:10:55:25 -0300] "GET /cormun/static/Shared/jqueryui/images/ui-icons_82798d_256x240.png HTTP/1.1" 404 1089
186.67.172.234 - - [25/May/2023:10:55:25 -0300] "GET /cormun/static/Shared/jqueryui/images/ui-icons_8d78a5_256x240.png HTTP/1.1" 404 1089
186.67.172.234 - - [25/May/2023:10:55:25 -0300] "GET /cormun/static/Shared/jqueryui/images/ui-bg_flat_55_fafafa_40x100.png HTTP/1.1" 404 1097
186.67.172.234 - - [25/May/2023:10:55:25 -0300] "POST /cormun/servlet/trautorizarsolicitud?5fd8aecf050e859b936d7927966c8c0d,,gx-no-cache=1685021995622 HTTP/1.1" 200 5989
186.67.172.234 - - [25/May/2023:10:55:26 -0300] "POST /cormun/servlet/trautorizarsolicitud?5fd8aecf050e859b936d7927966c8c0d,,gx-no-cache=1685021996210 HTTP/1.1" 200 4793
186.67.172.234 - - [25/May/2023:10:55:26 -0300] "POST /cormun/servlet/trautorizarsolicitud?5fd8aecf050e859b936d7927966c8c0d,,gx-no-cache=1685021996356 HTTP/1.1" 200 4541
186.67.172.234 - - [25/May/2023:10:56:24 -0300] "GET /cormun/servlet/trsolicitudot? HTTP/1.1" 200 7232
186.67.172.234 - - [25/May/2023:10:56:24 -0300] "GET /cormun/servlet/trsolicitudot? HTTP/1.1" 200 7231
186.67.172.234 - - [25/May/2023:10:56:27 -0300] "GET /cormun/servlet/solicitudot?INS,0,0,false, HTTP/1.1" 200 16057
186.67.172.234 - - [25/May/2023:10:56:27 -0300] "GET /cormun/servlet/solicitudot?INS,0,0,false, HTTP/1.1" 200 16065
190.171.144.234 - - [25/May/2023:10:57:07 -0300] "GET /cormun/servlet/permisogoce?de346c51b827a56a0e797e9b50e413b20fcdc9320472106ac48d8f63a0fbeca330c0d0ac978f6846358f291f96b27d6649db7b2b50896bf9fac61ead8ad058b1,gx-no-cache=1685022098252 HTTP/1.1" 200 48
190.171.144.234 - - [25/May/2023:10:57:11 -0300] "POST /cormun/servlet/permisogoce?9c352257fae1cfd79f7bb3b8088be8bb,INS,0,,,,gx-no-cache=1685022101340 HTTP/1.1" 200 93
190.171.144.234 - - [25/May/2023:10:57:11 -0300] "GET /cormun/servlet/hpexe_return? HTTP/1.1" 200 1013
190.171.144.234 - - [25/May/2023:10:57:11 -0300] "GET /cormun/servlet/trpermisosgoce HTTP/1.1" 200 10386
190.171.144.234 - - [25/May/2023:10:57:11 -0300] "GET /cormun/servlet/trpermisosgoce HTTP/1.1" 200 10381
190.171.144.234 - - [25/May/2023:10:57:16 -0300] "GET /cormun/servlet/permisogoce?INS,0,,, HTTP/1.1" 200 6856
190.171.144.234 - - [25/May/2023:10:57:17 -0300] "GET /cormun/servlet/permisogoce?INS,0,,, HTTP/1.1" 200 6858
190.171.142.42 - - [25/May/2023:10:57:20 -0300] "GET /cormun/servlet/hlogin HTTP/1.1" 200 1722
190.171.142.42 - - [25/May/2023:10:57:29 -0300] "POST /cormun/servlet/hlogin?ff67ad479d2c11ae8f5237ecc7eb739a,gx-no-cache=1685022117286 HTTP/1.1" 200 90
190.171.142.42 - - [25/May/2023:10:57:29 -0300] "GET /cormun/servlet/hpexe_link HTTP/1.1" 200 953
190.171.142.42 - - [25/May/2023:10:57:29 -0300] "GET /cormun/servlet/hhome HTTP/1.1" 200 4266
190.171.142.42 - - [25/May/2023:10:57:29 -0300] "GET /cormun/servlet/hhome HTTP/1.1" 200 4262
190.171.142.42 - - [25/May/2023:10:57:32 -0300] "GET /cormun/servlet/trlicencias? HTTP/1.1" 200 13111
190.171.142.42 - - [25/May/2023:10:57:32 -0300] "GET /cormun/servlet/trlicencias? HTTP/1.1" 200 13107
190.171.144.234 - - [25/May/2023:10:57:39 -0300] "GET /cormun/servlet/permisogoce?de346c51b827a56a0e797e9b50e413b2c95c7aaa965a6beab6ab16b134ad2a95dd6f233a6da6b8b0c0c9594c5a74d937d6e28bb39661a940a4b50c5b6d7fa9a5,gx-no-cache=1685022130324 HTTP/1.1" 200 84
190.171.144.234 - - [25/May/2023:10:57:39 -0300] "GET /cormun/static/menuarrow.gif HTTP/1.1" 404 1015
190.171.144.234 - - [25/May/2023:10:57:46 -0300] "GET /cormun/servlet/permisogoce?de346c51b827a56a0e797e9b50e413b20fcdc9320472106ac48d8f63a0fbeca3fd9ddc10460364554ee79c43351c33ee49db7b2b50896bf9fac61ead8ad058b1,gx-no-cache=1685022136586 HTTP/1.1" 200 49
186.67.172.234 - - [25/May/2023:10:57:48 -0300] "POST /cormun/servlet/solicitudot?gx-no-cache=1685022138130 HTTP/1.1" 200 4043
186.67.172.234 - - [25/May/2023:10:57:48 -0300] "POST /cormun/servlet/solicitudot?5fd8aecf050e859b936d7927966c8c0d,INS,0,0,false,,gx-no-cache=1685022138265 HTTP/1.1" 200 12887
190.171.144.234 - - [25/May/2023:10:57:49 -0300] "POST /cormun/servlet/permisogoce?9c352257fae1cfd79f7bb3b8088be8bb,INS,0,,,,gx-no-cache=1685022139194 HTTP/1.1" 200 93
190.171.144.234 - - [25/May/2023:10:57:49 -0300] "GET /cormun/servlet/hpexe_return? HTTP/1.1" 200 1013
190.171.144.234 - - [25/May/2023:10:57:49 -0300] "GET /cormun/servlet/trpermisosgoce HTTP/1.1" 200 10588
190.171.144.234 - - [25/May/2023:10:57:49 -0300] "GET /cormun/servlet/trpermisosgoce HTTP/1.1" 200 10583
186.67.172.234 - - [25/May/2023:10:57:52 -0300] "GET /cormun/servlet/solicitudot?be63759ae861af01a4213f882a84ce794df00beca6cb27e8a28493c90fd6a67f7e998ef528efb8d922accefbb84494e1,gx-no-cache=1685022142341 HTTP/1.1" 200 30
190.171.144.234 - - [25/May/2023:10:58:15 -0300] "GET /cormun/servlet/permisogoce?INS,0,,, HTTP/1.1" 200 6856
190.171.144.234 - - [25/May/2023:10:58:15 -0300] "GET /cormun/servlet/permisogoce?INS,0,,, HTTP/1.1" 200 6856
186.67.172.234 - - [25/May/2023:10:58:26 -0300] "GET /cormun/servlet/solicitudot?be63759ae861af01a4213f882a84ce798b60979511721c2113f15fcf660923f68313013a12739afcea256d37cc5641e8,gx-no-cache=1685022177020 HTTP/1.1" 200 30
186.67.172.234 - - [25/May/2023:10:58:31 -0300] "GET /cormun/servlet/solicitudot?be63759ae861af01a4213f882a84ce79b141cc5f3aecd407b5859ec6a190ee16,gx-no-cache=1685022181489 HTTP/1.1" 200 53
190.171.144.234 - - [25/May/2023:10:58:32 -0300] "GET /cormun/servlet/permisogoce?de346c51b827a56a0e797e9b50e413b2a186ef4453bcfa2d4fbcbdf3c6ab99cadd6f233a6da6b8b0c0c9594c5a74d937d6e28bb39661a940a4b50c5b6d7fa9a5,gx-no-cache=1685022182617 HTTP/1.1" 200 78
190.171.144.234 - - [25/May/2023:10:58:32 -0300] "GET /cormun/static/menuarrow.gif HTTP/1.1" 404 1015
186.67.172.234 - - [25/May/2023:10:58:43 -0300] "POST /cormun/servlet/solicitudot?gx-no-cache=1685022193237 HTTP/1.1" 200 255
186.67.172.234 - - [25/May/2023:10:58:43 -0300] "GET /cormun/servlet/solicitudot?be63759ae861af01a4213f882a84ce7937ef3e17c35ee9771763a9f5e36cca149dafc4805838e6167e522e50b23f59020cb6aa88fcb52e84200576757ec0d8c65b09bebf195b4c8cf22e70b15f671d2d0ede216adaa0909ca067fbc863fa3d94f3447c9483251fc053cc6bb8e3a836b76b7db66de31a6d6b898c741add158300c2adfe068f2f357a48cd59bba3f2ff4d0d86e7321a706658f693e3fb2c305fd2a97af7ae32de7e9e4d32b383c3f257e4c844f19fd14c966afa58b1ac7114a386ff81d42b1f79046acd298f0e794aad6e907f307310a2b806436af25326e8a6d884f100cd7caaddb21e4805d4ba582292baf30ce12373a5bacb742d500908c953d243c54a20cd4bc5876694b79e63a0218e76ba1e7cb9fb53f21b8846ce5f4711dcee30a539748bdee6eb35ea7e7a42765f7407ae4a4b55c8a25198d7feca08ac5ffb77733510188b281cbfc0152e62df9170216a067cf22ba9558b5a111e8ce2ef66c865df0015dee30b0c1191fafd5b7398a7a103f6cadf3b5ff186ef8a55d0,gx-no-cache=1685022193280 HTTP/1.1" 200 30
186.67.172.234 - - [25/May/2023:10:58:45 -0300] "POST /cormun/servlet/solicitudot?gx-no-cache=1685022195850 HTTP/1.1" 200 30
186.67.172.234 - - [25/May/2023:10:58:47 -0300] "POST /cormun/servlet/solicitudot?gx-no-cache=1685022197191 HTTP/1.1" 200 1468
186.67.172.234 - - [25/May/2023:10:58:47 -0300] "POST /cormun/servlet/solicitudot?gx-no-cache=1685022197219 HTTP/1.1" 200 38
186.67.172.234 - - [25/May/2023:10:58:49 -0300] "GET /cormun/servlet/solicitudot?be63759ae861af01a4213f882a84ce79b40b273a41ad12fde78d2868473bced81d5b27b712d5b3698b32231576808b0b0be1d48b0079798cf052585cd61fd2ed7a5a6c03a63490c8f43700bbfecdf7ecf48527e9547f463ef669bd1d375e6b2177d0668de5c892d5d8025167dd702633,gx-no-cache=1685022199253 HTTP/1.1" 200 110
186.67.172.234 - - [25/May/2023:10:58:59 -0300] "POST /cormun/servlet/solicitudot?gx-no-cache=1685022209595 HTTP/1.1" 200 97
186.67.172.234 - - [25/May/2023:10:59:04 -0300] "GET /cormun/servlet/solicitudot?be63759ae861af01a4213f882a84ce79fa35d85a86c90895ccb5d1b2c79abb973774c06d6ab8da3d0a85bd3cd1b819fefe855eb81a9ed98a302d0227748f47906137fc0cc6c59f0ae21a32c14428bf4630ac1b16c103e9f8d0ea36214408ff4099836543f874b714a09408faa1743dd735728b950837d12573b4598faaa5cba36c804041d94928cb1e041f91131607664f59ead71a0aa5807512281f83c95cb9858282252ae0231242857f8a2a3ce058769b2750ce5f99ff1ffe2f653be42140f34ca2da83667ff777a254eac2403673,gx-no-cache=1685022214642 HTTP/1.1" 200 29
186.67.172.234 - - [25/May/2023:10:59:09 -0300] "GET /cormun/static/menuarrow.gif HTTP/1.1" 404 1015
186.67.172.234 - - [25/May/2023:10:59:13 -0300] "GET /cormun/servlet/solicitudot?be63759ae861af01a4213f882a84ce79019708ec3f7a3b55b73b5e5ec6066a20e95af1b79b87a3489a41c4b918467fa6,gx-no-cache=1685022223895 HTTP/1.1" 200 30
186.67.172.234 - - [25/May/2023:10:59:21 -0300] "POST /cormun/servlet/solicitudot?gx-no-cache=1685022231246 HTTP/1.1" 200 30
190.171.144.234 - - [25/May/2023:10:59:27 -0300] "GET /cormun/servlet/permisogoce?de346c51b827a56a0e797e9b50e413b2720fd56f028b0a308a98f5921373d4d0a89403352461f425ead71b747200ad7b53e67cc151d78ab7bc98300f66a8e0b12fc4ab671f4eabbd51d84d18813b5c4e6dd3f91ecfe48eba2f4432b6a4f30be8,gx-no-cache=1685022238113 HTTP/1.1" 200 77
186.67.172.234 - - [25/May/2023:10:59:39 -0300] "GET /cormun/servlet/solicitudot?be63759ae861af01a4213f882a84ce79019708ec3f7a3b55b73b5e5ec6066a20e95af1b79b87a3489a41c4b918467fa6,gx-no-cache=1685022250067 HTTP/1.1" 200 30
186.67.172.234 - - [25/May/2023:10:59:40 -0300] "POST /cormun/servlet/solicitudot?gx-no-cache=1685022250085 HTTP/1.1" 200 30
186.67.172.234 - - [25/May/2023:10:59:40 -0300] "POST /cormun/servlet/solicitudot?5fd8aecf050e859b936d7927966c8c0d,INS,0,0,false,,gx-no-cache=1685022250105 HTTP/1.1" 200 93
186.67.172.234 - - [25/May/2023:10:59:40 -0300] "GET /cormun/servlet/hpexe_return? HTTP/1.1" 200 1008
186.67.172.234 - - [25/May/2023:10:59:40 -0300] "GET /cormun/servlet/trsolicitudot HTTP/1.1" 200 8709
190.171.144.234 - - [25/May/2023:10:59:41 -0300] "GET /cormun/servlet/permisogoce?de346c51b827a56a0e797e9b50e413b241b0ac2c69a2c26687e9c761a08623e03aa2ec82e66a4f6a2417b2fc4843832949db7b2b50896bf9fac61ead8ad058b1,gx-no-cache=1685022251518 HTTP/1.1" 200 48
186.67.172.234 - - [25/May/2023:10:59:41 -0300] "GET /cormun/servlet/trsolicitudot HTTP/1.1" 200 8705
190.171.144.234 - - [25/May/2023:10:59:45 -0300] "POST /cormun/servlet/permisogoce?9c352257fae1cfd79f7bb3b8088be8bb,INS,0,,,,gx-no-cache=1685022255585 HTTP/1.1" 200 93
190.171.144.234 - - [25/May/2023:10:59:45 -0300] "GET /cormun/servlet/hpexe_return? HTTP/1.1" 200 1013
190.171.144.234 - - [25/May/2023:10:59:45 -0300] "GET /cormun/servlet/trpermisosgoce HTTP/1.1" 200 10786
190.171.144.234 - - [25/May/2023:10:59:46 -0300] "GET /cormun/servlet/trpermisosgoce HTTP/1.1" 200 10781
186.67.172.234 - - [25/May/2023:10:59:49 -0300] "POST /cormun/servlet/trsolicitudot?5fd8aecf050e859b936d7927966c8c0d,gx-no-cache=1685022259975 HTTP/1.1" 200 107
186.67.172.234 - - [25/May/2023:10:59:50 -0300] "GET /cormun/servlet/trsolicitudadjuntos?2023,20261, HTTP/1.1" 200 6300
186.67.172.234 - - [25/May/2023:10:59:50 -0300] "GET /cormun/servlet/trsolicitudadjuntos?2023,20261, HTTP/1.1" 200 6300
186.67.172.234 - - [25/May/2023:10:59:55 -0300] "GET /cormun/servlet/solicitudotadjuntos?INS,2023,20261,,1, HTTP/1.1" 200 6241
186.67.172.234 - - [25/May/2023:10:59:55 -0300] "GET /cormun/static/about:blank HTTP/1.1" 404 1011
186.67.172.234 - - [25/May/2023:10:59:55 -0300] "GET /cormun/servlet/solicitudotadjuntos?INS,2023,20261,,1, HTTP/1.1" 200 6234
186.67.172.234 - - [25/May/2023:10:59:56 -0300] "GET /cormun/servlet/solicitudotadjuntos?be63759ae861af01a4213f882a84ce795a9ae1d1b4df29ab56203399c7287b0a1d0b7b1950d58252c8ca6157bacdd8bf,gx-no-cache=1685022266470 HTTP/1.1" 200 30
186.67.172.234 - - [25/May/2023:10:59:56 -0300] "POST /cormun/servlet/solicitudotadjuntos?5fd8aecf050e859b936d7927966c8c0d,INS,2023,20261,,1,,gx-no-cache=1685022266483 HTTP/1.1" 200 4188
190.171.144.234 - - [25/May/2023:10:59:57 -0300] "GET /cormun/servlet/permisogoce?INS,0,,, HTTP/1.1" 200 6856
186.67.172.234 - - [25/May/2023:10:59:58 -0300] "POST /cormun/servlet/solicitudotadjuntos?gx-no-cache=1685022268141 HTTP/1.1" 200 26
190.171.144.234 - - [25/May/2023:10:59:58 -0300] "GET /cormun/servlet/permisogoce?INS,0,,, HTTP/1.1" 200 6856
186.67.172.234 - - [25/May/2023:11:00:08 -0300] "GET /cormun/servlet/solicitudotadjuntos?be63759ae861af01a4213f882a84ce797cd645df51061c3221f712be4171bc0d,gx-no-cache=1685022278641 HTTP/1.1" 200 30
186.67.172.234 - - [25/May/2023:11:00:08 -0300] "GET /cormun/servlet/solicitudotadjuntos?be63759ae861af01a4213f882a84ce797cd645df51061c3221f712be4171bc0d,gx-no-cache=1685022278651 HTTP/1.1" 200 30
186.67.172.234 - - [25/May/2023:11:00:08 -0300] "POST /cormun/servlet/solicitudotadjuntos?5fd8aecf050e859b936d7927966c8c0d,INS,2023,20261,,1, HTTP/1.1" 200 116
186.67.172.234 - - [25/May/2023:11:00:08 -0300] "GET /cormun/servlet/hpexe_return? HTTP/1.1" 200 1025
186.67.172.234 - - [25/May/2023:11:00:08 -0300] "GET /cormun/servlet/trsolicitudadjuntos?2023,20261, HTTP/1.1" 200 9230
186.67.172.234 - - [25/May/2023:11:00:09 -0300] "GET /cormun/servlet/trsolicitudadjuntos?2023,20261, HTTP/1.1" 200 9227
190.171.144.234 - - [25/May/2023:11:00:14 -0300] "GET /cormun/servlet/permisogoce?de346c51b827a56a0e797e9b50e413b2ff59361f9fe97244b0df1cf1fefa9e51dd6f233a6da6b8b0c0c9594c5a74d937d6e28bb39661a940a4b50c5b6d7fa9a5,gx-no-cache=1685022284659 HTTP/1.1" 200 73
190.171.144.234 - - [25/May/2023:11:00:14 -0300] "GET /cormun/static/menuarrow.gif HTTP/1.1" 404 1015
186.67.172.234 - - [25/May/2023:11:00:20 -0300] "GET /cormun/servlet/solicitudotadjuntos?INS,2023,20261,,1, HTTP/1.1" 200 6241
186.67.172.234 - - [25/May/2023:11:00:20 -0300] "GET /cormun/static/about:blank HTTP/1.1" 404 1011
186.67.172.234 - - [25/May/2023:11:00:20 -0300] "GET /cormun/servlet/solicitudotadjuntos?INS,2023,20261,,1, HTTP/1.1" 200 6234
186.67.172.234 - - [25/May/2023:11:00:20 -0300] "GET /cormun/servlet/solicitudotadjuntos?be63759ae861af01a4213f882a84ce795a9ae1d1b4df29ab56203399c7287b0a1d0b7b1950d58252c8ca6157bacdd8bf,gx-no-cache=1685022290722 HTTP/1.1" 200 30
186.67.172.234 - - [25/May/2023:11:00:20 -0300] "POST /cormun/servlet/solicitudotadjuntos?5fd8aecf050e859b936d7927966c8c0d,INS,2023,20261,,1,,gx-no-cache=1685022290735 HTTP/1.1" 200 4188
186.67.172.234 - - [25/May/2023:11:00:22 -0300] "POST /cormun/servlet/solicitudotadjuntos?gx-no-cache=1685022292474 HTTP/1.1" 200 26
186.67.172.234 - - [25/May/2023:11:00:24 -0300] "POST /cormun/servlet/solicitudotadjuntos?gx-no-cache=1685022294265 HTTP/1.1" 200 26
190.171.144.234 - - [25/May/2023:11:00:27 -0300] "GET /cormun/servlet/permisogoce?de346c51b827a56a0e797e9b50e413b22625ae6765f25dee38ad849b094fa861249af001c23733cec55ba8b7cb8e93b5ce40c8a0199ea44b573f5da4608ab40d,gx-no-cache=1685022297837 HTTP/1.1" 200 47
186.67.172.234 - - [25/May/2023:11:00:28 -0300] "GET /cormun/servlet/solicitudotadjuntos?be63759ae861af01a4213f882a84ce797cd645df51061c3221f712be4171bc0d,gx-no-cache=1685022298154 HTTP/1.1" 200 30
186.67.172.234 - - [25/May/2023:11:00:28 -0300] "GET /cormun/servlet/solicitudotadjuntos?be63759ae861af01a4213f882a84ce797cd645df51061c3221f712be4171bc0d,gx-no-cache=1685022298164 HTTP/1.1" 200 30
186.67.172.234 - - [25/May/2023:11:00:28 -0300] "POST /cormun/servlet/solicitudotadjuntos?5fd8aecf050e859b936d7927966c8c0d,INS,2023,20261,,1, HTTP/1.1" 200 116
186.67.172.234 - - [25/May/2023:11:00:28 -0300] "GET /cormun/servlet/hpexe_return? HTTP/1.1" 200 1025
186.67.172.234 - - [25/May/2023:11:00:28 -0300] "GET /cormun/servlet/trsolicitudadjuntos?2023,20261, HTTP/1.1" 200 9463
186.67.172.234 - - [25/May/2023:11:00:28 -0300] "GET /cormun/servlet/trsolicitudadjuntos?2023,20261, HTTP/1.1" 200 9459
186.67.172.234 - - [25/May/2023:11:00:30 -0300] "GET /cormun/servlet/solicitudotadjuntos?INS,2023,20261,,1, HTTP/1.1" 200 6240
186.67.172.234 - - [25/May/2023:11:00:30 -0300] "GET /cormun/static/about:blank HTTP/1.1" 404 1011
186.67.172.234 - - [25/May/2023:11:00:30 -0300] "GET /cormun/servlet/solicitudotadjuntos?INS,2023,20261,,1, HTTP/1.1" 200 6233
190.171.144.234 - - [25/May/2023:11:00:30 -0300] "POST /cormun/servlet/permisogoce?9c352257fae1cfd79f7bb3b8088be8bb,INS,0,,,,gx-no-cache=1685022300896 HTTP/1.1" 200 93
190.171.144.234 - - [25/May/2023:11:00:30 -0300] "GET /cormun/servlet/hpexe_return? HTTP/1.1" 200 1013
186.67.172.234 - - [25/May/2023:11:00:30 -0300] "GET /cormun/servlet/solicitudotadjuntos?be63759ae861af01a4213f882a84ce795a9ae1d1b4df29ab56203399c7287b0a1d0b7b1950d58252c8ca6157bacdd8bf,gx-no-cache=1685022301009 HTTP/1.1" 200 30
186.67.172.234 - - [25/May/2023:11:00:31 -0300] "POST /cormun/servlet/solicitudotadjuntos?5fd8aecf050e859b936d7927966c8c0d,INS,2023,20261,,1,,gx-no-cache=1685022301025 HTTP/1.1" 200 4188
190.171.144.234 - - [25/May/2023:11:00:31 -0300] "GET /cormun/servlet/trpermisosgoce HTTP/1.1" 200 10978
190.171.144.234 - - [25/May/2023:11:00:31 -0300] "GET /cormun/servlet/trpermisosgoce HTTP/1.1" 200 10974
186.67.172.234 - - [25/May/2023:11:00:33 -0300] "POST /cormun/servlet/solicitudotadjuntos?gx-no-cache=1685022303234 HTTP/1.1" 200 26
186.67.172.234 - - [25/May/2023:11:00:37 -0300] "GET /cormun/servlet/solicitudotadjuntos?be63759ae861af01a4213f882a84ce797cd645df51061c3221f712be4171bc0d,gx-no-cache=1685022307769 HTTP/1.1" 200 30
186.67.172.234 - - [25/May/2023:11:00:37 -0300] "GET /cormun/servlet/solicitudotadjuntos?be63759ae861af01a4213f882a84ce797cd645df51061c3221f712be4171bc0d,gx-no-cache=1685022307780 HTTP/1.1" 200 30
186.67.172.234 - - [25/May/2023:11:00:38 -0300] "POST /cormun/servlet/solicitudotadjuntos?5fd8aecf050e859b936d7927966c8c0d,INS,2023,20261,,1, HTTP/1.1" 200 116
186.67.172.234 - - [25/May/2023:11:00:38 -0300] "GET /cormun/servlet/hpexe_return? HTTP/1.1" 200 1025
186.67.172.234 - - [25/May/2023:11:00:38 -0300] "GET /cormun/servlet/trsolicitudadjuntos?2023,20261, HTTP/1.1" 200 9690
186.67.172.234 - - [25/May/2023:11:00:38 -0300] "GET /cormun/servlet/trsolicitudadjuntos?2023,20261, HTTP/1.1" 200 9689
186.67.172.234 - - [25/May/2023:11:00:40 -0300] "GET /cormun/servlet/solicitudotadjuntos?INS,2023,20261,,1, HTTP/1.1" 200 6240
186.67.172.234 - - [25/May/2023:11:00:40 -0300] "GET /cormun/static/about:blank HTTP/1.1" 404 1011
186.67.172.234 - - [25/May/2023:11:00:40 -0300] "GET /cormun/servlet/solicitudotadjuntos?INS,2023,20261,,1, HTTP/1.1" 200 6233
186.67.172.234 - - [25/May/2023:11:00:40 -0300] "GET /cormun/servlet/solicitudotadjuntos?be63759ae861af01a4213f882a84ce795a9ae1d1b4df29ab56203399c7287b0a1d0b7b1950d58252c8ca6157bacdd8bf,gx-no-cache=1685022310976 HTTP/1.1" 200 30
186.67.172.234 - - [25/May/2023:11:00:40 -0300] "POST /cormun/servlet/solicitudotadjuntos?5fd8aecf050e859b936d7927966c8c0d,INS,2023,20261,,1,,gx-no-cache=1685022310989 HTTP/1.1" 200 4188
190.171.144.234 - - [25/May/2023:11:00:53 -0300] "GET /cormun/servlet/permisogoce?INS,0,,, HTTP/1.1" 200 6856
190.171.144.234 - - [25/May/2023:11:00:54 -0300] "GET /cormun/servlet/permisogoce?INS,0,,, HTTP/1.1" 200 6855
186.67.172.234 - - [25/May/2023:11:01:01 -0300] "POST /cormun/servlet/solicitudotadjuntos?gx-no-cache=1685022331827 HTTP/1.1" 200 26
40.77.167.231 - - [25/May/2023:11:01:11 -0300] "GET /cormun/servlet/hpexe_return HTTP/1.1" 200 986
190.171.144.234 - - [25/May/2023:11:01:12 -0300] "GET /cormun/servlet/permisogoce?de346c51b827a56a0e797e9b50e413b2a8ad5502ff728f7fd593f0883e4522a3dd6f233a6da6b8b0c0c9594c5a74d937d6e28bb39661a940a4b50c5b6d7fa9a5,gx-no-cache=1685022342698 HTTP/1.1" 200 79
190.171.144.234 - - [25/May/2023:11:01:12 -0300] "GET /cormun/static/menuarrow.gif HTTP/1.1" 404 1015
186.67.172.234 - - [25/May/2023:11:01:13 -0300] "POST /cormun/servlet/solicitudotadjuntos?gx-no-cache=1685022343785 HTTP/1.1" 200 26
186.67.172.234 - - [25/May/2023:11:01:21 -0300] "GET /cormun/servlet/solicitudotadjuntos?be63759ae861af01a4213f882a84ce797cd645df51061c3221f712be4171bc0d,gx-no-cache=1685022351162 HTTP/1.1" 200 30
186.67.172.234 - - [25/May/2023:11:01:21 -0300] "GET /cormun/servlet/solicitudotadjuntos?be63759ae861af01a4213f882a84ce797cd645df51061c3221f712be4171bc0d,gx-no-cache=1685022351173 HTTP/1.1" 200 30
186.67.172.234 - - [25/May/2023:11:01:23 -0300] "POST /cormun/servlet/solicitudotadjuntos?5fd8aecf050e859b936d7927966c8c0d,INS,2023,20261,,1, HTTP/1.1" 200 116
186.67.172.234 - - [25/May/2023:11:01:23 -0300] "GET /cormun/servlet/hpexe_return? HTTP/1.1" 200 1025
186.67.172.234 - - [25/May/2023:11:01:24 -0300] "GET /cormun/servlet/trsolicitudadjuntos?2023,20261, HTTP/1.1" 200 9948
186.67.172.234 - - [25/May/2023:11:01:24 -0300] "GET /cormun/servlet/trsolicitudadjuntos?2023,20261, HTTP/1.1" 200 9946
190.171.144.234 - - [25/May/2023:11:01:26 -0300] "GET /cormun/servlet/permisogoce?de346c51b827a56a0e797e9b50e413b26a907c0ee3ddf811f3df66858a7f1df9b5ef6a615f7247c133f0718cee9009d449db7b2b50896bf9fac61ead8ad058b1,gx-no-cache=1685022356543 HTTP/1.1" 200 47
186.67.172.234 - - [25/May/2023:11:01:26 -0300] "GET /cormun/servlet/solicitudotadjuntos?INS,2023,20261,,1, HTTP/1.1" 200 6241
186.67.172.234 - - [25/May/2023:11:01:26 -0300] "GET /cormun/static/about:blank HTTP/1.1" 404 1011
186.67.172.234 - - [25/May/2023:11:01:27 -0300] "GET /cormun/servlet/solicitudotadjuntos?INS,2023,20261,,1, HTTP/1.1" 200 6234
186.67.172.234 - - [25/May/2023:11:01:27 -0300] "GET /cormun/servlet/solicitudotadjuntos?be63759ae861af01a4213f882a84ce795a9ae1d1b4df29ab56203399c7287b0a1d0b7b1950d58252c8ca6157bacdd8bf,gx-no-cache=1685022357607 HTTP/1.1" 200 30
186.67.172.234 - - [25/May/2023:11:01:27 -0300] "POST /cormun/servlet/solicitudotadjuntos?5fd8aecf050e859b936d7927966c8c0d,INS,2023,20261,,1,,gx-no-cache=1685022357620 HTTP/1.1" 200 4189
190.171.144.234 - - [25/May/2023:11:01:29 -0300] "POST /cormun/servlet/permisogoce?9c352257fae1cfd79f7bb3b8088be8bb,INS,0,,,,gx-no-cache=1685022359599 HTTP/1.1" 200 93
190.171.144.234 - - [25/May/2023:11:01:29 -0300] "GET /cormun/servlet/hpexe_return? HTTP/1.1" 200 1013
190.171.144.234 - - [25/May/2023:11:01:29 -0300] "GET /cormun/servlet/trpermisosgoce HTTP/1.1" 200 11203
190.171.144.234 - - [25/May/2023:11:01:30 -0300] "GET /cormun/servlet/trpermisosgoce HTTP/1.1" 200 11198
186.67.172.234 - - [25/May/2023:11:01:31 -0300] "POST /cormun/servlet/solicitudotadjuntos?gx-no-cache=1685022361467 HTTP/1.1" 200 26
190.171.144.234 - - [25/May/2023:11:01:35 -0300] "GET /cormun/servlet/permisogoce?INS,0,,, HTTP/1.1" 200 6856
190.171.144.234 - - [25/May/2023:11:01:35 -0300] "GET /cormun/servlet/permisogoce?INS,0,,, HTTP/1.1" 200 6856
186.67.172.234 - - [25/May/2023:11:01:35 -0300] "GET /cormun/servlet/solicitudotadjuntos?be63759ae861af01a4213f882a84ce797cd645df51061c3221f712be4171bc0d,gx-no-cache=1685022366083 HTTP/1.1" 200 30
186.67.172.234 - - [25/May/2023:11:01:36 -0300] "GET /cormun/servlet/solicitudotadjuntos?be63759ae861af01a4213f882a84ce797cd645df51061c3221f712be4171bc0d,gx-no-cache=1685022366093 HTTP/1.1" 200 30
186.67.172.234 - - [25/May/2023:11:01:36 -0300] "POST /cormun/servlet/solicitudotadjuntos?5fd8aecf050e859b936d7927966c8c0d,INS,2023,20261,,1, HTTP/1.1" 200 116
186.67.172.234 - - [25/May/2023:11:01:36 -0300] "GET /cormun/servlet/hpexe_return? HTTP/1.1" 200 1025
186.67.172.234 - - [25/May/2023:11:01:37 -0300] "GET /cormun/servlet/trsolicitudadjuntos?2023,20261, HTTP/1.1" 200 10210
186.67.172.234 - - [25/May/2023:11:01:37 -0300] "GET /cormun/servlet/trsolicitudadjuntos?2023,20261, HTTP/1.1" 200 10209
186.67.172.234 - - [25/May/2023:11:01:39 -0300] "GET /cormun/servlet/solicitudotadjuntos?INS,2023,20261,,1, HTTP/1.1" 200 6241
186.67.172.234 - - [25/May/2023:11:01:39 -0300] "GET /cormun/static/about:blank HTTP/1.1" 404 1011
186.67.172.234 - - [25/May/2023:11:01:39 -0300] "GET /cormun/servlet/solicitudotadjuntos?INS,2023,20261,,1, HTTP/1.1" 200 6234
186.67.172.234 - - [25/May/2023:11:01:40 -0300] "GET /cormun/servlet/solicitudotadjuntos?be63759ae861af01a4213f882a84ce795a9ae1d1b4df29ab56203399c7287b0a1d0b7b1950d58252c8ca6157bacdd8bf,gx-no-cache=1685022370434 HTTP/1.1" 200 30
186.67.172.234 - - [25/May/2023:11:01:40 -0300] "POST /cormun/servlet/solicitudotadjuntos?5fd8aecf050e859b936d7927966c8c0d,INS,2023,20261,,1,,gx-no-cache=1685022370449 HTTP/1.1" 200 4189
186.67.172.234 - - [25/May/2023:11:01:45 -0300] "POST /cormun/servlet/solicitudotadjuntos?5fd8aecf050e859b936d7927966c8c0d,INS,2023,20261,,1,,gx-no-cache=1685022375157 HTTP/1.1" 200 93
186.67.172.234 - - [25/May/2023:11:01:45 -0300] "GET /cormun/servlet/hpexe_return? HTTP/1.1" 200 1025
186.67.172.234 - - [25/May/2023:11:01:45 -0300] "GET /cormun/servlet/trsolicitudadjuntos?2023,20261, HTTP/1.1" 200 10213
186.67.172.234 - - [25/May/2023:11:01:46 -0300] "GET /cormun/servlet/trsolicitudadjuntos?2023,20261, HTTP/1.1" 200 10211
190.171.144.234 - - [25/May/2023:11:01:48 -0300] "GET /cormun/servlet/permisogoce?de346c51b827a56a0e797e9b50e413b26cb343fc3f8e6c018bc7008d45b4f1badd6f233a6da6b8b0c0c9594c5a74d937d6e28bb39661a940a4b50c5b6d7fa9a5,gx-no-cache=1685022378538 HTTP/1.1" 200 75
190.171.144.234 - - [25/May/2023:11:01:48 -0300] "GET /cormun/static/menuarrow.gif HTTP/1.1" 404 1015
186.67.172.234 - - [25/May/2023:11:01:48 -0300] "POST /cormun/servlet/trsolicitudadjuntos?5fd8aecf050e859b936d7927966c8c0d,2023,20261,,gx-no-cache=1685022378718 HTTP/1.1" 200 90
