192.168.10.85 - - [24/May/2023:17:02:38 -0300] "GET /cormun/servlet/veautorizarot?2023,20244,, HTTP/1.1" 200 8300
192.168.10.17 - - [24/May/2023:17:02:57 -0300] "POST /cormun/servlet/trsolicitudgral?b59786848a5b935484d3d4a85bc0bae6,,gx-no-cache=1684957596383 HTTP/1.1" 200 5257
10.40.40.2 - - [24/May/2023:17:03:13 -0300] "GET /cormun/servlet/vesolicitudgral?2023,20238,, HTTP/1.1" 200 8389
10.40.40.2 - - [24/May/2023:17:03:13 -0300] "GET /cormun/pexe_scrolldiv.js HTTP/1.1" 404 1009
10.40.40.2 - - [24/May/2023:17:03:14 -0300] "GET /cormun/servlet/vesolicitudgral?2023,20238,, HTTP/1.1" 200 8389
192.168.10.85 - - [24/May/2023:17:04:30 -0300] "GET /cormun/servlet/trautorizarot? HTTP/1.1" 200 10317
192.168.10.85 - - [24/May/2023:17:04:30 -0300] "GET /cormun/servlet/trautorizarot? HTTP/1.1" 200 10316
192.168.10.85 - - [24/May/2023:17:04:36 -0300] "GET /cormun/servlet/veautorizarot?2023,20244,, HTTP/1.1" 200 8300
192.168.10.85 - - [24/May/2023:17:04:36 -0300] "GET /cormun/pexe_scrolldiv.js HTTP/1.1" 404 1009
192.168.10.85 - - [24/May/2023:17:04:36 -0300] "GET /cormun/servlet/veautorizarot?2023,20244,, HTTP/1.1" 200 8300
192.168.10.85 - - [24/May/2023:17:04:39 -0300] "POST /cormun/servlet/veautorizarot?5b318254c04e647a32256de439f25c9e,2023,20244,,,gx-no-cache=1684957698400 HTTP/1.1" 200 12174
192.168.10.85 - - [24/May/2023:17:04:39 -0300] "GET /cormun/static/Shared/jqueryui/images/ui-icons_82798d_256x240.png HTTP/1.1" 404 1089
192.168.10.85 - - [24/May/2023:17:04:39 -0300] "GET /cormun/static/Shared/jqueryui/images/ui-bg_highlight-soft_100_c6c2c8_1x100.png HTTP/1.1" 404 1117
192.168.10.85 - - [24/May/2023:17:04:39 -0300] "GET /cormun/static/Shared/jqueryui/images/ui-bg_flat_55_fafafa_40x100.png HTTP/1.1" 404 1097
192.168.10.85 - - [24/May/2023:17:04:39 -0300] "GET /cormun/static/Shared/jqueryui/images/ui-icons_8d78a5_256x240.png HTTP/1.1" 404 1089
192.168.10.85 - - [24/May/2023:17:04:39 -0300] "POST /cormun/servlet/veautorizarot?5b318254c04e647a32256de439f25c9e,2023,20244,,,gx-no-cache=1684957698606 HTTP/1.1" 200 12115
192.168.10.85 - - [24/May/2023:17:04:46 -0300] "GET /cormun/servlet/trconsultaeventos? HTTP/1.1" 200 15850
192.168.10.85 - - [24/May/2023:17:04:46 -0300] "GET /cormun/static/gxcfg.js?20201216165983 HTTP/1.1" 200 953
192.168.10.85 - - [24/May/2023:17:04:46 -0300] "GET /cormun/static/trconsultaeventos.js?20201216171545 HTTP/1.1" 200 29088
192.168.10.85 - - [24/May/2023:17:04:47 -0300] "GET /cormun/servlet/trconsultaeventos? HTTP/1.1" 200 15840
192.168.10.85 - - [24/May/2023:17:04:49 -0300] "GET /cormun/servlet/trsolicitudgral? HTTP/1.1" 200 26931
192.168.10.85 - - [24/May/2023:17:04:50 -0300] "GET /cormun/servlet/trsolicitudgral? HTTP/1.1" 200 26930
10.40.40.2 - - [24/May/2023:17:04:51 -0300] "POST /cormun/servlet/vesolicitudgral?ba633ea2acf943ff117666475089ddfc,2023,20238,,,gx-no-cache=1684957709775 HTTP/1.1" 200 90
10.40.40.2 - - [24/May/2023:17:04:51 -0300] "GET /cormun/servlet/hpexe_link HTTP/1.1" 200 966
10.40.40.2 - - [24/May/2023:17:04:51 -0300] "GET /cormun/servlet/trsolicitudgral? HTTP/1.1" 200 13418
10.40.40.2 - - [24/May/2023:17:04:51 -0300] "GET /cormun/servlet/trsolicitudgral? HTTP/1.1" 200 13416
190.171.154.42 - - [24/May/2023:17:04:54 -0300] "GET /cormun/servlet/solicitudotadjuntos?INS,2023,20247,,1, HTTP/1.1" 200 6291
190.171.154.42 - - [24/May/2023:17:04:54 -0300] "GET /cormun/static/about:blank HTTP/1.1" 404 1011
190.171.154.42 - - [24/May/2023:17:04:54 -0300] "GET /cormun/servlet/solicitudotadjuntos?INS,2023,20247,,1, HTTP/1.1" 200 6284
190.171.154.42 - - [24/May/2023:17:04:54 -0300] "GET /cormun/servlet/solicitudotadjuntos?f7121741703a92a9162f25d38a79cae4fe59d953debfb1efbd8e34fd874ed08fb02c753c8f488966d4c6a0ffe6dade54,gx-no-cache=1684957765115 HTTP/1.1" 200 30
190.171.154.42 - - [24/May/2023:17:04:54 -0300] "POST /cormun/servlet/solicitudotadjuntos?bac9be51b964b3958e52739b8aeaba71,INS,2023,20247,,1,,gx-no-cache=1684957765132 HTTP/1.1" 200 4188
192.168.10.85 - - [24/May/2023:17:04:56 -0300] "POST /cormun/servlet/trsolicitudgral?5b318254c04e647a32256de439f25c9e,,gx-no-cache=1684957714952 HTTP/1.1" 200 7056
190.171.154.42 - - [24/May/2023:17:04:58 -0300] "POST /cormun/servlet/solicitudotadjuntos?gx-no-cache=1684957768637 HTTP/1.1" 200 26
192.168.10.85 - - [24/May/2023:17:05:01 -0300] "GET /cormun/servlet/vesolicitudgral?2023,20244,, HTTP/1.1" 200 8349
192.168.10.85 - - [24/May/2023:17:05:01 -0300] "GET /cormun/pexe_scrolldiv.js HTTP/1.1" 404 1009
192.168.10.85 - - [24/May/2023:17:05:01 -0300] "GET /cormun/servlet/vesolicitudgral?2023,20244,, HTTP/1.1" 200 8349
190.171.149.74 - - [24/May/2023:17:05:05 -0300] "GET /cormun/servlet/permisogoce?INS,0,,, HTTP/1.1" 200 6028
190.171.149.74 - - [24/May/2023:17:05:06 -0300] "GET /cormun/servlet/hlogin HTTP/1.1" 200 1742
190.171.149.74 - - [24/May/2023:17:05:06 -0300] "GET /cormun/servlet/permisogoce?INS,0,,, HTTP/1.1" 200 6022
190.171.149.74 - - [24/May/2023:17:05:11 -0300] "POST /cormun/servlet/hlogin?fff3e29eef016af045d76d6c8c27b84e,gx-no-cache=1684957780932 HTTP/1.1" 200 90
190.171.149.74 - - [24/May/2023:17:05:11 -0300] "GET /cormun/servlet/hpexe_link HTTP/1.1" 200 961
190.171.149.74 - - [24/May/2023:17:05:11 -0300] "GET /cormun/servlet/permisogoce?INS,0,,, HTTP/1.1" 200 6673
190.171.149.74 - - [24/May/2023:17:05:11 -0300] "GET /cormun/servlet/permisogoce?INS,0,,, HTTP/1.1" 200 6671
190.171.149.74 - - [24/May/2023:17:05:21 -0300] "GET /cormun/servlet/permisogoce?8a393186d76aeeb9fa032ede880aab76ef17b9ea7b311396d11d47922a44d4f08538e207dc98074196de6a06d3c23ef0df511022400005104cd63de54ee2a1d2,gx-no-cache=1684957790744 HTTP/1.1" 200 76
190.171.149.74 - - [24/May/2023:17:05:22 -0300] "GET /cormun/static/menuarrow.gif HTTP/1.1" 404 1015
190.171.149.74 - - [24/May/2023:17:05:26 -0300] "GET /cormun/servlet/permisogoce?8a393186d76aeeb9fa032ede880aab76002bd41155ed0f4661edb32196ad3c12d1dd42ef36f4d06a2c9fa4d2d0895e48741c6a13f26c52a8e848d65f1c96c62f,gx-no-cache=1684957796184 HTTP/1.1" 200 47
192.168.10.85 - - [24/May/2023:17:05:27 -0300] "GET /cormun/servlet/vesolicitudgral?2023,20244,,SolicitudOTAdjuntos HTTP/1.1" 200 7064
192.168.10.85 - - [24/May/2023:17:05:27 -0300] "GET /cormun/pexe_scrolldiv.js HTTP/1.1" 404 1009
192.168.10.85 - - [24/May/2023:17:05:27 -0300] "GET /cormun/static/tbsolicitudgral02.js?202211298373061 HTTP/1.1" 200 13312
192.168.10.85 - - [24/May/2023:17:05:28 -0300] "GET /cormun/servlet/vesolicitudgral?2023,20244,,SolicitudOTAdjuntos HTTP/1.1" 200 7065
192.168.10.85 - - [24/May/2023:17:05:29 -0300] "POST /cormun/servlet/acontrolpreferencessavestate?None,RRHH+DANIELA,true HTTP/1.1" 200 35
10.40.40.2 - - [24/May/2023:17:05:31 -0300] "GET /cormun/servlet/vesolicitudgral?2023,20235,, HTTP/1.1" 200 8352
10.40.40.2 - - [24/May/2023:17:05:31 -0300] "GET /cormun/pexe_scrolldiv.js HTTP/1.1" 404 1009
190.171.149.74 - - [24/May/2023:17:05:31 -0300] "POST /cormun/servlet/permisogoce?fff3e29eef016af045d76d6c8c27b84e,INS,0,,,,gx-no-cache=1684957800613 HTTP/1.1" 200 93
190.171.149.74 - - [24/May/2023:17:05:31 -0300] "GET /cormun/servlet/hpexe_return? HTTP/1.1" 200 1004
10.40.40.2 - - [24/May/2023:17:05:31 -0300] "GET /cormun/servlet/vesolicitudgral?2023,20235,, HTTP/1.1" 200 8351
190.171.149.74 - - [24/May/2023:17:05:31 -0300] "GET /cormun/servlet/hhome HTTP/1.1" 200 3980
190.171.149.74 - - [24/May/2023:17:05:31 -0300] "GET /cormun/servlet/hhome HTTP/1.1" 200 3974
192.168.10.85 - - [24/May/2023:17:05:31 -0300] "GET /cormun/servlet/vesolicitudgral?2023,20244,,General HTTP/1.1" 200 8353
192.168.10.85 - - [24/May/2023:17:05:31 -0300] "GET /cormun/pexe_scrolldiv.js HTTP/1.1" 404 1009
192.168.10.85 - - [24/May/2023:17:05:32 -0300] "GET /cormun/servlet/vesolicitudgral?2023,20244,,General HTTP/1.1" 200 8353
190.171.149.74 - - [24/May/2023:17:05:34 -0300] "GET /cormun/servlet/trpermisosgoce? HTTP/1.1" 200 13648
190.171.149.74 - - [24/May/2023:17:05:34 -0300] "GET /cormun/servlet/trpermisosgoce? HTTP/1.1" 200 13646
190.171.149.74 - - [24/May/2023:17:05:39 -0300] "GET /cormun/servlet/apermisogoceprn?19679348,P,20230524154850,PU HTTP/1.1" 200 1646
190.171.154.42 - - [24/May/2023:17:07:27 -0300] "GET /cormun/servlet/solicitudotadjuntos?f7121741703a92a9162f25d38a79cae445db4aed23859a2058d48b0382ba310e,gx-no-cache=1684957917708 HTTP/1.1" 200 30
190.171.154.42 - - [24/May/2023:17:07:27 -0300] "GET /cormun/servlet/solicitudotadjuntos?f7121741703a92a9162f25d38a79cae445db4aed23859a2058d48b0382ba310e,gx-no-cache=1684957917739 HTTP/1.1" 200 30
190.171.154.42 - - [24/May/2023:17:07:27 -0300] "POST /cormun/servlet/solicitudotadjuntos?bac9be51b964b3958e52739b8aeaba71,INS,2023,20247,,1, HTTP/1.1" 200 116
190.171.154.42 - - [24/May/2023:17:07:27 -0300] "GET /cormun/servlet/hpexe_return? HTTP/1.1" 200 1026
190.171.154.42 - - [24/May/2023:17:07:27 -0300] "GET /cormun/servlet/trsolicitudadjuntos?2023,20247, HTTP/1.1" 200 10133
190.171.154.42 - - [24/May/2023:17:07:28 -0300] "GET /cormun/servlet/trsolicitudadjuntos?2023,20247, HTTP/1.1" 200 10132
190.171.154.42 - - [24/May/2023:17:08:00 -0300] "GET /cormun/servlet/solicitudotadjuntos?INS,2023,20247,,1, HTTP/1.1" 200 6291
190.171.154.42 - - [24/May/2023:17:08:00 -0300] "GET /cormun/static/about:blank HTTP/1.1" 404 1011
190.171.154.42 - - [24/May/2023:17:08:00 -0300] "GET /cormun/servlet/solicitudotadjuntos?INS,2023,20247,,1, HTTP/1.1" 200 6284
190.171.154.42 - - [24/May/2023:17:08:01 -0300] "GET /cormun/servlet/solicitudotadjuntos?f7121741703a92a9162f25d38a79cae4fe59d953debfb1efbd8e34fd874ed08fb02c753c8f488966d4c6a0ffe6dade54,gx-no-cache=1684957951667 HTTP/1.1" 200 30
190.171.154.42 - - [24/May/2023:17:08:01 -0300] "POST /cormun/servlet/solicitudotadjuntos?bac9be51b964b3958e52739b8aeaba71,INS,2023,20247,,1,,gx-no-cache=1684957951685 HTTP/1.1" 200 4187
190.171.154.42 - - [24/May/2023:17:08:05 -0300] "POST /cormun/servlet/solicitudotadjuntos?gx-no-cache=1684957956069 HTTP/1.1" 200 26
181.212.42.153 - - [24/May/2023:17:08:23 -0300] "GET /cormun/servlet/trlicencias? HTTP/1.1" 200 6729
181.212.42.153 - - [24/May/2023:17:08:24 -0300] "GET /cormun/servlet/trlicencias? HTTP/1.1" 200 6729
181.212.42.153 - - [24/May/2023:17:08:30 -0300] "POST /cormun/servlet/trlicencias?399a40826447383035073d955437b9a8,,gx-no-cache=1684957981987 HTTP/1.1" 200 18009
181.212.42.153 - - [24/May/2023:17:08:30 -0300] "GET /cormun/static/Resources/PXToolsGridNext.gif HTTP/1.1" 200 369
181.212.42.153 - - [24/May/2023:17:08:30 -0300] "GET /cormun/static/Resources/PXToolsGridLast.gif HTTP/1.1" 200 370
10.40.40.2 - - [24/May/2023:17:08:37 -0300] "POST /cormun/servlet/vesolicitudgral?ba633ea2acf943ff117666475089ddfc,2023,20235,,,gx-no-cache=1684957936427 HTTP/1.1" 200 12203
10.40.40.2 - - [24/May/2023:17:08:37 -0300] "GET /cormun/static/Shared/jqueryui/images/ui-bg_highlight-soft_100_c6c2c8_1x100.png HTTP/1.1" 404 1117
10.40.40.2 - - [24/May/2023:17:08:37 -0300] "GET /cormun/static/Shared/jqueryui/images/ui-icons_82798d_256x240.png HTTP/1.1" 404 1089
10.40.40.2 - - [24/May/2023:17:08:37 -0300] "GET /cormun/static/Shared/jqueryui/images/ui-icons_8d78a5_256x240.png HTTP/1.1" 404 1089
10.40.40.2 - - [24/May/2023:17:08:37 -0300] "GET /cormun/static/Shared/jqueryui/images/ui-bg_flat_55_fafafa_40x100.png HTTP/1.1" 404 1097
10.40.40.2 - - [24/May/2023:17:08:40 -0300] "GET /cormun/servlet/trsolicitudgral? HTTP/1.1" 200 13417
10.40.40.2 - - [24/May/2023:17:08:40 -0300] "GET /cormun/servlet/trsolicitudgral? HTTP/1.1" 200 13416
192.168.10.85 - - [24/May/2023:17:08:58 -0300] "GET /cormun/servlet/trsolicitudgral? HTTP/1.1" 200 9691
192.168.10.85 - - [24/May/2023:17:08:59 -0300] "GET /cormun/servlet/trsolicitudgral? HTTP/1.1" 200 9684
192.168.10.85 - - [24/May/2023:17:09:06 -0300] "GET /cormun/servlet/trautorizarot? HTTP/1.1" 200 9942
10.40.40.2 - - [24/May/2023:17:09:06 -0300] "GET /cormun/servlet/vesolicitudgral?2023,20114,, HTTP/1.1" 200 8356
10.40.40.2 - - [24/May/2023:17:09:06 -0300] "GET /cormun/pexe_scrolldiv.js HTTP/1.1" 404 1009
192.168.10.85 - - [24/May/2023:17:09:06 -0300] "GET /cormun/servlet/trautorizarot? HTTP/1.1" 200 9941
10.40.40.2 - - [24/May/2023:17:09:06 -0300] "GET /cormun/servlet/vesolicitudgral?2023,20114,, HTTP/1.1" 200 8354
192.168.10.85 - - [24/May/2023:17:09:13 -0300] "GET /cormun/servlet/veautorizarot?2023,20243,, HTTP/1.1" 200 8318
192.168.10.85 - - [24/May/2023:17:09:13 -0300] "GET /cormun/pexe_scrolldiv.js HTTP/1.1" 404 1009
192.168.10.85 - - [24/May/2023:17:09:13 -0300] "GET /cormun/servlet/veautorizarot?2023,20243,, HTTP/1.1" 200 8318
192.168.10.85 - - [24/May/2023:17:09:15 -0300] "POST /cormun/servlet/veautorizarot?5b318254c04e647a32256de439f25c9e,2023,20243,,,gx-no-cache=1684957974719 HTTP/1.1" 200 12190
192.168.10.85 - - [24/May/2023:17:09:16 -0300] "GET /cormun/static/Shared/jqueryui/images/ui-icons_8d78a5_256x240.png HTTP/1.1" 404 1089
192.168.10.85 - - [24/May/2023:17:09:16 -0300] "GET /cormun/static/Shared/jqueryui/images/ui-bg_highlight-soft_100_c6c2c8_1x100.png HTTP/1.1" 404 1117
192.168.10.85 - - [24/May/2023:17:09:16 -0300] "GET /cormun/static/Shared/jqueryui/images/ui-bg_flat_55_fafafa_40x100.png HTTP/1.1" 404 1097
192.168.10.85 - - [24/May/2023:17:09:16 -0300] "GET /cormun/static/Shared/jqueryui/images/ui-icons_82798d_256x240.png HTTP/1.1" 404 1089
192.168.10.85 - - [24/May/2023:17:09:16 -0300] "POST /cormun/servlet/veautorizarot?5b318254c04e647a32256de439f25c9e,2023,20243,,,gx-no-cache=1684957974906 HTTP/1.1" 200 12131
192.168.10.85 - - [24/May/2023:17:09:23 -0300] "GET /cormun/servlet/trsolicitudgral? HTTP/1.1" 200 10133
192.168.10.85 - - [24/May/2023:17:09:23 -0300] "GET /cormun/servlet/trsolicitudgral? HTTP/1.1" 200 10128
192.168.10.85 - - [24/May/2023:17:09:26 -0300] "GET /cormun/servlet/vesolicitudgral?2023,20243,, HTTP/1.1" 200 8372
192.168.10.85 - - [24/May/2023:17:09:26 -0300] "GET /cormun/pexe_scrolldiv.js HTTP/1.1" 404 1009
192.168.10.85 - - [24/May/2023:17:09:26 -0300] "GET /cormun/servlet/vesolicitudgral?2023,20243,, HTTP/1.1" 200 8372
192.168.10.85 - - [24/May/2023:17:09:27 -0300] "GET /cormun/servlet/vesolicitudgral?2023,20243,,SolicitudOTAdjuntos HTTP/1.1" 200 11032
192.168.10.85 - - [24/May/2023:17:09:27 -0300] "GET /cormun/pexe_scrolldiv.js HTTP/1.1" 404 1009
192.168.10.85 - - [24/May/2023:17:09:28 -0300] "GET /cormun/servlet/vesolicitudgral?2023,20243,,SolicitudOTAdjuntos HTTP/1.1" 200 11035
192.168.10.85 - - [24/May/2023:17:09:28 -0300] "POST /cormun/servlet/acontrolpreferencessavestate?None,RRHH+DANIELA,true HTTP/1.1" 200 35
192.168.10.17 - - [24/May/2023:17:09:29 -0300] "POST /cormun/servlet/trsolicitudgral?b59786848a5b935484d3d4a85bc0bae6,,gx-no-cache=1684957988652 HTTP/1.1" 200 5257
192.168.10.17 - - [24/May/2023:17:09:31 -0300] "POST /cormun/servlet/trsolicitudgral?b59786848a5b935484d3d4a85bc0bae6,,gx-no-cache=1684957990377 HTTP/1.1" 200 5256
192.168.10.17 - - [24/May/2023:17:09:56 -0300] "POST /cormun/servlet/trsolicitudgral?b59786848a5b935484d3d4a85bc0bae6,,gx-no-cache=1684958015356 HTTP/1.1" 200 5259
192.168.10.85 - - [24/May/2023:17:09:59 -0300] "GET /cormun/PublicTempStorage/certificado_de_afp9600807.pdf HTTP/1.1" 200 25641
192.168.10.17 - - [24/May/2023:17:10:11 -0300] "POST /cormun/servlet/trsolicitudgral?b59786848a5b935484d3d4a85bc0bae6,,gx-no-cache=1684958030412 HTTP/1.1" 200 5256
190.171.154.42 - - [24/May/2023:17:10:28 -0300] "GET /cormun/servlet/solicitudotadjuntos?f7121741703a92a9162f25d38a79cae445db4aed23859a2058d48b0382ba310e,gx-no-cache=1684958098884 HTTP/1.1" 200 30
190.171.154.42 - - [24/May/2023:17:10:28 -0300] "GET /cormun/servlet/solicitudotadjuntos?f7121741703a92a9162f25d38a79cae445db4aed23859a2058d48b0382ba310e,gx-no-cache=1684958098918 HTTP/1.1" 200 30
190.171.154.42 - - [24/May/2023:17:10:28 -0300] "POST /cormun/servlet/solicitudotadjuntos?bac9be51b964b3958e52739b8aeaba71,INS,2023,20247,,1, HTTP/1.1" 200 116
190.171.154.42 - - [24/May/2023:17:10:28 -0300] "GET /cormun/servlet/hpexe_return? HTTP/1.1" 200 1026
190.171.154.42 - - [24/May/2023:17:10:29 -0300] "GET /cormun/servlet/trsolicitudadjuntos?2023,20247, HTTP/1.1" 200 10488
190.171.154.42 - - [24/May/2023:17:10:29 -0300] "GET /cormun/servlet/trsolicitudadjuntos?2023,20247, HTTP/1.1" 200 10485
192.168.10.85 - - [24/May/2023:17:10:31 -0300] "GET /cormun/servlet/vesolicitudgral?2023,20243,,SolicitudOTAdjuntos HTTP/1.1" 200 11028
192.168.10.85 - - [24/May/2023:17:10:32 -0300] "GET /cormun/servlet/vesolicitudgral?2023,20243,,SolicitudOTAdjuntos HTTP/1.1" 200 11033
192.168.10.85 - - [24/May/2023:17:10:32 -0300] "POST /cormun/servlet/acontrolpreferencessavestate?None,RRHH+DANIELA,true HTTP/1.1" 200 35
190.171.154.42 - - [24/May/2023:17:10:35 -0300] "GET /cormun/servlet/solicitudotadjuntos?INS,2023,20247,,1, HTTP/1.1" 200 6291
190.171.154.42 - - [24/May/2023:17:10:35 -0300] "GET /cormun/static/about:blank HTTP/1.1" 404 1011
190.171.154.42 - - [24/May/2023:17:10:35 -0300] "GET /cormun/servlet/solicitudotadjuntos?INS,2023,20247,,1, HTTP/1.1" 200 6284
190.171.154.42 - - [24/May/2023:17:10:35 -0300] "GET /cormun/servlet/solicitudotadjuntos?f7121741703a92a9162f25d38a79cae4fe59d953debfb1efbd8e34fd874ed08fb02c753c8f488966d4c6a0ffe6dade54,gx-no-cache=1684958106108 HTTP/1.1" 200 30
192.168.10.85 - - [24/May/2023:17:10:35 -0300] "GET /cormun/PublicTempStorage/certificado_de_fonasa192209.pdf HTTP/1.1" 200 71799
190.171.154.42 - - [24/May/2023:17:10:35 -0300] "POST /cormun/servlet/solicitudotadjuntos?bac9be51b964b3958e52739b8aeaba71,INS,2023,20247,,1,,gx-no-cache=1684958106127 HTTP/1.1" 200 4188
190.171.154.42 - - [24/May/2023:17:10:38 -0300] "POST /cormun/servlet/solicitudotadjuntos?gx-no-cache=1684958109011 HTTP/1.1" 200 26
192.168.10.85 - - [24/May/2023:17:10:42 -0300] "GET /cormun/servlet/vesolicitudgral?2023,20243,,SolicitudOTAdjuntos HTTP/1.1" 200 11031
192.168.10.85 - - [24/May/2023:17:10:42 -0300] "GET /cormun/servlet/vesolicitudgral?2023,20243,,SolicitudOTAdjuntos HTTP/1.1" 200 11034
192.168.10.85 - - [24/May/2023:17:10:43 -0300] "POST /cormun/servlet/acontrolpreferencessavestate?None,RRHH+DANIELA,true HTTP/1.1" 200 35
192.168.10.85 - - [24/May/2023:17:10:46 -0300] "GET /cormun/servlet/vesolicitudgral?2023,20243,,General HTTP/1.1" 200 8376
192.168.10.85 - - [24/May/2023:17:10:46 -0300] "GET /cormun/pexe_scrolldiv.js HTTP/1.1" 404 1009
192.168.10.85 - - [24/May/2023:17:10:46 -0300] "GET /cormun/servlet/vesolicitudgral?2023,20243,,General HTTP/1.1" 200 8376
192.168.10.17 - - [24/May/2023:17:10:56 -0300] "POST /cormun/servlet/trsolicitudgral?b59786848a5b935484d3d4a85bc0bae6,,gx-no-cache=1684958075291 HTTP/1.1" 200 5256
192.168.10.17 - - [24/May/2023:17:10:59 -0300] "GET /cormun/servlet/trsolicitudgral? HTTP/1.1" 200 8294
192.168.10.17 - - [24/May/2023:17:10:59 -0300] "GET /cormun/servlet/trsolicitudgral? HTTP/1.1" 200 8294
192.168.10.17 - - [24/May/2023:17:11:05 -0300] "POST /cormun/servlet/trsolicitudgral?b59786848a5b935484d3d4a85bc0bae6,,gx-no-cache=1684958082540 HTTP/1.1" 200 25273
10.40.40.2 - - [24/May/2023:17:11:06 -0300] "POST /cormun/servlet/vesolicitudgral?ba633ea2acf943ff117666475089ddfc,2023,20114,,,gx-no-cache=1684958085490 HTTP/1.1" 200 90
10.40.40.2 - - [24/May/2023:17:11:06 -0300] "GET /cormun/servlet/hpexe_link HTTP/1.1" 200 968
10.40.40.2 - - [24/May/2023:17:11:06 -0300] "GET /cormun/servlet/trsolicitudgral HTTP/1.1" 200 13418
10.40.40.2 - - [24/May/2023:17:11:07 -0300] "GET /cormun/servlet/trsolicitudgral HTTP/1.1" 200 13416
10.40.40.2 - - [24/May/2023:17:11:19 -0300] "GET /cormun/servlet/trsolicitudgral? HTTP/1.1" 200 13416
10.40.40.2 - - [24/May/2023:17:11:19 -0300] "GET /cormun/servlet/trsolicitudgral? HTTP/1.1" 200 13416
10.40.40.2 - - [24/May/2023:17:11:24 -0300] "POST /cormun/servlet/trsolicitudgral?ba633ea2acf943ff117666475089ddfc,,gx-no-cache=1684958102428 HTTP/1.1" 200 24493
192.168.10.85 - - [24/May/2023:17:14:41 -0300] "GET /cormun/servlet/trsolicitudgral? HTTP/1.1" 200 9691
192.168.10.85 - - [24/May/2023:17:14:42 -0300] "GET /cormun/servlet/trsolicitudgral? HTTP/1.1" 200 9684
192.168.10.85 - - [24/May/2023:17:14:56 -0300] "POST /cormun/servlet/trsolicitudgral?5b318254c04e647a32256de439f25c9e,,gx-no-cache=1684958314105 HTTP/1.1" 200 24511
190.171.154.42 - - [24/May/2023:17:15:21 -0300] "GET /cormun/servlet/solicitudotadjuntos?f7121741703a92a9162f25d38a79cae445db4aed23859a2058d48b0382ba310e,gx-no-cache=1684958391565 HTTP/1.1" 200 30
190.171.154.42 - - [24/May/2023:17:15:21 -0300] "GET /cormun/servlet/solicitudotadjuntos?f7121741703a92a9162f25d38a79cae445db4aed23859a2058d48b0382ba310e,gx-no-cache=1684958391604 HTTP/1.1" 200 30
192.168.10.85 - - [24/May/2023:17:15:21 -0300] "POST /cormun/servlet/trsolicitudgral?5b318254c04e647a32256de439f25c9e,,gx-no-cache=1684958340235 HTTP/1.1" 200 5268
190.171.154.42 - - [24/May/2023:17:15:21 -0300] "POST /cormun/servlet/solicitudotadjuntos?bac9be51b964b3958e52739b8aeaba71,INS,2023,20247,,1, HTTP/1.1" 200 6674
190.171.154.42 - - [24/May/2023:17:15:21 -0300] "GET /cormun/static/Shared/jqueryui/images/ui-bg_highlight-soft_100_c6c2c8_1x100.png HTTP/1.1" 404 1117
190.171.154.42 - - [24/May/2023:17:15:21 -0300] "GET /cormun/static/Shared/jqueryui/images/ui-icons_82798d_256x240.png HTTP/1.1" 404 1089
190.171.154.42 - - [24/May/2023:17:15:21 -0300] "GET /cormun/static/Shared/jqueryui/images/ui-icons_ebccce_256x240.png HTTP/1.1" 404 1089
190.171.154.42 - - [24/May/2023:17:15:21 -0300] "GET /cormun/static/Shared/jqueryui/images/ui-bg_flat_55_994d53_40x100.png HTTP/1.1" 404 1097
190.171.154.42 - - [24/May/2023:17:15:21 -0300] "GET /cormun/PrivateTempStorage/upload_00020127.jpeg HTTP/1.1" 200 57041
190.171.154.42 - - [24/May/2023:17:15:26 -0300] "GET /cormun/servlet/trsolicitudadjuntos?2023,20247, HTTP/1.1" 200 10487
192.168.10.85 - - [24/May/2023:17:15:26 -0300] "POST /cormun/servlet/trsolicitudgral?5b318254c04e647a32256de439f25c9e,,gx-no-cache=1684958345253 HTTP/1.1" 200 6651
190.171.154.42 - - [24/May/2023:17:15:26 -0300] "GET /cormun/servlet/trsolicitudadjuntos?2023,20247, HTTP/1.1" 200 10488
190.171.154.42 - - [24/May/2023:17:15:31 -0300] "GET /cormun/servlet/solicitudotadjuntos?INS,2023,20247,,1, HTTP/1.1" 200 6290
190.171.154.42 - - [24/May/2023:17:15:32 -0300] "GET /cormun/static/about:blank HTTP/1.1" 404 1011
190.171.154.42 - - [24/May/2023:17:15:32 -0300] "GET /cormun/servlet/solicitudotadjuntos?INS,2023,20247,,1, HTTP/1.1" 200 6283
192.168.10.85 - - [24/May/2023:17:15:32 -0300] "GET /cormun/servlet/vesolicitudgral?2023,20233,, HTTP/1.1" 200 8390
192.168.10.85 - - [24/May/2023:17:15:32 -0300] "GET /cormun/pexe_scrolldiv.js HTTP/1.1" 404 1009
192.168.10.85 - - [24/May/2023:17:15:32 -0300] "GET /cormun/servlet/vesolicitudgral?2023,20233,, HTTP/1.1" 200 8390
190.171.154.42 - - [24/May/2023:17:15:32 -0300] "GET /cormun/servlet/solicitudotadjuntos?f7121741703a92a9162f25d38a79cae4fe59d953debfb1efbd8e34fd874ed08fb02c753c8f488966d4c6a0ffe6dade54,gx-no-cache=1684958402972 HTTP/1.1" 200 30
190.171.154.42 - - [24/May/2023:17:15:32 -0300] "POST /cormun/servlet/solicitudotadjuntos?bac9be51b964b3958e52739b8aeaba71,INS,2023,20247,,1,,gx-no-cache=1684958402989 HTTP/1.1" 200 4187
192.168.10.85 - - [24/May/2023:17:15:34 -0300] "POST /cormun/servlet/vesolicitudgral?5b318254c04e647a32256de439f25c9e,2023,20233,,,gx-no-cache=1684958353554 HTTP/1.1" 200 12192
192.168.10.85 - - [24/May/2023:17:15:34 -0300] "GET /cormun/static/Shared/jqueryui/images/ui-bg_highlight-soft_100_c6c2c8_1x100.png HTTP/1.1" 404 1117
192.168.10.85 - - [24/May/2023:17:15:34 -0300] "GET /cormun/static/Shared/jqueryui/images/ui-icons_82798d_256x240.png HTTP/1.1" 404 1089
192.168.10.85 - - [24/May/2023:17:15:34 -0300] "GET /cormun/static/Shared/jqueryui/images/ui-bg_flat_55_fafafa_40x100.png HTTP/1.1" 404 1097
192.168.10.85 - - [24/May/2023:17:15:34 -0300] "GET /cormun/static/Shared/jqueryui/images/ui-icons_8d78a5_256x240.png HTTP/1.1" 404 1089
192.168.10.85 - - [24/May/2023:17:15:36 -0300] "GET /cormun/servlet/trautorizarot? HTTP/1.1" 200 9558
192.168.10.85 - - [24/May/2023:17:15:37 -0300] "GET /cormun/servlet/trautorizarot? HTTP/1.1" 200 9553
192.168.10.85 - - [24/May/2023:17:15:39 -0300] "GET /cormun/servlet/trsolicitudgral? HTTP/1.1" 200 9697
192.168.10.85 - - [24/May/2023:17:15:39 -0300] "GET /cormun/servlet/trsolicitudgral? HTTP/1.1" 200 9697
192.168.10.85 - - [24/May/2023:17:15:42 -0300] "GET /cormun/servlet/vesolicitudgral?2023,20233,, HTTP/1.1" 200 8390
192.168.10.85 - - [24/May/2023:17:15:42 -0300] "GET /cormun/pexe_scrolldiv.js HTTP/1.1" 404 1009
192.168.10.85 - - [24/May/2023:17:15:42 -0300] "GET /cormun/servlet/vesolicitudgral?2023,20233,, HTTP/1.1" 200 8390
192.168.10.85 - - [24/May/2023:17:15:45 -0300] "POST /cormun/servlet/vesolicitudgral?5b318254c04e647a32256de439f25c9e,2023,20233,,,gx-no-cache=1684958363770 HTTP/1.1" 200 12192
192.168.10.85 - - [24/May/2023:17:15:45 -0300] "GET /cormun/static/Shared/jqueryui/images/ui-icons_82798d_256x240.png HTTP/1.1" 404 1089
192.168.10.85 - - [24/May/2023:17:15:45 -0300] "GET /cormun/static/Shared/jqueryui/images/ui-bg_highlight-soft_100_c6c2c8_1x100.png HTTP/1.1" 404 1117
192.168.10.85 - - [24/May/2023:17:15:45 -0300] "GET /cormun/static/Shared/jqueryui/images/ui-bg_flat_55_fafafa_40x100.png HTTP/1.1" 404 1097
192.168.10.85 - - [24/May/2023:17:15:45 -0300] "GET /cormun/static/Shared/jqueryui/images/ui-icons_8d78a5_256x240.png HTTP/1.1" 404 1089
192.168.10.85 - - [24/May/2023:17:16:03 -0300] "GET /cormun/servlet/trsolicitudgral? HTTP/1.1" 200 9698
192.168.10.85 - - [24/May/2023:17:16:03 -0300] "GET /cormun/servlet/trsolicitudgral? HTTP/1.1" 200 9697
192.168.10.85 - - [24/May/2023:17:16:10 -0300] "POST /cormun/servlet/trsolicitudgral?5b318254c04e647a32256de439f25c9e,,gx-no-cache=1684958388967 HTTP/1.1" 200 5266
190.171.154.42 - - [24/May/2023:17:16:10 -0300] "POST /cormun/servlet/solicitudotadjuntos?gx-no-cache=1684958440852 HTTP/1.1" 200 26
192.168.10.85 - - [24/May/2023:17:16:21 -0300] "POST /cormun/servlet/trsolicitudgral?5b318254c04e647a32256de439f25c9e,,gx-no-cache=1684958400667 HTTP/1.1" 200 5266
192.168.10.85 - - [24/May/2023:17:16:27 -0300] "POST /cormun/servlet/trsolicitudgral?5b318254c04e647a32256de439f25c9e,,gx-no-cache=1684958405804 HTTP/1.1" 200 6650
190.171.154.42 - - [24/May/2023:17:17:40 -0300] "GET /cormun/servlet/solicitudotadjuntos?f7121741703a92a9162f25d38a79cae445db4aed23859a2058d48b0382ba310e,gx-no-cache=1684958530389 HTTP/1.1" 200 30
190.171.154.42 - - [24/May/2023:17:17:40 -0300] "GET /cormun/servlet/solicitudotadjuntos?f7121741703a92a9162f25d38a79cae445db4aed23859a2058d48b0382ba310e,gx-no-cache=1684958530499 HTTP/1.1" 200 30
190.171.154.42 - - [24/May/2023:17:17:40 -0300] "POST /cormun/servlet/solicitudotadjuntos?bac9be51b964b3958e52739b8aeaba71,INS,2023,20247,,1, HTTP/1.1" 200 116
190.171.154.42 - - [24/May/2023:17:17:40 -0300] "GET /cormun/servlet/hpexe_return? HTTP/1.1" 200 1026
190.171.154.42 - - [24/May/2023:17:17:41 -0300] "GET /cormun/servlet/trsolicitudadjuntos?2023,20247, HTTP/1.1" 200 10648
190.171.154.42 - - [24/May/2023:17:17:41 -0300] "GET /cormun/servlet/trsolicitudadjuntos?2023,20247, HTTP/1.1" 200 10651
190.171.154.42 - - [24/May/2023:17:18:30 -0300] "POST /cormun/servlet/trsolicitudadjuntos?bac9be51b964b3958e52739b8aeaba71,2023,20247,,gx-no-cache=1684958580800 HTTP/1.1" 200 90
190.171.154.42 - - [24/May/2023:17:18:30 -0300] "GET /cormun/servlet/hpexe_link HTTP/1.1" 200 969
190.171.154.42 - - [24/May/2023:17:18:30 -0300] "GET /cormun/servlet/trsolicitudot HTTP/1.1" 200 9693
190.171.154.42 - - [24/May/2023:17:18:31 -0300] "GET /cormun/servlet/trsolicitudot HTTP/1.1" 200 9692
190.171.154.42 - - [24/May/2023:17:18:44 -0300] "POST /cormun/servlet/trsolicitudot?bac9be51b964b3958e52739b8aeaba71,gx-no-cache=1684958595090 HTTP/1.1" 200 6484
190.171.154.42 - - [24/May/2023:17:18:45 -0300] "GET /cormun/static/Shared/jqueryui/images/ui-bg_highlight-soft_100_c6c2c8_1x100.png HTTP/1.1" 404 1117
190.171.154.42 - - [24/May/2023:17:18:45 -0300] "GET /cormun/static/Shared/jqueryui/images/ui-bg_flat_55_fafafa_40x100.png HTTP/1.1" 404 1097
190.171.154.42 - - [24/May/2023:17:18:45 -0300] "GET /cormun/static/Shared/jqueryui/images/ui-icons_8d78a5_256x240.png HTTP/1.1" 404 1089
190.171.154.42 - - [24/May/2023:17:18:45 -0300] "GET /cormun/static/Shared/jqueryui/images/ui-icons_82798d_256x240.png HTTP/1.1" 404 1089
190.171.154.42 - - [24/May/2023:17:18:45 -0300] "POST /cormun/servlet/trsolicitudot?bac9be51b964b3958e52739b8aeaba71,gx-no-cache=1684958595336 HTTP/1.1" 200 6428
190.171.154.42 - - [24/May/2023:17:18:50 -0300] "POST /cormun/servlet/trsolicitudot?bac9be51b964b3958e52739b8aeaba71,gx-no-cache=1684958601059 HTTP/1.1" 200 107
190.171.154.42 - - [24/May/2023:17:18:50 -0300] "GET /cormun/servlet/trsolicitudadjuntos?2023,20257, HTTP/1.1" 200 6347
190.171.154.42 - - [24/May/2023:17:18:51 -0300] "GET /cormun/servlet/trsolicitudadjuntos?2023,20257, HTTP/1.1" 200 6347
190.171.154.42 - - [24/May/2023:17:18:53 -0300] "GET /cormun/servlet/solicitudotadjuntos?INS,2023,20257,,1, HTTP/1.1" 200 6291
190.171.154.42 - - [24/May/2023:17:18:53 -0300] "GET /cormun/static/about:blank HTTP/1.1" 404 1011
190.171.154.42 - - [24/May/2023:17:18:53 -0300] "GET /cormun/servlet/solicitudotadjuntos?INS,2023,20257,,1, HTTP/1.1" 200 6285
190.171.154.42 - - [24/May/2023:17:18:54 -0300] "GET /cormun/servlet/solicitudotadjuntos?f7121741703a92a9162f25d38a79cae41b8f7ac0cbad7c79fcd33e035f7364120cc539e9b4eaf4b80b9b2482f1c6d599,gx-no-cache=1684958604358 HTTP/1.1" 200 30
190.171.154.42 - - [24/May/2023:17:18:54 -0300] "POST /cormun/servlet/solicitudotadjuntos?bac9be51b964b3958e52739b8aeaba71,INS,2023,20257,,1,,gx-no-cache=1684958604377 HTTP/1.1" 200 4152
190.171.154.42 - - [24/May/2023:17:19:01 -0300] "POST /cormun/servlet/solicitudotadjuntos?gx-no-cache=1684958611497 HTTP/1.1" 200 26
190.171.154.42 - - [24/May/2023:17:19:14 -0300] "GET /cormun/servlet/solicitudotadjuntos?f7121741703a92a9162f25d38a79cae445db4aed23859a2058d48b0382ba310e,gx-no-cache=1684958624565 HTTP/1.1" 200 30
190.171.154.42 - - [24/May/2023:17:19:14 -0300] "GET /cormun/servlet/solicitudotadjuntos?f7121741703a92a9162f25d38a79cae445db4aed23859a2058d48b0382ba310e,gx-no-cache=1684958624590 HTTP/1.1" 200 30
190.171.154.42 - - [24/May/2023:17:19:14 -0300] "POST /cormun/servlet/solicitudotadjuntos?bac9be51b964b3958e52739b8aeaba71,INS,2023,20257,,1, HTTP/1.1" 200 116
190.171.154.42 - - [24/May/2023:17:19:14 -0300] "GET /cormun/servlet/hpexe_return? HTTP/1.1" 200 1027
190.171.154.42 - - [24/May/2023:17:19:14 -0300] "GET /cormun/servlet/trsolicitudadjuntos?2023,20257, HTTP/1.1" 200 9308
190.171.154.42 - - [24/May/2023:17:19:15 -0300] "GET /cormun/servlet/trsolicitudadjuntos?2023,20257, HTTP/1.1" 200 9307
190.171.154.42 - - [24/May/2023:17:19:17 -0300] "GET /cormun/servlet/solicitudotadjuntos?INS,2023,20257,,1, HTTP/1.1" 200 6291
190.171.154.42 - - [24/May/2023:17:19:17 -0300] "GET /cormun/static/about:blank HTTP/1.1" 404 1011
190.171.154.42 - - [24/May/2023:17:19:17 -0300] "GET /cormun/servlet/solicitudotadjuntos?INS,2023,20257,,1, HTTP/1.1" 200 6285
190.171.154.42 - - [24/May/2023:17:19:18 -0300] "GET /cormun/servlet/solicitudotadjuntos?f7121741703a92a9162f25d38a79cae41b8f7ac0cbad7c79fcd33e035f7364120cc539e9b4eaf4b80b9b2482f1c6d599,gx-no-cache=1684958628543 HTTP/1.1" 200 30
190.171.154.42 - - [24/May/2023:17:19:18 -0300] "POST /cormun/servlet/solicitudotadjuntos?bac9be51b964b3958e52739b8aeaba71,INS,2023,20257,,1,,gx-no-cache=1684958628567 HTTP/1.1" 200 4152
190.171.154.42 - - [24/May/2023:17:19:21 -0300] "POST /cormun/servlet/solicitudotadjuntos?gx-no-cache=1684958631711 HTTP/1.1" 200 26
190.171.154.42 - - [24/May/2023:17:19:31 -0300] "GET /cormun/servlet/solicitudotadjuntos?f7121741703a92a9162f25d38a79cae445db4aed23859a2058d48b0382ba310e,gx-no-cache=1684958641612 HTTP/1.1" 200 30
190.171.154.42 - - [24/May/2023:17:19:31 -0300] "GET /cormun/servlet/solicitudotadjuntos?f7121741703a92a9162f25d38a79cae445db4aed23859a2058d48b0382ba310e,gx-no-cache=1684958641628 HTTP/1.1" 200 30
190.171.154.42 - - [24/May/2023:17:19:31 -0300] "POST /cormun/servlet/solicitudotadjuntos?bac9be51b964b3958e52739b8aeaba71,INS,2023,20257,,1, HTTP/1.1" 200 116
190.171.154.42 - - [24/May/2023:17:19:31 -0300] "GET /cormun/servlet/hpexe_return? HTTP/1.1" 200 1027
190.171.154.42 - - [24/May/2023:17:19:31 -0300] "GET /cormun/servlet/trsolicitudadjuntos?2023,20257, HTTP/1.1" 200 9586
190.171.154.42 - - [24/May/2023:17:19:32 -0300] "GET /cormun/servlet/trsolicitudadjuntos?2023,20257, HTTP/1.1" 200 9584
190.171.154.42 - - [24/May/2023:17:19:34 -0300] "GET /cormun/servlet/solicitudotadjuntos?INS,2023,20257,,1, HTTP/1.1" 200 6291
190.171.154.42 - - [24/May/2023:17:19:34 -0300] "GET /cormun/static/about:blank HTTP/1.1" 404 1011
190.171.154.42 - - [24/May/2023:17:19:34 -0300] "GET /cormun/servlet/solicitudotadjuntos?INS,2023,20257,,1, HTTP/1.1" 200 6285
190.171.154.42 - - [24/May/2023:17:19:35 -0300] "GET /cormun/servlet/solicitudotadjuntos?f7121741703a92a9162f25d38a79cae41b8f7ac0cbad7c79fcd33e035f7364120cc539e9b4eaf4b80b9b2482f1c6d599,gx-no-cache=1684958645627 HTTP/1.1" 200 30
190.171.154.42 - - [24/May/2023:17:19:35 -0300] "POST /cormun/servlet/solicitudotadjuntos?bac9be51b964b3958e52739b8aeaba71,INS,2023,20257,,1,,gx-no-cache=1684958645644 HTTP/1.1" 200 4152
190.171.154.42 - - [24/May/2023:17:19:38 -0300] "POST /cormun/servlet/solicitudotadjuntos?gx-no-cache=1684958648556 HTTP/1.1" 200 26
190.171.154.42 - - [24/May/2023:17:21:32 -0300] "GET /cormun/servlet/solicitudotadjuntos?f7121741703a92a9162f25d38a79cae445db4aed23859a2058d48b0382ba310e,gx-no-cache=1684958762558 HTTP/1.1" 200 30
190.171.154.42 - - [24/May/2023:17:21:32 -0300] "GET /cormun/servlet/solicitudotadjuntos?f7121741703a92a9162f25d38a79cae445db4aed23859a2058d48b0382ba310e,gx-no-cache=1684958762591 HTTP/1.1" 200 30
190.171.154.42 - - [24/May/2023:17:21:32 -0300] "POST /cormun/servlet/solicitudotadjuntos?bac9be51b964b3958e52739b8aeaba71,INS,2023,20257,,1, HTTP/1.1" 200 6734
190.171.154.42 - - [24/May/2023:17:21:32 -0300] "GET /cormun/static/Shared/jqueryui/images/ui-bg_highlight-soft_100_c6c2c8_1x100.png HTTP/1.1" 404 1117
190.171.154.42 - - [24/May/2023:17:21:32 -0300] "GET /cormun/static/Shared/jqueryui/images/ui-bg_flat_55_994d53_40x100.png HTTP/1.1" 404 1097
190.171.154.42 - - [24/May/2023:17:21:32 -0300] "GET /cormun/static/Shared/jqueryui/images/ui-icons_ebccce_256x240.png HTTP/1.1" 404 1089
190.171.154.42 - - [24/May/2023:17:21:32 -0300] "GET /cormun/static/Shared/jqueryui/images/ui-icons_82798d_256x240.png HTTP/1.1" 404 1089
190.171.154.42 - - [24/May/2023:17:21:32 -0300] "GET /cormun/PrivateTempStorage/upload_00020175.jpeg HTTP/1.1" 200 40621
190.171.154.42 - - [24/May/2023:17:21:34 -0300] "GET /cormun/servlet/trsolicitudadjuntos?2023,20257, HTTP/1.1" 200 9587
190.171.154.42 - - [24/May/2023:17:21:35 -0300] "GET /cormun/servlet/trsolicitudadjuntos?2023,20257, HTTP/1.1" 200 9583
190.171.154.42 - - [24/May/2023:17:21:38 -0300] "GET /cormun/servlet/solicitudotadjuntos?INS,2023,20257,,1, HTTP/1.1" 200 6291
190.171.154.42 - - [24/May/2023:17:21:39 -0300] "GET /cormun/static/about:blank HTTP/1.1" 404 1011
190.171.154.42 - - [24/May/2023:17:21:39 -0300] "GET /cormun/servlet/solicitudotadjuntos?INS,2023,20257,,1, HTTP/1.1" 200 6285
190.171.154.42 - - [24/May/2023:17:21:39 -0300] "GET /cormun/servlet/solicitudotadjuntos?f7121741703a92a9162f25d38a79cae41b8f7ac0cbad7c79fcd33e035f7364120cc539e9b4eaf4b80b9b2482f1c6d599,gx-no-cache=1684958770017 HTTP/1.1" 200 30
190.171.154.42 - - [24/May/2023:17:21:39 -0300] "POST /cormun/servlet/solicitudotadjuntos?bac9be51b964b3958e52739b8aeaba71,INS,2023,20257,,1,,gx-no-cache=1684958770037 HTTP/1.1" 200 4153
190.171.154.42 - - [24/May/2023:17:21:41 -0300] "POST /cormun/servlet/solicitudotadjuntos?gx-no-cache=1684958772021 HTTP/1.1" 200 26
190.171.144.234 - - [24/May/2023:17:22:36 -0300] "GET /cormun/servlet/hlogin HTTP/1.1" 200 1725
190.171.144.234 - - [24/May/2023:17:22:41 -0300] "POST /cormun/servlet/hlogin?0a4fc0e657b0038000a17ba86a70d5a9,gx-no-cache=1684958832096 HTTP/1.1" 200 90
190.171.144.234 - - [24/May/2023:17:22:41 -0300] "GET /cormun/servlet/hpexe_link HTTP/1.1" 200 956
190.171.144.234 - - [24/May/2023:17:22:42 -0300] "GET /cormun/servlet/hhome HTTP/1.1" 200 3997
190.171.144.234 - - [24/May/2023:17:22:42 -0300] "GET /cormun/servlet/hhome HTTP/1.1" 200 3993
190.171.144.234 - - [24/May/2023:17:22:45 -0300] "GET /cormun/servlet/trlicencias? HTTP/1.1" 200 10982
190.171.144.234 - - [24/May/2023:17:22:46 -0300] "GET /cormun/servlet/trlicencias? HTTP/1.1" 200 10985
181.212.47.137 - - [24/May/2023:17:24:59 -0300] "GET /cormun/servlet/hlogin HTTP/1.1" 200 1723
181.212.47.137 - - [24/May/2023:17:24:59 -0300] "GET /cormun/static/gxtimezone.js?85251 HTTP/1.1" 200 5781
181.212.47.137 - - [24/May/2023:17:24:59 -0300] "GET /cormun/static/gxcfg.js?2022112219184450 HTTP/1.1" 200 953
181.212.47.137 - - [24/May/2023:17:24:59 -0300] "GET /cormun/static/Resources/Spanish/PXTools.css?1759030 HTTP/1.1" 200 100853
181.212.47.137 - - [24/May/2023:17:24:59 -0300] "GET /cormun/static/messages.spa.js?85251 HTTP/1.1" 200 30736
181.212.47.137 - - [24/May/2023:17:24:59 -0300] "GET /cormun/static/hlogin.js?2022112219184458 HTTP/1.1" 200 2156
181.212.47.137 - - [24/May/2023:17:24:59 -0300] "GET /cormun/static/gxgral.js?85251 HTTP/1.1" 200 384558
181.212.47.137 - - [24/May/2023:17:24:59 -0300] "GET /cormun/static/Resources/CormunLogin.png HTTP/1.1" 200 19132
181.212.47.137 - - [24/May/2023:17:25:00 -0300] "GET /cormun/static/Resources/PXToolsLoginTop.png HTTP/1.1" 200 1337
181.212.47.137 - - [24/May/2023:17:25:00 -0300] "GET /cormun/static/Resources/PXToolsLoginBackground.png HTTP/1.1" 200 1164
181.212.47.137 - - [24/May/2023:17:25:00 -0300] "GET /cormun/static/Resources/PXToolsButtonLeft.png HTTP/1.1" 200 1310
181.212.47.137 - - [24/May/2023:17:25:00 -0300] "GET /cormun/static/Resources/PXToolsButtonBackground.png HTTP/1.1" 200 1176
181.212.47.137 - - [24/May/2023:17:25:00 -0300] "GET /cormun/static/Resources/PXToolsLoginBottom.png HTTP/1.1" 200 1389
181.212.47.137 - - [24/May/2023:17:25:00 -0300] "GET /cormun/static/Resources/PXToolsButtonRight.png HTTP/1.1" 200 1294
181.212.47.137 - - [24/May/2023:17:25:00 -0300] "GET /cormun/static/Resources/indicator.gif HTTP/1.1" 200 1553
181.212.47.137 - - [24/May/2023:17:25:00 -0300] "GET /cormun/servlet/hlogin HTTP/1.1" 200 1732
181.212.47.137 - - [24/May/2023:17:25:00 -0300] "GET /favicon.ico HTTP/1.1" 200 21630
190.171.144.234 - - [24/May/2023:17:25:28 -0300] "GET /cormun/servlet/hlogin HTTP/1.1" 200 1739
186.11.102.211 - - [24/May/2023:17:31:27 -0300] "GET /cormun/servlet/hlogin HTTP/1.1" 200 1776
190.171.152.242 - - [24/May/2023:17:32:23 -0300] "GET /cormun/servlet/hlogin HTTP/1.1" 200 1720
190.171.152.242 - - [24/May/2023:17:32:26 -0300] "POST /cormun/servlet/hlogin?c7793bea6a0da57ace957c82036ae0fb,gx-no-cache=1684959416486 HTTP/1.1" 200 90
190.171.152.242 - - [24/May/2023:17:32:26 -0300] "GET /cormun/servlet/hpexe_link HTTP/1.1" 200 950
190.171.152.242 - - [24/May/2023:17:32:26 -0300] "GET /cormun/servlet/hhome HTTP/1.1" 200 3995
190.171.152.242 - - [24/May/2023:17:32:26 -0300] "GET /cormun/servlet/hhome HTTP/1.1" 200 3991
190.171.152.242 - - [24/May/2023:17:32:28 -0300] "GET /cormun/servlet/trsolicitudot? HTTP/1.1" 200 8603
190.171.152.242 - - [24/May/2023:17:32:29 -0300] "GET /cormun/servlet/trsolicitudot? HTTP/1.1" 200 8601
190.171.152.242 - - [24/May/2023:17:32:31 -0300] "POST /cormun/servlet/trsolicitudot?c7793bea6a0da57ace957c82036ae0fb,,gx-no-cache=1684959421718 HTTP/1.1" 200 107
190.171.152.242 - - [24/May/2023:17:32:31 -0300] "GET /cormun/servlet/trsolicitudadjuntos?2023,20251, HTTP/1.1" 200 9539
190.171.152.242 - - [24/May/2023:17:32:32 -0300] "GET /cormun/servlet/trsolicitudadjuntos?2023,20251, HTTP/1.1" 200 9542
190.171.152.242 - - [24/May/2023:17:32:36 -0300] "GET /cormun/servlet/solicitudotadjuntos?INS,2023,20251,,1, HTTP/1.1" 200 6050
190.171.152.242 - - [24/May/2023:17:32:36 -0300] "GET /cormun/static/about:blank HTTP/1.1" 404 1011
190.171.152.242 - - [24/May/2023:17:32:36 -0300] "GET /cormun/servlet/solicitudotadjuntos?INS,2023,20251,,1, HTTP/1.1" 200 6042
190.171.152.242 - - [24/May/2023:17:32:37 -0300] "GET /cormun/servlet/solicitudotadjuntos?dd7dfefc8a2005dcf13e9d4719a0b64d79bbef1a284b8d408d4f4fb961d9453eceb377cb209092ccfccc6397cc9ae081,gx-no-cache=1684959427314 HTTP/1.1" 200 30
190.171.152.242 - - [24/May/2023:17:32:37 -0300] "POST /cormun/servlet/solicitudotadjuntos?c7793bea6a0da57ace957c82036ae0fb,INS,2023,20251,,1,,gx-no-cache=1684959427330 HTTP/1.1" 200 3875
190.171.152.242 - - [24/May/2023:17:32:42 -0300] "POST /cormun/servlet/solicitudotadjuntos?gx-no-cache=1684959432291 HTTP/1.1" 200 26
190.171.152.242 - - [24/May/2023:17:32:49 -0300] "GET /cormun/servlet/solicitudotadjuntos?dd7dfefc8a2005dcf13e9d4719a0b64d736aec477058abd39ad28e6a885bdb14,gx-no-cache=1684959439885 HTTP/1.1" 200 30
190.171.152.242 - - [24/May/2023:17:32:49 -0300] "GET /cormun/servlet/solicitudotadjuntos?dd7dfefc8a2005dcf13e9d4719a0b64d736aec477058abd39ad28e6a885bdb14,gx-no-cache=1684959439896 HTTP/1.1" 200 30
190.171.152.242 - - [24/May/2023:17:32:49 -0300] "POST /cormun/servlet/solicitudotadjuntos?c7793bea6a0da57ace957c82036ae0fb,INS,2023,20251,,1, HTTP/1.1" 200 116
190.171.152.242 - - [24/May/2023:17:32:49 -0300] "GET /cormun/servlet/hpexe_return? HTTP/1.1" 200 1023
190.171.152.242 - - [24/May/2023:17:32:50 -0300] "GET /cormun/servlet/trsolicitudadjuntos?2023,20251, HTTP/1.1" 200 9825
190.171.152.242 - - [24/May/2023:17:32:50 -0300] "GET /cormun/servlet/trsolicitudadjuntos?2023,20251, HTTP/1.1" 200 9824
190.171.152.242 - - [24/May/2023:17:32:54 -0300] "GET /cormun/servlet/solicitudotadjuntos?INS,2023,20251,,1, HTTP/1.1" 200 6050
190.171.152.242 - - [24/May/2023:17:32:54 -0300] "GET /cormun/static/about:blank HTTP/1.1" 404 1011
190.171.152.242 - - [24/May/2023:17:32:54 -0300] "GET /cormun/servlet/solicitudotadjuntos?INS,2023,20251,,1, HTTP/1.1" 200 6042
190.171.152.242 - - [24/May/2023:17:32:54 -0300] "GET /cormun/servlet/solicitudotadjuntos?dd7dfefc8a2005dcf13e9d4719a0b64d79bbef1a284b8d408d4f4fb961d9453eceb377cb209092ccfccc6397cc9ae081,gx-no-cache=1684959444956 HTTP/1.1" 200 30
190.171.152.242 - - [24/May/2023:17:32:54 -0300] "POST /cormun/servlet/solicitudotadjuntos?c7793bea6a0da57ace957c82036ae0fb,INS,2023,20251,,1,,gx-no-cache=1684959444971 HTTP/1.1" 200 3875
190.171.152.242 - - [24/May/2023:17:32:57 -0300] "POST /cormun/servlet/solicitudotadjuntos?gx-no-cache=1684959447293 HTTP/1.1" 200 26
190.171.154.42 - - [24/May/2023:17:33:01 -0300] "GET /cormun/servlet/solicitudotadjuntos?f7121741703a92a9162f25d38a79cae445db4aed23859a2058d48b0382ba310e,gx-no-cache=1684959451678 HTTP/1.1" 200 30
190.171.154.42 - - [24/May/2023:17:33:01 -0300] "GET /cormun/servlet/solicitudotadjuntos?f7121741703a92a9162f25d38a79cae445db4aed23859a2058d48b0382ba310e,gx-no-cache=1684959451724 HTTP/1.1" 200 30
190.171.154.42 - - [24/May/2023:17:33:01 -0300] "POST /cormun/servlet/solicitudotadjuntos?bac9be51b964b3958e52739b8aeaba71,INS,2023,20257,,1, HTTP/1.1" 200 116
190.171.154.42 - - [24/May/2023:17:33:01 -0300] "GET /cormun/servlet/hpexe_return? HTTP/1.1" 200 1027
190.171.154.42 - - [24/May/2023:17:33:01 -0300] "GET /cormun/servlet/trsolicitudadjuntos?2023,20257, HTTP/1.1" 200 9849
190.171.154.42 - - [24/May/2023:17:33:02 -0300] "GET /cormun/servlet/trsolicitudadjuntos?2023,20257, HTTP/1.1" 200 9849
190.171.152.242 - - [24/May/2023:17:33:08 -0300] "GET /cormun/servlet/solicitudotadjuntos?dd7dfefc8a2005dcf13e9d4719a0b64d736aec477058abd39ad28e6a885bdb14,gx-no-cache=1684959458557 HTTP/1.1" 200 30
190.171.152.242 - - [24/May/2023:17:33:08 -0300] "GET /cormun/servlet/solicitudotadjuntos?dd7dfefc8a2005dcf13e9d4719a0b64d736aec477058abd39ad28e6a885bdb14,gx-no-cache=1684959458569 HTTP/1.1" 200 30
190.171.152.242 - - [24/May/2023:17:33:08 -0300] "POST /cormun/servlet/solicitudotadjuntos?c7793bea6a0da57ace957c82036ae0fb,INS,2023,20251,,1, HTTP/1.1" 200 6192
190.171.152.242 - - [24/May/2023:17:33:08 -0300] "GET /cormun/static/Shared/jqueryui/images/ui-bg_highlight-soft_100_c6c2c8_1x100.png HTTP/1.1" 404 1117
190.171.152.242 - - [24/May/2023:17:33:08 -0300] "GET /cormun/static/Shared/jqueryui/images/ui-icons_82798d_256x240.png HTTP/1.1" 404 1089
190.171.152.242 - - [24/May/2023:17:33:08 -0300] "GET /cormun/static/Shared/jqueryui/images/ui-bg_flat_55_994d53_40x100.png HTTP/1.1" 404 1097
190.171.152.242 - - [24/May/2023:17:33:08 -0300] "GET /cormun/static/Shared/jqueryui/images/ui-icons_ebccce_256x240.png HTTP/1.1" 404 1089
190.171.152.242 - - [24/May/2023:17:33:08 -0300] "GET /cormun/PrivateTempStorage/upload_00020211.jpg HTTP/1.1" 200 49130
190.171.154.42 - - [24/May/2023:17:33:09 -0300] "GET /cormun/servlet/solicitudotadjuntos?INS,2023,20257,,1, HTTP/1.1" 200 6291
190.171.154.42 - - [24/May/2023:17:33:09 -0300] "GET /cormun/static/about:blank HTTP/1.1" 404 1011
190.171.154.42 - - [24/May/2023:17:33:09 -0300] "GET /cormun/servlet/solicitudotadjuntos?INS,2023,20257,,1, HTTP/1.1" 200 6285
190.171.154.42 - - [24/May/2023:17:33:10 -0300] "GET /cormun/servlet/solicitudotadjuntos?f7121741703a92a9162f25d38a79cae41b8f7ac0cbad7c79fcd33e035f7364120cc539e9b4eaf4b80b9b2482f1c6d599,gx-no-cache=1684959460369 HTTP/1.1" 200 30
190.171.154.42 - - [24/May/2023:17:33:10 -0300] "POST /cormun/servlet/solicitudotadjuntos?bac9be51b964b3958e52739b8aeaba71,INS,2023,20257,,1,,gx-no-cache=1684959460386 HTTP/1.1" 200 4153
190.171.154.42 - - [24/May/2023:17:33:12 -0300] "POST /cormun/servlet/solicitudotadjuntos?gx-no-cache=1684959463047 HTTP/1.1" 200 26
190.171.152.242 - - [24/May/2023:17:33:15 -0300] "GET /cormun/servlet/trsolicitudot? HTTP/1.1" 200 8612
190.171.152.242 - - [24/May/2023:17:33:15 -0300] "GET /cormun/servlet/trsolicitudot? HTTP/1.1" 200 8601
190.171.154.42 - - [24/May/2023:17:33:18 -0300] "GET /cormun/servlet/solicitudotadjuntos?f7121741703a92a9162f25d38a79cae445db4aed23859a2058d48b0382ba310e,gx-no-cache=1684959468623 HTTP/1.1" 200 30
190.171.154.42 - - [24/May/2023:17:33:18 -0300] "GET /cormun/servlet/solicitudotadjuntos?f7121741703a92a9162f25d38a79cae445db4aed23859a2058d48b0382ba310e,gx-no-cache=1684959468639 HTTP/1.1" 200 30
190.171.154.42 - - [24/May/2023:17:33:18 -0300] "POST /cormun/servlet/solicitudotadjuntos?bac9be51b964b3958e52739b8aeaba71,INS,2023,20257,,1, HTTP/1.1" 200 116
190.171.154.42 - - [24/May/2023:17:33:18 -0300] "GET /cormun/servlet/hpexe_return? HTTP/1.1" 200 1027
190.171.154.42 - - [24/May/2023:17:33:18 -0300] "GET /cormun/servlet/trsolicitudadjuntos?2023,20257, HTTP/1.1" 200 10072
190.171.154.42 - - [24/May/2023:17:33:19 -0300] "GET /cormun/servlet/trsolicitudadjuntos?2023,20257, HTTP/1.1" 200 10073
190.171.154.42 - - [24/May/2023:17:33:23 -0300] "GET /cormun/servlet/solicitudotadjuntos?INS,2023,20257,,1, HTTP/1.1" 200 6290
190.171.154.42 - - [24/May/2023:17:33:24 -0300] "GET /cormun/static/about:blank HTTP/1.1" 404 1011
190.171.154.42 - - [24/May/2023:17:33:24 -0300] "GET /cormun/servlet/solicitudotadjuntos?INS,2023,20257,,1, HTTP/1.1" 200 6284
190.171.154.42 - - [24/May/2023:17:33:24 -0300] "GET /cormun/servlet/solicitudotadjuntos?f7121741703a92a9162f25d38a79cae41b8f7ac0cbad7c79fcd33e035f7364120cc539e9b4eaf4b80b9b2482f1c6d599,gx-no-cache=1684959474880 HTTP/1.1" 200 30
190.171.154.42 - - [24/May/2023:17:33:24 -0300] "POST /cormun/servlet/solicitudotadjuntos?bac9be51b964b3958e52739b8aeaba71,INS,2023,20257,,1,,gx-no-cache=1684959474899 HTTP/1.1" 200 4152
190.171.154.42 - - [24/May/2023:17:33:26 -0300] "POST /cormun/servlet/solicitudotadjuntos?gx-no-cache=1684959476476 HTTP/1.1" 200 26
190.171.154.42 - - [24/May/2023:17:33:33 -0300] "GET /cormun/servlet/solicitudotadjuntos?f7121741703a92a9162f25d38a79cae445db4aed23859a2058d48b0382ba310e,gx-no-cache=1684959483806 HTTP/1.1" 200 30
190.171.154.42 - - [24/May/2023:17:33:33 -0300] "GET /cormun/servlet/solicitudotadjuntos?f7121741703a92a9162f25d38a79cae445db4aed23859a2058d48b0382ba310e,gx-no-cache=1684959483822 HTTP/1.1" 200 30
190.171.154.42 - - [24/May/2023:17:33:33 -0300] "POST /cormun/servlet/solicitudotadjuntos?bac9be51b964b3958e52739b8aeaba71,INS,2023,20257,,1, HTTP/1.1" 200 6677
190.171.154.42 - - [24/May/2023:17:33:33 -0300] "GET /cormun/static/Shared/jqueryui/images/ui-bg_flat_55_994d53_40x100.png HTTP/1.1" 404 1097
190.171.154.42 - - [24/May/2023:17:33:33 -0300] "GET /cormun/static/Shared/jqueryui/images/ui-icons_82798d_256x240.png HTTP/1.1" 404 1089
190.171.154.42 - - [24/May/2023:17:33:33 -0300] "GET /cormun/static/Shared/jqueryui/images/ui-icons_ebccce_256x240.png HTTP/1.1" 404 1089
190.171.154.42 - - [24/May/2023:17:33:33 -0300] "GET /cormun/static/Shared/jqueryui/images/ui-bg_highlight-soft_100_c6c2c8_1x100.png HTTP/1.1" 404 1117
190.171.154.42 - - [24/May/2023:17:33:33 -0300] "GET /cormun/PrivateTempStorage/upload_00020235.pdf HTTP/1.1" 200 136855
190.171.154.42 - - [24/May/2023:17:33:45 -0300] "POST /cormun/servlet/solicitudotadjuntos?bac9be51b964b3958e52739b8aeaba71,INS,2023,20257,,1, HTTP/1.1" 200 116
190.171.154.42 - - [24/May/2023:17:33:45 -0300] "GET /cormun/servlet/hpexe_return? HTTP/1.1" 200 1027
190.171.154.42 - - [24/May/2023:17:33:45 -0300] "GET /cormun/servlet/trsolicitudadjuntos?2023,20257, HTTP/1.1" 200 10072
190.171.154.42 - - [24/May/2023:17:33:45 -0300] "GET /cormun/servlet/trsolicitudadjuntos?2023,20257, HTTP/1.1" 200 10072
190.171.149.74 - - [24/May/2023:17:33:54 -0300] "GET /cormun/servlet/hlogin HTTP/1.1" 200 1720
190.171.149.74 - - [24/May/2023:17:33:59 -0300] "POST /cormun/servlet/hlogin?fff3e29eef016af045d76d6c8c27b84e,gx-no-cache=1684959508954 HTTP/1.1" 200 90
190.171.149.74 - - [24/May/2023:17:33:59 -0300] "GET /cormun/servlet/hpexe_link HTTP/1.1" 200 953
190.171.149.74 - - [24/May/2023:17:33:59 -0300] "GET /cormun/servlet/trpermisosgoce HTTP/1.1" 200 13648
190.171.149.74 - - [24/May/2023:17:34:00 -0300] "GET /cormun/servlet/trpermisosgoce HTTP/1.1" 200 13646
190.171.154.42 - - [24/May/2023:17:34:00 -0300] "GET /cormun/PublicTempStorage/cedula_identidad_alejandro_avila_parra2956157.pdf HTTP/1.1" 200 144797
190.171.149.74 - - [24/May/2023:17:34:02 -0300] "GET /cormun/servlet/trpermisosgoce? HTTP/1.1" 200 13646
190.171.149.74 - - [24/May/2023:17:34:02 -0300] "GET /cormun/servlet/trpermisosgoce? HTTP/1.1" 200 13646
