190.171.154.42 - - [24/May/2023:17:34:02 -0300] "GET /cormun/servlet/trsolicitudadjuntos?2023,20257, HTTP/1.1" 200 10073
190.171.154.42 - - [24/May/2023:17:34:03 -0300] "GET /cormun/servlet/trsolicitudadjuntos?2023,20257, HTTP/1.1" 200 10076
190.171.149.74 - - [24/May/2023:17:34:04 -0300] "GET /cormun/servlet/permisogoce?INS,0,,, HTTP/1.1" 200 6842
190.171.149.74 - - [24/May/2023:17:34:04 -0300] "GET /cormun/servlet/permisogoce?INS,0,,, HTTP/1.1" 200 6842
190.171.154.42 - - [24/May/2023:17:34:05 -0300] "GET /cormun/PublicTempStorage/certificado_de_titulo_alejandro_avila6896533.pdf HTTP/1.1" 200 293537
190.171.154.42 - - [24/May/2023:17:34:07 -0300] "GET /cormun/servlet/trsolicitudadjuntos?2023,20257, HTTP/1.1" 200 10074
190.171.154.42 - - [24/May/2023:17:34:08 -0300] "GET /cormun/servlet/trsolicitudadjuntos?2023,20257, HTTP/1.1" 200 10071
190.171.154.42 - - [24/May/2023:17:34:09 -0300] "GET /cormun/PublicTempStorage/certificado_afp_alejandro_avila7205600.pdf HTTP/1.1" 200 71158
190.171.149.74 - - [24/May/2023:17:34:10 -0300] "GET /cormun/servlet/permisogoce?8a393186d76aeeb9fa032ede880aab76982d4017574fcaa69cc70ee084e94ed58538e207dc98074196de6a06d3c23ef0df511022400005104cd63de54ee2a1d2,gx-no-cache=1684959519831 HTTP/1.1" 200 83
190.171.154.42 - - [24/May/2023:17:34:11 -0300] "GET /cormun/servlet/trsolicitudadjuntos?2023,20257, HTTP/1.1" 200 10073
190.171.149.74 - - [24/May/2023:17:34:12 -0300] "GET /cormun/static/menuarrow.gif HTTP/1.1" 404 1015
190.171.154.42 - - [24/May/2023:17:34:12 -0300] "GET /cormun/servlet/trsolicitudadjuntos?2023,20257, HTTP/1.1" 200 10072
190.171.154.42 - - [24/May/2023:17:34:14 -0300] "GET /cormun/PublicTempStorage/certificado_de_salud_alejandro_avila9974881.pdf HTTP/1.1" 200 71270
190.171.149.74 - - [24/May/2023:17:34:16 -0300] "GET /cormun/servlet/permisogoce?8a393186d76aeeb9fa032ede880aab76384fb0c83bc2641886bee99bd4adc89d5eba1c5e695dfa4db0368f33e046943b741c6a13f26c52a8e848d65f1c96c62f,gx-no-cache=1684959526429 HTTP/1.1" 200 48
190.171.154.42 - - [24/May/2023:17:34:16 -0300] "GET /cormun/servlet/trsolicitudadjuntos?2023,20257, HTTP/1.1" 200 10073
190.171.154.42 - - [24/May/2023:17:34:17 -0300] "GET /cormun/servlet/trsolicitudadjuntos?2023,20257, HTTP/1.1" 200 10073
190.171.154.42 - - [24/May/2023:17:34:19 -0300] "GET /cormun/servlet/solicitudotadjuntos?INS,2023,20257,,1, HTTP/1.1" 200 6290
190.171.154.42 - - [24/May/2023:17:34:19 -0300] "GET /cormun/static/about:blank HTTP/1.1" 404 1011
190.171.154.42 - - [24/May/2023:17:34:19 -0300] "GET /cormun/servlet/solicitudotadjuntos?INS,2023,20257,,1, HTTP/1.1" 200 6284
190.171.154.42 - - [24/May/2023:17:34:20 -0300] "GET /cormun/servlet/solicitudotadjuntos?f7121741703a92a9162f25d38a79cae41b8f7ac0cbad7c79fcd33e035f7364120cc539e9b4eaf4b80b9b2482f1c6d599,gx-no-cache=1684959530498 HTTP/1.1" 200 30
190.171.154.42 - - [24/May/2023:17:34:20 -0300] "POST /cormun/servlet/solicitudotadjuntos?bac9be51b964b3958e52739b8aeaba71,INS,2023,20257,,1,,gx-no-cache=1684959530518 HTTP/1.1" 200 4152
190.171.149.74 - - [24/May/2023:17:34:21 -0300] "POST /cormun/servlet/permisogoce?fff3e29eef016af045d76d6c8c27b84e,INS,0,,,,gx-no-cache=1684959530595 HTTP/1.1" 200 93
190.171.149.74 - - [24/May/2023:17:34:21 -0300] "GET /cormun/servlet/hpexe_return? HTTP/1.1" 200 1006
190.171.149.74 - - [24/May/2023:17:34:21 -0300] "GET /cormun/servlet/trpermisosgoce HTTP/1.1" 200 13871
190.171.149.74 - - [24/May/2023:17:34:22 -0300] "GET /cormun/servlet/trpermisosgoce HTTP/1.1" 200 13867
190.171.152.242 - - [24/May/2023:17:34:24 -0300] "POST /cormun/servlet/trsolicitudot?c7793bea6a0da57ace957c82036ae0fb,,gx-no-cache=1684959534565 HTTP/1.1" 200 107
190.171.152.242 - - [24/May/2023:17:34:24 -0300] "GET /cormun/servlet/trsolicitudadjuntos?2023,20251, HTTP/1.1" 200 9821
190.171.154.42 - - [24/May/2023:17:34:24 -0300] "POST /cormun/servlet/solicitudotadjuntos?gx-no-cache=1684959535125 HTTP/1.1" 200 26
190.171.152.242 - - [24/May/2023:17:34:24 -0300] "GET /cormun/servlet/trsolicitudadjuntos?2023,20251, HTTP/1.1" 200 9823
190.171.149.74 - - [24/May/2023:17:34:25 -0300] "GET /cormun/servlet/apermisogoceprn?12912142,P,20230524161743,PU HTTP/1.1" 200 1653
190.171.152.242 - - [24/May/2023:17:34:28 -0300] "GET /cormun/servlet/solicitudotadjuntos?INS,2023,20251,,1, HTTP/1.1" 200 6049
190.171.152.242 - - [24/May/2023:17:34:29 -0300] "GET /cormun/static/about:blank HTTP/1.1" 404 1011
190.171.152.242 - - [24/May/2023:17:34:29 -0300] "GET /cormun/servlet/solicitudotadjuntos?INS,2023,20251,,1, HTTP/1.1" 200 6041
190.171.152.242 - - [24/May/2023:17:34:29 -0300] "GET /cormun/servlet/solicitudotadjuntos?dd7dfefc8a2005dcf13e9d4719a0b64d79bbef1a284b8d408d4f4fb961d9453eceb377cb209092ccfccc6397cc9ae081,gx-no-cache=1684959539930 HTTP/1.1" 200 30
190.171.152.242 - - [24/May/2023:17:34:29 -0300] "POST /cormun/servlet/solicitudotadjuntos?c7793bea6a0da57ace957c82036ae0fb,INS,2023,20251,,1,,gx-no-cache=1684959539946 HTTP/1.1" 200 3873
190.171.152.242 - - [24/May/2023:17:34:35 -0300] "POST /cormun/servlet/solicitudotadjuntos?gx-no-cache=1684959545871 HTTP/1.1" 200 26
190.171.152.242 - - [24/May/2023:17:34:42 -0300] "GET /cormun/servlet/solicitudotadjuntos?dd7dfefc8a2005dcf13e9d4719a0b64d736aec477058abd39ad28e6a885bdb14,gx-no-cache=1684959552404 HTTP/1.1" 200 30
190.171.152.242 - - [24/May/2023:17:34:42 -0300] "GET /cormun/servlet/solicitudotadjuntos?dd7dfefc8a2005dcf13e9d4719a0b64d736aec477058abd39ad28e6a885bdb14,gx-no-cache=1684959552416 HTTP/1.1" 200 30
190.171.152.242 - - [24/May/2023:17:34:42 -0300] "POST /cormun/servlet/solicitudotadjuntos?c7793bea6a0da57ace957c82036ae0fb,INS,2023,20251,,1, HTTP/1.1" 200 116
190.171.152.242 - - [24/May/2023:17:34:42 -0300] "GET /cormun/servlet/hpexe_return? HTTP/1.1" 200 1023
190.171.152.242 - - [24/May/2023:17:34:42 -0300] "GET /cormun/servlet/trsolicitudadjuntos?2023,20251, HTTP/1.1" 200 10112
190.171.152.242 - - [24/May/2023:17:34:42 -0300] "GET /cormun/servlet/trsolicitudadjuntos?2023,20251, HTTP/1.1" 200 10111
190.171.152.242 - - [24/May/2023:17:34:45 -0300] "GET /cormun/servlet/solicitudotadjuntos?INS,2023,20251,,1, HTTP/1.1" 200 6049
190.171.152.242 - - [24/May/2023:17:34:45 -0300] "GET /cormun/static/about:blank HTTP/1.1" 404 1011
190.171.152.242 - - [24/May/2023:17:34:45 -0300] "GET /cormun/servlet/solicitudotadjuntos?INS,2023,20251,,1, HTTP/1.1" 200 6041
190.171.152.242 - - [24/May/2023:17:34:45 -0300] "GET /cormun/servlet/solicitudotadjuntos?dd7dfefc8a2005dcf13e9d4719a0b64d79bbef1a284b8d408d4f4fb961d9453eceb377cb209092ccfccc6397cc9ae081,gx-no-cache=1684959556003 HTTP/1.1" 200 30
190.171.152.242 - - [24/May/2023:17:34:45 -0300] "POST /cormun/servlet/solicitudotadjuntos?c7793bea6a0da57ace957c82036ae0fb,INS,2023,20251,,1,,gx-no-cache=1684959556019 HTTP/1.1" 200 3873
190.171.152.242 - - [24/May/2023:17:34:49 -0300] "POST /cormun/servlet/solicitudotadjuntos?gx-no-cache=1684959559975 HTTP/1.1" 200 26
190.171.152.242 - - [24/May/2023:17:34:59 -0300] "GET /cormun/servlet/solicitudotadjuntos?dd7dfefc8a2005dcf13e9d4719a0b64d736aec477058abd39ad28e6a885bdb14,gx-no-cache=1684959569853 HTTP/1.1" 200 30
190.171.152.242 - - [24/May/2023:17:34:59 -0300] "GET /cormun/servlet/solicitudotadjuntos?dd7dfefc8a2005dcf13e9d4719a0b64d736aec477058abd39ad28e6a885bdb14,gx-no-cache=1684959569864 HTTP/1.1" 200 30
190.171.152.242 - - [24/May/2023:17:34:59 -0300] "POST /cormun/servlet/solicitudotadjuntos?c7793bea6a0da57ace957c82036ae0fb,INS,2023,20251,,1, HTTP/1.1" 200 116
190.171.152.242 - - [24/May/2023:17:34:59 -0300] "GET /cormun/servlet/hpexe_return? HTTP/1.1" 200 1023
190.171.152.242 - - [24/May/2023:17:35:00 -0300] "GET /cormun/servlet/trsolicitudadjuntos?2023,20251, HTTP/1.1" 200 10271
190.171.152.242 - - [24/May/2023:17:35:00 -0300] "GET /cormun/servlet/trsolicitudadjuntos?2023,20251, HTTP/1.1" 200 10269
190.171.152.242 - - [24/May/2023:17:35:03 -0300] "GET /cormun/servlet/trsolicitudot? HTTP/1.1" 200 8607
190.171.152.242 - - [24/May/2023:17:35:04 -0300] "GET /cormun/servlet/trsolicitudot? HTTP/1.1" 200 8601
190.171.152.242 - - [24/May/2023:17:35:06 -0300] "POST /cormun/servlet/trsolicitudot?c7793bea6a0da57ace957c82036ae0fb,,gx-no-cache=1684959576154 HTTP/1.1" 200 4577
190.171.152.242 - - [24/May/2023:17:35:06 -0300] "GET /cormun/static/Shared/jqueryui/images/ui-bg_highlight-soft_100_c6c2c8_1x100.png HTTP/1.1" 404 1117
190.171.152.242 - - [24/May/2023:17:35:06 -0300] "GET /cormun/static/Shared/jqueryui/images/ui-icons_82798d_256x240.png HTTP/1.1" 404 1089
190.171.152.242 - - [24/May/2023:17:35:06 -0300] "GET /cormun/static/Shared/jqueryui/images/ui-bg_flat_55_fafafa_40x100.png HTTP/1.1" 404 1097
190.171.152.242 - - [24/May/2023:17:35:06 -0300] "GET /cormun/static/Shared/jqueryui/images/ui-icons_8d78a5_256x240.png HTTP/1.1" 404 1089
190.171.152.242 - - [24/May/2023:17:35:06 -0300] "POST /cormun/servlet/trsolicitudot?c7793bea6a0da57ace957c82036ae0fb,,gx-no-cache=1684959576338 HTTP/1.1" 200 4348
190.171.152.242 - - [24/May/2023:17:35:17 -0300] "GET /cormun/servlet/hlogin HTTP/1.1" 200 1736
190.171.152.242 - - [24/May/2023:17:35:21 -0300] "POST /cormun/servlet/hlogin?c7793bea6a0da57ace957c82036ae0fb,gx-no-cache=1684959591205 HTTP/1.1" 200 90
190.171.152.242 - - [24/May/2023:17:35:21 -0300] "GET /cormun/servlet/hpexe_link HTTP/1.1" 200 950
190.171.152.242 - - [24/May/2023:17:35:21 -0300] "GET /cormun/servlet/hhome HTTP/1.1" 200 4113
190.171.152.242 - - [24/May/2023:17:35:21 -0300] "GET /cormun/servlet/hhome HTTP/1.1" 200 4110
190.171.152.242 - - [24/May/2023:17:35:24 -0300] "GET /cormun/servlet/trautorizarsolicitud? HTTP/1.1" 200 8590
190.171.152.242 - - [24/May/2023:17:35:24 -0300] "GET /cormun/servlet/trautorizarsolicitud? HTTP/1.1" 200 8588
190.171.152.242 - - [24/May/2023:17:35:27 -0300] "POST /cormun/servlet/trautorizarsolicitud?c7793bea6a0da57ace957c82036ae0fb,,gx-no-cache=1684959597290 HTTP/1.1" 200 4762
190.171.152.242 - - [24/May/2023:17:35:27 -0300] "GET /cormun/static/Shared/jqueryui/images/ui-bg_highlight-soft_100_c6c2c8_1x100.png HTTP/1.1" 404 1117
190.171.152.242 - - [24/May/2023:17:35:27 -0300] "GET /cormun/static/Shared/jqueryui/images/ui-icons_82798d_256x240.png HTTP/1.1" 404 1089
190.171.152.242 - - [24/May/2023:17:35:27 -0300] "GET /cormun/static/Shared/jqueryui/images/ui-bg_flat_55_fafafa_40x100.png HTTP/1.1" 404 1097
190.171.152.242 - - [24/May/2023:17:35:27 -0300] "GET /cormun/static/Shared/jqueryui/images/ui-icons_8d78a5_256x240.png HTTP/1.1" 404 1089
190.171.152.242 - - [24/May/2023:17:35:27 -0300] "POST /cormun/servlet/trautorizarsolicitud?c7793bea6a0da57ace957c82036ae0fb,,gx-no-cache=1684959597469 HTTP/1.1" 200 4530
190.171.152.242 - - [24/May/2023:17:35:58 -0300] "GET /cormun/servlet/hlogin HTTP/1.1" 200 1742
190.171.154.42 - - [24/May/2023:17:37:14 -0300] "GET /cormun/servlet/solicitudotadjuntos?f7121741703a92a9162f25d38a79cae445db4aed23859a2058d48b0382ba310e,gx-no-cache=1684959704502 HTTP/1.1" 200 30
190.171.154.42 - - [24/May/2023:17:37:14 -0300] "GET /cormun/servlet/solicitudotadjuntos?f7121741703a92a9162f25d38a79cae445db4aed23859a2058d48b0382ba310e,gx-no-cache=1684959704529 HTTP/1.1" 200 30
190.171.154.42 - - [24/May/2023:17:37:14 -0300] "POST /cormun/servlet/solicitudotadjuntos?bac9be51b964b3958e52739b8aeaba71,INS,2023,20257,,1, HTTP/1.1" 200 116
190.171.154.42 - - [24/May/2023:17:37:14 -0300] "GET /cormun/servlet/hpexe_return? HTTP/1.1" 200 1027
190.171.154.42 - - [24/May/2023:17:37:14 -0300] "GET /cormun/servlet/trsolicitudadjuntos?2023,20257, HTTP/1.1" 200 10375
190.171.154.42 - - [24/May/2023:17:37:15 -0300] "GET /cormun/servlet/trsolicitudadjuntos?2023,20257, HTTP/1.1" 200 10372
190.171.154.42 - - [24/May/2023:17:37:32 -0300] "GET /cormun/servlet/solicitudotadjuntos?INS,2023,20257,,1, HTTP/1.1" 200 6291
190.171.154.42 - - [24/May/2023:17:37:32 -0300] "GET /cormun/static/about:blank HTTP/1.1" 404 1011
190.171.154.42 - - [24/May/2023:17:37:32 -0300] "GET /cormun/servlet/solicitudotadjuntos?INS,2023,20257,,1, HTTP/1.1" 200 6285
190.171.154.42 - - [24/May/2023:17:37:32 -0300] "GET /cormun/servlet/solicitudotadjuntos?f7121741703a92a9162f25d38a79cae41b8f7ac0cbad7c79fcd33e035f7364120cc539e9b4eaf4b80b9b2482f1c6d599,gx-no-cache=1684959723193 HTTP/1.1" 200 30
190.171.154.42 - - [24/May/2023:17:37:33 -0300] "POST /cormun/servlet/solicitudotadjuntos?bac9be51b964b3958e52739b8aeaba71,INS,2023,20257,,1,,gx-no-cache=1684959723211 HTTP/1.1" 200 4152
190.171.154.42 - - [24/May/2023:17:37:35 -0300] "POST /cormun/servlet/solicitudotadjuntos?gx-no-cache=1684959726038 HTTP/1.1" 200 26
186.67.172.234 - - [24/May/2023:17:37:51 -0300] "POST /cormun/servlet/trlicencias?bafad375d909f37fde61c5c6a7b253c6,,gx-no-cache=1684959743220 HTTP/1.1" 440 972
190.171.154.42 - - [24/May/2023:17:37:51 -0300] "GET /cormun/servlet/solicitudotadjuntos?f7121741703a92a9162f25d38a79cae445db4aed23859a2058d48b0382ba310e,gx-no-cache=1684959742150 HTTP/1.1" 200 30
190.171.154.42 - - [24/May/2023:17:37:51 -0300] "GET /cormun/servlet/solicitudotadjuntos?f7121741703a92a9162f25d38a79cae445db4aed23859a2058d48b0382ba310e,gx-no-cache=1684959742173 HTTP/1.1" 200 30
190.171.154.42 - - [24/May/2023:17:37:52 -0300] "POST /cormun/servlet/solicitudotadjuntos?bac9be51b964b3958e52739b8aeaba71,INS,2023,20257,,1, HTTP/1.1" 200 116
190.171.154.42 - - [24/May/2023:17:37:52 -0300] "GET /cormun/servlet/hpexe_return? HTTP/1.1" 200 1027
190.171.154.42 - - [24/May/2023:17:37:52 -0300] "GET /cormun/servlet/trsolicitudadjuntos?2023,20257, HTTP/1.1" 200 10566
186.67.172.234 - - [24/May/2023:17:37:52 -0300] "GET /cormun/servlet/trlicencias? HTTP/1.1" 200 6039
190.171.154.42 - - [24/May/2023:17:37:52 -0300] "GET /cormun/servlet/trsolicitudadjuntos?2023,20257, HTTP/1.1" 200 10566
186.67.172.234 - - [24/May/2023:17:37:55 -0300] "GET /cormun/servlet/trlicencias? HTTP/1.1" 200 6039
186.67.172.234 - - [24/May/2023:17:37:55 -0300] "GET /cormun/servlet/hlogin HTTP/1.1" 200 1730
190.171.154.42 - - [24/May/2023:17:37:55 -0300] "POST /cormun/servlet/trsolicitudadjuntos?bac9be51b964b3958e52739b8aeaba71,2023,20257,,gx-no-cache=1684959745850 HTTP/1.1" 200 90
190.171.154.42 - - [24/May/2023:17:37:55 -0300] "GET /cormun/servlet/hpexe_link HTTP/1.1" 200 991
190.171.154.42 - - [24/May/2023:17:37:55 -0300] "GET /cormun/servlet/trsolicitudot?gx-no-cache=1684958595336 HTTP/1.1" 200 9270
190.171.154.42 - - [24/May/2023:17:37:56 -0300] "GET /cormun/servlet/trsolicitudot?gx-no-cache=1684958595336 HTTP/1.1" 200 9291
186.67.172.234 - - [24/May/2023:17:38:03 -0300] "POST /cormun/servlet/hlogin?29218d5eb6e19282368eb2ef19278758,gx-no-cache=1684959754815 HTTP/1.1" 200 90
186.67.172.234 - - [24/May/2023:17:38:03 -0300] "GET /cormun/servlet/hpexe_link HTTP/1.1" 200 949
190.171.154.42 - - [24/May/2023:17:38:03 -0300] "POST /cormun/servlet/trsolicitudot?bac9be51b964b3958e52739b8aeaba71,gx-no-cache=1684958595336,gx-no-cache=1684959753911 HTTP/1.1" 200 6072
190.171.154.42 - - [24/May/2023:17:38:03 -0300] "GET /cormun/static/Shared/jqueryui/images/ui-bg_highlight-soft_100_c6c2c8_1x100.png HTTP/1.1" 404 1117
190.171.154.42 - - [24/May/2023:17:38:03 -0300] "GET /cormun/static/Shared/jqueryui/images/ui-bg_flat_55_fafafa_40x100.png HTTP/1.1" 404 1097
190.171.154.42 - - [24/May/2023:17:38:03 -0300] "GET /cormun/static/Shared/jqueryui/images/ui-icons_82798d_256x240.png HTTP/1.1" 404 1089
190.171.154.42 - - [24/May/2023:17:38:03 -0300] "GET /cormun/static/Shared/jqueryui/images/ui-icons_8d78a5_256x240.png HTTP/1.1" 404 1089
186.67.172.234 - - [24/May/2023:17:38:03 -0300] "GET /cormun/servlet/trlicencias HTTP/1.1" 200 17280
190.171.154.42 - - [24/May/2023:17:38:04 -0300] "POST /cormun/servlet/trsolicitudot?bac9be51b964b3958e52739b8aeaba71,gx-no-cache=1684958595336,gx-no-cache=1684959754184 HTTP/1.1" 200 6015
186.67.172.234 - - [24/May/2023:17:38:04 -0300] "GET /cormun/servlet/trlicencias HTTP/1.1" 200 17288
190.171.154.42 - - [24/May/2023:17:38:04 -0300] "POST /cormun/servlet/trsolicitudot?bac9be51b964b3958e52739b8aeaba71,gx-no-cache=1684958595336,gx-no-cache=1684959755051 HTTP/1.1" 200 4867
190.171.154.42 - - [24/May/2023:17:38:05 -0300] "POST /cormun/servlet/trsolicitudot?bac9be51b964b3958e52739b8aeaba71,gx-no-cache=1684958595336,gx-no-cache=1684959755257 HTTP/1.1" 200 4612
190.171.154.42 - - [24/May/2023:17:38:08 -0300] "GET /cormun/servlet/trautorizarsolicitud? HTTP/1.1" 200 9609
190.171.154.42 - - [24/May/2023:17:38:08 -0300] "GET /cormun/servlet/trautorizarsolicitud? HTTP/1.1" 200 9589
190.171.154.42 - - [24/May/2023:17:38:12 -0300] "POST /cormun/servlet/trautorizarsolicitud?bac9be51b964b3958e52739b8aeaba71,,gx-no-cache=1684959762615 HTTP/1.1" 200 6489
190.171.154.42 - - [24/May/2023:17:38:12 -0300] "GET /cormun/static/Shared/jqueryui/images/ui-icons_82798d_256x240.png HTTP/1.1" 404 1089
190.171.154.42 - - [24/May/2023:17:38:12 -0300] "GET /cormun/static/Shared/jqueryui/images/ui-bg_flat_55_fafafa_40x100.png HTTP/1.1" 404 1097
190.171.154.42 - - [24/May/2023:17:38:12 -0300] "GET /cormun/static/Shared/jqueryui/images/ui-bg_highlight-soft_100_c6c2c8_1x100.png HTTP/1.1" 404 1117
190.171.154.42 - - [24/May/2023:17:38:12 -0300] "GET /cormun/static/Shared/jqueryui/images/ui-icons_8d78a5_256x240.png HTTP/1.1" 404 1089
190.171.154.42 - - [24/May/2023:17:38:12 -0300] "POST /cormun/servlet/trautorizarsolicitud?bac9be51b964b3958e52739b8aeaba71,,gx-no-cache=1684959762851 HTTP/1.1" 200 6433
190.171.154.42 - - [24/May/2023:17:38:13 -0300] "POST /cormun/servlet/trautorizarsolicitud?bac9be51b964b3958e52739b8aeaba71,,gx-no-cache=1684959763579 HTTP/1.1" 200 6021
190.171.154.42 - - [24/May/2023:17:38:13 -0300] "POST /cormun/servlet/trautorizarsolicitud?bac9be51b964b3958e52739b8aeaba71,,gx-no-cache=1684959763813 HTTP/1.1" 200 5966
190.171.154.42 - - [24/May/2023:17:38:14 -0300] "POST /cormun/servlet/trautorizarsolicitud?bac9be51b964b3958e52739b8aeaba71,,gx-no-cache=1684959764435 HTTP/1.1" 200 4792
190.171.154.42 - - [24/May/2023:17:38:14 -0300] "POST /cormun/servlet/trautorizarsolicitud?bac9be51b964b3958e52739b8aeaba71,,gx-no-cache=1684959764635 HTTP/1.1" 200 4555
186.67.172.234 - - [24/May/2023:17:39:26 -0300] "GET /cormun/servlet/trsolicitudot? HTTP/1.1" 200 7395
186.67.172.234 - - [24/May/2023:17:39:26 -0300] "GET /cormun/servlet/trsolicitudot? HTTP/1.1" 200 7396
186.67.172.234 - - [24/May/2023:17:39:29 -0300] "GET /cormun/servlet/solicitudot?INS,0,0,false, HTTP/1.1" 200 16050
186.67.172.234 - - [24/May/2023:17:39:30 -0300] "GET /cormun/servlet/solicitudot?INS,0,0,false, HTTP/1.1" 200 16057
186.67.172.234 - - [24/May/2023:17:39:36 -0300] "POST /cormun/servlet/solicitudot?gx-no-cache=1684959848314 HTTP/1.1" 200 4043
186.67.172.234 - - [24/May/2023:17:39:36 -0300] "POST /cormun/servlet/solicitudot?29218d5eb6e19282368eb2ef19278758,INS,0,0,false,,gx-no-cache=1684959848437 HTTP/1.1" 200 12881
186.67.172.234 - - [24/May/2023:17:39:44 -0300] "GET /cormun/servlet/solicitudot?1fe2ac3e8251f3f972a7d71468947a4ca6e1379dba81dded73e20784a4d547dd9b4d8c9ee035a3452d7a14b2cb107ce9,gx-no-cache=1684959856220 HTTP/1.1" 200 30
186.67.172.234 - - [24/May/2023:17:40:18 -0300] "GET /cormun/servlet/solicitudot?1fe2ac3e8251f3f972a7d71468947a4c1b88c7da3a598de897147dbfd040df09f818830692000acdccaf801207b8fa88,gx-no-cache=1684959890397 HTTP/1.1" 200 30
186.67.172.234 - - [24/May/2023:17:40:23 -0300] "GET /cormun/servlet/solicitudot?1fe2ac3e8251f3f972a7d71468947a4c854b43c37cd241a9fd9f81ba169e4271,gx-no-cache=1684959895013 HTTP/1.1" 200 53
186.67.172.234 - - [24/May/2023:17:40:34 -0300] "POST /cormun/servlet/solicitudot?gx-no-cache=1684959906451 HTTP/1.1" 200 255
186.67.172.234 - - [24/May/2023:17:40:34 -0300] "GET /cormun/servlet/solicitudot?1fe2ac3e8251f3f972a7d71468947a4cb8bcff0704a01cb89df9ca3417feccae53422c64f4bb327c2ef2d759baae4ccf67e328929d70a9d0e27700ed63467a7bf7200a3db1267cdc0b2f98c99505a6288e24d35931785bf8e7e66d9eea427b1a48518d18ed320e84eba9a66a4d81f8e29b297d73d4058913e6b5107449bb4f9b6cb67701d183de368abc6b4f822a914c60efe65dd3ce6b41658e7d432d5c322b331d6d82c45319656e117a5732f71d61c03b943025c259d36f897cb5742ba446be65326fc7681c92d387df91a356a582a0b1274c933653e6ea68216b28c60a0b5d341511017807e3e01518003647dc03fd7957a335ffd0d548c085a8b44a73b7cb9180fcd9c6db2f7ef89464f8569b1b003bfaff5cc1c76049e30eb22bb57760eeb48bbb314bfdb4f9d6eedc7611917776c06568b5153e8f4881f3f48eb3476075bed197c2803ee4026dcd18f399c5d1c68f138f10daa298d73bcd181eea9d806813b5c4a34fbf1bcbb92cabbda8934313aacb722e551cdcbe2e38aa676573d1,gx-no-cache=1684959906478 HTTP/1.1" 200 30
10.40.40.2 - - [24/May/2023:17:40:36 -0300] "GET /cormun/servlet/trsolicitudgral? HTTP/1.1" 200 26713
10.40.40.2 - - [24/May/2023:17:40:38 -0300] "GET /cormun/servlet/trsolicitudgral? HTTP/1.1" 200 26725
10.40.40.2 - - [24/May/2023:17:40:44 -0300] "POST /cormun/servlet/trsolicitudgral?ba633ea2acf943ff117666475089ddfc,,gx-no-cache=1684959862902 HTTP/1.1" 200 13230
186.67.172.234 - - [24/May/2023:17:40:51 -0300] "POST /cormun/servlet/solicitudot?gx-no-cache=1684959922696 HTTP/1.1" 200 30
186.67.172.234 - - [24/May/2023:17:40:58 -0300] "GET /cormun/servlet/prcontratosol?13718561,,,,,MD,,gxPopupLevel%3D0%3B HTTP/1.1" 200 7894
186.67.172.234 - - [24/May/2023:17:40:58 -0300] "GET /cormun/static/gxcfg.js?202211298464198 HTTP/1.1" 200 953
186.67.172.234 - - [24/May/2023:17:40:58 -0300] "GET /cormun/static/prcontratosol.js?202211298464288 HTTP/1.1" 200 15806
186.67.172.234 - - [24/May/2023:17:41:04 -0300] "POST /cormun/servlet/solicitudot?gx-no-cache=1684959936208 HTTP/1.1" 200 1551
186.67.172.234 - - [24/May/2023:17:41:04 -0300] "GET /cormun/static/Shared/jqueryui/images/ui-icons_82798d_256x240.png HTTP/1.1" 404 1089
186.67.172.234 - - [24/May/2023:17:41:04 -0300] "GET /cormun/static/Shared/jqueryui/images/ui-bg_highlight-soft_100_c6c2c8_1x100.png HTTP/1.1" 404 1117
186.67.172.234 - - [24/May/2023:17:41:04 -0300] "GET /cormun/static/Shared/jqueryui/images/ui-bg_flat_55_994d53_40x100.png HTTP/1.1" 404 1097
186.67.172.234 - - [24/May/2023:17:41:04 -0300] "GET /cormun/static/Shared/jqueryui/images/ui-icons_ebccce_256x240.png HTTP/1.1" 404 1089
186.67.172.234 - - [24/May/2023:17:41:04 -0300] "POST /cormun/servlet/solicitudot?gx-no-cache=1684959936257 HTTP/1.1" 200 117
186.67.172.234 - - [24/May/2023:17:41:04 -0300] "GET /cormun/servlet/solicitudot?1fe2ac3e8251f3f972a7d71468947a4cd759064beb05fb78ac33a6bd828f9bd7354aed4701009a054cd13cb98a00902d1bd156c327a545f0b9ef22ff987116c249f41e5de935d9c88e405f0cfd09d5937315f736579033dac713efb242b2abae48336e83deeb70175396c1894e4bd564,gx-no-cache=1684959936278 HTTP/1.1" 200 110
186.67.172.234 - - [24/May/2023:17:41:04 -0300] "POST /cormun/servlet/solicitudot?gx-no-cache=1684959936298 HTTP/1.1" 200 64
186.67.172.234 - - [24/May/2023:17:41:04 -0300] "GET /cormun/servlet/solicitudot?1fe2ac3e8251f3f972a7d71468947a4c21e84df8fd9f22936a23ad0955ad46236dac8c8445125c8bbd39ae865e82b8748f95e51bec14e4b6d627ff8a8169f38a8a84a4fd2b08ae2df44733c84de287d6188206b946a81240f0175a0393e23841ce980d6ddd26b0ef9b96680b11263cfb8c19a67df2e151c7692f3bbbb4405e8107d7e1f1b9463b0174880e26f29db09b044712aa9be72613f9e3a6b183dccd89276494b52d8ba20b4e2daa8973bd0c0c97fad81d6a928d3543996c0e1234dd4170829b46eae6544560d6f01f0a91f308,gx-no-cache=1684959936318 HTTP/1.1" 200 29
186.67.172.234 - - [24/May/2023:17:41:04 -0300] "GET /cormun/servlet/solicitudot?1fe2ac3e8251f3f972a7d71468947a4ce5633d0e90cea37a7bb8b9c508bf4bc1,gx-no-cache=1684959936336 HTTP/1.1" 200 30
186.67.172.234 - - [24/May/2023:17:41:06 -0300] "GET /cormun/servlet/prsolicitudot?13718561,,,,,MD,,gxPopupLevel%3D0%3B HTTP/1.1" 200 5534
186.67.172.234 - - [24/May/2023:17:41:06 -0300] "GET /cormun/static/prsolicitudot.js?20201215593721 HTTP/1.1" 200 13680
186.67.172.234 - - [24/May/2023:17:41:06 -0300] "GET /cormun/static/gxcfg.js?20201215593468 HTTP/1.1" 200 953
10.40.40.2 - - [24/May/2023:17:41:16 -0300] "POST /cormun/servlet/trsolicitudgral?ba633ea2acf943ff117666475089ddfc,,gx-no-cache=1684959894352 HTTP/1.1" 200 24281
10.40.40.2 - - [24/May/2023:17:41:39 -0300] "POST /cormun/servlet/trsolicitudgral?ba633ea2acf943ff117666475089ddfc,,gx-no-cache=1684959918179 HTTP/1.1" 200 7257
186.67.172.234 - - [24/May/2023:17:41:55 -0300] "GET /cormun/servlet/prlicenciaspermisos?10409144,L,,MD,,gxPopupLevel%3D0%3B HTTP/1.1" 200 7656
186.67.172.234 - - [24/May/2023:17:41:55 -0300] "GET /cormun/static/gxcfg.js?2020121559567 HTTP/1.1" 200 953
186.67.172.234 - - [24/May/2023:17:41:55 -0300] "GET /cormun/static/prlicenciaspermisos.js?2020121559821 HTTP/1.1" 200 13379
10.40.40.2 - - [24/May/2023:17:41:59 -0300] "POST /cormun/servlet/trsolicitudgral?ba633ea2acf943ff117666475089ddfc,,gx-no-cache=1684959938198 HTTP/1.1" 200 9936
10.40.40.2 - - [24/May/2023:17:42:03 -0300] "GET /cormun/servlet/vesolicitudgral?2023,20151,, HTTP/1.1" 200 8403
10.40.40.2 - - [24/May/2023:17:42:03 -0300] "GET /cormun/pexe_scrolldiv.js HTTP/1.1" 404 1009
10.40.40.2 - - [24/May/2023:17:42:04 -0300] "GET /cormun/servlet/vesolicitudgral?2023,20151,, HTTP/1.1" 200 8402
186.67.172.234 - - [24/May/2023:17:42:04 -0300] "POST /cormun/servlet/solicitudot?gx-no-cache=1684959995994 HTTP/1.1" 200 1468
10.40.40.2 - - [24/May/2023:17:42:05 -0300] "GET /cormun/servlet/vesolicitudgral?2023,20151,,SolicitudOTLog HTTP/1.1" 200 9834
10.40.40.2 - - [24/May/2023:17:42:05 -0300] "GET /cormun/pexe_scrolldiv.js HTTP/1.1" 404 1009
10.40.40.2 - - [24/May/2023:17:42:05 -0300] "GET /cormun/servlet/vesolicitudgral?2023,20151,,SolicitudOTLog HTTP/1.1" 200 9834
10.40.40.2 - - [24/May/2023:17:42:06 -0300] "POST /cormun/servlet/acontrolpreferencessavestate?None,RRHH+DANIELA,true HTTP/1.1" 200 35
186.67.172.234 - - [24/May/2023:17:42:11 -0300] "GET /cormun/servlet/prlicenciaspermisos?10409144,L,,MD,,gxPopupLevel%3D0%3B HTTP/1.1" 200 7656
10.40.40.2 - - [24/May/2023:17:42:14 -0300] "GET /cormun/servlet/vesolicitudgral?2023,20151,,General HTTP/1.1" 200 8406
10.40.40.2 - - [24/May/2023:17:42:14 -0300] "GET /cormun/pexe_scrolldiv.js HTTP/1.1" 404 1009
10.40.40.2 - - [24/May/2023:17:42:14 -0300] "GET /cormun/servlet/vesolicitudgral?2023,20151,,General HTTP/1.1" 200 8406
186.67.172.234 - - [24/May/2023:17:42:27 -0300] "GET /cormun/servlet/trlicencias? HTTP/1.1" 200 17339
186.67.172.234 - - [24/May/2023:17:42:27 -0300] "GET /cormun/servlet/trlicencias? HTTP/1.1" 200 17275
186.67.172.234 - - [24/May/2023:17:42:43 -0300] "GET /cormun/static/menuarrow.gif HTTP/1.1" 404 1015
186.67.172.234 - - [24/May/2023:17:42:58 -0300] "POST /cormun/servlet/trlicencias?29218d5eb6e19282368eb2ef19278758,,gx-no-cache=1684960050291 HTTP/1.1" 200 4185
186.67.172.234 - - [24/May/2023:17:43:08 -0300] "POST /cormun/servlet/trlicencias?29218d5eb6e19282368eb2ef19278758,,gx-no-cache=1684960060208 HTTP/1.1" 200 5485
10.40.40.2 - - [24/May/2023:17:43:23 -0300] "GET /cormun/servlet/trsolicitudgral? HTTP/1.1" 200 13030
10.40.40.2 - - [24/May/2023:17:43:23 -0300] "GET /cormun/servlet/trsolicitudgral? HTTP/1.1" 200 13027
10.40.40.2 - - [24/May/2023:17:43:31 -0300] "POST /cormun/servlet/trsolicitudgral?ba633ea2acf943ff117666475089ddfc,,gx-no-cache=1684960030201 HTTP/1.1" 200 6651
10.40.40.2 - - [24/May/2023:17:43:33 -0300] "GET /cormun/servlet/vesolicitudgral?2023,20181,, HTTP/1.1" 200 8392
10.40.40.2 - - [24/May/2023:17:43:34 -0300] "GET /cormun/pexe_scrolldiv.js HTTP/1.1" 404 1009
181.43.230.62 - - [24/May/2023:17:43:34 -0300] "GET /cormun/servlet/hlogin HTTP/1.1" 200 1727
10.40.40.2 - - [24/May/2023:17:43:34 -0300] "GET /cormun/servlet/vesolicitudgral?2023,20181,, HTTP/1.1" 200 8391
181.212.42.153 - - [24/May/2023:17:43:34 -0300] "GET /cormun/servlet/trlicencias? HTTP/1.1" 200 6045
181.212.42.153 - - [24/May/2023:17:43:35 -0300] "GET /cormun/servlet/hlogin HTTP/1.1" 200 1735
181.212.42.153 - - [24/May/2023:17:43:35 -0300] "GET /cormun/servlet/trlicencias? HTTP/1.1" 200 6045
10.40.40.2 - - [24/May/2023:17:43:35 -0300] "GET /cormun/servlet/vesolicitudgral?2023,20181,,SolicitudOTLog HTTP/1.1" 200 9426
10.40.40.2 - - [24/May/2023:17:43:35 -0300] "GET /cormun/pexe_scrolldiv.js HTTP/1.1" 404 1009
10.40.40.2 - - [24/May/2023:17:43:35 -0300] "GET /cormun/servlet/vesolicitudgral?2023,20181,,SolicitudOTLog HTTP/1.1" 200 9427
10.40.40.2 - - [24/May/2023:17:43:36 -0300] "POST /cormun/servlet/acontrolpreferencessavestate?None,RRHH+DANIELA,true HTTP/1.1" 200 35
10.40.40.2 - - [24/May/2023:17:43:38 -0300] "GET /cormun/servlet/vesolicitudgral?2023,20181,,General HTTP/1.1" 200 8395
10.40.40.2 - - [24/May/2023:17:43:38 -0300] "GET /cormun/pexe_scrolldiv.js HTTP/1.1" 404 1009
10.40.40.2 - - [24/May/2023:17:43:38 -0300] "GET /cormun/servlet/vesolicitudgral?2023,20181,,General HTTP/1.1" 200 8396
181.212.42.153 - - [24/May/2023:17:43:39 -0300] "POST /cormun/servlet/hlogin?f4336a1bec9ddb6a8a2b7325a79c4a74,gx-no-cache=1684960091374 HTTP/1.1" 200 446
181.212.42.153 - - [24/May/2023:17:43:42 -0300] "POST /cormun/servlet/hlogin?f4336a1bec9ddb6a8a2b7325a79c4a74,gx-no-cache=1684960093741 HTTP/1.1" 200 90
181.212.42.153 - - [24/May/2023:17:43:42 -0300] "GET /cormun/servlet/hpexe_link HTTP/1.1" 200 954
181.212.42.153 - - [24/May/2023:17:43:42 -0300] "GET /cormun/servlet/trlicencias HTTP/1.1" 200 19966
181.212.42.153 - - [24/May/2023:17:43:43 -0300] "GET /cormun/servlet/trlicencias HTTP/1.1" 200 19901
181.212.42.153 - - [24/May/2023:17:43:45 -0300] "GET /cormun/servlet/licenciaspermisos?INS,0,,, HTTP/1.1" 200 7574
181.212.42.153 - - [24/May/2023:17:43:46 -0300] "GET /cormun/servlet/licenciaspermisos?INS,0,,, HTTP/1.1" 200 7582
186.67.172.234 - - [24/May/2023:17:43:46 -0300] "GET /cormun/servlet/trsolicitudot? HTTP/1.1" 200 7396
186.67.172.234 - - [24/May/2023:17:43:46 -0300] "GET /cormun/servlet/trsolicitudot? HTTP/1.1" 200 7396
10.40.40.2 - - [24/May/2023:17:43:48 -0300] "POST /cormun/servlet/vesolicitudgral?ba633ea2acf943ff117666475089ddfc,2023,20181,,General,gx-no-cache=1684960047000 HTTP/1.1" 200 12229
10.40.40.2 - - [24/May/2023:17:43:48 -0300] "GET /cormun/static/Shared/jqueryui/images/ui-bg_highlight-soft_100_c6c2c8_1x100.png HTTP/1.1" 404 1117
10.40.40.2 - - [24/May/2023:17:43:48 -0300] "GET /cormun/static/Shared/jqueryui/images/ui-bg_flat_55_fafafa_40x100.png HTTP/1.1" 404 1097
10.40.40.2 - - [24/May/2023:17:43:48 -0300] "GET /cormun/static/Shared/jqueryui/images/ui-icons_8d78a5_256x240.png HTTP/1.1" 404 1089
10.40.40.2 - - [24/May/2023:17:43:48 -0300] "GET /cormun/static/Shared/jqueryui/images/ui-icons_82798d_256x240.png HTTP/1.1" 404 1089
10.40.40.2 - - [24/May/2023:17:43:48 -0300] "POST /cormun/servlet/vesolicitudgral?ba633ea2acf943ff117666475089ddfc,2023,20181,,General,gx-no-cache=1684960047221 HTTP/1.1" 200 12162
10.40.40.2 - - [24/May/2023:17:43:48 -0300] "POST /cormun/servlet/vesolicitudgral?ba633ea2acf943ff117666475089ddfc,2023,20181,,General,gx-no-cache=1684960047660 HTTP/1.1" 200 12211
186.67.172.234 - - [24/May/2023:17:43:49 -0300] "GET /cormun/servlet/trlicencias? HTTP/1.1" 200 8134
186.67.172.234 - - [24/May/2023:17:43:49 -0300] "GET /cormun/servlet/trlicencias? HTTP/1.1" 200 8133
10.40.40.2 - - [24/May/2023:17:43:51 -0300] "GET /cormun/servlet/trautorizarot? HTTP/1.1" 200 9977
10.40.40.2 - - [24/May/2023:17:43:52 -0300] "GET /cormun/servlet/trautorizarot? HTTP/1.1" 200 9969
186.67.172.234 - - [24/May/2023:17:43:52 -0300] "GET /cormun/static/menuarrow.gif HTTP/1.1" 404 1015
10.40.40.2 - - [24/May/2023:17:43:55 -0300] "POST /cormun/servlet/trautorizarot?ba633ea2acf943ff117666475089ddfc,,gx-no-cache=1684960054144 HTTP/1.1" 200 6551
10.40.40.2 - - [24/May/2023:17:44:04 -0300] "GET /cormun/servlet/trsolicitudgral? HTTP/1.1" 200 9688
10.40.40.2 - - [24/May/2023:17:44:04 -0300] "GET /cormun/servlet/trsolicitudgral? HTTP/1.1" 200 9688
186.67.172.234 - - [24/May/2023:17:44:05 -0300] "POST /cormun/servlet/trlicencias?29218d5eb6e19282368eb2ef19278758,,gx-no-cache=1684960117064 HTTP/1.1" 200 7176
181.212.42.153 - - [24/May/2023:17:44:07 -0300] "GET /cormun/servlet/licenciaspermisos?6fcf8d626b5e1ce25d31595981f18e524cd1e2ff642da414b17fa233930bda99ab6469aeffb00a9fa703799ec72f210899651257c3b161153197a227e00f6d49,gx-no-cache=1684960118599 HTTP/1.1" 200 102
181.212.42.153 - - [24/May/2023:17:44:07 -0300] "POST /cormun/servlet/licenciaspermisos?f4336a1bec9ddb6a8a2b7325a79c4a74,INS,0,,,,gx-no-cache=1684960118636 HTTP/1.1" 200 4825
10.40.40.2 - - [24/May/2023:17:44:09 -0300] "POST /cormun/servlet/trsolicitudgral?ba633ea2acf943ff117666475089ddfc,,gx-no-cache=1684960068615 HTTP/1.1" 200 5256
186.67.172.234 - - [24/May/2023:17:44:12 -0300] "POST /cormun/servlet/trlicencias?29218d5eb6e19282368eb2ef19278758,,gx-no-cache=1684960124056 HTTP/1.1" 200 14340
10.40.40.2 - - [24/May/2023:17:44:13 -0300] "POST /cormun/servlet/trsolicitudgral?ba633ea2acf943ff117666475089ddfc,,gx-no-cache=1684960072269 HTTP/1.1" 200 5256
10.40.40.2 - - [24/May/2023:17:44:13 -0300] "POST /cormun/servlet/trsolicitudgral?ba633ea2acf943ff117666475089ddfc,,gx-no-cache=1684960072468 HTTP/1.1" 200 5256
10.40.40.2 - - [24/May/2023:17:44:13 -0300] "POST /cormun/servlet/trsolicitudgral?ba633ea2acf943ff117666475089ddfc,,gx-no-cache=1684960072659 HTTP/1.1" 200 5256
10.40.40.2 - - [24/May/2023:17:44:14 -0300] "POST /cormun/servlet/trsolicitudgral?ba633ea2acf943ff117666475089ddfc,,gx-no-cache=1684960072956 HTTP/1.1" 200 5256
181.43.230.62 - - [24/May/2023:17:44:19 -0300] "POST /cormun/servlet/hlogin?99e080fe62a67a491343aca061fe1d87,gx-no-cache=1684956656546 HTTP/1.1" 200 90
181.43.230.62 - - [24/May/2023:17:44:19 -0300] "GET /cormun/servlet/hpexe_link HTTP/1.1" 200 956
181.212.42.153 - - [24/May/2023:17:44:20 -0300] "GET /cormun/static/menuarrow.gif HTTP/1.1" 404 1015
181.43.230.62 - - [24/May/2023:17:44:20 -0300] "GET /cormun/servlet/hhome HTTP/1.1" 200 4284
181.43.230.62 - - [24/May/2023:17:44:21 -0300] "GET /cormun/servlet/hhome HTTP/1.1" 200 4280
181.43.230.62 - - [24/May/2023:17:44:49 -0300] "GET /cormun/servlet/trsolicitudot? HTTP/1.1" 200 8919
181.43.230.62 - - [24/May/2023:17:44:50 -0300] "GET /cormun/servlet/trsolicitudot? HTTP/1.1" 200 8917
181.43.230.62 - - [24/May/2023:17:45:01 -0300] "GET /cormun/servlet/solicitudot?INS,0,0,false, HTTP/1.1" 200 16164
181.43.230.62 - - [24/May/2023:17:46:26 -0300] "GET /cormun/servlet/solicitudot?INS,0,0,false, HTTP/1.1" 200 15857
181.212.42.153 - - [24/May/2023:17:46:26 -0300] "GET /cormun/servlet/licenciaspermisos?6fcf8d626b5e1ce25d31595981f18e52a3d40e14f4deb6c0dc5e74dbbfa23a7e48c6c960b9564a8d659e6aa1aad63a58aa489798f97b48d7c56a3bef23663da0eb6e31587eb378f169ece027d31dd2ee93d51917e3c7331d767f24c3417c958ace5016d4224d7e3e2d61f6e8044d8146184c676857019210b969657683a5ccaa9c788d1d16c13ed5572653cda8d72d8d246f59b8a26408d1c9fe2c5d387809149d455302e752d84dc8602404dc8c81ca,gx-no-cache=1684960180091 HTTP/1.1" 200 30
181.212.42.153 - - [24/May/2023:17:46:26 -0300] "GET /cormun/servlet/licenciaspermisos?6fcf8d626b5e1ce25d31595981f18e5226c20f822e4c41a1c9d4b6ca2659f6a9e03f6dee32a6b05181155d31e748ea9311692ee830e43706bb435e35aacee2db69bb7e1dfc5d3ee1e0d00085a9c5096045e409238c9f39a10f7d43715f6429b822faaf29851bd4d09177c654089b29c71649e995903a7df38cda919b8bd862f7f5f201e22d4feb995107009ddb147843e2615a17e7052305049512290471a673ac84e268b7c4d264f971a3300ebde945,gx-no-cache=1684960257650 HTTP/1.1" 200 29
181.43.230.62 - - [24/May/2023:17:46:26 -0300] "GET /cormun/servlet/trlicencias? HTTP/1.1" 200 11688
181.43.230.62 - - [24/May/2023:17:46:26 -0300] "GET /cormun/servlet/trlicencias? HTTP/1.1" 200 11694
181.43.230.62 - - [24/May/2023:17:46:26 -0300] "GET /cormun/servlet/trlicencias? HTTP/1.1" 200 11688
181.212.42.153 - - [24/May/2023:17:46:27 -0300] "POST /cormun/servlet/licenciaspermisos?f4336a1bec9ddb6a8a2b7325a79c4a74,INS,0,,,,gx-no-cache=1684960257670 HTTP/1.1" 200 93
181.212.42.153 - - [24/May/2023:17:46:27 -0300] "GET /cormun/servlet/hpexe_return? HTTP/1.1" 200 1010
181.43.230.62 - - [24/May/2023:17:46:29 -0300] "GET /cormun/servlet/trlicencias? HTTP/1.1" 200 11679
181.212.42.153 - - [24/May/2023:17:46:31 -0300] "GET /cormun/servlet/trlicencias HTTP/1.1" 200 20188
181.212.42.153 - - [24/May/2023:17:46:33 -0300] "GET /cormun/servlet/trlicencias HTTP/1.1" 200 20157
181.43.230.62 - - [24/May/2023:17:47:03 -0300] "GET /cormun/static/menuarrow.gif HTTP/1.1" 404 1015
181.212.42.153 - - [24/May/2023:17:47:14 -0300] "GET /cormun/servlet/alicenciaprn?16882235,L,20230524000000,PU HTTP/1.1" 200 1526
181.43.230.62 - - [24/May/2023:17:49:09 -0300] "POST /cormun/servlet/trlicencias?99e080fe62a67a491343aca061fe1d87,,gx-no-cache=1684956945518 HTTP/1.1" 200 6252
181.43.230.62 - - [24/May/2023:17:49:34 -0300] "GET /cormun/servlet/trsolicitudot? HTTP/1.1" 200 8917
181.43.230.62 - - [24/May/2023:17:49:35 -0300] "GET /cormun/servlet/trsolicitudot? HTTP/1.1" 200 8917
181.43.230.62 - - [24/May/2023:17:49:39 -0300] "GET /cormun/servlet/solicitudot?INS,0,0,false, HTTP/1.1" 200 16163
181.43.230.62 - - [24/May/2023:17:49:39 -0300] "GET /cormun/servlet/solicitudot?INS,0,0,false, HTTP/1.1" 200 16170
159.65.111.248 - - [24/May/2023:17:49:50 -0300] "GET / HTTP/1.0" 200 11197
159.65.111.248 - - [24/May/2023:17:49:50 -0300] "GET /manager/html HTTP/1.1" 401 2474
159.65.111.248 - tomcat [24/May/2023:17:49:51 -0300] "GET /manager/html HTTP/1.1" 403 3196
159.65.111.248 - tomcat [24/May/2023:17:49:51 -0300] "POST /manager/html HTTP/1.1" 403 3196
159.65.111.248 - tomcat [24/May/2023:17:49:51 -0300] "GET /manager/html HTTP/1.1" 403 3196
159.65.111.248 - tomcat [24/May/2023:17:49:52 -0300] "POST /manager/html HTTP/1.1" 403 3196
159.65.111.248 - tomcat [24/May/2023:17:49:52 -0300] "GET /manager/html HTTP/1.1" 403 3196
159.65.111.248 - tomcat [24/May/2023:17:49:52 -0300] "POST /manager/html HTTP/1.1" 403 3196
159.65.111.248 - tomcat [24/May/2023:17:49:53 -0300] "GET /manager/html HTTP/1.1" 403 3196
159.65.111.248 - tomcat [24/May/2023:17:49:53 -0300] "POST /manager/html HTTP/1.1" 403 3196
159.65.111.248 - tomcat [24/May/2023:17:49:53 -0300] "GET /manager/html HTTP/1.1" 403 3196
159.65.111.248 - tomcat [24/May/2023:17:49:54 -0300] "POST /manager/html HTTP/1.1" 403 3196
159.65.111.248 - tomcat [24/May/2023:17:49:54 -0300] "GET /manager/html HTTP/1.1" 403 3196
159.65.111.248 - tomcat [24/May/2023:17:49:55 -0300] "POST /manager/html HTTP/1.1" 403 3196
159.65.111.248 - tomcat [24/May/2023:17:49:55 -0300] "GET /manager/html HTTP/1.1" 403 3196
159.65.111.248 - tomcat [24/May/2023:17:49:55 -0300] "POST /manager/html HTTP/1.1" 403 3196
159.65.111.248 - tomcat [24/May/2023:17:49:56 -0300] "GET /manager/html HTTP/1.1" 403 3196
159.65.111.248 - tomcat [24/May/2023:17:49:56 -0300] "POST /manager/html HTTP/1.1" 403 3196
159.65.111.248 - tomcat [24/May/2023:17:49:56 -0300] "GET /manager/html HTTP/1.1" 403 3196
159.65.111.248 - tomcat [24/May/2023:17:49:57 -0300] "POST /manager/html HTTP/1.1" 403 3196
159.65.111.248 - tomcat [24/May/2023:17:49:57 -0300] "GET /manager/html HTTP/1.1" 403 3196
159.65.111.248 - tomcat [24/May/2023:17:50:21 -0300] "POST /manager/html HTTP/1.1" 403 3196
159.65.111.248 - tomcat [24/May/2023:17:50:21 -0300] "GET /manager/html HTTP/1.1" 403 3196
159.65.111.248 - tomcat [24/May/2023:17:50:22 -0300] "POST /manager/html HTTP/1.1" 403 3196
159.65.111.248 - tomcat [24/May/2023:17:50:22 -0300] "GET /manager/html HTTP/1.1" 403 3196
159.65.111.248 - tomcat [24/May/2023:17:50:22 -0300] "POST /manager/html HTTP/1.1" 403 3196
159.65.111.248 - tomcat [24/May/2023:17:50:23 -0300] "GET /manager/html HTTP/1.1" 403 3196
159.65.111.248 - tomcat [24/May/2023:17:50:23 -0300] "POST /manager/html HTTP/1.1" 403 3196
159.65.111.248 - tomcat [24/May/2023:17:50:23 -0300] "GET /manager/html HTTP/1.1" 403 3196
159.65.111.248 - tomcat [24/May/2023:17:50:24 -0300] "POST /manager/html HTTP/1.1" 403 3196
159.65.111.248 - tomcat [24/May/2023:17:50:24 -0300] "GET /manager/html HTTP/1.1" 403 3196
159.65.111.248 - tomcat [24/May/2023:17:50:25 -0300] "POST /manager/html HTTP/1.1" 403 3196
159.65.111.248 - tomcat [24/May/2023:17:50:25 -0300] "GET /manager/html HTTP/1.1" 403 3196
159.65.111.248 - tomcat [24/May/2023:17:50:25 -0300] "POST /manager/html HTTP/1.1" 403 3196
159.65.111.248 - tomcat [24/May/2023:17:50:26 -0300] "GET /manager/html HTTP/1.1" 403 3196
159.65.111.248 - tomcat [24/May/2023:17:50:26 -0300] "POST /manager/html HTTP/1.1" 403 3196
159.65.111.248 - tomcat [24/May/2023:17:50:26 -0300] "GET /manager/html HTTP/1.1" 403 3196
159.65.111.248 - tomcat [24/May/2023:17:50:27 -0300] "POST /manager/html HTTP/1.1" 403 3196
159.65.111.248 - tomcat [24/May/2023:17:50:27 -0300] "GET /manager/html HTTP/1.1" 403 3196
159.65.111.248 - tomcat [24/May/2023:17:50:27 -0300] "POST /manager/html HTTP/1.1" 403 3196
159.65.111.248 - tomcat [24/May/2023:17:50:28 -0300] "GET /manager/html HTTP/1.1" 403 3196
181.43.230.62 - - [24/May/2023:17:50:43 -0300] "POST /cormun/servlet/solicitudot?gx-no-cache=1684957039477 HTTP/1.1" 200 3971
181.43.230.62 - - [24/May/2023:17:50:43 -0300] "POST /cormun/servlet/solicitudot?99e080fe62a67a491343aca061fe1d87,INS,0,0,false,,gx-no-cache=1684957040117 HTTP/1.1" 200 12807
181.43.230.62 - - [24/May/2023:17:50:47 -0300] "GET /cormun/servlet/solicitudot?b4fdc9cb6b486cd3e6f5d72f03c1a138d67df8ca2f9e664cf9740933d51a4e0617e7328d971cb4e406366c65dda1bbb1,gx-no-cache=1684957044773 HTTP/1.1" 200 30
159.65.111.248 - tomcat [24/May/2023:17:50:52 -0300] "POST /manager/html HTTP/1.1" 403 3196
159.65.111.248 - tomcat [24/May/2023:17:50:52 -0300] "GET /manager/html HTTP/1.1" 403 3196
159.65.111.248 - tomcat [24/May/2023:17:50:52 -0300] "POST /manager/html HTTP/1.1" 403 3196
159.65.111.248 - tomcat [24/May/2023:17:50:53 -0300] "GET /manager/html HTTP/1.1" 403 3196
159.65.111.248 - tomcat [24/May/2023:17:50:53 -0300] "POST /manager/html HTTP/1.1" 403 3196
159.65.111.248 - tomcat [24/May/2023:17:50:54 -0300] "GET /manager/html HTTP/1.1" 403 3196
159.65.111.248 - tomcat [24/May/2023:17:50:54 -0300] "POST /manager/html HTTP/1.1" 403 3196
159.65.111.248 - tomcat [24/May/2023:17:50:54 -0300] "GET /manager/html HTTP/1.1" 403 3196
159.65.111.248 - tomcat [24/May/2023:17:50:55 -0300] "POST /manager/html HTTP/1.1" 403 3196
159.65.111.248 - tomcat [24/May/2023:17:50:55 -0300] "GET /manager/html HTTP/1.1" 403 3196
159.65.111.248 - tomcat [24/May/2023:17:50:55 -0300] "POST /manager/html HTTP/1.1" 403 3196
159.65.111.248 - tomcat [24/May/2023:17:50:56 -0300] "GET /manager/html HTTP/1.1" 403 3196
159.65.111.248 - tomcat [24/May/2023:17:50:56 -0300] "POST /manager/html HTTP/1.1" 403 3196
159.65.111.248 - tomcat [24/May/2023:17:50:56 -0300] "GET /manager/html HTTP/1.1" 403 3196
159.65.111.248 - tomcat [24/May/2023:17:50:57 -0300] "POST /manager/html HTTP/1.1" 403 3196
159.65.111.248 - tomcat [24/May/2023:17:50:57 -0300] "GET /manager/html HTTP/1.1" 403 3196
159.65.111.248 - tomcat [24/May/2023:17:50:57 -0300] "POST /manager/html HTTP/1.1" 403 3196
159.65.111.248 - tomcat [24/May/2023:17:50:58 -0300] "GET /manager/html HTTP/1.1" 403 3196
159.65.111.248 - tomcat [24/May/2023:17:50:58 -0300] "POST /manager/html HTTP/1.1" 403 3196
159.65.111.248 - tomcat [24/May/2023:17:50:58 -0300] "GET /manager/html HTTP/1.1" 403 3196
159.65.111.248 - tomcat [24/May/2023:17:51:22 -0300] "POST /manager/html HTTP/1.1" 403 3196
159.65.111.248 - tomcat [24/May/2023:17:51:23 -0300] "GET /manager/html HTTP/1.1" 403 3196
159.65.111.248 - tomcat [24/May/2023:17:51:23 -0300] "POST /manager/html HTTP/1.1" 403 3196
159.65.111.248 - tomcat [24/May/2023:17:51:24 -0300] "GET /manager/html HTTP/1.1" 403 3196
159.65.111.248 - tomcat [24/May/2023:17:51:24 -0300] "POST /manager/html HTTP/1.1" 403 3196
159.65.111.248 - tomcat [24/May/2023:17:51:24 -0300] "GET /manager/html HTTP/1.1" 403 3196
159.65.111.248 - tomcat [24/May/2023:17:51:25 -0300] "POST /manager/html HTTP/1.1" 403 3196
181.43.230.62 - - [24/May/2023:17:52:34 -0300] "GET /cormun/static/Resources/PXTools/ClosePrompt.png HTTP/1.1" 200 1036
181.43.230.62 - - [24/May/2023:17:52:34 -0300] "GET /cormun/static/Resources/resize.gif HTTP/1.1" 200 77
181.43.230.62 - - [24/May/2023:17:52:34 -0300] "GET /cormun/servlet/prbanco?,MD,,gxPopupLevel%3D0%3B HTTP/1.1" 200 6569
181.43.230.62 - - [24/May/2023:17:52:34 -0300] "GET /cormun/static/gxcfg.js?20201216131581 HTTP/1.1" 200 953
181.43.230.62 - - [24/May/2023:17:52:34 -0300] "GET /cormun/static/prbanco.js?20201216132311 HTTP/1.1" 200 10693
181.43.230.62 - - [24/May/2023:17:52:34 -0300] "GET /cormun/static/menusearch.js?20201214473581 HTTP/1.1" 200 1424
181.43.230.62 - - [24/May/2023:17:52:34 -0300] "GET /cormun/static/Resources/PXToolsMenuSearchCancel.png HTTP/1.1" 200 306
181.43.230.62 - - [24/May/2023:17:52:34 -0300] "GET /cormun/static/Resources/PXToolsMenuSearch.png HTTP/1.1" 200 336
181.43.230.62 - - [24/May/2023:17:52:34 -0300] "GET /cormun/static/hmpwkw011.js?202211298443482 HTTP/1.1" 200 1968
181.43.230.62 - - [24/May/2023:17:52:39 -0300] "GET /cormun/servlet/solicitudot?b4fdc9cb6b486cd3e6f5d72f03c1a13854707a177b27498293dade271a727cdfdb484cd2514c5b7cfa6e2a46023a8cbd,gx-no-cache=1684957156370 HTTP/1.1" 200 30
181.43.230.62 - - [24/May/2023:17:52:40 -0300] "GET /cormun/servlet/solicitudot?b4fdc9cb6b486cd3e6f5d72f03c1a1389d7b66eb370c91a7e6bf4f0e4a3bb20d,gx-no-cache=1684957157450 HTTP/1.1" 200 53
181.43.230.62 - - [24/May/2023:17:52:53 -0300] "POST /cormun/servlet/solicitudot?99e080fe62a67a491343aca061fe1d87,INS,0,0,false,,gx-no-cache=1684957170170 HTTP/1.1" 200 13014
181.43.230.62 - - [24/May/2023:17:52:54 -0300] "GET /cormun/static/Shared/jqueryui/images/ui-icons_82798d_256x240.png HTTP/1.1" 404 1089
181.43.230.62 - - [24/May/2023:17:52:54 -0300] "GET /cormun/static/Shared/jqueryui/images/ui-bg_highlight-soft_100_c6c2c8_1x100.png HTTP/1.1" 404 1117
181.43.230.62 - - [24/May/2023:17:52:54 -0300] "GET /cormun/static/Shared/jqueryui/images/ui-bg_flat_55_fafafa_40x100.png HTTP/1.1" 404 1097
181.43.230.62 - - [24/May/2023:17:52:54 -0300] "GET /cormun/static/Shared/jqueryui/images/ui-icons_8d78a5_256x240.png HTTP/1.1" 404 1089
181.43.230.62 - - [24/May/2023:17:52:57 -0300] "GET /cormun/servlet/solicitudot?b4fdc9cb6b486cd3e6f5d72f03c1a138282d67a1f24f3fedbf056e8d9362cc967a82d98d8d7a1055428e38e26017beca957bdd556058b02c0c6479d33b464a31,gx-no-cache=1684957174725 HTTP/1.1" 200 53
181.43.230.62 - - [24/May/2023:17:52:59 -0300] "POST /cormun/servlet/solicitudot?gx-no-cache=1684957175953 HTTP/1.1" 200 255
181.43.230.62 - - [24/May/2023:17:53:01 -0300] "GET /cormun/servlet/solicitudot?b4fdc9cb6b486cd3e6f5d72f03c1a13800c6950ea4993b5a5d17d434e74960f869c192ad1174a2c8b521d6519745f2f7bf7d95e65d31190e507954db475ebacc9f49e7e0e63c3e1e1264bb3e149254b460529f98256bfac36a9088ae4f43983006e90adbc678c97f85142326f8f12a4dd9bafcb1daa3fa1e47ccb475eaf48d1baadf628440d4550046b01fdd90974a73e59268eee732bdca0b6df64220a26340c4f2b8c7f3b9ecd37557b7037e26b69e808ecb939d1429f7fd243aec5b10f978db2e0ccf841d187188d70c9c1f227a4b8d5457c04aea57776f2c03452f04675a3a54f8794d8bb82e80751954c21ce5a3327562293f64678825478b140eccff4628771af7e4b673d8ee57c0b3db409aa938c31cd7e5273f95985f099004bc8c30442c1bbd79cb6706533b4e081badcc4ff442d8c463e38fb6e47fe37639b9d2f1e8c0b5183848a9b8eae976a286ae771cf207fabdd80ec16a25f6007ad335a0c6ed11073cf1a71f3feb6a7a13228ef367c75074f86497dec6f6e6d5841738a830,gx-no-cache=1684957178306 HTTP/1.1" 200 30
181.212.43.89 - - [24/May/2023:18:01:05 -0300] "GET /cormun/servlet/trautorizarsolicitud? HTTP/1.1" 200 6216
181.212.43.89 - - [24/May/2023:18:01:08 -0300] "GET /cormun/servlet/hlogin HTTP/1.1" 200 1738
181.212.43.89 - - [24/May/2023:18:01:08 -0300] "GET /cormun/servlet/trautorizarsolicitud? HTTP/1.1" 200 6214
181.212.43.89 - - [24/May/2023:18:01:21 -0300] "POST /cormun/servlet/hlogin?92318a59c9052679598d76eec9fd32cf,gx-no-cache=1684945737977 HTTP/1.1" 200 90
181.212.43.89 - - [24/May/2023:18:01:21 -0300] "GET /cormun/servlet/hpexe_link HTTP/1.1" 200 958
181.212.43.89 - - [24/May/2023:18:01:22 -0300] "GET /cormun/servlet/trautorizarsolicitud HTTP/1.1" 200 9792
181.212.43.89 - - [24/May/2023:18:01:23 -0300] "GET /cormun/servlet/trautorizarsolicitud HTTP/1.1" 200 9790
181.212.43.89 - - [24/May/2023:18:01:56 -0300] "POST /cormun/servlet/trautorizarsolicitud?92318a59c9052679598d76eec9fd32cf,gx-no-cache=1684945772321 HTTP/1.1" 200 6596
181.212.43.89 - - [24/May/2023:18:01:56 -0300] "GET /cormun/static/Shared/jqueryui/images/ui-icons_82798d_256x240.png HTTP/1.1" 404 1089
181.212.43.89 - - [24/May/2023:18:01:56 -0300] "GET /cormun/static/Shared/jqueryui/images/ui-bg_flat_55_fafafa_40x100.png HTTP/1.1" 404 1097
181.212.43.89 - - [24/May/2023:18:01:56 -0300] "GET /cormun/static/Shared/jqueryui/images/ui-bg_highlight-soft_100_c6c2c8_1x100.png HTTP/1.1" 404 1117
181.212.43.89 - - [24/May/2023:18:01:56 -0300] "GET /cormun/static/Shared/jqueryui/images/ui-icons_8d78a5_256x240.png HTTP/1.1" 404 1089
181.212.43.89 - - [24/May/2023:18:01:56 -0300] "POST /cormun/servlet/trautorizarsolicitud?92318a59c9052679598d76eec9fd32cf,gx-no-cache=1684945772967 HTTP/1.1" 200 6543
181.212.43.89 - - [24/May/2023:18:01:58 -0300] "POST /cormun/servlet/trautorizarsolicitud?92318a59c9052679598d76eec9fd32cf,gx-no-cache=1684945774638 HTTP/1.1" 200 6243
181.212.43.89 - - [24/May/2023:18:01:59 -0300] "POST /cormun/servlet/trautorizarsolicitud?92318a59c9052679598d76eec9fd32cf,gx-no-cache=1684945775137 HTTP/1.1" 200 6189
181.212.43.89 - - [24/May/2023:18:02:00 -0300] "POST /cormun/servlet/trautorizarsolicitud?92318a59c9052679598d76eec9fd32cf,gx-no-cache=1684945776379 HTTP/1.1" 200 5794
181.212.43.89 - - [24/May/2023:18:02:00 -0300] "POST /cormun/servlet/trautorizarsolicitud?92318a59c9052679598d76eec9fd32cf,gx-no-cache=1684945776861 HTTP/1.1" 200 5741
181.212.43.89 - - [24/May/2023:18:02:01 -0300] "POST /cormun/servlet/trautorizarsolicitud?92318a59c9052679598d76eec9fd32cf,gx-no-cache=1684945777984 HTTP/1.1" 200 4508
181.212.43.89 - - [24/May/2023:18:02:02 -0300] "POST /cormun/servlet/trautorizarsolicitud?92318a59c9052679598d76eec9fd32cf,gx-no-cache=1684945778335 HTTP/1.1" 200 4274
181.212.43.89 - - [24/May/2023:18:02:06 -0300] "GET /cormun/servlet/trsolicitudot? HTTP/1.1" 200 8844
181.212.43.89 - - [24/May/2023:18:02:07 -0300] "GET /cormun/servlet/trsolicitudot? HTTP/1.1" 200 8844
181.212.43.89 - - [24/May/2023:18:02:42 -0300] "GET /cormun/servlet/trlicencias? HTTP/1.1" 200 16690
181.212.43.89 - - [24/May/2023:18:02:43 -0300] "GET /cormun/servlet/trlicencias? HTTP/1.1" 200 16676
181.212.43.89 - - [24/May/2023:18:02:52 -0300] "GET /cormun/servlet/trautorizarsolicitud? HTTP/1.1" 200 7175
