190.171.154.42 - - [24/May/2023:16:46:38 -0300] "GET /cormun/servlet/solicitudot?f7121741703a92a9162f25d38a79cae4ac0446c8d816961d7cadb167c031ebbd5e167584d57498a8c81477f1fb24b0fd,gx-no-cache=1684956668278 HTTP/1.1" 200 30
10.40.40.2 - - [24/May/2023:16:46:39 -0300] "POST /cormun/servlet/hlogin?ba633ea2acf943ff117666475089ddfc,gx-no-cache=1684956618800 HTTP/1.1" 200 90
10.40.40.2 - - [24/May/2023:16:46:39 -0300] "GET /cormun/servlet/hpexe_link HTTP/1.1" 200 953
10.40.40.2 - - [24/May/2023:16:46:40 -0300] "GET /cormun/servlet/hhome HTTP/1.1" 200 3804
10.40.40.2 - - [24/May/2023:16:46:40 -0300] "GET /cormun/servlet/hhome HTTP/1.1" 200 3801
190.171.152.242 - - [24/May/2023:16:46:40 -0300] "GET /cormun/servlet/solicitudot?5fd39ac8ff442f81b80cf2395ea839ca0ca0909fb2e461bb4df0a0413b97b87532a65c1bd97e1105ad140a8a03fbaa43a52822e5172491e69fd235cf6ebbc416,gx-no-cache=1684956670499 HTTP/1.1" 200 30
190.171.152.242 - - [24/May/2023:16:46:40 -0300] "GET /cormun/servlet/solicitudot?5fd39ac8ff442f81b80cf2395ea839ca5b4f30905ebfe5fac37bce403cb8f496,gx-no-cache=1684956670529 HTTP/1.1" 200 70
190.171.152.242 - - [24/May/2023:16:46:40 -0300] "POST /cormun/servlet/solicitudot?gx-no-cache=1684956670566 HTTP/1.1" 200 255
190.171.152.242 - - [24/May/2023:16:46:40 -0300] "GET /cormun/servlet/solicitudot?5fd39ac8ff442f81b80cf2395ea839cac6ea1f0ebc9bad0f699d6af80e2133df9fc47526aa91a51aaa75f4058bda8700120e4901237a2996f949a53e1c30e3e03c0fb659f1bd5e9147f5fe8c130a9145e317556aa2b35d497d9f5961696be1af1a6d714de2a4a66fa8f08b961b40f764f62acf1947e616a1552250fc2b199bc22f4f89de93d4177f3a1158fccdad89de63eb5e92b756338504435c7f3d9bf5dc96e6f4ae79157763dd8d2c8628ddf31fa9c91d54b50c828ca9b517dbac7ceda1efb764dc4bec8f808c4baa4d2ede8385811b198db3746a803885df72a9c94906560d4258ab119ba9b60743c40c299e06415e3fa7027b821488f45ab97ba407e5d26630e982018520be0fd25ac7c0c3b3d91e63afd411fcc9e6969cd0e72c930688dce224b436dc0521e2fb94403fddb745dc96006cfdff7afbc91ccf29dd98f8c58f88046fd04ce74285ca014e195203b240c0cb4f49fb43a78d37d7ef8dc467a04785890fb78f42a76bcd2c4478917d609d4c86324ae8cfde4b45f4468a853d,gx-no-cache=1684956670615 HTTP/1.1" 200 30
10.40.40.2 - - [24/May/2023:16:46:43 -0300] "GET /cormun/servlet/trsolicitudgral? HTTP/1.1" 200 27071
190.171.154.42 - - [24/May/2023:16:46:44 -0300] "POST /cormun/servlet/solicitudot?gx-no-cache=1684956674403 HTTP/1.1" 200 30
10.40.40.2 - - [24/May/2023:16:46:44 -0300] "GET /cormun/servlet/trsolicitudgral? HTTP/1.1" 200 27067
190.171.154.42 - - [24/May/2023:16:46:44 -0300] "POST /cormun/servlet/solicitudot?bac9be51b964b3958e52739b8aeaba71,INS,0,0,false,,gx-no-cache=1684956674441 HTTP/1.1" 200 93
190.171.154.42 - - [24/May/2023:16:46:44 -0300] "GET /cormun/servlet/hpexe_return? HTTP/1.1" 200 1011
190.171.154.42 - - [24/May/2023:16:46:45 -0300] "GET /cormun/servlet/hhome HTTP/1.1" 200 4247
190.171.154.42 - - [24/May/2023:16:46:45 -0300] "GET /cormun/servlet/hhome HTTP/1.1" 200 4241
190.171.152.242 - - [24/May/2023:16:46:50 -0300] "POST /cormun/servlet/solicitudot?gx-no-cache=1684956680988 HTTP/1.1" 200 30
190.171.154.42 - - [24/May/2023:16:46:51 -0300] "GET /cormun/servlet/trsolicitudot? HTTP/1.1" 200 9717
190.171.152.242 - - [24/May/2023:16:46:51 -0300] "POST /cormun/servlet/solicitudot?gx-no-cache=1684956682189 HTTP/1.1" 200 1467
190.171.152.242 - - [24/May/2023:16:46:52 -0300] "POST /cormun/servlet/solicitudot?gx-no-cache=1684956682240 HTTP/1.1" 200 38
190.171.152.242 - - [24/May/2023:16:46:52 -0300] "GET /cormun/servlet/solicitudot?5fd39ac8ff442f81b80cf2395ea839ca90b876781f17b14b7a82924c8c139d71d3f7f20702dc6f86c98c7766b97ec067dee31efc3c1fb02725d8ddd0234cfd851b8430adc105a028e9ace942776510aa21f813591377aaef8fc65627aac13a61ae88029e9c27e302f326d673f3d652f9,gx-no-cache=1684956682300 HTTP/1.1" 200 110
190.171.154.42 - - [24/May/2023:16:46:52 -0300] "GET /cormun/servlet/trsolicitudot? HTTP/1.1" 200 9715
190.171.152.242 - - [24/May/2023:16:46:54 -0300] "POST /cormun/servlet/solicitudot?gx-no-cache=1684956684462 HTTP/1.1" 200 69
190.171.152.242 - - [24/May/2023:16:47:02 -0300] "GET /cormun/servlet/solicitudot?5fd39ac8ff442f81b80cf2395ea839caa64e16a0d1a2afa867b15f89201145f9f609ae84387417bd72df1505d7551f15c3c2389fca1ba2453c69301ee69c8eb4ef0eaaa2b7323aae313b653d41d6c75f77b414791e943bc7e9a598bb7eca6ace4f0e2ec00fd6bfbab4ea03812b0d7a0d4968b439490a53422a4a3dc53675c9e9bb5f2af91cf7342dba5efaddb247f860e1c5012e27196d608a5e644f427dc29f,gx-no-cache=1684956692283 HTTP/1.1" 200 29
190.171.152.242 - - [24/May/2023:16:47:02 -0300] "GET /cormun/static/menuarrow.gif HTTP/1.1" 404 1015
10.40.40.2 - - [24/May/2023:16:47:02 -0300] "POST /cormun/servlet/trsolicitudgral?ba633ea2acf943ff117666475089ddfc,,gx-no-cache=1684956640837 HTTP/1.1" 200 24660
190.171.152.242 - - [24/May/2023:16:47:05 -0300] "GET /cormun/servlet/solicitudot?5fd39ac8ff442f81b80cf2395ea839ca796ce7a294c884b2d27e4027beb47c962179706cd0f45192c05853953d74613f,gx-no-cache=1684956695793 HTTP/1.1" 200 30
190.171.154.42 - - [24/May/2023:16:47:08 -0300] "GET /cormun/servlet/vesolicitudot?2023,20257,, HTTP/1.1" 200 8603
190.171.154.42 - - [24/May/2023:16:47:08 -0300] "GET /cormun/pexe_scrolldiv.js HTTP/1.1" 404 1009
190.171.154.42 - - [24/May/2023:16:47:08 -0300] "GET /cormun/servlet/vesolicitudot?2023,20257,, HTTP/1.1" 200 8603
190.171.154.42 - - [24/May/2023:16:47:17 -0300] "GET /cormun/servlet/trsolicitudot? HTTP/1.1" 200 9717
190.171.154.42 - - [24/May/2023:16:47:17 -0300] "GET /cormun/servlet/trsolicitudot? HTTP/1.1" 200 9715
190.171.154.42 - - [24/May/2023:16:47:23 -0300] "POST /cormun/servlet/trsolicitudot?bac9be51b964b3958e52739b8aeaba71,,gx-no-cache=1684956714060 HTTP/1.1" 200 110
190.171.154.42 - - [24/May/2023:16:47:24 -0300] "GET /cormun/servlet/solicitudot?UPD,2023,20257,false, HTTP/1.1" 200 16719
190.171.154.42 - - [24/May/2023:16:47:24 -0300] "GET /cormun/servlet/solicitudot?UPD,2023,20257,false, HTTP/1.1" 200 16731
190.171.154.42 - - [24/May/2023:16:47:25 -0300] "POST /cormun/servlet/solicitudot?gx-no-cache=1684956715164 HTTP/1.1" 200 4054
190.171.154.42 - - [24/May/2023:16:47:25 -0300] "POST /cormun/servlet/solicitudot?bac9be51b964b3958e52739b8aeaba71,UPD,2023,20257,false,,gx-no-cache=1684956715286 HTTP/1.1" 200 12950
190.171.154.42 - - [24/May/2023:16:47:25 -0300] "GET /cormun/servlet/solicitudot?f7121741703a92a9162f25d38a79cae4773b2dc162e780fcb49282b278c3fedda6bc3f21adeeb3971a5e6cb23162965f,gx-no-cache=1684956715451 HTTP/1.1" 200 30
190.171.154.42 - - [24/May/2023:16:47:25 -0300] "GET /cormun/servlet/solicitudot?f7121741703a92a9162f25d38a79cae45a615eaed32858b6b4cdea8ee8acd73d48e4e9f495031ce7278eefa78674b63512a53c402ddac9bb6388c1803603eb81,gx-no-cache=1684956715474 HTTP/1.1" 200 30
190.171.154.42 - - [24/May/2023:16:47:25 -0300] "GET /cormun/servlet/solicitudot?f7121741703a92a9162f25d38a79cae481bd2fe448762f0336738fb77126128528fd1db29b79557cd3ae69a4163fcc8523d6621aba31115c5bd2878593f5f81e8c32260ac80f81df17192843555bc404a7d0f71ac44ffaf7fb814fdb6b9c43d0,gx-no-cache=1684956715495 HTTP/1.1" 200 70
190.171.154.42 - - [24/May/2023:16:47:25 -0300] "POST /cormun/servlet/solicitudot?gx-no-cache=1684956715518 HTTP/1.1" 200 257
190.171.154.42 - - [24/May/2023:16:47:25 -0300] "GET /cormun/servlet/solicitudot?f7121741703a92a9162f25d38a79cae4f6e2af61f8506ac0db08e34a12e8c4e98dc110dab15730fe92111d99f250d447104de1fcf6a1d2bab9337c4c64f328a5d33c3ca44890ceca9f2c548c2eee7ed534f50200aec763adb0b2d7e772adddb846153b2ea9949a118e0011eab1fb4f20b5e43db748efe6f0d499d32ddf2a4d0c4ab1487abcc09c28443889c6af8aab7fc820d957bd64b4ef486f9152a205c7ae90b157e58c842ff8089f530ce0232481e60d0dfe21d7796a3bc0ff668e05d6689716e62eff9f3b20a6792335d7925dd158d65b469572b2091ed863793bd2c6a8b8908bd9cba22afe0d1b078526997c390c4ffee5ad4f8f145c41ecbecb61fc7eceb2f72796c9cf4951710fe890b6681d9e7d84ad68a45e23ee95b2d29fe4e3351d43e5699010c4555c3a97619a13f3511cb25acf7472371ba88e52393463f1cda5e5140616e43c4b2ef5c31e71b43388a28a028f2d7b617ed875c29cb1d147d056ae4780f8552f30c7a4acea14c96869ef8e88caeb80de442bceddefca4344a1,gx-no-cache=1684956715543 HTTP/1.1" 200 30
190.171.154.42 - - [24/May/2023:16:47:25 -0300] "POST /cormun/servlet/solicitudot?gx-no-cache=1684956715565 HTTP/1.1" 200 30
190.171.154.42 - - [24/May/2023:16:47:25 -0300] "POST /cormun/servlet/solicitudot?gx-no-cache=1684956715591 HTTP/1.1" 200 1468
190.171.154.42 - - [24/May/2023:16:47:25 -0300] "POST /cormun/servlet/solicitudot?gx-no-cache=1684956715629 HTTP/1.1" 200 41
190.171.152.242 - - [24/May/2023:16:47:27 -0300] "POST /cormun/servlet/solicitudot?gx-no-cache=1684956717577 HTTP/1.1" 200 30
10.40.40.2 - - [24/May/2023:16:47:29 -0300] "GET /cormun/servlet/vesolicitudgral?2023,20226,, HTTP/1.1" 200 8414
10.40.40.2 - - [24/May/2023:16:47:29 -0300] "GET /cormun/pexe_scrolldiv.js HTTP/1.1" 404 1009
10.40.40.2 - - [24/May/2023:16:47:29 -0300] "GET /cormun/servlet/vesolicitudgral?2023,20226,, HTTP/1.1" 200 8413
190.171.154.42 - - [24/May/2023:16:47:31 -0300] "GET /cormun/servlet/solicitudot?f7121741703a92a9162f25d38a79cae498cab9534ff66ee521458d2d72bf031cbe72aa24f744bfc0d85667be9363aa858d68d581cfcff2b2d17bbb1aebc82ee0d139f2457590502efb45f903ae44315442c6230a545f654b470fbbbc569b741fe4e3690fa961c212fd929612186cc5c5,gx-no-cache=1684956721815 HTTP/1.1" 200 110
190.171.154.42 - - [24/May/2023:16:47:31 -0300] "POST /cormun/servlet/solicitudot?gx-no-cache=1684956721847 HTTP/1.1" 200 55
10.40.40.2 - - [24/May/2023:16:47:33 -0300] "GET /cormun/servlet/trsolicitudgral? HTTP/1.1" 200 27071
10.40.40.2 - - [24/May/2023:16:47:34 -0300] "GET /cormun/servlet/trsolicitudgral? HTTP/1.1" 200 27071
10.40.40.2 - - [24/May/2023:16:47:42 -0300] "GET /cormun/servlet/vesolicitudgral?2023,20212,, HTTP/1.1" 200 8415
190.171.154.42 - - [24/May/2023:16:47:42 -0300] "POST /cormun/servlet/solicitudot?gx-no-cache=1684956733196 HTTP/1.1" 200 69
10.40.40.2 - - [24/May/2023:16:47:42 -0300] "GET /cormun/pexe_scrolldiv.js HTTP/1.1" 404 1009
10.40.40.2 - - [24/May/2023:16:47:43 -0300] "GET /cormun/servlet/vesolicitudgral?2023,20212,, HTTP/1.1" 200 8414
190.171.152.242 - - [24/May/2023:16:47:44 -0300] "POST /cormun/servlet/solicitudot?f1a61f765eaafe8a2774a06ec8be3240,INS,0,0,false,,gx-no-cache=1684956734707 HTTP/1.1" 200 93
190.171.152.242 - - [24/May/2023:16:47:44 -0300] "GET /cormun/servlet/hpexe_return? HTTP/1.1" 200 1009
190.171.152.242 - - [24/May/2023:16:47:45 -0300] "GET /cormun/servlet/trsolicitudot? HTTP/1.1" 200 9073
190.171.152.242 - - [24/May/2023:16:47:45 -0300] "GET /cormun/servlet/trsolicitudot? HTTP/1.1" 200 9069
190.46.88.50 - - [24/May/2023:16:47:45 -0300] "GET /cormun/servlet/hhome HTTP/1.1" 200 3321
190.46.88.50 - - [24/May/2023:16:47:46 -0300] "GET /cormun/static/PXToolsJavascripts/PXToolsJavascriptsRender.js HTTP/1.1" 200 367
190.46.88.50 - - [24/May/2023:16:47:46 -0300] "GET /cormun/servlet/hhome HTTP/1.1" 200 3330
190.46.88.50 - - [24/May/2023:16:47:46 -0300] "GET /cormun/servlet/hlogin HTTP/1.1" 200 1731
190.46.88.50 - - [24/May/2023:16:47:46 -0300] "GET /cormun/servlet/hhome HTTP/1.1" 200 3330
190.171.152.242 - - [24/May/2023:16:47:48 -0300] "POST /cormun/servlet/trsolicitudot?f1a61f765eaafe8a2774a06ec8be3240,,gx-no-cache=1684956738598 HTTP/1.1" 200 5770
190.171.152.242 - - [24/May/2023:16:47:48 -0300] "GET /cormun/static/Shared/jqueryui/images/ui-bg_highlight-soft_100_c6c2c8_1x100.png HTTP/1.1" 404 1117
190.171.152.242 - - [24/May/2023:16:47:48 -0300] "GET /cormun/static/Shared/jqueryui/images/ui-icons_82798d_256x240.png HTTP/1.1" 404 1089
190.171.152.242 - - [24/May/2023:16:47:48 -0300] "GET /cormun/static/Shared/jqueryui/images/ui-bg_flat_55_fafafa_40x100.png HTTP/1.1" 404 1097
190.171.152.242 - - [24/May/2023:16:47:48 -0300] "GET /cormun/static/Shared/jqueryui/images/ui-icons_8d78a5_256x240.png HTTP/1.1" 404 1089
190.171.152.242 - - [24/May/2023:16:47:48 -0300] "POST /cormun/servlet/trsolicitudot?f1a61f765eaafe8a2774a06ec8be3240,,gx-no-cache=1684956738809 HTTP/1.1" 200 5713
190.46.88.50 - - [24/May/2023:16:47:50 -0300] "POST /cormun/servlet/hlogin?41287bb3a6f6982678fad967cde9858d,gx-no-cache=1684956740126 HTTP/1.1" 200 90
190.46.88.50 - - [24/May/2023:16:47:50 -0300] "GET /cormun/servlet/hpexe_link HTTP/1.1" 200 949
190.46.88.50 - - [24/May/2023:16:47:50 -0300] "GET /cormun/servlet/hhome HTTP/1.1" 200 4316
190.46.88.50 - - [24/May/2023:16:47:50 -0300] "GET /cormun/servlet/hhome HTTP/1.1" 200 4312
190.171.152.242 - - [24/May/2023:16:47:53 -0300] "GET /cormun/servlet/solicitudot?INS,0,0,false, HTTP/1.1" 200 15872
190.171.152.242 - - [24/May/2023:16:47:54 -0300] "GET /cormun/servlet/solicitudot?INS,0,0,false, HTTP/1.1" 200 15879
190.171.154.42 - - [24/May/2023:16:47:55 -0300] "GET /cormun/servlet/solicitudot?f7121741703a92a9162f25d38a79cae4bdeeaf07b63761672eefe090a2a4eb3014a0848184b7e2315cb65ae5a5dfe24d739c46a786388c3d701b707c5d43e12e64c1449471af3c1e819d85fd05232d5abb1e2d203d925fee6277d963ea5499c15a74ab60b4f2fcc4599976999272e0fe,gx-no-cache=1684956746060 HTTP/1.1" 200 29
190.171.154.42 - - [24/May/2023:16:47:55 -0300] "GET /cormun/servlet/solicitudot?f7121741703a92a9162f25d38a79cae4ac0446c8d816961d7cadb167c031ebbd5e167584d57498a8c81477f1fb24b0fd,gx-no-cache=1684956746088 HTTP/1.1" 200 30
190.171.154.42 - - [24/May/2023:16:47:55 -0300] "POST /cormun/servlet/solicitudot?gx-no-cache=1684956746128 HTTP/1.1" 200 30
190.171.154.42 - - [24/May/2023:16:47:56 -0300] "POST /cormun/servlet/solicitudot?bac9be51b964b3958e52739b8aeaba71,UPD,2023,20257,false,,gx-no-cache=1684956746161 HTTP/1.1" 200 93
190.171.154.42 - - [24/May/2023:16:47:56 -0300] "GET /cormun/servlet/hpexe_return? HTTP/1.1" 200 1013
190.171.154.42 - - [24/May/2023:16:47:56 -0300] "GET /cormun/servlet/trsolicitudot HTTP/1.1" 200 9704
190.171.154.42 - - [24/May/2023:16:47:56 -0300] "GET /cormun/servlet/trsolicitudot HTTP/1.1" 200 9699
190.171.152.242 - - [24/May/2023:16:48:02 -0300] "GET /cormun/servlet/prfichaempleado?,MD,,gxPopupLevel%3D0%3B HTTP/1.1" 200 9289
190.171.154.42 - - [24/May/2023:16:48:09 -0300] "POST /cormun/servlet/trsolicitudot?bac9be51b964b3958e52739b8aeaba71,gx-no-cache=1684956759674 HTTP/1.1" 200 110
190.171.154.42 - - [24/May/2023:16:48:09 -0300] "GET /cormun/servlet/solicitudot?UPD,2023,20247,false, HTTP/1.1" 200 16685
190.171.154.42 - - [24/May/2023:16:48:10 -0300] "GET /cormun/servlet/solicitudot?UPD,2023,20247,false, HTTP/1.1" 200 16696
190.171.154.42 - - [24/May/2023:16:48:10 -0300] "POST /cormun/servlet/solicitudot?gx-no-cache=1684956760724 HTTP/1.1" 200 4053
190.171.154.42 - - [24/May/2023:16:48:10 -0300] "POST /cormun/servlet/solicitudot?bac9be51b964b3958e52739b8aeaba71,UPD,2023,20247,false,,gx-no-cache=1684956760843 HTTP/1.1" 200 12942
190.171.154.42 - - [24/May/2023:16:48:10 -0300] "GET /cormun/servlet/solicitudot?f7121741703a92a9162f25d38a79cae48ffc38240bc3401f5147e700dbe96686a6bc3f21adeeb3971a5e6cb23162965f,gx-no-cache=1684956761006 HTTP/1.1" 200 30
190.171.154.42 - - [24/May/2023:16:48:10 -0300] "GET /cormun/servlet/solicitudot?f7121741703a92a9162f25d38a79cae495d769399c3a21bdb6e2e313bbb6746688b8f9d99289aae134fad2eecd41243105b4945165e210706f72072b3f812bb0,gx-no-cache=1684956761028 HTTP/1.1" 200 30
190.171.154.42 - - [24/May/2023:16:48:10 -0300] "GET /cormun/servlet/solicitudot?f7121741703a92a9162f25d38a79cae4c224de3dc8854094add791f0da4d4ab8cb72d86d5a6d0f3ad181b8fc0ef513e3c914fd1bbd0c7d518011ca16ba8c57a2,gx-no-cache=1684956761047 HTTP/1.1" 200 53
190.171.154.42 - - [24/May/2023:16:48:10 -0300] "POST /cormun/servlet/solicitudot?gx-no-cache=1684956761068 HTTP/1.1" 200 255
190.171.154.42 - - [24/May/2023:16:48:10 -0300] "GET /cormun/servlet/solicitudot?f7121741703a92a9162f25d38a79cae4f6e2af61f8506ac0db08e34a12e8c4e98dc110dab15730fe92111d99f250d447104de1fcf6a1d2bab9337c4c64f328a5d33c3ca44890ceca9f2c548c2eee7ed534f50200aec763adb0b2d7e772adddb846153b2ea9949a118e0011eab1fb4f20b5e43db748efe6f0d499d32ddf2a4d0c4ab1487abcc09c28443889c6af8aab7fc820d957bd64b4ef486f9152a205c7ae90b157e58c842ff8089f530ce0232481e60d0dfe21d7796a3bc0ff668e05d6689716e62eff9f3b20a6792335d7925dd158d65b469572b2091ed863793bd2c6a8b8908bd9cba22afe0d1b078526997c39c62dd56a0e8d61ada82cd3a4152ae010ceb2f72796c9cf4951710fe890b6681d9e7d84ad68a45e23ee95b2d29fe4e3351d43e5699010c4555c3a97619a13f3511cb25acf7472371ba88e52393463f1cda5e5140616e43c4b2ef5c31e71b43388a28a028f2d7b617ed875c29cb1d147d056ae4780f8552f30c7a4acea14c96869ef8e88caeb80de442bceddefca4344a1,gx-no-cache=1684956761094 HTTP/1.1" 200 30
190.171.154.42 - - [24/May/2023:16:48:10 -0300] "POST /cormun/servlet/solicitudot?gx-no-cache=1684956761114 HTTP/1.1" 200 30
190.171.154.42 - - [24/May/2023:16:48:10 -0300] "POST /cormun/servlet/solicitudot?gx-no-cache=1684956761140 HTTP/1.1" 200 1468
190.171.154.42 - - [24/May/2023:16:48:10 -0300] "POST /cormun/servlet/solicitudot?gx-no-cache=1684956761173 HTTP/1.1" 200 41
190.46.88.50 - - [24/May/2023:16:48:14 -0300] "GET /cormun/servlet/trpermisosgoce? HTTP/1.1" 200 10231
190.171.152.242 - - [24/May/2023:16:48:14 -0300] "POST /cormun/servlet/prfichaempleado?f1a61f765eaafe8a2774a06ec8be3240,,MD,,gxPopupLevel%3D0%3B,gx-no-cache=1684956764716 HTTP/1.1" 200 3182
190.46.88.50 - - [24/May/2023:16:48:14 -0300] "GET /cormun/servlet/trpermisosgoce? HTTP/1.1" 200 10229
190.171.154.42 - - [24/May/2023:16:48:15 -0300] "GET /cormun/servlet/solicitudot?f7121741703a92a9162f25d38a79cae498cab9534ff66ee521458d2d72bf031cbe72aa24f744bfc0d85667be9363aa858d68d581cfcff2b2d17bbb1aebc82ee0d139f2457590502efb45f903ae44315442c6230a545f654b470fbbbc569b741fe4e3690fa961c212fd929612186cc5c5,gx-no-cache=1684956765535 HTTP/1.1" 200 110
190.171.152.242 - - [24/May/2023:16:48:27 -0300] "POST /cormun/servlet/solicitudot?gx-no-cache=1684956778085 HTTP/1.1" 200 3971
190.171.152.242 - - [24/May/2023:16:48:28 -0300] "POST /cormun/servlet/solicitudot?f1a61f765eaafe8a2774a06ec8be3240,INS,0,0,false,,gx-no-cache=1684956778239 HTTP/1.1" 200 12527
190.171.152.242 - - [24/May/2023:16:48:30 -0300] "GET /cormun/servlet/solicitudot?5fd39ac8ff442f81b80cf2395ea839ca274225d69c3b8ee6e93be6daac019370a52822e5172491e69fd235cf6ebbc416,gx-no-cache=1684956780786 HTTP/1.1" 200 30
190.46.88.50 - - [24/May/2023:16:48:37 -0300] "GET /cormun/servlet/permisogoce?INS,0,,, HTTP/1.1" 200 7205
190.46.88.50 - - [24/May/2023:16:48:38 -0300] "GET /cormun/servlet/permisogoce?INS,0,,, HTTP/1.1" 200 7205
190.46.88.50 - - [24/May/2023:16:48:42 -0300] "GET /cormun/static/Resources/resize.gif HTTP/1.1" 200 77
190.46.88.50 - - [24/May/2023:16:48:42 -0300] "GET /cormun/static/Resources/PXTools/ClosePrompt.png HTTP/1.1" 200 1036
190.46.88.50 - - [24/May/2023:16:48:42 -0300] "GET /cormun/servlet/prfichaempleado?,MD,,gxPopupLevel%3D0%3B HTTP/1.1" 200 9345
190.46.88.50 - - [24/May/2023:16:48:42 -0300] "GET /cormun/static/gxcfg.js?20201215571085 HTTP/1.1" 200 953
190.46.88.50 - - [24/May/2023:16:48:42 -0300] "GET /cormun/static/prfichaempleado.js?20201215572193 HTTP/1.1" 200 16005
190.46.88.50 - - [24/May/2023:16:48:42 -0300] "GET /cormun/static/menusearch.js?20201214473581 HTTP/1.1" 200 1424
190.46.88.50 - - [24/May/2023:16:48:42 -0300] "GET /cormun/static/hmpwkw011.js?202211298443482 HTTP/1.1" 200 1968
190.46.88.50 - - [24/May/2023:16:48:42 -0300] "GET /cormun/static/Resources/PXToolsMenuSearch.png HTTP/1.1" 200 336
190.46.88.50 - - [24/May/2023:16:48:42 -0300] "GET /cormun/static/Resources/PXToolsMenuSearchCancel.png HTTP/1.1" 200 306
192.168.10.17 - - [24/May/2023:16:48:56 -0300] "GET /cormun/servlet/vesolicitudgral?2023,20223,,SolicitudOTAdjuntos HTTP/1.1" 200 11164
192.168.10.17 - - [24/May/2023:16:48:56 -0300] "GET /cormun/pexe_scrolldiv.js HTTP/1.1" 404 1009
192.168.10.17 - - [24/May/2023:16:48:56 -0300] "GET /cormun/servlet/vesolicitudgral?2023,20223,,SolicitudOTAdjuntos HTTP/1.1" 200 11167
192.168.10.17 - - [24/May/2023:16:48:57 -0300] "POST /cormun/servlet/acontrolpreferencessavestate?None,RRHH+DANIELA,true HTTP/1.1" 200 35
192.168.10.17 - - [24/May/2023:16:48:58 -0300] "GET /cormun/PublicTempStorage/renato3848803.pdf HTTP/1.1" 200 72854
190.171.154.42 - - [24/May/2023:16:48:58 -0300] "POST /cormun/servlet/solicitudot?gx-no-cache=1684956808901 HTTP/1.1" 200 72
192.168.10.17 - - [24/May/2023:16:49:06 -0300] "GET /cormun/servlet/vesolicitudgral?2023,20223,,SolicitudOTAdjuntos HTTP/1.1" 200 11164
192.168.10.17 - - [24/May/2023:16:49:06 -0300] "GET /cormun/servlet/vesolicitudgral?2023,20223,,SolicitudOTAdjuntos HTTP/1.1" 200 11163
192.168.10.17 - - [24/May/2023:16:49:07 -0300] "POST /cormun/servlet/acontrolpreferencessavestate?None,RRHH+DANIELA,true HTTP/1.1" 200 35
190.171.154.42 - - [24/May/2023:16:49:08 -0300] "GET /cormun/servlet/solicitudot?f7121741703a92a9162f25d38a79cae4bdeeaf07b63761672eefe090a2a4eb3014a0848184b7e2315cb65ae5a5dfe24d739c46a786388c3d701b707c5d43e12eef9b33afb69a54750447f6fe5a8d5d310ffb1679eac90b4ecea5b52c5a8a9e78691bb9258529fa39baeab84acd4386f861499a61d887b0723c56ffb139950cb84291d3a403c906cce62175a54b64b47294ca1405d294a0ca0877ac640839901b,gx-no-cache=1684956818636 HTTP/1.1" 200 29
190.171.154.42 - - [24/May/2023:16:49:08 -0300] "GET /cormun/servlet/solicitudot?f7121741703a92a9162f25d38a79cae4ac0446c8d816961d7cadb167c031ebbd5e167584d57498a8c81477f1fb24b0fd,gx-no-cache=1684956818662 HTTP/1.1" 200 30
190.171.154.42 - - [24/May/2023:16:49:08 -0300] "POST /cormun/servlet/solicitudot?gx-no-cache=1684956818686 HTTP/1.1" 200 30
192.168.10.17 - - [24/May/2023:16:49:08 -0300] "GET /cormun/PublicTempStorage/certificado_de_antecedentes5091183.pdf HTTP/1.1" 200 34360
190.171.154.42 - - [24/May/2023:16:49:08 -0300] "POST /cormun/servlet/solicitudot?bac9be51b964b3958e52739b8aeaba71,UPD,2023,20247,false,,gx-no-cache=1684956818718 HTTP/1.1" 200 93
190.171.154.42 - - [24/May/2023:16:49:08 -0300] "GET /cormun/servlet/hpexe_return? HTTP/1.1" 200 1014
190.171.154.42 - - [24/May/2023:16:49:08 -0300] "GET /cormun/servlet/trsolicitudot HTTP/1.1" 200 9696
190.171.154.42 - - [24/May/2023:16:49:09 -0300] "GET /cormun/servlet/trsolicitudot HTTP/1.1" 200 9692
192.168.10.17 - - [24/May/2023:16:49:21 -0300] "GET /cormun/servlet/vesolicitudgral?2023,20223,,SolicitudOTAdjuntos HTTP/1.1" 200 11164
192.168.10.17 - - [24/May/2023:16:49:21 -0300] "GET /cormun/servlet/vesolicitudgral?2023,20223,,SolicitudOTAdjuntos HTTP/1.1" 200 11165
192.168.10.17 - - [24/May/2023:16:49:22 -0300] "POST /cormun/servlet/acontrolpreferencessavestate?None,RRHH+DANIELA,true HTTP/1.1" 200 35
192.168.10.17 - - [24/May/2023:16:49:23 -0300] "GET /cormun/PublicTempStorage/renato_pulgar_parada_%28cv_educacional%294183691.pdf HTTP/1.1" 200 41201
190.46.88.50 - - [24/May/2023:16:49:49 -0300] "GET /cormun/servlet/permisogoce?9aece883c5e36ac1f14f88135a05b0f218683a914308263e5cf206948ca383652feb4397b1af6872dbb1d1a781c151edd7df2b598bdd038637fa190388cda673,gx-no-cache=1684956859618 HTTP/1.1" 200 86
190.46.88.50 - - [24/May/2023:16:49:54 -0300] "GET /cormun/static/menuarrow.gif HTTP/1.1" 404 1015
190.171.154.42 - - [24/May/2023:16:49:56 -0300] "POST /cormun/servlet/trsolicitudot?bac9be51b964b3958e52739b8aeaba71,gx-no-cache=1684956866307 HTTP/1.1" 200 107
190.171.154.42 - - [24/May/2023:16:49:56 -0300] "GET /cormun/servlet/trsolicitudadjuntos?2023,20247, HTTP/1.1" 200 6347
190.171.154.42 - - [24/May/2023:16:49:56 -0300] "GET /cormun/servlet/trsolicitudadjuntos?2023,20247, HTTP/1.1" 200 6347
190.171.154.42 - - [24/May/2023:16:49:58 -0300] "GET /cormun/servlet/solicitudotadjuntos?INS,2023,20247,,1, HTTP/1.1" 200 6290
190.171.154.42 - - [24/May/2023:16:49:58 -0300] "GET /cormun/static/about:blank HTTP/1.1" 404 1011
190.171.154.42 - - [24/May/2023:16:49:58 -0300] "GET /cormun/servlet/solicitudotadjuntos?INS,2023,20247,,1, HTTP/1.1" 200 6284
190.171.154.42 - - [24/May/2023:16:49:59 -0300] "GET /cormun/servlet/solicitudotadjuntos?f7121741703a92a9162f25d38a79cae4fe59d953debfb1efbd8e34fd874ed08fb02c753c8f488966d4c6a0ffe6dade54,gx-no-cache=1684956869592 HTTP/1.1" 200 30
190.171.154.42 - - [24/May/2023:16:49:59 -0300] "POST /cormun/servlet/solicitudotadjuntos?bac9be51b964b3958e52739b8aeaba71,INS,2023,20247,,1,,gx-no-cache=1684956869610 HTTP/1.1" 200 4187
190.171.154.42 - - [24/May/2023:16:50:01 -0300] "POST /cormun/servlet/solicitudotadjuntos?gx-no-cache=1684956871619 HTTP/1.1" 200 26
190.46.88.50 - - [24/May/2023:16:50:06 -0300] "GET /cormun/servlet/permisogoce?9aece883c5e36ac1f14f88135a05b0f220eb17ef48566e12214f1a85612ecf24e4313f800ce80d203c2cfe472f85cfd0c29e78bda69ffe51e0f62e746a61a275,gx-no-cache=1684956876614 HTTP/1.1" 200 48
190.171.141.82 - - [24/May/2023:16:50:13 -0300] "GET /cormun/servlet/hlogin HTTP/1.1" 200 1735
10.40.40.2 - - [24/May/2023:16:50:19 -0300] "POST /cormun/servlet/vesolicitudgral?ba633ea2acf943ff117666475089ddfc,2023,20212,,,gx-no-cache=1684956837989 HTTP/1.1" 200 90
10.40.40.2 - - [24/May/2023:16:50:19 -0300] "GET /cormun/servlet/hpexe_link HTTP/1.1" 200 967
190.46.88.50 - - [24/May/2023:16:50:19 -0300] "POST /cormun/servlet/permisogoce?41287bb3a6f6982678fad967cde9858d,INS,0,,,,gx-no-cache=1684956888696 HTTP/1.1" 200 93
190.46.88.50 - - [24/May/2023:16:50:19 -0300] "GET /cormun/servlet/hpexe_return? HTTP/1.1" 200 1007
190.46.88.50 - - [24/May/2023:16:50:19 -0300] "GET /cormun/servlet/trpermisosgoce HTTP/1.1" 200 10548
190.46.88.50 - - [24/May/2023:16:50:20 -0300] "GET /cormun/servlet/trpermisosgoce HTTP/1.1" 200 10544
10.40.40.2 - - [24/May/2023:16:50:20 -0300] "GET /cormun/servlet/trsolicitudgral HTTP/1.1" 200 27072
10.40.40.2 - - [24/May/2023:16:50:21 -0300] "GET /cormun/servlet/trsolicitudgral HTTP/1.1" 200 27071
190.46.88.50 - - [24/May/2023:16:50:23 -0300] "GET /cormun/servlet/apermisogoceprn?19020669,P,20230524153217,PU HTTP/1.1" 200 1662
10.40.40.2 - - [24/May/2023:16:50:40 -0300] "GET /cormun/servlet/vesolicitudgral?2023,20199,, HTTP/1.1" 200 8408
10.40.40.2 - - [24/May/2023:16:50:40 -0300] "GET /cormun/pexe_scrolldiv.js HTTP/1.1" 404 1009
10.40.40.2 - - [24/May/2023:16:50:40 -0300] "GET /cormun/servlet/vesolicitudgral?2023,20199,, HTTP/1.1" 200 8406
190.171.154.42 - - [24/May/2023:16:50:45 -0300] "GET /cormun/servlet/solicitudotadjuntos?f7121741703a92a9162f25d38a79cae445db4aed23859a2058d48b0382ba310e,gx-no-cache=1684956916106 HTTP/1.1" 200 30
190.171.154.42 - - [24/May/2023:16:50:45 -0300] "GET /cormun/servlet/solicitudotadjuntos?f7121741703a92a9162f25d38a79cae445db4aed23859a2058d48b0382ba310e,gx-no-cache=1684956916151 HTTP/1.1" 200 30
190.171.154.42 - - [24/May/2023:16:50:46 -0300] "POST /cormun/servlet/solicitudotadjuntos?bac9be51b964b3958e52739b8aeaba71,INS,2023,20247,,1, HTTP/1.1" 200 116
190.171.154.42 - - [24/May/2023:16:50:46 -0300] "GET /cormun/servlet/hpexe_return? HTTP/1.1" 200 1026
190.171.154.42 - - [24/May/2023:16:50:46 -0300] "GET /cormun/servlet/trsolicitudadjuntos?2023,20247, HTTP/1.1" 200 9301
190.171.154.42 - - [24/May/2023:16:50:46 -0300] "GET /cormun/servlet/trsolicitudadjuntos?2023,20247, HTTP/1.1" 200 9299
190.171.154.42 - - [24/May/2023:16:50:49 -0300] "GET /cormun/servlet/solicitudotadjuntos?INS,2023,20247,,1, HTTP/1.1" 200 6291
190.171.154.42 - - [24/May/2023:16:50:49 -0300] "GET /cormun/static/about:blank HTTP/1.1" 404 1011
190.171.154.42 - - [24/May/2023:16:50:49 -0300] "GET /cormun/servlet/solicitudotadjuntos?INS,2023,20247,,1, HTTP/1.1" 200 6284
190.171.154.42 - - [24/May/2023:16:50:49 -0300] "GET /cormun/servlet/solicitudotadjuntos?f7121741703a92a9162f25d38a79cae4fe59d953debfb1efbd8e34fd874ed08fb02c753c8f488966d4c6a0ffe6dade54,gx-no-cache=1684956920082 HTTP/1.1" 200 30
190.171.154.42 - - [24/May/2023:16:50:49 -0300] "POST /cormun/servlet/solicitudotadjuntos?bac9be51b964b3958e52739b8aeaba71,INS,2023,20247,,1,,gx-no-cache=1684956920099 HTTP/1.1" 200 4188
190.171.154.42 - - [24/May/2023:16:50:53 -0300] "POST /cormun/servlet/solicitudotadjuntos?gx-no-cache=1684956923394 HTTP/1.1" 200 26
10.40.40.2 - - [24/May/2023:16:50:58 -0300] "POST /cormun/servlet/vesolicitudgral?ba633ea2acf943ff117666475089ddfc,2023,20199,,,gx-no-cache=1684956877487 HTTP/1.1" 200 12193
10.40.40.2 - - [24/May/2023:16:50:58 -0300] "GET /cormun/static/Shared/jqueryui/images/ui-bg_highlight-soft_100_c6c2c8_1x100.png HTTP/1.1" 404 1117
10.40.40.2 - - [24/May/2023:16:50:58 -0300] "GET /cormun/static/Shared/jqueryui/images/ui-icons_82798d_256x240.png HTTP/1.1" 404 1089
10.40.40.2 - - [24/May/2023:16:50:58 -0300] "GET /cormun/static/Shared/jqueryui/images/ui-bg_flat_55_fafafa_40x100.png HTTP/1.1" 404 1097
10.40.40.2 - - [24/May/2023:16:50:58 -0300] "GET /cormun/static/Shared/jqueryui/images/ui-icons_8d78a5_256x240.png HTTP/1.1" 404 1089
10.40.40.2 - - [24/May/2023:16:50:58 -0300] "POST /cormun/servlet/vesolicitudgral?ba633ea2acf943ff117666475089ddfc,2023,20199,,,gx-no-cache=1684956877697 HTTP/1.1" 200 12126
10.40.40.2 - - [24/May/2023:16:50:58 -0300] "GET /cormun//static/Resources/PXToolsTabLastUnselected.png HTTP/1.1" 200 1297
10.40.40.2 - - [24/May/2023:16:51:00 -0300] "GET /cormun/servlet/trautorizarot? HTTP/1.1" 200 10778
10.40.40.2 - - [24/May/2023:16:51:01 -0300] "GET /cormun/servlet/trautorizarot? HTTP/1.1" 200 10774
10.40.40.2 - - [24/May/2023:16:51:05 -0300] "POST /cormun/servlet/trautorizarot?ba633ea2acf943ff117666475089ddfc,,gx-no-cache=1684956884209 HTTP/1.1" 200 7333
10.40.40.2 - - [24/May/2023:16:51:18 -0300] "GET /cormun/servlet/trsolicitudgral? HTTP/1.1" 200 27020
10.40.40.2 - - [24/May/2023:16:51:19 -0300] "GET /cormun/servlet/trsolicitudgral? HTTP/1.1" 200 27019
190.171.152.242 - - [24/May/2023:16:51:20 -0300] "GET /cormun/servlet/prbanco?,MD,,gxPopupLevel%3D0%3B HTTP/1.1" 200 6552
190.171.152.242 - - [24/May/2023:16:51:23 -0300] "GET /cormun/servlet/solicitudot?5fd39ac8ff442f81b80cf2395ea839ca75fa65ef7d520aee8c063a54dcbfbbb8aeb87b891f9d3ecde4c538f909baecbddba6cfacc57c44b032b572a6366d4bc8582bc14a1e726ff35733c20fa9cff862,gx-no-cache=1684956953770 HTTP/1.1" 200 30
190.171.152.242 - - [24/May/2023:16:51:24 -0300] "GET /cormun/servlet/solicitudot?5fd39ac8ff442f81b80cf2395ea839cab759ef4df30a1292a890fcbfed2f90c9,gx-no-cache=1684956954803 HTTP/1.1" 200 53
190.171.152.242 - - [24/May/2023:16:51:35 -0300] "POST /cormun/servlet/solicitudot?gx-no-cache=1684956965340 HTTP/1.1" 200 255
190.171.152.242 - - [24/May/2023:16:51:37 -0300] "GET /cormun/servlet/solicitudot?5fd39ac8ff442f81b80cf2395ea839cac6ea1f0ebc9bad0f699d6af80e2133df9fc47526aa91a51aaa75f4058bda8700120e4901237a2996f949a53e1c30e3e03c0fb659f1bd5e9147f5fe8c130a9145e317556aa2b35d497d9f5961696be1af1a6d714de2a4a66fa8f08b961b40f764f62acf1947e616a1552250fc2b199bc22f4f89de93d4177f3a1158fccdad89de63eb5e92b756338504435c7f3d9bf5dc96e6f4ae79157763dd8d2c8628ddf31fa9c91d54b50c828ca9b517dbac7ceda1efb764dc4bec8f808c4baa4d2ede8385811b198db3746a803885df72a9c94906560d4258ab119ba9b60743c40c299e06415e3fa7027b821488f45ab97ba407e5d26630e982018520be0fd25ac7c0c3b3d91e63afd411fcc9e6969cd0e72c930688dce224b436dc0521e2fb94403fddb745dc96006cfdff7afbc91ccf29dd98f8c58f88046fd04ce74285ca014e195203b240c0cb4f49fb43a78d37d7ef8dc467a04785890fb78f42a76bcd2c4478917d609d4c86324ae8cfde4b45f4468a853d,gx-no-cache=1684956967837 HTTP/1.1" 200 30
190.171.152.242 - - [24/May/2023:16:51:40 -0300] "POST /cormun/servlet/solicitudot?gx-no-cache=1684956970483 HTTP/1.1" 200 30
190.171.152.242 - - [24/May/2023:16:51:42 -0300] "POST /cormun/servlet/solicitudot?gx-no-cache=1684956973189 HTTP/1.1" 200 1467
190.171.152.242 - - [24/May/2023:16:51:43 -0300] "POST /cormun/servlet/solicitudot?gx-no-cache=1684956973239 HTTP/1.1" 200 38
190.171.152.242 - - [24/May/2023:16:52:05 -0300] "GET /cormun/servlet/solicitudot?5fd39ac8ff442f81b80cf2395ea839ca90b876781f17b14b7a82924c8c139d71d3f7f20702dc6f86c98c7766b97ec067dee31efc3c1fb02725d8ddd0234cfd851b8430adc105a028e9ace942776510aa21f813591377aaef8fc65627aac13a61ae88029e9c27e302f326d673f3d652f9,gx-no-cache=1684956995544 HTTP/1.1" 200 110
190.171.152.242 - - [24/May/2023:16:52:05 -0300] "POST /cormun/servlet/solicitudot?gx-no-cache=1684956995586 HTTP/1.1" 200 97
190.171.152.242 - - [24/May/2023:16:52:11 -0300] "POST /cormun/servlet/solicitudot?gx-no-cache=1684957001581 HTTP/1.1" 200 69
190.171.154.42 - - [24/May/2023:16:52:11 -0300] "GET /cormun/servlet/solicitudotadjuntos?f7121741703a92a9162f25d38a79cae445db4aed23859a2058d48b0382ba310e,gx-no-cache=1684957001875 HTTP/1.1" 200 30
190.171.154.42 - - [24/May/2023:16:52:11 -0300] "GET /cormun/servlet/solicitudotadjuntos?f7121741703a92a9162f25d38a79cae445db4aed23859a2058d48b0382ba310e,gx-no-cache=1684957001899 HTTP/1.1" 200 30
190.171.154.42 - - [24/May/2023:16:52:11 -0300] "POST /cormun/servlet/solicitudotadjuntos?bac9be51b964b3958e52739b8aeaba71,INS,2023,20247,,1, HTTP/1.1" 200 116
190.171.154.42 - - [24/May/2023:16:52:11 -0300] "GET /cormun/servlet/hpexe_return? HTTP/1.1" 200 1026
190.171.154.42 - - [24/May/2023:16:52:12 -0300] "GET /cormun/servlet/trsolicitudadjuntos?2023,20247, HTTP/1.1" 200 9570
190.171.154.42 - - [24/May/2023:16:52:12 -0300] "GET /cormun/servlet/trsolicitudadjuntos?2023,20247, HTTP/1.1" 200 9567
190.171.154.42 - - [24/May/2023:16:52:15 -0300] "GET /cormun/servlet/solicitudotadjuntos?INS,2023,20247,,1, HTTP/1.1" 200 6290
190.171.154.42 - - [24/May/2023:16:52:15 -0300] "GET /cormun/static/about:blank HTTP/1.1" 404 1011
190.171.154.42 - - [24/May/2023:16:52:15 -0300] "GET /cormun/servlet/solicitudotadjuntos?INS,2023,20247,,1, HTTP/1.1" 200 6284
190.171.154.42 - - [24/May/2023:16:52:16 -0300] "GET /cormun/servlet/solicitudotadjuntos?f7121741703a92a9162f25d38a79cae4fe59d953debfb1efbd8e34fd874ed08fb02c753c8f488966d4c6a0ffe6dade54,gx-no-cache=1684957006320 HTTP/1.1" 200 30
190.171.154.42 - - [24/May/2023:16:52:16 -0300] "POST /cormun/servlet/solicitudotadjuntos?bac9be51b964b3958e52739b8aeaba71,INS,2023,20247,,1,,gx-no-cache=1684957006335 HTTP/1.1" 200 4188
190.171.152.242 - - [24/May/2023:16:52:17 -0300] "GET /cormun/servlet/solicitudot?5fd39ac8ff442f81b80cf2395ea839caa64e16a0d1a2afa867b15f89201145f9f609ae84387417bd72df1505d7551f15e5d67680a9cef2448ef49093c31027e3336a9cd1357f8e1aee020790db43b8996904d8a324bc9b5528d201f239cc1c6a643431d8a201f1ca87ed43270b41f599,gx-no-cache=1684957007314 HTTP/1.1" 200 29
190.171.152.242 - - [24/May/2023:16:52:17 -0300] "GET /cormun/static/menuarrow.gif HTTP/1.1" 404 1015
190.171.154.42 - - [24/May/2023:16:52:18 -0300] "POST /cormun/servlet/solicitudotadjuntos?gx-no-cache=1684957008916 HTTP/1.1" 200 26
190.171.152.242 - - [24/May/2023:16:52:23 -0300] "GET /cormun/servlet/solicitudot?5fd39ac8ff442f81b80cf2395ea839ca796ce7a294c884b2d27e4027beb47c962179706cd0f45192c05853953d74613f,gx-no-cache=1684957014073 HTTP/1.1" 200 30
190.171.152.242 - - [24/May/2023:16:52:32 -0300] "POST /cormun/servlet/solicitudot?gx-no-cache=1684957022871 HTTP/1.1" 200 30
190.171.154.42 - - [24/May/2023:16:52:43 -0300] "GET /cormun/servlet/solicitudotadjuntos?f7121741703a92a9162f25d38a79cae445db4aed23859a2058d48b0382ba310e,gx-no-cache=1684957033827 HTTP/1.1" 200 30
190.171.154.42 - - [24/May/2023:16:52:43 -0300] "GET /cormun/servlet/solicitudotadjuntos?f7121741703a92a9162f25d38a79cae445db4aed23859a2058d48b0382ba310e,gx-no-cache=1684957033862 HTTP/1.1" 200 30
190.171.154.42 - - [24/May/2023:16:52:43 -0300] "POST /cormun/servlet/solicitudotadjuntos?bac9be51b964b3958e52739b8aeaba71,INS,2023,20247,,1, HTTP/1.1" 200 116
190.171.154.42 - - [24/May/2023:16:52:43 -0300] "GET /cormun/servlet/hpexe_return? HTTP/1.1" 200 1026
190.171.154.42 - - [24/May/2023:16:52:44 -0300] "GET /cormun/servlet/trsolicitudadjuntos?2023,20247, HTTP/1.1" 200 9875
190.171.154.42 - - [24/May/2023:16:52:44 -0300] "GET /cormun/servlet/trsolicitudadjuntos?2023,20247, HTTP/1.1" 200 9875
190.171.152.242 - - [24/May/2023:16:52:58 -0300] "POST /cormun/servlet/solicitudot?f1a61f765eaafe8a2774a06ec8be3240,INS,0,0,false,,gx-no-cache=1684957048132 HTTP/1.1" 200 93
190.171.152.242 - - [24/May/2023:16:52:58 -0300] "GET /cormun/servlet/hpexe_return? HTTP/1.1" 200 1009
190.171.152.242 - - [24/May/2023:16:52:58 -0300] "GET /cormun/servlet/trsolicitudot? HTTP/1.1" 200 9071
190.171.152.242 - - [24/May/2023:16:52:58 -0300] "GET /cormun/servlet/trsolicitudot? HTTP/1.1" 200 9066
190.171.152.242 - - [24/May/2023:16:53:01 -0300] "POST /cormun/servlet/trsolicitudot?f1a61f765eaafe8a2774a06ec8be3240,,gx-no-cache=1684957051445 HTTP/1.1" 200 5769
190.171.152.242 - - [24/May/2023:16:53:01 -0300] "GET /cormun/static/Shared/jqueryui/images/ui-icons_82798d_256x240.png HTTP/1.1" 404 1089
190.171.152.242 - - [24/May/2023:16:53:01 -0300] "GET /cormun/static/Shared/jqueryui/images/ui-icons_8d78a5_256x240.png HTTP/1.1" 404 1089
190.171.152.242 - - [24/May/2023:16:53:01 -0300] "GET /cormun/static/Shared/jqueryui/images/ui-bg_flat_55_fafafa_40x100.png HTTP/1.1" 404 1097
190.171.152.242 - - [24/May/2023:16:53:01 -0300] "GET /cormun/static/Shared/jqueryui/images/ui-bg_highlight-soft_100_c6c2c8_1x100.png HTTP/1.1" 404 1117
190.171.152.242 - - [24/May/2023:16:53:01 -0300] "POST /cormun/servlet/trsolicitudot?f1a61f765eaafe8a2774a06ec8be3240,,gx-no-cache=1684957051668 HTTP/1.1" 200 5712
190.171.152.242 - - [24/May/2023:16:53:29 -0300] "GET /cormun/servlet/hlogin HTTP/1.1" 200 1738
190.171.152.242 - - [24/May/2023:16:53:33 -0300] "POST /cormun/servlet/hlogin?f1a61f765eaafe8a2774a06ec8be3240,gx-no-cache=1684957084018 HTTP/1.1" 200 90
190.171.152.242 - - [24/May/2023:16:53:33 -0300] "GET /cormun/servlet/hpexe_link HTTP/1.1" 200 951
190.171.152.242 - - [24/May/2023:16:53:33 -0300] "GET /cormun/servlet/hhome HTTP/1.1" 200 4115
190.171.152.242 - - [24/May/2023:16:53:34 -0300] "GET /cormun/servlet/hhome HTTP/1.1" 200 4111
190.171.152.242 - - [24/May/2023:16:53:34 -0300] "GET /cormun/static/SmoothNavMenu/resources/images/right.gif HTTP/1.1" 200 860
190.171.141.106 - - [24/May/2023:16:53:34 -0300] "GET /cormun/servlet/hlogin HTTP/1.1" 200 1719
190.171.152.242 - - [24/May/2023:16:53:37 -0300] "GET /cormun/servlet/trautorizarsolicitud? HTTP/1.1" 200 10586
190.171.152.242 - - [24/May/2023:16:53:37 -0300] "GET /cormun/static/gxcfg.js?202211298474254 HTTP/1.1" 200 953
190.171.152.242 - - [24/May/2023:16:53:37 -0300] "GET /cormun/static/trautorizarsolicitud.js?202211298474588 HTTP/1.1" 200 53909
190.171.152.242 - - [24/May/2023:16:53:37 -0300] "GET /cormun/servlet/trautorizarsolicitud? HTTP/1.1" 200 10584
190.171.141.106 - - [24/May/2023:16:53:39 -0300] "POST /cormun/servlet/hlogin?5fe00397bf4522f7579bd1cf306e3b6c,gx-no-cache=1684957090638 HTTP/1.1" 200 90
190.171.141.106 - - [24/May/2023:16:53:39 -0300] "GET /cormun/servlet/hpexe_link HTTP/1.1" 200 950
190.171.141.106 - - [24/May/2023:16:53:40 -0300] "GET /cormun/servlet/hhome HTTP/1.1" 200 4204
190.171.152.242 - - [24/May/2023:16:53:40 -0300] "POST /cormun/servlet/trautorizarsolicitud?f1a61f765eaafe8a2774a06ec8be3240,,gx-no-cache=1684957090535 HTTP/1.1" 200 7605
190.171.152.242 - - [24/May/2023:16:53:40 -0300] "GET /cormun/static/Shared/jqueryui/images/ui-icons_82798d_256x240.png HTTP/1.1" 404 1089
190.171.152.242 - - [24/May/2023:16:53:40 -0300] "GET /cormun/static/Shared/jqueryui/images/ui-bg_highlight-soft_100_c6c2c8_1x100.png HTTP/1.1" 404 1117
190.171.152.242 - - [24/May/2023:16:53:40 -0300] "GET /cormun/static/Shared/jqueryui/images/ui-bg_flat_55_fafafa_40x100.png HTTP/1.1" 404 1097
190.171.152.242 - - [24/May/2023:16:53:40 -0300] "GET /cormun/static/Shared/jqueryui/images/ui-icons_8d78a5_256x240.png HTTP/1.1" 404 1089
190.171.152.242 - - [24/May/2023:16:53:40 -0300] "POST /cormun/servlet/trautorizarsolicitud?f1a61f765eaafe8a2774a06ec8be3240,,gx-no-cache=1684957090801 HTTP/1.1" 200 7548
190.171.141.106 - - [24/May/2023:16:53:41 -0300] "GET /cormun/servlet/hhome HTTP/1.1" 200 4200
190.171.152.242 - - [24/May/2023:16:53:42 -0300] "POST /cormun/servlet/trautorizarsolicitud?f1a61f765eaafe8a2774a06ec8be3240,,gx-no-cache=1684957092355 HTTP/1.1" 200 7206
190.171.152.242 - - [24/May/2023:16:53:42 -0300] "POST /cormun/servlet/trautorizarsolicitud?f1a61f765eaafe8a2774a06ec8be3240,,gx-no-cache=1684957092692 HTTP/1.1" 200 7151
190.171.152.242 - - [24/May/2023:16:53:42 -0300] "POST /cormun/servlet/trautorizarsolicitud?f1a61f765eaafe8a2774a06ec8be3240,,gx-no-cache=1684957093067 HTTP/1.1" 200 6761
190.171.152.242 - - [24/May/2023:16:53:43 -0300] "POST /cormun/servlet/trautorizarsolicitud?f1a61f765eaafe8a2774a06ec8be3240,,gx-no-cache=1684957093311 HTTP/1.1" 200 6705
190.171.152.242 - - [24/May/2023:16:53:43 -0300] "POST /cormun/servlet/trautorizarsolicitud?f1a61f765eaafe8a2774a06ec8be3240,,gx-no-cache=1684957093947 HTTP/1.1" 200 6379
190.171.152.242 - - [24/May/2023:16:53:44 -0300] "POST /cormun/servlet/trautorizarsolicitud?f1a61f765eaafe8a2774a06ec8be3240,,gx-no-cache=1684957094177 HTTP/1.1" 200 6321
190.171.152.242 - - [24/May/2023:16:53:44 -0300] "POST /cormun/servlet/trautorizarsolicitud?f1a61f765eaafe8a2774a06ec8be3240,,gx-no-cache=1684957094883 HTTP/1.1" 200 5956
190.171.152.242 - - [24/May/2023:16:53:44 -0300] "POST /cormun/servlet/trautorizarsolicitud?f1a61f765eaafe8a2774a06ec8be3240,,gx-no-cache=1684957095091 HTTP/1.1" 200 5900
190.171.152.242 - - [24/May/2023:16:53:46 -0300] "POST /cormun/servlet/trautorizarsolicitud?f1a61f765eaafe8a2774a06ec8be3240,,gx-no-cache=1684957096419 HTTP/1.1" 200 4759
190.171.152.242 - - [24/May/2023:16:53:46 -0300] "POST /cormun/servlet/trautorizarsolicitud?f1a61f765eaafe8a2774a06ec8be3240,,gx-no-cache=1684957096604 HTTP/1.1" 200 4530
192.168.10.17 - - [24/May/2023:16:54:05 -0300] "GET /cormun/servlet/vesolicitudgral?2023,20223,,SolicitudOTAdjuntos HTTP/1.1" 200 11166
192.168.10.17 - - [24/May/2023:16:54:05 -0300] "GET /cormun/servlet/vesolicitudgral?2023,20223,,SolicitudOTAdjuntos HTTP/1.1" 200 11163
192.168.10.17 - - [24/May/2023:16:54:06 -0300] "POST /cormun/servlet/acontrolpreferencessavestate?None,RRHH+DANIELA,true HTTP/1.1" 200 35
192.168.10.17 - - [24/May/2023:16:54:08 -0300] "GET /cormun/PublicTempStorage/certificado-de-afiliacion-afpmodelo_%283%29_%281%296938722.pdf HTTP/1.1" 200 68719
192.168.10.17 - - [24/May/2023:16:54:22 -0300] "GET /cormun/servlet/vesolicitudgral?2023,20223,,SolicitudOTAdjuntos HTTP/1.1" 200 11166
192.168.10.17 - - [24/May/2023:16:54:22 -0300] "GET /cormun/servlet/vesolicitudgral?2023,20223,,SolicitudOTAdjuntos HTTP/1.1" 200 11166
190.171.152.242 - - [24/May/2023:16:54:23 -0300] "GET /cormun/servlet/hlogin HTTP/1.1" 200 1742
192.168.10.17 - - [24/May/2023:16:54:23 -0300] "POST /cormun/servlet/acontrolpreferencessavestate?None,RRHH+DANIELA,true HTTP/1.1" 200 35
192.168.10.17 - - [24/May/2023:16:54:24 -0300] "GET /cormun/PublicTempStorage/certificado_de_fonasa2619678.pdf HTTP/1.1" 200 71798
192.168.10.17 - - [24/May/2023:16:54:41 -0300] "GET /cormun/servlet/vesolicitudgral?2023,20223,,SolicitudOTAdjuntos HTTP/1.1" 200 11162
192.168.10.17 - - [24/May/2023:16:54:41 -0300] "GET /cormun/servlet/vesolicitudgral?2023,20223,,SolicitudOTAdjuntos HTTP/1.1" 200 11162
192.168.10.17 - - [24/May/2023:16:54:42 -0300] "POST /cormun/servlet/acontrolpreferencessavestate?None,RRHH+DANIELA,true HTTP/1.1" 200 35
192.168.10.17 - - [24/May/2023:16:54:45 -0300] "GET /cormun/servlet/vesolicitudgral?2023,20223,,General HTTP/1.1" 200 8392
192.168.10.17 - - [24/May/2023:16:54:45 -0300] "GET /cormun/pexe_scrolldiv.js HTTP/1.1" 404 1009
192.168.10.17 - - [24/May/2023:16:54:45 -0300] "GET /cormun/servlet/vesolicitudgral?2023,20223,,General HTTP/1.1" 200 8392
181.212.42.153 - - [24/May/2023:16:55:39 -0300] "GET /cormun/servlet/trlicencias? HTTP/1.1" 200 6047
181.212.42.153 - - [24/May/2023:16:55:39 -0300] "GET /cormun/servlet/hlogin HTTP/1.1" 200 1738
181.212.42.153 - - [24/May/2023:16:55:39 -0300] "GET /cormun/servlet/trlicencias? HTTP/1.1" 200 6047
181.212.42.153 - - [24/May/2023:16:55:45 -0300] "POST /cormun/servlet/hlogin?399a40826447383035073d955437b9a8,gx-no-cache=1684957216973 HTTP/1.1" 200 90
181.212.42.153 - - [24/May/2023:16:55:45 -0300] "GET /cormun/servlet/hpexe_link HTTP/1.1" 200 954
181.212.42.153 - - [24/May/2023:16:55:45 -0300] "GET /cormun/servlet/trlicencias HTTP/1.1" 200 19964
181.212.42.153 - - [24/May/2023:16:55:46 -0300] "GET /cormun/servlet/trlicencias HTTP/1.1" 200 19918
181.212.42.153 - - [24/May/2023:16:55:53 -0300] "POST /cormun/servlet/trlicencias?399a40826447383035073d955437b9a8,gx-no-cache=1684957225043 HTTP/1.1" 200 3891
190.171.141.106 - - [24/May/2023:16:57:36 -0300] "GET /cormun/servlet/trlicencias HTTP/1.1" 200 6043
190.171.141.106 - - [24/May/2023:16:57:39 -0300] "GET /cormun/servlet/hlogin HTTP/1.1" 200 1732
190.171.141.106 - - [24/May/2023:16:57:40 -0300] "GET /cormun/servlet/trlicencias HTTP/1.1" 200 6041
190.171.141.106 - - [24/May/2023:16:57:44 -0300] "POST /cormun/servlet/hlogin?11c97782689555831665fabe0ec0d36c,gx-no-cache=1684957684712 HTTP/1.1" 200 90
190.171.141.106 - - [24/May/2023:16:57:44 -0300] "GET /cormun/servlet/hpexe_link HTTP/1.1" 200 952
190.171.141.106 - - [24/May/2023:16:57:44 -0300] "GET /cormun/servlet/trlicencias HTTP/1.1" 200 12482
190.171.141.106 - - [24/May/2023:16:57:44 -0300] "GET /cormun/servlet/trlicencias HTTP/1.1" 200 12475
200.54.103.162 - - [24/May/2023:16:58:34 -0300] "GET /cormun/servlet/hlogin HTTP/1.1" 200 1722
192.168.10.17 - - [24/May/2023:16:59:48 -0300] "GET /cormun/servlet/trsolicitudgral? HTTP/1.1" 200 10096
192.168.10.17 - - [24/May/2023:16:59:48 -0300] "GET /cormun/servlet/trsolicitudgral? HTTP/1.1" 200 10091
190.171.141.106 - - [24/May/2023:16:59:50 -0300] "GET /cormun/servlet/hlogin HTTP/1.1" 200 1719
192.168.10.17 - - [24/May/2023:16:59:55 -0300] "POST /cormun/servlet/trsolicitudgral?b59786848a5b935484d3d4a85bc0bae6,,gx-no-cache=1684957414600 HTTP/1.1" 200 6943
192.168.10.85 - - [24/May/2023:17:00:12 -0300] "GET /cormun/servlet/trsolicitudgral? HTTP/1.1" 200 26933
192.168.10.85 - - [24/May/2023:17:00:13 -0300] "GET /cormun/servlet/trsolicitudgral? HTTP/1.1" 200 26930
192.168.10.17 - - [24/May/2023:17:00:27 -0300] "POST /cormun/servlet/trsolicitudgral?b59786848a5b935484d3d4a85bc0bae6,,gx-no-cache=1684957446744 HTTP/1.1" 200 7150
192.168.10.17 - - [24/May/2023:17:00:30 -0300] "POST /cormun/servlet/trsolicitudgral?b59786848a5b935484d3d4a85bc0bae6,,gx-no-cache=1684957449439 HTTP/1.1" 200 7149
192.168.10.85 - - [24/May/2023:17:00:43 -0300] "GET /cormun/servlet/trautorizarot? HTTP/1.1" 200 10317
192.168.10.85 - - [24/May/2023:17:00:44 -0300] "GET /cormun/servlet/trautorizarot? HTTP/1.1" 200 10317
192.168.10.85 - - [24/May/2023:17:00:56 -0300] "GET /cormun/static/menuarrow.gif HTTP/1.1" 404 1015
10.40.40.2 - - [24/May/2023:17:00:57 -0300] "GET /cormun/servlet/vesolicitudgral?2023,20181,, HTTP/1.1" 200 8392
10.40.40.2 - - [24/May/2023:17:00:57 -0300] "GET /cormun/pexe_scrolldiv.js HTTP/1.1" 404 1009
10.40.40.2 - - [24/May/2023:17:00:57 -0300] "GET /cormun/servlet/vesolicitudgral?2023,20181,, HTTP/1.1" 200 8391
192.168.10.85 - - [24/May/2023:17:01:02 -0300] "POST /cormun/servlet/trautorizarot?5b318254c04e647a32256de439f25c9e,,gx-no-cache=1684957481415 HTTP/1.1" 200 7316
10.40.40.2 - - [24/May/2023:17:01:04 -0300] "GET /cormun/servlet/trsolicitudgral? HTTP/1.1" 200 26931
10.40.40.2 - - [24/May/2023:17:01:05 -0300] "GET /cormun/servlet/trsolicitudgral? HTTP/1.1" 200 26931
192.168.10.17 - - [24/May/2023:17:01:12 -0300] "POST /cormun/servlet/trsolicitudgral?b59786848a5b935484d3d4a85bc0bae6,,gx-no-cache=1684957491647 HTTP/1.1" 200 5258
192.168.10.17 - - [24/May/2023:17:01:13 -0300] "POST /cormun/servlet/trsolicitudgral?b59786848a5b935484d3d4a85bc0bae6,,gx-no-cache=1684957492558 HTTP/1.1" 200 5258
192.168.10.85 - - [24/May/2023:17:01:13 -0300] "GET /cormun/servlet/veautorizarot?2023,20244,, HTTP/1.1" 200 8300
192.168.10.85 - - [24/May/2023:17:01:13 -0300] "GET /cormun/static/gxcfg.js?20221129845189 HTTP/1.1" 200 953
192.168.10.85 - - [24/May/2023:17:01:13 -0300] "GET /cormun/pexe_scrolldiv.js HTTP/1.1" 404 1009
192.168.10.85 - - [24/May/2023:17:01:13 -0300] "GET /cormun/static/veautorizarot.js?202211298451841 HTTP/1.1" 200 6707
192.168.10.85 - - [24/May/2023:17:01:13 -0300] "GET /cormun/static/tbautorizarot01.js?202211298384595 HTTP/1.1" 200 31227
192.168.10.85 - - [24/May/2023:17:01:14 -0300] "GET /cormun/servlet/veautorizarot?2023,20244,, HTTP/1.1" 200 8300
192.168.10.85 - - [24/May/2023:17:01:15 -0300] "GET /cormun/servlet/veautorizarot?2023,20244,,SolicitudOTAdjuntos HTTP/1.1" 200 7070
192.168.10.85 - - [24/May/2023:17:01:15 -0300] "GET /cormun/pexe_scrolldiv.js HTTP/1.1" 404 1009
192.168.10.85 - - [24/May/2023:17:01:15 -0300] "GET /cormun/static/tbautorizarot02.js?2020121445386 HTTP/1.1" 200 13302
192.168.10.85 - - [24/May/2023:17:01:15 -0300] "GET /cormun/static/gxui/gxui-all.css HTTP/1.1" 200 2179
192.168.10.85 - - [24/May/2023:17:01:15 -0300] "GET /cormun/static/Resources/PXToolsTabUnselectedSelected.png HTTP/1.1" 200 1458
192.168.10.85 - - [24/May/2023:17:01:15 -0300] "GET /cormun/static/Resources/PXToolsTabFirstUnselected.png HTTP/1.1" 200 1278
192.168.10.85 - - [24/May/2023:17:01:15 -0300] "GET /cormun/static/Shared/ext/resources/css/ext-all.css HTTP/1.1" 200 416045
192.168.10.85 - - [24/May/2023:17:01:16 -0300] "GET /cormun/servlet/veautorizarot?2023,20244,,SolicitudOTAdjuntos HTTP/1.1" 200 7070
192.168.10.85 - - [24/May/2023:17:01:16 -0300] "POST /cormun/servlet/acontrolpreferencessavestate?None,RRHH+DANIELA,true HTTP/1.1" 200 35
192.168.10.85 - - [24/May/2023:17:01:19 -0300] "GET /cormun/servlet/veautorizarot?2023,20244,,General HTTP/1.1" 200 8304
192.168.10.85 - - [24/May/2023:17:01:19 -0300] "GET /cormun/pexe_scrolldiv.js HTTP/1.1" 404 1009
192.168.10.85 - - [24/May/2023:17:01:19 -0300] "GET /cormun/servlet/veautorizarot?2023,20244,,General HTTP/1.1" 200 8304
192.168.10.85 - - [24/May/2023:17:01:23 -0300] "GET /cormun/servlet/trautorizarot? HTTP/1.1" 200 10320
192.168.10.85 - - [24/May/2023:17:01:24 -0300] "GET /cormun/servlet/trautorizarot? HTTP/1.1" 200 10316
192.168.10.85 - - [24/May/2023:17:01:45 -0300] "GET /cormun/servlet/trsolicitudgral? HTTP/1.1" 200 26931
192.168.10.85 - - [24/May/2023:17:01:46 -0300] "GET /cormun/servlet/trsolicitudgral? HTTP/1.1" 200 26930
10.40.40.2 - - [24/May/2023:17:01:52 -0300] "POST /cormun/servlet/trsolicitudgral?ba633ea2acf943ff117666475089ddfc,,gx-no-cache=1684957530821 HTTP/1.1" 200 10288
192.168.10.85 - - [24/May/2023:17:02:00 -0300] "GET /cormun/servlet/trautorizarot? HTTP/1.1" 200 10317
192.168.10.85 - - [24/May/2023:17:02:00 -0300] "GET /cormun/servlet/trautorizarot? HTTP/1.1" 200 10316
192.168.10.85 - - [24/May/2023:17:02:38 -0300] "GET /cormun/servlet/veautorizarot?2023,20244,, HTTP/1.1" 200 8300
192.168.10.85 - - [24/May/2023:17:02:38 -0300] "GET /cormun/pexe_scrolldiv.js HTTP/1.1" 404 1009
