192.168.10.17 - - [24/May/2023:14:57:15 -0300] "GET /cormun/servlet/vesolicitudgral?2023,20078,,SolicitudOTAdjuntos HTTP/1.1" 200 11063
192.168.10.17 - - [24/May/2023:14:57:16 -0300] "GET /cormun/servlet/vesolicitudgral?2023,20078,,SolicitudOTAdjuntos HTTP/1.1" 200 11063
192.168.10.17 - - [24/May/2023:14:57:16 -0300] "POST /cormun/servlet/acontrolpreferencessavestate?None,RRHH+DANIELA,true HTTP/1.1" 200 35
192.168.10.17 - - [24/May/2023:14:57:22 -0300] "GET /cormun/PublicTempStorage/curriculum_melanie_-_copia5227194.pdf HTTP/1.1" 200 406911
181.212.43.89 - - [24/May/2023:14:57:26 -0300] "GET /cormun/servlet/permisogoce?INS,0,,, HTTP/1.1" 200 6888
181.212.43.89 - - [24/May/2023:14:57:26 -0300] "GET /cormun/servlet/permisogoce?INS,0,,, HTTP/1.1" 200 6866
181.212.43.89 - - [24/May/2023:14:57:33 -0300] "GET /cormun/servlet/permisogoce?29326dcd6afcb9d9dcc132571b7e249275d481e721902486eaa33ca21ef9d70b6c64edc3b536059ea751d2c74911d9c95522a3f99c917da639c3a1f039e419b3,gx-no-cache=1684950123760 HTTP/1.1" 200 85
181.212.43.89 - - [24/May/2023:14:57:37 -0300] "GET /cormun/static/menuarrow.gif HTTP/1.1" 404 1015
190.171.142.10 - - [24/May/2023:14:57:39 -0300] "GET /cormun/servlet/prbanco?,MD,,gxPopupLevel%3D0%3B HTTP/1.1" 200 6488
181.212.43.89 - - [24/May/2023:14:57:43 -0300] "GET /cormun/servlet/permisogoce?29326dcd6afcb9d9dcc132571b7e2492a72aa5e58c3ee7c90524e460a18bb034612e77d43ff2d669f2555af69caa7fa918d0a06c3d57985d5100fb7c9b6f3744,gx-no-cache=1684950133057 HTTP/1.1" 200 48
192.168.10.17 - - [24/May/2023:14:57:50 -0300] "GET /cormun/servlet/vesolicitudgral?2023,20078,,SolicitudOTAdjuntos HTTP/1.1" 200 11060
192.168.10.17 - - [24/May/2023:14:57:51 -0300] "GET /cormun/servlet/vesolicitudgral?2023,20078,,SolicitudOTAdjuntos HTTP/1.1" 200 11061
190.171.142.10 - - [24/May/2023:14:57:52 -0300] "GET /cormun/servlet/solicitudot?d2a1e8ad330f2e3f42f756fbbee07be8ee07a5312ae66052913bb82df3bc5907d2d0a09655abc780ad41a9dcb675fdbaef046e72678c6a129cfe247e283676145ab158bbdc297a4ca9c98f2e27556773,gx-no-cache=1684946554843 HTTP/1.1" 200 30
192.168.10.17 - - [24/May/2023:14:57:52 -0300] "POST /cormun/servlet/acontrolpreferencessavestate?None,RRHH+DANIELA,true HTTP/1.1" 200 35
190.171.142.10 - - [24/May/2023:14:57:53 -0300] "GET /cormun/servlet/solicitudot?d2a1e8ad330f2e3f42f756fbbee07be8aad8a1b58c4447f4123fae6b35a7e8da,gx-no-cache=1684946555907 HTTP/1.1" 200 70
181.212.43.89 - - [24/May/2023:14:57:54 -0300] "POST /cormun/servlet/permisogoce?e2b2f7815a5a99ee29fab7d0369add0c,INS,0,,,,gx-no-cache=1684950143549 HTTP/1.1" 200 93
181.212.43.89 - - [24/May/2023:14:57:54 -0300] "GET /cormun/servlet/hpexe_return? HTTP/1.1" 200 1026
181.212.43.89 - - [24/May/2023:14:57:54 -0300] "GET /cormun/servlet/trpermisosgoce?gx-no-cache=1684946701942 HTTP/1.1" 200 13226
181.212.43.89 - - [24/May/2023:14:57:54 -0300] "GET /cormun/servlet/trpermisosgoce?gx-no-cache=1684946701942 HTTP/1.1" 200 13240
192.168.10.17 - - [24/May/2023:14:57:56 -0300] "GET /cormun/servlet/vesolicitudgral?2023,20078,,General HTTP/1.1" 200 8359
192.168.10.17 - - [24/May/2023:14:57:56 -0300] "GET /cormun/pexe_scrolldiv.js HTTP/1.1" 404 1009
192.168.10.17 - - [24/May/2023:14:57:56 -0300] "GET /cormun/servlet/vesolicitudgral?2023,20078,,General HTTP/1.1" 200 8358
181.212.43.89 - - [24/May/2023:14:57:57 -0300] "GET /cormun/servlet/apermisogoceprn?24957099,P,20230524134105,PU HTTP/1.1" 200 1678
181.212.43.89 - - [24/May/2023:14:58:02 -0300] "GET /cormun/servlet/trpermisosadjuntos?24957099,20230524134105,P, HTTP/1.1" 200 6352
181.212.43.89 - - [24/May/2023:14:58:02 -0300] "GET /cormun/servlet/trpermisosadjuntos?24957099,20230524134105,P, HTTP/1.1" 200 6331
190.171.142.10 - - [24/May/2023:14:58:03 -0300] "POST /cormun/servlet/solicitudot?gx-no-cache=1684946566596 HTTP/1.1" 200 30
190.171.142.10 - - [24/May/2023:14:58:03 -0300] "POST /cormun/servlet/solicitudot?gx-no-cache=1684946566641 HTTP/1.1" 200 1469
190.171.142.10 - - [24/May/2023:14:58:03 -0300] "POST /cormun/servlet/solicitudot?gx-no-cache=1684946566694 HTTP/1.1" 200 38
181.212.43.89 - - [24/May/2023:14:58:04 -0300] "GET /cormun/servlet/permisosadjuntos?INS,24957099,P,20230524134105,, HTTP/1.1" 200 5647
181.212.43.89 - - [24/May/2023:14:58:05 -0300] "GET /cormun/static/about:blank HTTP/1.1" 404 1011
181.212.43.89 - - [24/May/2023:14:58:05 -0300] "GET /cormun/servlet/permisosadjuntos?INS,24957099,P,20230524134105,, HTTP/1.1" 200 5637
190.171.142.10 - - [24/May/2023:14:58:10 -0300] "GET /cormun/servlet/solicitudot?d2a1e8ad330f2e3f42f756fbbee07be8e162bc9915cb92f829d42bc374ffe0bd5633bbc39e5f0f9bfc68ff4851ba0ea433a02c0e0975adcacdb703ee711910e9b9bf6c7f0001d6ef5f030ffa354c12c1ea4f6c3db44fde1863db143f08d3964bebb0543eb1cb6e8957444ba2c0e56747,gx-no-cache=1684946572986 HTTP/1.1" 200 110
40.77.167.245 - - [24/May/2023:14:58:17 -0300] "GET /cormun/servlet/hhome?_escaped_fragment_= HTTP/1.1" 200 3155
181.212.43.89 - - [24/May/2023:14:58:27 -0300] "POST /cormun/servlet/permisosadjuntos?e2b2f7815a5a99ee29fab7d0369add0c,INS,24957099,P,20230524134105,, HTTP/1.1" 200 116
181.212.43.89 - - [24/May/2023:14:58:27 -0300] "GET /cormun/servlet/hpexe_return? HTTP/1.1" 200 1032
181.212.43.89 - - [24/May/2023:14:58:27 -0300] "GET /cormun/servlet/trpermisosadjuntos?24957099,20230524134105,P, HTTP/1.1" 200 6804
181.212.43.89 - - [24/May/2023:14:58:28 -0300] "GET /cormun/servlet/trpermisosadjuntos?24957099,20230524134105,P, HTTP/1.1" 200 6801
190.171.142.10 - - [24/May/2023:14:58:30 -0300] "POST /cormun/servlet/solicitudot?gx-no-cache=1684946593667 HTTP/1.1" 200 110
190.171.152.242 - - [24/May/2023:14:58:40 -0300] "GET /cormun/servlet/solicitudot?5fd39ac8ff442f81b80cf2395ea839cac6ea1f0ebc9bad0f699d6af80e2133dfcc8a71e2c0cce80fa9fe8ffa2a0575be120e4901237a2996f949a53e1c30e3e03c0fb659f1bd5e9147f5fe8c130a9145e317556aa2b35d497d9f5961696be1af1a6d714de2a4a66fa8f08b961b40f764f62acf1947e616a1552250fc2b199bc22f4f89de93d4177f3a1158fccdad89de63eb5e92b756338504435c7f3d9bf5dc96e6f4ae79157763dd8d2c8628ddf31fa9c91d54b50c828ca9b517dbac7ceda1efb764dc4bec8f808c4baa4d2ede8385811b198db3746a803885df72a9c94906560d4258ab119ba9b60743c40c299e0649b2ed5230e0e97dbcbc4e3f11667eddd26630e982018520be0fd25ac7c0c3b3f8dabfbd266fcce6784570e96d02e1fc017389e8fba0d23623d417a7b518b8f053bf339b932a4e050884dc6d4c6843689554673ea1490ff300597bf058374fdcc39e4a786b27d302142d2d5cb3107caac2e35680d7c896904433d4303fa95b8886766a2fd803b4b9f79e7e72544e6e078e2ca9a1decfb0a8a9c1c0c69cc7ac00,gx-no-cache=1684950190579 HTTP/1.1" 200 30
190.171.142.10 - - [24/May/2023:14:58:47 -0300] "GET /cormun/servlet/solicitudot?d2a1e8ad330f2e3f42f756fbbee07be8eacaad0246768c83cdf855b44769399565337bb926b172b9d7e125ff5dea9f4547348a8f64a0d8374726834f4f2add78b8111430d758e4771505b997cc5127a902752c9afaf6a610e2c3f6c8dadc8305eddee60f669d95e02b33e81a03f36f9e,gx-no-cache=1684946609814 HTTP/1.1" 200 29
190.171.142.10 - - [24/May/2023:14:58:47 -0300] "GET /cormun/static/menuarrow.gif HTTP/1.1" 404 1015
190.171.142.10 - - [24/May/2023:14:58:52 -0300] "GET /cormun/servlet/solicitudot?d2a1e8ad330f2e3f42f756fbbee07be83def982fae490ff1523fa4cae59efc3ace210c0127f269764b2d4914debd20a0,gx-no-cache=1684946614774 HTTP/1.1" 200 30
190.171.152.242 - - [24/May/2023:14:59:00 -0300] "POST /cormun/servlet/solicitudot?gx-no-cache=1684950210597 HTTP/1.1" 200 30
190.171.152.242 - - [24/May/2023:14:59:00 -0300] "POST /cormun/servlet/solicitudot?gx-no-cache=1684950210621 HTTP/1.1" 200 1469
190.171.152.242 - - [24/May/2023:14:59:00 -0300] "POST /cormun/servlet/solicitudot?gx-no-cache=1684950210649 HTTP/1.1" 200 41
190.171.152.242 - - [24/May/2023:14:59:00 -0300] "GET /cormun/servlet/solicitudot?5fd39ac8ff442f81b80cf2395ea839ca90b876781f17b14b7a82924c8c139d71d3f7f20702dc6f86c98c7766b97ec067dee31efc3c1fb02725d8ddd0234cfd851b8430adc105a028e9ace942776510aa21f813591377aaef8fc65627aac13a61ae88029e9c27e302f326d673f3d652f9,gx-no-cache=1684950210667 HTTP/1.1" 200 110
190.171.152.242 - - [24/May/2023:14:59:00 -0300] "POST /cormun/servlet/solicitudot?gx-no-cache=1684950210695 HTTP/1.1" 200 64
190.171.152.242 - - [24/May/2023:14:59:00 -0300] "GET /cormun/servlet/solicitudot?5fd39ac8ff442f81b80cf2395ea839ca796ce7a294c884b2d27e4027beb47c962179706cd0f45192c05853953d74613f,gx-no-cache=1684950210724 HTTP/1.1" 200 30
190.171.152.242 - - [24/May/2023:14:59:00 -0300] "POST /cormun/servlet/solicitudot?gx-no-cache=1684950210749 HTTP/1.1" 200 30
181.212.43.89 - - [24/May/2023:14:59:00 -0300] "POST /cormun/servlet/trpermisosadjuntos?e2b2f7815a5a99ee29fab7d0369add0c,24957099,20230524134105,P,,gx-no-cache=1684950210407 HTTP/1.1" 200 90
181.212.43.89 - - [24/May/2023:14:59:00 -0300] "GET /cormun/servlet/hpexe_link HTTP/1.1" 200 998
181.212.43.89 - - [24/May/2023:14:59:00 -0300] "GET /cormun/servlet/trpermisosgoce?gx-no-cache=1684946701942 HTTP/1.1" 200 13222
190.171.152.242 - - [24/May/2023:14:59:01 -0300] "POST /cormun/servlet/solicitudot?f1a61f765eaafe8a2774a06ec8be3240,INS,0,0,false,,gx-no-cache=1684950210782 HTTP/1.1" 200 93
181.212.43.89 - - [24/May/2023:14:59:01 -0300] "GET /cormun/servlet/trpermisosgoce?gx-no-cache=1684946701942 HTTP/1.1" 200 13240
190.171.152.242 - - [24/May/2023:14:59:01 -0300] "GET /cormun/servlet/hpexe_return? HTTP/1.1" 200 1009
190.171.152.242 - - [24/May/2023:14:59:01 -0300] "GET /cormun/static/gxcfg.js?20221129846035 HTTP/1.1" 200 953
190.171.152.242 - - [24/May/2023:14:59:01 -0300] "GET /cormun/static/hpexe_return.js?20221129846037 HTTP/1.1" 200 1633
190.171.152.242 - - [24/May/2023:14:59:01 -0300] "GET /cormun/servlet/trsolicitudot? HTTP/1.1" 200 8605
190.171.152.242 - - [24/May/2023:14:59:01 -0300] "GET /cormun/servlet/trsolicitudot? HTTP/1.1" 200 8601
190.171.142.10 - - [24/May/2023:14:59:02 -0300] "POST /cormun/servlet/solicitudot?gx-no-cache=1684946625236 HTTP/1.1" 200 30
181.212.43.89 - - [24/May/2023:14:59:03 -0300] "POST /cormun/servlet/trpermisosgoce?e2b2f7815a5a99ee29fab7d0369add0c,gx-no-cache=1684946701942,gx-no-cache=1684950212784 HTTP/1.1" 200 10429
181.212.43.89 - - [24/May/2023:14:59:03 -0300] "GET /cormun/static/Shared/jqueryui/images/ui-bg_highlight-soft_100_c6c2c8_1x100.png HTTP/1.1" 404 1117
181.212.43.89 - - [24/May/2023:14:59:03 -0300] "GET /cormun/static/Shared/jqueryui/images/ui-icons_82798d_256x240.png HTTP/1.1" 404 1089
181.212.43.89 - - [24/May/2023:14:59:03 -0300] "GET /cormun/static/Shared/jqueryui/images/ui-bg_flat_55_fafafa_40x100.png HTTP/1.1" 404 1097
181.212.43.89 - - [24/May/2023:14:59:03 -0300] "GET /cormun/static/Shared/jqueryui/images/ui-icons_8d78a5_256x240.png HTTP/1.1" 404 1089
181.212.43.89 - - [24/May/2023:14:59:06 -0300] "GET /cormun/servlet/trlicencias? HTTP/1.1" 200 16455
190.171.152.242 - - [24/May/2023:14:59:07 -0300] "POST /cormun/servlet/trsolicitudot?f1a61f765eaafe8a2774a06ec8be3240,,gx-no-cache=1684950217415 HTTP/1.1" 200 5954
181.212.43.89 - - [24/May/2023:14:59:07 -0300] "GET /cormun/servlet/trlicencias? HTTP/1.1" 200 16427
190.171.152.242 - - [24/May/2023:14:59:07 -0300] "GET /cormun/static/Shared/jqueryui/images/ui-bg_highlight-soft_100_c6c2c8_1x100.png HTTP/1.1" 404 1117
190.171.152.242 - - [24/May/2023:14:59:07 -0300] "GET /cormun/static/Shared/jqueryui/images/ui-icons_82798d_256x240.png HTTP/1.1" 404 1089
190.171.152.242 - - [24/May/2023:14:59:07 -0300] "GET /cormun/static/Shared/jqueryui/images/ui-bg_flat_55_fafafa_40x100.png HTTP/1.1" 404 1097
190.171.152.242 - - [24/May/2023:14:59:07 -0300] "GET /cormun/static/Shared/jqueryui/images/ui-icons_8d78a5_256x240.png HTTP/1.1" 404 1089
190.171.152.242 - - [24/May/2023:14:59:11 -0300] "POST /cormun/servlet/trsolicitudot?f1a61f765eaafe8a2774a06ec8be3240,,gx-no-cache=1684950221991 HTTP/1.1" 200 107
190.171.152.242 - - [24/May/2023:14:59:11 -0300] "GET /cormun/servlet/trsolicitudadjuntos?2023,20251, HTTP/1.1" 200 6104
190.171.152.242 - - [24/May/2023:14:59:11 -0300] "GET /cormun/static/gxcfg.js?20201215574222 HTTP/1.1" 200 953
190.171.152.242 - - [24/May/2023:14:59:12 -0300] "GET /cormun/static/Resources/PXToolsGridNew.png HTTP/1.1" 200 427
190.171.152.242 - - [24/May/2023:14:59:12 -0300] "GET /cormun/static/trsolicitudadjuntos.js?20201215574932 HTTP/1.1" 200 17921
190.171.152.242 - - [24/May/2023:14:59:12 -0300] "GET /cormun/servlet/trsolicitudadjuntos?2023,20251, HTTP/1.1" 200 6104
190.171.152.242 - - [24/May/2023:14:59:14 -0300] "GET /cormun/servlet/solicitudotadjuntos?INS,2023,20251,,1, HTTP/1.1" 200 6049
190.171.152.242 - - [24/May/2023:14:59:14 -0300] "GET /cormun/static/gxcfg.js?202211298385187 HTTP/1.1" 200 953
190.171.152.242 - - [24/May/2023:14:59:14 -0300] "GET /cormun/static/solicitudotadjuntos.js?202211298385196 HTTP/1.1" 200 11771
190.171.152.242 - - [24/May/2023:14:59:14 -0300] "GET /cormun/static/about:blank HTTP/1.1" 404 1011
190.171.152.242 - - [24/May/2023:14:59:14 -0300] "GET /cormun/servlet/solicitudotadjuntos?INS,2023,20251,,1, HTTP/1.1" 200 6042
190.171.152.242 - - [24/May/2023:14:59:15 -0300] "GET /cormun/servlet/solicitudotadjuntos?5fd39ac8ff442f81b80cf2395ea839cace6a32d9fad30b7264df1a09d70c180087a154f0f7d5606964fc493a8893129c,gx-no-cache=1684950225537 HTTP/1.1" 200 30
190.171.152.242 - - [24/May/2023:14:59:15 -0300] "POST /cormun/servlet/solicitudotadjuntos?f1a61f765eaafe8a2774a06ec8be3240,INS,2023,20251,,1,,gx-no-cache=1684950225583 HTTP/1.1" 200 3875
186.67.172.234 - - [24/May/2023:14:59:18 -0300] "GET /cormun/servlet/hlogin HTTP/1.1" 200 1733
190.171.152.242 - - [24/May/2023:14:59:21 -0300] "POST /cormun/servlet/solicitudotadjuntos?gx-no-cache=1684950231469 HTTP/1.1" 200 26
186.67.172.234 - - [24/May/2023:14:59:44 -0300] "POST /cormun/servlet/hlogin?bafad375d909f37fde61c5c6a7b253c6,gx-no-cache=1684950254653 HTTP/1.1" 200 90
186.67.172.234 - - [24/May/2023:14:59:44 -0300] "GET /cormun/servlet/hpexe_link HTTP/1.1" 200 953
186.67.172.234 - - [24/May/2023:14:59:44 -0300] "GET /cormun/servlet/hhome HTTP/1.1" 200 4198
186.67.172.234 - - [24/May/2023:14:59:45 -0300] "GET /cormun/static/gxcfg.js?20201215495537 HTTP/1.1" 200 953
186.67.172.234 - - [24/May/2023:14:59:45 -0300] "GET /cormun/static/hhome.js?20201215495544 HTTP/1.1" 200 777
186.67.172.234 - - [24/May/2023:14:59:45 -0300] "GET /cormun/servlet/hhome HTTP/1.1" 200 4194
186.67.172.234 - - [24/May/2023:14:59:48 -0300] "GET /cormun/servlet/trlicencias? HTTP/1.1" 200 17481
186.67.172.234 - - [24/May/2023:14:59:48 -0300] "GET /cormun/servlet/trlicencias? HTTP/1.1" 200 17420
190.171.152.242 - - [24/May/2023:14:59:56 -0300] "POST /cormun/servlet/solicitudotadjuntos?gx-no-cache=1684950266789 HTTP/1.1" 200 26
190.171.152.242 - - [24/May/2023:14:59:58 -0300] "POST /cormun/servlet/solicitudotadjuntos?gx-no-cache=1684950269012 HTTP/1.1" 200 26
190.171.152.242 - - [24/May/2023:15:00:09 -0300] "GET /cormun/servlet/solicitudotadjuntos?5fd39ac8ff442f81b80cf2395ea839ca4999a7c4034bfd07683483dfca9c92b2,gx-no-cache=1684950279564 HTTP/1.1" 200 30
190.171.152.242 - - [24/May/2023:15:00:09 -0300] "GET /cormun/servlet/solicitudotadjuntos?5fd39ac8ff442f81b80cf2395ea839ca4999a7c4034bfd07683483dfca9c92b2,gx-no-cache=1684950279599 HTTP/1.1" 200 30
190.171.152.242 - - [24/May/2023:15:00:09 -0300] "POST /cormun/servlet/solicitudotadjuntos?f1a61f765eaafe8a2774a06ec8be3240,INS,2023,20251,,1, HTTP/1.1" 200 116
190.171.152.242 - - [24/May/2023:15:00:09 -0300] "GET /cormun/servlet/hpexe_return? HTTP/1.1" 200 1024
190.171.152.242 - - [24/May/2023:15:00:09 -0300] "GET /cormun/servlet/trsolicitudadjuntos?2023,20251, HTTP/1.1" 200 9043
190.171.152.242 - - [24/May/2023:15:00:10 -0300] "GET /cormun/servlet/trsolicitudadjuntos?2023,20251, HTTP/1.1" 200 9038
192.168.10.17 - - [24/May/2023:15:00:14 -0300] "GET /cormun/servlet/trsolicitudgral? HTTP/1.1" 200 8316
192.168.10.17 - - [24/May/2023:15:00:14 -0300] "GET /cormun/servlet/trsolicitudgral? HTTP/1.1" 200 8302
190.171.152.242 - - [24/May/2023:15:00:15 -0300] "GET /cormun/servlet/solicitudotadjuntos?INS,2023,20251,,1, HTTP/1.1" 200 6049
190.171.152.242 - - [24/May/2023:15:00:15 -0300] "GET /cormun/static/about:blank HTTP/1.1" 404 1011
190.171.152.242 - - [24/May/2023:15:00:15 -0300] "GET /cormun/servlet/solicitudotadjuntos?INS,2023,20251,,1, HTTP/1.1" 200 6042
190.171.152.242 - - [24/May/2023:15:00:16 -0300] "GET /cormun/servlet/solicitudotadjuntos?5fd39ac8ff442f81b80cf2395ea839cace6a32d9fad30b7264df1a09d70c180087a154f0f7d5606964fc493a8893129c,gx-no-cache=1684950286275 HTTP/1.1" 200 30
190.171.152.242 - - [24/May/2023:15:00:16 -0300] "POST /cormun/servlet/solicitudotadjuntos?f1a61f765eaafe8a2774a06ec8be3240,INS,2023,20251,,1,,gx-no-cache=1684950286288 HTTP/1.1" 200 3874
190.171.152.242 - - [24/May/2023:15:00:18 -0300] "POST /cormun/servlet/solicitudotadjuntos?gx-no-cache=1684950288581 HTTP/1.1" 200 26
192.168.10.17 - - [24/May/2023:15:00:18 -0300] "POST /cormun/servlet/trsolicitudgral?67d81d3b0ec37768735fb8ad5a5b8ae2,,gx-no-cache=1684950237673 HTTP/1.1" 200 5264
190.171.152.242 - - [24/May/2023:15:00:24 -0300] "GET /cormun/servlet/solicitudotadjuntos?5fd39ac8ff442f81b80cf2395ea839ca4999a7c4034bfd07683483dfca9c92b2,gx-no-cache=1684950295164 HTTP/1.1" 200 30
190.171.152.242 - - [24/May/2023:15:00:24 -0300] "GET /cormun/servlet/solicitudotadjuntos?5fd39ac8ff442f81b80cf2395ea839ca4999a7c4034bfd07683483dfca9c92b2,gx-no-cache=1684950295183 HTTP/1.1" 200 30
190.171.152.242 - - [24/May/2023:15:00:25 -0300] "POST /cormun/servlet/solicitudotadjuntos?f1a61f765eaafe8a2774a06ec8be3240,INS,2023,20251,,1, HTTP/1.1" 200 6201
190.171.152.242 - - [24/May/2023:15:00:25 -0300] "GET /cormun/static/Shared/jqueryui/images/ui-bg_highlight-soft_100_c6c2c8_1x100.png HTTP/1.1" 404 1117
190.171.152.242 - - [24/May/2023:15:00:25 -0300] "GET /cormun/static/Shared/jqueryui/images/ui-icons_82798d_256x240.png HTTP/1.1" 404 1089
190.171.152.242 - - [24/May/2023:15:00:25 -0300] "GET /cormun/static/Shared/jqueryui/images/ui-icons_ebccce_256x240.png HTTP/1.1" 404 1089
190.171.152.242 - - [24/May/2023:15:00:25 -0300] "GET /cormun/static/Shared/jqueryui/images/ui-bg_flat_55_994d53_40x100.png HTTP/1.1" 404 1097
190.171.152.242 - - [24/May/2023:15:00:25 -0300] "GET /cormun/PrivateTempStorage/upload_00019954.jpg HTTP/1.1" 200 107176
192.168.10.17 - - [24/May/2023:15:00:25 -0300] "POST /cormun/servlet/trsolicitudgral?67d81d3b0ec37768735fb8ad5a5b8ae2,,gx-no-cache=1684950244576 HTTP/1.1" 200 6685
190.171.142.10 - - [24/May/2023:15:00:29 -0300] "GET /cormun/servlet/solicitudot?d2a1e8ad330f2e3f42f756fbbee07be8bb23ecd2d9e33af1838843354459188bfa32263259c3df86fd7edc9ba5e712c29869a75f077653630b0baf0924408b78d98c36c2691a9051e893481cf5b3a0c61bd67cb7a2e6c7af0a324eaaaa12a37e062f5812d9f752861602629242faee4180a94c3cd35208c09f0d469d704848acfeb473739b4a8d8da501b4a5aaf13830b0386ac9347c6c886663710306c08316d7488c93716fd93a9c1887924a0463960f6aa5c82b458d9614a767aca421616ebdd04f776d6351f090798bfb3415df86254387500c59ab502d8aba205519f5b207d040b800d30c64dfa7be039422c0904e7acd4cf9d3aec3473a1f6486562d1cf63e5d4f27c129c15c6b6068bfe52ee48a87faf14c2b0cb9e82ecba88de5031d70a3b795f1b79f060d79700f788501542ce2089ffb7f473c198a80c3ba26362a69364abd841242cba8ea6060520a005e4d8f6a8056876ff7f48bf53bd06cedd86ac2d4416d6570bcf4c8ac6e568d5fee2486b2d3ba21cde4ef61f9c9f66d0d60,gx-no-cache=1684946712450 HTTP/1.1" 200 30
190.171.142.10 - - [24/May/2023:15:00:29 -0300] "POST /cormun/servlet/solicitudot?gx-no-cache=1684946712482 HTTP/1.1" 200 30
190.171.142.10 - - [24/May/2023:15:00:29 -0300] "POST /cormun/servlet/solicitudot?gx-no-cache=1684946712514 HTTP/1.1" 200 1469
190.171.142.10 - - [24/May/2023:15:00:29 -0300] "POST /cormun/servlet/solicitudot?gx-no-cache=1684946712562 HTTP/1.1" 200 41
190.171.142.10 - - [24/May/2023:15:00:29 -0300] "GET /cormun/servlet/solicitudot?d2a1e8ad330f2e3f42f756fbbee07be8e162bc9915cb92f829d42bc374ffe0bd5633bbc39e5f0f9bfc68ff4851ba0ea433a02c0e0975adcacdb703ee711910e9b9bf6c7f0001d6ef5f030ffa354c12c1ea4f6c3db44fde1863db143f08d3964bebb0543eb1cb6e8957444ba2c0e56747,gx-no-cache=1684946712589 HTTP/1.1" 200 110
190.171.142.10 - - [24/May/2023:15:00:29 -0300] "POST /cormun/servlet/solicitudot?gx-no-cache=1684946712619 HTTP/1.1" 200 66
190.171.142.10 - - [24/May/2023:15:00:29 -0300] "GET /cormun/servlet/solicitudot?d2a1e8ad330f2e3f42f756fbbee07be83def982fae490ff1523fa4cae59efc3ace210c0127f269764b2d4914debd20a0,gx-no-cache=1684946712651 HTTP/1.1" 200 30
190.171.142.10 - - [24/May/2023:15:00:29 -0300] "POST /cormun/servlet/solicitudot?gx-no-cache=1684946712683 HTTP/1.1" 200 30
190.171.142.10 - - [24/May/2023:15:00:30 -0300] "POST /cormun/servlet/solicitudot?f44f9b439632349c0c2fcc812c440270,INS,0,0,false,,gx-no-cache=1684946712755 HTTP/1.1" 200 93
190.171.142.10 - - [24/May/2023:15:00:30 -0300] "GET /cormun/servlet/hpexe_return? HTTP/1.1" 200 1010
190.171.142.10 - - [24/May/2023:15:00:30 -0300] "GET /cormun/servlet/trsolicitudot HTTP/1.1" 200 9570
190.171.142.10 - - [24/May/2023:15:00:31 -0300] "GET /cormun/servlet/trsolicitudot HTTP/1.1" 200 9566
190.171.152.242 - - [24/May/2023:15:00:32 -0300] "GET /cormun/servlet/trsolicitudot? HTTP/1.1" 200 8612
190.171.152.242 - - [24/May/2023:15:00:32 -0300] "GET /cormun/servlet/trsolicitudot? HTTP/1.1" 200 8601
190.171.142.10 - - [24/May/2023:15:00:41 -0300] "POST /cormun/servlet/trsolicitudot?f44f9b439632349c0c2fcc812c440270,gx-no-cache=1684946724589 HTTP/1.1" 200 109
190.171.142.10 - - [24/May/2023:15:00:42 -0300] "GET /cormun/servlet/solicitudot?UPD,2023,20252,false, HTTP/1.1" 200 16760
190.171.142.10 - - [24/May/2023:15:00:42 -0300] "GET /cormun/servlet/solicitudot?UPD,2023,20252,false, HTTP/1.1" 200 16773
190.171.142.10 - - [24/May/2023:15:00:42 -0300] "POST /cormun/servlet/solicitudot?gx-no-cache=1684946725546 HTTP/1.1" 200 4065
190.171.142.10 - - [24/May/2023:15:00:42 -0300] "POST /cormun/servlet/solicitudot?f44f9b439632349c0c2fcc812c440270,UPD,2023,20252,false,,gx-no-cache=1684946725659 HTTP/1.1" 200 13007
190.171.142.10 - - [24/May/2023:15:00:43 -0300] "GET /cormun/servlet/solicitudot?d2a1e8ad330f2e3f42f756fbbee07be86d1aad7111f1f49531a008c04efa5c24142660dd5547199299bf19dc0795d4d1,gx-no-cache=1684946725816 HTTP/1.1" 200 30
190.171.142.10 - - [24/May/2023:15:00:43 -0300] "GET /cormun/servlet/solicitudot?d2a1e8ad330f2e3f42f756fbbee07be8ee07a5312ae66052913bb82df3bc5907d2d0a09655abc780ad41a9dcb675fdbaef046e72678c6a129cfe247e2836761497c8fa6a3d2a8c2b5dcec2d61b2b10fa,gx-no-cache=1684946725841 HTTP/1.1" 200 30
190.171.142.10 - - [24/May/2023:15:00:43 -0300] "GET /cormun/servlet/solicitudot?d2a1e8ad330f2e3f42f756fbbee07be8d832028333d68e598eacce95cef23a689b4e7f140a9c753d69f2a677aaa421d2bd9cf5ae6288cd4ff8a47043bc06398085a41a41a52627a5e6286167f27a16e0ad1b093d4bb0c4dfae2a77489d48f032,gx-no-cache=1684946725861 HTTP/1.1" 200 70
190.171.142.10 - - [24/May/2023:15:00:43 -0300] "POST /cormun/servlet/solicitudot?gx-no-cache=1684946725882 HTTP/1.1" 200 256
190.171.142.10 - - [24/May/2023:15:00:43 -0300] "GET /cormun/servlet/solicitudot?d2a1e8ad330f2e3f42f756fbbee07be8bb23ecd2d9e33af1838843354459188bfa32263259c3df86fd7edc9ba5e712c29869a75f077653630b0baf0924408b78d98c36c2691a9051e893481cf5b3a0c61bd67cb7a2e6c7af0a324eaaaa12a37e062f5812d9f752861602629242faee4180a94c3cd35208c09f0d469d704848acfeb473739b4a8d8da501b4a5aaf13830b0386ac9347c6c886663710306c08316d7488c93716fd93a9c1887924a0463960f6aa5c82b458d9614a767aca421616ebdd04f776d6351f090798bfb3415df86254387500c59ab502d8aba205519f5b207d040b800d30c64dfa7be039422c0904e7acd4cf9d3aec3473a1f6486562d1cf63e5d4f27c129c15c6b6068bfe52ee48a87faf14c2b0cb9e82ecba88de5031d70a3b795f1b79f060d79700f788501542ce2089ffb7f473c198a80c3ba26362a69364abd841242cba8ea6060520a005e4d8f6a8056876ff7f48bf53bd06cedd86ac2d4416d6570bcf4c8ac6e568d5fee2486b2d3ba21cde4ef61f9c9f66d0d60,gx-no-cache=1684946725907 HTTP/1.1" 200 30
190.171.142.10 - - [24/May/2023:15:00:43 -0300] "POST /cormun/servlet/solicitudot?gx-no-cache=1684946725926 HTTP/1.1" 200 30
190.171.142.10 - - [24/May/2023:15:00:43 -0300] "POST /cormun/servlet/solicitudot?gx-no-cache=1684946725948 HTTP/1.1" 200 1469
190.171.142.10 - - [24/May/2023:15:00:43 -0300] "POST /cormun/servlet/solicitudot?gx-no-cache=1684946725979 HTTP/1.1" 200 41
190.171.142.10 - - [24/May/2023:15:00:44 -0300] "GET /cormun/servlet/solicitudot?d2a1e8ad330f2e3f42f756fbbee07be8e162bc9915cb92f829d42bc374ffe0bd5633bbc39e5f0f9bfc68ff4851ba0ea433a02c0e0975adcacdb703ee711910e9b9bf6c7f0001d6ef5f030ffa354c12c1ea4f6c3db44fde1863db143f08d3964bebb0543eb1cb6e8957444ba2c0e56747,gx-no-cache=1684946727731 HTTP/1.1" 200 110
190.171.142.10 - - [24/May/2023:15:00:48 -0300] "POST /cormun/servlet/solicitudot?gx-no-cache=1684946731366 HTTP/1.1" 200 110
190.171.152.242 - - [24/May/2023:15:00:53 -0300] "POST /cormun/servlet/trsolicitudot?f1a61f765eaafe8a2774a06ec8be3240,,gx-no-cache=1684950323239 HTTP/1.1" 200 107
190.171.152.242 - - [24/May/2023:15:00:53 -0300] "GET /cormun/servlet/trsolicitudadjuntos?2023,20251, HTTP/1.1" 200 9039
190.171.152.242 - - [24/May/2023:15:00:53 -0300] "GET /cormun/servlet/trsolicitudadjuntos?2023,20251, HTTP/1.1" 200 9039
190.171.152.242 - - [24/May/2023:15:00:56 -0300] "GET /cormun/servlet/solicitudotadjuntos?INS,2023,20251,,1, HTTP/1.1" 200 6049
190.171.152.242 - - [24/May/2023:15:00:56 -0300] "GET /cormun/static/about:blank HTTP/1.1" 404 1011
190.171.152.242 - - [24/May/2023:15:00:56 -0300] "GET /cormun/servlet/solicitudotadjuntos?INS,2023,20251,,1, HTTP/1.1" 200 6042
190.171.152.242 - - [24/May/2023:15:00:57 -0300] "GET /cormun/servlet/solicitudotadjuntos?5fd39ac8ff442f81b80cf2395ea839cace6a32d9fad30b7264df1a09d70c180087a154f0f7d5606964fc493a8893129c,gx-no-cache=1684950327244 HTTP/1.1" 200 30
190.171.152.242 - - [24/May/2023:15:00:57 -0300] "POST /cormun/servlet/solicitudotadjuntos?f1a61f765eaafe8a2774a06ec8be3240,INS,2023,20251,,1,,gx-no-cache=1684950327271 HTTP/1.1" 200 3875
192.168.10.17 - - [24/May/2023:15:01:02 -0300] "POST /cormun/servlet/trsolicitudgral?67d81d3b0ec37768735fb8ad5a5b8ae2,,gx-no-cache=1684950280928 HTTP/1.1" 200 7221
190.171.152.242 - - [24/May/2023:15:01:05 -0300] "POST /cormun/servlet/solicitudotadjuntos?gx-no-cache=1684950335301 HTTP/1.1" 200 26
190.171.152.242 - - [24/May/2023:15:01:11 -0300] "GET /cormun/servlet/solicitudotadjuntos?5fd39ac8ff442f81b80cf2395ea839ca4999a7c4034bfd07683483dfca9c92b2,gx-no-cache=1684950342011 HTTP/1.1" 200 30
190.171.152.242 - - [24/May/2023:15:01:11 -0300] "GET /cormun/servlet/solicitudotadjuntos?5fd39ac8ff442f81b80cf2395ea839ca4999a7c4034bfd07683483dfca9c92b2,gx-no-cache=1684950342023 HTTP/1.1" 200 30
190.171.152.242 - - [24/May/2023:15:01:11 -0300] "POST /cormun/servlet/solicitudotadjuntos?f1a61f765eaafe8a2774a06ec8be3240,INS,2023,20251,,1, HTTP/1.1" 200 116
190.171.152.242 - - [24/May/2023:15:01:11 -0300] "GET /cormun/servlet/hpexe_return? HTTP/1.1" 200 1024
190.171.152.242 - - [24/May/2023:15:01:12 -0300] "GET /cormun/servlet/trsolicitudadjuntos?2023,20251, HTTP/1.1" 200 9313
190.171.152.242 - - [24/May/2023:15:01:12 -0300] "GET /cormun/servlet/trsolicitudadjuntos?2023,20251, HTTP/1.1" 200 9313
192.168.10.17 - - [24/May/2023:15:01:20 -0300] "POST /cormun/servlet/trsolicitudgral?67d81d3b0ec37768735fb8ad5a5b8ae2,,gx-no-cache=1684950299048 HTTP/1.1" 200 8399
192.168.10.17 - - [24/May/2023:15:01:46 -0300] "POST /cormun/servlet/trsolicitudgral?67d81d3b0ec37768735fb8ad5a5b8ae2,,gx-no-cache=1684950325512 HTTP/1.1" 200 7398
192.168.10.17 - - [24/May/2023:15:01:50 -0300] "GET /cormun/servlet/vesolicitudgral?2023,20227,, HTTP/1.1" 200 8385
192.168.10.17 - - [24/May/2023:15:01:50 -0300] "GET /cormun/pexe_scrolldiv.js HTTP/1.1" 404 1009
192.168.10.17 - - [24/May/2023:15:01:50 -0300] "GET /cormun/servlet/vesolicitudgral?2023,20227,, HTTP/1.1" 200 8384
192.168.10.17 - - [24/May/2023:15:02:04 -0300] "POST /cormun/servlet/vesolicitudgral?67d81d3b0ec37768735fb8ad5a5b8ae2,2023,20227,,,gx-no-cache=1684950343011 HTTP/1.1" 200 12393
192.168.10.17 - - [24/May/2023:15:02:04 -0300] "GET /cormun/static/Shared/jqueryui/images/ui-icons_82798d_256x240.png HTTP/1.1" 404 1089
192.168.10.17 - - [24/May/2023:15:02:04 -0300] "GET /cormun/static/Shared/jqueryui/images/ui-bg_highlight-soft_100_c6c2c8_1x100.png HTTP/1.1" 404 1117
192.168.10.17 - - [24/May/2023:15:02:04 -0300] "GET /cormun/static/Shared/jqueryui/images/ui-icons_8d78a5_256x240.png HTTP/1.1" 404 1089
192.168.10.17 - - [24/May/2023:15:02:04 -0300] "GET /cormun/static/Shared/jqueryui/images/ui-bg_flat_55_fafafa_40x100.png HTTP/1.1" 404 1097
190.171.142.10 - - [24/May/2023:15:02:11 -0300] "GET /cormun/servlet/solicitudot?d2a1e8ad330f2e3f42f756fbbee07be89a7e58e4f96b0386c3337057235678f084df5b57c369da64b8eb1222ee0c42c16161030d1db8b2850f871a23bfb664dfd99bd0222c449de25a58c95e249e772227de78ddcf4cb22e9f95e7f198cefa9d1640c9842e10dc03856a83fe06d7171834f95d0142e176e765ec7469797175a542355b6ca47e79a516f2b10920902c1070cd3b6283c9962223c28e9dd9f5a2d5,gx-no-cache=1684946813831 HTTP/1.1" 200 29
190.171.142.10 - - [24/May/2023:15:02:11 -0300] "GET /cormun/servlet/solicitudot?d2a1e8ad330f2e3f42f756fbbee07be83def982fae490ff1523fa4cae59efc3ace210c0127f269764b2d4914debd20a0,gx-no-cache=1684946813941 HTTP/1.1" 200 30
190.171.142.10 - - [24/May/2023:15:02:11 -0300] "POST /cormun/servlet/solicitudot?gx-no-cache=1684946813975 HTTP/1.1" 200 30
190.171.142.10 - - [24/May/2023:15:02:11 -0300] "POST /cormun/servlet/solicitudot?f44f9b439632349c0c2fcc812c440270,UPD,2023,20252,false,,gx-no-cache=1684946814045 HTTP/1.1" 200 93
190.171.142.10 - - [24/May/2023:15:02:11 -0300] "GET /cormun/servlet/hpexe_return? HTTP/1.1" 200 1014
190.171.142.10 - - [24/May/2023:15:02:11 -0300] "GET /cormun/servlet/trsolicitudot HTTP/1.1" 200 9567
190.171.142.10 - - [24/May/2023:15:02:11 -0300] "GET /cormun/servlet/trsolicitudot HTTP/1.1" 200 9562
192.168.10.17 - - [24/May/2023:15:02:24 -0300] "POST /cormun/servlet/vesolicitudgral?67d81d3b0ec37768735fb8ad5a5b8ae2,2023,20227,,,gx-no-cache=1684950363319 HTTP/1.1" 200 12393
45.61.185.123 - - [24/May/2023:15:02:35 -0300] "CONNECT www.baidu.com:443 HTTP/1.1" 400 -
190.171.152.242 - - [24/May/2023:15:02:43 -0300] "GET /cormun/servlet/solicitudotadjuntos?INS,2023,20251,,1, HTTP/1.1" 200 6049
190.171.152.242 - - [24/May/2023:15:02:44 -0300] "GET /cormun/static/about:blank HTTP/1.1" 404 1011
190.171.152.242 - - [24/May/2023:15:02:44 -0300] "GET /cormun/servlet/solicitudotadjuntos?INS,2023,20251,,1, HTTP/1.1" 200 6042
190.171.152.242 - - [24/May/2023:15:02:44 -0300] "GET /cormun/servlet/solicitudotadjuntos?5fd39ac8ff442f81b80cf2395ea839cace6a32d9fad30b7264df1a09d70c180087a154f0f7d5606964fc493a8893129c,gx-no-cache=1684950434905 HTTP/1.1" 200 30
190.171.152.242 - - [24/May/2023:15:02:44 -0300] "POST /cormun/servlet/solicitudotadjuntos?f1a61f765eaafe8a2774a06ec8be3240,INS,2023,20251,,1,,gx-no-cache=1684950434918 HTTP/1.1" 200 3875
190.171.152.242 - - [24/May/2023:15:02:48 -0300] "POST /cormun/servlet/solicitudotadjuntos?gx-no-cache=1684950438351 HTTP/1.1" 200 26
190.171.152.242 - - [24/May/2023:15:03:01 -0300] "GET /cormun/servlet/solicitudotadjuntos?5fd39ac8ff442f81b80cf2395ea839ca4999a7c4034bfd07683483dfca9c92b2,gx-no-cache=1684950451718 HTTP/1.1" 200 30
190.171.152.242 - - [24/May/2023:15:03:01 -0300] "GET /cormun/servlet/solicitudotadjuntos?5fd39ac8ff442f81b80cf2395ea839ca4999a7c4034bfd07683483dfca9c92b2,gx-no-cache=1684950451730 HTTP/1.1" 200 30
190.171.152.242 - - [24/May/2023:15:03:01 -0300] "POST /cormun/servlet/solicitudotadjuntos?f1a61f765eaafe8a2774a06ec8be3240,INS,2023,20251,,1, HTTP/1.1" 200 116
190.171.152.242 - - [24/May/2023:15:03:01 -0300] "GET /cormun/servlet/hpexe_return? HTTP/1.1" 200 1024
190.171.152.242 - - [24/May/2023:15:03:01 -0300] "GET /cormun/servlet/trsolicitudadjuntos?2023,20251, HTTP/1.1" 200 9542
190.171.152.242 - - [24/May/2023:15:03:02 -0300] "GET /cormun/servlet/trsolicitudadjuntos?2023,20251, HTTP/1.1" 200 9542
190.171.152.242 - - [24/May/2023:15:03:43 -0300] "GET /cormun/servlet/trsolicitudot? HTTP/1.1" 200 8607
190.171.152.242 - - [24/May/2023:15:03:43 -0300] "GET /cormun/servlet/trsolicitudot? HTTP/1.1" 200 8601
190.171.152.242 - - [24/May/2023:15:03:46 -0300] "POST /cormun/servlet/trsolicitudot?f1a61f765eaafe8a2774a06ec8be3240,,gx-no-cache=1684950496735 HTTP/1.1" 200 5890
190.171.152.242 - - [24/May/2023:15:03:46 -0300] "GET /cormun/static/Shared/jqueryui/images/ui-icons_82798d_256x240.png HTTP/1.1" 404 1089
190.171.152.242 - - [24/May/2023:15:03:46 -0300] "GET /cormun/static/Shared/jqueryui/images/ui-bg_highlight-soft_100_c6c2c8_1x100.png HTTP/1.1" 404 1117
190.171.152.242 - - [24/May/2023:15:03:46 -0300] "GET /cormun/static/Shared/jqueryui/images/ui-icons_8d78a5_256x240.png HTTP/1.1" 404 1089
190.171.152.242 - - [24/May/2023:15:03:46 -0300] "GET /cormun/static/Shared/jqueryui/images/ui-bg_flat_55_fafafa_40x100.png HTTP/1.1" 404 1097
190.171.142.10 - - [24/May/2023:15:04:51 -0300] "POST /cormun/servlet/trsolicitudot?f44f9b439632349c0c2fcc812c440270,gx-no-cache=1684946974229 HTTP/1.1" 200 6473
190.171.142.10 - - [24/May/2023:15:04:51 -0300] "GET /cormun/static/Shared/jqueryui/images/ui-bg_highlight-soft_100_c6c2c8_1x100.png HTTP/1.1" 404 1117
190.171.142.10 - - [24/May/2023:15:04:51 -0300] "GET /cormun/static/Shared/jqueryui/images/ui-icons_82798d_256x240.png HTTP/1.1" 404 1089
190.171.142.10 - - [24/May/2023:15:04:51 -0300] "GET /cormun/static/Shared/jqueryui/images/ui-bg_flat_55_fafafa_40x100.png HTTP/1.1" 404 1097
190.171.142.10 - - [24/May/2023:15:04:51 -0300] "GET /cormun/static/Shared/jqueryui/images/ui-icons_8d78a5_256x240.png HTTP/1.1" 404 1089
190.171.142.10 - - [24/May/2023:15:04:51 -0300] "POST /cormun/servlet/trsolicitudot?f44f9b439632349c0c2fcc812c440270,gx-no-cache=1684946974504 HTTP/1.1" 200 6416
190.171.142.10 - - [24/May/2023:15:04:52 -0300] "POST /cormun/servlet/trsolicitudot?f44f9b439632349c0c2fcc812c440270,gx-no-cache=1684946975566 HTTP/1.1" 200 6086
190.171.142.10 - - [24/May/2023:15:04:53 -0300] "POST /cormun/servlet/trsolicitudot?f44f9b439632349c0c2fcc812c440270,gx-no-cache=1684946975741 HTTP/1.1" 200 6028
190.171.142.10 - - [24/May/2023:15:04:54 -0300] "POST /cormun/servlet/trsolicitudot?f44f9b439632349c0c2fcc812c440270,gx-no-cache=1684946976742 HTTP/1.1" 200 4850
190.171.142.10 - - [24/May/2023:15:04:54 -0300] "POST /cormun/servlet/trsolicitudot?f44f9b439632349c0c2fcc812c440270,gx-no-cache=1684946976919 HTTP/1.1" 200 4604
190.171.142.10 - - [24/May/2023:15:04:56 -0300] "GET /cormun/servlet/trautorizarsolicitud? HTTP/1.1" 200 9459
190.171.142.10 - - [24/May/2023:15:04:56 -0300] "GET /cormun/servlet/trautorizarsolicitud? HTTP/1.1" 200 9458
190.171.142.10 - - [24/May/2023:15:04:59 -0300] "POST /cormun/servlet/trautorizarsolicitud?f44f9b439632349c0c2fcc812c440270,,gx-no-cache=1684946982554 HTTP/1.1" 200 6403
190.171.142.10 - - [24/May/2023:15:04:59 -0300] "GET /cormun/static/Shared/jqueryui/images/ui-bg_highlight-soft_100_c6c2c8_1x100.png HTTP/1.1" 404 1117
190.171.142.10 - - [24/May/2023:15:04:59 -0300] "GET /cormun/static/Shared/jqueryui/images/ui-icons_82798d_256x240.png HTTP/1.1" 404 1089
190.171.142.10 - - [24/May/2023:15:04:59 -0300] "GET /cormun/static/Shared/jqueryui/images/ui-bg_flat_55_fafafa_40x100.png HTTP/1.1" 404 1097
190.171.142.10 - - [24/May/2023:15:04:59 -0300] "GET /cormun/static/Shared/jqueryui/images/ui-icons_8d78a5_256x240.png HTTP/1.1" 404 1089
190.171.142.10 - - [24/May/2023:15:05:00 -0300] "POST /cormun/servlet/trautorizarsolicitud?f44f9b439632349c0c2fcc812c440270,,gx-no-cache=1684946982758 HTTP/1.1" 200 6347
190.171.142.10 - - [24/May/2023:15:05:00 -0300] "POST /cormun/servlet/trautorizarsolicitud?f44f9b439632349c0c2fcc812c440270,,gx-no-cache=1684946983351 HTTP/1.1" 200 6014
190.171.142.10 - - [24/May/2023:15:05:00 -0300] "POST /cormun/servlet/trautorizarsolicitud?f44f9b439632349c0c2fcc812c440270,,gx-no-cache=1684946983585 HTTP/1.1" 200 5959
190.171.142.10 - - [24/May/2023:15:05:01 -0300] "POST /cormun/servlet/trautorizarsolicitud?f44f9b439632349c0c2fcc812c440270,,gx-no-cache=1684946984315 HTTP/1.1" 200 4783
190.171.142.10 - - [24/May/2023:15:05:01 -0300] "POST /cormun/servlet/trautorizarsolicitud?f44f9b439632349c0c2fcc812c440270,,gx-no-cache=1684946984480 HTTP/1.1" 200 4536
190.171.152.242 - - [24/May/2023:15:05:24 -0300] "GET /cormun/servlet/hlogin HTTP/1.1" 200 1738
186.11.82.220 - - [24/May/2023:15:05:55 -0300] "GET /cormun/servlet/hlogin HTTP/1.1" 200 1722
186.11.82.220 - - [24/May/2023:15:05:56 -0300] "GET /cormun/servlet/hlogin HTTP/1.1" 200 1732
186.11.82.220 - - [24/May/2023:15:06:04 -0300] "POST /cormun/servlet/hlogin?e706f22153ac3dbdcab4b06f1b701fea,gx-no-cache=1684947161181 HTTP/1.1" 200 90
186.11.82.220 - - [24/May/2023:15:06:04 -0300] "GET /cormun/servlet/hpexe_link HTTP/1.1" 200 952
186.11.82.220 - - [24/May/2023:15:06:04 -0300] "GET /cormun/servlet/hhome HTTP/1.1" 200 4280
186.11.82.220 - - [24/May/2023:15:06:05 -0300] "GET /cormun/servlet/hhome HTTP/1.1" 200 4276
186.11.82.220 - - [24/May/2023:15:06:10 -0300] "GET /cormun/servlet/trsolicitudot? HTTP/1.1" 200 8915
186.11.82.220 - - [24/May/2023:15:06:11 -0300] "GET /cormun/servlet/trsolicitudot? HTTP/1.1" 200 8913
186.11.82.220 - - [24/May/2023:15:06:30 -0300] "POST /cormun/servlet/trsolicitudot?e706f22153ac3dbdcab4b06f1b701fea,,gx-no-cache=1684947187617 HTTP/1.1" 200 6070
192.168.10.17 - - [24/May/2023:15:07:33 -0300] "GET /cormun/servlet/trsolicitudgral? HTTP/1.1" 200 10421
192.168.10.17 - - [24/May/2023:15:07:33 -0300] "GET /cormun/servlet/trsolicitudgral? HTTP/1.1" 200 10420
192.168.10.17 - - [24/May/2023:15:07:38 -0300] "POST /cormun/servlet/trsolicitudgral?67d81d3b0ec37768735fb8ad5a5b8ae2,,gx-no-cache=1684950677674 HTTP/1.1" 200 8628
190.171.141.90 - - [24/May/2023:15:12:19 -0300] "POST /cormun/servlet/trlicencias?24bb657557370d72175b40a54afeda19,gx-no-cache=1684951039917 HTTP/1.1" 200 13284
190.171.144.234 - - [24/May/2023:15:18:25 -0300] "GET /cormun/servlet/hlogin HTTP/1.1" 200 1726
190.171.144.234 - - [24/May/2023:15:18:25 -0300] "GET /cormun/servlet/hlogin HTTP/1.1" 200 1735
198.144.159.126 - - [24/May/2023:15:18:36 -0300] "CONNECT cn.bing.com:443 HTTP/1.1" 400 -
190.171.142.42 - - [24/May/2023:15:19:42 -0300] "GET /cormun/servlet/hlogin HTTP/1.1" 200 1721
190.171.142.42 - - [24/May/2023:15:19:42 -0300] "GET /cormun/servlet/hlogin HTTP/1.1" 200 1731
190.171.142.42 - - [24/May/2023:15:19:50 -0300] "POST /cormun/servlet/hlogin?72d36df87e679cda01ecf2f5506ee576,gx-no-cache=1684951458067 HTTP/1.1" 200 90
190.171.142.42 - - [24/May/2023:15:19:50 -0300] "GET /cormun/servlet/hpexe_link HTTP/1.1" 200 950
190.171.142.42 - - [24/May/2023:15:19:50 -0300] "GET /cormun/servlet/hhome HTTP/1.1" 200 4267
190.171.142.42 - - [24/May/2023:15:19:50 -0300] "GET /cormun/servlet/hhome HTTP/1.1" 200 4263
190.171.142.42 - - [24/May/2023:15:19:53 -0300] "GET /cormun/servlet/trlicencias? HTTP/1.1" 200 13336
190.171.142.42 - - [24/May/2023:15:19:53 -0300] "GET /cormun/servlet/trlicencias? HTTP/1.1" 200 13333
190.171.142.42 - - [24/May/2023:15:20:06 -0300] "GET /cormun/servlet/hlogin HTTP/1.1" 200 1740
190.95.15.9 - - [24/May/2023:15:21:01 -0300] "GET /cormun/servlet/hlogin HTTP/1.1" 200 1723
190.95.15.9 - - [24/May/2023:15:21:01 -0300] "GET /cormun/static/gxcfg.js?2022112219184450 HTTP/1.1" 200 953
190.95.15.9 - - [24/May/2023:15:21:01 -0300] "GET /cormun/static/hlogin.js?2022112219184458 HTTP/1.1" 200 2156
190.95.15.9 - - [24/May/2023:15:21:01 -0300] "GET /cormun/static/Resources/Spanish/PXTools.css?1759030 HTTP/1.1" 200 100853
190.95.15.9 - - [24/May/2023:15:21:01 -0300] "GET /cormun/static/Resources/CormunLogin.png HTTP/1.1" 200 19132
190.95.15.9 - - [24/May/2023:15:21:01 -0300] "GET /cormun/servlet/hlogin HTTP/1.1" 200 1734
190.95.15.9 - - [24/May/2023:15:21:07 -0300] "POST /cormun/servlet/hlogin?c2b854c9862b5bf3fff7cd350fe95965,gx-no-cache=1684951534813 HTTP/1.1" 200 90
190.95.15.9 - - [24/May/2023:15:21:07 -0300] "GET /cormun/servlet/hpexe_link HTTP/1.1" 200 954
190.95.15.9 - - [24/May/2023:15:21:07 -0300] "GET /cormun/static/gxcfg.js?20221129847421 HTTP/1.1" 200 953
190.95.15.9 - - [24/May/2023:15:21:07 -0300] "GET /cormun/static/hpexe_link.js?20221129847423 HTTP/1.1" 200 625
190.95.15.9 - - [24/May/2023:15:21:07 -0300] "GET /cormun/servlet/hhome HTTP/1.1" 200 4209
190.95.15.9 - - [24/May/2023:15:21:07 -0300] "GET /cormun/static/hwchdr01.js?2022112219251119 HTTP/1.1" 200 996
190.95.15.9 - - [24/May/2023:15:21:07 -0300] "GET /cormun/static/hpexe_messagecontroller.js?202211298371222 HTTP/1.1" 200 870
190.95.15.9 - - [24/May/2023:15:21:07 -0300] "GET /cormun/static/hpexe_messagegenexuscomponent.js?20221129836373 HTTP/1.1" 200 587
190.95.15.9 - - [24/May/2023:15:21:07 -0300] "GET /cormun/static/Resources/CormunMP2.png HTTP/1.1" 200 6878
190.95.15.9 - - [24/May/2023:15:21:07 -0300] "GET /cormun/static/hmpwkw03.js?20221129844354 HTTP/1.1" 200 3971
190.95.15.9 - - [24/May/2023:15:21:07 -0300] "GET /cormun/servlet/hhome HTTP/1.1" 200 4205
190.95.15.9 - - [24/May/2023:15:21:12 -0300] "GET /cormun/servlet/trlicencias? HTTP/1.1" 200 11762
190.95.15.9 - - [24/May/2023:15:21:13 -0300] "GET /cormun/servlet/trlicencias? HTTP/1.1" 200 11756
190.95.15.9 - - [24/May/2023:15:21:20 -0300] "POST /cormun/servlet/trlicencias?c2b854c9862b5bf3fff7cd350fe95965,,gx-no-cache=1684951548248 HTTP/1.1" 200 9361
190.95.15.9 - - [24/May/2023:15:21:27 -0300] "GET /cormun/servlet/licenciaspermisos?INS,0,,, HTTP/1.1" 200 7825
190.95.15.9 - - [24/May/2023:15:21:27 -0300] "GET /cormun/static/gxcfg.js?202012153173 HTTP/1.1" 200 953
190.95.15.9 - - [24/May/2023:15:21:27 -0300] "GET /cormun/static/Resources/prompt.gif HTTP/1.1" 200 902
190.95.15.9 - - [24/May/2023:15:21:27 -0300] "GET /cormun/static/licenciaspermisos.js?2020121532136 HTTP/1.1" 200 38753
190.95.15.9 - - [24/May/2023:15:21:27 -0300] "GET /cormun/servlet/licenciaspermisos?INS,0,,, HTTP/1.1" 200 7833
190.95.15.9 - - [24/May/2023:15:21:58 -0300] "POST /cormun/servlet/licenciaspermisos?c2b854c9862b5bf3fff7cd350fe95965,INS,0,,,,gx-no-cache=1684951586044 HTTP/1.1" 200 5357
190.95.15.9 - - [24/May/2023:15:21:58 -0300] "GET /cormun/static/Shared/jqueryui/images/ui-bg_highlight-soft_100_c6c2c8_1x100.png HTTP/1.1" 404 1117
190.95.15.9 - - [24/May/2023:15:21:58 -0300] "GET /cormun/static/Shared/jqueryui/images/ui-icons_82798d_256x240.png HTTP/1.1" 404 1089
190.95.15.9 - - [24/May/2023:15:21:58 -0300] "GET /cormun/static/Shared/jqueryui/images/ui-bg_flat_55_994d53_40x100.png HTTP/1.1" 404 1097
190.95.15.9 - - [24/May/2023:15:21:58 -0300] "GET /cormun/static/Shared/jqueryui/images/ui-icons_ebccce_256x240.png HTTP/1.1" 404 1089
190.171.154.42 - - [24/May/2023:15:22:00 -0300] "GET /cormun/servlet/solicitudot?74d6a4fc136b7fc214cbcde7685d82212722cbf12569ea5f6f0da1b43d7b1e2775c2e092ac46fc183381abf249982cd80da6b61ee1f646194d890b4248e6cad906719ccc26542748104c442971474877c41e8ca621c8e37bb7265484a68b00286c75b7661283a46759604d1f166089e89268a235983f63fadee1adb033f83b837231b094e851b1d183da2c628b9f44752e56a4a5c99803b5fdbd19caf0b4f8fbe2fe30970747bfaad19b99db194533c1da46e57c3a3ff3f222fd9ed163dfa4abb092a4c6e5279670fb1e4d49670963ae93a97a57a498381218b9c7a6c06df110300a365b6cf3ed3bd8a79a9826f433f067e0e5d8f1c7b681a0c59dd8c1fc0616f4f21c6d85da01facdf74dbc2273b2d01ea6df70de7f92839be09e3269ab8069a254c8d52e329ed7eb17ef2c7e78dc009260dc187d3b7ac52f7b150112a5862b17edac50619c508359a49f70dc55fc6a061328b690414cfa9fafe7a7cb4507cec6d706269cbd5d49a66bd0c0ef911aa740006be2cb14d7be1d0e7cf40f5b0f88,gx-no-cache=1684951589833 HTTP/1.1" 440 972
190.171.154.42 - - [24/May/2023:15:22:02 -0300] "POST /cormun/servlet/solicitudot?gx-no-cache=1684951592457 HTTP/1.1" 440 972
190.171.154.42 - - [24/May/2023:15:22:02 -0300] "GET /cormun/servlet/solicitudot?INS,0,0,false, HTTP/1.1" 200 15003
190.171.154.42 - - [24/May/2023:15:22:03 -0300] "POST /cormun/servlet/solicitudot?gx-no-cache=1684951593480 HTTP/1.1" 440 972
190.171.154.42 - - [24/May/2023:15:22:04 -0300] "GET /cormun/servlet/solicitudot?INS,0,0,false, HTTP/1.1" 200 15003
190.171.154.42 - - [24/May/2023:15:22:04 -0300] "POST /cormun/servlet/solicitudot?gx-no-cache=1684951594342 HTTP/1.1" 440 972
190.171.154.42 - - [24/May/2023:15:22:04 -0300] "GET /cormun/servlet/solicitudot?INS,0,0,false, HTTP/1.1" 200 15003
190.171.154.42 - - [24/May/2023:15:22:05 -0300] "GET /cormun/servlet/solicitudot?74d6a4fc136b7fc214cbcde7685d822131f8e280f98e3e3183d0b31062abde40be62527c6242b18d4dd06882377443f78e87af84d39bd54cf0e44c5d96b7dc2825d7e92f9202af9a3f77ed213fe3218f15fdd95c7bc15ad5961126542bb25ea8d4e9a48da2f9c06d5494c94321762110,gx-no-cache=1684951594944 HTTP/1.1" 440 972
190.171.154.42 - - [24/May/2023:15:22:05 -0300] "GET /cormun/servlet/solicitudot?INS,0,0,false, HTTP/1.1" 200 15003
190.171.154.42 - - [24/May/2023:15:22:08 -0300] "GET /cormun/servlet/hlogin HTTP/1.1" 200 1737
190.171.154.42 - - [24/May/2023:15:22:08 -0300] "GET /cormun/servlet/solicitudot?INS,0,0,false, HTTP/1.1" 200 15003
191.125.7.247 - - [24/May/2023:15:22:11 -0300] "GET /cormun/servlet/hlogin HTTP/1.1" 200 1721
191.125.7.247 - - [24/May/2023:15:22:12 -0300] "GET /cormun/static/gxtimezone.js?85251 HTTP/1.1" 200 5781
191.125.7.247 - - [24/May/2023:15:22:12 -0300] "GET /cormun/static/gxcfg.js?2022112219184450 HTTP/1.1" 200 953
191.125.7.247 - - [24/May/2023:15:22:12 -0300] "GET /cormun/static/Resources/Spanish/PXTools.css?1759030 HTTP/1.1" 200 100853
191.125.7.247 - - [24/May/2023:15:22:12 -0300] "GET /cormun/static/messages.spa.js?85251 HTTP/1.1" 200 30736
191.125.7.247 - - [24/May/2023:15:22:12 -0300] "GET /cormun/static/hlogin.js?2022112219184458 HTTP/1.1" 200 2156
191.125.7.247 - - [24/May/2023:15:22:12 -0300] "GET /cormun/static/gxgral.js?85251 HTTP/1.1" 200 384558
191.125.7.247 - - [24/May/2023:15:22:12 -0300] "GET /cormun/static/Resources/CormunLogin.png HTTP/1.1" 200 19132
191.125.7.247 - - [24/May/2023:15:22:12 -0300] "GET /cormun/static/Resources/PXToolsLoginTop.png HTTP/1.1" 200 1337
191.125.7.247 - - [24/May/2023:15:22:12 -0300] "GET /cormun/static/Resources/PXToolsLoginBackground.png HTTP/1.1" 200 1164
191.125.7.247 - - [24/May/2023:15:22:12 -0300] "GET /cormun/static/Resources/PXToolsButtonRight.png HTTP/1.1" 200 1294
191.125.7.247 - - [24/May/2023:15:22:12 -0300] "GET /cormun/static/Resources/PXToolsButtonLeft.png HTTP/1.1" 200 1310
191.125.7.247 - - [24/May/2023:15:22:12 -0300] "GET /cormun/static/Resources/PXToolsLoginBottom.png HTTP/1.1" 200 1389
191.125.7.247 - - [24/May/2023:15:22:12 -0300] "GET /cormun/static/Resources/PXToolsButtonBackground.png HTTP/1.1" 200 1176
191.125.7.247 - - [24/May/2023:15:22:12 -0300] "GET /cormun/servlet/hlogin HTTP/1.1" 200 1732
191.125.7.247 - - [24/May/2023:15:22:12 -0300] "GET /cormun/static/Resources/indicator.gif HTTP/1.1" 200 1553
191.125.7.247 - - [24/May/2023:15:22:12 -0300] "GET /favicon.ico HTTP/1.1" 200 21630
190.171.154.42 - - [24/May/2023:15:22:19 -0300] "POST /cormun/servlet/hlogin?d0956d800c5a6e87b8488caf30bc53b5,gx-no-cache=1684951609435 HTTP/1.1" 200 90
190.171.154.42 - - [24/May/2023:15:22:19 -0300] "GET /cormun/servlet/hpexe_link HTTP/1.1" 200 954
190.171.154.42 - - [24/May/2023:15:22:20 -0300] "GET /cormun/servlet/solicitudot?INS,0,0,false, HTTP/1.1" 200 15950
190.171.154.42 - - [24/May/2023:15:22:20 -0300] "GET /cormun/servlet/solicitudot?INS,0,0,false, HTTP/1.1" 200 15958
190.95.15.9 - - [24/May/2023:15:23:04 -0300] "GET /cormun/servlet/licenciaspermisos?91654f6fea41a80ef51930274ff79be19db116bd5feb4932ab42befafeefa9130dec8b750501ac497b788d4d62a42ecfac03d97a38f635e0b5c8d04cdaa4f4f2763da1326a359958431d99c4c28655e53ad2fcba15edca433fdc8c4bd0c56a8048bedd23b96e264d877288d5e187836a763da1326a359958431d99c4c28655e53ad2fcba15edca433fdc8c4bd0c56a80ac03d97a38f635e0b5c8d04cdaa4f4f2588a0fcec054e25c11fb816d949b4bf81e08548391823d97b24287fea7f520a28fe1ce80982d59aae2b494af68fc13c6e71cc10bf22b08c2e6e6bd9d028aa64f3ea0cb3a1f35fdafb57a7261968c5fa0,gx-no-cache=1684951651952 HTTP/1.1" 200 84
190.95.15.9 - - [24/May/2023:15:23:04 -0300] "POST /cormun/servlet/licenciaspermisos?c2b854c9862b5bf3fff7cd350fe95965,INS,0,,,,gx-no-cache=1684951652372 HTTP/1.1" 200 5123
190.95.15.9 - - [24/May/2023:15:23:25 -0300] "GET /cormun/static/menuarrow.gif HTTP/1.1" 404 1015
190.95.15.9 - - [24/May/2023:15:26:44 -0300] "GET /cormun/servlet/licenciaspermisos?91654f6fea41a80ef51930274ff79be15d0aab0256f1775252b90fef8ec5e51b8362a3cc13fbe22724ccc5debd47bacab2e308baad6417b5f76b8ddf3aff695e6600866b28703c59526c6f8f85bed67a255b7f92036f808bc2e36d98a35dd348d07ed772623f3f672cfaa5ddbc4dd856571010d625aef48baf086a71721561c97b324129e54028321994ac1859cfbac210aae32b44ca2da8911a8b05f73248a904a153a98091b219cc9cd788d50325ca3912e39c94789da974850b859a6fcb2e23edcdefcf7e44f6e72dccf489d10626be59271ae2908a11f42f51cc1d08ad7f,gx-no-cache=1684951872539 HTTP/1.1" 200 30
190.95.15.9 - - [24/May/2023:15:26:44 -0300] "GET /cormun/servlet/licenciaspermisos?91654f6fea41a80ef51930274ff79be127723d84e7893c5d4ab8dbeae67993853ff951151acc72f3dcb35166c8c7533a9e431843b5afb2fbb5b0567db2c2474da4836d38cd58a92597ce4e49da5edd7b2742b5ff94542e75465c367dbd822c40970b54bfa32d71db27b81f76da523d69b4620cb07511a72a95f3e8877348db306c67fa561004c5699947faadaf9ce18d8c19b9dca7958bc9ed1f0e5ef2ebb3f765d831f4b726960de42ed73ba8086f4634281b8f0c05525fbf517d85c386cd0ee3fe3b5ae72b607966eac9460771975c0508dc231c35ee1d3d0321e1df9720c3,gx-no-cache=1684951872587 HTTP/1.1" 200 29
190.95.15.9 - - [24/May/2023:15:26:45 -0300] "POST /cormun/servlet/licenciaspermisos?c2b854c9862b5bf3fff7cd350fe95965,INS,0,,,,gx-no-cache=1684951872617 HTTP/1.1" 200 93
190.95.15.9 - - [24/May/2023:15:26:45 -0300] "GET /cormun/servlet/hpexe_return? HTTP/1.1" 200 1014
190.95.15.9 - - [24/May/2023:15:26:45 -0300] "GET /cormun/static/gxcfg.js?20221129846035 HTTP/1.1" 200 953
190.95.15.9 - - [24/May/2023:15:26:45 -0300] "GET /cormun/static/hpexe_return.js?20221129846037 HTTP/1.1" 200 1633
190.95.15.9 - - [24/May/2023:15:26:45 -0300] "GET /cormun/servlet/trlicencias? HTTP/1.1" 200 12372
190.95.15.9 - - [24/May/2023:15:26:46 -0300] "GET /cormun//static/Resources/PXToolsGridUpdate.png HTTP/1.1" 200 470
190.95.15.9 - - [24/May/2023:15:26:46 -0300] "GET /cormun//static/Resources/PXToolsGridDelete.png HTTP/1.1" 200 538
190.95.15.9 - - [24/May/2023:15:26:46 -0300] "GET /cormun/servlet/trlicencias? HTTP/1.1" 200 12351
190.95.15.9 - - [24/May/2023:15:26:51 -0300] "GET /cormun/servlet/licenciaspermisos?UPD,19854162,L,20230524000000, HTTP/1.1" 200 8011
190.95.15.9 - - [24/May/2023:15:26:52 -0300] "GET /cormun/servlet/licenciaspermisos?UPD,19854162,L,20230524000000, HTTP/1.1" 200 8030
