138.68.224.69 - - [22/May/2023:09:18:53 -0300] "GET /manager/html HTTP/1.1" 401 2474
138.68.224.69 - - [22/May/2023:09:19:13 -0300] "GET /manager/html HTTP/1.1" 401 2474
138.68.224.69 - - [22/May/2023:09:19:33 -0300] "GET /manager/html HTTP/1.1" 401 2474
138.68.224.69 - - [22/May/2023:09:19:53 -0300] "GET /manager/html HTTP/1.1" 401 2474
138.68.224.69 - - [22/May/2023:09:20:13 -0300] "GET /manager/html HTTP/1.1" 401 2474
138.68.224.69 - - [22/May/2023:09:20:33 -0300] "GET /manager/html HTTP/1.1" 401 2474
138.68.224.69 - - [22/May/2023:09:20:53 -0300] "GET /manager/html HTTP/1.1" 401 2474
138.68.224.69 - - [22/May/2023:09:21:14 -0300] "GET /manager/html HTTP/1.1" 401 2474
138.68.224.69 - - [22/May/2023:09:21:34 -0300] "GET /manager/html HTTP/1.1" 401 2474
138.68.224.69 - - [22/May/2023:09:21:54 -0300] "GET /manager/html HTTP/1.1" 401 2474
190.95.15.15 - - [22/May/2023:09:22:14 -0300] "GET /cormun/servlet/hlogin HTTP/1.1" 200 1726
190.95.15.15 - - [22/May/2023:09:22:14 -0300] "GET /cormun/servlet/hlogin HTTP/1.1" 200 1736
138.68.224.69 - - [22/May/2023:09:22:15 -0300] "GET /manager/html HTTP/1.1" 401 2474
190.95.15.15 - - [22/May/2023:09:22:22 -0300] "POST /cormun/servlet/hlogin?25d02f9dbaf0670472fdf300bd8598df,gx-no-cache=1684757213736 HTTP/1.1" 200 90
190.95.15.15 - - [22/May/2023:09:22:22 -0300] "GET /cormun/servlet/hpexe_link HTTP/1.1" 200 953
190.95.15.15 - - [22/May/2023:09:22:22 -0300] "GET /cormun/servlet/hhome HTTP/1.1" 200 3953
190.95.15.15 - - [22/May/2023:09:22:22 -0300] "GET /cormun/servlet/hhome HTTP/1.1" 200 3950
138.68.224.69 - - [22/May/2023:09:22:36 -0300] "GET /manager/html HTTP/1.1" 401 2474
190.95.15.15 - - [22/May/2023:09:22:40 -0300] "GET /cormun/servlet/trlicencias? HTTP/1.1" 200 13459
190.95.15.15 - - [22/May/2023:09:22:41 -0300] "GET /cormun/servlet/trlicencias? HTTP/1.1" 200 13425
138.68.224.69 - - [22/May/2023:09:22:56 -0300] "GET /manager/html HTTP/1.1" 401 2474
138.68.224.69 - - [22/May/2023:09:23:16 -0300] "GET /manager/html HTTP/1.1" 401 2474
138.68.224.69 - - [22/May/2023:09:23:37 -0300] "GET /manager/html HTTP/1.1" 401 2474
138.68.224.69 - - [22/May/2023:09:23:57 -0300] "GET /manager/html HTTP/1.1" 401 2474
190.171.141.114 - - [22/May/2023:09:24:18 -0300] "GET /cormun/servlet/hlogin HTTP/1.1" 200 1717
190.171.141.114 - - [22/May/2023:09:24:18 -0300] "GET /cormun/servlet/hlogin HTTP/1.1" 200 1728
138.68.224.69 - - [22/May/2023:09:24:18 -0300] "GET /manager/html HTTP/1.1" 401 2474
190.171.141.114 - - [22/May/2023:09:24:26 -0300] "POST /cormun/servlet/hlogin?f9bded4b50c73e62e0897a4f557b16a2,gx-no-cache=1684757334751 HTTP/1.1" 200 440
190.171.141.114 - - [22/May/2023:09:24:32 -0300] "POST /cormun/servlet/hlogin?f9bded4b50c73e62e0897a4f557b16a2,gx-no-cache=1684757340692 HTTP/1.1" 200 440
138.68.224.69 - - [22/May/2023:09:24:38 -0300] "GET /manager/html HTTP/1.1" 401 2474
190.171.141.114 - - [22/May/2023:09:24:41 -0300] "POST /cormun/servlet/hlogin?f9bded4b50c73e62e0897a4f557b16a2,gx-no-cache=1684757350140 HTTP/1.1" 200 90
190.171.141.114 - - [22/May/2023:09:24:41 -0300] "GET /cormun/servlet/hpexe_link HTTP/1.1" 200 947
190.171.141.114 - - [22/May/2023:09:24:41 -0300] "GET /cormun/servlet/hhome HTTP/1.1" 200 3998
190.171.141.114 - - [22/May/2023:09:24:41 -0300] "GET /cormun/servlet/hhome HTTP/1.1" 200 3994
190.171.141.114 - - [22/May/2023:09:24:44 -0300] "GET /cormun/servlet/trlicencias? HTTP/1.1" 200 11804
190.171.141.114 - - [22/May/2023:09:24:44 -0300] "GET /cormun/static/gxcfg.js?202211298463625 HTTP/1.1" 200 953
190.171.141.114 - - [22/May/2023:09:24:44 -0300] "GET /cormun/static/trlicencias.js?202211298463889 HTTP/1.1" 200 41883
190.171.141.114 - - [22/May/2023:09:24:44 -0300] "GET /cormun/servlet/trlicencias? HTTP/1.1" 200 11803
138.68.224.69 - - [22/May/2023:09:24:59 -0300] "GET /manager/html HTTP/1.1" 401 2474
138.68.224.69 - - [22/May/2023:09:25:19 -0300] "GET /manager/html HTTP/1.1" 401 2474
138.68.224.69 - - [22/May/2023:09:25:39 -0300] "GET /manager/html HTTP/1.1" 401 2474
138.68.224.69 - - [22/May/2023:09:25:59 -0300] "GET /manager/html HTTP/1.1" 401 2474
138.68.224.69 - - [22/May/2023:09:26:19 -0300] "GET /manager/html HTTP/1.1" 401 2474
138.68.224.69 - - [22/May/2023:09:26:40 -0300] "GET /manager/html HTTP/1.1" 401 2474
138.68.224.69 - - [22/May/2023:09:27:00 -0300] "GET /manager/html HTTP/1.1" 401 2474
138.68.224.69 - - [22/May/2023:09:27:20 -0300] "GET /manager/html HTTP/1.1" 401 2474
184.105.247.242 - - [22/May/2023:09:27:40 -0300] "-" 400 -
138.68.224.69 - - [22/May/2023:09:27:40 -0300] "GET /manager/html HTTP/1.1" 401 2474
138.68.224.69 - - [22/May/2023:09:28:01 -0300] "GET /manager/html HTTP/1.1" 401 2474
138.68.224.69 - - [22/May/2023:09:28:21 -0300] "GET /manager/html HTTP/1.1" 401 2474
138.68.224.69 - - [22/May/2023:09:28:41 -0300] "GET /manager/html HTTP/1.1" 401 2474
138.68.224.69 - - [22/May/2023:09:29:01 -0300] "GET /manager/html HTTP/1.1" 401 2474
138.68.224.69 - - [22/May/2023:09:29:21 -0300] "GET /manager/html HTTP/1.1" 401 2474
138.68.224.69 - - [22/May/2023:09:29:41 -0300] "GET /manager/html HTTP/1.1" 401 2474
138.68.224.69 - - [22/May/2023:09:30:02 -0300] "GET /manager/html HTTP/1.1" 401 2474
138.68.224.69 - - [22/May/2023:09:30:22 -0300] "GET /manager/html HTTP/1.1" 401 2474
138.68.224.69 - - [22/May/2023:09:30:42 -0300] "GET /manager/html HTTP/1.1" 401 2474
138.68.224.69 - - [22/May/2023:09:31:02 -0300] "GET /manager/html HTTP/1.1" 401 2474
138.68.224.69 - - [22/May/2023:09:31:23 -0300] "GET /manager/html HTTP/1.1" 401 2474
138.68.224.69 - - [22/May/2023:09:31:43 -0300] "GET /manager/html HTTP/1.1" 401 2474
138.68.224.69 - - [22/May/2023:09:32:03 -0300] "GET /manager/html HTTP/1.1" 401 2474
138.68.224.69 - - [22/May/2023:09:32:23 -0300] "GET /manager/html HTTP/1.1" 401 2474
138.68.224.69 - - [22/May/2023:09:32:43 -0300] "GET /manager/html HTTP/1.1" 401 2474
138.68.224.69 - - [22/May/2023:09:33:04 -0300] "GET /manager/html HTTP/1.1" 401 2474
138.68.224.69 - - [22/May/2023:09:33:24 -0300] "GET /manager/html HTTP/1.1" 401 2474
138.68.224.69 - - [22/May/2023:09:33:44 -0300] "GET /manager/html HTTP/1.1" 401 2474
138.68.224.69 - - [22/May/2023:09:34:04 -0300] "GET /manager/html HTTP/1.1" 401 2474
138.68.224.69 - - [22/May/2023:09:34:24 -0300] "GET /manager/html HTTP/1.1" 401 2474
138.68.224.69 - - [22/May/2023:09:34:44 -0300] "GET /manager/html HTTP/1.1" 401 2474
138.68.224.69 - - [22/May/2023:09:35:04 -0300] "GET /manager/html HTTP/1.1" 401 2474
190.171.142.42 - - [22/May/2023:09:35:21 -0300] "GET /cormun/servlet/hlogin HTTP/1.1" 200 1723
190.171.142.42 - - [22/May/2023:09:35:21 -0300] "GET /cormun/static/Resources/PXToolsLoginBackground.png HTTP/1.1" 304 -
190.171.142.42 - - [22/May/2023:09:35:21 -0300] "GET /cormun/static/Resources/PXToolsLoginTop.png HTTP/1.1" 304 -
190.171.142.42 - - [22/May/2023:09:35:21 -0300] "GET /cormun/static/Resources/PXToolsButtonBackground.png HTTP/1.1" 304 -
190.171.142.42 - - [22/May/2023:09:35:21 -0300] "GET /cormun/static/Resources/PXToolsButtonLeft.png HTTP/1.1" 304 -
190.171.142.42 - - [22/May/2023:09:35:21 -0300] "GET /cormun/static/Resources/PXToolsLoginBottom.png HTTP/1.1" 304 -
190.171.142.42 - - [22/May/2023:09:35:21 -0300] "GET /cormun/static/Resources/PXToolsButtonRight.png HTTP/1.1" 304 -
190.171.142.42 - - [22/May/2023:09:35:21 -0300] "GET /cormun/static/Resources/indicator.gif HTTP/1.1" 304 -
190.171.142.42 - - [22/May/2023:09:35:21 -0300] "GET /cormun/servlet/hlogin HTTP/1.1" 200 1734
138.68.224.69 - - [22/May/2023:09:35:25 -0300] "GET /manager/html HTTP/1.1" 401 2474
190.171.142.42 - - [22/May/2023:09:35:35 -0300] "POST /cormun/servlet/hlogin?929122df9e636515bd272c07ea3b8964,gx-no-cache=1684758006593 HTTP/1.1" 200 90
190.171.142.42 - - [22/May/2023:09:35:35 -0300] "GET /cormun/servlet/hpexe_link HTTP/1.1" 200 953
190.171.142.42 - - [22/May/2023:09:35:36 -0300] "GET /cormun/servlet/hhome HTTP/1.1" 200 4269
190.171.142.42 - - [22/May/2023:09:35:36 -0300] "GET /cormun/static/Resources/ImgLogin.png HTTP/1.1" 304 -
190.171.142.42 - - [22/May/2023:09:35:36 -0300] "GET /cormun/static/Resources/Llave.png HTTP/1.1" 304 -
190.171.142.42 - - [22/May/2023:09:35:36 -0300] "GET /cormun/static/Resources/PXToolsDataTitle.png HTTP/1.1" 304 -
190.171.142.42 - - [22/May/2023:09:35:36 -0300] "GET /cormun/static/Resources/ImgHome.png HTTP/1.1" 304 -
190.171.142.42 - - [22/May/2023:09:35:36 -0300] "GET /cormun/servlet/hhome HTTP/1.1" 200 4265
190.171.142.42 - - [22/May/2023:09:35:38 -0300] "GET /cormun/servlet/trlicencias? HTTP/1.1" 200 13336
190.171.142.42 - - [22/May/2023:09:35:38 -0300] "GET /cormun/static/Resources/PXToolsGridPreviousDisabled.gif HTTP/1.1" 304 -
190.171.142.42 - - [22/May/2023:09:35:38 -0300] "GET /cormun/static/Resources/PXToolsGridFirstDisabled.gif HTTP/1.1" 304 -
190.171.142.42 - - [22/May/2023:09:35:38 -0300] "GET /cormun/static/Resources/PXToolsDataSearch.png HTTP/1.1" 304 -
190.171.142.42 - - [22/May/2023:09:35:38 -0300] "GET /cormun/static/Resources/PXToolsGridNextDisabled.gif HTTP/1.1" 304 -
190.171.142.42 - - [22/May/2023:09:35:38 -0300] "GET /cormun/static/Resources/PXTools/calendar.png HTTP/1.1" 304 -
190.171.142.42 - - [22/May/2023:09:35:38 -0300] "GET /cormun/static/Resources/PXToolsGridLastDisabled.gif HTTP/1.1" 304 -
190.171.142.42 - - [22/May/2023:09:35:38 -0300] "GET /cormun/static/Resources/PXToolsGridPage.gif HTTP/1.1" 304 -
190.171.142.42 - - [22/May/2023:09:35:38 -0300] "GET /cormun/static/Resources/PXToolsActionExcel.png HTTP/1.1" 304 -
190.171.142.42 - - [22/May/2023:09:35:38 -0300] "GET /cormun/static/Resources/PXToolsAddAllAction.png HTTP/1.1" 304 -
190.171.142.42 - - [22/May/2023:09:35:38 -0300] "GET /cormun/static/Resources/asc.gif HTTP/1.1" 304 -
190.171.142.42 - - [22/May/2023:09:35:38 -0300] "GET /cormun//static/Resources/PXTools/ActionInsert.png HTTP/1.1" 304 -
190.171.142.42 - - [22/May/2023:09:35:38 -0300] "GET /cormun//static/Resources/PXToolsActionDisabled.gif HTTP/1.1" 304 -
190.171.142.42 - - [22/May/2023:09:35:38 -0300] "GET /cormun//static/Resources/PXToolsGridDisplay.png HTTP/1.1" 304 -
190.171.142.42 - - [22/May/2023:09:35:38 -0300] "GET /cormun/static/Resources/desc.gif HTTP/1.1" 304 -
190.171.142.42 - - [22/May/2023:09:35:38 -0300] "GET /cormun//static/Resources/PXToolsHeaderFavorites.png HTTP/1.1" 304 -
190.171.142.42 - - [22/May/2023:09:35:38 -0300] "GET /cormun//static/Resources/PXToolsHeaderHelp.png HTTP/1.1" 304 -
190.171.142.42 - - [22/May/2023:09:35:38 -0300] "GET /cormun//static/Resources/PXToolsActionPrint.png HTTP/1.1" 304 -
190.171.142.42 - - [22/May/2023:09:35:38 -0300] "GET /cormun/servlet/trlicencias? HTTP/1.1" 200 13341
138.68.224.69 - - [22/May/2023:09:35:45 -0300] "GET /manager/html HTTP/1.1" 401 2474
138.68.224.69 - - [22/May/2023:09:36:05 -0300] "GET /manager/html HTTP/1.1" 401 2474
138.68.224.69 - - [22/May/2023:09:36:25 -0300] "GET /manager/html HTTP/1.1" 401 2474
186.103.157.42 - - [22/May/2023:09:36:26 -0300] "GET /cormun/servlet/hlogin HTTP/1.1" 200 1723
186.103.157.42 - - [22/May/2023:09:36:26 -0300] "GET /cormun/servlet/hlogin HTTP/1.1" 200 1732
190.171.143.82 - - [22/May/2023:09:36:34 -0300] "GET /cormun/servlet/trpermisosgoce HTTP/1.1" 200 6031
186.103.157.42 - - [22/May/2023:09:36:37 -0300] "POST /cormun/servlet/hlogin?0052df6359ae39c52c8fd612a6683136,gx-no-cache=1684758359578 HTTP/1.1" 200 90
186.103.157.42 - - [22/May/2023:09:36:37 -0300] "GET /cormun/servlet/hpexe_link HTTP/1.1" 200 953
186.103.157.42 - - [22/May/2023:09:36:37 -0300] "GET /cormun/servlet/hhome HTTP/1.1" 200 4382
186.103.157.42 - - [22/May/2023:09:36:37 -0300] "GET /cormun/servlet/hhome HTTP/1.1" 200 4378
190.171.143.82 - - [22/May/2023:09:36:39 -0300] "GET /cormun/servlet/hlogin HTTP/1.1" 200 1739
190.171.143.82 - - [22/May/2023:09:36:39 -0300] "GET /cormun/servlet/trpermisosgoce HTTP/1.1" 200 6027
186.103.157.42 - - [22/May/2023:09:36:41 -0300] "GET /cormun/servlet/trsolicitudot? HTTP/1.1" 200 9009
186.103.157.42 - - [22/May/2023:09:36:42 -0300] "GET /cormun/servlet/trsolicitudot? HTTP/1.1" 200 9007
138.68.224.69 - - [22/May/2023:09:36:45 -0300] "GET /manager/html HTTP/1.1" 401 2474
186.103.157.42 - - [22/May/2023:09:36:46 -0300] "POST /cormun/servlet/trsolicitudot?0052df6359ae39c52c8fd612a6683136,,gx-no-cache=1684758368573 HTTP/1.1" 200 6263
186.103.157.42 - - [22/May/2023:09:36:46 -0300] "GET /cormun/static/Shared/jqueryui/images/ui-bg_highlight-soft_100_c6c2c8_1x100.png HTTP/1.1" 404 1117
186.103.157.42 - - [22/May/2023:09:36:46 -0300] "GET /cormun/static/Shared/jqueryui/images/ui-icons_82798d_256x240.png HTTP/1.1" 404 1089
186.103.157.42 - - [22/May/2023:09:36:46 -0300] "GET /cormun/static/Shared/jqueryui/images/ui-bg_flat_55_fafafa_40x100.png HTTP/1.1" 404 1097
186.103.157.42 - - [22/May/2023:09:36:46 -0300] "GET /cormun/static/Shared/jqueryui/images/ui-icons_8d78a5_256x240.png HTTP/1.1" 404 1089
190.171.143.82 - - [22/May/2023:09:36:47 -0300] "POST /cormun/servlet/hlogin?9ac252acdd37196c61ffe927f28b369c,gx-no-cache=1684754492641 HTTP/1.1" 200 90
186.103.157.42 - - [22/May/2023:09:36:48 -0300] "GET /cormun/servlet/trautorizarsolicitud? HTTP/1.1" 200 7499
186.103.157.42 - - [22/May/2023:09:36:48 -0300] "GET /cormun/servlet/trautorizarsolicitud? HTTP/1.1" 200 7499
190.171.143.82 - - [22/May/2023:09:36:54 -0300] "GET /cormun/servlet/hpexe_link HTTP/1.1" 200 957
186.103.157.42 - - [22/May/2023:09:36:54 -0300] "GET /cormun/static/menuarrow.gif HTTP/1.1" 404 1015
190.171.143.82 - - [22/May/2023:09:36:55 -0300] "GET /cormun/servlet/trpermisosgoce HTTP/1.1" 200 15010
190.171.143.82 - - [22/May/2023:09:36:58 -0300] "GET /cormun/servlet/trpermisosgoce HTTP/1.1" 200 15008
190.171.143.82 - - [22/May/2023:09:37:04 -0300] "GET /cormun/servlet/trlicencias? HTTP/1.1" 200 12336
138.68.224.69 - - [22/May/2023:09:37:05 -0300] "GET /manager/html HTTP/1.1" 401 2474
190.171.143.82 - - [22/May/2023:09:37:07 -0300] "GET /cormun/servlet/trlicencias? HTTP/1.1" 200 12335
186.103.157.42 - - [22/May/2023:09:37:12 -0300] "POST /cormun/servlet/trautorizarsolicitud?0052df6359ae39c52c8fd612a6683136,,gx-no-cache=1684758393948 HTTP/1.1" 200 13582
138.68.224.69 - - [22/May/2023:09:37:26 -0300] "GET /manager/html HTTP/1.1" 401 2474
138.68.224.69 - - [22/May/2023:09:37:46 -0300] "GET /manager/html HTTP/1.1" 401 2474
138.68.224.69 - - [22/May/2023:09:38:06 -0300] "GET /manager/html HTTP/1.1" 401 2474
138.68.224.69 - - [22/May/2023:09:38:26 -0300] "GET /manager/html HTTP/1.1" 401 2474
138.68.224.69 - - [22/May/2023:09:38:46 -0300] "GET /manager/html HTTP/1.1" 401 2474
138.68.224.69 - - [22/May/2023:09:39:06 -0300] "GET /manager/html HTTP/1.1" 401 2474
138.68.224.69 - - [22/May/2023:09:39:27 -0300] "GET /manager/html HTTP/1.1" 401 2474
10.40.40.2 - - [22/May/2023:09:39:31 -0300] "GET /cormun/servlet/hlogin HTTP/1.1" 200 1709
10.40.40.2 - - [22/May/2023:09:39:31 -0300] "GET /cormun/servlet/hlogin HTTP/1.1" 200 1719
10.40.40.2 - - [22/May/2023:09:39:41 -0300] "POST /cormun/servlet/hlogin?595f59a08849003e0b5f773be85c6d23,gx-no-cache=1684758202255 HTTP/1.1" 200 90
10.40.40.2 - - [22/May/2023:09:39:41 -0300] "GET /cormun/servlet/hpexe_link HTTP/1.1" 200 942
10.40.40.2 - - [22/May/2023:09:39:41 -0300] "GET /cormun/servlet/hhome HTTP/1.1" 200 3791
10.40.40.2 - - [22/May/2023:09:39:41 -0300] "GET /cormun/servlet/hhome HTTP/1.1" 200 3788
10.40.40.2 - - [22/May/2023:09:39:44 -0300] "GET /cormun/servlet/trsolicitudgral? HTTP/1.1" 200 27137
10.40.40.2 - - [22/May/2023:09:39:45 -0300] "GET /cormun/servlet/trsolicitudgral? HTTP/1.1" 200 27136
138.68.224.69 - - [22/May/2023:09:39:47 -0300] "GET /manager/html HTTP/1.1" 401 2474
10.40.40.2 - - [22/May/2023:09:39:51 -0300] "POST /cormun/servlet/trsolicitudgral?595f59a08849003e0b5f773be85c6d23,,gx-no-cache=1684758212790 HTTP/1.1" 200 8927
138.68.224.69 - - [22/May/2023:09:40:07 -0300] "GET /manager/html HTTP/1.1" 401 2474
186.103.157.98 - - [22/May/2023:09:40:16 -0300] "GET /cormun/servlet/hlogin HTTP/1.1" 200 1716
186.103.157.98 - - [22/May/2023:09:40:17 -0300] "GET /cormun/static/Resources/CormunLogin.png HTTP/1.1" 304 -
186.103.157.98 - - [22/May/2023:09:40:17 -0300] "GET /cormun/servlet/hlogin HTTP/1.1" 200 1727
186.103.157.98 - - [22/May/2023:09:40:19 -0300] "POST /cormun/servlet/hlogin?cf18928eb7eaa0f88129bce7ce09b844,gx-no-cache=1684758290390 HTTP/1.1" 200 90
186.103.157.98 - - [22/May/2023:09:40:19 -0300] "GET /cormun/servlet/hpexe_link HTTP/1.1" 200 948
186.103.157.98 - - [22/May/2023:09:40:19 -0300] "GET /cormun/servlet/hhome HTTP/1.1" 200 4268
186.103.157.98 - - [22/May/2023:09:40:20 -0300] "GET /cormun/static/Resources/CormunMP2.png HTTP/1.1" 304 -
186.103.157.98 - - [22/May/2023:09:40:20 -0300] "GET /cormun/servlet/hhome HTTP/1.1" 200 4264
138.68.224.69 - - [22/May/2023:09:40:27 -0300] "GET /manager/html HTTP/1.1" 401 2474
138.68.224.69 - - [22/May/2023:09:40:48 -0300] "GET /manager/html HTTP/1.1" 401 2474
186.103.157.98 - - [22/May/2023:09:40:54 -0300] "GET /cormun/servlet/trautorizarsolicitud? HTTP/1.1" 200 7386
186.103.157.98 - - [22/May/2023:09:40:54 -0300] "GET /cormun/servlet/trautorizarsolicitud? HTTP/1.1" 200 7385
138.68.224.69 - - [22/May/2023:09:41:08 -0300] "GET /manager/html HTTP/1.1" 401 2474
138.68.224.69 - - [22/May/2023:09:41:28 -0300] "GET /manager/html HTTP/1.1" 401 2474
138.68.224.69 - - [22/May/2023:09:41:48 -0300] "GET /manager/html HTTP/1.1" 401 2474
199.195.248.153 - - [22/May/2023:09:41:51 -0300] "CONNECT google.com:443 HTTP/1.1" 400 -
181.212.42.153 - - [22/May/2023:09:41:55 -0300] "GET /cormun/servlet/trlicencias? HTTP/1.1" 200 6047
181.212.42.153 - - [22/May/2023:09:41:55 -0300] "GET /cormun/servlet/hlogin HTTP/1.1" 200 1740
181.212.42.153 - - [22/May/2023:09:41:55 -0300] "GET /cormun/servlet/trlicencias? HTTP/1.1" 200 6047
181.212.42.153 - - [22/May/2023:09:41:55 -0300] "GET /cormun/servlet/trlicencias? HTTP/1.1" 200 6047
181.212.42.153 - - [22/May/2023:09:42:01 -0300] "POST /cormun/servlet/hlogin?2cc3e91207a4c96de442e0fc04df1848,gx-no-cache=1684758392962 HTTP/1.1" 200 90
181.212.42.153 - - [22/May/2023:09:42:01 -0300] "GET /cormun/servlet/hpexe_link HTTP/1.1" 200 958
181.212.42.153 - - [22/May/2023:09:42:02 -0300] "GET /cormun/servlet/trlicencias HTTP/1.1" 200 17337
181.212.42.153 - - [22/May/2023:09:42:02 -0300] "GET /cormun/servlet/trlicencias HTTP/1.1" 200 17321
138.68.224.69 - - [22/May/2023:09:42:08 -0300] "GET /manager/html HTTP/1.1" 401 2474
138.68.224.69 - - [22/May/2023:09:42:29 -0300] "GET /manager/html HTTP/1.1" 401 2474
138.68.224.69 - - [22/May/2023:09:42:49 -0300] "GET /manager/html HTTP/1.1" 401 2474
138.68.224.69 - - [22/May/2023:09:43:09 -0300] "GET /manager/html HTTP/1.1" 401 2474
138.68.224.69 - - [22/May/2023:09:43:29 -0300] "GET /manager/html HTTP/1.1" 401 2474
190.171.141.82 - - [22/May/2023:09:43:38 -0300] "GET /cormun/servlet/hlogin HTTP/1.1" 200 1724
190.171.141.82 - - [22/May/2023:09:43:39 -0300] "GET /cormun/static/Resources/PXToolsLoginTop.png HTTP/1.1" 304 -
190.171.141.82 - - [22/May/2023:09:43:39 -0300] "GET /cormun/static/Resources/PXToolsLoginBackground.png HTTP/1.1" 304 -
190.171.141.82 - - [22/May/2023:09:43:39 -0300] "GET /cormun/static/Resources/PXToolsButtonLeft.png HTTP/1.1" 304 -
190.171.141.82 - - [22/May/2023:09:43:39 -0300] "GET /cormun/static/Resources/PXToolsButtonRight.png HTTP/1.1" 304 -
190.171.141.82 - - [22/May/2023:09:43:39 -0300] "GET /cormun/static/Resources/PXToolsLoginBottom.png HTTP/1.1" 304 -
190.171.141.82 - - [22/May/2023:09:43:39 -0300] "GET /cormun/static/Resources/PXToolsButtonBackground.png HTTP/1.1" 304 -
190.171.141.82 - - [22/May/2023:09:43:39 -0300] "GET /cormun/servlet/hlogin HTTP/1.1" 200 1734
190.171.141.82 - - [22/May/2023:09:43:49 -0300] "POST /cormun/servlet/hlogin?1483de894b9e4e4cd792a86224bcaa28,gx-no-cache=1684758500086 HTTP/1.1" 200 90
138.68.224.69 - - [22/May/2023:09:43:49 -0300] "GET /manager/html HTTP/1.1" 401 2474
190.171.141.82 - - [22/May/2023:09:43:49 -0300] "GET /cormun/servlet/hpexe_link HTTP/1.1" 200 953
190.171.141.82 - - [22/May/2023:09:43:50 -0300] "GET /cormun/servlet/hhome HTTP/1.1" 200 3967
190.171.141.82 - - [22/May/2023:09:43:50 -0300] "GET /cormun/static/Resources/CormunMP2.png HTTP/1.1" 304 -
190.171.141.82 - - [22/May/2023:09:43:50 -0300] "GET /cormun/servlet/hhome HTTP/1.1" 200 3963
190.171.141.82 - - [22/May/2023:09:43:53 -0300] "GET /cormun/servlet/trlicencias? HTTP/1.1" 200 13806
190.171.141.82 - - [22/May/2023:09:43:54 -0300] "GET /cormun/static/Resources/PXToolsGridNextDisabled.gif HTTP/1.1" 304 -
190.171.141.82 - - [22/May/2023:09:43:54 -0300] "GET /cormun/static/Resources/PXToolsGridFirstDisabled.gif HTTP/1.1" 304 -
190.171.141.82 - - [22/May/2023:09:43:54 -0300] "GET /cormun/static/Resources/PXToolsDataSearch.png HTTP/1.1" 304 -
190.171.141.82 - - [22/May/2023:09:43:54 -0300] "GET /cormun/static/Resources/PXToolsGridPreviousDisabled.gif HTTP/1.1" 304 -
190.171.141.82 - - [22/May/2023:09:43:54 -0300] "GET /cormun/static/Resources/PXToolsGridLastDisabled.gif HTTP/1.1" 304 -
190.171.141.82 - - [22/May/2023:09:43:54 -0300] "GET /cormun/static/Resources/PXToolsGridPage.gif HTTP/1.1" 304 -
190.171.141.82 - - [22/May/2023:09:43:54 -0300] "GET /cormun/static/Resources/PXToolsActionExcel.png HTTP/1.1" 304 -
190.171.141.82 - - [22/May/2023:09:43:54 -0300] "GET /cormun/static/Resources/PXToolsAddAllAction.png HTTP/1.1" 304 -
190.171.141.82 - - [22/May/2023:09:43:54 -0300] "GET /cormun/static/Resources/asc.gif HTTP/1.1" 304 -
190.171.141.82 - - [22/May/2023:09:43:54 -0300] "GET /cormun//static/Resources/PXToolsActionDisabled.gif HTTP/1.1" 304 -
190.171.141.82 - - [22/May/2023:09:43:54 -0300] "GET /cormun//static/Resources/PXToolsGridDisplay.png HTTP/1.1" 304 -
190.171.141.82 - - [22/May/2023:09:43:54 -0300] "GET /cormun/static/Resources/desc.gif HTTP/1.1" 304 -
190.171.141.82 - - [22/May/2023:09:43:54 -0300] "GET /cormun//static/Resources/PXTools/ActionInsert.png HTTP/1.1" 304 -
190.171.141.82 - - [22/May/2023:09:43:54 -0300] "GET /cormun//static/Resources/PXToolsActionPrint.png HTTP/1.1" 304 -
190.171.141.82 - - [22/May/2023:09:43:54 -0300] "GET /cormun//static/Resources/PXToolsHeaderHelp.png HTTP/1.1" 304 -
190.171.141.82 - - [22/May/2023:09:43:54 -0300] "GET /cormun//static/Resources/PXToolsHeaderFavorites.png HTTP/1.1" 304 -
190.171.141.82 - - [22/May/2023:09:43:54 -0300] "GET /cormun/servlet/trlicencias? HTTP/1.1" 200 13801
138.68.224.69 - - [22/May/2023:09:44:09 -0300] "GET /manager/html HTTP/1.1" 401 2474
138.68.224.69 - - [22/May/2023:09:44:30 -0300] "GET /manager/html HTTP/1.1" 401 2474
138.68.224.69 - - [22/May/2023:09:44:50 -0300] "GET /manager/html HTTP/1.1" 401 2474
186.67.172.234 - - [22/May/2023:09:44:54 -0300] "GET /cormun/servlet/trpermisosgoce? HTTP/1.1" 200 6033
186.67.172.234 - - [22/May/2023:09:44:54 -0300] "GET /cormun/servlet/trpermisosgoce? HTTP/1.1" 200 6030
186.67.172.234 - - [22/May/2023:09:44:54 -0300] "GET /cormun/servlet/hlogin HTTP/1.1" 200 1739
186.67.172.234 - - [22/May/2023:09:45:05 -0300] "POST /cormun/servlet/hlogin?ba692784f53bf562b0cd2cdae23c5e5e,gx-no-cache=1684758575581 HTTP/1.1" 200 90
186.67.172.234 - - [22/May/2023:09:45:05 -0300] "GET /cormun/servlet/hpexe_link HTTP/1.1" 200 956
186.67.172.234 - - [22/May/2023:09:45:05 -0300] "GET /cormun/servlet/trpermisosgoce HTTP/1.1" 200 16384
186.67.172.234 - - [22/May/2023:09:45:05 -0300] "GET /cormun/servlet/trpermisosgoce HTTP/1.1" 200 16383
138.68.224.69 - - [22/May/2023:09:45:10 -0300] "GET /manager/html HTTP/1.1" 401 2474
186.173.119.120 - - [22/May/2023:09:45:18 -0300] "GET /cormun/servlet/hlogin HTTP/1.1" 200 1717
186.173.119.120 - - [22/May/2023:09:45:20 -0300] "GET /cormun/servlet/hlogin HTTP/1.1" 200 1727
138.68.224.69 - - [22/May/2023:09:45:31 -0300] "GET /manager/html HTTP/1.1" 401 2474
138.68.224.69 - - [22/May/2023:09:45:51 -0300] "GET /manager/html HTTP/1.1" 401 2474
138.68.224.69 - - [22/May/2023:09:46:11 -0300] "GET /manager/html HTTP/1.1" 401 2474
186.103.157.98 - - [22/May/2023:09:46:12 -0300] "GET /cormun/servlet/trlicencias? HTTP/1.1" 200 11259
186.103.157.98 - - [22/May/2023:09:46:12 -0300] "GET /cormun/servlet/trlicencias? HTTP/1.1" 200 11258
186.173.119.120 - - [22/May/2023:09:46:18 -0300] "GET /cormun/servlet/hlogin HTTP/1.1" 200 1717
138.68.224.69 - - [22/May/2023:09:46:32 -0300] "GET /manager/html HTTP/1.1" 401 2474
186.103.157.98 - - [22/May/2023:09:46:50 -0300] "GET /cormun/servlet/trlicencias? HTTP/1.1" 200 11250
186.103.157.98 - - [22/May/2023:09:46:51 -0300] "GET /cormun/servlet/trlicencias? HTTP/1.1" 200 11248
138.68.224.69 - - [22/May/2023:09:46:52 -0300] "GET /manager/html HTTP/1.1" 401 2474
138.68.224.69 - - [22/May/2023:09:47:13 -0300] "GET /manager/html HTTP/1.1" 401 2474
190.171.141.82 - - [22/May/2023:09:47:27 -0300] "POST /cormun/servlet/trlicencias?1483de894b9e4e4cd792a86224bcaa28,,gx-no-cache=1684758717547 HTTP/1.1" 200 18271
190.171.141.82 - - [22/May/2023:09:47:28 -0300] "GET /cormun/static/Resources/PXToolsGridNext.gif HTTP/1.1" 200 369
190.171.141.82 - - [22/May/2023:09:47:28 -0300] "GET /cormun/static/Resources/PXToolsGridLast.gif HTTP/1.1" 200 370
138.68.224.69 - - [22/May/2023:09:47:33 -0300] "GET /manager/html HTTP/1.1" 401 2474
190.171.141.82 - - [22/May/2023:09:47:37 -0300] "POST /cormun/servlet/trlicencias?1483de894b9e4e4cd792a86224bcaa28,,gx-no-cache=1684758727898 HTTP/1.1" 200 6907
190.171.141.82 - - [22/May/2023:09:47:43 -0300] "POST /cormun/servlet/trlicencias?1483de894b9e4e4cd792a86224bcaa28,,gx-no-cache=1684758732455 HTTP/1.1" 200 101
190.171.141.82 - - [22/May/2023:09:47:44 -0300] "GET /cormun/Licencias-1522.xls HTTP/1.1" 200 6144
138.68.224.69 - - [22/May/2023:09:47:53 -0300] "GET /manager/html HTTP/1.1" 401 2474
138.68.224.69 - - [22/May/2023:09:48:14 -0300] "GET /manager/html HTTP/1.1" 401 2474
138.68.224.69 - - [22/May/2023:09:48:34 -0300] "GET /manager/html HTTP/1.1" 401 2474
138.68.224.69 - - [22/May/2023:09:48:55 -0300] "GET /manager/html HTTP/1.1" 401 2474
138.68.224.69 - - [22/May/2023:09:49:15 -0300] "GET /manager/html HTTP/1.1" 401 2474
138.68.224.69 - - [22/May/2023:09:49:35 -0300] "GET /manager/html HTTP/1.1" 401 2474
190.171.144.234 - - [22/May/2023:09:49:51 -0300] "GET /cormun/servlet/hlogin HTTP/1.1" 200 1722
190.171.144.234 - - [22/May/2023:09:49:53 -0300] "GET /cormun/servlet/hlogin HTTP/1.1" 200 1733
138.68.224.69 - - [22/May/2023:09:49:55 -0300] "GET /manager/html HTTP/1.1" 401 2474
190.171.144.234 - - [22/May/2023:09:50:05 -0300] "GET /cormun/servlet/hlogin HTTP/1.1" 200 1722
190.171.144.234 - - [22/May/2023:09:50:10 -0300] "POST /cormun/servlet/hlogin?4991b01b6f3452e795614feea7dd74ce,gx-no-cache=1684758881844 HTTP/1.1" 200 90
190.171.144.234 - - [22/May/2023:09:50:11 -0300] "GET /cormun/servlet/hpexe_link HTTP/1.1" 200 951
190.171.144.234 - - [22/May/2023:09:50:11 -0300] "GET /cormun/servlet/hhome HTTP/1.1" 200 3990
190.171.144.234 - - [22/May/2023:09:50:12 -0300] "GET /cormun/servlet/hhome HTTP/1.1" 200 3986
190.171.144.234 - - [22/May/2023:09:50:15 -0300] "GET /cormun/servlet/trlicencias? HTTP/1.1" 200 10720
190.171.144.234 - - [22/May/2023:09:50:15 -0300] "GET /cormun/servlet/trlicencias? HTTP/1.1" 200 10727
138.68.224.69 - - [22/May/2023:09:50:16 -0300] "GET /manager/html HTTP/1.1" 401 2474
138.68.224.69 - - [22/May/2023:09:50:36 -0300] "GET /manager/html HTTP/1.1" 401 2474
138.68.224.69 - - [22/May/2023:09:50:56 -0300] "GET /manager/html HTTP/1.1" 401 2474
138.68.224.69 - - [22/May/2023:09:51:17 -0300] "GET /manager/html HTTP/1.1" 401 2474
138.68.224.69 - - [22/May/2023:09:51:37 -0300] "GET /manager/html HTTP/1.1" 401 2474
138.68.224.69 - - [22/May/2023:09:51:57 -0300] "GET /manager/html HTTP/1.1" 401 2474
138.68.224.69 - - [22/May/2023:09:52:18 -0300] "GET /manager/html HTTP/1.1" 401 2474
138.68.224.69 - - [22/May/2023:09:52:38 -0300] "GET /manager/html HTTP/1.1" 401 2474
138.68.224.69 - - [22/May/2023:09:52:59 -0300] "GET /manager/html HTTP/1.1" 401 2474
138.68.224.69 - - [22/May/2023:09:53:19 -0300] "GET /manager/html HTTP/1.1" 401 2474
138.68.224.69 - - [22/May/2023:09:53:39 -0300] "GET /manager/html HTTP/1.1" 401 2474
138.68.224.69 - - [22/May/2023:09:54:00 -0300] "GET /manager/html HTTP/1.1" 401 2474
138.68.224.69 - - [22/May/2023:09:54:20 -0300] "GET /manager/html HTTP/1.1" 401 2474
201.186.225.189 - - [22/May/2023:09:54:35 -0300] "GET /cormun/servlet/hlogin HTTP/1.1" 200 1721
201.186.225.189 - - [22/May/2023:09:54:36 -0300] "GET /cormun/static/gxtimezone.js?85251 HTTP/1.1" 200 5781
201.186.225.189 - - [22/May/2023:09:54:36 -0300] "GET /cormun/static/gxcfg.js?2022112219184450 HTTP/1.1" 200 953
201.186.225.189 - - [22/May/2023:09:54:36 -0300] "GET /cormun/static/gxgral.js?85251 HTTP/1.1" 200 384558
201.186.225.189 - - [22/May/2023:09:54:36 -0300] "GET /cormun/static/Resources/Spanish/PXTools.css?1759030 HTTP/1.1" 200 100853
201.186.225.189 - - [22/May/2023:09:54:36 -0300] "GET /cormun/static/hlogin.js?2022112219184458 HTTP/1.1" 200 2156
201.186.225.189 - - [22/May/2023:09:54:36 -0300] "GET /cormun/static/messages.spa.js?85251 HTTP/1.1" 200 30736
201.186.225.189 - - [22/May/2023:09:54:36 -0300] "GET /cormun/static/Resources/PXToolsLoginTop.png HTTP/1.1" 200 1337
201.186.225.189 - - [22/May/2023:09:54:36 -0300] "GET /cormun/static/Resources/PXToolsLoginBackground.png HTTP/1.1" 200 1164
201.186.225.189 - - [22/May/2023:09:54:36 -0300] "GET /cormun/static/Resources/CormunLogin.png HTTP/1.1" 200 19132
201.186.225.189 - - [22/May/2023:09:54:36 -0300] "GET /cormun/static/Resources/PXToolsButtonLeft.png HTTP/1.1" 200 1310
201.186.225.189 - - [22/May/2023:09:54:36 -0300] "GET /cormun/static/Resources/PXToolsButtonBackground.png HTTP/1.1" 200 1176
201.186.225.189 - - [22/May/2023:09:54:36 -0300] "GET /cormun/static/Resources/PXToolsButtonRight.png HTTP/1.1" 200 1294
201.186.225.189 - - [22/May/2023:09:54:36 -0300] "GET /cormun/static/Resources/PXToolsLoginBottom.png HTTP/1.1" 200 1389
201.186.225.189 - - [22/May/2023:09:54:36 -0300] "GET /cormun/servlet/hlogin HTTP/1.1" 200 1731
201.186.225.189 - - [22/May/2023:09:54:36 -0300] "GET /cormun/static/Resources/indicator.gif HTTP/1.1" 200 1553
201.186.225.189 - - [22/May/2023:09:54:37 -0300] "GET /favicon.ico HTTP/1.1" 200 21630
138.68.224.69 - - [22/May/2023:09:54:40 -0300] "GET /manager/html HTTP/1.1" 401 2474
138.68.224.69 - - [22/May/2023:09:55:00 -0300] "GET /manager/html HTTP/1.1" 401 2474
138.68.224.69 - - [22/May/2023:09:55:21 -0300] "GET /manager/html HTTP/1.1" 401 2474
138.68.224.69 - - [22/May/2023:09:55:41 -0300] "GET /manager/html HTTP/1.1" 401 2474
40.77.167.245 - - [22/May/2023:09:55:42 -0300] "GET /cormun/servlet/trsolicitudot HTTP/1.1" 200 6309
40.77.167.245 - - [22/May/2023:09:55:42 -0300] "GET /cormun/servlet/hpexe_return HTTP/1.1" 200 982
138.68.224.69 - - [22/May/2023:09:56:01 -0300] "GET /manager/html HTTP/1.1" 401 2474
138.68.224.69 - - [22/May/2023:09:56:22 -0300] "GET /manager/html HTTP/1.1" 401 2474
190.171.143.90 - - [22/May/2023:09:56:23 -0300] "GET /cormun/servlet/hlogin HTTP/1.1" 200 1714
190.171.143.90 - - [22/May/2023:09:56:26 -0300] "GET /cormun/servlet/hlogin HTTP/1.1" 200 1725
190.171.143.90 - - [22/May/2023:09:56:26 -0300] "GET /cormun/static/Resources/indicator.gif HTTP/1.1" 200 1553
138.68.224.69 - - [22/May/2023:09:56:42 -0300] "GET /manager/html HTTP/1.1" 401 2474
190.171.143.90 - - [22/May/2023:09:56:48 -0300] "POST /cormun/servlet/hlogin?7dd1e0ccebf89916b29d87e88088b983,gx-no-cache=1684759278541 HTTP/1.1" 200 90
190.171.143.90 - - [22/May/2023:09:56:48 -0300] "GET /cormun/servlet/hpexe_link HTTP/1.1" 200 943
190.171.143.90 - - [22/May/2023:09:56:48 -0300] "GET /cormun/servlet/hhome HTTP/1.1" 200 4304
190.171.143.90 - - [22/May/2023:09:56:49 -0300] "GET /cormun/servlet/hhome HTTP/1.1" 200 4301
190.171.143.90 - - [22/May/2023:09:56:54 -0300] "GET /cormun/servlet/trlicencias? HTTP/1.1" 200 12800
190.171.143.90 - - [22/May/2023:09:56:55 -0300] "GET /cormun/servlet/trlicencias? HTTP/1.1" 200 12796
138.68.224.69 - - [22/May/2023:09:57:03 -0300] "GET /manager/html HTTP/1.1" 401 2474
190.171.141.82 - - [22/May/2023:09:57:13 -0300] "GET /cormun/servlet/trpermisosgoce? HTTP/1.1" 200 15491
190.171.141.82 - - [22/May/2023:09:57:13 -0300] "GET /cormun//static/Resources/PXToolsGridUpdate.png HTTP/1.1" 304 -
190.171.141.82 - - [22/May/2023:09:57:13 -0300] "GET /cormun//static/Resources/PXToolsGridDelete.png HTTP/1.1" 304 -
190.171.141.82 - - [22/May/2023:09:57:13 -0300] "GET /cormun/servlet/trpermisosgoce? HTTP/1.1" 200 15491
138.68.224.69 - - [22/May/2023:09:57:23 -0300] "GET /manager/html HTTP/1.1" 401 2474
190.171.141.82 - - [22/May/2023:09:57:27 -0300] "POST /cormun/servlet/trpermisosgoce?1483de894b9e4e4cd792a86224bcaa28,,gx-no-cache=1684759317716 HTTP/1.1" 200 6093
190.171.141.82 - - [22/May/2023:09:57:40 -0300] "POST /cormun/servlet/trpermisosgoce?1483de894b9e4e4cd792a86224bcaa28,,gx-no-cache=1684759330329 HTTP/1.1" 200 104
190.171.141.82 - - [22/May/2023:09:57:40 -0300] "GET /cormun/PermisosGoce-6944.xls HTTP/1.1" 200 5632
138.68.224.69 - - [22/May/2023:09:57:43 -0300] "GET /manager/html HTTP/1.1" 401 2474
138.68.224.69 - - [22/May/2023:09:58:04 -0300] "GET /manager/html HTTP/1.1" 401 2474
138.68.224.69 - - [22/May/2023:09:58:24 -0300] "GET /manager/html HTTP/1.1" 401 2474
138.68.224.69 - - [22/May/2023:09:58:44 -0300] "GET /manager/html HTTP/1.1" 401 2474
138.68.224.69 - - [22/May/2023:09:59:05 -0300] "GET /manager/html HTTP/1.1" 401 2474
190.171.143.90 - - [22/May/2023:09:59:12 -0300] "GET /cormun/static/menuarrow.gif HTTP/1.1" 404 1015
190.171.143.90 - - [22/May/2023:09:59:20 -0300] "POST /cormun/servlet/trlicencias?7dd1e0ccebf89916b29d87e88088b983,,gx-no-cache=1684759430961 HTTP/1.1" 200 12919
138.68.224.69 - - [22/May/2023:09:59:25 -0300] "GET /manager/html HTTP/1.1" 401 2474
138.68.224.69 - - [22/May/2023:09:59:45 -0300] "GET /manager/html HTTP/1.1" 401 2474
138.68.224.69 - - [22/May/2023:10:00:06 -0300] "GET /manager/html HTTP/1.1" 401 2474
138.68.224.69 - - [22/May/2023:10:00:26 -0300] "GET /manager/html HTTP/1.1" 401 2474
138.68.224.69 - - [22/May/2023:10:00:46 -0300] "GET /manager/html HTTP/1.1" 401 2474
138.68.224.69 - - [22/May/2023:10:01:07 -0300] "GET /manager/html HTTP/1.1" 401 2474
138.68.224.69 - - [22/May/2023:10:01:27 -0300] "GET /manager/html HTTP/1.1" 401 2474
138.68.224.69 - - [22/May/2023:10:01:47 -0300] "GET /manager/html HTTP/1.1" 401 2474
138.68.224.69 - - [22/May/2023:10:02:08 -0300] "GET /manager/html HTTP/1.1" 401 2474
138.68.224.69 - - [22/May/2023:10:02:28 -0300] "GET /manager/html HTTP/1.1" 401 2474
138.68.224.69 - - [22/May/2023:10:02:49 -0300] "GET /manager/html HTTP/1.1" 401 2474
186.173.119.120 - - [22/May/2023:10:03:07 -0300] "GET /cormun/servlet/hlogin HTTP/1.1" 200 1721
138.68.224.69 - - [22/May/2023:10:03:09 -0300] "GET /manager/html HTTP/1.1" 401 2474
138.68.224.69 - - [22/May/2023:10:03:30 -0300] "GET /manager/html HTTP/1.1" 401 2474
138.68.224.69 - - [22/May/2023:10:03:50 -0300] "GET /manager/html HTTP/1.1" 401 2474
138.68.224.69 - - [22/May/2023:10:04:10 -0300] "GET /manager/html HTTP/1.1" 401 2474
138.68.224.69 - - [22/May/2023:10:04:31 -0300] "GET /manager/html HTTP/1.1" 401 2474
138.68.224.69 - - [22/May/2023:10:04:51 -0300] "GET /manager/html HTTP/1.1" 401 2474
192.168.10.17 - - [22/May/2023:10:04:54 -0300] "GET /cormun/servlet/hlogin HTTP/1.1" 200 1716
192.168.10.17 - - [22/May/2023:10:04:54 -0300] "GET /cormun/servlet/hlogin HTTP/1.1" 200 1726
192.168.10.17 - - [22/May/2023:10:05:00 -0300] "POST /cormun/servlet/hlogin?d1368accf648e92a78b03b009c1515a4,gx-no-cache=1684759721714 HTTP/1.1" 200 90
192.168.10.17 - - [22/May/2023:10:05:00 -0300] "GET /cormun/servlet/hpexe_link HTTP/1.1" 200 945
192.168.10.17 - - [22/May/2023:10:05:00 -0300] "GET /cormun/servlet/hhome HTTP/1.1" 200 3794
192.168.10.17 - - [22/May/2023:10:05:00 -0300] "GET /cormun/servlet/hhome HTTP/1.1" 200 3791
192.168.10.17 - - [22/May/2023:10:05:03 -0300] "GET /cormun/servlet/trsolicitudgral? HTTP/1.1" 200 27139
192.168.10.17 - - [22/May/2023:10:05:04 -0300] "GET /cormun/servlet/trsolicitudgral? HTTP/1.1" 200 27138
138.68.224.69 - - [22/May/2023:10:05:12 -0300] "GET /manager/html HTTP/1.1" 401 2474
138.68.224.69 - - [22/May/2023:10:05:32 -0300] "GET /manager/html HTTP/1.1" 401 2474
138.68.224.69 - - [22/May/2023:10:05:53 -0300] "GET /manager/html HTTP/1.1" 401 2474
138.68.224.69 - - [22/May/2023:10:06:13 -0300] "GET /manager/html HTTP/1.1" 401 2474
190.171.143.82 - - [22/May/2023:10:06:16 -0300] "POST /cormun/servlet/trlicencias?9ac252acdd37196c61ffe927f28b369c,,gx-no-cache=1684756261729 HTTP/1.1" 200 9741
138.68.224.69 - - [22/May/2023:10:06:33 -0300] "GET /manager/html HTTP/1.1" 401 2474
138.68.224.69 - - [22/May/2023:10:06:54 -0300] "GET /manager/html HTTP/1.1" 401 2474
192.168.10.17 - - [22/May/2023:10:07:04 -0300] "POST /cormun/servlet/trsolicitudgral?d1368accf648e92a78b03b009c1515a4,,gx-no-cache=1684759845003 HTTP/1.1" 200 6654
192.168.10.17 - - [22/May/2023:10:07:04 -0300] "POST /cormun/servlet/trsolicitudgral?d1368accf648e92a78b03b009c1515a4,,gx-no-cache=1684759845260 HTTP/1.1" 200 6654
192.168.10.17 - - [22/May/2023:10:07:11 -0300] "GET /cormun/servlet/vesolicitudgral?2023,20231,, HTTP/1.1" 200 8388
192.168.10.17 - - [22/May/2023:10:07:11 -0300] "GET /cormun/pexe_scrolldiv.js HTTP/1.1" 404 1009
192.168.10.17 - - [22/May/2023:10:07:12 -0300] "GET /cormun/servlet/vesolicitudgral?2023,20231,, HTTP/1.1" 200 8387
138.68.224.69 - - [22/May/2023:10:07:14 -0300] "GET /manager/html HTTP/1.1" 401 2474
138.68.224.69 - - [22/May/2023:10:07:35 -0300] "GET /manager/html HTTP/1.1" 401 2474
138.68.224.69 - - [22/May/2023:10:07:55 -0300] "GET /manager/html HTTP/1.1" 401 2474
138.68.224.69 - - [22/May/2023:10:08:15 -0300] "GET /manager/html HTTP/1.1" 401 2474
138.68.224.69 - - [22/May/2023:10:08:36 -0300] "GET /manager/html HTTP/1.1" 401 2474
138.68.224.69 - - [22/May/2023:10:08:56 -0300] "GET /manager/html HTTP/1.1" 401 2474
138.68.224.69 - - [22/May/2023:10:09:17 -0300] "GET /manager/html HTTP/1.1" 401 2474
138.68.224.69 - - [22/May/2023:10:09:37 -0300] "GET /manager/html HTTP/1.1" 401 2474
138.68.224.69 - - [22/May/2023:10:09:57 -0300] "GET /manager/html HTTP/1.1" 401 2474
138.68.224.69 - - [22/May/2023:10:10:18 -0300] "GET /manager/html HTTP/1.1" 401 2474
138.68.224.69 - - [22/May/2023:10:10:38 -0300] "GET /manager/html HTTP/1.1" 401 2474
138.68.224.69 - - [22/May/2023:10:10:58 -0300] "GET /manager/html HTTP/1.1" 401 2474
138.68.224.69 - - [22/May/2023:10:11:19 -0300] "GET /manager/html HTTP/1.1" 401 2474
138.68.224.69 - - [22/May/2023:10:11:39 -0300] "GET /manager/html HTTP/1.1" 401 2474
138.68.224.69 - - [22/May/2023:10:12:00 -0300] "GET /manager/html HTTP/1.1" 401 2474
138.68.224.69 - - [22/May/2023:10:12:20 -0300] "GET /manager/html HTTP/1.1" 401 2474
138.68.224.69 - - [22/May/2023:10:12:40 -0300] "GET /manager/html HTTP/1.1" 401 2474
138.68.224.69 - - [22/May/2023:10:13:00 -0300] "GET /manager/html HTTP/1.1" 401 2474
138.68.224.69 - - [22/May/2023:10:13:21 -0300] "GET /manager/html HTTP/1.1" 401 2474
138.68.224.69 - - [22/May/2023:10:13:41 -0300] "GET /manager/html HTTP/1.1" 401 2474
192.168.10.17 - - [22/May/2023:10:13:59 -0300] "POST /cormun/servlet/vesolicitudgral?d1368accf648e92a78b03b009c1515a4,2023,20231,,,gx-no-cache=1684760260125 HTTP/1.1" 200 12196
192.168.10.17 - - [22/May/2023:10:13:59 -0300] "GET /cormun/static/Shared/jqueryui/images/ui-bg_flat_55_fafafa_40x100.png HTTP/1.1" 404 1097
192.168.10.17 - - [22/May/2023:10:13:59 -0300] "GET /cormun/static/Shared/jqueryui/images/ui-icons_8d78a5_256x240.png HTTP/1.1" 404 1089
192.168.10.17 - - [22/May/2023:10:13:59 -0300] "GET /cormun/static/Shared/jqueryui/images/ui-icons_82798d_256x240.png HTTP/1.1" 404 1089
192.168.10.17 - - [22/May/2023:10:13:59 -0300] "GET /cormun/static/Shared/jqueryui/images/ui-bg_highlight-soft_100_c6c2c8_1x100.png HTTP/1.1" 404 1117
192.168.10.17 - - [22/May/2023:10:13:59 -0300] "POST /cormun/servlet/vesolicitudgral?d1368accf648e92a78b03b009c1515a4,2023,20231,,,gx-no-cache=1684760260435 HTTP/1.1" 200 12129
138.68.224.69 - - [22/May/2023:10:14:01 -0300] "GET /manager/html HTTP/1.1" 401 2474
192.168.10.17 - - [22/May/2023:10:14:03 -0300] "GET /cormun/servlet/trautorizarot? HTTP/1.1" 200 9574
192.168.10.17 - - [22/May/2023:10:14:03 -0300] "GET /cormun/servlet/trautorizarot? HTTP/1.1" 200 9569
192.168.10.17 - - [22/May/2023:10:14:06 -0300] "POST /cormun/servlet/trautorizarot?d1368accf648e92a78b03b009c1515a4,,gx-no-cache=1684760267255 HTTP/1.1" 200 5354
192.168.10.17 - - [22/May/2023:10:14:08 -0300] "GET /cormun/servlet/trsolicitudgral? HTTP/1.1" 200 8291
192.168.10.17 - - [22/May/2023:10:14:08 -0300] "GET /cormun/servlet/trsolicitudgral? HTTP/1.1" 200 8291
138.68.224.69 - - [22/May/2023:10:14:22 -0300] "GET /manager/html HTTP/1.1" 401 2474
192.168.10.17 - - [22/May/2023:10:14:24 -0300] "POST /cormun/servlet/trsolicitudgral?d1368accf648e92a78b03b009c1515a4,,gx-no-cache=1684760285099 HTTP/1.1" 200 7194
192.168.10.17 - - [22/May/2023:10:14:26 -0300] "GET /cormun/servlet/vesolicitudgral?2023,20231,, HTTP/1.1" 200 8391
192.168.10.17 - - [22/May/2023:10:14:26 -0300] "GET /cormun/pexe_scrolldiv.js HTTP/1.1" 404 1009
192.168.10.17 - - [22/May/2023:10:14:26 -0300] "GET /cormun/servlet/vesolicitudgral?2023,20231,, HTTP/1.1" 200 8391
138.68.224.69 - - [22/May/2023:10:14:42 -0300] "GET /manager/html HTTP/1.1" 401 2474
138.68.224.69 - - [22/May/2023:10:15:02 -0300] "GET /manager/html HTTP/1.1" 401 2474
190.171.141.82 - - [22/May/2023:10:15:03 -0300] "POST /cormun/servlet/trpermisosgoce?1483de894b9e4e4cd792a86224bcaa28,,gx-no-cache=1684760374127 HTTP/1.1" 200 104
190.171.141.82 - - [22/May/2023:10:15:03 -0300] "POST /cormun/servlet/trpermisosgoce?1483de894b9e4e4cd792a86224bcaa28,,gx-no-cache=1684760374278 HTTP/1.1" 200 6072
190.171.141.82 - - [22/May/2023:10:15:04 -0300] "GET /cormun/PermisosGoce-8581.xls HTTP/1.1" 200 5632
138.68.224.69 - - [22/May/2023:10:15:23 -0300] "GET /manager/html HTTP/1.1" 401 2474
190.171.142.42 - - [22/May/2023:10:15:30 -0300] "GET /cormun/servlet/trpermisosgoce? HTTP/1.1" 200 6030
190.171.142.42 - - [22/May/2023:10:15:30 -0300] "GET /cormun/servlet/hlogin HTTP/1.1" 200 1738
190.171.142.42 - - [22/May/2023:10:15:30 -0300] "GET /cormun/servlet/trpermisosgoce? HTTP/1.1" 200 6026
138.68.224.69 - - [22/May/2023:10:15:43 -0300] "GET /manager/html HTTP/1.1" 401 2474
138.68.224.69 - - [22/May/2023:10:16:03 -0300] "GET /manager/html HTTP/1.1" 401 2474
138.68.224.69 - - [22/May/2023:10:16:24 -0300] "GET /manager/html HTTP/1.1" 401 2474
138.68.224.69 - - [22/May/2023:10:16:44 -0300] "GET /manager/html HTTP/1.1" 401 2474
138.68.224.69 - - [22/May/2023:10:17:05 -0300] "GET /manager/html HTTP/1.1" 401 2474
138.68.224.69 - - [22/May/2023:10:17:25 -0300] "GET /manager/html HTTP/1.1" 401 2474
138.68.224.69 - - [22/May/2023:10:17:46 -0300] "GET /manager/html HTTP/1.1" 401 2474
138.68.224.69 - - [22/May/2023:10:18:06 -0300] "GET /manager/html HTTP/1.1" 401 2474
192.168.10.17 - - [22/May/2023:10:18:18 -0300] "GET /cormun/servlet/trsolicitudgral? HTTP/1.1" 200 9678
192.168.10.17 - - [22/May/2023:10:18:18 -0300] "GET /cormun/servlet/trsolicitudgral? HTTP/1.1" 200 9674
138.68.224.69 - - [22/May/2023:10:18:27 -0300] "GET /manager/html HTTP/1.1" 401 2474
190.171.142.42 - - [22/May/2023:10:18:35 -0300] "POST /cormun/servlet/hlogin?1cada1b497262d9ddd365d1eac6baf74,gx-no-cache=1684760585603 HTTP/1.1" 200 452
190.171.142.42 - - [22/May/2023:10:18:40 -0300] "POST /cormun/servlet/hlogin?1cada1b497262d9ddd365d1eac6baf74,gx-no-cache=1684760591255 HTTP/1.1" 200 90
190.171.142.42 - - [22/May/2023:10:18:40 -0300] "GET /cormun/servlet/hpexe_link HTTP/1.1" 200 954
190.171.142.42 - - [22/May/2023:10:18:41 -0300] "GET /cormun/servlet/trpermisosgoce HTTP/1.1" 200 12064
190.171.142.42 - - [22/May/2023:10:18:41 -0300] "GET /cormun//static/Resources/PXToolsGridUpdate.png HTTP/1.1" 304 -
190.171.142.42 - - [22/May/2023:10:18:41 -0300] "GET /cormun//static/Resources/PXToolsGridDelete.png HTTP/1.1" 304 -
190.171.142.42 - - [22/May/2023:10:18:41 -0300] "GET /cormun/servlet/trpermisosgoce HTTP/1.1" 200 12063
138.68.224.69 - - [22/May/2023:10:18:47 -0300] "GET /manager/html HTTP/1.1" 401 2474
190.171.142.42 - - [22/May/2023:10:19:21 -0300] "GET /cormun/servlet/permisogoce?INS,0,,, HTTP/1.1" 200 7152
190.171.142.42 - - [22/May/2023:10:19:21 -0300] "GET /cormun/static/Resources/prompt.gif HTTP/1.1" 304 -
190.171.142.42 - - [22/May/2023:10:19:21 -0300] "GET /cormun/servlet/permisogoce?INS,0,,, HTTP/1.1" 200 7151
190.171.142.42 - - [22/May/2023:10:19:38 -0300] "GET /cormun/servlet/permisogoce?f64acdbdac677245271e280436b3ad1e4972e68eebb98dbeb73e33ea60b93d0669d95b47f3e1acc13cd47307c1fd9c67adb96f9597621e839e2f03bce1925cf0,gx-no-cache=1684760649253 HTTP/1.1" 200 74
190.171.142.42 - - [22/May/2023:10:19:38 -0300] "GET /cormun/static/menuarrow.gif HTTP/1.1" 404 1015
190.171.142.42 - - [22/May/2023:10:19:45 -0300] "GET /cormun/servlet/permisogoce?f64acdbdac677245271e280436b3ad1ef551380b803eb5dc4ee9639c253ff6618809c78c944718d38968146a984d8380713cd56fe7d1a53744252fa3461dfc61,gx-no-cache=1684760655877 HTTP/1.1" 200 47
190.171.142.42 - - [22/May/2023:10:19:48 -0300] "POST /cormun/servlet/permisogoce?1cada1b497262d9ddd365d1eac6baf74,INS,0,,,,gx-no-cache=1684760658719 HTTP/1.1" 200 93
190.171.142.42 - - [22/May/2023:10:19:48 -0300] "GET /cormun/servlet/hpexe_return? HTTP/1.1" 200 1009
190.171.142.42 - - [22/May/2023:10:19:49 -0300] "GET /cormun/servlet/trpermisosgoce HTTP/1.1" 200 12364
190.171.142.42 - - [22/May/2023:10:19:49 -0300] "GET /cormun/servlet/trpermisosgoce HTTP/1.1" 200 12359
190.171.142.42 - - [22/May/2023:10:20:02 -0300] "GET /cormun/servlet/permisogoce?INS,0,,, HTTP/1.1" 200 7152
190.171.142.42 - - [22/May/2023:10:20:02 -0300] "GET /cormun/servlet/permisogoce?INS,0,,, HTTP/1.1" 200 7152
190.171.142.42 - - [22/May/2023:10:20:21 -0300] "GET /cormun/servlet/prfichaempleado?,MD,,gxPopupLevel%3D0%3B HTTP/1.1" 200 9290
190.171.142.42 - - [22/May/2023:10:20:24 -0300] "GET /cormun/servlet/permisogoce?f64acdbdac677245271e280436b3ad1eef7869fa2fb58083f7446db7855a9ef569d95b47f3e1acc13cd47307c1fd9c67adb96f9597621e839e2f03bce1925cf0,gx-no-cache=1684760694856 HTTP/1.1" 200 177
190.171.142.42 - - [22/May/2023:10:20:24 -0300] "GET /cormun/static/Shared/jqueryui/images/ui-bg_highlight-soft_100_c6c2c8_1x100.png HTTP/1.1" 404 1117
190.171.142.42 - - [22/May/2023:10:20:24 -0300] "GET /cormun/static/Shared/jqueryui/images/ui-icons_ebccce_256x240.png HTTP/1.1" 404 1089
190.171.142.42 - - [22/May/2023:10:20:24 -0300] "GET /cormun/static/Shared/jqueryui/images/ui-icons_82798d_256x240.png HTTP/1.1" 404 1089
190.171.142.42 - - [22/May/2023:10:20:24 -0300] "GET /cormun/static/Shared/jqueryui/images/ui-bg_flat_55_994d53_40x100.png HTTP/1.1" 404 1097
192.168.10.17 - - [22/May/2023:10:20:30 -0300] "POST /cormun/servlet/trsolicitudgral?d1368accf648e92a78b03b009c1515a4,,gx-no-cache=1684760651675 HTTP/1.1" 200 5251
192.168.10.17 - - [22/May/2023:10:20:42 -0300] "POST /cormun/servlet/trsolicitudgral?d1368accf648e92a78b03b009c1515a4,,gx-no-cache=1684760663145 HTTP/1.1" 200 5250
192.168.10.17 - - [22/May/2023:10:20:47 -0300] "POST /cormun/servlet/trsolicitudgral?d1368accf648e92a78b03b009c1515a4,,gx-no-cache=1684760668194 HTTP/1.1" 200 6631
192.168.10.17 - - [22/May/2023:10:20:48 -0300] "GET /cormun/servlet/vesolicitudgral?2023,20117,, HTTP/1.1" 200 8365
192.168.10.17 - - [22/May/2023:10:20:48 -0300] "GET /cormun/pexe_scrolldiv.js HTTP/1.1" 404 1009
192.168.10.17 - - [22/May/2023:10:20:49 -0300] "GET /cormun/servlet/vesolicitudgral?2023,20117,, HTTP/1.1" 200 8364
192.168.10.17 - - [22/May/2023:10:20:51 -0300] "POST /cormun/servlet/vesolicitudgral?d1368accf648e92a78b03b009c1515a4,2023,20117,,,gx-no-cache=1684760672073 HTTP/1.1" 200 114
192.168.10.17 - - [22/May/2023:10:20:51 -0300] "GET /cormun/servlet/solicitudotlog?INS,2023,20117,0,REC, HTTP/1.1" 200 5629
192.168.10.17 - - [22/May/2023:10:20:51 -0300] "GET /cormun/static/gxcfg.js?202211298384126 HTTP/1.1" 200 953
192.168.10.17 - - [22/May/2023:10:20:51 -0300] "GET /cormun/static/solicitudotlog.js?202211298384130 HTTP/1.1" 200 8934
192.168.10.17 - - [22/May/2023:10:20:51 -0300] "GET /cormun/servlet/solicitudotlog?INS,2023,20117,0,REC, HTTP/1.1" 200 5623
192.168.10.17 - - [22/May/2023:10:20:51 -0300] "GET /cormun/servlet/solicitudotlog?ef5ba0a8fe229cd243c7841e6a7659ac94aa2b5046997a22220736b2c2c92e06cd54dc33ab1be9f5cccf079b6fc8b9f2d8a11107044dec4c9407e3392469909c76e7c50b3f207ca73db64b327206e6ac5eb3572e5519ae443afb41fae06d79bf35bd480ba53856e1a39f24945d8b18e80fca65df53c9224cf2db7120224f8034d44a936471a9b1ce2701a15f3f4afb61cfb3ab88565f1152d5d88638fdefa1d6,gx-no-cache=1684760672898 HTTP/1.1" 200 94
200.54.103.162 - - [22/May/2023:10:21:06 -0300] "GET /cormun/servlet/hlogin HTTP/1.1" 200 1720
200.54.103.162 - - [22/May/2023:10:21:06 -0300] "GET /cormun/servlet/hlogin HTTP/1.1" 200 1730
192.168.10.17 - - [22/May/2023:10:21:06 -0300] "POST /cormun/servlet/solicitudotlog?d1368accf648e92a78b03b009c1515a4,INS,2023,20117,0,REC,,gx-no-cache=1684760687273 HTTP/1.1" 200 93
192.168.10.17 - - [22/May/2023:10:21:06 -0300] "GET /cormun/servlet/hpexe_return? HTTP/1.1" 200 1021
192.168.10.17 - - [22/May/2023:10:21:06 -0300] "GET /cormun/static/gxcfg.js?20221129846035 HTTP/1.1" 200 953
192.168.10.17 - - [22/May/2023:10:21:06 -0300] "GET /cormun/static/hpexe_return.js?20221129846037 HTTP/1.1" 200 1633
192.168.10.17 - - [22/May/2023:10:21:06 -0300] "GET /cormun/servlet/vesolicitudgral?2023,20117,, HTTP/1.1" 200 8380
192.168.10.17 - - [22/May/2023:10:21:06 -0300] "GET /cormun/pexe_scrolldiv.js HTTP/1.1" 404 1009
192.168.10.17 - - [22/May/2023:10:21:06 -0300] "GET /cormun/servlet/vesolicitudgral?2023,20117,, HTTP/1.1" 200 8376
200.54.103.162 - - [22/May/2023:10:21:12 -0300] "POST /cormun/servlet/hlogin?19a7b15fc4189d324892e239c8551985,gx-no-cache=1684760742915 HTTP/1.1" 200 90
200.54.103.162 - - [22/May/2023:10:21:12 -0300] "GET /cormun/servlet/hpexe_link HTTP/1.1" 200 950
200.54.103.162 - - [22/May/2023:10:21:12 -0300] "GET /cormun/servlet/hhome HTTP/1.1" 200 4342
200.54.103.162 - - [22/May/2023:10:21:13 -0300] "GET /cormun/servlet/hhome HTTP/1.1" 200 4338
192.168.10.17 - - [22/May/2023:10:21:13 -0300] "GET /cormun/servlet/trsolicitudgral? HTTP/1.1" 200 9674
