192.168.10.17 - - [18/May/2023:17:29:08 -0300] "GET /cormun/servlet/vesolicitudgral?2023,20151,,SolicitudOTAdjuntos HTTP/1.1" 200 11087
192.168.10.17 - - [18/May/2023:17:29:09 -0300] "POST /cormun/servlet/acontrolpreferencessavestate?None,RRHH+DANIELA,true HTTP/1.1" 200 35
192.168.10.17 - - [18/May/2023:17:29:19 -0300] "GET /cormun/servlet/trsolicitudgral? HTTP/1.1" 200 10532
192.168.10.17 - - [18/May/2023:17:29:19 -0300] "GET /cormun/servlet/trsolicitudgral? HTTP/1.1" 200 10525
192.168.10.17 - - [18/May/2023:17:29:24 -0300] "GET /cormun/servlet/vesolicitudgral?2023,20143,, HTTP/1.1" 200 8360
192.168.10.17 - - [18/May/2023:17:29:24 -0300] "GET /cormun/pexe_scrolldiv.js HTTP/1.1" 404 1009
192.168.10.17 - - [18/May/2023:17:29:24 -0300] "GET /cormun/servlet/vesolicitudgral?2023,20143,, HTTP/1.1" 200 8360
181.212.47.137 - - [18/May/2023:17:30:21 -0300] "GET /cormun/servlet/trsolicitudgral? HTTP/1.1" 200 28087
181.212.47.137 - - [18/May/2023:17:30:22 -0300] "GET /cormun/servlet/trsolicitudgral? HTTP/1.1" 200 28083
181.212.47.137 - - [18/May/2023:17:30:28 -0300] "GET /cormun/servlet/vesolicitudgral?2023,20209,, HTTP/1.1" 200 8406
181.212.47.137 - - [18/May/2023:17:30:28 -0300] "GET /cormun/pexe_scrolldiv.js HTTP/1.1" 404 1009
181.212.47.137 - - [18/May/2023:17:30:29 -0300] "GET /cormun/servlet/vesolicitudgral?2023,20209,, HTTP/1.1" 200 8405
181.212.47.137 - - [18/May/2023:17:30:39 -0300] "POST /cormun/servlet/vesolicitudgral?58f7e1b284a2a48a83251db313fb6638,2023,20209,,,gx-no-cache=1684440864077 HTTP/1.1" 200 12193
181.212.47.137 - - [18/May/2023:17:30:39 -0300] "GET /cormun/static/Shared/jqueryui/images/ui-icons_82798d_256x240.png HTTP/1.1" 404 1089
181.212.47.137 - - [18/May/2023:17:30:39 -0300] "GET /cormun/static/Shared/jqueryui/images/ui-bg_highlight-soft_100_c6c2c8_1x100.png HTTP/1.1" 404 1117
181.212.47.137 - - [18/May/2023:17:30:39 -0300] "GET /cormun/static/Shared/jqueryui/images/ui-bg_flat_55_fafafa_40x100.png HTTP/1.1" 404 1097
181.212.47.137 - - [18/May/2023:17:30:39 -0300] "GET /cormun/static/Shared/jqueryui/images/ui-icons_8d78a5_256x240.png HTTP/1.1" 404 1089
181.212.47.137 - - [18/May/2023:17:30:39 -0300] "POST /cormun/servlet/vesolicitudgral?58f7e1b284a2a48a83251db313fb6638,2023,20209,,,gx-no-cache=1684440864385 HTTP/1.1" 200 12126
181.212.47.137 - - [18/May/2023:17:30:45 -0300] "GET /cormun/servlet/trautorizarot? HTTP/1.1" 200 9934
181.212.47.137 - - [18/May/2023:17:30:45 -0300] "GET /cormun/servlet/trautorizarot? HTTP/1.1" 200 9929
190.171.143.82 - - [18/May/2023:17:30:48 -0300] "GET /cormun/servlet/permisogoce?INS,0,,, HTTP/1.1" 200 7258
190.171.143.82 - - [18/May/2023:17:30:49 -0300] "GET /cormun/servlet/permisogoce?INS,0,,, HTTP/1.1" 200 7258
190.171.143.82 - - [18/May/2023:17:30:59 -0300] "GET /cormun/servlet/permisogoce?5f44e264cbfe5fa6eeb2d9947ae8185c6383afeb9c771b8ec70871bf07d053c09ac1d24edb2e62d42146f2348394c3cd475622b7af2bf914fc96c0e0bb97631e,gx-no-cache=1684437339701 HTTP/1.1" 200 226
190.171.143.82 - - [18/May/2023:17:30:59 -0300] "GET /cormun/static/Shared/jqueryui/images/ui-bg_flat_55_994d53_40x100.png HTTP/1.1" 404 1097
190.171.143.82 - - [18/May/2023:17:30:59 -0300] "GET /cormun/static/Shared/jqueryui/images/ui-bg_highlight-soft_100_c6c2c8_1x100.png HTTP/1.1" 404 1117
190.171.143.82 - - [18/May/2023:17:30:59 -0300] "GET /cormun/static/Shared/jqueryui/images/ui-icons_82798d_256x240.png HTTP/1.1" 404 1089
190.171.143.82 - - [18/May/2023:17:30:59 -0300] "GET /cormun/static/Shared/jqueryui/images/ui-icons_ebccce_256x240.png HTTP/1.1" 404 1089
190.171.143.82 - - [18/May/2023:17:31:11 -0300] "GET /cormun/servlet/permisogoce?5f44e264cbfe5fa6eeb2d9947ae8185cb0f9854916e5db29caa5514343a0bf01055f590ac86acc4af18bacefcf5fefd03917a0ff1f0139eb13eb90364b6dc971,gx-no-cache=1684437352454 HTTP/1.1" 200 226
190.171.143.82 - - [18/May/2023:17:31:12 -0300] "GET /cormun/static/menuarrow.gif HTTP/1.1" 404 1015
181.212.47.137 - - [18/May/2023:17:31:13 -0300] "GET /cormun/servlet/trsolicitudgral? HTTP/1.1" 200 27947
181.212.47.137 - - [18/May/2023:17:31:14 -0300] "GET /cormun/servlet/trsolicitudgral? HTTP/1.1" 200 27947
190.171.143.82 - - [18/May/2023:17:31:24 -0300] "GET /cormun/servlet/permisogoce?5f44e264cbfe5fa6eeb2d9947ae8185c0c017fd08e71d202d853180c8ad5662f6a76db0b7f7efd224e6e4e033d323d05c949e09e0a52e0e25b8d822af4aabafa,gx-no-cache=1684437365063 HTTP/1.1" 200 78
10.40.40.2 - - [18/May/2023:17:31:29 -0300] "GET /cormun/servlet/trsolicitudgral? HTTP/1.1" 500 10
181.212.47.137 - - [18/May/2023:17:31:30 -0300] "GET /cormun/servlet/vesolicitudgral?2023,20204,, HTTP/1.1" 200 8362
181.212.47.137 - - [18/May/2023:17:31:30 -0300] "GET /cormun/pexe_scrolldiv.js HTTP/1.1" 404 1009
181.212.47.137 - - [18/May/2023:17:31:30 -0300] "GET /cormun/servlet/vesolicitudgral?2023,20204,, HTTP/1.1" 200 8361
10.40.40.2 - - [18/May/2023:17:31:31 -0300] "GET /cormun/servlet/trsolicitudgral? HTTP/1.1" 500 10
10.40.40.2 - - [18/May/2023:17:31:38 -0300] "GET /cormun/servlet/hlogin HTTP/1.1" 200 1719
190.171.143.82 - - [18/May/2023:17:31:39 -0300] "GET /cormun/servlet/permisogoce?5f44e264cbfe5fa6eeb2d9947ae8185c083242ab88e6b63230362a95837b41be4aa43bdb4b3a3b9d32dc42ec3d24cd591f6e752fa3f909c9c87251e7973f93d0,gx-no-cache=1684437379860 HTTP/1.1" 200 47
10.40.40.2 - - [18/May/2023:17:31:40 -0300] "POST /cormun/servlet/hlogin?0ccd3e43ce7a6cbd9ac024891d1045e3,gx-no-cache=1684440924979 HTTP/1.1" 200 90
10.40.40.2 - - [18/May/2023:17:31:40 -0300] "GET /cormun/servlet/hpexe_link HTTP/1.1" 200 950
10.40.40.2 - - [18/May/2023:17:31:40 -0300] "GET /cormun/servlet/hhome HTTP/1.1" 200 3799
10.40.40.2 - - [18/May/2023:17:31:40 -0300] "GET /cormun/servlet/hhome HTTP/1.1" 200 3797
190.171.143.82 - - [18/May/2023:17:31:40 -0300] "POST /cormun/servlet/permisogoce?dafabffb33b3eeccff56b9ca11200896,INS,0,,,,gx-no-cache=1684437381008 HTTP/1.1" 200 93
190.171.143.82 - - [18/May/2023:17:31:40 -0300] "GET /cormun/servlet/hpexe_return? HTTP/1.1" 200 1005
190.171.143.82 - - [18/May/2023:17:31:41 -0300] "GET /cormun/servlet/trpermisosgoce HTTP/1.1" 200 14745
190.171.143.82 - - [18/May/2023:17:31:42 -0300] "GET /cormun/servlet/trpermisosgoce HTTP/1.1" 200 14741
10.40.40.2 - - [18/May/2023:17:31:43 -0300] "GET /cormun/servlet/trsolicitudgral? HTTP/1.1" 200 27946
10.40.40.2 - - [18/May/2023:17:31:44 -0300] "GET /cormun/servlet/trsolicitudgral? HTTP/1.1" 200 27945
190.171.143.82 - - [18/May/2023:17:31:46 -0300] "GET /cormun/servlet/apermisogoceprn?11366128,P,20230518161432,PU HTTP/1.1" 200 1652
190.171.143.82 - - [18/May/2023:17:31:47 -0300] "GET /cormun/servlet/apermisogoceprn?11366128,P,20230518161432,PU HTTP/1.1" 200 1659
190.171.143.82 - - [18/May/2023:17:31:48 -0300] "GET /cormun/servlet/apermisogoceprn?11366128,P,20230518161432,PU HTTP/1.1" 200 1654
192.168.10.17 - - [18/May/2023:17:31:48 -0300] "GET /cormun/servlet/vesolicitudgral?2023,20143,,SolicitudOTAdjuntos HTTP/1.1" 200 11001
192.168.10.17 - - [18/May/2023:17:31:48 -0300] "GET /cormun/pexe_scrolldiv.js HTTP/1.1" 404 1009
192.168.10.17 - - [18/May/2023:17:31:48 -0300] "GET /cormun/servlet/vesolicitudgral?2023,20143,,SolicitudOTAdjuntos HTTP/1.1" 200 11002
192.168.10.17 - - [18/May/2023:17:31:49 -0300] "POST /cormun/servlet/acontrolpreferencessavestate?None,RRHH+DANIELA,true HTTP/1.1" 200 35
192.168.10.17 - - [18/May/2023:17:31:51 -0300] "GET /cormun/PublicTempStorage/c._identidad9890663.pdf HTTP/1.1" 200 202474
192.168.10.17 - - [18/May/2023:17:32:08 -0300] "GET /cormun/servlet/vesolicitudgral?2023,20143,,SolicitudOTAdjuntos HTTP/1.1" 200 11000
192.168.10.17 - - [18/May/2023:17:32:08 -0300] "GET /cormun/servlet/vesolicitudgral?2023,20143,,SolicitudOTAdjuntos HTTP/1.1" 200 11002
192.168.10.17 - - [18/May/2023:17:32:09 -0300] "POST /cormun/servlet/acontrolpreferencessavestate?None,RRHH+DANIELA,true HTTP/1.1" 200 35
192.168.10.17 - - [18/May/2023:17:32:09 -0300] "GET /cormun/PublicTempStorage/curriculum7198421.pdf HTTP/1.1" 200 568757
192.168.10.17 - - [18/May/2023:17:32:39 -0300] "GET /cormun/servlet/vesolicitudgral?2023,20143,,SolicitudOTAdjuntos HTTP/1.1" 200 11000
192.168.10.17 - - [18/May/2023:17:32:39 -0300] "GET /cormun/servlet/vesolicitudgral?2023,20143,,SolicitudOTAdjuntos HTTP/1.1" 200 11001
192.168.10.17 - - [18/May/2023:17:32:40 -0300] "POST /cormun/servlet/acontrolpreferencessavestate?None,RRHH+DANIELA,true HTTP/1.1" 200 35
192.168.10.17 - - [18/May/2023:17:32:43 -0300] "GET /cormun/PublicTempStorage/afp3777029.pdf HTTP/1.1" 200 236695
192.168.10.17 - - [18/May/2023:17:33:04 -0300] "GET /cormun/servlet/vesolicitudgral?2023,20143,,SolicitudOTAdjuntos HTTP/1.1" 200 10998
192.168.10.17 - - [18/May/2023:17:33:05 -0300] "GET /cormun/servlet/vesolicitudgral?2023,20143,,SolicitudOTAdjuntos HTTP/1.1" 200 11004
192.168.10.17 - - [18/May/2023:17:33:05 -0300] "POST /cormun/servlet/acontrolpreferencessavestate?None,RRHH+DANIELA,true HTTP/1.1" 200 35
192.168.10.17 - - [18/May/2023:17:33:06 -0300] "GET /cormun/PublicTempStorage/afp8598880.pdf HTTP/1.1" 200 236695
192.168.10.17 - - [18/May/2023:17:33:09 -0300] "GET /cormun/servlet/vesolicitudgral?2023,20143,,SolicitudOTAdjuntos HTTP/1.1" 200 10997
192.168.10.17 - - [18/May/2023:17:33:10 -0300] "GET /cormun/servlet/vesolicitudgral?2023,20143,,SolicitudOTAdjuntos HTTP/1.1" 200 10999
192.168.10.17 - - [18/May/2023:17:33:11 -0300] "POST /cormun/servlet/acontrolpreferencessavestate?None,RRHH+DANIELA,true HTTP/1.1" 200 35
192.168.10.17 - - [18/May/2023:17:33:12 -0300] "GET /cormun/PublicTempStorage/fonasa3178976.pdf HTTP/1.1" 200 239100
192.168.10.17 - - [18/May/2023:17:33:28 -0300] "GET /cormun/servlet/vesolicitudgral?2023,20143,,SolicitudOTAdjuntos HTTP/1.1" 200 10999
192.168.10.17 - - [18/May/2023:17:33:29 -0300] "GET /cormun/servlet/vesolicitudgral?2023,20143,,SolicitudOTAdjuntos HTTP/1.1" 200 11000
192.168.10.17 - - [18/May/2023:17:33:30 -0300] "POST /cormun/servlet/acontrolpreferencessavestate?None,RRHH+DANIELA,true HTTP/1.1" 200 35
192.168.10.17 - - [18/May/2023:17:33:30 -0300] "GET /cormun/servlet/vesolicitudgral?2023,20143,,General HTTP/1.1" 200 8363
192.168.10.17 - - [18/May/2023:17:33:30 -0300] "GET /cormun/pexe_scrolldiv.js HTTP/1.1" 404 1009
192.168.10.17 - - [18/May/2023:17:33:30 -0300] "GET /cormun/servlet/vesolicitudgral?2023,20143,,General HTTP/1.1" 200 8363
190.171.143.82 - - [18/May/2023:17:33:32 -0300] "GET /cormun/servlet/permisogoce?INS,0,,, HTTP/1.1" 200 7258
190.171.143.82 - - [18/May/2023:17:33:32 -0300] "GET /cormun/servlet/permisogoce?INS,0,,, HTTP/1.1" 200 7257
190.171.143.82 - - [18/May/2023:17:33:45 -0300] "GET /cormun/servlet/permisogoce?5f44e264cbfe5fa6eeb2d9947ae8185cec12a4a2522e804f6a2ce799fd176bb66a76db0b7f7efd224e6e4e033d323d05c949e09e0a52e0e25b8d822af4aabafa,gx-no-cache=1684437505627 HTTP/1.1" 200 84
190.171.143.82 - - [18/May/2023:17:33:45 -0300] "GET /cormun/static/menuarrow.gif HTTP/1.1" 404 1015
190.171.143.82 - - [18/May/2023:17:33:52 -0300] "GET /cormun/servlet/permisogoce?5f44e264cbfe5fa6eeb2d9947ae8185c4ced3938250ccb84da54b458cefca1568e386223bf2512a63241cb131775364c1f6e752fa3f909c9c87251e7973f93d0,gx-no-cache=1684437513138 HTTP/1.1" 200 47
190.171.143.82 - - [18/May/2023:17:33:53 -0300] "POST /cormun/servlet/permisogoce?dafabffb33b3eeccff56b9ca11200896,INS,0,,,,gx-no-cache=1684437514056 HTTP/1.1" 200 93
190.171.143.82 - - [18/May/2023:17:33:53 -0300] "GET /cormun/servlet/hpexe_return? HTTP/1.1" 200 1005
190.171.143.82 - - [18/May/2023:17:33:54 -0300] "GET /cormun/servlet/trpermisosgoce HTTP/1.1" 200 14964
190.171.143.82 - - [18/May/2023:17:33:55 -0300] "GET /cormun/servlet/trpermisosgoce HTTP/1.1" 200 14960
190.171.143.82 - - [18/May/2023:17:35:18 -0300] "GET /cormun/servlet/permisogoce?INS,0,,, HTTP/1.1" 200 7258
190.171.143.82 - - [18/May/2023:17:35:19 -0300] "GET /cormun/servlet/permisogoce?INS,0,,, HTTP/1.1" 200 7258
192.168.10.17 - - [18/May/2023:17:36:08 -0300] "GET /cormun/servlet/trsolicitudgral? HTTP/1.1" 200 10147
192.168.10.17 - - [18/May/2023:17:36:09 -0300] "GET /cormun/servlet/trsolicitudgral? HTTP/1.1" 200 10139
190.171.152.114 - - [18/May/2023:17:36:56 -0300] "GET /cormun/servlet/trpermisosgoce? HTTP/1.1" 200 6039
190.171.152.114 - - [18/May/2023:17:36:56 -0300] "GET /cormun/servlet/hlogin HTTP/1.1" 200 1745
190.171.152.114 - - [18/May/2023:17:36:56 -0300] "GET /cormun/servlet/trpermisosgoce? HTTP/1.1" 200 6032
192.168.10.17 - - [18/May/2023:17:36:59 -0300] "GET /cormun/servlet/trautorizarot? HTTP/1.1" 200 9917
192.168.10.17 - - [18/May/2023:17:36:59 -0300] "GET /cormun/servlet/trautorizarot? HTTP/1.1" 200 9917
192.168.10.17 - - [18/May/2023:17:37:04 -0300] "POST /cormun/servlet/trautorizarot?47903cbb0ee54cdcd54e62bcfdbe6139,,gx-no-cache=1684441249401 HTTP/1.1" 200 5326
190.171.152.114 - - [18/May/2023:17:37:11 -0300] "POST /cormun/servlet/hlogin?80e2bbad25b9edee79091d872254d427,gx-no-cache=1684441302318 HTTP/1.1" 200 90
190.171.152.114 - - [18/May/2023:17:37:11 -0300] "GET /cormun/servlet/hpexe_link HTTP/1.1" 200 961
190.171.152.114 - - [18/May/2023:17:37:11 -0300] "GET /cormun/servlet/trpermisosgoce HTTP/1.1" 200 10970
190.171.152.114 - - [18/May/2023:17:37:11 -0300] "GET /cormun/servlet/trpermisosgoce HTTP/1.1" 200 10969
190.171.152.114 - - [18/May/2023:17:37:15 -0300] "GET /cormun/servlet/permisogoce?INS,0,,, HTTP/1.1" 200 7226
190.171.152.114 - - [18/May/2023:17:37:15 -0300] "GET /cormun/servlet/permisogoce?INS,0,,, HTTP/1.1" 200 7226
192.168.10.17 - - [18/May/2023:17:37:16 -0300] "GET /cormun/servlet/trsolicitudgral? HTTP/1.1" 200 10888
192.168.10.17 - - [18/May/2023:17:37:16 -0300] "GET /cormun/servlet/trsolicitudgral? HTTP/1.1" 200 10888
192.168.10.17 - - [18/May/2023:17:37:21 -0300] "POST /cormun/servlet/trsolicitudgral?47903cbb0ee54cdcd54e62bcfdbe6139,,gx-no-cache=1684441266177 HTTP/1.1" 200 7834
190.171.152.114 - - [18/May/2023:17:37:24 -0300] "GET /cormun/servlet/permisogoce?2380c7c7307b9aa6b7fe135ad4ef5a5167a532c4a66113f81cfb4174ff779a9a6921279cfca3271d5b6552341b2507e85231c3940f6065b63025353770b16e6d,gx-no-cache=1684441315078 HTTP/1.1" 200 84
190.171.152.114 - - [18/May/2023:17:37:27 -0300] "GET /cormun/static/menuarrow.gif HTTP/1.1" 404 1015
190.171.152.114 - - [18/May/2023:17:37:32 -0300] "GET /cormun/servlet/permisogoce?2380c7c7307b9aa6b7fe135ad4ef5a51e7a9d321f1f3526aff45f7a64c45eb09466a6af7bf7efc528fc65959622b577494493978332f4fb8e351d96b6f022441,gx-no-cache=1684441323358 HTTP/1.1" 200 47
190.171.153.26 - - [18/May/2023:17:37:32 -0300] "GET /cormun/servlet/trpermisosgoce? HTTP/1.1" 200 6032
190.171.153.26 - - [18/May/2023:17:37:33 -0300] "GET /cormun/servlet/hlogin HTTP/1.1" 200 1740
190.171.153.26 - - [18/May/2023:17:37:33 -0300] "GET /cormun/servlet/trpermisosgoce? HTTP/1.1" 200 6028
190.171.152.114 - - [18/May/2023:17:37:34 -0300] "POST /cormun/servlet/permisogoce?80e2bbad25b9edee79091d872254d427,INS,0,,,,gx-no-cache=1684441325008 HTTP/1.1" 200 93
190.171.152.114 - - [18/May/2023:17:37:34 -0300] "GET /cormun/servlet/hpexe_return? HTTP/1.1" 200 1014
190.171.152.114 - - [18/May/2023:17:37:35 -0300] "GET /cormun/servlet/trpermisosgoce HTTP/1.1" 200 11207
190.171.152.114 - - [18/May/2023:17:37:35 -0300] "GET /cormun/servlet/trpermisosgoce HTTP/1.1" 200 11204
190.171.152.114 - - [18/May/2023:17:37:38 -0300] "GET /cormun/servlet/apermisogoceprn?18375214,P,20230518162059,PU HTTP/1.1" 200 1668
190.171.153.26 - - [18/May/2023:17:37:39 -0300] "POST /cormun/servlet/hlogin?6021a6d384e3b2315ad065a063a9a1b2,gx-no-cache=1684441336380 HTTP/1.1" 200 90
190.171.153.26 - - [18/May/2023:17:37:39 -0300] "GET /cormun/servlet/hpexe_link HTTP/1.1" 200 955
190.171.153.26 - - [18/May/2023:17:37:40 -0300] "GET /cormun/servlet/trpermisosgoce HTTP/1.1" 200 11522
190.171.153.26 - - [18/May/2023:17:37:40 -0300] "GET /cormun/servlet/trpermisosgoce HTTP/1.1" 200 11521
190.171.153.26 - - [18/May/2023:17:37:42 -0300] "GET /cormun/servlet/permisogoce?INS,0,,, HTTP/1.1" 200 6834
190.171.153.26 - - [18/May/2023:17:37:43 -0300] "GET /cormun/servlet/permisogoce?INS,0,,, HTTP/1.1" 200 6834
190.171.143.82 - - [18/May/2023:17:37:49 -0300] "GET /cormun/servlet/permisogoce?5f44e264cbfe5fa6eeb2d9947ae8185c848aa04e5e30a9314f5841ac2b60d7719ac1d24edb2e62d42146f2348394c3cd475622b7af2bf914fc96c0e0bb97631e,gx-no-cache=1684437749901 HTTP/1.1" 200 65
190.171.143.82 - - [18/May/2023:17:37:49 -0300] "GET /cormun/static/menuarrow.gif HTTP/1.1" 404 1015
190.171.153.26 - - [18/May/2023:17:37:56 -0300] "GET /cormun/servlet/permisogoce?16ffe73605b1f9119e147e93bcb82e39e2ab21a15bfc7f31761cd3e6fda95aed6f1f5fbb5fa14abb6115b1567da7c4d4a6820ccb88c6b35d477399d06f881af1,gx-no-cache=1684441353265 HTTP/1.1" 200 78
190.171.143.82 - - [18/May/2023:17:37:57 -0300] "GET /cormun/servlet/permisogoce?5f44e264cbfe5fa6eeb2d9947ae8185c9ba26992692e615ea7f446e4cbe977f677d8f178cf0b138691dfab8a066b829ba30f39ea115f4e3982e77cab0306bd77,gx-no-cache=1684437757986 HTTP/1.1" 200 48
190.171.143.82 - - [18/May/2023:17:37:59 -0300] "POST /cormun/servlet/permisogoce?dafabffb33b3eeccff56b9ca11200896,INS,0,,,,gx-no-cache=1684437759417 HTTP/1.1" 200 93
190.171.143.82 - - [18/May/2023:17:37:59 -0300] "GET /cormun/servlet/hpexe_return? HTTP/1.1" 200 1005
190.171.143.82 - - [18/May/2023:17:37:59 -0300] "GET /cormun/servlet/trpermisosgoce HTTP/1.1" 200 15121
190.171.153.26 - - [18/May/2023:17:38:00 -0300] "GET /cormun/static/menuarrow.gif HTTP/1.1" 404 1015
190.171.143.82 - - [18/May/2023:17:38:00 -0300] "GET /cormun/servlet/trpermisosgoce HTTP/1.1" 200 15117
181.212.47.137 - - [18/May/2023:17:38:01 -0300] "GET /cormun/servlet/trsolicitudgral? HTTP/1.1" 200 27947
181.212.47.137 - - [18/May/2023:17:38:02 -0300] "GET /cormun/servlet/trsolicitudgral? HTTP/1.1" 200 27947
190.171.143.82 - - [18/May/2023:17:38:05 -0300] "GET /cormun/servlet/apermisogoceprn?6606565,P,20230518161903,PU HTTP/1.1" 200 1657
190.171.143.82 - - [18/May/2023:17:38:05 -0300] "GET /cormun/servlet/apermisogoceprn?6606565,P,20230518161903,PU HTTP/1.1" 200 1650
190.171.153.26 - - [18/May/2023:17:38:10 -0300] "GET /cormun/servlet/permisogoce?16ffe73605b1f9119e147e93bcb82e39798e419e71be8bb1954d51b81590a44fc970f98e8982dabc9b053f1b71c5f66ef5d2d4fd8ceca147d9867e3f240240a5,gx-no-cache=1684441367564 HTTP/1.1" 200 48
181.212.47.137 - - [18/May/2023:17:38:12 -0300] "GET /cormun/servlet/vesolicitudgral?2023,20184,, HTTP/1.1" 200 8402
181.212.47.137 - - [18/May/2023:17:38:12 -0300] "GET /cormun/pexe_scrolldiv.js HTTP/1.1" 404 1009
181.212.47.137 - - [18/May/2023:17:38:12 -0300] "GET /cormun/servlet/vesolicitudgral?2023,20184,, HTTP/1.1" 200 8401
190.171.153.26 - - [18/May/2023:17:38:13 -0300] "POST /cormun/servlet/permisogoce?6021a6d384e3b2315ad065a063a9a1b2,INS,0,,,,gx-no-cache=1684441369263 HTTP/1.1" 200 93
190.171.153.26 - - [18/May/2023:17:38:13 -0300] "GET /cormun/servlet/hpexe_return? HTTP/1.1" 200 1007
190.171.153.26 - - [18/May/2023:17:38:13 -0300] "GET /cormun/servlet/trpermisosgoce HTTP/1.1" 200 11804
190.171.153.26 - - [18/May/2023:17:38:13 -0300] "GET /cormun/servlet/trpermisosgoce HTTP/1.1" 200 11799
190.171.153.26 - - [18/May/2023:17:38:20 -0300] "GET /cormun/servlet/apermisogoceprn?18647449,P,20230518162127,PU HTTP/1.1" 200 1661
181.212.47.137 - - [18/May/2023:17:39:18 -0300] "GET /cormun/servlet/trsolicitudgral? HTTP/1.1" 200 27954
181.212.47.137 - - [18/May/2023:17:39:19 -0300] "GET /cormun/servlet/trsolicitudgral? HTTP/1.1" 200 27947
190.171.143.82 - - [18/May/2023:17:40:03 -0300] "GET /cormun/servlet/apermisogoceprn?17204627,P,20230518161716,PU HTTP/1.1" 200 1654
190.171.143.82 - - [18/May/2023:17:40:04 -0300] "GET /cormun/servlet/apermisogoceprn?17204627,P,20230518161716,PU HTTP/1.1" 200 1654
181.212.47.137 - - [18/May/2023:17:41:24 -0300] "GET /cormun/servlet/vesolicitudgral?2023,20204,, HTTP/1.1" 200 8362
181.212.47.137 - - [18/May/2023:17:41:24 -0300] "GET /cormun/pexe_scrolldiv.js HTTP/1.1" 404 1009
181.212.47.137 - - [18/May/2023:17:41:24 -0300] "GET /cormun/servlet/vesolicitudgral?2023,20204,, HTTP/1.1" 200 8361
181.212.47.137 - - [18/May/2023:17:41:43 -0300] "POST /cormun/servlet/vesolicitudgral?58f7e1b284a2a48a83251db313fb6638,2023,20204,,,gx-no-cache=1684441527477 HTTP/1.1" 200 12191
181.212.47.137 - - [18/May/2023:17:41:43 -0300] "GET /cormun/static/Shared/jqueryui/images/ui-icons_82798d_256x240.png HTTP/1.1" 404 1089
181.212.47.137 - - [18/May/2023:17:41:43 -0300] "GET /cormun/static/Shared/jqueryui/images/ui-bg_highlight-soft_100_c6c2c8_1x100.png HTTP/1.1" 404 1117
181.212.47.137 - - [18/May/2023:17:41:43 -0300] "GET /cormun/static/Shared/jqueryui/images/ui-bg_flat_55_fafafa_40x100.png HTTP/1.1" 404 1097
181.212.47.137 - - [18/May/2023:17:41:43 -0300] "GET /cormun/static/Shared/jqueryui/images/ui-icons_8d78a5_256x240.png HTTP/1.1" 404 1089
181.212.47.137 - - [18/May/2023:17:41:43 -0300] "POST /cormun/servlet/vesolicitudgral?58f7e1b284a2a48a83251db313fb6638,2023,20204,,,gx-no-cache=1684441527660 HTTP/1.1" 200 12124
181.212.47.137 - - [18/May/2023:17:42:10 -0300] "GET /cormun/servlet/trsolicitudgral? HTTP/1.1" 200 27869
181.212.47.137 - - [18/May/2023:17:42:11 -0300] "GET /cormun/servlet/trsolicitudgral? HTTP/1.1" 200 27864
181.212.47.137 - - [18/May/2023:17:43:19 -0300] "GET /cormun/servlet/vesolicitudgral?2023,20184,, HTTP/1.1" 200 8402
181.212.47.137 - - [18/May/2023:17:43:19 -0300] "GET /cormun/pexe_scrolldiv.js HTTP/1.1" 404 1009
181.212.47.137 - - [18/May/2023:17:43:19 -0300] "GET /cormun/servlet/vesolicitudgral?2023,20184,, HTTP/1.1" 200 8401
190.171.142.10 - - [18/May/2023:17:43:46 -0300] "GET /cormun/servlet/hlogin HTTP/1.1" 200 1720
190.171.142.10 - - [18/May/2023:17:43:46 -0300] "GET /cormun/static/gxcfg.js?2022112219184450 HTTP/1.1" 304 -
190.171.142.10 - - [18/May/2023:17:43:46 -0300] "GET /cormun/static/Resources/Spanish/PXTools.css?1759030 HTTP/1.1" 304 -
190.171.142.10 - - [18/May/2023:17:43:46 -0300] "GET /cormun/static/hlogin.js?2022112219184458 HTTP/1.1" 304 -
190.171.142.10 - - [18/May/2023:17:43:46 -0300] "GET /cormun/static/messages.spa.js?85251 HTTP/1.1" 304 -
190.171.142.10 - - [18/May/2023:17:43:46 -0300] "GET /cormun/static/Resources/CormunLogin.png HTTP/1.1" 304 -
190.171.142.10 - - [18/May/2023:17:43:46 -0300] "GET /cormun/servlet/hlogin HTTP/1.1" 200 1731
190.171.142.10 - - [18/May/2023:17:43:55 -0300] "POST /cormun/servlet/hlogin?62bf6613a98b35bf2671dae85f775bb9,gx-no-cache=1684441706492 HTTP/1.1" 200 90
190.171.142.10 - - [18/May/2023:17:43:55 -0300] "GET /cormun/servlet/hpexe_link HTTP/1.1" 200 951
190.171.142.10 - - [18/May/2023:17:43:55 -0300] "GET /cormun/static/Resources/Spanish/PXTools.css?8354383 HTTP/1.1" 304 -
190.171.142.10 - - [18/May/2023:17:43:55 -0300] "GET /cormun/static/gxcfg.js?20221129847421 HTTP/1.1" 304 -
190.171.142.10 - - [18/May/2023:17:43:55 -0300] "GET /cormun/static/hpexe_link.js?20221129847423 HTTP/1.1" 304 -
190.171.142.10 - - [18/May/2023:17:43:56 -0300] "GET /cormun/servlet/hhome HTTP/1.1" 200 4209
190.171.142.10 - - [18/May/2023:17:43:56 -0300] "GET /cormun/static/Resources/Spanish/PXTools.css?14345360 HTTP/1.1" 304 -
190.171.142.10 - - [18/May/2023:17:43:56 -0300] "GET /cormun/static/gxcfg.js?20201215495537 HTTP/1.1" 304 -
190.171.142.10 - - [18/May/2023:17:43:56 -0300] "GET /cormun/static/hwchdr01.js?2022112219251119 HTTP/1.1" 304 -
190.171.142.10 - - [18/May/2023:17:43:56 -0300] "GET /cormun/static/hhome.js?20201215495544 HTTP/1.1" 304 -
190.171.142.10 - - [18/May/2023:17:43:56 -0300] "GET /cormun/static/hpexe_recentlink.js?20201214471090 HTTP/1.1" 304 -
190.171.142.10 - - [18/May/2023:17:43:56 -0300] "GET /cormun/static/hpexe_scripts.js?20201214471411 HTTP/1.1" 304 -
190.171.142.10 - - [18/May/2023:17:43:56 -0300] "GET /cormun/static/hpexe_messagepopupcomponent.js?2020121447232 HTTP/1.1" 304 -
190.171.142.10 - - [18/May/2023:17:43:56 -0300] "GET /cormun/static/Resources/CormunMP2.png HTTP/1.1" 304 -
190.171.142.10 - - [18/May/2023:17:43:56 -0300] "GET /cormun/static/hpexe_messagecontroller.js?202211298371222 HTTP/1.1" 304 -
190.171.142.10 - - [18/May/2023:17:43:56 -0300] "GET /cormun/static/hpexe_messagegenexuscomponent.js?20221129836373 HTTP/1.1" 304 -
190.171.142.10 - - [18/May/2023:17:43:56 -0300] "GET /cormun/static/hmpwkw03.js?20221129844354 HTTP/1.1" 304 -
190.171.142.10 - - [18/May/2023:17:43:56 -0300] "GET /cormun/static/cmcontrolpreferences.js?20199141926336 HTTP/1.1" 304 -
190.171.142.10 - - [18/May/2023:17:43:56 -0300] "GET /cormun/servlet/hhome HTTP/1.1" 200 4206
190.171.142.10 - - [18/May/2023:17:44:20 -0300] "GET /cormun/servlet/trsolicitudot? HTTP/1.1" 200 7425
190.171.142.10 - - [18/May/2023:17:44:20 -0300] "GET /cormun/static/gxcfg.js?20221129846531 HTTP/1.1" 304 -
190.171.142.10 - - [18/May/2023:17:44:20 -0300] "GET /cormun/static/trsolicitudot.js?202211298465651 HTTP/1.1" 304 -
190.171.142.10 - - [18/May/2023:17:44:21 -0300] "GET /cormun/servlet/trsolicitudot? HTTP/1.1" 200 7425
190.171.142.10 - - [18/May/2023:17:44:24 -0300] "GET /cormun/servlet/solicitudot?INS,0,0,false, HTTP/1.1" 200 16053
190.171.142.10 - - [18/May/2023:17:44:24 -0300] "GET /cormun/servlet/solicitudot?INS,0,0,false, HTTP/1.1" 200 16061
190.171.142.10 - - [18/May/2023:17:44:28 -0300] "POST /cormun/servlet/solicitudot?62bf6613a98b35bf2671dae85f775bb9,INS,0,0,false,,gx-no-cache=1684441739689 HTTP/1.1" 200 13082
190.171.142.10 - - [18/May/2023:17:44:28 -0300] "GET /cormun/static/Shared/jqueryui/images/ui-icons_82798d_256x240.png HTTP/1.1" 404 1089
190.171.142.10 - - [18/May/2023:17:44:28 -0300] "GET /cormun/static/Shared/jqueryui/images/ui-bg_highlight-soft_100_c6c2c8_1x100.png HTTP/1.1" 404 1117
190.171.142.10 - - [18/May/2023:17:44:28 -0300] "GET /cormun/static/Shared/jqueryui/images/ui-bg_flat_55_994d53_40x100.png HTTP/1.1" 404 1097
190.171.142.10 - - [18/May/2023:17:44:28 -0300] "GET /cormun/static/Shared/jqueryui/images/ui-icons_ebccce_256x240.png HTTP/1.1" 404 1089
181.212.47.137 - - [18/May/2023:17:44:29 -0300] "GET /cormun/servlet/trsolicitudgral? HTTP/1.1" 200 27869
181.212.47.137 - - [18/May/2023:17:44:30 -0300] "GET /cormun/servlet/trsolicitudgral? HTTP/1.1" 200 27864
181.212.47.137 - - [18/May/2023:17:45:08 -0300] "GET /cormun/servlet/vesolicitudgral?2023,20184,, HTTP/1.1" 200 8402
181.212.47.137 - - [18/May/2023:17:45:09 -0300] "GET /cormun/pexe_scrolldiv.js HTTP/1.1" 404 1009
181.212.47.137 - - [18/May/2023:17:45:09 -0300] "GET /cormun/servlet/vesolicitudgral?2023,20184,, HTTP/1.1" 200 8401
190.171.142.10 - - [18/May/2023:17:45:17 -0300] "POST /cormun/servlet/solicitudot?gx-no-cache=1684441788529 HTTP/1.1" 200 3953
190.171.142.10 - - [18/May/2023:17:45:17 -0300] "POST /cormun/servlet/solicitudot?62bf6613a98b35bf2671dae85f775bb9,INS,0,0,false,,gx-no-cache=1684441788684 HTTP/1.1" 200 12839
190.171.142.10 - - [18/May/2023:17:45:22 -0300] "GET /cormun/servlet/solicitudot?9835c521758c049fd4096e5f9b659744349eb1e2bbb4a6338fc88deecca0646f66fb737cf69f9953a7833b1ef8907ec2,gx-no-cache=1684441793467 HTTP/1.1" 200 30
190.171.143.90 - - [18/May/2023:17:45:50 -0300] "GET /cormun/servlet/hlogin HTTP/1.1" 200 1720
190.171.143.90 - - [18/May/2023:17:45:59 -0300] "POST /cormun/servlet/hlogin?44326a804727bea68bd94673696ccf6f,gx-no-cache=1684441832209 HTTP/1.1" 200 90
190.171.143.90 - - [18/May/2023:17:45:59 -0300] "GET /cormun/servlet/hpexe_link HTTP/1.1" 200 951
190.171.143.90 - - [18/May/2023:17:45:59 -0300] "GET /cormun/servlet/hhome HTTP/1.1" 200 4311
190.171.143.90 - - [18/May/2023:17:45:59 -0300] "GET /cormun/servlet/hhome HTTP/1.1" 200 4307
190.171.143.90 - - [18/May/2023:17:46:55 -0300] "GET /cormun/servlet/trlicencias? HTTP/1.1" 200 13052
190.171.143.90 - - [18/May/2023:17:46:55 -0300] "GET /cormun/servlet/trlicencias? HTTP/1.1" 200 13039
181.212.47.137 - - [18/May/2023:17:47:19 -0300] "GET /cormun/servlet/trsolicitudgral? HTTP/1.1" 200 27869
181.212.47.137 - - [18/May/2023:17:47:19 -0300] "GET /cormun/servlet/trsolicitudgral? HTTP/1.1" 200 27864
181.212.47.137 - - [18/May/2023:17:47:27 -0300] "GET /cormun/servlet/vesolicitudgral?2023,20184,, HTTP/1.1" 200 8402
181.212.47.137 - - [18/May/2023:17:47:27 -0300] "GET /cormun/pexe_scrolldiv.js HTTP/1.1" 404 1009
181.212.47.137 - - [18/May/2023:17:47:27 -0300] "GET /cormun/servlet/vesolicitudgral?2023,20184,, HTTP/1.1" 200 8401
181.212.47.137 - - [18/May/2023:17:47:33 -0300] "POST /cormun/servlet/vesolicitudgral?58f7e1b284a2a48a83251db313fb6638,2023,20184,,,gx-no-cache=1684441878054 HTTP/1.1" 200 12224
181.212.47.137 - - [18/May/2023:17:47:33 -0300] "GET /cormun/static/Shared/jqueryui/images/ui-bg_highlight-soft_100_c6c2c8_1x100.png HTTP/1.1" 404 1117
181.212.47.137 - - [18/May/2023:17:47:33 -0300] "GET /cormun/static/Shared/jqueryui/images/ui-icons_82798d_256x240.png HTTP/1.1" 404 1089
181.212.47.137 - - [18/May/2023:17:47:33 -0300] "GET /cormun/static/Shared/jqueryui/images/ui-icons_8d78a5_256x240.png HTTP/1.1" 404 1089
181.212.47.137 - - [18/May/2023:17:47:33 -0300] "GET /cormun/static/Shared/jqueryui/images/ui-bg_flat_55_fafafa_40x100.png HTTP/1.1" 404 1097
181.212.47.137 - - [18/May/2023:17:47:33 -0300] "POST /cormun/servlet/vesolicitudgral?58f7e1b284a2a48a83251db313fb6638,2023,20184,,,gx-no-cache=1684441878245 HTTP/1.1" 200 12158
181.212.47.137 - - [18/May/2023:17:47:36 -0300] "GET /cormun/servlet/trsolicitudgral? HTTP/1.1" 200 28047
181.212.47.137 - - [18/May/2023:17:47:37 -0300] "GET /cormun/servlet/trsolicitudgral? HTTP/1.1" 200 28043
181.212.47.137 - - [18/May/2023:17:47:50 -0300] "GET /cormun/servlet/vesolicitudgral?2023,20185,, HTTP/1.1" 200 8332
181.212.47.137 - - [18/May/2023:17:47:50 -0300] "GET /cormun/pexe_scrolldiv.js HTTP/1.1" 404 1009
181.212.47.137 - - [18/May/2023:17:47:50 -0300] "GET /cormun/servlet/vesolicitudgral?2023,20185,, HTTP/1.1" 200 8332
181.212.47.137 - - [18/May/2023:17:47:56 -0300] "POST /cormun/servlet/vesolicitudgral?58f7e1b284a2a48a83251db313fb6638,2023,20185,,,gx-no-cache=1684441900477 HTTP/1.1" 200 12179
181.212.47.137 - - [18/May/2023:17:47:56 -0300] "GET /cormun/static/Shared/jqueryui/images/ui-bg_flat_55_fafafa_40x100.png HTTP/1.1" 404 1097
181.212.47.137 - - [18/May/2023:17:47:56 -0300] "GET /cormun/static/Shared/jqueryui/images/ui-icons_8d78a5_256x240.png HTTP/1.1" 404 1089
181.212.47.137 - - [18/May/2023:17:47:56 -0300] "GET /cormun/static/Shared/jqueryui/images/ui-icons_82798d_256x240.png HTTP/1.1" 404 1089
181.212.47.137 - - [18/May/2023:17:47:56 -0300] "GET /cormun/static/Shared/jqueryui/images/ui-bg_highlight-soft_100_c6c2c8_1x100.png HTTP/1.1" 404 1117
181.212.47.137 - - [18/May/2023:17:47:56 -0300] "POST /cormun/servlet/vesolicitudgral?58f7e1b284a2a48a83251db313fb6638,2023,20185,,,gx-no-cache=1684441900675 HTTP/1.1" 200 12113
181.212.47.137 - - [18/May/2023:17:47:59 -0300] "GET /cormun/servlet/trsolicitudgral? HTTP/1.1" 200 28122
181.212.47.137 - - [18/May/2023:17:48:00 -0300] "GET /cormun/servlet/trsolicitudgral? HTTP/1.1" 200 28117
181.212.47.137 - - [18/May/2023:17:48:13 -0300] "GET /cormun/servlet/vesolicitudgral?2023,20186,, HTTP/1.1" 200 8357
181.212.47.137 - - [18/May/2023:17:48:13 -0300] "GET /cormun/pexe_scrolldiv.js HTTP/1.1" 404 1009
181.212.47.137 - - [18/May/2023:17:48:14 -0300] "GET /cormun/servlet/vesolicitudgral?2023,20186,, HTTP/1.1" 200 8356
181.212.47.137 - - [18/May/2023:17:48:20 -0300] "POST /cormun/servlet/vesolicitudgral?58f7e1b284a2a48a83251db313fb6638,2023,20186,,,gx-no-cache=1684441924757 HTTP/1.1" 200 12200
181.212.47.137 - - [18/May/2023:17:48:20 -0300] "GET /cormun/static/Shared/jqueryui/images/ui-bg_highlight-soft_100_c6c2c8_1x100.png HTTP/1.1" 404 1117
181.212.47.137 - - [18/May/2023:17:48:20 -0300] "GET /cormun/static/Shared/jqueryui/images/ui-bg_flat_55_fafafa_40x100.png HTTP/1.1" 404 1097
181.212.47.137 - - [18/May/2023:17:48:20 -0300] "GET /cormun/static/Shared/jqueryui/images/ui-icons_8d78a5_256x240.png HTTP/1.1" 404 1089
181.212.47.137 - - [18/May/2023:17:48:20 -0300] "GET /cormun/static/Shared/jqueryui/images/ui-icons_82798d_256x240.png HTTP/1.1" 404 1089
181.212.47.137 - - [18/May/2023:17:48:20 -0300] "POST /cormun/servlet/vesolicitudgral?58f7e1b284a2a48a83251db313fb6638,2023,20186,,,gx-no-cache=1684441924956 HTTP/1.1" 200 12134
181.212.47.137 - - [18/May/2023:17:48:24 -0300] "GET /cormun/servlet/trsolicitudgral? HTTP/1.1" 200 28253
181.212.47.137 - - [18/May/2023:17:48:25 -0300] "GET /cormun/servlet/trsolicitudgral? HTTP/1.1" 200 28248
190.171.142.10 - - [18/May/2023:17:48:54 -0300] "GET /cormun/servlet/prbanco?,MD,,gxPopupLevel%3D0%3B HTTP/1.1" 200 6490
190.171.142.10 - - [18/May/2023:17:48:57 -0300] "GET /cormun/servlet/solicitudot?9835c521758c049fd4096e5f9b659744804caa3326acc861ab01d7bb49cf0bb589478482031b2d2ac999e23a838ab75d4ae619822942a1ea5c46c62ea62310ba,gx-no-cache=1684442009018 HTTP/1.1" 200 30
190.171.142.10 - - [18/May/2023:17:48:59 -0300] "GET /cormun/servlet/solicitudot?9835c521758c049fd4096e5f9b65974414a46f26a4f48d15f569fed7eed5a9eb,gx-no-cache=1684442010281 HTTP/1.1" 200 53
205.210.31.194 - - [18/May/2023:17:49:11 -0300] "GET / HTTP/1.1" 200 11217
190.171.142.10 - - [18/May/2023:17:49:14 -0300] "POST /cormun/servlet/solicitudot?gx-no-cache=1684442025556 HTTP/1.1" 200 255
190.171.142.10 - - [18/May/2023:17:50:09 -0300] "GET /cormun/servlet/solicitudot?9835c521758c049fd4096e5f9b659744dffe91a520f87845f9c05566468960d62931ee28a95431424ccc324a1df05252a2f33c8ed6801aeb0ccffee3987ae38a6d9b248b2edc70e516a39c15d1ddade390e48ab58fe7777f960ee34f8f949707d523fa71d9a28305303cbb9adcf3a5a79b7bfe693a323a638ca483782df735a0fc2d61e036ba0242222c80266b6fbc9d43cce925ff7f3d02cb9c5bcfc55bb578043c9102311c5104ce228cce7aabc12b8cf47b3d24eb0b9bca3729f9200c8dc18cba57619baf7c6bcecc488076d0797e926f6aa8f11cf666a04801ae4640e33ddd2d1412750f8b0015a42bb847812046404570c054e9a88a47bb2bce151708fbb4f17a46cc9d054d6c81cff90dd701b1cf99685d93eedbff81e0b073c6edb0a0867fa755c753407644b9b965dc9ce74d707904328e3938ccc74019f511680c754691b1a3c1b3f97bcdf670e82ce202390a14bd84bec4a25b0cf29433442b32dd931cc291180ce7f3efd1e4cd10a93f25d12b7d0c5a2d3daa17988e33bfd09f07,gx-no-cache=1684442080268 HTTP/1.1" 200 30
190.171.142.10 - - [18/May/2023:17:50:11 -0300] "POST /cormun/servlet/solicitudot?gx-no-cache=1684442082872 HTTP/1.1" 200 30
190.171.141.82 - - [18/May/2023:17:50:14 -0300] "GET /cormun/servlet/hlogin HTTP/1.1" 200 1737
190.171.142.10 - - [18/May/2023:17:50:21 -0300] "POST /cormun/servlet/solicitudot?gx-no-cache=1684442092235 HTTP/1.1" 200 1466
190.171.142.10 - - [18/May/2023:17:50:21 -0300] "POST /cormun/servlet/solicitudot?gx-no-cache=1684442092276 HTTP/1.1" 200 38
190.171.141.82 - - [18/May/2023:17:50:22 -0300] "POST /cormun/servlet/hlogin?0927d80bb1d747ab996d9b098a3992cf,gx-no-cache=1684442094368 HTTP/1.1" 200 90
190.171.141.82 - - [18/May/2023:17:50:22 -0300] "GET /cormun/servlet/hpexe_link HTTP/1.1" 200 948
190.171.141.82 - - [18/May/2023:17:50:23 -0300] "GET /cormun/servlet/hhome HTTP/1.1" 200 3960
190.171.141.82 - - [18/May/2023:17:50:23 -0300] "GET /cormun/servlet/hhome HTTP/1.1" 200 3956
190.171.141.82 - - [18/May/2023:17:50:26 -0300] "GET /cormun/servlet/trpermisosgoce? HTTP/1.1" 200 15757
190.171.141.82 - - [18/May/2023:17:50:27 -0300] "GET /cormun/servlet/trpermisosgoce? HTTP/1.1" 200 15755
190.171.141.82 - - [18/May/2023:17:50:29 -0300] "GET /cormun/servlet/permisogoce?INS,0,,, HTTP/1.1" 200 6827
190.171.141.82 - - [18/May/2023:17:50:29 -0300] "GET /cormun/servlet/permisogoce?INS,0,,, HTTP/1.1" 200 6826
190.171.141.82 - - [18/May/2023:17:50:36 -0300] "GET /cormun/servlet/permisogoce?5c87865064b9a7e68297805568837dd96fa1755d59dc889d1b6831a67ead23e4e62487f472bd5ad23773d30a71aae6b2096311cb8bb6b7e26779abe7b5e9857c,gx-no-cache=1684442107812 HTTP/1.1" 200 81
190.171.141.82 - - [18/May/2023:17:50:45 -0300] "GET /cormun/servlet/permisogoce?5c87865064b9a7e68297805568837dd986725cc3029040548fdbb486055fd28a924b50184bc350184e362346ebf39e26d7b567b6ea364843d9378995cd002642,gx-no-cache=1684442117152 HTTP/1.1" 200 48
190.171.142.10 - - [18/May/2023:17:50:52 -0300] "GET /cormun/servlet/solicitudot?9835c521758c049fd4096e5f9b65974454e08acf0bfc739a10e022816a388101c5b4c902fc8ec60e86ccf7e9778e51fc43421967bea59c4d23e66fb8ab7a8e8be36e5648ed45332aace7c444ccb68d00bf393d7356d59d7a83b3eeb8c501e6dcc8ed1a11ee7d6d04fc5b9e4c49d9fa67,gx-no-cache=1684442124011 HTTP/1.1" 200 110
192.168.10.17 - - [18/May/2023:17:50:54 -0300] "GET /cormun/servlet/vesolicitudgral?2023,20214,, HTTP/1.1" 200 8424
192.168.10.17 - - [18/May/2023:17:50:54 -0300] "GET /cormun/pexe_scrolldiv.js HTTP/1.1" 404 1009
192.168.10.17 - - [18/May/2023:17:50:55 -0300] "GET /cormun/servlet/vesolicitudgral?2023,20214,, HTTP/1.1" 200 8423
190.171.141.82 - - [18/May/2023:17:51:04 -0300] "POST /cormun/servlet/permisogoce?0927d80bb1d747ab996d9b098a3992cf,INS,0,,,,gx-no-cache=1684442135767 HTTP/1.1" 200 93
190.171.141.82 - - [18/May/2023:17:51:04 -0300] "GET /cormun/servlet/hpexe_return? HTTP/1.1" 200 1006
190.171.141.82 - - [18/May/2023:17:51:05 -0300] "GET /cormun/servlet/trpermisosgoce HTTP/1.1" 200 16020
190.171.141.82 - - [18/May/2023:17:51:05 -0300] "GET /cormun/servlet/trpermisosgoce HTTP/1.1" 200 16015
190.171.141.82 - - [18/May/2023:17:51:10 -0300] "GET /cormun/servlet/apermisogoceprn?17517724,P,20230518163413,PU HTTP/1.1" 200 1658
190.171.142.10 - - [18/May/2023:17:51:15 -0300] "POST /cormun/servlet/solicitudot?gx-no-cache=1684442146916 HTTP/1.1" 200 72
190.171.142.10 - - [18/May/2023:17:51:43 -0300] "GET /cormun/servlet/solicitudot?9835c521758c049fd4096e5f9b659744fc8371154db1d915dd682cef0244a84f26a86f2912bedc36d209119d8450cc2c6c0f4043afef505a88358c3681449ee8bdd97a486d4abab838f712ce97a0fec55d8811f3c818eb22e7b3c7d53dca79de274375dc7442c79ff1f00fa7277b31d4,gx-no-cache=1684442174310 HTTP/1.1" 200 29
190.171.142.10 - - [18/May/2023:17:51:43 -0300] "GET /cormun/servlet/solicitudot?9835c521758c049fd4096e5f9b6597442a71644cc3db1de8f206aac18692da27,gx-no-cache=1684442174338 HTTP/1.1" 200 30
190.171.142.10 - - [18/May/2023:17:51:43 -0300] "POST /cormun/servlet/solicitudot?gx-no-cache=1684442174359 HTTP/1.1" 200 30
192.168.10.17 - - [18/May/2023:17:51:58 -0300] "GET /cormun/servlet/vesolicitudgral?2023,20214,,SolicitudOTAdjuntos HTTP/1.1" 200 11087
192.168.10.17 - - [18/May/2023:17:51:58 -0300] "GET /cormun/pexe_scrolldiv.js HTTP/1.1" 404 1009
192.168.10.17 - - [18/May/2023:17:51:58 -0300] "GET /cormun/servlet/vesolicitudgral?2023,20214,,SolicitudOTAdjuntos HTTP/1.1" 200 11088
192.168.10.17 - - [18/May/2023:17:51:59 -0300] "POST /cormun/servlet/acontrolpreferencessavestate?None,RRHH+DANIELA,true HTTP/1.1" 200 35
192.168.10.17 - - [18/May/2023:17:52:01 -0300] "GET /cormun/PublicTempStorage/cert.afp_daniela_flores_aravena3308941.pdf HTTP/1.1" 200 18046
190.171.142.10 - - [18/May/2023:17:52:16 -0300] "GET /cormun/static/menuarrow.gif HTTP/1.1" 404 1015
190.171.142.10 - - [18/May/2023:17:52:19 -0300] "GET /cormun/servlet/solicitudot?9835c521758c049fd4096e5f9b659744135b3c0161c2085c0593bf1cfe09317054ba60868f11fcd2d413fda1c40b9065,gx-no-cache=1684442210858 HTTP/1.1" 200 30
190.171.142.10 - - [18/May/2023:17:52:30 -0300] "POST /cormun/servlet/solicitudot?gx-no-cache=1684442221900 HTTP/1.1" 200 30
190.171.142.10 - - [18/May/2023:17:52:31 -0300] "POST /cormun/servlet/solicitudot?62bf6613a98b35bf2671dae85f775bb9,INS,0,0,false,,gx-no-cache=1684442221935 HTTP/1.1" 200 93
190.171.142.10 - - [18/May/2023:17:52:31 -0300] "GET /cormun/servlet/hpexe_return? HTTP/1.1" 200 1009
190.171.142.10 - - [18/May/2023:17:52:31 -0300] "GET /cormun/servlet/trsolicitudot HTTP/1.1" 200 8837
190.171.142.10 - - [18/May/2023:17:52:32 -0300] "GET /cormun/servlet/trsolicitudot HTTP/1.1" 200 8833
190.171.142.10 - - [18/May/2023:17:52:35 -0300] "POST /cormun/servlet/trsolicitudot?62bf6613a98b35bf2671dae85f775bb9,gx-no-cache=1684442226112 HTTP/1.1" 200 106
190.171.142.10 - - [18/May/2023:17:52:35 -0300] "GET /cormun/servlet/trsolicitudadjuntos?2023,20221, HTTP/1.1" 200 6315
190.171.142.10 - - [18/May/2023:17:52:35 -0300] "GET /cormun/servlet/trsolicitudadjuntos?2023,20221, HTTP/1.1" 200 6314
190.171.142.10 - - [18/May/2023:17:52:38 -0300] "GET /cormun/servlet/solicitudotadjuntos?INS,2023,20221,,1, HTTP/1.1" 200 6259
190.171.142.10 - - [18/May/2023:17:52:38 -0300] "GET /cormun/servlet/solicitudotadjuntos?INS,2023,20221,,1, HTTP/1.1" 200 6253
190.171.142.10 - - [18/May/2023:17:52:38 -0300] "GET /cormun/static/about:blank HTTP/1.1" 404 1011
190.171.142.10 - - [18/May/2023:17:52:38 -0300] "GET /cormun/servlet/solicitudotadjuntos?9835c521758c049fd4096e5f9b6597445c3aa1275f2689398dc179892aec98ae24dc9f13e1c27f498a5ec8d4ac29e97f,gx-no-cache=1684442230129 HTTP/1.1" 200 30
190.171.142.10 - - [18/May/2023:17:52:39 -0300] "POST /cormun/servlet/solicitudotadjuntos?62bf6613a98b35bf2671dae85f775bb9,INS,2023,20221,,1,,gx-no-cache=1684442230145 HTTP/1.1" 200 3970
190.171.142.10 - - [18/May/2023:17:52:43 -0300] "GET /cormun/servlet/solicitudotadjuntos?06809a52e13c24ab75864ea5e05b0d8b473ae4e34c1f599b14447747976ce4f0389fc22a03fb03f2679a626849ebfa3fb4f17a46cc9d054d6c81cff90dd701b1b2a66573ea9e6238a039b9ec1fee9dfda2e6c53364fb13df79617294e494bc85a685d72296fb5cbb5c41ed1fe02500dd29c55316dd8c1c48ca43c1d9d34abc01831fee24114c250e7c347805bb7bdb88,gx-no-cache=1684442234262 HTTP/1.1" 200 26
192.168.10.17 - - [18/May/2023:17:52:45 -0300] "GET /cormun/servlet/vesolicitudgral?2023,20214,,SolicitudOTAdjuntos HTTP/1.1" 200 11089
192.168.10.17 - - [18/May/2023:17:52:46 -0300] "GET /cormun/servlet/vesolicitudgral?2023,20214,,SolicitudOTAdjuntos HTTP/1.1" 200 11090
192.168.10.17 - - [18/May/2023:17:52:46 -0300] "POST /cormun/servlet/acontrolpreferencessavestate?None,RRHH+DANIELA,true HTTP/1.1" 200 35
192.168.10.17 - - [18/May/2023:17:52:48 -0300] "GET /cormun/PublicTempStorage/solicitud_afil._fonasa_daniela_flores_a.4150404.pdf HTTP/1.1" 200 248617
190.171.142.10 - - [18/May/2023:17:53:02 -0300] "GET /cormun/servlet/solicitudotadjuntos?9835c521758c049fd4096e5f9b659744ba5fa648efb6739cd09b50c0255833aa,gx-no-cache=1684442253360 HTTP/1.1" 200 30
190.171.142.10 - - [18/May/2023:17:53:02 -0300] "GET /cormun/servlet/solicitudotadjuntos?9835c521758c049fd4096e5f9b659744ba5fa648efb6739cd09b50c0255833aa,gx-no-cache=1684442253374 HTTP/1.1" 200 30
190.171.142.10 - - [18/May/2023:17:53:02 -0300] "POST /cormun/servlet/solicitudotadjuntos?62bf6613a98b35bf2671dae85f775bb9,INS,2023,20221,,1, HTTP/1.1" 200 116
190.171.142.10 - - [18/May/2023:17:53:02 -0300] "GET /cormun/servlet/hpexe_return? HTTP/1.1" 200 1025
190.171.142.10 - - [18/May/2023:17:53:02 -0300] "GET /cormun/servlet/trsolicitudadjuntos?2023,20221, HTTP/1.1" 200 9274
190.171.142.10 - - [18/May/2023:17:53:02 -0300] "GET /cormun/servlet/trsolicitudadjuntos?2023,20221, HTTP/1.1" 200 9272
192.168.10.17 - - [18/May/2023:17:53:04 -0300] "GET /cormun/servlet/vesolicitudgral?2023,20214,,SolicitudOTAdjuntos HTTP/1.1" 200 11087
190.171.142.10 - - [18/May/2023:17:53:04 -0300] "GET /cormun/servlet/solicitudotadjuntos?INS,2023,20221,,1, HTTP/1.1" 200 6259
190.171.142.10 - - [18/May/2023:17:53:05 -0300] "GET /cormun/static/about:blank HTTP/1.1" 404 1011
190.171.142.10 - - [18/May/2023:17:53:05 -0300] "GET /cormun/servlet/solicitudotadjuntos?INS,2023,20221,,1, HTTP/1.1" 200 6253
192.168.10.17 - - [18/May/2023:17:53:05 -0300] "GET /cormun/servlet/vesolicitudgral?2023,20214,,SolicitudOTAdjuntos HTTP/1.1" 200 11089
190.171.142.10 - - [18/May/2023:17:53:05 -0300] "GET /cormun/servlet/solicitudotadjuntos?9835c521758c049fd4096e5f9b6597445c3aa1275f2689398dc179892aec98ae24dc9f13e1c27f498a5ec8d4ac29e97f,gx-no-cache=1684442256721 HTTP/1.1" 200 30
190.171.142.10 - - [18/May/2023:17:53:05 -0300] "POST /cormun/servlet/solicitudotadjuntos?62bf6613a98b35bf2671dae85f775bb9,INS,2023,20221,,1,,gx-no-cache=1684442256736 HTTP/1.1" 200 3970
190.171.143.90 - - [18/May/2023:17:53:05 -0300] "GET /cormun/servlet/trsolicitudot? HTTP/1.1" 200 7523
192.168.10.17 - - [18/May/2023:17:53:05 -0300] "POST /cormun/servlet/acontrolpreferencessavestate?None,RRHH+DANIELA,true HTTP/1.1" 200 35
190.171.143.90 - - [18/May/2023:17:53:06 -0300] "GET /cormun/servlet/trsolicitudot? HTTP/1.1" 200 7523
192.168.10.17 - - [18/May/2023:17:53:07 -0300] "GET /cormun/PublicTempStorage/curriculum_daniela_flores_aravena6514219.pdf HTTP/1.1" 200 29411
186.67.172.234 - - [18/May/2023:17:53:08 -0300] "GET /cormun/servlet/trautorizarsolicitud? HTTP/1.1" 200 6222
186.67.172.234 - - [18/May/2023:17:53:09 -0300] "GET /cormun/servlet/trautorizarsolicitud? HTTP/1.1" 200 6219
186.67.172.234 - - [18/May/2023:17:53:09 -0300] "GET /cormun/servlet/hlogin HTTP/1.1" 200 1742
190.171.142.10 - - [18/May/2023:17:53:15 -0300] "POST /cormun/servlet/solicitudotadjuntos?62bf6613a98b35bf2671dae85f775bb9,INS,2023,20221,,1,,gx-no-cache=1684442266774 HTTP/1.1" 200 93
190.171.142.10 - - [18/May/2023:17:53:15 -0300] "GET /cormun/servlet/hpexe_return? HTTP/1.1" 200 1025
190.171.142.10 - - [18/May/2023:17:53:15 -0300] "GET /cormun/servlet/trsolicitudadjuntos?2023,20221, HTTP/1.1" 200 9275
190.171.142.10 - - [18/May/2023:17:53:16 -0300] "GET /cormun/servlet/trsolicitudadjuntos?2023,20221, HTTP/1.1" 200 9272
190.171.142.10 - - [18/May/2023:17:53:17 -0300] "GET /cormun/servlet/solicitudotadjuntos?INS,2023,20221,,2, HTTP/1.1" 200 6259
190.171.142.10 - - [18/May/2023:17:53:18 -0300] "GET /cormun/static/about:blank HTTP/1.1" 404 1011
190.171.142.10 - - [18/May/2023:17:53:18 -0300] "GET /cormun/servlet/solicitudotadjuntos?INS,2023,20221,,2, HTTP/1.1" 200 6252
190.171.142.10 - - [18/May/2023:17:53:18 -0300] "GET /cormun/servlet/solicitudotadjuntos?9835c521758c049fd4096e5f9b6597445c3aa1275f2689398dc179892aec98ae24dc9f13e1c27f498a5ec8d4ac29e97f,gx-no-cache=1684442269808 HTTP/1.1" 200 30
190.171.142.10 - - [18/May/2023:17:53:18 -0300] "POST /cormun/servlet/solicitudotadjuntos?62bf6613a98b35bf2671dae85f775bb9,INS,2023,20221,,2,,gx-no-cache=1684442269823 HTTP/1.1" 200 4502
186.67.172.234 - - [18/May/2023:17:53:23 -0300] "POST /cormun/servlet/hlogin?baca74ef50c4fe4fd35862929e75e9eb,gx-no-cache=1684442275528 HTTP/1.1" 200 90
186.67.172.234 - - [18/May/2023:17:53:23 -0300] "GET /cormun/servlet/hpexe_link HTTP/1.1" 200 962
190.171.142.10 - - [18/May/2023:17:53:23 -0300] "POST /cormun/servlet/solicitudotadjuntos?gx-no-cache=1684442274876 HTTP/1.1" 200 26
186.67.172.234 - - [18/May/2023:17:53:23 -0300] "GET /cormun/servlet/trautorizarsolicitud HTTP/1.1" 200 11590
186.67.172.234 - - [18/May/2023:17:53:24 -0300] "GET /cormun/servlet/trautorizarsolicitud HTTP/1.1" 200 11589
190.171.142.10 - - [18/May/2023:17:53:28 -0300] "GET /cormun/servlet/solicitudotadjuntos?9835c521758c049fd4096e5f9b659744ba5fa648efb6739cd09b50c0255833aa,gx-no-cache=1684442279305 HTTP/1.1" 200 30
190.171.142.10 - - [18/May/2023:17:53:28 -0300] "GET /cormun/servlet/solicitudotadjuntos?9835c521758c049fd4096e5f9b659744ba5fa648efb6739cd09b50c0255833aa,gx-no-cache=1684442279319 HTTP/1.1" 200 30
190.171.142.10 - - [18/May/2023:17:53:28 -0300] "POST /cormun/servlet/solicitudotadjuntos?62bf6613a98b35bf2671dae85f775bb9,INS,2023,20221,,2, HTTP/1.1" 200 116
190.171.142.10 - - [18/May/2023:17:53:28 -0300] "GET /cormun/servlet/hpexe_return? HTTP/1.1" 200 1025
186.67.172.234 - - [18/May/2023:17:53:29 -0300] "POST /cormun/servlet/trautorizarsolicitud?baca74ef50c4fe4fd35862929e75e9eb,gx-no-cache=1684442281451 HTTP/1.1" 200 113
190.171.142.10 - - [18/May/2023:17:53:29 -0300] "GET /cormun/servlet/trsolicitudadjuntos?2023,20221, HTTP/1.1" 200 9530
186.67.172.234 - - [18/May/2023:17:53:29 -0300] "GET /cormun/servlet/solicitudotlog?INS,2023,20215,0,REC, HTTP/1.1" 200 6010
190.171.142.10 - - [18/May/2023:17:53:29 -0300] "GET /cormun/servlet/trsolicitudadjuntos?2023,20221, HTTP/1.1" 200 9527
186.67.172.234 - - [18/May/2023:17:53:29 -0300] "GET /cormun/static/gxcfg.js?202211298384126 HTTP/1.1" 200 953
186.67.172.234 - - [18/May/2023:17:53:29 -0300] "GET /cormun/static/solicitudotlog.js?202211298384130 HTTP/1.1" 200 8934
186.67.172.234 - - [18/May/2023:17:53:29 -0300] "GET /cormun/servlet/solicitudotlog?INS,2023,20215,0,REC, HTTP/1.1" 200 6010
186.67.172.234 - - [18/May/2023:17:53:30 -0300] "GET /cormun/servlet/solicitudotlog?16e2f17c533f01fbe67a27e56a5c580743a0558476e4b5c90d39f68ea57df90e797fc515f352e935ca13a65184d2b8140b93a7e33362f3f46f8a882c04c0fc597c64e83f365f00ab18915f8b5349a4b307f9a4b39e2df6aae3474656dac0d43964a271cfb346cee58bf9804377fcb3f1845503e040094e556a15e971fb4c3ee0621822bf4e81a1211381a83e39084431b40b3827b6761ee4d2d82bc0abe12a21,gx-no-cache=1684442282555 HTTP/1.1" 200 94
190.171.142.10 - - [18/May/2023:17:53:31 -0300] "GET /cormun/servlet/solicitudotadjuntos?INS,2023,20221,,2, HTTP/1.1" 200 6259
190.171.142.10 - - [18/May/2023:17:53:31 -0300] "GET /cormun/static/about:blank HTTP/1.1" 404 1011
190.171.142.10 - - [18/May/2023:17:53:31 -0300] "GET /cormun/servlet/solicitudotadjuntos?INS,2023,20221,,2, HTTP/1.1" 200 6252
190.171.142.10 - - [18/May/2023:17:53:32 -0300] "GET /cormun/servlet/solicitudotadjuntos?9835c521758c049fd4096e5f9b6597445c3aa1275f2689398dc179892aec98ae24dc9f13e1c27f498a5ec8d4ac29e97f,gx-no-cache=1684442283591 HTTP/1.1" 200 30
190.171.142.10 - - [18/May/2023:17:53:32 -0300] "POST /cormun/servlet/solicitudotadjuntos?62bf6613a98b35bf2671dae85f775bb9,INS,2023,20221,,2,,gx-no-cache=1684442283612 HTTP/1.1" 200 4502
186.67.172.234 - - [18/May/2023:17:53:35 -0300] "POST /cormun/servlet/solicitudotlog?baca74ef50c4fe4fd35862929e75e9eb,INS,2023,20215,0,REC,,gx-no-cache=1684442287592 HTTP/1.1" 200 93
186.67.172.234 - - [18/May/2023:17:53:35 -0300] "GET /cormun/servlet/hpexe_return? HTTP/1.1" 200 1026
186.67.172.234 - - [18/May/2023:17:53:35 -0300] "GET /cormun/servlet/trautorizarsolicitud HTTP/1.1" 200 11186
186.67.172.234 - - [18/May/2023:17:53:36 -0300] "GET /cormun/servlet/trautorizarsolicitud HTTP/1.1" 200 11181
192.168.10.17 - - [18/May/2023:17:53:37 -0300] "GET /cormun/servlet/vesolicitudgral?2023,20214,,SolicitudOTAdjuntos HTTP/1.1" 200 11089
192.168.10.17 - - [18/May/2023:17:53:37 -0300] "GET /cormun/servlet/vesolicitudgral?2023,20214,,SolicitudOTAdjuntos HTTP/1.1" 200 11089
192.168.10.17 - - [18/May/2023:17:53:38 -0300] "POST /cormun/servlet/acontrolpreferencessavestate?None,RRHH+DANIELA,true HTTP/1.1" 200 35
66.249.70.181 - - [18/May/2023:17:53:38 -0300] "GET /cormun/servlet/hlogin HTTP/1.1" 200 1718
186.67.172.234 - - [18/May/2023:17:53:39 -0300] "POST /cormun/servlet/trautorizarsolicitud?baca74ef50c4fe4fd35862929e75e9eb,gx-no-cache=1684442291810 HTTP/1.1" 200 113
