186.67.172.234 - - [18/May/2023:17:53:39 -0300] "GET /cormun/servlet/solicitudotlog?INS,2023,20213,0,REC, HTTP/1.1" 200 6010
190.171.142.10 - - [18/May/2023:17:53:39 -0300] "POST /cormun/servlet/solicitudotadjuntos?gx-no-cache=1684442290898 HTTP/1.1" 200 26
186.67.172.234 - - [18/May/2023:17:53:39 -0300] "GET /cormun/servlet/solicitudotlog?INS,2023,20213,0,REC, HTTP/1.1" 200 6010
186.67.172.234 - - [18/May/2023:17:53:40 -0300] "GET /cormun/servlet/solicitudotlog?16e2f17c533f01fbe67a27e56a5c5807710a4b0a3f48750ca7e2940c6b46e760797fc515f352e935ca13a65184d2b8140b93a7e33362f3f46f8a882c04c0fc597c64e83f365f00ab18915f8b5349a4b307f9a4b39e2df6aae3474656dac0d43964a271cfb346cee58bf9804377fcb3f1845503e040094e556a15e971fb4c3ee0621822bf4e81a1211381a83e39084431b40b3827b6761ee4d2d82bc0abe12a21,gx-no-cache=1684442292622 HTTP/1.1" 200 94
186.67.172.234 - - [18/May/2023:17:53:44 -0300] "POST /cormun/servlet/solicitudotlog?baca74ef50c4fe4fd35862929e75e9eb,INS,2023,20213,0,REC,,gx-no-cache=1684442296673 HTTP/1.1" 200 93
186.67.172.234 - - [18/May/2023:17:53:44 -0300] "GET /cormun/servlet/hpexe_return? HTTP/1.1" 200 1026
186.67.172.234 - - [18/May/2023:17:53:44 -0300] "GET /cormun/servlet/trautorizarsolicitud HTTP/1.1" 200 10846
186.67.172.234 - - [18/May/2023:17:53:44 -0300] "GET /cormun/servlet/trautorizarsolicitud HTTP/1.1" 200 10841
190.171.142.10 - - [18/May/2023:17:53:47 -0300] "GET /cormun/servlet/solicitudotadjuntos?9835c521758c049fd4096e5f9b659744ba5fa648efb6739cd09b50c0255833aa,gx-no-cache=1684442298379 HTTP/1.1" 200 30
190.171.142.10 - - [18/May/2023:17:53:47 -0300] "GET /cormun/servlet/solicitudotadjuntos?9835c521758c049fd4096e5f9b659744ba5fa648efb6739cd09b50c0255833aa,gx-no-cache=1684442298392 HTTP/1.1" 200 30
190.171.142.10 - - [18/May/2023:17:53:47 -0300] "POST /cormun/servlet/solicitudotadjuntos?62bf6613a98b35bf2671dae85f775bb9,INS,2023,20221,,2, HTTP/1.1" 200 116
190.171.142.10 - - [18/May/2023:17:53:47 -0300] "GET /cormun/servlet/hpexe_return? HTTP/1.1" 200 1025
190.171.142.10 - - [18/May/2023:17:53:48 -0300] "GET /cormun/servlet/trsolicitudadjuntos?2023,20221, HTTP/1.1" 200 9759
190.171.142.10 - - [18/May/2023:17:53:48 -0300] "GET /cormun/servlet/trsolicitudadjuntos?2023,20221, HTTP/1.1" 200 9755
190.171.142.10 - - [18/May/2023:17:53:50 -0300] "GET /cormun/servlet/solicitudotadjuntos?INS,2023,20221,,2, HTTP/1.1" 200 6259
190.171.142.10 - - [18/May/2023:17:53:50 -0300] "GET /cormun/static/about:blank HTTP/1.1" 404 1011
190.171.142.10 - - [18/May/2023:17:53:50 -0300] "GET /cormun/servlet/solicitudotadjuntos?INS,2023,20221,,2, HTTP/1.1" 200 6252
190.171.142.10 - - [18/May/2023:17:53:51 -0300] "GET /cormun/servlet/solicitudotadjuntos?9835c521758c049fd4096e5f9b6597445c3aa1275f2689398dc179892aec98ae24dc9f13e1c27f498a5ec8d4ac29e97f,gx-no-cache=1684442302218 HTTP/1.1" 200 30
190.171.142.10 - - [18/May/2023:17:53:51 -0300] "POST /cormun/servlet/solicitudotadjuntos?62bf6613a98b35bf2671dae85f775bb9,INS,2023,20221,,2,,gx-no-cache=1684442302233 HTTP/1.1" 200 4502
186.67.172.234 - - [18/May/2023:17:53:55 -0300] "POST /cormun/servlet/trautorizarsolicitud?baca74ef50c4fe4fd35862929e75e9eb,gx-no-cache=1684442307578 HTTP/1.1" 200 114
186.67.172.234 - - [18/May/2023:17:53:55 -0300] "GET /cormun/servlet/solicitudotlog?INS,2023,20195,0,REC, HTTP/1.1" 200 6012
190.171.142.10 - - [18/May/2023:17:53:55 -0300] "POST /cormun/servlet/solicitudotadjuntos?gx-no-cache=1684442306675 HTTP/1.1" 200 26
186.67.172.234 - - [18/May/2023:17:53:55 -0300] "GET /cormun/servlet/solicitudotlog?INS,2023,20195,0,REC, HTTP/1.1" 200 6012
186.67.172.234 - - [18/May/2023:17:53:56 -0300] "GET /cormun/servlet/solicitudotlog?16e2f17c533f01fbe67a27e56a5c58074f47ea438a78812b367fac19859fa433797fc515f352e935ca13a65184d2b8140b93a7e33362f3f46f8a882c04c0fc597c64e83f365f00ab18915f8b5349a4b307f9a4b39e2df6aae3474656dac0d43964a271cfb346cee58bf9804377fcb3f1845503e040094e556a15e971fb4c3ee0621822bf4e81a1211381a83e39084431b40b3827b6761ee4d2d82bc0abe12a21,gx-no-cache=1684442308294 HTTP/1.1" 200 94
78.108.177.50 - - [18/May/2023:17:54:02 -0300] "GET / HTTP/1.0" 200 11197
186.67.172.234 - - [18/May/2023:17:54:02 -0300] "POST /cormun/servlet/solicitudotlog?baca74ef50c4fe4fd35862929e75e9eb,INS,2023,20195,0,REC,,gx-no-cache=1684442314896 HTTP/1.1" 200 93
186.67.172.234 - - [18/May/2023:17:54:02 -0300] "GET /cormun/servlet/hpexe_return? HTTP/1.1" 200 1027
186.67.172.234 - - [18/May/2023:17:54:02 -0300] "GET /cormun/servlet/trautorizarsolicitud HTTP/1.1" 200 10566
186.67.172.234 - - [18/May/2023:17:54:03 -0300] "GET /cormun/servlet/trautorizarsolicitud HTTP/1.1" 200 10562
190.171.142.10 - - [18/May/2023:17:54:06 -0300] "GET /cormun/servlet/solicitudotadjuntos?9835c521758c049fd4096e5f9b659744ba5fa648efb6739cd09b50c0255833aa,gx-no-cache=1684442317259 HTTP/1.1" 200 30
190.171.142.10 - - [18/May/2023:17:54:06 -0300] "GET /cormun/servlet/solicitudotadjuntos?9835c521758c049fd4096e5f9b659744ba5fa648efb6739cd09b50c0255833aa,gx-no-cache=1684442317273 HTTP/1.1" 200 30
190.171.142.10 - - [18/May/2023:17:54:06 -0300] "POST /cormun/servlet/solicitudotadjuntos?62bf6613a98b35bf2671dae85f775bb9,INS,2023,20221,,2, HTTP/1.1" 200 116
190.171.142.10 - - [18/May/2023:17:54:06 -0300] "GET /cormun/servlet/hpexe_return? HTTP/1.1" 200 1025
190.171.142.10 - - [18/May/2023:17:54:06 -0300] "GET /cormun/servlet/trsolicitudadjuntos?2023,20221, HTTP/1.1" 200 10003
190.171.142.10 - - [18/May/2023:17:54:06 -0300] "GET /cormun/servlet/trsolicitudadjuntos?2023,20221, HTTP/1.1" 200 10002
186.67.172.234 - - [18/May/2023:17:54:08 -0300] "POST /cormun/servlet/trautorizarsolicitud?baca74ef50c4fe4fd35862929e75e9eb,gx-no-cache=1684442320409 HTTP/1.1" 200 114
186.67.172.234 - - [18/May/2023:17:54:08 -0300] "GET /cormun/servlet/solicitudotlog?INS,2023,20193,0,REC, HTTP/1.1" 200 6011
186.67.172.234 - - [18/May/2023:17:54:08 -0300] "GET /cormun/servlet/solicitudotlog?INS,2023,20193,0,REC, HTTP/1.1" 200 6011
190.171.142.10 - - [18/May/2023:17:54:08 -0300] "GET /cormun/servlet/solicitudotadjuntos?INS,2023,20221,,2, HTTP/1.1" 200 6259
190.171.142.10 - - [18/May/2023:17:54:08 -0300] "GET /cormun/static/about:blank HTTP/1.1" 404 1011
190.171.142.10 - - [18/May/2023:17:54:08 -0300] "GET /cormun/servlet/solicitudotadjuntos?INS,2023,20221,,2, HTTP/1.1" 200 6252
186.67.172.234 - - [18/May/2023:17:54:08 -0300] "GET /cormun/servlet/solicitudotlog?16e2f17c533f01fbe67a27e56a5c580793a83c4e0c35d2b18fed2e5eb56d6b34797fc515f352e935ca13a65184d2b8140b93a7e33362f3f46f8a882c04c0fc597c64e83f365f00ab18915f8b5349a4b307f9a4b39e2df6aae3474656dac0d43964a271cfb346cee58bf9804377fcb3f1845503e040094e556a15e971fb4c3ee0621822bf4e81a1211381a83e39084431b40b3827b6761ee4d2d82bc0abe12a21,gx-no-cache=1684442321178 HTTP/1.1" 200 94
190.171.142.10 - - [18/May/2023:17:54:09 -0300] "GET /cormun/servlet/solicitudotadjuntos?9835c521758c049fd4096e5f9b6597445c3aa1275f2689398dc179892aec98ae24dc9f13e1c27f498a5ec8d4ac29e97f,gx-no-cache=1684442320265 HTTP/1.1" 200 30
190.171.142.10 - - [18/May/2023:17:54:09 -0300] "POST /cormun/servlet/solicitudotadjuntos?62bf6613a98b35bf2671dae85f775bb9,INS,2023,20221,,2,,gx-no-cache=1684442320281 HTTP/1.1" 200 4502
190.171.142.10 - - [18/May/2023:17:54:12 -0300] "POST /cormun/servlet/solicitudotadjuntos?gx-no-cache=1684442323194 HTTP/1.1" 200 26
186.67.172.234 - - [18/May/2023:17:54:12 -0300] "POST /cormun/servlet/solicitudotlog?baca74ef50c4fe4fd35862929e75e9eb,INS,2023,20193,0,REC,,gx-no-cache=1684442325152 HTTP/1.1" 200 93
186.67.172.234 - - [18/May/2023:17:54:12 -0300] "GET /cormun/servlet/hpexe_return? HTTP/1.1" 200 1027
192.168.10.17 - - [18/May/2023:17:54:12 -0300] "GET /cormun/servlet/vesolicitudgral?2023,20214,,General HTTP/1.1" 200 8427
192.168.10.17 - - [18/May/2023:17:54:13 -0300] "GET /cormun/pexe_scrolldiv.js HTTP/1.1" 404 1009
186.67.172.234 - - [18/May/2023:17:54:13 -0300] "GET /cormun/servlet/trautorizarsolicitud HTTP/1.1" 200 10194
192.168.10.17 - - [18/May/2023:17:54:13 -0300] "GET /cormun/servlet/vesolicitudgral?2023,20214,,General HTTP/1.1" 200 8427
186.67.172.234 - - [18/May/2023:17:54:13 -0300] "GET /cormun/servlet/trautorizarsolicitud HTTP/1.1" 200 10190
186.67.172.234 - - [18/May/2023:17:54:16 -0300] "POST /cormun/servlet/trautorizarsolicitud?baca74ef50c4fe4fd35862929e75e9eb,gx-no-cache=1684442328881 HTTP/1.1" 200 114
186.67.172.234 - - [18/May/2023:17:54:16 -0300] "GET /cormun/servlet/solicitudotlog?INS,2023,20191,0,REC, HTTP/1.1" 200 6014
186.67.172.234 - - [18/May/2023:17:54:16 -0300] "GET /cormun/servlet/solicitudotlog?INS,2023,20191,0,REC, HTTP/1.1" 200 6014
186.67.172.234 - - [18/May/2023:17:54:17 -0300] "GET /cormun/servlet/solicitudotlog?16e2f17c533f01fbe67a27e56a5c58073ee26823acbd3eddbc7ba25f1da846d3797fc515f352e935ca13a65184d2b8140b93a7e33362f3f46f8a882c04c0fc597c64e83f365f00ab18915f8b5349a4b307f9a4b39e2df6aae3474656dac0d43964a271cfb346cee58bf9804377fcb3f1845503e040094e556a15e971fb4c3ee0621822bf4e81a1211381a83e39084431b40b3827b6761ee4d2d82bc0abe12a21,gx-no-cache=1684442329597 HTTP/1.1" 200 94
190.171.142.10 - - [18/May/2023:17:54:18 -0300] "GET /cormun/servlet/solicitudotadjuntos?9835c521758c049fd4096e5f9b659744ba5fa648efb6739cd09b50c0255833aa,gx-no-cache=1684442329572 HTTP/1.1" 200 30
190.171.142.10 - - [18/May/2023:17:54:18 -0300] "GET /cormun/servlet/solicitudotadjuntos?9835c521758c049fd4096e5f9b659744ba5fa648efb6739cd09b50c0255833aa,gx-no-cache=1684442329587 HTTP/1.1" 200 30
190.171.142.10 - - [18/May/2023:17:54:18 -0300] "POST /cormun/servlet/solicitudotadjuntos?62bf6613a98b35bf2671dae85f775bb9,INS,2023,20221,,2, HTTP/1.1" 200 116
190.171.142.10 - - [18/May/2023:17:54:18 -0300] "GET /cormun/servlet/hpexe_return? HTTP/1.1" 200 1025
190.171.142.10 - - [18/May/2023:17:54:18 -0300] "GET /cormun/servlet/trsolicitudadjuntos?2023,20221, HTTP/1.1" 200 10303
190.171.142.10 - - [18/May/2023:17:54:19 -0300] "GET /cormun/servlet/trsolicitudadjuntos?2023,20221, HTTP/1.1" 200 10299
190.171.142.10 - - [18/May/2023:17:54:21 -0300] "GET /cormun/servlet/solicitudotadjuntos?INS,2023,20221,,2, HTTP/1.1" 200 6259
190.171.142.10 - - [18/May/2023:17:54:21 -0300] "GET /cormun/static/about:blank HTTP/1.1" 404 1011
186.67.172.234 - - [18/May/2023:17:54:21 -0300] "POST /cormun/servlet/solicitudotlog?baca74ef50c4fe4fd35862929e75e9eb,INS,2023,20191,0,REC,,gx-no-cache=1684442333816 HTTP/1.1" 200 93
186.67.172.234 - - [18/May/2023:17:54:21 -0300] "GET /cormun/servlet/hpexe_return? HTTP/1.1" 200 1027
190.171.142.10 - - [18/May/2023:17:54:21 -0300] "GET /cormun/servlet/solicitudotadjuntos?INS,2023,20221,,2, HTTP/1.1" 200 6252
186.67.172.234 - - [18/May/2023:17:54:21 -0300] "GET /cormun/servlet/trautorizarsolicitud HTTP/1.1" 200 9821
186.67.172.234 - - [18/May/2023:17:54:22 -0300] "GET /cormun/servlet/trautorizarsolicitud HTTP/1.1" 200 9817
190.171.142.10 - - [18/May/2023:17:54:22 -0300] "GET /cormun/servlet/solicitudotadjuntos?9835c521758c049fd4096e5f9b6597445c3aa1275f2689398dc179892aec98ae24dc9f13e1c27f498a5ec8d4ac29e97f,gx-no-cache=1684442333204 HTTP/1.1" 200 30
190.171.142.10 - - [18/May/2023:17:54:22 -0300] "POST /cormun/servlet/solicitudotadjuntos?62bf6613a98b35bf2671dae85f775bb9,INS,2023,20221,,2,,gx-no-cache=1684442333219 HTTP/1.1" 200 4501
186.67.172.234 - - [18/May/2023:17:54:26 -0300] "POST /cormun/servlet/trautorizarsolicitud?baca74ef50c4fe4fd35862929e75e9eb,gx-no-cache=1684442338697 HTTP/1.1" 200 114
186.67.172.234 - - [18/May/2023:17:54:26 -0300] "GET /cormun/servlet/solicitudotlog?INS,2023,20190,0,REC, HTTP/1.1" 200 6012
186.67.172.234 - - [18/May/2023:17:54:26 -0300] "GET /cormun/servlet/solicitudotlog?INS,2023,20190,0,REC, HTTP/1.1" 200 6012
186.67.172.234 - - [18/May/2023:17:54:27 -0300] "GET /cormun/servlet/solicitudotlog?16e2f17c533f01fbe67a27e56a5c580728d2ff19bf4fd778fd48e89c97475124797fc515f352e935ca13a65184d2b8140b93a7e33362f3f46f8a882c04c0fc597c64e83f365f00ab18915f8b5349a4b307f9a4b39e2df6aae3474656dac0d43964a271cfb346cee58bf9804377fcb3f1845503e040094e556a15e971fb4c3ee0621822bf4e81a1211381a83e39084431b40b3827b6761ee4d2d82bc0abe12a21,gx-no-cache=1684442339419 HTTP/1.1" 200 94
186.67.172.234 - - [18/May/2023:17:54:33 -0300] "POST /cormun/servlet/solicitudotlog?baca74ef50c4fe4fd35862929e75e9eb,INS,2023,20190,0,REC,,gx-no-cache=1684442345352 HTTP/1.1" 200 93
186.67.172.234 - - [18/May/2023:17:54:33 -0300] "GET /cormun/servlet/hpexe_return? HTTP/1.1" 200 1027
186.67.172.234 - - [18/May/2023:17:54:33 -0300] "GET /cormun/servlet/trautorizarsolicitud HTTP/1.1" 200 9466
186.67.172.234 - - [18/May/2023:17:54:33 -0300] "GET /cormun/servlet/trautorizarsolicitud HTTP/1.1" 200 9461
190.171.142.10 - - [18/May/2023:17:54:34 -0300] "POST /cormun/servlet/solicitudotadjuntos?gx-no-cache=1684442345564 HTTP/1.1" 200 26
186.67.172.234 - - [18/May/2023:17:54:35 -0300] "POST /cormun/servlet/trautorizarsolicitud?baca74ef50c4fe4fd35862929e75e9eb,gx-no-cache=1684442348064 HTTP/1.1" 200 114
186.67.172.234 - - [18/May/2023:17:54:35 -0300] "GET /cormun/servlet/solicitudotlog?INS,2023,20189,0,REC, HTTP/1.1" 200 6013
186.67.172.234 - - [18/May/2023:17:54:36 -0300] "GET /cormun/servlet/solicitudotlog?INS,2023,20189,0,REC, HTTP/1.1" 200 6013
186.67.172.234 - - [18/May/2023:17:54:36 -0300] "GET /cormun/servlet/solicitudotlog?16e2f17c533f01fbe67a27e56a5c5807e590130ac3ef9b307a234141eda6f63b797fc515f352e935ca13a65184d2b8140b93a7e33362f3f46f8a882c04c0fc597c64e83f365f00ab18915f8b5349a4b307f9a4b39e2df6aae3474656dac0d43964a271cfb346cee58bf9804377fcb3f1845503e040094e556a15e971fb4c3ee0621822bf4e81a1211381a83e39084431b40b3827b6761ee4d2d82bc0abe12a21,gx-no-cache=1684442348772 HTTP/1.1" 200 94
186.67.172.234 - - [18/May/2023:17:54:41 -0300] "POST /cormun/servlet/solicitudotlog?baca74ef50c4fe4fd35862929e75e9eb,INS,2023,20189,0,REC,,gx-no-cache=1684442353600 HTTP/1.1" 200 93
186.67.172.234 - - [18/May/2023:17:54:41 -0300] "GET /cormun/servlet/hpexe_return? HTTP/1.1" 200 1027
186.67.172.234 - - [18/May/2023:17:54:41 -0300] "GET /cormun/servlet/trautorizarsolicitud HTTP/1.1" 200 9123
186.67.172.234 - - [18/May/2023:17:54:41 -0300] "GET /cormun/servlet/trautorizarsolicitud HTTP/1.1" 200 9120
190.171.142.10 - - [18/May/2023:17:54:43 -0300] "GET /cormun/servlet/solicitudotadjuntos?9835c521758c049fd4096e5f9b659744ba5fa648efb6739cd09b50c0255833aa,gx-no-cache=1684442354505 HTTP/1.1" 200 30
190.171.142.10 - - [18/May/2023:17:54:43 -0300] "GET /cormun/servlet/solicitudotadjuntos?9835c521758c049fd4096e5f9b659744ba5fa648efb6739cd09b50c0255833aa,gx-no-cache=1684442354519 HTTP/1.1" 200 30
190.171.142.10 - - [18/May/2023:17:54:43 -0300] "POST /cormun/servlet/solicitudotadjuntos?62bf6613a98b35bf2671dae85f775bb9,INS,2023,20221,,2, HTTP/1.1" 200 116
190.171.142.10 - - [18/May/2023:17:54:43 -0300] "GET /cormun/servlet/hpexe_return? HTTP/1.1" 200 1025
190.171.142.10 - - [18/May/2023:17:54:44 -0300] "GET /cormun/servlet/trsolicitudadjuntos?2023,20221, HTTP/1.1" 200 10451
190.171.142.10 - - [18/May/2023:17:54:44 -0300] "GET /cormun/servlet/trsolicitudadjuntos?2023,20221, HTTP/1.1" 200 10452
181.212.47.137 - - [18/May/2023:17:54:47 -0300] "GET /cormun/servlet/vesolicitudgral?2023,20171,, HTTP/1.1" 200 8372
181.212.47.137 - - [18/May/2023:17:54:47 -0300] "GET /cormun/pexe_scrolldiv.js HTTP/1.1" 404 1009
181.212.47.137 - - [18/May/2023:17:54:47 -0300] "GET /cormun/servlet/vesolicitudgral?2023,20171,, HTTP/1.1" 200 8372
186.67.172.234 - - [18/May/2023:17:54:49 -0300] "GET /cormun/servlet/trsolicitudot? HTTP/1.1" 200 11449
186.67.172.234 - - [18/May/2023:17:54:50 -0300] "GET /cormun/servlet/trsolicitudot? HTTP/1.1" 200 11449
190.171.142.10 - - [18/May/2023:17:54:52 -0300] "GET /cormun/servlet/trautorizarsolicitud? HTTP/1.1" 200 7327
190.171.142.10 - - [18/May/2023:17:54:52 -0300] "GET /cormun/servlet/trautorizarsolicitud? HTTP/1.1" 200 7315
186.67.172.234 - - [18/May/2023:17:55:35 -0300] "POST /cormun/servlet/trsolicitudot?baca74ef50c4fe4fd35862929e75e9eb,,gx-no-cache=1684442407945 HTTP/1.1" 200 110
200.54.103.162 - - [18/May/2023:17:55:35 -0300] "GET /cormun/servlet/hlogin HTTP/1.1" 200 1720
186.67.172.234 - - [18/May/2023:17:55:36 -0300] "GET /cormun/servlet/solicitudot?UPD,2023,20215,false, HTTP/1.1" 200 16613
186.67.172.234 - - [18/May/2023:17:55:37 -0300] "GET /cormun/servlet/solicitudot?UPD,2023,20215,false, HTTP/1.1" 200 16624
186.67.172.234 - - [18/May/2023:17:55:37 -0300] "POST /cormun/servlet/solicitudot?gx-no-cache=1684442409938 HTTP/1.1" 200 4032
186.67.172.234 - - [18/May/2023:17:55:37 -0300] "POST /cormun/servlet/solicitudot?baca74ef50c4fe4fd35862929e75e9eb,UPD,2023,20215,false,,gx-no-cache=1684442410039 HTTP/1.1" 200 12927
186.67.172.234 - - [18/May/2023:17:55:37 -0300] "GET /cormun/servlet/solicitudot?16e2f17c533f01fbe67a27e56a5c58078406ed17466377f23bea70daa4f322ac89d2aa4c206a4feca5aded0bab87ab1e,gx-no-cache=1684442410177 HTTP/1.1" 200 30
186.67.172.234 - - [18/May/2023:17:55:37 -0300] "GET /cormun/servlet/solicitudot?16e2f17c533f01fbe67a27e56a5c5807930b0ca27f5cf022c07a9521f4f9f9c22a6f84ed8f96a1b7940d6c722189e9be2bb4bf6a2c3d79adc556a185682c6074,gx-no-cache=1684442410193 HTTP/1.1" 200 30
186.67.172.234 - - [18/May/2023:17:55:37 -0300] "GET /cormun/servlet/solicitudot?16e2f17c533f01fbe67a27e56a5c58072528677b3331a75b3484b0bfa38a8b95897ba6be50b3134a99ba00dc626a43c669b04fbb83cec0d41f41c96c67faef46,gx-no-cache=1684442410208 HTTP/1.1" 200 53
186.67.172.234 - - [18/May/2023:17:55:37 -0300] "POST /cormun/servlet/solicitudot?gx-no-cache=1684442410225 HTTP/1.1" 200 297
186.67.172.234 - - [18/May/2023:17:55:37 -0300] "GET /cormun/servlet/solicitudot?16e2f17c533f01fbe67a27e56a5c5807bf984c99156c5164207611468d0f23ba5eaf288611bb0b91943234dc3371f6600dba9da1691512ebfac0c702611bf564d8d9b4fee45847bcf4b0260e30651229f602da6bd47d1b335fe2fa44c9476730b02276bd0c7355810a3f48b9e4c8ceb2cc40b4fa3e119ccf37f0fae6c0f12b45f83c9a9f7217605eeac7cec950eaae1e24dbc3a3ac51a8726af68db8eeb8ff3b87d256e8ed9c1b092a3650595fbe6280c43c03bf6f5b88cb5021ebd5ad45478264ee197cebd427a42b3372a3526a1e88c12d8e6a3924e88ae9d62efe83155b020eaececa9c20f5b39a31d5f122b68bdbe75544a6ad44d6de082c3461824066a25fead87cdaf892354760882c377f4ec467b8c49639579785a4130855cfdd94c70ad245c81a457672f82cbbd4880189d0b971e5f8509fcedc5af93b53e63b02155c9b161b8c3d270409a0e4b5ff6eb925945a14506bca953b3271e0f3eb2d697f050df5a71b11d1f0edf49e0c441ceb47850587d95e746281bdabff4e98af108dfc854a83aa8ae84af9af83634c0491ed,gx-no-cache=1684442410244 HTTP/1.1" 200 30
186.67.172.234 - - [18/May/2023:17:55:37 -0300] "POST /cormun/servlet/solicitudot?gx-no-cache=1684442410260 HTTP/1.1" 200 30
186.67.172.234 - - [18/May/2023:17:55:38 -0300] "POST /cormun/servlet/solicitudot?gx-no-cache=1684442410280 HTTP/1.1" 200 1467
186.67.172.234 - - [18/May/2023:17:55:38 -0300] "POST /cormun/servlet/solicitudot?gx-no-cache=1684442410306 HTTP/1.1" 200 41
200.54.103.162 - - [18/May/2023:17:55:43 -0300] "POST /cormun/servlet/hlogin?dc3d14b7ef5cc80cbbee26a8e62cd91c,gx-no-cache=1684442414509 HTTP/1.1" 200 90
200.54.103.162 - - [18/May/2023:17:55:43 -0300] "GET /cormun/servlet/hpexe_link HTTP/1.1" 200 951
200.54.103.162 - - [18/May/2023:17:55:43 -0300] "GET /cormun/servlet/hhome HTTP/1.1" 200 4344
200.54.103.162 - - [18/May/2023:17:55:44 -0300] "GET /cormun/servlet/hhome HTTP/1.1" 200 4340
200.54.103.162 - - [18/May/2023:17:55:48 -0300] "GET /cormun/servlet/trreportecargahoraria? HTTP/1.1" 200 6927
200.54.103.162 - - [18/May/2023:17:55:49 -0300] "GET /cormun/static/gxcfg.js?202211298504121 HTTP/1.1" 200 953
186.67.172.234 - - [18/May/2023:17:55:49 -0300] "GET /cormun/servlet/solicitudot?16e2f17c533f01fbe67a27e56a5c5807acb4dec645d5db892951fcf4e85737bff1632ef3c491cd3e78c9197827d55c6a5a28015b367a8177629e59dad447c6a2c0a7107881a3e4110b0887266ec42aebdc0c8b7de60a8a2302e3d4d8b2999586c68eea718677efbba087211676a39d1b,gx-no-cache=1684442421888 HTTP/1.1" 200 110
186.67.172.234 - - [18/May/2023:17:55:49 -0300] "POST /cormun/servlet/solicitudot?gx-no-cache=1684442421907 HTTP/1.1" 200 64
200.54.103.162 - - [18/May/2023:17:55:49 -0300] "GET /cormun/static/trreportecargahoraria.js?20221129850435 HTTP/1.1" 200 29376
200.54.103.162 - - [18/May/2023:17:55:50 -0300] "GET /cormun/servlet/trreportecargahoraria? HTTP/1.1" 200 6927
186.67.172.234 - - [18/May/2023:17:55:56 -0300] "GET /cormun/servlet/solicitudot?16e2f17c533f01fbe67a27e56a5c58072a2afb0aa9ea14aff63c44076732d537797fc515f352e935ca13a65184d2b814312091cc891983afeb23155db28c9ecb68d943fe1ae2148f567b02a71ecfbdc186fdb789a763de3d164288130a4a03321655756c166aac455c3bc70ec880d1c7,gx-no-cache=1684442428431 HTTP/1.1" 200 29
186.67.172.234 - - [18/May/2023:17:55:56 -0300] "GET /cormun/servlet/solicitudot?16e2f17c533f01fbe67a27e56a5c5807596c0b5b4d2abb186e5b7172caf51f9877b2ce0dec6bb4e668c7e1752c346034,gx-no-cache=1684442428448 HTTP/1.1" 200 30
186.67.172.234 - - [18/May/2023:17:55:56 -0300] "POST /cormun/servlet/solicitudot?gx-no-cache=1684442428465 HTTP/1.1" 200 30
186.67.172.234 - - [18/May/2023:17:55:56 -0300] "POST /cormun/servlet/solicitudot?baca74ef50c4fe4fd35862929e75e9eb,UPD,2023,20215,false,,gx-no-cache=1684442428485 HTTP/1.1" 200 93
186.67.172.234 - - [18/May/2023:17:55:56 -0300] "GET /cormun/servlet/hpexe_return? HTTP/1.1" 200 1013
186.67.172.234 - - [18/May/2023:17:55:56 -0300] "GET /cormun/servlet/trsolicitudot HTTP/1.1" 200 11463
186.67.172.234 - - [18/May/2023:17:55:56 -0300] "GET /cormun/servlet/trsolicitudot HTTP/1.1" 200 11458
200.54.103.162 - - [18/May/2023:17:55:57 -0300] "GET /cormun/servlet/trcontratosolicitud? HTTP/1.1" 200 14954
200.54.103.162 - - [18/May/2023:17:55:58 -0300] "GET /cormun/static/gxcfg.js?202211298514361 HTTP/1.1" 200 953
200.54.103.162 - - [18/May/2023:17:55:58 -0300] "GET /cormun/static/trcontratosolicitud.js?202211298514531 HTTP/1.1" 200 28237
200.54.103.162 - - [18/May/2023:17:55:58 -0300] "GET /cormun//static/Resources/PXToolsGridNew.png HTTP/1.1" 200 427
200.54.103.162 - - [18/May/2023:17:55:58 -0300] "GET /cormun/servlet/trcontratosolicitud? HTTP/1.1" 200 14947
200.54.103.162 - - [18/May/2023:17:56:08 -0300] "POST /cormun/servlet/trcontratosolicitud?dc3d14b7ef5cc80cbbee26a8e62cd91c,,gx-no-cache=1684442439041 HTTP/1.1" 200 12157
200.54.103.162 - - [18/May/2023:17:56:08 -0300] "GET /cormun/static/Resources/PXToolsGridFirst.gif HTTP/1.1" 200 379
200.54.103.162 - - [18/May/2023:17:56:08 -0300] "GET /cormun/static/Resources/PXToolsGridPrevious.gif HTTP/1.1" 200 369
192.168.10.17 - - [18/May/2023:17:57:05 -0300] "GET /cormun/servlet/trsolicitudgral? HTTP/1.1" 200 10543
192.168.10.17 - - [18/May/2023:17:57:06 -0300] "GET /cormun/servlet/trsolicitudgral? HTTP/1.1" 200 10536
192.168.10.17 - - [18/May/2023:17:57:12 -0300] "GET /cormun/servlet/vesolicitudgral?2023,20209,, HTTP/1.1" 200 8401
192.168.10.17 - - [18/May/2023:17:57:12 -0300] "GET /cormun/pexe_scrolldiv.js HTTP/1.1" 404 1009
192.168.10.17 - - [18/May/2023:17:57:13 -0300] "GET /cormun/servlet/vesolicitudgral?2023,20209,, HTTP/1.1" 200 8400
186.67.172.234 - - [18/May/2023:17:58:20 -0300] "POST /cormun/servlet/trsolicitudot?baca74ef50c4fe4fd35862929e75e9eb,gx-no-cache=1684442573162 HTTP/1.1" 200 109
186.67.172.234 - - [18/May/2023:17:58:21 -0300] "GET /cormun/servlet/solicitudot?UPD,2023,20213,false, HTTP/1.1" 200 16680
186.67.172.234 - - [18/May/2023:17:58:21 -0300] "GET /cormun/servlet/solicitudot?UPD,2023,20213,false, HTTP/1.1" 200 16692
186.67.172.234 - - [18/May/2023:17:58:21 -0300] "POST /cormun/servlet/solicitudot?gx-no-cache=1684442574052 HTTP/1.1" 200 4045
186.67.172.234 - - [18/May/2023:17:58:21 -0300] "POST /cormun/servlet/solicitudot?baca74ef50c4fe4fd35862929e75e9eb,UPD,2023,20213,false,,gx-no-cache=1684442574154 HTTP/1.1" 200 12983
186.67.172.234 - - [18/May/2023:17:58:22 -0300] "GET /cormun/servlet/solicitudot?16e2f17c533f01fbe67a27e56a5c5807d44258f21171b80fd6d6cded450a64ea89d2aa4c206a4feca5aded0bab87ab1e,gx-no-cache=1684442574295 HTTP/1.1" 200 30
186.67.172.234 - - [18/May/2023:17:58:22 -0300] "GET /cormun/servlet/solicitudot?16e2f17c533f01fbe67a27e56a5c580762867f42f58b7ba8206818e0866caf9c7646ed1ec0748543c4116c4184bfd26d2becd19b1e5872c28a0bbdc21adc8bc4,gx-no-cache=1684442574312 HTTP/1.1" 200 30
186.67.172.234 - - [18/May/2023:17:58:22 -0300] "GET /cormun/servlet/solicitudot?16e2f17c533f01fbe67a27e56a5c58078d750108058aff9ec69a4f2fc4881e4dc92e21cd2aeb7008f783ca6aa2dcc7e429c116705493c6d435947833954187535543347828814d6515bed177cafe6ecde501dc0c48fdcaf9409d4ba201cda877,gx-no-cache=1684442574326 HTTP/1.1" 200 70
186.67.172.234 - - [18/May/2023:17:58:22 -0300] "POST /cormun/servlet/solicitudot?gx-no-cache=1684442574344 HTTP/1.1" 200 256
186.67.172.234 - - [18/May/2023:17:58:22 -0300] "GET /cormun/servlet/solicitudot?16e2f17c533f01fbe67a27e56a5c5807bf984c99156c5164207611468d0f23ba6dfc09186e613ae8219852da6390204f0dba9da1691512ebfac0c702611bf564d8d9b4fee45847bcf4b0260e30651229f602da6bd47d1b335fe2fa44c9476730b02276bd0c7355810a3f48b9e4c8ceb2cc40b4fa3e119ccf37f0fae6c0f12b45f83c9a9f7217605eeac7cec950eaae1e24dbc3a3ac51a8726af68db8eeb8ff3b87d256e8ed9c1b092a3650595fbe6280c43c03bf6f5b88cb5021ebd5ad45478264ee197cebd427a42b3372a3526a1e88c12d8e6a3924e88ae9d62efe83155b020eaececa9c20f5b39a31d5f122b68bdb33331627421f59a37e214c3fb71a69095fead87cdaf892354760882c377f4ec4a7119d9ee8b96360755b99eb17f9c230f45d4fc723a7f0cc232b6092cd6bc1a5d2c0fc824c2891eb1b6b55d30c18f8bd750ca2aba38fa71343a5e70787572e187a75ee9b26e374ddf760b7481ec06a9e64e69f228f4d1f11f53e97a7df8250942758f3c8f9c5d6a5e4e65e5a66c38656,gx-no-cache=1684442574366 HTTP/1.1" 200 30
186.67.172.234 - - [18/May/2023:17:58:22 -0300] "POST /cormun/servlet/solicitudot?gx-no-cache=1684442574384 HTTP/1.1" 200 30
186.67.172.234 - - [18/May/2023:17:58:22 -0300] "POST /cormun/servlet/solicitudot?gx-no-cache=1684442574408 HTTP/1.1" 200 1468
186.67.172.234 - - [18/May/2023:17:58:22 -0300] "POST /cormun/servlet/solicitudot?gx-no-cache=1684442574437 HTTP/1.1" 200 41
186.67.172.234 - - [18/May/2023:17:58:23 -0300] "GET /cormun/servlet/solicitudot?16e2f17c533f01fbe67a27e56a5c5807acb4dec645d5db892951fcf4e85737bff1632ef3c491cd3e78c9197827d55c6a5a28015b367a8177629e59dad447c6a2c0a7107881a3e4110b0887266ec42aebdc0c8b7de60a8a2302e3d4d8b2999586c68eea718677efbba087211676a39d1b,gx-no-cache=1684442575651 HTTP/1.1" 200 110
186.67.172.234 - - [18/May/2023:17:58:23 -0300] "POST /cormun/servlet/solicitudot?gx-no-cache=1684442575669 HTTP/1.1" 200 55
181.212.47.137 - - [18/May/2023:17:58:24 -0300] "GET /cormun/servlet/trsolicitudgral? HTTP/1.1" 200 28252
181.212.47.137 - - [18/May/2023:17:58:25 -0300] "GET /cormun/servlet/trsolicitudgral? HTTP/1.1" 200 28248
186.67.172.234 - - [18/May/2023:17:58:31 -0300] "POST /cormun/servlet/solicitudot?gx-no-cache=1684442583616 HTTP/1.1" 200 69
186.67.172.234 - - [18/May/2023:17:58:33 -0300] "GET /cormun/servlet/solicitudot?16e2f17c533f01fbe67a27e56a5c58072a2afb0aa9ea14aff63c44076732d537797fc515f352e935ca13a65184d2b814312091cc891983afeb23155db28c9ecb0b42d536f4c0910aff73057a2100e754cdecfa2727eaf892afc07a679d7463988df9bd48e3527ad751d9139b01853dd5f4537e4b63211287448483f9b90f4815384d133e9e3fead5f32a252c15d8ba9e53e41a530cc2b22769f8d12732691eaa5c3594588bdf49c812b56ef662b2cc003584b5584fb3cd05de8c3df83c50b2f5a99515ae5eb3daa1cc4f4307113f385a,gx-no-cache=1684442586032 HTTP/1.1" 200 29
186.67.172.234 - - [18/May/2023:17:58:33 -0300] "GET /cormun/servlet/solicitudot?16e2f17c533f01fbe67a27e56a5c5807596c0b5b4d2abb186e5b7172caf51f9877b2ce0dec6bb4e668c7e1752c346034,gx-no-cache=1684442586049 HTTP/1.1" 200 30
186.67.172.234 - - [18/May/2023:17:58:33 -0300] "POST /cormun/servlet/solicitudot?gx-no-cache=1684442586069 HTTP/1.1" 200 30
186.67.172.234 - - [18/May/2023:17:58:34 -0300] "POST /cormun/servlet/solicitudot?baca74ef50c4fe4fd35862929e75e9eb,UPD,2023,20213,false,,gx-no-cache=1684442586088 HTTP/1.1" 200 93
186.67.172.234 - - [18/May/2023:17:58:34 -0300] "GET /cormun/servlet/hpexe_return? HTTP/1.1" 200 1013
186.67.172.234 - - [18/May/2023:17:58:34 -0300] "GET /cormun/servlet/trsolicitudot HTTP/1.1" 200 11441
186.67.172.234 - - [18/May/2023:17:58:34 -0300] "GET /cormun/servlet/trsolicitudot HTTP/1.1" 200 11436
186.67.172.234 - - [18/May/2023:17:58:46 -0300] "POST /cormun/servlet/trsolicitudot?baca74ef50c4fe4fd35862929e75e9eb,gx-no-cache=1684442598370 HTTP/1.1" 200 111
186.67.172.234 - - [18/May/2023:17:58:46 -0300] "GET /cormun/servlet/solicitudot?UPD,2023,20195,false, HTTP/1.1" 200 16609
186.67.172.234 - - [18/May/2023:17:58:46 -0300] "GET /cormun/servlet/solicitudot?UPD,2023,20195,false, HTTP/1.1" 200 16617
186.67.172.234 - - [18/May/2023:17:58:47 -0300] "POST /cormun/servlet/solicitudot?gx-no-cache=1684442599224 HTTP/1.1" 200 4014
186.67.172.234 - - [18/May/2023:17:58:47 -0300] "POST /cormun/servlet/solicitudot?baca74ef50c4fe4fd35862929e75e9eb,UPD,2023,20195,false,,gx-no-cache=1684442599325 HTTP/1.1" 200 12927
186.67.172.234 - - [18/May/2023:17:58:47 -0300] "GET /cormun/servlet/solicitudot?16e2f17c533f01fbe67a27e56a5c58076e9e8760519ed52c473d3047fc911ab289d2aa4c206a4feca5aded0bab87ab1e,gx-no-cache=1684442599535 HTTP/1.1" 200 30
186.67.172.234 - - [18/May/2023:17:58:47 -0300] "GET /cormun/servlet/solicitudot?16e2f17c533f01fbe67a27e56a5c5807d62fe9e10fc14de9f1c4cabfc4ac872b5dd7c5fd5780589690c538dd905a61c96c618c4273ae1aafad36cd040f8aea89,gx-no-cache=1684442599553 HTTP/1.1" 200 30
186.67.172.234 - - [18/May/2023:17:58:47 -0300] "GET /cormun/servlet/solicitudot?16e2f17c533f01fbe67a27e56a5c58072528677b3331a75b3484b0bfa38a8b95897ba6be50b3134a99ba00dc626a43c669b04fbb83cec0d41f41c96c67faef46,gx-no-cache=1684442599569 HTTP/1.1" 200 53
186.67.172.234 - - [18/May/2023:17:58:47 -0300] "POST /cormun/servlet/solicitudot?gx-no-cache=1684442599605 HTTP/1.1" 200 256
186.67.172.234 - - [18/May/2023:17:58:47 -0300] "GET /cormun/servlet/solicitudot?16e2f17c533f01fbe67a27e56a5c5807bf984c99156c5164207611468d0f23ba6dfc09186e613ae8219852da6390204f0dba9da1691512ebfac0c702611bf564d8d9b4fee45847bcf4b0260e30651229f602da6bd47d1b335fe2fa44c9476730b02276bd0c7355810a3f48b9e4c8ceb2cc40b4fa3e119ccf37f0fae6c0f12b45f83c9a9f7217605eeac7cec950eaae1e24dbc3a3ac51a8726af68db8eeb8ff3b87d256e8ed9c1b092a3650595fbe6280c43c03bf6f5b88cb5021ebd5ad45478264ee197cebd427a42b3372a3526a1e88c12d8e6a3924e88ae9d62efe83155b020eaececa9c20f5b39a31d5f122b68bdb33331627421f59a37e214c3fb71a69095fead87cdaf892354760882c377f4ec4a7119d9ee8b96360755b99eb17f9c230f45d4fc723a7f0cc232b6092cd6bc1a5d2c0fc824c2891eb1b6b55d30c18f8bd750ca2aba38fa71343a5e70787572e187a75ee9b26e374ddf760b7481ec06a9e64e69f228f4d1f11f53e97a7df8250942758f3c8f9c5d6a5e4e65e5a66c38656,gx-no-cache=1684442599630 HTTP/1.1" 200 30
186.67.172.234 - - [18/May/2023:17:58:47 -0300] "POST /cormun/servlet/solicitudot?gx-no-cache=1684442599651 HTTP/1.1" 200 30
186.67.172.234 - - [18/May/2023:17:58:47 -0300] "POST /cormun/servlet/solicitudot?gx-no-cache=1684442599678 HTTP/1.1" 200 1469
181.212.47.137 - - [18/May/2023:17:58:47 -0300] "GET /cormun/servlet/vesolicitudgral?2023,20166,, HTTP/1.1" 200 8378
186.67.172.234 - - [18/May/2023:17:58:47 -0300] "POST /cormun/servlet/solicitudot?gx-no-cache=1684442599707 HTTP/1.1" 200 41
181.212.47.137 - - [18/May/2023:17:58:47 -0300] "GET /cormun/pexe_scrolldiv.js HTTP/1.1" 404 1009
181.212.47.137 - - [18/May/2023:17:58:47 -0300] "GET /cormun/servlet/vesolicitudgral?2023,20166,, HTTP/1.1" 200 8378
186.67.172.234 - - [18/May/2023:17:58:52 -0300] "GET /cormun/servlet/solicitudot?16e2f17c533f01fbe67a27e56a5c5807acb4dec645d5db892951fcf4e85737bff1632ef3c491cd3e78c9197827d55c6a5a28015b367a8177629e59dad447c6a2c0a7107881a3e4110b0887266ec42aebdc0c8b7de60a8a2302e3d4d8b2999586c68eea718677efbba087211676a39d1b,gx-no-cache=1684442604419 HTTP/1.1" 200 110
186.67.172.234 - - [18/May/2023:17:58:52 -0300] "POST /cormun/servlet/solicitudot?gx-no-cache=1684442604436 HTTP/1.1" 200 64
181.212.47.137 - - [18/May/2023:17:58:54 -0300] "GET /cormun/servlet/trsolicitudgral? HTTP/1.1" 200 28253
181.212.47.137 - - [18/May/2023:17:58:55 -0300] "GET /cormun/servlet/trsolicitudgral? HTTP/1.1" 200 28248
186.67.172.234 - - [18/May/2023:17:58:56 -0300] "GET /cormun/servlet/solicitudot?16e2f17c533f01fbe67a27e56a5c58072a2afb0aa9ea14aff63c44076732d537797fc515f352e935ca13a65184d2b814312091cc891983afeb23155db28c9ecb0b42d536f4c0910aff73057a2100e754cdecfa2727eaf892afc07a679d7463988df9bd48e3527ad751d9139b01853dd5f4537e4b63211287448483f9b90f4815384d133e9e3fead5f32a252c15d8ba9e53e41a530cc2b22769f8d12732691eaa5c3594588bdf49c812b56ef662b2cc003584b5584fb3cd05de8c3df83c50b2f5a99515ae5eb3daa1cc4f4307113f385a,gx-no-cache=1684442609056 HTTP/1.1" 200 29
186.67.172.234 - - [18/May/2023:17:58:56 -0300] "GET /cormun/servlet/solicitudot?16e2f17c533f01fbe67a27e56a5c5807596c0b5b4d2abb186e5b7172caf51f9877b2ce0dec6bb4e668c7e1752c346034,gx-no-cache=1684442609086 HTTP/1.1" 200 30
186.67.172.234 - - [18/May/2023:17:58:56 -0300] "POST /cormun/servlet/solicitudot?gx-no-cache=1684442609107 HTTP/1.1" 200 30
186.67.172.234 - - [18/May/2023:17:58:57 -0300] "POST /cormun/servlet/solicitudot?baca74ef50c4fe4fd35862929e75e9eb,UPD,2023,20195,false,,gx-no-cache=1684442609128 HTTP/1.1" 200 93
186.67.172.234 - - [18/May/2023:17:58:57 -0300] "GET /cormun/servlet/hpexe_return? HTTP/1.1" 200 1013
186.67.172.234 - - [18/May/2023:17:58:57 -0300] "GET /cormun/servlet/trsolicitudot HTTP/1.1" 200 11446
186.67.172.234 - - [18/May/2023:17:58:57 -0300] "GET /cormun/servlet/trsolicitudot HTTP/1.1" 200 11441
181.212.47.137 - - [18/May/2023:17:59:01 -0300] "GET /cormun/servlet/vesolicitudgral?2023,20171,, HTTP/1.1" 200 8372
181.212.47.137 - - [18/May/2023:17:59:01 -0300] "GET /cormun/pexe_scrolldiv.js HTTP/1.1" 404 1009
181.212.47.137 - - [18/May/2023:17:59:01 -0300] "GET /cormun/servlet/vesolicitudgral?2023,20171,, HTTP/1.1" 200 8372
186.67.172.234 - - [18/May/2023:17:59:08 -0300] "POST /cormun/servlet/trsolicitudot?baca74ef50c4fe4fd35862929e75e9eb,gx-no-cache=1684442620401 HTTP/1.1" 200 110
186.67.172.234 - - [18/May/2023:17:59:08 -0300] "GET /cormun/servlet/solicitudot?UPD,2023,20193,false, HTTP/1.1" 200 16614
186.67.172.234 - - [18/May/2023:17:59:08 -0300] "GET /cormun/servlet/solicitudot?UPD,2023,20193,false, HTTP/1.1" 200 16625
186.67.172.234 - - [18/May/2023:17:59:09 -0300] "POST /cormun/servlet/solicitudot?gx-no-cache=1684442621257 HTTP/1.1" 200 4011
186.67.172.234 - - [18/May/2023:17:59:09 -0300] "POST /cormun/servlet/solicitudot?baca74ef50c4fe4fd35862929e75e9eb,UPD,2023,20193,false,,gx-no-cache=1684442621373 HTTP/1.1" 200 12925
186.67.172.234 - - [18/May/2023:17:59:09 -0300] "GET /cormun/servlet/solicitudot?16e2f17c533f01fbe67a27e56a5c58076e9e8760519ed52c473d3047fc911ab289d2aa4c206a4feca5aded0bab87ab1e,gx-no-cache=1684442621511 HTTP/1.1" 200 30
186.67.172.234 - - [18/May/2023:17:59:09 -0300] "GET /cormun/servlet/solicitudot?16e2f17c533f01fbe67a27e56a5c5807d62fe9e10fc14de9f1c4cabfc4ac872b5dd7c5fd5780589690c538dd905a61c96c618c4273ae1aafad36cd040f8aea89,gx-no-cache=1684442621544 HTTP/1.1" 200 30
186.67.172.234 - - [18/May/2023:17:59:09 -0300] "GET /cormun/servlet/solicitudot?16e2f17c533f01fbe67a27e56a5c58072528677b3331a75b3484b0bfa38a8b95897ba6be50b3134a99ba00dc626a43c669b04fbb83cec0d41f41c96c67faef46,gx-no-cache=1684442621637 HTTP/1.1" 200 53
186.67.172.234 - - [18/May/2023:17:59:09 -0300] "POST /cormun/servlet/solicitudot?gx-no-cache=1684442621727 HTTP/1.1" 200 256
186.67.172.234 - - [18/May/2023:17:59:09 -0300] "GET /cormun/servlet/solicitudot?16e2f17c533f01fbe67a27e56a5c5807bf984c99156c5164207611468d0f23ba6dfc09186e613ae8219852da6390204f0dba9da1691512ebfac0c702611bf564d8d9b4fee45847bcf4b0260e30651229f602da6bd47d1b335fe2fa44c9476730b02276bd0c7355810a3f48b9e4c8ceb2cc40b4fa3e119ccf37f0fae6c0f12b45f83c9a9f7217605eeac7cec950eaae1e24dbc3a3ac51a8726af68db8eeb8ff3b87d256e8ed9c1b092a3650595fbe6280c43c03bf6f5b88cb5021ebd5ad45478264ee197cebd427a42b3372a3526a1e88c12d8e6a3924e88ae9d62efe83155b020eaececa9c20f5b39a31d5f122b68bdb33331627421f59a37e214c3fb71a69095fead87cdaf892354760882c377f4ec4a7119d9ee8b96360755b99eb17f9c230f45d4fc723a7f0cc232b6092cd6bc1a5d2c0fc824c2891eb1b6b55d30c18f8bd750ca2aba38fa71343a5e70787572e187a75ee9b26e374ddf760b7481ec06a9e64e69f228f4d1f11f53e97a7df8250942758f3c8f9c5d6a5e4e65e5a66c38656,gx-no-cache=1684442621801 HTTP/1.1" 200 30
186.67.172.234 - - [18/May/2023:17:59:09 -0300] "POST /cormun/servlet/solicitudot?gx-no-cache=1684442621840 HTTP/1.1" 200 30
186.67.172.234 - - [18/May/2023:17:59:09 -0300] "POST /cormun/servlet/solicitudot?gx-no-cache=1684442621867 HTTP/1.1" 200 1469
186.67.172.234 - - [18/May/2023:17:59:09 -0300] "POST /cormun/servlet/solicitudot?gx-no-cache=1684442621893 HTTP/1.1" 200 41
190.171.142.10 - - [18/May/2023:17:59:11 -0300] "GET /cormun/servlet/trsolicitudot? HTTP/1.1" 200 8833
190.171.142.10 - - [18/May/2023:17:59:12 -0300] "GET /cormun/servlet/trsolicitudot? HTTP/1.1" 200 8833
186.67.172.234 - - [18/May/2023:17:59:12 -0300] "GET /cormun/servlet/solicitudot?16e2f17c533f01fbe67a27e56a5c5807acb4dec645d5db892951fcf4e85737bff1632ef3c491cd3e78c9197827d55c6a5a28015b367a8177629e59dad447c6a2c0a7107881a3e4110b0887266ec42aebdc0c8b7de60a8a2302e3d4d8b2999586c68eea718677efbba087211676a39d1b,gx-no-cache=1684442625177 HTTP/1.1" 200 110
186.67.172.234 - - [18/May/2023:17:59:12 -0300] "POST /cormun/servlet/solicitudot?gx-no-cache=1684442625194 HTTP/1.1" 200 64
190.171.142.10 - - [18/May/2023:17:59:15 -0300] "GET /cormun/servlet/solicitudot?INS,0,0,false, HTTP/1.1" 200 16053
190.171.142.10 - - [18/May/2023:17:59:15 -0300] "GET /cormun/servlet/solicitudot?INS,0,0,false, HTTP/1.1" 200 16060
186.67.172.234 - - [18/May/2023:17:59:18 -0300] "GET /cormun/servlet/solicitudot?16e2f17c533f01fbe67a27e56a5c58072a2afb0aa9ea14aff63c44076732d537797fc515f352e935ca13a65184d2b814312091cc891983afeb23155db28c9ecb0b42d536f4c0910aff73057a2100e754cdecfa2727eaf892afc07a679d7463988df9bd48e3527ad751d9139b01853dd5f4537e4b63211287448483f9b90f4815384d133e9e3fead5f32a252c15d8ba9e53e41a530cc2b22769f8d12732691eaa5c3594588bdf49c812b56ef662b2cc003584b5584fb3cd05de8c3df83c50b2f5a99515ae5eb3daa1cc4f4307113f385a,gx-no-cache=1684442630632 HTTP/1.1" 200 29
186.67.172.234 - - [18/May/2023:17:59:18 -0300] "GET /cormun/servlet/solicitudot?16e2f17c533f01fbe67a27e56a5c5807596c0b5b4d2abb186e5b7172caf51f9877b2ce0dec6bb4e668c7e1752c346034,gx-no-cache=1684442630648 HTTP/1.1" 200 30
186.67.172.234 - - [18/May/2023:17:59:18 -0300] "POST /cormun/servlet/solicitudot?gx-no-cache=1684442630665 HTTP/1.1" 200 30
186.67.172.234 - - [18/May/2023:17:59:18 -0300] "POST /cormun/servlet/solicitudot?baca74ef50c4fe4fd35862929e75e9eb,UPD,2023,20193,false,,gx-no-cache=1684442630684 HTTP/1.1" 200 93
186.67.172.234 - - [18/May/2023:17:59:18 -0300] "GET /cormun/servlet/hpexe_return? HTTP/1.1" 200 1013
186.67.172.234 - - [18/May/2023:17:59:18 -0300] "GET /cormun/servlet/trsolicitudot HTTP/1.1" 200 11454
186.67.172.234 - - [18/May/2023:17:59:19 -0300] "GET /cormun/servlet/trsolicitudot HTTP/1.1" 200 11449
186.67.172.234 - - [18/May/2023:17:59:26 -0300] "POST /cormun/servlet/trsolicitudot?baca74ef50c4fe4fd35862929e75e9eb,gx-no-cache=1684442638954 HTTP/1.1" 200 109
186.67.172.234 - - [18/May/2023:17:59:26 -0300] "GET /cormun/servlet/solicitudot?UPD,2023,20191,false, HTTP/1.1" 200 16737
186.67.172.234 - - [18/May/2023:17:59:27 -0300] "GET /cormun/servlet/solicitudot?UPD,2023,20191,false, HTTP/1.1" 200 16749
186.67.172.234 - - [18/May/2023:17:59:27 -0300] "POST /cormun/servlet/solicitudot?gx-no-cache=1684442639819 HTTP/1.1" 200 4047
186.67.172.234 - - [18/May/2023:17:59:27 -0300] "POST /cormun/servlet/solicitudot?baca74ef50c4fe4fd35862929e75e9eb,UPD,2023,20191,false,,gx-no-cache=1684442639910 HTTP/1.1" 200 12960
186.67.172.234 - - [18/May/2023:17:59:27 -0300] "GET /cormun/servlet/solicitudot?16e2f17c533f01fbe67a27e56a5c58073e496b4af675f1a5ba375a8440ed893789d2aa4c206a4feca5aded0bab87ab1e,gx-no-cache=1684442640048 HTTP/1.1" 200 30
186.67.172.234 - - [18/May/2023:17:59:27 -0300] "GET /cormun/servlet/solicitudot?16e2f17c533f01fbe67a27e56a5c5807096a69f57ec32ef46d017d1849fd3565448c6064d3571af7bd99d5a5602976e9d8ca27a0392fc9f36a2628784734920c,gx-no-cache=1684442640066 HTTP/1.1" 200 30
186.67.172.234 - - [18/May/2023:17:59:27 -0300] "GET /cormun/servlet/solicitudot?16e2f17c533f01fbe67a27e56a5c58072528677b3331a75b3484b0bfa38a8b95897ba6be50b3134a99ba00dc626a43c669b04fbb83cec0d41f41c96c67faef46,gx-no-cache=1684442640081 HTTP/1.1" 200 53
186.67.172.234 - - [18/May/2023:17:59:27 -0300] "POST /cormun/servlet/solicitudot?gx-no-cache=1684442640097 HTTP/1.1" 200 297
186.67.172.234 - - [18/May/2023:17:59:27 -0300] "GET /cormun/servlet/solicitudot?16e2f17c533f01fbe67a27e56a5c5807bf984c99156c5164207611468d0f23ba5eaf288611bb0b91943234dc3371f6600dba9da1691512ebfac0c702611bf564d8d9b4fee45847bcf4b0260e30651229f602da6bd47d1b335fe2fa44c9476730b02276bd0c7355810a3f48b9e4c8ceb2cc40b4fa3e119ccf37f0fae6c0f12b45f83c9a9f7217605eeac7cec950eaae1e24dbc3a3ac51a8726af68db8eeb8ff3b87d256e8ed9c1b092a3650595fbe6280c43c03bf6f5b88cb5021ebd5ad45478264ee197cebd427a42b3372a3526a1e88c12d8e6a3924e88ae9d62efe83155b020eaececa9c20f5b39a31d5f122b68bdbe75544a6ad44d6de082c3461824066a25fead87cdaf892354760882c377f4ec467b8c49639579785a4130855cfdd94c70ad245c81a457672f82cbbd4880189d0b971e5f8509fcedc5af93b53e63b02155c9b161b8c3d270409a0e4b5ff6eb925945a14506bca953b3271e0f3eb2d697f050df5a71b11d1f0edf49e0c441ceb47850587d95e746281bdabff4e98af108dfc854a83aa8ae84af9af83634c0491ed,gx-no-cache=1684442640117 HTTP/1.1" 200 30
186.67.172.234 - - [18/May/2023:17:59:27 -0300] "POST /cormun/servlet/solicitudot?gx-no-cache=1684442640133 HTTP/1.1" 200 30
186.67.172.234 - - [18/May/2023:17:59:27 -0300] "POST /cormun/servlet/solicitudot?gx-no-cache=1684442640157 HTTP/1.1" 200 1467
186.67.172.234 - - [18/May/2023:17:59:27 -0300] "POST /cormun/servlet/solicitudot?gx-no-cache=1684442640182 HTTP/1.1" 200 41
186.67.172.234 - - [18/May/2023:17:59:28 -0300] "GET /cormun/servlet/solicitudot?16e2f17c533f01fbe67a27e56a5c5807acb4dec645d5db892951fcf4e85737bff1632ef3c491cd3e78c9197827d55c6a5a28015b367a8177629e59dad447c6a2c0a7107881a3e4110b0887266ec42aebdc0c8b7de60a8a2302e3d4d8b2999586c68eea718677efbba087211676a39d1b,gx-no-cache=1684442641248 HTTP/1.1" 200 110
186.67.172.234 - - [18/May/2023:17:59:29 -0300] "POST /cormun/servlet/solicitudot?gx-no-cache=1684442641266 HTTP/1.1" 200 64
186.67.172.234 - - [18/May/2023:17:59:32 -0300] "GET /cormun/servlet/solicitudot?16e2f17c533f01fbe67a27e56a5c58072a2afb0aa9ea14aff63c44076732d537797fc515f352e935ca13a65184d2b814312091cc891983afeb23155db28c9ecb68d943fe1ae2148f567b02a71ecfbdc186fdb789a763de3d164288130a4a03321655756c166aac455c3bc70ec880d1c7,gx-no-cache=1684442645072 HTTP/1.1" 200 29
186.67.172.234 - - [18/May/2023:17:59:32 -0300] "GET /cormun/servlet/solicitudot?16e2f17c533f01fbe67a27e56a5c5807596c0b5b4d2abb186e5b7172caf51f9877b2ce0dec6bb4e668c7e1752c346034,gx-no-cache=1684442645098 HTTP/1.1" 200 30
186.67.172.234 - - [18/May/2023:17:59:32 -0300] "POST /cormun/servlet/solicitudot?gx-no-cache=1684442645119 HTTP/1.1" 200 30
186.67.172.234 - - [18/May/2023:17:59:33 -0300] "POST /cormun/servlet/solicitudot?baca74ef50c4fe4fd35862929e75e9eb,UPD,2023,20191,false,,gx-no-cache=1684442645140 HTTP/1.1" 200 93
186.67.172.234 - - [18/May/2023:17:59:33 -0300] "GET /cormun/servlet/hpexe_return? HTTP/1.1" 200 1013
186.67.172.234 - - [18/May/2023:17:59:33 -0300] "GET /cormun/servlet/trsolicitudot HTTP/1.1" 200 11448
186.67.172.234 - - [18/May/2023:17:59:33 -0300] "GET /cormun/servlet/trsolicitudot HTTP/1.1" 200 11443
186.67.172.234 - - [18/May/2023:17:59:37 -0300] "POST /cormun/servlet/trsolicitudot?baca74ef50c4fe4fd35862929e75e9eb,gx-no-cache=1684442649442 HTTP/1.1" 200 110
186.67.172.234 - - [18/May/2023:17:59:37 -0300] "GET /cormun/servlet/solicitudot?UPD,2023,20190,false, HTTP/1.1" 200 16713
186.67.172.234 - - [18/May/2023:17:59:37 -0300] "GET /cormun/servlet/solicitudot?UPD,2023,20190,false, HTTP/1.1" 200 16726
186.67.172.234 - - [18/May/2023:17:59:38 -0300] "POST /cormun/servlet/solicitudot?gx-no-cache=1684442650311 HTTP/1.1" 200 4029
186.67.172.234 - - [18/May/2023:17:59:38 -0300] "POST /cormun/servlet/solicitudot?baca74ef50c4fe4fd35862929e75e9eb,UPD,2023,20190,false,,gx-no-cache=1684442650417 HTTP/1.1" 200 12951
186.67.172.234 - - [18/May/2023:17:59:38 -0300] "GET /cormun/servlet/solicitudot?16e2f17c533f01fbe67a27e56a5c5807b2d101fb0d3a0986809d5728735690172becd19b1e5872c28a0bbdc21adc8bc4,gx-no-cache=1684442650557 HTTP/1.1" 200 30
186.67.172.234 - - [18/May/2023:17:59:38 -0300] "GET /cormun/servlet/solicitudot?16e2f17c533f01fbe67a27e56a5c5807c2068553521d32766f5ad66cf17b00f82e80d042523faf4d6ec479de1ae2d0da,gx-no-cache=1684442650575 HTTP/1.1" 200 30
186.67.172.234 - - [18/May/2023:17:59:38 -0300] "GET /cormun/servlet/solicitudot?16e2f17c533f01fbe67a27e56a5c58071db968b5f3db8007fd8dc64d46663459167c296400278d2460aed0a5152e95826d4d2cf3c0e2e048e343a8ebd58f2546,gx-no-cache=1684442650589 HTTP/1.1" 200 55
186.67.172.234 - - [18/May/2023:17:59:38 -0300] "POST /cormun/servlet/solicitudot?gx-no-cache=1684442650606 HTTP/1.1" 200 256
186.67.172.234 - - [18/May/2023:17:59:38 -0300] "GET /cormun/servlet/solicitudot?16e2f17c533f01fbe67a27e56a5c5807bf984c99156c5164207611468d0f23ba6dfc09186e613ae8219852da6390204f0dba9da1691512ebfac0c702611bf564d8d9b4fee45847bcf4b0260e30651229f602da6bd47d1b335fe2fa44c9476730b02276bd0c7355810a3f48b9e4c8ceb2cc40b4fa3e119ccf37f0fae6c0f12b45f83c9a9f7217605eeac7cec950eaae1e24dbc3a3ac51a8726af68db8eeb8ff3b87d256e8ed9c1b092a3650595fbe6280c43c03bf6f5b88cb5021ebd5ad45478264ee197cebd427a42b3372a3526a1e88c12d8e6a3924e88ae9d62efe83155b020eaececa9c20f5b39a31d5f122b68bdb33331627421f59a37e214c3fb71a69095fead87cdaf892354760882c377f4ec4a7119d9ee8b96360755b99eb17f9c230f45d4fc723a7f0cc232b6092cd6bc1a5d2c0fc824c2891eb1b6b55d30c18f8bd750ca2aba38fa71343a5e70787572e187a75ee9b26e374ddf760b7481ec06a9e64e69f228f4d1f11f53e97a7df8250942758f3c8f9c5d6a5e4e65e5a66c38656,gx-no-cache=1684442650626 HTTP/1.1" 200 30
186.67.172.234 - - [18/May/2023:17:59:38 -0300] "POST /cormun/servlet/solicitudot?gx-no-cache=1684442650642 HTTP/1.1" 200 30
186.67.172.234 - - [18/May/2023:17:59:38 -0300] "POST /cormun/servlet/solicitudot?gx-no-cache=1684442650662 HTTP/1.1" 200 1467
186.67.172.234 - - [18/May/2023:17:59:38 -0300] "POST /cormun/servlet/solicitudot?gx-no-cache=1684442650688 HTTP/1.1" 200 41
190.171.144.234 - - [18/May/2023:17:59:40 -0300] "GET /cormun/servlet/hlogin HTTP/1.1" 200 1741
186.67.172.234 - - [18/May/2023:17:59:42 -0300] "GET /cormun/servlet/solicitudot?16e2f17c533f01fbe67a27e56a5c5807acb4dec645d5db892951fcf4e85737bff1632ef3c491cd3e78c9197827d55c6a5a28015b367a8177629e59dad447c6a2c0a7107881a3e4110b0887266ec42aebdc0c8b7de60a8a2302e3d4d8b2999586c68eea718677efbba087211676a39d1b,gx-no-cache=1684442655098 HTTP/1.1" 200 110
186.67.172.234 - - [18/May/2023:17:59:42 -0300] "POST /cormun/servlet/solicitudot?gx-no-cache=1684442655115 HTTP/1.1" 200 64
186.67.172.234 - - [18/May/2023:17:59:45 -0300] "GET /cormun/servlet/solicitudot?16e2f17c533f01fbe67a27e56a5c58072a2afb0aa9ea14aff63c44076732d537797fc515f352e935ca13a65184d2b814312091cc891983afeb23155db28c9ecb0b42d536f4c0910aff73057a2100e754cdecfa2727eaf892afc07a679d7463988df9bd48e3527ad751d9139b01853dd5f4537e4b63211287448483f9b90f4815384d133e9e3fead5f32a252c15d8ba9e53e41a530cc2b22769f8d12732691eaa5c3594588bdf49c812b56ef662b2cc003584b5584fb3cd05de8c3df83c50b2f5a99515ae5eb3daa1cc4f4307113f385a,gx-no-cache=1684442657728 HTTP/1.1" 200 29
186.67.172.234 - - [18/May/2023:17:59:45 -0300] "GET /cormun/servlet/solicitudot?16e2f17c533f01fbe67a27e56a5c5807596c0b5b4d2abb186e5b7172caf51f9877b2ce0dec6bb4e668c7e1752c346034,gx-no-cache=1684442657745 HTTP/1.1" 200 30
186.67.172.234 - - [18/May/2023:17:59:45 -0300] "POST /cormun/servlet/solicitudot?gx-no-cache=1684442657763 HTTP/1.1" 200 30
186.67.172.234 - - [18/May/2023:17:59:45 -0300] "POST /cormun/servlet/solicitudot?baca74ef50c4fe4fd35862929e75e9eb,UPD,2023,20190,false,,gx-no-cache=1684442657783 HTTP/1.1" 200 93
186.67.172.234 - - [18/May/2023:17:59:45 -0300] "GET /cormun/servlet/hpexe_return? HTTP/1.1" 200 1013
186.67.172.234 - - [18/May/2023:17:59:45 -0300] "GET /cormun/servlet/trsolicitudot HTTP/1.1" 200 11447
186.67.172.234 - - [18/May/2023:17:59:46 -0300] "GET /cormun/servlet/trsolicitudot HTTP/1.1" 200 11442
186.67.172.234 - - [18/May/2023:17:59:50 -0300] "POST /cormun/servlet/trsolicitudot?baca74ef50c4fe4fd35862929e75e9eb,gx-no-cache=1684442663050 HTTP/1.1" 200 110
186.67.172.234 - - [18/May/2023:17:59:51 -0300] "GET /cormun/servlet/solicitudot?UPD,2023,20189,false, HTTP/1.1" 200 16724
186.67.172.234 - - [18/May/2023:17:59:51 -0300] "GET /cormun/servlet/solicitudot?UPD,2023,20189,false, HTTP/1.1" 200 16737
186.67.172.234 - - [18/May/2023:17:59:51 -0300] "POST /cormun/servlet/solicitudot?gx-no-cache=1684442663941 HTTP/1.1" 200 4044
186.67.172.234 - - [18/May/2023:17:59:51 -0300] "POST /cormun/servlet/solicitudot?baca74ef50c4fe4fd35862929e75e9eb,UPD,2023,20189,false,,gx-no-cache=1684442664048 HTTP/1.1" 200 12941
186.67.172.234 - - [18/May/2023:17:59:51 -0300] "GET /cormun/servlet/solicitudot?16e2f17c533f01fbe67a27e56a5c58072e27aa8283ced127def3434ccef854e889d2aa4c206a4feca5aded0bab87ab1e,gx-no-cache=1684442664188 HTTP/1.1" 200 30
186.67.172.234 - - [18/May/2023:17:59:51 -0300] "GET /cormun/servlet/solicitudot?16e2f17c533f01fbe67a27e56a5c580790ee979bdc4dc6d4db0fd24ab482e70aae77c6d6bb4805799f57fc506d245f22fc854a83aa8ae84af9af83634c0491ed,gx-no-cache=1684442664206 HTTP/1.1" 200 30
186.67.172.234 - - [18/May/2023:17:59:51 -0300] "GET /cormun/servlet/solicitudot?16e2f17c533f01fbe67a27e56a5c58072528677b3331a75b3484b0bfa38a8b95897ba6be50b3134a99ba00dc626a43c669b04fbb83cec0d41f41c96c67faef46,gx-no-cache=1684442664221 HTTP/1.1" 200 53
186.67.172.234 - - [18/May/2023:17:59:51 -0300] "POST /cormun/servlet/solicitudot?gx-no-cache=1684442664238 HTTP/1.1" 200 297
