190.171.149.90 - - [17/May/2023:15:04:34 -0300] "GET /cormun/servlet/solicitudot?e400fae48b45518a30991cdc17ddadb94ad36e576b84cfd051f5dcfc15b43c5cdc901ad8f6ec608baad7b035069251c12af518224f162f08f3a6d492d6e936484df683f7d22ecb93a6bba15310c74fa60c42815340d54142f32f69de540867d6c6844e4133a5ef893b7205b456180b3e,gx-no-cache=1684345775712 HTTP/1.1" 200 110
190.171.149.90 - - [17/May/2023:15:04:34 -0300] "POST /cormun/servlet/solicitudot?gx-no-cache=1684345775748 HTTP/1.1" 200 105
186.67.172.234 - - [17/May/2023:15:04:37 -0300] "POST /cormun/servlet/solicitudot?gx-no-cache=1684345748699 HTTP/1.1" 200 69
186.67.172.234 - - [17/May/2023:15:04:41 -0300] "GET /cormun/servlet/solicitudot?03613b150988045dc979dfbeaf273ee488401dbfa9b79753a85003043a9da7f401be9939025c8c88f5a4dc7396b2f33f7df07d88868e8590f7e79376e7eea1ae51eb9b9685f75f2bdad9a40ca56aede4dbd33788c5df8f3607e87075d0cc2abc2811aefb7fb71cac549efb4f1df28ad6,gx-no-cache=1684345752794 HTTP/1.1" 200 29
186.67.172.234 - - [17/May/2023:15:04:43 -0300] "GET /cormun/servlet/solicitudot?03613b150988045dc979dfbeaf273ee426ec73a58ccccc20c329eaf3b36a1926d7431304a0668e860104bb3acd48200d,gx-no-cache=1684345754913 HTTP/1.1" 200 30
190.171.149.90 - - [17/May/2023:15:04:46 -0300] "POST /cormun/servlet/solicitudot?gx-no-cache=1684345787865 HTTP/1.1" 200 41
190.171.149.90 - - [17/May/2023:15:04:46 -0300] "GET /cormun/servlet/solicitudot?e400fae48b45518a30991cdc17ddadb94ad36e576b84cfd051f5dcfc15b43c5cdc901ad8f6ec608baad7b035069251c12af518224f162f08f3a6d492d6e936484df683f7d22ecb93a6bba15310c74fa60c42815340d54142f32f69de540867d6c6844e4133a5ef893b7205b456180b3e,gx-no-cache=1684345787901 HTTP/1.1" 200 110
186.67.172.234 - - [17/May/2023:15:04:48 -0300] "POST /cormun/servlet/solicitudot?gx-no-cache=1684345759275 HTTP/1.1" 200 30
186.67.172.234 - - [17/May/2023:15:04:56 -0300] "POST /cormun/servlet/solicitudot?04e5e64dbf99e47ef3606b1b4ac93c7a,INS,0,0,false,,gx-no-cache=1684345767285 HTTP/1.1" 200 93
186.67.172.234 - - [17/May/2023:15:04:56 -0300] "GET /cormun/servlet/hpexe_return? HTTP/1.1" 200 1009
186.67.172.234 - - [17/May/2023:15:04:56 -0300] "GET /cormun/servlet/trsolicitudot HTTP/1.1" 200 10080
186.67.172.234 - - [17/May/2023:15:04:56 -0300] "GET /cormun/servlet/trsolicitudot HTTP/1.1" 200 10076
186.103.157.42 - - [17/May/2023:15:04:59 -0300] "GET /cormun/servlet/trsolicitudot? HTTP/1.1" 200 7600
186.103.157.42 - - [17/May/2023:15:04:59 -0300] "GET /cormun/servlet/trsolicitudot? HTTP/1.1" 200 7600
190.171.143.90 - - [17/May/2023:15:05:03 -0300] "GET /cormun/servlet/prbanco?,MD,,gxPopupLevel%3D0%3B HTTP/1.1" 200 6611
190.171.143.90 - - [17/May/2023:15:05:09 -0300] "GET /cormun/servlet/solicitudot?422c38b607ce2bc3821a7d6fafb9123c059580d5335d9ae0b9360aa66a5d79c461a5b9d89daf86d7028e8087cecbf2be19f54a9e020e9f28fbe50624b4d152d4,gx-no-cache=1684345782157 HTTP/1.1" 200 30
186.103.157.42 - - [17/May/2023:15:05:13 -0300] "GET /cormun/servlet/solicitudot?INS,0,0,false, HTTP/1.1" 200 16222
186.103.157.42 - - [17/May/2023:15:05:13 -0300] "GET /cormun/servlet/solicitudot?INS,0,0,false, HTTP/1.1" 200 16230
186.103.157.42 - - [17/May/2023:15:05:28 -0300] "POST /cormun/servlet/solicitudot?gx-no-cache=1684346083725 HTTP/1.1" 200 4040
186.103.157.42 - - [17/May/2023:15:05:28 -0300] "GET /cormun/static/Shared/jqueryui/images/ui-bg_highlight-soft_100_c6c2c8_1x100.png HTTP/1.1" 404 1117
186.103.157.42 - - [17/May/2023:15:05:28 -0300] "GET /cormun/static/Shared/jqueryui/images/ui-icons_82798d_256x240.png HTTP/1.1" 404 1089
186.103.157.42 - - [17/May/2023:15:05:28 -0300] "GET /cormun/static/Shared/jqueryui/images/ui-icons_ebccce_256x240.png HTTP/1.1" 404 1089
186.103.157.42 - - [17/May/2023:15:05:28 -0300] "GET /cormun/static/Shared/jqueryui/images/ui-bg_flat_55_994d53_40x100.png HTTP/1.1" 404 1097
190.171.149.90 - - [17/May/2023:15:05:33 -0300] "GET /cormun/servlet/solicitudot?e400fae48b45518a30991cdc17ddadb920494fa0f5d8a291b3ad3123e9da1004f384faaf0566078501f2bab5cce488b9,gx-no-cache=1684345829966 HTTP/1.1" 200 30
190.171.149.90 - - [17/May/2023:15:05:33 -0300] "POST /cormun/servlet/solicitudot?gx-no-cache=1684345834746 HTTP/1.1" 200 107
186.103.157.42 - - [17/May/2023:15:05:45 -0300] "POST /cormun/servlet/solicitudot?gx-no-cache=1684346100080 HTTP/1.1" 200 4014
186.103.157.42 - - [17/May/2023:15:05:50 -0300] "POST /cormun/servlet/solicitudot?4fda21aa26b45f409364c1160b50d2e1,INS,0,0,false,,gx-no-cache=1684346105362 HTTP/1.1" 200 93
186.103.157.42 - - [17/May/2023:15:05:50 -0300] "GET /cormun/servlet/hpexe_return? HTTP/1.1" 200 1007
186.103.157.42 - - [17/May/2023:15:05:50 -0300] "GET /cormun/servlet/trsolicitudot HTTP/1.1" 200 7602
186.103.157.42 - - [17/May/2023:15:05:50 -0300] "GET /cormun/servlet/trsolicitudot HTTP/1.1" 200 7599
186.103.157.42 - - [17/May/2023:15:05:54 -0300] "GET /cormun/servlet/trlicencias? HTTP/1.1" 200 11029
186.103.157.42 - - [17/May/2023:15:05:54 -0300] "GET /cormun/servlet/trlicencias? HTTP/1.1" 200 11037
190.171.149.90 - - [17/May/2023:15:05:57 -0300] "POST /cormun/servlet/solicitudot?gx-no-cache=1684345858531 HTTP/1.1" 200 145
186.67.172.234 - - [17/May/2023:15:06:27 -0300] "GET /cormun/servlet/solicitudot?INS,0,0,false, HTTP/1.1" 200 16028
186.67.172.234 - - [17/May/2023:15:06:27 -0300] "GET /cormun/servlet/solicitudot?INS,0,0,false, HTTP/1.1" 200 16036
190.171.149.90 - - [17/May/2023:15:06:30 -0300] "POST /cormun/servlet/solicitudot?gx-no-cache=1684345885066 HTTP/1.1" 200 145
190.171.149.90 - - [17/May/2023:15:06:34 -0300] "POST /cormun/servlet/solicitudot?gx-no-cache=1684345895706 HTTP/1.1" 200 145
186.67.172.234 - - [17/May/2023:15:06:34 -0300] "POST /cormun/servlet/solicitudot?gx-no-cache=1684345865604 HTTP/1.1" 200 4073
186.67.172.234 - - [17/May/2023:15:06:34 -0300] "POST /cormun/servlet/solicitudot?04e5e64dbf99e47ef3606b1b4ac93c7a,INS,0,0,false,,gx-no-cache=1684345865722 HTTP/1.1" 200 12907
186.67.172.234 - - [17/May/2023:15:06:45 -0300] "GET /cormun/servlet/solicitudot?03613b150988045dc979dfbeaf273ee43eafec78355ad76345db00d5b52e9a68f9d9d881ac7a0021e21648915292c7ba,gx-no-cache=1684345876198 HTTP/1.1" 200 30
190.171.149.90 - - [17/May/2023:15:06:55 -0300] "POST /cormun/servlet/solicitudot?gx-no-cache=1684345916266 HTTP/1.1" 200 135
186.67.172.234 - - [17/May/2023:15:06:58 -0300] "GET /cormun/servlet/solicitudot?03613b150988045dc979dfbeaf273ee41959f2c8edddafaae849ca19b05247d728c17079f4932bc1c1f36f5b5933aa89ced119b1f26abce9fd91f8b53c0ae571,gx-no-cache=1684345889526 HTTP/1.1" 200 30
186.67.172.234 - - [17/May/2023:15:06:59 -0300] "GET /cormun/servlet/prbanco?,MD,,gxPopupLevel%3D0%3B HTTP/1.1" 200 6473
186.67.172.234 - - [17/May/2023:15:07:05 -0300] "GET /cormun/servlet/solicitudot?03613b150988045dc979dfbeaf273ee43f8c73c98005267e677d7fcba6a1dc4c,gx-no-cache=1684345896110 HTTP/1.1" 200 45
186.67.172.234 - - [17/May/2023:15:07:22 -0300] "POST /cormun/servlet/solicitudot?gx-no-cache=1684345913766 HTTP/1.1" 200 297
186.67.172.234 - - [17/May/2023:15:07:22 -0300] "GET /cormun/servlet/solicitudot?03613b150988045dc979dfbeaf273ee4fd6c962fa924b6227275917221ebb962f9577e58168ce9ef8ff0b206d7695d9fc339f029ac5ace5676e6264b38affdcf88b17c7917cf6c0042f6c6eec5aba4fcb82ffcf26030f04072f355a148b0ad6cb08d7a9d4490abb1d55e44ed7ce5bba6f0297f70976e5b111af4b8a9f2cffaae9d4edfd013256eac82c05263fb72f8254a8907a27abc916a6a9db271a30b4d26b6cc564cffb3166f4322efe2175509dd0901e1c181aeb85bb37f8d5e40c6f40b69547bdf48c00cfa82c45f1e7899ff1e88110696039196d28b35a47db02804a2727c81bdc15d87fd645cd6d0b32c3314ccb64e854b703e3af5926a275e7c8ab05b0617b8a2651c594aad0af37e7368b14823c99a3ccb575b47ac84fb81c0e81cd189099209ca2e5ba9aa71f86e0b6113619504aed3abd5eaa3af9956f94c48230fc2e693e3dbf51b93cd164a428f9523c411d2f2aa10a008730d6eeda727c46d7f9613e452bfcb38f54b67e97519415c74790fbc159952d5ba19a2fdd8d12d35ad1d742a75255f6e78bc5236d13a7f1e,gx-no-cache=1684345913790 HTTP/1.1" 200 30
186.67.172.234 - - [17/May/2023:15:07:24 -0300] "POST /cormun/servlet/solicitudot?gx-no-cache=1684345915682 HTTP/1.1" 200 30
186.67.172.234 - - [17/May/2023:15:07:25 -0300] "POST /cormun/servlet/solicitudot?gx-no-cache=1684345916293 HTTP/1.1" 200 1467
186.67.172.234 - - [17/May/2023:15:07:25 -0300] "POST /cormun/servlet/solicitudot?gx-no-cache=1684345916321 HTTP/1.1" 200 38
190.171.149.90 - - [17/May/2023:15:07:31 -0300] "POST /cormun/servlet/solicitudot?gx-no-cache=1684345945533 HTTP/1.1" 200 135
190.171.149.90 - - [17/May/2023:15:07:41 -0300] "POST /cormun/servlet/solicitudot?gx-no-cache=1684345962629 HTTP/1.1" 200 135
186.67.172.234 - - [17/May/2023:15:07:46 -0300] "GET /cormun/servlet/solicitudot?03613b150988045dc979dfbeaf273ee4def18b41ea502f92467b259030fc2ef86bd4c3218b47416a0f96400b7473bf8ecba2460d8d56718de286ad55e70d30598e6d1f219804c82c0ea906f225426ff41b0aec459b0017f5fd1b94df72d80b475651f99168926c0c4be5d80dffc93e5b,gx-no-cache=1684345937289 HTTP/1.1" 200 110
186.67.172.234 - - [17/May/2023:15:07:46 -0300] "POST /cormun/servlet/solicitudot?gx-no-cache=1684345937322 HTTP/1.1" 200 69
190.171.149.74 - - [17/May/2023:15:07:49 -0300] "GET /cormun/servlet/hlogin HTTP/1.1" 200 1724
190.171.149.90 - - [17/May/2023:15:07:52 -0300] "GET /cormun/servlet/prfichaempleado?,MD,,gxPopupLevel%3D0%3B HTTP/1.1" 200 9234
190.171.149.90 - - [17/May/2023:15:07:52 -0300] "GET /cormun/static/gxcfg.js?20201215571085 HTTP/1.1" 200 953
190.171.149.90 - - [17/May/2023:15:07:52 -0300] "GET /cormun/static/prfichaempleado.js?20201215572193 HTTP/1.1" 200 16005
186.67.172.234 - - [17/May/2023:15:07:54 -0300] "GET /cormun/servlet/solicitudot?03613b150988045dc979dfbeaf273ee488401dbfa9b79753a85003043a9da7f401be9939025c8c88f5a4dc7396b2f33f7df07d88868e8590f7e79376e7eea1ae51eb9b9685f75f2bdad9a40ca56aede4dbd33788c5df8f3607e87075d0cc2abc2811aefb7fb71cac549efb4f1df28ad6,gx-no-cache=1684345945395 HTTP/1.1" 200 29
190.171.149.74 - - [17/May/2023:15:07:54 -0300] "POST /cormun/servlet/hlogin?3afe65224eb01e3f185639dfb8363255,gx-no-cache=1684345944165 HTTP/1.1" 200 90
190.171.149.74 - - [17/May/2023:15:07:54 -0300] "GET /cormun/servlet/hpexe_link HTTP/1.1" 200 954
190.171.149.74 - - [17/May/2023:15:07:54 -0300] "GET /cormun/servlet/hhome HTTP/1.1" 200 3983
190.171.149.74 - - [17/May/2023:15:07:55 -0300] "GET /cormun/servlet/hhome HTTP/1.1" 200 3979
186.67.172.234 - - [17/May/2023:15:07:56 -0300] "GET /cormun/servlet/solicitudot?03613b150988045dc979dfbeaf273ee426ec73a58ccccc20c329eaf3b36a1926d7431304a0668e860104bb3acd48200d,gx-no-cache=1684345947745 HTTP/1.1" 200 30
190.171.149.90 - - [17/May/2023:15:07:57 -0300] "POST /cormun/servlet/prfichaempleado?b03e4b472089ab14676525e5ceffdd92,,MD,,gxPopupLevel%3D0%3B,gx-no-cache=1684345979134 HTTP/1.1" 200 3478
190.171.149.74 - - [17/May/2023:15:07:58 -0300] "GET /cormun/servlet/trlicencias? HTTP/1.1" 200 11278
190.171.149.74 - - [17/May/2023:15:07:59 -0300] "GET /cormun/servlet/trlicencias? HTTP/1.1" 200 11287
186.67.172.234 - - [17/May/2023:15:08:01 -0300] "POST /cormun/servlet/solicitudot?gx-no-cache=1684345952238 HTTP/1.1" 200 30
186.172.188.253 - - [17/May/2023:15:08:06 -0300] "GET /cormun/servlet/hlogin HTTP/1.1" 200 1782
186.172.188.253 - - [17/May/2023:15:08:07 -0300] "GET /cormun/servlet/hlogin HTTP/1.1" 200 1768
186.172.188.253 - - [17/May/2023:15:08:07 -0300] "GET /apple-touch-icon-120x120-precomposed.png HTTP/1.1" 404 1041
186.172.188.253 - - [17/May/2023:15:08:07 -0300] "GET /apple-touch-icon-120x120.png HTTP/1.1" 404 1017
186.172.188.253 - - [17/May/2023:15:08:07 -0300] "GET /apple-touch-icon-precomposed.png HTTP/1.1" 404 1025
186.172.188.253 - - [17/May/2023:15:08:07 -0300] "GET /apple-touch-icon.png HTTP/1.1" 404 1001
186.172.188.253 - - [17/May/2023:15:08:07 -0300] "GET /favicon.ico HTTP/1.1" 200 21630
190.171.149.90 - - [17/May/2023:15:08:08 -0300] "POST /cormun/servlet/prfichaempleado?b03e4b472089ab14676525e5ceffdd92,,MD,,gxPopupLevel%3D0%3B,gx-no-cache=1684345989492 HTTP/1.1" 200 3478
186.67.172.234 - - [17/May/2023:15:08:19 -0300] "POST /cormun/servlet/solicitudot?04e5e64dbf99e47ef3606b1b4ac93c7a,INS,0,0,false,,gx-no-cache=1684345970349 HTTP/1.1" 200 93
186.67.172.234 - - [17/May/2023:15:08:19 -0300] "GET /cormun/servlet/hpexe_return? HTTP/1.1" 200 1009
186.67.172.234 - - [17/May/2023:15:08:19 -0300] "GET /cormun/servlet/trsolicitudot HTTP/1.1" 200 10475
186.67.172.234 - - [17/May/2023:15:08:20 -0300] "GET /cormun/servlet/trsolicitudot HTTP/1.1" 200 10470
190.171.149.90 - - [17/May/2023:15:08:22 -0300] "GET /cormun/servlet/prlicenciaspermisos?19894546,L,,MD,,gxPopupLevel%3D0%3B HTTP/1.1" 200 5468
190.171.149.90 - - [17/May/2023:15:08:22 -0300] "GET /cormun/static/gxcfg.js?2020121559567 HTTP/1.1" 200 953
190.171.149.90 - - [17/May/2023:15:08:22 -0300] "GET /cormun/static/prlicenciaspermisos.js?2020121559821 HTTP/1.1" 200 13379
186.67.172.234 - - [17/May/2023:15:08:35 -0300] "GET /cormun/servlet/solicitudot?INS,0,0,false, HTTP/1.1" 200 16029
186.67.172.234 - - [17/May/2023:15:08:35 -0300] "GET /cormun/servlet/solicitudot?INS,0,0,false, HTTP/1.1" 200 16037
190.171.149.74 - - [17/May/2023:15:08:36 -0300] "POST /cormun/servlet/trlicencias?3afe65224eb01e3f185639dfb8363255,,gx-no-cache=1684345984959 HTTP/1.1" 200 8785
186.67.172.234 - - [17/May/2023:15:08:44 -0300] "POST /cormun/servlet/solicitudot?gx-no-cache=1684345995747 HTTP/1.1" 200 4039
186.67.172.234 - - [17/May/2023:15:08:44 -0300] "GET /cormun/static/Shared/jqueryui/images/ui-bg_highlight-soft_100_c6c2c8_1x100.png HTTP/1.1" 404 1117
186.67.172.234 - - [17/May/2023:15:08:44 -0300] "GET /cormun/static/Shared/jqueryui/images/ui-icons_82798d_256x240.png HTTP/1.1" 404 1089
186.67.172.234 - - [17/May/2023:15:08:44 -0300] "GET /cormun/static/Shared/jqueryui/images/ui-icons_ebccce_256x240.png HTTP/1.1" 404 1089
186.67.172.234 - - [17/May/2023:15:08:44 -0300] "GET /cormun/static/Shared/jqueryui/images/ui-bg_flat_55_994d53_40x100.png HTTP/1.1" 404 1097
186.67.172.234 - - [17/May/2023:15:08:47 -0300] "GET /cormun/servlet/solicitudot?03613b150988045dc979dfbeaf273ee46e0928c85a8b7ea283d2f0c22437df43f9d9d881ac7a0021e21648915292c7ba,gx-no-cache=1684345998286 HTTP/1.1" 200 30
190.171.149.90 - - [17/May/2023:15:08:57 -0300] "GET /cormun/servlet/solicitudot?e400fae48b45518a30991cdc17ddadb94ad36e576b84cfd051f5dcfc15b43c5cdc901ad8f6ec608baad7b035069251c12af518224f162f08f3a6d492d6e936484df683f7d22ecb93a6bba15310c74fa60c42815340d54142f32f69de540867d6c6844e4133a5ef893b7205b456180b3e,gx-no-cache=1684346031288 HTTP/1.1" 200 110
190.95.15.15 - - [17/May/2023:15:09:00 -0300] "GET /cormun/servlet/trpermisosgoce? HTTP/1.1" 200 13986
190.95.15.15 - - [17/May/2023:15:09:00 -0300] "GET /cormun/servlet/trpermisosgoce? HTTP/1.1" 200 13986
190.171.149.90 - - [17/May/2023:15:09:05 -0300] "GET /cormun/servlet/solicitudot?e400fae48b45518a30991cdc17ddadb94ad36e576b84cfd051f5dcfc15b43c5cdc901ad8f6ec608baad7b035069251c12af518224f162f08f3a6d492d6e936484df683f7d22ecb93a6bba15310c74fa60c42815340d54142f32f69de540867d6c6844e4133a5ef893b7205b456180b3e,gx-no-cache=1684346046977 HTTP/1.1" 200 110
190.171.149.90 - - [17/May/2023:15:09:08 -0300] "POST /cormun/servlet/solicitudot?gx-no-cache=1684346049283 HTTP/1.1" 200 135
190.171.149.90 - - [17/May/2023:15:09:14 -0300] "POST /cormun/servlet/solicitudot?gx-no-cache=1684346055635 HTTP/1.1" 200 135
190.95.15.15 - - [17/May/2023:15:09:14 -0300] "GET /cormun/servlet/permisogoce?INS,0,,, HTTP/1.1" 200 6816
190.95.15.15 - - [17/May/2023:15:09:14 -0300] "GET /cormun/servlet/permisogoce?INS,0,,, HTTP/1.1" 200 6816
190.171.149.90 - - [17/May/2023:15:09:25 -0300] "POST /cormun/servlet/solicitudot?gx-no-cache=1684346066876 HTTP/1.1" 200 146
190.171.143.90 - - [17/May/2023:15:09:26 -0300] "GET /cormun/servlet/solicitudot?422c38b607ce2bc3821a7d6fafb9123c5057bb5e5afb64d719c083574c1a5deb,gx-no-cache=1684346038766 HTTP/1.1" 200 53
190.171.143.90 - - [17/May/2023:15:09:26 -0300] "POST /cormun/servlet/solicitudot?gx-no-cache=1684346038813 HTTP/1.1" 200 297
190.171.143.90 - - [17/May/2023:15:09:26 -0300] "GET /cormun/servlet/solicitudot?422c38b607ce2bc3821a7d6fafb9123c33551df07520212722bbb9fa2745c873417c614072d66663690233f6aaf7c8515f7bccc8e26ff2a7114e0673ecfc5a3808348a57c05f47b2cfbcb461d9d6f033066da8519acbeab715180310f9bda9cf4740b1513b21025ce2f9cdef5672b6e5b852a7f361b4ba48002b29950e5dc506140b1324dbfc3fded84533d9aec67b9f7d3684757e23fb4e4eb6f7e1476f5fbbfa7a6178e23ae3b0a0281ef54f1f7a62bbff8d43ba0cb891afef3436dbf5e02079506133cb7e8187e29645639bea748141fba656f1b9852307b146ac33b4232a3e529f1bf507d77d4172e563a9c6a5b5e058c83138e5195eafde02174cdcffe5bce5f17f62a5392794e2b68619e1ce31d1dc7a8a9acf413a8010ec4f26fcf5af289334ff33e018fbcc14dd1760a7a5c4e741ba8b84b54dc830a2ce50b06a4b76260d1923ef07d7a00b1d4360d16ac3a3255b6dbd276eb082aaf15acfbf2bef7686cf21e18013b10f335cb59037f944fbd9dbb6a70e0a87d28abc7be119e1224ce27f0b50324f71ae41a09ce996a90ea4,gx-no-cache=1684346038839 HTTP/1.1" 200 30
190.171.143.90 - - [17/May/2023:15:09:26 -0300] "POST /cormun/servlet/solicitudot?gx-no-cache=1684346038859 HTTP/1.1" 200 30
190.171.143.90 - - [17/May/2023:15:09:26 -0300] "POST /cormun/servlet/solicitudot?gx-no-cache=1684346038885 HTTP/1.1" 200 1467
190.171.143.90 - - [17/May/2023:15:09:26 -0300] "POST /cormun/servlet/solicitudot?gx-no-cache=1684346038916 HTTP/1.1" 200 38
190.171.149.90 - - [17/May/2023:15:09:33 -0300] "POST /cormun/servlet/solicitudot?gx-no-cache=1684346074955 HTTP/1.1" 200 146
190.171.149.90 - - [17/May/2023:15:09:46 -0300] "POST /cormun/servlet/solicitudot?gx-no-cache=1684346088070 HTTP/1.1" 200 135
190.171.149.90 - - [17/May/2023:15:09:56 -0300] "GET /cormun/servlet/trlicencias? HTTP/1.1" 200 10970
190.171.149.90 - - [17/May/2023:15:09:56 -0300] "GET /cormun/servlet/trlicencias? HTTP/1.1" 200 10939
190.95.15.15 - - [17/May/2023:15:10:10 -0300] "GET /cormun/servlet/permisogoce?86bf4ccced17267b57ce9bcd52040d224d8ab1b0468335786ad09d3179ee8d910e23161d085c1c3df80cb519de51ffed81b8a5c7ceb8e90a8f2eec98e303279a,gx-no-cache=1684346081119 HTTP/1.1" 200 180
190.95.15.15 - - [17/May/2023:15:10:10 -0300] "GET /cormun/static/Shared/jqueryui/images/ui-bg_highlight-soft_100_c6c2c8_1x100.png HTTP/1.1" 404 1117
190.95.15.15 - - [17/May/2023:15:10:10 -0300] "GET /cormun/static/Shared/jqueryui/images/ui-icons_82798d_256x240.png HTTP/1.1" 404 1089
190.95.15.15 - - [17/May/2023:15:10:10 -0300] "GET /cormun/static/Shared/jqueryui/images/ui-bg_flat_55_994d53_40x100.png HTTP/1.1" 404 1097
190.95.15.15 - - [17/May/2023:15:10:10 -0300] "GET /cormun/static/Shared/jqueryui/images/ui-icons_ebccce_256x240.png HTTP/1.1" 404 1089
190.171.143.90 - - [17/May/2023:15:10:49 -0300] "GET /cormun/servlet/solicitudot?422c38b607ce2bc3821a7d6fafb9123c10aba5bb456815ad01d6760980a3eb116e7938a18a8fd0d57a1b23b6cac79144113c8ac350592e27d7fd17d79ae47690f8eaf686fdfe608f4af443d3e828a4f9974a13d777b17b460c159d2e45763698e542c54b32af17cae2ddc6bfcb6c7072,gx-no-cache=1684346121483 HTTP/1.1" 200 110
190.171.143.90 - - [17/May/2023:15:10:55 -0300] "POST /cormun/servlet/solicitudot?gx-no-cache=1684346127667 HTTP/1.1" 200 69
190.171.149.90 - - [17/May/2023:15:11:01 -0300] "GET /cormun/servlet/trsolicitudot? HTTP/1.1" 200 7158
190.171.149.90 - - [17/May/2023:15:11:01 -0300] "GET /cormun/servlet/trsolicitudot? HTTP/1.1" 200 7158
190.171.149.90 - - [17/May/2023:15:11:06 -0300] "GET /cormun/servlet/solicitudot?INS,0,0,false, HTTP/1.1" 200 15809
190.171.149.90 - - [17/May/2023:15:11:06 -0300] "GET /cormun/servlet/solicitudot?INS,0,0,false, HTTP/1.1" 200 15816
190.95.15.15 - - [17/May/2023:15:11:08 -0300] "GET /cormun/servlet/trlicencias? HTTP/1.1" 200 13196
190.95.15.15 - - [17/May/2023:15:11:08 -0300] "GET /cormun/servlet/trlicencias? HTTP/1.1" 200 13208
190.171.149.90 - - [17/May/2023:15:11:20 -0300] "POST /cormun/servlet/solicitudot?gx-no-cache=1684346181334 HTTP/1.1" 200 3961
190.171.149.90 - - [17/May/2023:15:11:20 -0300] "POST /cormun/servlet/solicitudot?b03e4b472089ab14676525e5ceffdd92,INS,0,0,false,,gx-no-cache=1684346181588 HTTP/1.1" 200 12517
190.171.149.90 - - [17/May/2023:15:11:53 -0300] "POST /cormun/servlet/solicitudot?gx-no-cache=1684346214421 HTTP/1.1" 200 4063
190.171.149.90 - - [17/May/2023:15:11:53 -0300] "POST /cormun/servlet/solicitudot?b03e4b472089ab14676525e5ceffdd92,INS,0,0,false,,gx-no-cache=1684346214823 HTTP/1.1" 200 12699
190.171.149.90 - - [17/May/2023:15:11:58 -0300] "GET /cormun/servlet/solicitudot?e400fae48b45518a30991cdc17ddadb9ed03dee94b2dac13ad3424240e66e8b519b29b07b8d399b42eb6edbb628caf0d,gx-no-cache=1684346219645 HTTP/1.1" 200 30
190.171.149.90 - - [17/May/2023:15:12:05 -0300] "GET /cormun/servlet/prbanco?,MD,,gxPopupLevel%3D0%3B HTTP/1.1" 200 6501
190.171.149.90 - - [17/May/2023:15:12:19 -0300] "GET /cormun/servlet/solicitudot?e400fae48b45518a30991cdc17ddadb9349ce79a4c4167e789227dd6608509772bf62e58bbd5b2915237ca6f4c1f555319b29b07b8d399b42eb6edbb628caf0d,gx-no-cache=1684346240996 HTTP/1.1" 200 30
190.171.149.90 - - [17/May/2023:15:12:21 -0300] "GET /cormun/servlet/solicitudot?e400fae48b45518a30991cdc17ddadb9beaa1bcb09cab01c29f1cf9d34583b1f,gx-no-cache=1684346242287 HTTP/1.1" 200 53
190.171.149.90 - - [17/May/2023:15:12:38 -0300] "POST /cormun/servlet/solicitudot?gx-no-cache=1684346260149 HTTP/1.1" 200 255
190.171.149.90 - - [17/May/2023:15:12:39 -0300] "GET /cormun/servlet/solicitudot?e400fae48b45518a30991cdc17ddadb929cf038b5a4d4a95c2117dbefbc49284cacbf82f4f314992d38d1bb4dee0a0837e649d15d220f132efd6f68ed8d9bf9fc5d5bcf55d7fa6b06f54941c810631aff83b2dae5332f5a20e999f1bbc0bb2792bef99fe4853533e515ec46fb02a70c44b0bdb95d2e275608cfd6610a15924a3d7214cd106f3ba3785be61ba4a400984a88451bcfa1bcde9fdb3ba4b3d8e2a950507afe5e65077ffe406ee33c7a7ad93ce5276a2c2cdcebfb4443b7167f09cecd6e6c464cd9a78b9604fe3779fadd43ecddd1a98113aff8d8040a34e97e3a4bfc3922816f75b25bb8070571e9bdbe81d1ac2af1131ef20eeb1b3e4f8e86a8a54215dc0bd67369a1a7c0469b87b7ece04cf640dd0258d87a078ef5eb0e148125b97ceb3f7d37c667f250189823e69e9969d241a0cf0dc5ec4ca251aae9e7ba0e0f157aff920827dea1613c891cdebfc107a53cdafb559cc39e0b425e07ec4a88c95f0866391465f986fb971fdf726e974cb4539eebc1f3821b873a260043f28a9,gx-no-cache=1684346260235 HTTP/1.1" 200 30
190.171.143.90 - - [17/May/2023:15:12:42 -0300] "GET /cormun/servlet/solicitudot?422c38b607ce2bc3821a7d6fafb9123c52be44549639205034e30770d26218e5262f39d8d3748fc54ac797603a56467357e527611e5ae6d11a7d83cd9774de1a54e073a03c99c3d5e7807625c7000a227d4795a5f362b16a90b712b3d53fac99cdd5e4d640cee21aad8b1e790d7396f2,gx-no-cache=1684346234874 HTTP/1.1" 200 29
190.171.143.90 - - [17/May/2023:15:12:42 -0300] "GET /cormun/static/menuarrow.gif HTTP/1.1" 404 1015
190.171.143.90 - - [17/May/2023:15:12:51 -0300] "GET /cormun/servlet/solicitudot?422c38b607ce2bc3821a7d6fafb9123c9af13d290e746bf5986bf07418d85aa678fe7f39187a4850868aecff04a68036,gx-no-cache=1684346243616 HTTP/1.1" 200 30
190.171.143.90 - - [17/May/2023:15:12:58 -0300] "POST /cormun/servlet/solicitudot?gx-no-cache=1684346251039 HTTP/1.1" 200 30
190.171.149.90 - - [17/May/2023:15:13:07 -0300] "POST /cormun/servlet/solicitudot?gx-no-cache=1684346284321 HTTP/1.1" 200 30
190.171.149.90 - - [17/May/2023:15:13:16 -0300] "GET /cormun/servlet/prcontratosol?15994656,,,,,MD,,gxPopupLevel%3D0%3B HTTP/1.1" 200 9140
190.171.149.90 - - [17/May/2023:15:13:38 -0300] "POST /cormun/servlet/solicitudot?gx-no-cache=1684346314556 HTTP/1.1" 200 1552
190.171.149.90 - - [17/May/2023:15:13:38 -0300] "GET /cormun/static/Shared/jqueryui/images/ui-bg_highlight-soft_100_c6c2c8_1x100.png HTTP/1.1" 404 1117
190.171.149.90 - - [17/May/2023:15:13:38 -0300] "GET /cormun/static/Shared/jqueryui/images/ui-icons_82798d_256x240.png HTTP/1.1" 404 1089
190.171.149.90 - - [17/May/2023:15:13:38 -0300] "GET /cormun/static/Shared/jqueryui/images/ui-bg_flat_55_994d53_40x100.png HTTP/1.1" 404 1097
190.171.149.90 - - [17/May/2023:15:13:38 -0300] "GET /cormun/static/Shared/jqueryui/images/ui-icons_ebccce_256x240.png HTTP/1.1" 404 1089
190.171.149.90 - - [17/May/2023:15:13:38 -0300] "POST /cormun/servlet/solicitudot?gx-no-cache=1684346319456 HTTP/1.1" 200 117
190.171.149.90 - - [17/May/2023:15:13:38 -0300] "GET /cormun/servlet/solicitudot?e400fae48b45518a30991cdc17ddadb94ad36e576b84cfd051f5dcfc15b43c5cdc901ad8f6ec608baad7b035069251c12af518224f162f08f3a6d492d6e936484df683f7d22ecb93a6bba15310c74fa60c42815340d54142f32f69de540867d6c6844e4133a5ef893b7205b456180b3e,gx-no-cache=1684346319480 HTTP/1.1" 200 110
190.171.149.90 - - [17/May/2023:15:13:38 -0300] "POST /cormun/servlet/solicitudot?gx-no-cache=1684346319516 HTTP/1.1" 200 64
190.171.149.90 - - [17/May/2023:15:13:38 -0300] "GET /cormun/servlet/solicitudot?e400fae48b45518a30991cdc17ddadb9a8f0e9e6158d8374ce1edd60b66027673be27202048961479d5ff5fdf382e3bd371dad132ea90b0c358e3aab91e0bf060aac1116fee80c68c2c56cff7f482adc2463d0d3da61ca01550fcb3adc4c6f2407575bca57d6d14808ef396917da6c1794741a87d7bb695ad89c9e1d9e0e9c2cc091cda59ec633057e40b7c4a556059293067757b9c781819778e4e7fac73c5f,gx-no-cache=1684346319544 HTTP/1.1" 200 29
190.171.149.90 - - [17/May/2023:15:13:38 -0300] "GET /cormun/servlet/solicitudot?e400fae48b45518a30991cdc17ddadb9af5876c203a5c22d0ce52c087e339681c911a805c96e24e2c4665d9ef5f27c97,gx-no-cache=1684346319568 HTTP/1.1" 200 134
190.171.143.90 - - [17/May/2023:15:13:51 -0300] "POST /cormun/servlet/solicitudot?gx-no-cache=1684346304073 HTTP/1.1" 200 30
190.171.143.90 - - [17/May/2023:15:13:51 -0300] "POST /cormun/servlet/solicitudot?gx-no-cache=1684346304214 HTTP/1.1" 200 1467
190.171.143.90 - - [17/May/2023:15:13:51 -0300] "POST /cormun/servlet/solicitudot?gx-no-cache=1684346304292 HTTP/1.1" 200 41
190.171.143.90 - - [17/May/2023:15:13:51 -0300] "GET /cormun/servlet/solicitudot?422c38b607ce2bc3821a7d6fafb9123c10aba5bb456815ad01d6760980a3eb116e7938a18a8fd0d57a1b23b6cac79144113c8ac350592e27d7fd17d79ae47690f8eaf686fdfe608f4af443d3e828a4f9974a13d777b17b460c159d2e45763698e542c54b32af17cae2ddc6bfcb6c7072,gx-no-cache=1684346304365 HTTP/1.1" 200 110
190.171.143.90 - - [17/May/2023:15:13:52 -0300] "POST /cormun/servlet/solicitudot?gx-no-cache=1684346304447 HTTP/1.1" 200 64
190.171.143.90 - - [17/May/2023:15:13:52 -0300] "GET /cormun/servlet/solicitudot?422c38b607ce2bc3821a7d6fafb9123c9af13d290e746bf5986bf07418d85aa678fe7f39187a4850868aecff04a68036,gx-no-cache=1684346304529 HTTP/1.1" 200 30
190.171.143.90 - - [17/May/2023:15:13:52 -0300] "POST /cormun/servlet/solicitudot?gx-no-cache=1684346304616 HTTP/1.1" 200 30
190.171.149.90 - - [17/May/2023:15:13:56 -0300] "POST /cormun/servlet/solicitudot?gx-no-cache=1684346337642 HTTP/1.1" 200 1468
190.171.149.90 - - [17/May/2023:15:13:58 -0300] "GET /cormun/static/menuarrow.gif HTTP/1.1" 404 1015
190.171.149.90 - - [17/May/2023:15:14:09 -0300] "POST /cormun/servlet/solicitudot?gx-no-cache=1684346351151 HTTP/1.1" 200 41
190.171.149.90 - - [17/May/2023:15:14:19 -0300] "GET /cormun/servlet/solicitudot?e400fae48b45518a30991cdc17ddadb94ad36e576b84cfd051f5dcfc15b43c5cdc901ad8f6ec608baad7b035069251c12af518224f162f08f3a6d492d6e936484df683f7d22ecb93a6bba15310c74fa60c42815340d54142f32f69de540867d6c6844e4133a5ef893b7205b456180b3e,gx-no-cache=1684346360674 HTTP/1.1" 200 110
190.171.149.90 - - [17/May/2023:15:14:19 -0300] "POST /cormun/servlet/solicitudot?gx-no-cache=1684346360700 HTTP/1.1" 200 97
190.171.149.90 - - [17/May/2023:15:14:28 -0300] "GET /cormun/servlet/solicitudot?e400fae48b45518a30991cdc17ddadb9a8f0e9e6158d8374ce1edd60b66027673be27202048961479d5ff5fdf382e3bd0f3dd1c426b1430e78d847342f835cb80aac1116fee80c68c2c56cff7f482adc2463d0d3da61ca01550fcb3adc4c6f2407575bca57d6d14808ef396917da6c1794741a87d7bb695ad89c9e1d9e0e9c2cc091cda59ec633057e40b7c4a556059293067757b9c781819778e4e7fac73c5f,gx-no-cache=1684346369616 HTTP/1.1" 200 29
190.171.143.90 - - [17/May/2023:15:14:47 -0300] "POST /cormun/servlet/solicitudot?gx-no-cache=1684346359834 HTTP/1.1" 200 30
190.171.141.90 - - [17/May/2023:15:14:54 -0300] "GET /cormun/servlet/trlicencias? HTTP/1.1" 200 6038
190.171.141.90 - - [17/May/2023:15:14:54 -0300] "GET /cormun/static/gxui/gxui-all.css?120300 HTTP/1.1" 200 2179
190.171.141.90 - - [17/May/2023:15:14:54 -0300] "GET /cormun/static/calendar-system.css?85620 HTTP/1.1" 200 5572
190.171.141.90 - - [17/May/2023:15:14:54 -0300] "GET /cormun/static/gxtimezone.js?85251 HTTP/1.1" 200 5781
190.171.141.90 - - [17/May/2023:15:14:54 -0300] "GET /cormun/static/gxcfg.js?202211298463625 HTTP/1.1" 200 953
190.171.141.90 - - [17/May/2023:15:14:54 -0300] "GET /cormun/static/calendar-setup.js?85251 HTTP/1.1" 200 2588
190.171.141.90 - - [17/May/2023:15:14:54 -0300] "GET /cormun/static/calendar-es.js?85251 HTTP/1.1" 200 1901
190.171.141.90 - - [17/May/2023:15:14:54 -0300] "GET /cormun/static/calendar.js?85251 HTTP/1.1" 200 26246
190.171.141.90 - - [17/May/2023:15:14:54 -0300] "GET /cormun/static/RunJS/RunJS.js HTTP/1.1" 200 288
190.171.141.90 - - [17/May/2023:15:14:54 -0300] "GET /cormun/static/PXToolsJavascripts/pexe_autoreload.js HTTP/1.1" 200 1762
190.171.141.90 - - [17/May/2023:15:14:54 -0300] "GET /cormun/static/PXToolsJavascripts/pexe_cookies.js HTTP/1.1" 200 792
190.171.141.90 - - [17/May/2023:15:14:54 -0300] "GET /cormun/static/PXToolsJavascripts/pexe_windows.js HTTP/1.1" 200 15249
190.171.141.90 - - [17/May/2023:15:14:54 -0300] "GET /cormun/static/PXToolsJavascripts/pexe_grid.js HTTP/1.1" 200 7559
190.171.141.90 - - [17/May/2023:15:14:54 -0300] "GET /cormun/static/PXToolsJavascripts/pexe_griddivfix.js HTTP/1.1" 200 6946
190.171.141.90 - - [17/May/2023:15:14:54 -0300] "GET /cormun/static/gxui/gxui-all.js HTTP/1.1" 200 107772
190.171.141.90 - - [17/May/2023:15:14:54 -0300] "GET /cormun/static/Shared/ext/resources/css/ext-all.css?215870 HTTP/1.1" 200 416045
190.171.141.90 - - [17/May/2023:15:14:54 -0300] "GET /cormun/static/PXToolsJavascripts/pexe_link.js HTTP/1.1" 200 5671
190.171.141.90 - - [17/May/2023:15:14:54 -0300] "GET /cormun/static/gxgral.js?85251 HTTP/1.1" 200 384558
190.171.141.90 - - [17/May/2023:15:14:54 -0300] "GET /cormun/static/PXToolsJavascripts/pexe_menudivfix.js HTTP/1.1" 200 333
190.171.141.90 - - [17/May/2023:15:14:54 -0300] "GET /cormun/static/PXToolsJavascripts/pexe_menus.js HTTP/1.1" 200 1286
190.171.141.90 - - [17/May/2023:15:14:54 -0300] "GET /cormun/static/PXToolsJavascripts/pexe_layers.js HTTP/1.1" 200 4114
190.171.141.90 - - [17/May/2023:15:14:54 -0300] "GET /cormun/static/PXToolsJavascripts/pexe_oav.js HTTP/1.1" 200 645
190.171.141.90 - - [17/May/2023:15:14:54 -0300] "GET /cormun/static/PXToolsJavascripts/pexe_oavdivfix.js HTTP/1.1" 200 639
190.171.141.90 - - [17/May/2023:15:14:54 -0300] "GET /cormun/static/PXToolsJavascripts/pexe_picture.js HTTP/1.1" 200 689
190.171.141.90 - - [17/May/2023:15:14:55 -0300] "GET /cormun/static/PXToolsJavascripts/pexe_popup.js HTTP/1.1" 200 15149
190.171.141.90 - - [17/May/2023:15:14:55 -0300] "GET /cormun/static/PXToolsJavascripts/pexe_scrolldiv.js HTTP/1.1" 200 4138
190.171.141.90 - - [17/May/2023:15:14:55 -0300] "GET /cormun/static/PXToolsJavascripts/pexe_tabdivfix.js HTTP/1.1" 200 898
190.171.141.90 - - [17/May/2023:15:14:55 -0300] "GET /cormun/static/PXToolsJavascripts/pexe_tabs.js HTTP/1.1" 200 3748
190.171.141.90 - - [17/May/2023:15:14:55 -0300] "GET /cormun/static/PXToolsJavascripts/pexe_upload.js HTTP/1.1" 200 1423
190.171.141.90 - - [17/May/2023:15:14:55 -0300] "GET /cormun/static/PXToolsJavascripts/PXToolsJavascriptsRender.js HTTP/1.1" 200 367
190.171.141.90 - - [17/May/2023:15:14:55 -0300] "GET /cormun/static/Shared/ext/locale/ext-lang-en.js HTTP/1.1" 200 10940
190.171.141.90 - - [17/May/2023:15:14:55 -0300] "GET /cormun/static/Shared/ext/ext-all.js HTTP/1.1" 200 1289687
190.171.141.90 - - [17/May/2023:15:14:55 -0300] "GET /cormun/static/messages.spa.js?85251 HTTP/1.1" 200 30736
190.171.141.90 - - [17/May/2023:15:14:55 -0300] "GET /cormun/static/gxdec.js?85251 HTTP/1.1" 200 19579
190.171.141.90 - - [17/May/2023:15:14:55 -0300] "GET /cormun/static/trlicencias.js?202211298463889 HTTP/1.1" 200 41883
190.171.141.90 - - [17/May/2023:15:14:55 -0300] "GET /cormun/static/hwchdr01.js?2022112219251119 HTTP/1.1" 200 996
190.171.141.90 - - [17/May/2023:15:14:55 -0300] "GET /cormun/static/hpexe_recentlink.js?20201214471090 HTTP/1.1" 200 2144
190.171.141.90 - - [17/May/2023:15:14:55 -0300] "GET /cormun/static/hpexe_messagepopupcomponent.js?2020121447232 HTTP/1.1" 200 605
190.171.141.90 - - [17/May/2023:15:14:55 -0300] "GET /cormun/static/hpexe_messagecontroller.js?202211298371222 HTTP/1.1" 200 870
190.171.141.90 - - [17/May/2023:15:14:55 -0300] "GET /cormun/static/hpexe_scripts.js?20201214471411 HTTP/1.1" 200 1544
190.171.141.90 - - [17/May/2023:15:14:55 -0300] "GET /cormun/static/hpexe_messagegenexuscomponent.js?20221129836373 HTTP/1.1" 200 587
190.171.141.90 - - [17/May/2023:15:14:55 -0300] "GET /cormun/static/cmcontrolpreferences.js?20199141926336 HTTP/1.1" 200 1375
190.171.141.90 - - [17/May/2023:15:14:55 -0300] "GET /cormun/static/Resources/PXToolsGridFirstDisabled.gif HTTP/1.1" 200 100
190.171.141.90 - - [17/May/2023:15:14:55 -0300] "GET /cormun/static/Resources/PXToolsGridNextDisabled.gif HTTP/1.1" 200 90
190.171.141.90 - - [17/May/2023:15:14:55 -0300] "GET /cormun/static/Resources/PXToolsDataTitle.png HTTP/1.1" 200 1173
190.171.141.90 - - [17/May/2023:15:14:55 -0300] "GET /cormun/static/Resources/PXToolsAddAllAction.png HTTP/1.1" 200 495
190.171.141.90 - - [17/May/2023:15:14:55 -0300] "GET /cormun/static/Resources/PXToolsGridLastDisabled.gif HTTP/1.1" 200 98
190.171.141.90 - - [17/May/2023:15:14:55 -0300] "GET /cormun/static/Resources/ImgHome.png HTTP/1.1" 200 1364
190.171.141.90 - - [17/May/2023:15:14:56 -0300] "GET /cormun/static/Resources/ImgLogin.png HTTP/1.1" 200 1432
190.171.141.90 - - [17/May/2023:15:14:56 -0300] "GET /cormun/static/Resources/Llave.png HTTP/1.1" 200 1395
190.171.141.90 - - [17/May/2023:15:14:56 -0300] "GET /cormun/static/Resources/PXToolsGridPreviousDisabled.gif HTTP/1.1" 200 90
190.171.141.90 - - [17/May/2023:15:14:56 -0300] "GET /cormun/static/Resources/PXToolsActionExcel.png HTTP/1.1" 200 727
190.171.141.90 - - [17/May/2023:15:14:56 -0300] "GET /cormun/static/Resources/CormunMP2.png HTTP/1.1" 200 6878
190.171.141.90 - - [17/May/2023:15:14:56 -0300] "GET /cormun/static/Resources/PXToolsGridPage.gif HTTP/1.1" 200 725
190.171.141.90 - - [17/May/2023:15:14:56 -0300] "GET /cormun/static/SmoothNavMenu/resources/ddsmoothmenu.js HTTP/1.1" 200 12712
190.171.141.90 - - [17/May/2023:15:14:56 -0300] "GET /cormun/static/Shared/jqueryui/jquery-ui.min.js HTTP/1.1" 200 240427
190.171.141.90 - - [17/May/2023:15:14:56 -0300] "GET /cormun/static/SmoothNavMenu/resources/SmoothNavMenuRender.js HTTP/1.1" 200 5951
190.171.141.90 - - [17/May/2023:15:14:56 -0300] "GET /cormun/static/scaMessage/js/jquery.pnotify.min.js HTTP/1.1" 200 13038
190.171.141.90 - - [17/May/2023:15:14:56 -0300] "GET /cormun/static/scaMessage/scaMessageRender.js HTTP/1.1" 200 11977
190.171.141.90 - - [17/May/2023:15:14:56 -0300] "GET /cormun/static/hmpwkw03.js?20221129844354 HTTP/1.1" 200 3971
190.171.141.90 - - [17/May/2023:15:14:56 -0300] "GET /cormun/static/Resources/PXTools/calendar.png HTTP/1.1" 200 1306
190.171.141.90 - - [17/May/2023:15:14:56 -0300] "GET /cormun/static/Resources/PXToolsDataSearch.png HTTP/1.1" 200 435
190.171.141.90 - - [17/May/2023:15:14:56 -0300] "GET /cormun/static/Shared/jquery/jquery-1.4.2.min.js HTTP/1.1" 200 57344
190.171.141.90 - - [17/May/2023:15:14:56 -0300] "GET /cormun/static/Shared/jquery/jquery-1.10.2.min.js HTTP/1.1" 200 57344
190.171.149.90 - - [17/May/2023:15:14:57 -0300] "GET /cormun/servlet/solicitudot?e400fae48b45518a30991cdc17ddadb920494fa0f5d8a291b3ad3123e9da1004f384faaf0566078501f2bab5cce488b9,gx-no-cache=1684346395155 HTTP/1.1" 200 30
190.171.149.90 - - [17/May/2023:15:14:57 -0300] "POST /cormun/servlet/solicitudot?gx-no-cache=1684346398278 HTTP/1.1" 200 107
190.171.149.90 - - [17/May/2023:15:15:10 -0300] "POST /cormun/servlet/solicitudot?gx-no-cache=1684346411721 HTTP/1.1" 200 135
190.171.149.90 - - [17/May/2023:15:15:37 -0300] "POST /cormun/servlet/solicitudot?gx-no-cache=1684346438162 HTTP/1.1" 200 135
190.171.149.90 - - [17/May/2023:15:15:48 -0300] "POST /cormun/servlet/solicitudot?gx-no-cache=1684346449523 HTTP/1.1" 200 146
186.67.172.234 - - [17/May/2023:15:15:55 -0300] "GET /cormun/servlet/trautorizarsolicitud? HTTP/1.1" 200 9154
186.67.172.234 - - [17/May/2023:15:15:55 -0300] "GET /cormun/servlet/trautorizarsolicitud? HTTP/1.1" 200 9146
186.67.172.234 - - [17/May/2023:15:15:57 -0300] "GET /cormun/servlet/trsolicitudot? HTTP/1.1" 200 10471
186.67.172.234 - - [17/May/2023:15:15:58 -0300] "GET /cormun/servlet/trsolicitudot? HTTP/1.1" 200 10470
186.67.172.234 - - [17/May/2023:15:16:01 -0300] "POST /cormun/servlet/trsolicitudot?04e5e64dbf99e47ef3606b1b4ac93c7a,,gx-no-cache=1684346432327 HTTP/1.1" 200 107
186.67.172.234 - - [17/May/2023:15:16:01 -0300] "GET /cormun/servlet/trsolicitudadjuntos?2023,20196, HTTP/1.1" 200 6302
186.67.172.234 - - [17/May/2023:15:16:02 -0300] "GET /cormun/servlet/trsolicitudadjuntos?2023,20196, HTTP/1.1" 200 6302
190.171.149.90 - - [17/May/2023:15:16:18 -0300] "POST /cormun/servlet/solicitudot?gx-no-cache=1684346479389 HTTP/1.1" 200 146
190.171.143.90 - - [17/May/2023:15:16:30 -0300] "POST /cormun/servlet/solicitudot?gx-no-cache=1684346462681 HTTP/1.1" 200 30
190.171.149.90 - - [17/May/2023:15:16:32 -0300] "GET /cormun/servlet/prlicenciaspermisos?19894546,L,,MD,,gxPopupLevel%3D0%3B HTTP/1.1" 200 5468
190.171.143.90 - - [17/May/2023:15:16:39 -0300] "POST /cormun/servlet/solicitudot?gx-no-cache=1684346471777 HTTP/1.1" 200 30
190.171.149.90 - - [17/May/2023:15:16:57 -0300] "GET /cormun/servlet/solicitudot?e400fae48b45518a30991cdc17ddadb94ad36e576b84cfd051f5dcfc15b43c5cdc901ad8f6ec608baad7b035069251c12af518224f162f08f3a6d492d6e936484df683f7d22ecb93a6bba15310c74fa60c42815340d54142f32f69de540867d6c6844e4133a5ef893b7205b456180b3e,gx-no-cache=1684346518667 HTTP/1.1" 200 110
190.171.149.90 - - [17/May/2023:15:16:58 -0300] "GET /cormun/servlet/solicitudot?e400fae48b45518a30991cdc17ddadb94ad36e576b84cfd051f5dcfc15b43c5cdc901ad8f6ec608baad7b035069251c12af518224f162f08f3a6d492d6e936484df683f7d22ecb93a6bba15310c74fa60c42815340d54142f32f69de540867d6c6844e4133a5ef893b7205b456180b3e,gx-no-cache=1684346519832 HTTP/1.1" 200 110
190.171.149.90 - - [17/May/2023:15:17:03 -0300] "POST /cormun/servlet/solicitudot?gx-no-cache=1684346525107 HTTP/1.1" 200 135
186.67.172.234 - - [17/May/2023:15:17:16 -0300] "POST /cormun/servlet/trsolicitudadjuntos?04e5e64dbf99e47ef3606b1b4ac93c7a,2023,20196,,gx-no-cache=1684346507820 HTTP/1.1" 200 90
186.67.172.234 - - [17/May/2023:15:17:16 -0300] "GET /cormun/servlet/hpexe_link HTTP/1.1" 200 969
186.67.172.234 - - [17/May/2023:15:17:17 -0300] "GET /cormun/servlet/trsolicitudot HTTP/1.1" 200 10471
186.67.172.234 - - [17/May/2023:15:17:17 -0300] "GET /cormun/servlet/trsolicitudot HTTP/1.1" 200 10470
186.67.172.234 - - [17/May/2023:15:17:19 -0300] "POST /cormun/servlet/trsolicitudot?04e5e64dbf99e47ef3606b1b4ac93c7a,gx-no-cache=1684346510749 HTTP/1.1" 200 107
186.67.172.234 - - [17/May/2023:15:17:19 -0300] "GET /cormun/servlet/trsolicitudadjuntos?2023,20196, HTTP/1.1" 200 6302
186.67.172.234 - - [17/May/2023:15:17:20 -0300] "GET /cormun/servlet/trsolicitudadjuntos?2023,20196, HTTP/1.1" 200 6302
190.171.149.90 - - [17/May/2023:15:17:20 -0300] "POST /cormun/servlet/solicitudot?b03e4b472089ab14676525e5ceffdd92,INS,0,0,false,,gx-no-cache=1684346531549 HTTP/1.1" 200 13075
186.67.172.234 - - [17/May/2023:15:17:22 -0300] "GET /cormun/servlet/solicitudotadjuntos?INS,2023,20196,,1, HTTP/1.1" 200 6246
186.67.172.234 - - [17/May/2023:15:17:22 -0300] "GET /cormun/servlet/solicitudotadjuntos?INS,2023,20196,,1, HTTP/1.1" 200 6239
186.67.172.234 - - [17/May/2023:15:17:22 -0300] "GET /cormun/static/about:blank HTTP/1.1" 404 1011
186.67.172.234 - - [17/May/2023:15:17:22 -0300] "GET /cormun/servlet/solicitudotadjuntos?03613b150988045dc979dfbeaf273ee40c4fadcd3b71f2883b30280274a2cd657e3c52920779f6dc37ad84124394290c,gx-no-cache=1684346513764 HTTP/1.1" 200 30
186.67.172.234 - - [17/May/2023:15:17:22 -0300] "POST /cormun/servlet/solicitudotadjuntos?04e5e64dbf99e47ef3606b1b4ac93c7a,INS,2023,20196,,1,,gx-no-cache=1684346513776 HTTP/1.1" 200 4154
186.67.172.234 - - [17/May/2023:15:17:24 -0300] "POST /cormun/servlet/solicitudotadjuntos?gx-no-cache=1684346515627 HTTP/1.1" 200 26
190.171.149.90 - - [17/May/2023:15:17:36 -0300] "GET /cormun/servlet/hlogin HTTP/1.1" 200 1716
186.67.172.234 - - [17/May/2023:15:17:37 -0300] "GET /cormun/servlet/solicitudotadjuntos?03613b150988045dc979dfbeaf273ee4c357d1f5bc05f22966c3a43418b89087,gx-no-cache=1684346528642 HTTP/1.1" 200 30
186.67.172.234 - - [17/May/2023:15:17:37 -0300] "GET /cormun/servlet/solicitudotadjuntos?03613b150988045dc979dfbeaf273ee4c357d1f5bc05f22966c3a43418b89087,gx-no-cache=1684346528652 HTTP/1.1" 200 30
186.67.172.234 - - [17/May/2023:15:17:37 -0300] "POST /cormun/servlet/solicitudotadjuntos?04e5e64dbf99e47ef3606b1b4ac93c7a,INS,2023,20196,,1, HTTP/1.1" 200 116
186.67.172.234 - - [17/May/2023:15:17:37 -0300] "GET /cormun/servlet/hpexe_return? HTTP/1.1" 200 1026
186.67.172.234 - - [17/May/2023:15:17:37 -0300] "GET /cormun/servlet/trsolicitudadjuntos?2023,20196, HTTP/1.1" 200 9234
186.67.172.234 - - [17/May/2023:15:17:38 -0300] "GET /cormun/servlet/trsolicitudadjuntos?2023,20196, HTTP/1.1" 200 9232
186.67.172.234 - - [17/May/2023:15:17:39 -0300] "GET /cormun/servlet/solicitudotadjuntos?INS,2023,20196,,1, HTTP/1.1" 200 6246
186.67.172.234 - - [17/May/2023:15:17:39 -0300] "GET /cormun/static/about:blank HTTP/1.1" 404 1011
186.67.172.234 - - [17/May/2023:15:17:39 -0300] "GET /cormun/servlet/solicitudotadjuntos?INS,2023,20196,,1, HTTP/1.1" 200 6239
190.171.149.90 - - [17/May/2023:15:17:40 -0300] "POST /cormun/servlet/hlogin?b03e4b472089ab14676525e5ceffdd92,gx-no-cache=1684346561580 HTTP/1.1" 200 90
186.67.172.234 - - [17/May/2023:15:17:40 -0300] "GET /cormun/servlet/solicitudotadjuntos?03613b150988045dc979dfbeaf273ee40c4fadcd3b71f2883b30280274a2cd657e3c52920779f6dc37ad84124394290c,gx-no-cache=1684346531468 HTTP/1.1" 200 30
190.171.149.90 - - [17/May/2023:15:17:40 -0300] "GET /cormun/servlet/hpexe_link HTTP/1.1" 200 962
186.67.172.234 - - [17/May/2023:15:17:40 -0300] "POST /cormun/servlet/solicitudotadjuntos?04e5e64dbf99e47ef3606b1b4ac93c7a,INS,2023,20196,,1,,gx-no-cache=1684346531479 HTTP/1.1" 200 4154
190.171.149.90 - - [17/May/2023:15:17:40 -0300] "GET /cormun/servlet/solicitudot?INS,0,0,false, HTTP/1.1" 200 15811
190.171.149.90 - - [17/May/2023:15:17:41 -0300] "GET /cormun/servlet/solicitudot?INS,0,0,false, HTTP/1.1" 200 15817
186.67.172.234 - - [17/May/2023:15:17:42 -0300] "POST /cormun/servlet/solicitudotadjuntos?gx-no-cache=1684346533082 HTTP/1.1" 200 26
190.171.149.90 - - [17/May/2023:15:17:55 -0300] "POST /cormun/servlet/solicitudot?gx-no-cache=1684346576858 HTTP/1.1" 200 4063
190.171.149.90 - - [17/May/2023:15:17:55 -0300] "POST /cormun/servlet/solicitudot?b03e4b472089ab14676525e5ceffdd92,INS,0,0,false,,gx-no-cache=1684346577021 HTTP/1.1" 200 12637
190.171.149.90 - - [17/May/2023:15:17:58 -0300] "GET /cormun/servlet/prbanco?,MD,,gxPopupLevel%3D0%3B HTTP/1.1" 200 6501
190.171.149.90 - - [17/May/2023:15:18:02 -0300] "GET /cormun/servlet/solicitudot?e400fae48b45518a30991cdc17ddadb9ed03dee94b2dac13ad3424240e66e8b519b29b07b8d399b42eb6edbb628caf0d,gx-no-cache=1684346583607 HTTP/1.1" 200 30
190.171.149.90 - - [17/May/2023:15:18:02 -0300] "GET /cormun/servlet/solicitudot?e400fae48b45518a30991cdc17ddadb9349ce79a4c4167e789227dd6608509772bf62e58bbd5b2915237ca6f4c1f555319b29b07b8d399b42eb6edbb628caf0d,gx-no-cache=1684346583630 HTTP/1.1" 200 30
190.171.149.90 - - [17/May/2023:15:18:03 -0300] "GET /cormun/servlet/solicitudot?e400fae48b45518a30991cdc17ddadb9beaa1bcb09cab01c29f1cf9d34583b1f,gx-no-cache=1684346584791 HTTP/1.1" 200 53
190.171.149.90 - - [17/May/2023:15:18:15 -0300] "POST /cormun/servlet/solicitudot?gx-no-cache=1684346596483 HTTP/1.1" 200 255
190.171.149.90 - - [17/May/2023:15:18:21 -0300] "GET /cormun/servlet/solicitudot?e400fae48b45518a30991cdc17ddadb929cf038b5a4d4a95c2117dbefbc49284cacbf82f4f314992d38d1bb4dee0a0837e649d15d220f132efd6f68ed8d9bf9fc5d5bcf55d7fa6b06f54941c810631aff83b2dae5332f5a20e999f1bbc0bb2792bef99fe4853533e515ec46fb02a70c44b0bdb95d2e275608cfd6610a15924a3d7214cd106f3ba3785be61ba4a400984a88451bcfa1bcde9fdb3ba4b3d8e2a950507afe5e65077ffe406ee33c7a7ad93ce5276a2c2cdcebfb4443b7167f09cecd6e6c464cd9a78b9604fe3779fadd43ecddd1a98113aff8d8040a34e97e3a4bfc3922816f75b25bb8070571e9bdbe81d1ac2af1131ef20eeb1b3e4f8e86a8a54215dc0bd67369a1a7c0469b87b7ece04cf640dd0258d87a078ef5eb0e148125b97ceb3f7d37c667f250189823e69e9969d241a0cf0dc5ec4ca251aae9e7ba0e0f157aff920827dea1613c891cdebfc107a53cdafb559cc39e0b425e07ec4a88c95f0866391465f986fb971fdf726e974cb4539eebc1f3821b873a260043f28a9,gx-no-cache=1684346603077 HTTP/1.1" 200 30
190.171.149.90 - - [17/May/2023:15:18:42 -0300] "POST /cormun/servlet/solicitudot?gx-no-cache=1684346623972 HTTP/1.1" 200 30
190.171.149.90 - - [17/May/2023:15:18:47 -0300] "GET /cormun/servlet/prcontratosol?15994656,,,,,MD,,gxPopupLevel%3D0%3B HTTP/1.1" 200 9144
186.67.172.234 - - [17/May/2023:15:19:05 -0300] "GET /cormun/servlet/solicitudotadjuntos?03613b150988045dc979dfbeaf273ee4c357d1f5bc05f22966c3a43418b89087,gx-no-cache=1684346616098 HTTP/1.1" 200 30
186.67.172.234 - - [17/May/2023:15:19:05 -0300] "GET /cormun/servlet/solicitudotadjuntos?03613b150988045dc979dfbeaf273ee4c357d1f5bc05f22966c3a43418b89087,gx-no-cache=1684346616127 HTTP/1.1" 200 30
186.67.172.234 - - [17/May/2023:15:19:05 -0300] "POST /cormun/servlet/solicitudotadjuntos?04e5e64dbf99e47ef3606b1b4ac93c7a,INS,2023,20196,,1, HTTP/1.1" 200 116
186.67.172.234 - - [17/May/2023:15:19:05 -0300] "GET /cormun/servlet/hpexe_return? HTTP/1.1" 200 1026
186.67.172.234 - - [17/May/2023:15:19:05 -0300] "GET /cormun/servlet/trsolicitudadjuntos?2023,20196, HTTP/1.1" 200 9471
186.67.172.234 - - [17/May/2023:15:19:05 -0300] "GET /cormun/servlet/trsolicitudadjuntos?2023,20196, HTTP/1.1" 200 9469
186.67.172.234 - - [17/May/2023:15:19:07 -0300] "GET /cormun/servlet/solicitudotadjuntos?INS,2023,20196,,1, HTTP/1.1" 200 6246
186.67.172.234 - - [17/May/2023:15:19:07 -0300] "GET /cormun/static/about:blank HTTP/1.1" 404 1011
186.67.172.234 - - [17/May/2023:15:19:07 -0300] "GET /cormun/servlet/solicitudotadjuntos?INS,2023,20196,,1, HTTP/1.1" 200 6239
186.67.172.234 - - [17/May/2023:15:19:07 -0300] "GET /cormun/servlet/solicitudotadjuntos?03613b150988045dc979dfbeaf273ee40c4fadcd3b71f2883b30280274a2cd657e3c52920779f6dc37ad84124394290c,gx-no-cache=1684346618855 HTTP/1.1" 200 30
186.67.172.234 - - [17/May/2023:15:19:07 -0300] "POST /cormun/servlet/solicitudotadjuntos?04e5e64dbf99e47ef3606b1b4ac93c7a,INS,2023,20196,,1,,gx-no-cache=1684346618866 HTTP/1.1" 200 4155
186.67.172.234 - - [17/May/2023:15:19:09 -0300] "POST /cormun/servlet/solicitudotadjuntos?gx-no-cache=1684346620826 HTTP/1.1" 200 26
190.171.149.90 - - [17/May/2023:15:19:12 -0300] "POST /cormun/servlet/solicitudot?gx-no-cache=1684346643756 HTTP/1.1" 200 1552
190.171.149.90 - - [17/May/2023:15:19:12 -0300] "GET /cormun/static/Shared/jqueryui/images/ui-bg_highlight-soft_100_c6c2c8_1x100.png HTTP/1.1" 404 1117
190.171.149.90 - - [17/May/2023:15:19:12 -0300] "GET /cormun/static/Shared/jqueryui/images/ui-icons_82798d_256x240.png HTTP/1.1" 404 1089
190.171.149.90 - - [17/May/2023:15:19:12 -0300] "GET /cormun/static/Shared/jqueryui/images/ui-bg_flat_55_994d53_40x100.png HTTP/1.1" 404 1097
190.171.149.90 - - [17/May/2023:15:19:12 -0300] "GET /cormun/static/Shared/jqueryui/images/ui-icons_ebccce_256x240.png HTTP/1.1" 404 1089
190.171.149.90 - - [17/May/2023:15:19:12 -0300] "POST /cormun/servlet/solicitudot?gx-no-cache=1684346653432 HTTP/1.1" 200 117
190.171.149.90 - - [17/May/2023:15:19:12 -0300] "GET /cormun/servlet/solicitudot?e400fae48b45518a30991cdc17ddadb94ad36e576b84cfd051f5dcfc15b43c5cdc901ad8f6ec608baad7b035069251c12af518224f162f08f3a6d492d6e936484df683f7d22ecb93a6bba15310c74fa60c42815340d54142f32f69de540867d6c6844e4133a5ef893b7205b456180b3e,gx-no-cache=1684346653463 HTTP/1.1" 200 110
190.171.149.90 - - [17/May/2023:15:19:12 -0300] "POST /cormun/servlet/solicitudot?gx-no-cache=1684346653490 HTTP/1.1" 200 64
190.171.149.90 - - [17/May/2023:15:19:12 -0300] "GET /cormun/servlet/solicitudot?e400fae48b45518a30991cdc17ddadb9a8f0e9e6158d8374ce1edd60b66027673be27202048961479d5ff5fdf382e3bd0f3dd1c426b1430e78d847342f835cb80aac1116fee80c68c2c56cff7f482adc2463d0d3da61ca01550fcb3adc4c6f2407575bca57d6d14808ef396917da6c1794741a87d7bb695ad89c9e1d9e0e9c2cc091cda59ec633057e40b7c4a556059293067757b9c781819778e4e7fac73c5f,gx-no-cache=1684346653533 HTTP/1.1" 200 29
190.171.149.90 - - [17/May/2023:15:19:12 -0300] "GET /cormun/servlet/solicitudot?e400fae48b45518a30991cdc17ddadb9af5876c203a5c22d0ce52c087e339681c911a805c96e24e2c4665d9ef5f27c97,gx-no-cache=1684346653563 HTTP/1.1" 200 134
190.171.149.90 - - [17/May/2023:15:19:12 -0300] "POST /cormun/servlet/solicitudot?b03e4b472089ab14676525e5ceffdd92,INS,0,0,false,,gx-no-cache=1684346653614 HTTP/1.1" 200 12765
190.171.149.90 - - [17/May/2023:15:19:12 -0300] "GET /cormun/static/Shared/jqueryui/images/ui-icons_8d78a5_256x240.png HTTP/1.1" 404 1089
190.171.149.90 - - [17/May/2023:15:19:12 -0300] "GET /cormun/static/Shared/jqueryui/images/ui-bg_flat_55_fafafa_40x100.png HTTP/1.1" 404 1097
186.67.172.234 - - [17/May/2023:15:19:13 -0300] "GET /cormun/servlet/solicitudotadjuntos?03613b150988045dc979dfbeaf273ee4c357d1f5bc05f22966c3a43418b89087,gx-no-cache=1684346624473 HTTP/1.1" 200 30
186.67.172.234 - - [17/May/2023:15:19:13 -0300] "GET /cormun/servlet/solicitudotadjuntos?03613b150988045dc979dfbeaf273ee4c357d1f5bc05f22966c3a43418b89087,gx-no-cache=1684346624483 HTTP/1.1" 200 30
186.67.172.234 - - [17/May/2023:15:19:13 -0300] "POST /cormun/servlet/solicitudotadjuntos?04e5e64dbf99e47ef3606b1b4ac93c7a,INS,2023,20196,,1, HTTP/1.1" 200 116
186.67.172.234 - - [17/May/2023:15:19:13 -0300] "GET /cormun/servlet/hpexe_return? HTTP/1.1" 200 1026
186.67.172.234 - - [17/May/2023:15:19:13 -0300] "GET /cormun/servlet/trsolicitudadjuntos?2023,20196, HTTP/1.1" 200 9709
186.67.172.234 - - [17/May/2023:15:19:14 -0300] "GET /cormun/servlet/trsolicitudadjuntos?2023,20196, HTTP/1.1" 200 9706
186.67.172.234 - - [17/May/2023:15:19:15 -0300] "GET /cormun/servlet/solicitudotadjuntos?INS,2023,20196,,1, HTTP/1.1" 200 6246
186.67.172.234 - - [17/May/2023:15:19:15 -0300] "GET /cormun/static/about:blank HTTP/1.1" 404 1011
