186.67.172.234 - - [17/May/2023:15:19:15 -0300] "GET /cormun/servlet/solicitudotadjuntos?INS,2023,20196,,1, HTTP/1.1" 200 6239
186.67.172.234 - - [17/May/2023:15:19:16 -0300] "GET /cormun/servlet/solicitudotadjuntos?03613b150988045dc979dfbeaf273ee40c4fadcd3b71f2883b30280274a2cd657e3c52920779f6dc37ad84124394290c,gx-no-cache=1684346627206 HTTP/1.1" 200 30
186.67.172.234 - - [17/May/2023:15:19:16 -0300] "POST /cormun/servlet/solicitudotadjuntos?04e5e64dbf99e47ef3606b1b4ac93c7a,INS,2023,20196,,1,,gx-no-cache=1684346627227 HTTP/1.1" 200 4154
190.171.149.90 - - [17/May/2023:15:19:17 -0300] "GET /cormun/servlet/solicitudot?e400fae48b45518a30991cdc17ddadb9ed03dee94b2dac13ad3424240e66e8b5f3afbf214309f720d1967d92ce48acd6,gx-no-cache=1684346658546 HTTP/1.1" 200 30
186.67.172.234 - - [17/May/2023:15:19:17 -0300] "POST /cormun/servlet/solicitudotadjuntos?gx-no-cache=1684346628802 HTTP/1.1" 200 26
186.67.172.234 - - [17/May/2023:15:19:21 -0300] "GET /cormun/servlet/solicitudotadjuntos?03613b150988045dc979dfbeaf273ee4c357d1f5bc05f22966c3a43418b89087,gx-no-cache=1684346632546 HTTP/1.1" 200 30
186.67.172.234 - - [17/May/2023:15:19:21 -0300] "GET /cormun/servlet/solicitudotadjuntos?03613b150988045dc979dfbeaf273ee4c357d1f5bc05f22966c3a43418b89087,gx-no-cache=1684346632555 HTTP/1.1" 200 30
186.67.172.234 - - [17/May/2023:15:19:21 -0300] "POST /cormun/servlet/solicitudotadjuntos?04e5e64dbf99e47ef3606b1b4ac93c7a,INS,2023,20196,,1, HTTP/1.1" 200 116
186.67.172.234 - - [17/May/2023:15:19:21 -0300] "GET /cormun/servlet/hpexe_return? HTTP/1.1" 200 1026
186.67.172.234 - - [17/May/2023:15:19:21 -0300] "GET /cormun/servlet/trsolicitudadjuntos?2023,20196, HTTP/1.1" 200 9947
186.67.172.234 - - [17/May/2023:15:19:22 -0300] "GET /cormun/servlet/trsolicitudadjuntos?2023,20196, HTTP/1.1" 200 9947
186.67.172.234 - - [17/May/2023:15:19:23 -0300] "GET /cormun/servlet/solicitudotadjuntos?INS,2023,20196,,1, HTTP/1.1" 200 6246
186.67.172.234 - - [17/May/2023:15:19:23 -0300] "GET /cormun/static/about:blank HTTP/1.1" 404 1011
186.67.172.234 - - [17/May/2023:15:19:23 -0300] "GET /cormun/servlet/solicitudotadjuntos?INS,2023,20196,,1, HTTP/1.1" 200 6239
186.67.172.234 - - [17/May/2023:15:19:24 -0300] "GET /cormun/servlet/solicitudotadjuntos?03613b150988045dc979dfbeaf273ee40c4fadcd3b71f2883b30280274a2cd657e3c52920779f6dc37ad84124394290c,gx-no-cache=1684346635458 HTTP/1.1" 200 30
186.67.172.234 - - [17/May/2023:15:19:24 -0300] "POST /cormun/servlet/solicitudotadjuntos?04e5e64dbf99e47ef3606b1b4ac93c7a,INS,2023,20196,,1,,gx-no-cache=1684346635470 HTTP/1.1" 200 4154
190.171.149.90 - - [17/May/2023:15:19:26 -0300] "GET /cormun/servlet/solicitudot?e400fae48b45518a30991cdc17ddadb9349ce79a4c4167e789227dd6608509772bf62e58bbd5b2915237ca6f4c1f5553f3afbf214309f720d1967d92ce48acd6,gx-no-cache=1684346667665 HTTP/1.1" 200 30
190.171.149.90 - - [17/May/2023:15:19:26 -0300] "GET /cormun/servlet/solicitudot?e400fae48b45518a30991cdc17ddadb9f0c49c0f756dc5d592d646836995dbd2e3d71f370a5c7f7a2ed22b7bdd16e9b334a93688ed622c39bccffcefbaec16e6,gx-no-cache=1684346667688 HTTP/1.1" 200 53
190.171.149.90 - - [17/May/2023:15:19:26 -0300] "POST /cormun/servlet/solicitudot?gx-no-cache=1684346667715 HTTP/1.1" 200 256
190.171.149.90 - - [17/May/2023:15:19:26 -0300] "GET /cormun/servlet/solicitudot?e400fae48b45518a30991cdc17ddadb929cf038b5a4d4a95c2117dbefbc49284cacbf82f4f314992d38d1bb4dee0a0837e649d15d220f132efd6f68ed8d9bf9fc5d5bcf55d7fa6b06f54941c810631aff83b2dae5332f5a20e999f1bbc0bb2792bef99fe4853533e515ec46fb02a70c44b0bdb95d2e275608cfd6610a15924a3d7214cd106f3ba3785be61ba4a400984a88451bcfa1bcde9fdb3ba4b3d8e2a950507afe5e65077ffe406ee33c7a7ad93ce5276a2c2cdcebfb4443b7167f09cecd6e6c464cd9a78b9604fe3779fadd43ecddd1a98113aff8d8040a34e97e3a4bfc3922816f75b25bb8070571e9bdbe81d1ac2af1131ef20eeb1b3e4f8e86a8a54215dc0bd67369a1a7c0469b87b7ece04cf640dd0258d87a078ef5eb0e148125b97ceb3f7d37c667f250189823e69e9969d241a0cf0dc5ec4ca251aae9e7ba0e0f157aff920827dea1613c891cdebfc107a53cdafb559cc39e0b425e07ec4a88c95f0866391465f986fb971fdf726e9749ce5182766d6a9ba79d1b4a52415c436,gx-no-cache=1684346667747 HTTP/1.1" 200 30
190.171.149.90 - - [17/May/2023:15:19:26 -0300] "POST /cormun/servlet/solicitudot?gx-no-cache=1684346667771 HTTP/1.1" 200 30
190.171.149.90 - - [17/May/2023:15:19:26 -0300] "POST /cormun/servlet/solicitudot?gx-no-cache=1684346667805 HTTP/1.1" 200 1552
190.171.149.90 - - [17/May/2023:15:19:26 -0300] "POST /cormun/servlet/solicitudot?gx-no-cache=1684346667847 HTTP/1.1" 200 121
190.171.149.90 - - [17/May/2023:15:19:26 -0300] "GET /cormun/servlet/solicitudot?e400fae48b45518a30991cdc17ddadb94ad36e576b84cfd051f5dcfc15b43c5cdc901ad8f6ec608baad7b035069251c12af518224f162f08f3a6d492d6e936484df683f7d22ecb93a6bba15310c74fa60c42815340d54142f32f69de540867d6c6844e4133a5ef893b7205b456180b3e,gx-no-cache=1684346667876 HTTP/1.1" 200 110
186.67.172.234 - - [17/May/2023:15:19:28 -0300] "POST /cormun/servlet/solicitudotadjuntos?gx-no-cache=1684346639066 HTTP/1.1" 200 26
186.67.172.234 - - [17/May/2023:15:19:33 -0300] "GET /cormun/servlet/solicitudotadjuntos?03613b150988045dc979dfbeaf273ee4c357d1f5bc05f22966c3a43418b89087,gx-no-cache=1684346644162 HTTP/1.1" 200 30
186.67.172.234 - - [17/May/2023:15:19:33 -0300] "GET /cormun/servlet/solicitudotadjuntos?03613b150988045dc979dfbeaf273ee4c357d1f5bc05f22966c3a43418b89087,gx-no-cache=1684346644171 HTTP/1.1" 200 30
186.67.172.234 - - [17/May/2023:15:19:33 -0300] "POST /cormun/servlet/solicitudotadjuntos?04e5e64dbf99e47ef3606b1b4ac93c7a,INS,2023,20196,,1, HTTP/1.1" 200 116
186.67.172.234 - - [17/May/2023:15:19:33 -0300] "GET /cormun/servlet/hpexe_return? HTTP/1.1" 200 1026
186.67.172.234 - - [17/May/2023:15:19:33 -0300] "GET /cormun/servlet/trsolicitudadjuntos?2023,20196, HTTP/1.1" 200 10250
186.67.172.234 - - [17/May/2023:15:19:33 -0300] "GET /cormun/servlet/trsolicitudadjuntos?2023,20196, HTTP/1.1" 200 10250
186.67.172.234 - - [17/May/2023:15:19:35 -0300] "GET /cormun/servlet/solicitudotadjuntos?INS,2023,20196,,1, HTTP/1.1" 200 6246
186.67.172.234 - - [17/May/2023:15:19:35 -0300] "GET /cormun/static/about:blank HTTP/1.1" 404 1011
186.67.172.234 - - [17/May/2023:15:19:35 -0300] "GET /cormun/servlet/solicitudotadjuntos?INS,2023,20196,,1, HTTP/1.1" 200 6239
186.67.172.234 - - [17/May/2023:15:19:36 -0300] "GET /cormun/servlet/solicitudotadjuntos?03613b150988045dc979dfbeaf273ee40c4fadcd3b71f2883b30280274a2cd657e3c52920779f6dc37ad84124394290c,gx-no-cache=1684346647334 HTTP/1.1" 200 30
186.67.172.234 - - [17/May/2023:15:19:36 -0300] "POST /cormun/servlet/solicitudotadjuntos?04e5e64dbf99e47ef3606b1b4ac93c7a,INS,2023,20196,,1,,gx-no-cache=1684346647361 HTTP/1.1" 200 4154
186.67.172.234 - - [17/May/2023:15:19:38 -0300] "POST /cormun/servlet/solicitudotadjuntos?gx-no-cache=1684346649410 HTTP/1.1" 200 26
190.171.149.90 - - [17/May/2023:15:19:42 -0300] "GET /cormun/servlet/prfichaempleado?,MD,,gxPopupLevel%3D0%3B HTTP/1.1" 200 9234
186.67.172.234 - - [17/May/2023:15:19:43 -0300] "GET /cormun/servlet/solicitudotadjuntos?03613b150988045dc979dfbeaf273ee4c357d1f5bc05f22966c3a43418b89087,gx-no-cache=1684346654577 HTTP/1.1" 200 30
186.67.172.234 - - [17/May/2023:15:19:43 -0300] "GET /cormun/servlet/solicitudotadjuntos?03613b150988045dc979dfbeaf273ee4c357d1f5bc05f22966c3a43418b89087,gx-no-cache=1684346654587 HTTP/1.1" 200 30
186.67.172.234 - - [17/May/2023:15:19:43 -0300] "POST /cormun/servlet/solicitudotadjuntos?04e5e64dbf99e47ef3606b1b4ac93c7a,INS,2023,20196,,1, HTTP/1.1" 200 116
186.67.172.234 - - [17/May/2023:15:19:43 -0300] "GET /cormun/servlet/hpexe_return? HTTP/1.1" 200 1026
186.67.172.234 - - [17/May/2023:15:19:44 -0300] "GET /cormun/servlet/trsolicitudadjuntos?2023,20196, HTTP/1.1" 200 10445
186.67.172.234 - - [17/May/2023:15:19:44 -0300] "GET /cormun/servlet/trsolicitudadjuntos?2023,20196, HTTP/1.1" 200 10444
186.67.172.234 - - [17/May/2023:15:19:46 -0300] "POST /cormun/servlet/trsolicitudadjuntos?04e5e64dbf99e47ef3606b1b4ac93c7a,2023,20196,,gx-no-cache=1684346657396 HTTP/1.1" 200 90
186.67.172.234 - - [17/May/2023:15:19:46 -0300] "GET /cormun/servlet/hpexe_link HTTP/1.1" 200 969
186.67.172.234 - - [17/May/2023:15:19:46 -0300] "GET /cormun/servlet/trsolicitudot HTTP/1.1" 200 10471
186.67.172.234 - - [17/May/2023:15:19:46 -0300] "GET /cormun/servlet/trsolicitudot HTTP/1.1" 200 10470
186.67.172.234 - - [17/May/2023:15:19:51 -0300] "POST /cormun/servlet/trsolicitudot?04e5e64dbf99e47ef3606b1b4ac93c7a,gx-no-cache=1684346662205 HTTP/1.1" 200 7275
186.67.172.234 - - [17/May/2023:15:19:51 -0300] "GET /cormun/static/Shared/jqueryui/images/ui-icons_82798d_256x240.png HTTP/1.1" 404 1089
186.67.172.234 - - [17/May/2023:15:19:51 -0300] "GET /cormun/static/Shared/jqueryui/images/ui-bg_highlight-soft_100_c6c2c8_1x100.png HTTP/1.1" 404 1117
186.67.172.234 - - [17/May/2023:15:19:51 -0300] "GET /cormun/static/Shared/jqueryui/images/ui-bg_flat_55_fafafa_40x100.png HTTP/1.1" 404 1097
186.67.172.234 - - [17/May/2023:15:19:51 -0300] "GET /cormun/static/Shared/jqueryui/images/ui-icons_8d78a5_256x240.png HTTP/1.1" 404 1089
186.67.172.234 - - [17/May/2023:15:19:51 -0300] "POST /cormun/servlet/trsolicitudot?04e5e64dbf99e47ef3606b1b4ac93c7a,gx-no-cache=1684346662409 HTTP/1.1" 200 7211
186.67.172.234 - - [17/May/2023:15:19:54 -0300] "POST /cormun/servlet/trsolicitudot?04e5e64dbf99e47ef3606b1b4ac93c7a,gx-no-cache=1684346664996 HTTP/1.1" 200 107
186.67.172.234 - - [17/May/2023:15:19:54 -0300] "GET /cormun/servlet/trsolicitudadjuntos?2023,20195, HTTP/1.1" 200 6302
186.67.172.234 - - [17/May/2023:15:19:54 -0300] "GET /cormun/servlet/trsolicitudadjuntos?2023,20195, HTTP/1.1" 200 6301
186.67.172.234 - - [17/May/2023:15:19:56 -0300] "GET /cormun/servlet/solicitudotadjuntos?INS,2023,20195,,1, HTTP/1.1" 200 6246
186.67.172.234 - - [17/May/2023:15:19:56 -0300] "GET /cormun/static/about:blank HTTP/1.1" 404 1011
186.67.172.234 - - [17/May/2023:15:19:56 -0300] "GET /cormun/servlet/solicitudotadjuntos?INS,2023,20195,,1, HTTP/1.1" 200 6239
186.67.172.234 - - [17/May/2023:15:19:56 -0300] "GET /cormun/servlet/solicitudotadjuntos?03613b150988045dc979dfbeaf273ee4d7700872cbba9b26bc2164999275111538499919d3cf8a6c98d3f24bd4ef78cf,gx-no-cache=1684346667662 HTTP/1.1" 200 30
186.67.172.234 - - [17/May/2023:15:19:56 -0300] "POST /cormun/servlet/solicitudotadjuntos?04e5e64dbf99e47ef3606b1b4ac93c7a,INS,2023,20195,,1,,gx-no-cache=1684346667674 HTTP/1.1" 200 4190
186.67.172.234 - - [17/May/2023:15:19:58 -0300] "POST /cormun/servlet/solicitudotadjuntos?gx-no-cache=1684346669374 HTTP/1.1" 200 26
186.67.172.234 - - [17/May/2023:15:20:06 -0300] "GET /cormun/servlet/solicitudotadjuntos?03613b150988045dc979dfbeaf273ee4c357d1f5bc05f22966c3a43418b89087,gx-no-cache=1684346677386 HTTP/1.1" 200 30
186.67.172.234 - - [17/May/2023:15:20:06 -0300] "GET /cormun/servlet/solicitudotadjuntos?03613b150988045dc979dfbeaf273ee4c357d1f5bc05f22966c3a43418b89087,gx-no-cache=1684346677396 HTTP/1.1" 200 30
186.67.172.234 - - [17/May/2023:15:20:06 -0300] "POST /cormun/servlet/solicitudotadjuntos?04e5e64dbf99e47ef3606b1b4ac93c7a,INS,2023,20195,,1, HTTP/1.1" 200 116
186.67.172.234 - - [17/May/2023:15:20:06 -0300] "GET /cormun/servlet/hpexe_return? HTTP/1.1" 200 1026
186.67.172.234 - - [17/May/2023:15:20:06 -0300] "GET /cormun/servlet/trsolicitudadjuntos?2023,20195, HTTP/1.1" 200 9222
186.67.172.234 - - [17/May/2023:15:20:06 -0300] "GET /cormun/servlet/trsolicitudadjuntos?2023,20195, HTTP/1.1" 200 9220
186.67.172.234 - - [17/May/2023:15:20:08 -0300] "GET /cormun/servlet/solicitudotadjuntos?INS,2023,20195,,1, HTTP/1.1" 200 6246
186.67.172.234 - - [17/May/2023:15:20:08 -0300] "GET /cormun/static/about:blank HTTP/1.1" 404 1011
186.67.172.234 - - [17/May/2023:15:20:08 -0300] "GET /cormun/servlet/solicitudotadjuntos?INS,2023,20195,,1, HTTP/1.1" 200 6239
186.67.172.234 - - [17/May/2023:15:20:08 -0300] "GET /cormun/servlet/solicitudotadjuntos?03613b150988045dc979dfbeaf273ee4d7700872cbba9b26bc2164999275111538499919d3cf8a6c98d3f24bd4ef78cf,gx-no-cache=1684346679916 HTTP/1.1" 200 30
186.67.172.234 - - [17/May/2023:15:20:08 -0300] "POST /cormun/servlet/solicitudotadjuntos?04e5e64dbf99e47ef3606b1b4ac93c7a,INS,2023,20195,,1,,gx-no-cache=1684346679927 HTTP/1.1" 200 4190
190.171.149.90 - - [17/May/2023:15:20:09 -0300] "POST /cormun/servlet/prfichaempleado?b03e4b472089ab14676525e5ceffdd92,,MD,,gxPopupLevel%3D0%3B,gx-no-cache=1684346690251 HTTP/1.1" 500 10
186.67.172.234 - - [17/May/2023:15:20:10 -0300] "POST /cormun/servlet/solicitudotadjuntos?gx-no-cache=1684346681410 HTTP/1.1" 200 26
186.67.172.234 - - [17/May/2023:15:20:13 -0300] "GET /cormun/servlet/solicitudotadjuntos?03613b150988045dc979dfbeaf273ee4c357d1f5bc05f22966c3a43418b89087,gx-no-cache=1684346684594 HTTP/1.1" 200 30
186.67.172.234 - - [17/May/2023:15:20:13 -0300] "GET /cormun/servlet/solicitudotadjuntos?03613b150988045dc979dfbeaf273ee4c357d1f5bc05f22966c3a43418b89087,gx-no-cache=1684346684604 HTTP/1.1" 200 30
186.67.172.234 - - [17/May/2023:15:20:13 -0300] "POST /cormun/servlet/solicitudotadjuntos?04e5e64dbf99e47ef3606b1b4ac93c7a,INS,2023,20195,,1, HTTP/1.1" 200 116
186.67.172.234 - - [17/May/2023:15:20:13 -0300] "GET /cormun/servlet/hpexe_return? HTTP/1.1" 200 1026
186.67.172.234 - - [17/May/2023:15:20:13 -0300] "GET /cormun/servlet/trsolicitudadjuntos?2023,20195, HTTP/1.1" 200 9453
186.67.172.234 - - [17/May/2023:15:20:14 -0300] "GET /cormun/servlet/trsolicitudadjuntos?2023,20195, HTTP/1.1" 200 9451
186.67.172.234 - - [17/May/2023:15:20:15 -0300] "GET /cormun/servlet/solicitudotadjuntos?INS,2023,20195,,1, HTTP/1.1" 200 6244
186.67.172.234 - - [17/May/2023:15:20:15 -0300] "GET /cormun/static/about:blank HTTP/1.1" 404 1011
186.67.172.234 - - [17/May/2023:15:20:15 -0300] "GET /cormun/servlet/solicitudotadjuntos?INS,2023,20195,,1, HTTP/1.1" 200 6237
186.67.172.234 - - [17/May/2023:15:20:16 -0300] "GET /cormun/servlet/solicitudotadjuntos?03613b150988045dc979dfbeaf273ee4d7700872cbba9b26bc2164999275111538499919d3cf8a6c98d3f24bd4ef78cf,gx-no-cache=1684346687283 HTTP/1.1" 200 30
186.67.172.234 - - [17/May/2023:15:20:16 -0300] "POST /cormun/servlet/solicitudotadjuntos?04e5e64dbf99e47ef3606b1b4ac93c7a,INS,2023,20195,,1,,gx-no-cache=1684346687298 HTTP/1.1" 200 4189
186.67.172.234 - - [17/May/2023:15:20:17 -0300] "POST /cormun/servlet/solicitudotadjuntos?gx-no-cache=1684346688986 HTTP/1.1" 200 26
190.171.149.90 - - [17/May/2023:15:20:19 -0300] "POST /cormun/servlet/prfichaempleado?b03e4b472089ab14676525e5ceffdd92,,MD,,gxPopupLevel%3D0%3B,gx-no-cache=1684346690251 HTTP/1.1" 200 3478
186.67.172.234 - - [17/May/2023:15:20:23 -0300] "GET /cormun/servlet/solicitudotadjuntos?03613b150988045dc979dfbeaf273ee4c357d1f5bc05f22966c3a43418b89087,gx-no-cache=1684346694618 HTTP/1.1" 200 30
186.67.172.234 - - [17/May/2023:15:20:23 -0300] "GET /cormun/servlet/solicitudotadjuntos?03613b150988045dc979dfbeaf273ee4c357d1f5bc05f22966c3a43418b89087,gx-no-cache=1684346694628 HTTP/1.1" 200 30
186.67.172.234 - - [17/May/2023:15:20:23 -0300] "POST /cormun/servlet/solicitudotadjuntos?04e5e64dbf99e47ef3606b1b4ac93c7a,INS,2023,20195,,1, HTTP/1.1" 200 116
186.67.172.234 - - [17/May/2023:15:20:23 -0300] "GET /cormun/servlet/hpexe_return? HTTP/1.1" 200 1026
186.67.172.234 - - [17/May/2023:15:20:23 -0300] "GET /cormun/servlet/trsolicitudadjuntos?2023,20195, HTTP/1.1" 200 9689
186.67.172.234 - - [17/May/2023:15:20:24 -0300] "GET /cormun/servlet/trsolicitudadjuntos?2023,20195, HTTP/1.1" 200 9686
186.67.172.234 - - [17/May/2023:15:20:25 -0300] "GET /cormun/servlet/solicitudotadjuntos?INS,2023,20195,,1, HTTP/1.1" 200 6244
186.67.172.234 - - [17/May/2023:15:20:25 -0300] "GET /cormun/static/about:blank HTTP/1.1" 404 1011
186.67.172.234 - - [17/May/2023:15:20:25 -0300] "GET /cormun/servlet/solicitudotadjuntos?INS,2023,20195,,1, HTTP/1.1" 200 6237
186.67.172.234 - - [17/May/2023:15:20:26 -0300] "GET /cormun/servlet/solicitudotadjuntos?03613b150988045dc979dfbeaf273ee4d7700872cbba9b26bc2164999275111538499919d3cf8a6c98d3f24bd4ef78cf,gx-no-cache=1684346697376 HTTP/1.1" 200 30
186.67.172.234 - - [17/May/2023:15:20:26 -0300] "POST /cormun/servlet/solicitudotadjuntos?04e5e64dbf99e47ef3606b1b4ac93c7a,INS,2023,20195,,1,,gx-no-cache=1684346697387 HTTP/1.1" 200 4189
190.171.149.90 - - [17/May/2023:15:20:26 -0300] "POST /cormun/servlet/prfichaempleado?b03e4b472089ab14676525e5ceffdd92,,MD,,gxPopupLevel%3D0%3B,gx-no-cache=1684346727810 HTTP/1.1" 200 3177
186.67.172.234 - - [17/May/2023:15:20:29 -0300] "POST /cormun/servlet/solicitudotadjuntos?gx-no-cache=1684346700042 HTTP/1.1" 200 26
186.67.172.234 - - [17/May/2023:15:20:34 -0300] "GET /cormun/servlet/solicitudotadjuntos?03613b150988045dc979dfbeaf273ee4c357d1f5bc05f22966c3a43418b89087,gx-no-cache=1684346705426 HTTP/1.1" 200 30
186.67.172.234 - - [17/May/2023:15:20:34 -0300] "GET /cormun/servlet/solicitudotadjuntos?03613b150988045dc979dfbeaf273ee4c357d1f5bc05f22966c3a43418b89087,gx-no-cache=1684346705436 HTTP/1.1" 200 30
186.67.172.234 - - [17/May/2023:15:20:34 -0300] "POST /cormun/servlet/solicitudotadjuntos?04e5e64dbf99e47ef3606b1b4ac93c7a,INS,2023,20195,,1, HTTP/1.1" 200 116
186.67.172.234 - - [17/May/2023:15:20:34 -0300] "GET /cormun/servlet/hpexe_return? HTTP/1.1" 200 1026
186.67.172.234 - - [17/May/2023:15:20:34 -0300] "GET /cormun/servlet/trsolicitudadjuntos?2023,20195, HTTP/1.1" 200 9962
186.67.172.234 - - [17/May/2023:15:20:35 -0300] "GET /cormun/servlet/trsolicitudadjuntos?2023,20195, HTTP/1.1" 200 9959
190.171.149.90 - - [17/May/2023:15:20:36 -0300] "POST /cormun/servlet/prfichaempleado?b03e4b472089ab14676525e5ceffdd92,,MD,,gxPopupLevel%3D0%3B,gx-no-cache=1684346737456 HTTP/1.1" 200 3177
186.67.172.234 - - [17/May/2023:15:20:36 -0300] "GET /cormun/servlet/solicitudotadjuntos?INS,2023,20195,,1, HTTP/1.1" 200 6244
186.67.172.234 - - [17/May/2023:15:20:36 -0300] "GET /cormun/static/about:blank HTTP/1.1" 404 1011
186.67.172.234 - - [17/May/2023:15:20:36 -0300] "GET /cormun/servlet/solicitudotadjuntos?INS,2023,20195,,1, HTTP/1.1" 200 6237
186.67.172.234 - - [17/May/2023:15:20:37 -0300] "GET /cormun/servlet/solicitudotadjuntos?03613b150988045dc979dfbeaf273ee4d7700872cbba9b26bc2164999275111538499919d3cf8a6c98d3f24bd4ef78cf,gx-no-cache=1684346708061 HTTP/1.1" 200 30
186.67.172.234 - - [17/May/2023:15:20:37 -0300] "POST /cormun/servlet/solicitudotadjuntos?04e5e64dbf99e47ef3606b1b4ac93c7a,INS,2023,20195,,1,,gx-no-cache=1684346708073 HTTP/1.1" 200 4189
190.171.149.90 - - [17/May/2023:15:20:37 -0300] "POST /cormun/servlet/prfichaempleado?b03e4b472089ab14676525e5ceffdd92,,MD,,gxPopupLevel%3D0%3B,gx-no-cache=1684346738906 HTTP/1.1" 200 3177
186.67.172.234 - - [17/May/2023:15:20:38 -0300] "POST /cormun/servlet/solicitudotadjuntos?gx-no-cache=1684346709994 HTTP/1.1" 200 26
186.67.172.234 - - [17/May/2023:15:20:44 -0300] "GET /cormun/servlet/solicitudotadjuntos?03613b150988045dc979dfbeaf273ee4c357d1f5bc05f22966c3a43418b89087,gx-no-cache=1684346715578 HTTP/1.1" 200 30
186.67.172.234 - - [17/May/2023:15:20:44 -0300] "GET /cormun/servlet/solicitudotadjuntos?03613b150988045dc979dfbeaf273ee4c357d1f5bc05f22966c3a43418b89087,gx-no-cache=1684346715588 HTTP/1.1" 200 30
186.67.172.234 - - [17/May/2023:15:20:44 -0300] "POST /cormun/servlet/solicitudotadjuntos?04e5e64dbf99e47ef3606b1b4ac93c7a,INS,2023,20195,,1, HTTP/1.1" 200 116
186.67.172.234 - - [17/May/2023:15:20:44 -0300] "GET /cormun/servlet/hpexe_return? HTTP/1.1" 200 1026
186.67.172.234 - - [17/May/2023:15:20:44 -0300] "GET /cormun/servlet/trsolicitudadjuntos?2023,20195, HTTP/1.1" 200 10286
186.67.172.234 - - [17/May/2023:15:20:45 -0300] "GET /cormun/servlet/trsolicitudadjuntos?2023,20195, HTTP/1.1" 200 10282
186.67.172.234 - - [17/May/2023:15:20:47 -0300] "GET /cormun/servlet/solicitudotadjuntos?INS,2023,20195,,1, HTTP/1.1" 200 6244
186.67.172.234 - - [17/May/2023:15:20:47 -0300] "GET /cormun/static/about:blank HTTP/1.1" 404 1011
186.67.172.234 - - [17/May/2023:15:20:47 -0300] "GET /cormun/servlet/solicitudotadjuntos?INS,2023,20195,,1, HTTP/1.1" 200 6237
186.67.172.234 - - [17/May/2023:15:20:48 -0300] "GET /cormun/servlet/solicitudotadjuntos?03613b150988045dc979dfbeaf273ee4d7700872cbba9b26bc2164999275111538499919d3cf8a6c98d3f24bd4ef78cf,gx-no-cache=1684346719103 HTTP/1.1" 200 30
186.67.172.234 - - [17/May/2023:15:20:48 -0300] "POST /cormun/servlet/solicitudotadjuntos?04e5e64dbf99e47ef3606b1b4ac93c7a,INS,2023,20195,,1,,gx-no-cache=1684346719120 HTTP/1.1" 200 4189
190.171.149.90 - - [17/May/2023:15:20:48 -0300] "POST /cormun/servlet/prfichaempleado?b03e4b472089ab14676525e5ceffdd92,,MD,,gxPopupLevel%3D0%3B,gx-no-cache=1684346740524 HTTP/1.1" 200 3177
190.171.143.90 - - [17/May/2023:15:20:51 -0300] "POST /cormun/servlet/solicitudot?gx-no-cache=1684346724015 HTTP/1.1" 200 297
190.171.143.90 - - [17/May/2023:15:20:51 -0300] "GET /cormun/servlet/solicitudot?422c38b607ce2bc3821a7d6fafb9123c33551df07520212722bbb9fa2745c873417c614072d66663690233f6aaf7c8515f7bccc8e26ff2a7114e0673ecfc5a3808348a57c05f47b2cfbcb461d9d6f033066da8519acbeab715180310f9bda9cf4740b1513b21025ce2f9cdef5672b6e5b852a7f361b4ba48002b29950e5dc506140b1324dbfc3fded84533d9aec67b9f7d3684757e23fb4e4eb6f7e1476f5fbbfa7a6178e23ae3b0a0281ef54f1f7a62bbff8d43ba0cb891afef3436dbf5e02079506133cb7e8187e29645639bea748141fba656f1b9852307b146ac33b4232a3e529f1bf507d77d4172e563a9c6a5b5e058c83138e5195eafde02174cdcffe5bce5f17f62a5392794e2b68619e1ce31d1dc7a8a9acf413a8010ec4f26fcf5af289334ff33e018fbcc14dd1760a7a5c4e741ba8b84b54dc830a2ce50b06a4b76260d1923ef07d7a00b1d4360d16ac3a3255b6dbd276eb082aaf15acfbf2bef7686cf21e18013b10f335cb59037f944fb0856c2adcdae475ae0e171e1860e62ade27f0b50324f71ae41a09ce996a90ea4,gx-no-cache=1684346724067 HTTP/1.1" 200 30
190.171.143.90 - - [17/May/2023:15:20:51 -0300] "POST /cormun/servlet/solicitudot?gx-no-cache=1684346724086 HTTP/1.1" 200 30
190.171.143.90 - - [17/May/2023:15:20:51 -0300] "POST /cormun/servlet/solicitudot?gx-no-cache=1684346724111 HTTP/1.1" 200 1467
190.171.143.90 - - [17/May/2023:15:20:51 -0300] "POST /cormun/servlet/solicitudot?gx-no-cache=1684346724139 HTTP/1.1" 200 41
190.171.143.90 - - [17/May/2023:15:20:51 -0300] "GET /cormun/servlet/solicitudot?422c38b607ce2bc3821a7d6fafb9123c10aba5bb456815ad01d6760980a3eb116e7938a18a8fd0d57a1b23b6cac79144113c8ac350592e27d7fd17d79ae47690f8eaf686fdfe608f4af443d3e828a4f9974a13d777b17b460c159d2e45763698e542c54b32af17cae2ddc6bfcb6c7072,gx-no-cache=1684346724157 HTTP/1.1" 200 110
190.171.143.90 - - [17/May/2023:15:20:51 -0300] "POST /cormun/servlet/solicitudot?gx-no-cache=1684346724176 HTTP/1.1" 200 64
190.171.143.90 - - [17/May/2023:15:20:51 -0300] "GET /cormun/servlet/solicitudot?422c38b607ce2bc3821a7d6fafb9123c9af13d290e746bf5986bf07418d85aa678fe7f39187a4850868aecff04a68036,gx-no-cache=1684346724199 HTTP/1.1" 200 30
190.171.143.90 - - [17/May/2023:15:20:51 -0300] "POST /cormun/servlet/solicitudot?gx-no-cache=1684346724220 HTTP/1.1" 200 30
190.171.149.90 - - [17/May/2023:15:20:52 -0300] "POST /cormun/servlet/prfichaempleado?b03e4b472089ab14676525e5ceffdd92,,MD,,gxPopupLevel%3D0%3B,gx-no-cache=1684346753766 HTTP/1.1" 200 3181
186.67.172.234 - - [17/May/2023:15:20:53 -0300] "POST /cormun/servlet/solicitudotadjuntos?gx-no-cache=1684346724882 HTTP/1.1" 200 26
186.67.172.234 - - [17/May/2023:15:20:58 -0300] "GET /cormun/servlet/solicitudotadjuntos?03613b150988045dc979dfbeaf273ee4c357d1f5bc05f22966c3a43418b89087,gx-no-cache=1684346729793 HTTP/1.1" 200 30
186.67.172.234 - - [17/May/2023:15:20:58 -0300] "GET /cormun/servlet/solicitudotadjuntos?03613b150988045dc979dfbeaf273ee4c357d1f5bc05f22966c3a43418b89087,gx-no-cache=1684346729804 HTTP/1.1" 200 30
186.67.172.234 - - [17/May/2023:15:21:02 -0300] "POST /cormun/servlet/solicitudotadjuntos?04e5e64dbf99e47ef3606b1b4ac93c7a,INS,2023,20195,,1, HTTP/1.1" 200 116
186.67.172.234 - - [17/May/2023:15:21:02 -0300] "GET /cormun/servlet/hpexe_return? HTTP/1.1" 200 1026
186.67.172.234 - - [17/May/2023:15:21:03 -0300] "GET /cormun/servlet/trsolicitudadjuntos?2023,20195, HTTP/1.1" 200 10478
186.67.172.234 - - [17/May/2023:15:21:04 -0300] "GET /cormun/servlet/trsolicitudadjuntos?2023,20195, HTTP/1.1" 200 10481
190.171.149.90 - - [17/May/2023:15:21:16 -0300] "POST /cormun/servlet/solicitudot?gx-no-cache=1684346769953 HTTP/1.1" 200 1468
190.171.149.90 - - [17/May/2023:15:21:18 -0300] "GET /cormun/static/menuarrow.gif HTTP/1.1" 404 1015
190.171.149.90 - - [17/May/2023:15:21:21 -0300] "POST /cormun/servlet/prfichaempleado?b03e4b472089ab14676525e5ceffdd92,,MD,,gxPopupLevel%3D0%3B,gx-no-cache=1684346761801 HTTP/1.1" 500 10
190.171.149.90 - - [17/May/2023:15:21:28 -0300] "POST /cormun/servlet/solicitudot?gx-no-cache=1684346789294 HTTP/1.1" 200 41
190.171.149.90 - - [17/May/2023:15:21:28 -0300] "GET /cormun/servlet/solicitudot?e400fae48b45518a30991cdc17ddadb94ad36e576b84cfd051f5dcfc15b43c5cdc901ad8f6ec608baad7b035069251c12af518224f162f08f3a6d492d6e936484df683f7d22ecb93a6bba15310c74fa60c42815340d54142f32f69de540867d6c6844e4133a5ef893b7205b456180b3e,gx-no-cache=1684346789328 HTTP/1.1" 200 110
190.171.149.90 - - [17/May/2023:15:21:28 -0300] "POST /cormun/servlet/solicitudot?gx-no-cache=1684346789373 HTTP/1.1" 200 97
190.171.149.90 - - [17/May/2023:15:21:28 -0300] "GET /cormun/servlet/solicitudot?e400fae48b45518a30991cdc17ddadb9a8f0e9e6158d8374ce1edd60b66027673be27202048961479d5ff5fdf382e3bd0f3dd1c426b1430e78d847342f835cb80aac1116fee80c68c2c56cff7f482adc2463d0d3da61ca01550fcb3adc4c6f2407575bca57d6d14808ef396917da6c1794741a87d7bb695ad89c9e1d9e0e9c2cc091cda59ec633057e40b7c4a556059293067757b9c781819778e4e7fac73c5f,gx-no-cache=1684346789424 HTTP/1.1" 200 29
190.171.149.90 - - [17/May/2023:15:21:41 -0300] "GET /cormun/servlet/solicitudot?e400fae48b45518a30991cdc17ddadb94ad36e576b84cfd051f5dcfc15b43c5cdc901ad8f6ec608baad7b035069251c12af518224f162f08f3a6d492d6e936484df683f7d22ecb93a6bba15310c74fa60c42815340d54142f32f69de540867d6c6844e4133a5ef893b7205b456180b3e,gx-no-cache=1684346802584 HTTP/1.1" 200 110
190.171.143.90 - - [17/May/2023:15:21:41 -0300] "GET /cormun/servlet/trsolicitudot? HTTP/1.1" 200 7534
190.171.143.90 - - [17/May/2023:15:21:41 -0300] "GET /cormun/servlet/trsolicitudot? HTTP/1.1" 200 7533
190.171.143.90 - - [17/May/2023:15:21:46 -0300] "GET /cormun/servlet/solicitudot?INS,0,0,false, HTTP/1.1" 200 16165
190.171.143.90 - - [17/May/2023:15:21:47 -0300] "GET /cormun/servlet/solicitudot?INS,0,0,false, HTTP/1.1" 200 16173
186.67.172.234 - - [17/May/2023:15:21:57 -0300] "POST /cormun/servlet/trsolicitudadjuntos?04e5e64dbf99e47ef3606b1b4ac93c7a,2023,20195,,gx-no-cache=1684346788797 HTTP/1.1" 200 90
186.67.172.234 - - [17/May/2023:15:21:57 -0300] "GET /cormun/servlet/hpexe_link HTTP/1.1" 200 989
186.67.172.234 - - [17/May/2023:15:21:57 -0300] "GET /cormun/servlet/trsolicitudot?gx-no-cache=1684346662409 HTTP/1.1" 200 10077
186.67.172.234 - - [17/May/2023:15:21:58 -0300] "GET /cormun/servlet/trsolicitudot?gx-no-cache=1684346662409 HTTP/1.1" 200 10098
190.171.149.90 - - [17/May/2023:15:22:01 -0300] "GET /cormun/servlet/solicitudot?e400fae48b45518a30991cdc17ddadb920494fa0f5d8a291b3ad3123e9da1004f384faaf0566078501f2bab5cce488b9,gx-no-cache=1684346822666 HTTP/1.1" 200 30
186.67.172.234 - - [17/May/2023:15:22:04 -0300] "POST /cormun/servlet/trsolicitudot?04e5e64dbf99e47ef3606b1b4ac93c7a,gx-no-cache=1684346662409,gx-no-cache=1684346795125 HTTP/1.1" 200 7002
186.67.172.234 - - [17/May/2023:15:22:04 -0300] "GET /cormun/static/Shared/jqueryui/images/ui-icons_82798d_256x240.png HTTP/1.1" 404 1089
186.67.172.234 - - [17/May/2023:15:22:04 -0300] "GET /cormun/static/Shared/jqueryui/images/ui-bg_highlight-soft_100_c6c2c8_1x100.png HTTP/1.1" 404 1117
186.67.172.234 - - [17/May/2023:15:22:04 -0300] "GET /cormun/static/Shared/jqueryui/images/ui-bg_flat_55_fafafa_40x100.png HTTP/1.1" 404 1097
186.67.172.234 - - [17/May/2023:15:22:04 -0300] "GET /cormun/static/Shared/jqueryui/images/ui-icons_8d78a5_256x240.png HTTP/1.1" 404 1089
186.67.172.234 - - [17/May/2023:15:22:04 -0300] "POST /cormun/servlet/trsolicitudot?04e5e64dbf99e47ef3606b1b4ac93c7a,gx-no-cache=1684346662409,gx-no-cache=1684346795336 HTTP/1.1" 200 6947
186.67.172.234 - - [17/May/2023:15:22:07 -0300] "POST /cormun/servlet/trsolicitudot?04e5e64dbf99e47ef3606b1b4ac93c7a,gx-no-cache=1684346662409,gx-no-cache=1684346798981 HTTP/1.1" 200 106
186.67.172.234 - - [17/May/2023:15:22:08 -0300] "GET /cormun/servlet/trsolicitudadjuntos?2023,20193, HTTP/1.1" 200 6324
186.67.172.234 - - [17/May/2023:15:22:08 -0300] "GET /cormun/servlet/trsolicitudadjuntos?2023,20193, HTTP/1.1" 200 6301
186.67.172.234 - - [17/May/2023:15:22:10 -0300] "GET /cormun/servlet/solicitudotadjuntos?INS,2023,20193,,1, HTTP/1.1" 200 6245
186.67.172.234 - - [17/May/2023:15:22:10 -0300] "GET /cormun/static/about:blank HTTP/1.1" 404 1011
186.67.172.234 - - [17/May/2023:15:22:10 -0300] "GET /cormun/servlet/solicitudotadjuntos?INS,2023,20193,,1, HTTP/1.1" 200 6238
190.171.143.90 - - [17/May/2023:15:22:10 -0300] "POST /cormun/servlet/solicitudot?gx-no-cache=1684346802880 HTTP/1.1" 200 3961
186.67.172.234 - - [17/May/2023:15:22:10 -0300] "GET /cormun/servlet/solicitudotadjuntos?03613b150988045dc979dfbeaf273ee4d221674c45df9f6cdeceaeb6e767aea638499919d3cf8a6c98d3f24bd4ef78cf,gx-no-cache=1684346801992 HTTP/1.1" 200 30
190.171.143.90 - - [17/May/2023:15:22:11 -0300] "POST /cormun/servlet/solicitudot?be051745c98c4da5222401d9b4ecb4b5,INS,0,0,false,,gx-no-cache=1684346803025 HTTP/1.1" 200 12798
186.67.172.234 - - [17/May/2023:15:22:11 -0300] "POST /cormun/servlet/solicitudotadjuntos?04e5e64dbf99e47ef3606b1b4ac93c7a,INS,2023,20193,,1,,gx-no-cache=1684346802004 HTTP/1.1" 200 4189
186.67.172.234 - - [17/May/2023:15:22:12 -0300] "POST /cormun/servlet/solicitudotadjuntos?gx-no-cache=1684346803380 HTTP/1.1" 200 26
186.67.172.234 - - [17/May/2023:15:22:15 -0300] "GET /cormun/servlet/solicitudotadjuntos?03613b150988045dc979dfbeaf273ee4c357d1f5bc05f22966c3a43418b89087,gx-no-cache=1684346806650 HTTP/1.1" 200 30
186.67.172.234 - - [17/May/2023:15:22:15 -0300] "GET /cormun/servlet/solicitudotadjuntos?03613b150988045dc979dfbeaf273ee4c357d1f5bc05f22966c3a43418b89087,gx-no-cache=1684346806660 HTTP/1.1" 200 30
186.67.172.234 - - [17/May/2023:15:22:15 -0300] "POST /cormun/servlet/solicitudotadjuntos?04e5e64dbf99e47ef3606b1b4ac93c7a,INS,2023,20193,,1, HTTP/1.1" 200 116
186.67.172.234 - - [17/May/2023:15:22:15 -0300] "GET /cormun/servlet/hpexe_return? HTTP/1.1" 200 1026
186.67.172.234 - - [17/May/2023:15:22:16 -0300] "GET /cormun/servlet/trsolicitudadjuntos?2023,20193, HTTP/1.1" 200 9222
186.67.172.234 - - [17/May/2023:15:22:16 -0300] "GET /cormun/servlet/trsolicitudadjuntos?2023,20193, HTTP/1.1" 200 9221
190.171.143.90 - - [17/May/2023:15:22:17 -0300] "GET /cormun/servlet/solicitudot?422c38b607ce2bc3821a7d6fafb9123c452285785a1155e9cc7149171f4514258fc6d7c68d923d45cb2a55f617d95769,gx-no-cache=1684346810258 HTTP/1.1" 200 30
186.67.172.234 - - [17/May/2023:15:22:17 -0300] "GET /cormun/servlet/solicitudotadjuntos?INS,2023,20193,,1, HTTP/1.1" 200 6245
186.67.172.234 - - [17/May/2023:15:22:17 -0300] "GET /cormun/static/about:blank HTTP/1.1" 404 1011
186.67.172.234 - - [17/May/2023:15:22:18 -0300] "GET /cormun/servlet/solicitudotadjuntos?INS,2023,20193,,1, HTTP/1.1" 200 6238
186.67.172.234 - - [17/May/2023:15:22:18 -0300] "GET /cormun/servlet/solicitudotadjuntos?03613b150988045dc979dfbeaf273ee4d221674c45df9f6cdeceaeb6e767aea638499919d3cf8a6c98d3f24bd4ef78cf,gx-no-cache=1684346809484 HTTP/1.1" 200 30
186.67.172.234 - - [17/May/2023:15:22:18 -0300] "POST /cormun/servlet/solicitudotadjuntos?04e5e64dbf99e47ef3606b1b4ac93c7a,INS,2023,20193,,1,,gx-no-cache=1684346809496 HTTP/1.1" 200 4189
186.67.172.234 - - [17/May/2023:15:22:19 -0300] "POST /cormun/servlet/solicitudotadjuntos?gx-no-cache=1684346811002 HTTP/1.1" 200 26
186.67.172.234 - - [17/May/2023:15:22:22 -0300] "GET /cormun/servlet/solicitudotadjuntos?03613b150988045dc979dfbeaf273ee4c357d1f5bc05f22966c3a43418b89087,gx-no-cache=1684346813850 HTTP/1.1" 200 30
186.67.172.234 - - [17/May/2023:15:22:22 -0300] "GET /cormun/servlet/solicitudotadjuntos?03613b150988045dc979dfbeaf273ee4c357d1f5bc05f22966c3a43418b89087,gx-no-cache=1684346813860 HTTP/1.1" 200 30
186.67.172.234 - - [17/May/2023:15:22:22 -0300] "POST /cormun/servlet/solicitudotadjuntos?04e5e64dbf99e47ef3606b1b4ac93c7a,INS,2023,20193,,1, HTTP/1.1" 200 116
186.67.172.234 - - [17/May/2023:15:22:22 -0300] "GET /cormun/servlet/hpexe_return? HTTP/1.1" 200 1026
186.67.172.234 - - [17/May/2023:15:22:23 -0300] "GET /cormun/servlet/trsolicitudadjuntos?2023,20193, HTTP/1.1" 200 9453
186.67.172.234 - - [17/May/2023:15:22:23 -0300] "GET /cormun/servlet/trsolicitudadjuntos?2023,20193, HTTP/1.1" 200 9451
190.171.149.90 - - [17/May/2023:15:22:26 -0300] "POST /cormun/servlet/solicitudot?gx-no-cache=1684346847250 HTTP/1.1" 200 135
186.67.172.234 - - [17/May/2023:15:22:27 -0300] "GET /cormun/servlet/solicitudotadjuntos?INS,2023,20193,,1, HTTP/1.1" 200 6245
186.67.172.234 - - [17/May/2023:15:22:27 -0300] "GET /cormun/static/about:blank HTTP/1.1" 404 1011
186.67.172.234 - - [17/May/2023:15:22:27 -0300] "GET /cormun/servlet/solicitudotadjuntos?INS,2023,20193,,1, HTTP/1.1" 200 6238
186.67.172.234 - - [17/May/2023:15:22:28 -0300] "GET /cormun/servlet/solicitudotadjuntos?03613b150988045dc979dfbeaf273ee4d221674c45df9f6cdeceaeb6e767aea638499919d3cf8a6c98d3f24bd4ef78cf,gx-no-cache=1684346819213 HTTP/1.1" 200 30
186.67.172.234 - - [17/May/2023:15:22:28 -0300] "POST /cormun/servlet/solicitudotadjuntos?04e5e64dbf99e47ef3606b1b4ac93c7a,INS,2023,20193,,1,,gx-no-cache=1684346819233 HTTP/1.1" 200 4189
186.67.172.234 - - [17/May/2023:15:22:30 -0300] "POST /cormun/servlet/solicitudotadjuntos?gx-no-cache=1684346821434 HTTP/1.1" 200 26
190.171.149.90 - - [17/May/2023:15:22:43 -0300] "POST /cormun/servlet/solicitudot?gx-no-cache=1684346864462 HTTP/1.1" 200 146
190.171.149.90 - - [17/May/2023:15:22:52 -0300] "POST /cormun/servlet/solicitudot?gx-no-cache=1684346873650 HTTP/1.1" 200 146
186.67.172.234 - - [17/May/2023:15:23:07 -0300] "GET /cormun/servlet/solicitudotadjuntos?03613b150988045dc979dfbeaf273ee4c357d1f5bc05f22966c3a43418b89087,gx-no-cache=1684346858249 HTTP/1.1" 200 30
186.67.172.234 - - [17/May/2023:15:23:07 -0300] "GET /cormun/servlet/solicitudotadjuntos?03613b150988045dc979dfbeaf273ee4c357d1f5bc05f22966c3a43418b89087,gx-no-cache=1684346858264 HTTP/1.1" 200 30
186.67.172.234 - - [17/May/2023:15:23:07 -0300] "POST /cormun/servlet/solicitudotadjuntos?04e5e64dbf99e47ef3606b1b4ac93c7a,INS,2023,20193,,1, HTTP/1.1" 200 116
186.67.172.234 - - [17/May/2023:15:23:07 -0300] "GET /cormun/servlet/hpexe_return? HTTP/1.1" 200 1026
186.67.172.234 - - [17/May/2023:15:23:07 -0300] "GET /cormun/servlet/trsolicitudadjuntos?2023,20193, HTTP/1.1" 200 9680
186.67.172.234 - - [17/May/2023:15:23:08 -0300] "GET /cormun/servlet/trsolicitudadjuntos?2023,20193, HTTP/1.1" 200 9679
186.67.172.234 - - [17/May/2023:15:23:09 -0300] "GET /cormun/servlet/solicitudotadjuntos?INS,2023,20193,,1, HTTP/1.1" 200 6245
186.67.172.234 - - [17/May/2023:15:23:09 -0300] "GET /cormun/static/about:blank HTTP/1.1" 404 1011
186.67.172.234 - - [17/May/2023:15:23:09 -0300] "GET /cormun/servlet/solicitudotadjuntos?INS,2023,20193,,1, HTTP/1.1" 200 6238
186.67.172.234 - - [17/May/2023:15:23:10 -0300] "GET /cormun/servlet/solicitudotadjuntos?03613b150988045dc979dfbeaf273ee4d221674c45df9f6cdeceaeb6e767aea638499919d3cf8a6c98d3f24bd4ef78cf,gx-no-cache=1684346861272 HTTP/1.1" 200 30
186.67.172.234 - - [17/May/2023:15:23:10 -0300] "POST /cormun/servlet/solicitudotadjuntos?04e5e64dbf99e47ef3606b1b4ac93c7a,INS,2023,20193,,1,,gx-no-cache=1684346861283 HTTP/1.1" 200 4189
186.67.172.234 - - [17/May/2023:15:23:12 -0300] "POST /cormun/servlet/solicitudotadjuntos?gx-no-cache=1684346863338 HTTP/1.1" 200 26
190.171.149.90 - - [17/May/2023:15:23:13 -0300] "POST /cormun/servlet/solicitudot?gx-no-cache=1684346894219 HTTP/1.1" 200 146
186.67.172.234 - - [17/May/2023:15:23:15 -0300] "GET /cormun/servlet/solicitudotadjuntos?03613b150988045dc979dfbeaf273ee4c357d1f5bc05f22966c3a43418b89087,gx-no-cache=1684346867009 HTTP/1.1" 200 30
186.67.172.234 - - [17/May/2023:15:23:16 -0300] "GET /cormun/servlet/solicitudotadjuntos?03613b150988045dc979dfbeaf273ee4c357d1f5bc05f22966c3a43418b89087,gx-no-cache=1684346867020 HTTP/1.1" 200 30
186.67.172.234 - - [17/May/2023:15:23:16 -0300] "POST /cormun/servlet/solicitudotadjuntos?04e5e64dbf99e47ef3606b1b4ac93c7a,INS,2023,20193,,1, HTTP/1.1" 200 116
186.67.172.234 - - [17/May/2023:15:23:16 -0300] "GET /cormun/servlet/hpexe_return? HTTP/1.1" 200 1026
186.67.172.234 - - [17/May/2023:15:23:16 -0300] "GET /cormun/servlet/trsolicitudadjuntos?2023,20193, HTTP/1.1" 200 9962
186.67.172.234 - - [17/May/2023:15:23:16 -0300] "GET /cormun/servlet/trsolicitudadjuntos?2023,20193, HTTP/1.1" 200 9960
186.67.172.234 - - [17/May/2023:15:23:18 -0300] "GET /cormun/servlet/solicitudotadjuntos?INS,2023,20193,,1, HTTP/1.1" 200 6245
186.67.172.234 - - [17/May/2023:15:23:18 -0300] "GET /cormun/static/about:blank HTTP/1.1" 404 1011
186.67.172.234 - - [17/May/2023:15:23:18 -0300] "GET /cormun/servlet/solicitudotadjuntos?INS,2023,20193,,1, HTTP/1.1" 200 6238
186.67.172.234 - - [17/May/2023:15:23:18 -0300] "GET /cormun/servlet/solicitudotadjuntos?03613b150988045dc979dfbeaf273ee4d221674c45df9f6cdeceaeb6e767aea638499919d3cf8a6c98d3f24bd4ef78cf,gx-no-cache=1684346869950 HTTP/1.1" 200 30
186.67.172.234 - - [17/May/2023:15:23:19 -0300] "POST /cormun/servlet/solicitudotadjuntos?04e5e64dbf99e47ef3606b1b4ac93c7a,INS,2023,20193,,1,,gx-no-cache=1684346869962 HTTP/1.1" 200 4189
186.67.172.234 - - [17/May/2023:15:23:20 -0300] "POST /cormun/servlet/solicitudotadjuntos?gx-no-cache=1684346871817 HTTP/1.1" 200 26
190.171.149.90 - - [17/May/2023:15:23:21 -0300] "POST /cormun/servlet/solicitudot?gx-no-cache=1684346903109 HTTP/1.1" 200 135
186.67.172.234 - - [17/May/2023:15:23:25 -0300] "GET /cormun/servlet/solicitudotadjuntos?03613b150988045dc979dfbeaf273ee4c357d1f5bc05f22966c3a43418b89087,gx-no-cache=1684346876425 HTTP/1.1" 200 30
186.67.172.234 - - [17/May/2023:15:23:25 -0300] "GET /cormun/servlet/solicitudotadjuntos?03613b150988045dc979dfbeaf273ee4c357d1f5bc05f22966c3a43418b89087,gx-no-cache=1684346876436 HTTP/1.1" 200 30
186.67.172.234 - - [17/May/2023:15:23:25 -0300] "POST /cormun/servlet/solicitudotadjuntos?04e5e64dbf99e47ef3606b1b4ac93c7a,INS,2023,20193,,1, HTTP/1.1" 200 116
186.67.172.234 - - [17/May/2023:15:23:25 -0300] "GET /cormun/servlet/hpexe_return? HTTP/1.1" 200 1026
186.67.172.234 - - [17/May/2023:15:23:25 -0300] "GET /cormun/servlet/trsolicitudadjuntos?2023,20193, HTTP/1.1" 200 10286
186.67.172.234 - - [17/May/2023:15:23:26 -0300] "GET /cormun/servlet/trsolicitudadjuntos?2023,20193, HTTP/1.1" 200 10286
186.67.172.234 - - [17/May/2023:15:23:28 -0300] "GET /cormun/servlet/solicitudotadjuntos?INS,2023,20193,,1, HTTP/1.1" 200 6245
186.67.172.234 - - [17/May/2023:15:23:28 -0300] "GET /cormun/static/about:blank HTTP/1.1" 404 1011
186.67.172.234 - - [17/May/2023:15:23:28 -0300] "GET /cormun/servlet/solicitudotadjuntos?INS,2023,20193,,1, HTTP/1.1" 200 6238
186.67.172.234 - - [17/May/2023:15:23:28 -0300] "GET /cormun/servlet/solicitudotadjuntos?03613b150988045dc979dfbeaf273ee4d221674c45df9f6cdeceaeb6e767aea638499919d3cf8a6c98d3f24bd4ef78cf,gx-no-cache=1684346879866 HTTP/1.1" 200 30
186.67.172.234 - - [17/May/2023:15:23:28 -0300] "POST /cormun/servlet/solicitudotadjuntos?04e5e64dbf99e47ef3606b1b4ac93c7a,INS,2023,20193,,1,,gx-no-cache=1684346879877 HTTP/1.1" 200 4189
186.67.172.234 - - [17/May/2023:15:23:31 -0300] "POST /cormun/servlet/solicitudotadjuntos?gx-no-cache=1684346882978 HTTP/1.1" 200 26
186.67.172.234 - - [17/May/2023:15:23:36 -0300] "GET /cormun/servlet/solicitudotadjuntos?03613b150988045dc979dfbeaf273ee4c357d1f5bc05f22966c3a43418b89087,gx-no-cache=1684346887225 HTTP/1.1" 200 30
186.67.172.234 - - [17/May/2023:15:23:36 -0300] "GET /cormun/servlet/solicitudotadjuntos?03613b150988045dc979dfbeaf273ee4c357d1f5bc05f22966c3a43418b89087,gx-no-cache=1684346887244 HTTP/1.1" 200 30
186.67.172.234 - - [17/May/2023:15:23:38 -0300] "POST /cormun/servlet/solicitudotadjuntos?04e5e64dbf99e47ef3606b1b4ac93c7a,INS,2023,20193,,1, HTTP/1.1" 200 116
186.67.172.234 - - [17/May/2023:15:23:38 -0300] "GET /cormun/servlet/hpexe_return? HTTP/1.1" 200 1026
186.67.172.234 - - [17/May/2023:15:23:39 -0300] "GET /cormun/servlet/trsolicitudadjuntos?2023,20193, HTTP/1.1" 200 10485
186.67.172.234 - - [17/May/2023:15:23:40 -0300] "GET /cormun/servlet/trsolicitudadjuntos?2023,20193, HTTP/1.1" 200 10480
186.67.172.234 - - [17/May/2023:15:23:43 -0300] "POST /cormun/servlet/trsolicitudadjuntos?04e5e64dbf99e47ef3606b1b4ac93c7a,2023,20193,,gx-no-cache=1684346894187 HTTP/1.1" 200 90
186.67.172.234 - - [17/May/2023:15:23:43 -0300] "GET /cormun/servlet/hpexe_link HTTP/1.1" 200 989
186.67.172.234 - - [17/May/2023:15:23:43 -0300] "GET /cormun/servlet/trsolicitudot?gx-no-cache=1684346662409 HTTP/1.1" 200 9804
186.67.172.234 - - [17/May/2023:15:23:43 -0300] "GET /cormun/servlet/trsolicitudot?gx-no-cache=1684346662409 HTTP/1.1" 200 9823
186.67.172.234 - - [17/May/2023:15:23:47 -0300] "POST /cormun/servlet/trsolicitudot?04e5e64dbf99e47ef3606b1b4ac93c7a,gx-no-cache=1684346662409,gx-no-cache=1684346897933 HTTP/1.1" 200 6684
186.67.172.234 - - [17/May/2023:15:23:47 -0300] "GET /cormun/static/Shared/jqueryui/images/ui-icons_82798d_256x240.png HTTP/1.1" 404 1089
186.67.172.234 - - [17/May/2023:15:23:47 -0300] "GET /cormun/static/Shared/jqueryui/images/ui-bg_highlight-soft_100_c6c2c8_1x100.png HTTP/1.1" 404 1117
186.67.172.234 - - [17/May/2023:15:23:47 -0300] "GET /cormun/static/Shared/jqueryui/images/ui-bg_flat_55_fafafa_40x100.png HTTP/1.1" 404 1097
186.67.172.234 - - [17/May/2023:15:23:47 -0300] "GET /cormun/static/Shared/jqueryui/images/ui-icons_8d78a5_256x240.png HTTP/1.1" 404 1089
186.67.172.234 - - [17/May/2023:15:23:47 -0300] "POST /cormun/servlet/trsolicitudot?04e5e64dbf99e47ef3606b1b4ac93c7a,gx-no-cache=1684346662409,gx-no-cache=1684346898121 HTTP/1.1" 200 6628
190.171.149.90 - - [17/May/2023:15:23:48 -0300] "POST /cormun/servlet/solicitudot?gx-no-cache=1684346929796 HTTP/1.1" 200 145
186.67.172.234 - - [17/May/2023:15:23:50 -0300] "POST /cormun/servlet/trsolicitudot?04e5e64dbf99e47ef3606b1b4ac93c7a,gx-no-cache=1684346662409,gx-no-cache=1684346901621 HTTP/1.1" 200 106
186.67.172.234 - - [17/May/2023:15:23:50 -0300] "GET /cormun/servlet/trsolicitudadjuntos?2023,20191, HTTP/1.1" 200 6324
186.67.172.234 - - [17/May/2023:15:23:50 -0300] "GET /cormun/servlet/trsolicitudadjuntos?2023,20191, HTTP/1.1" 200 6302
186.67.172.234 - - [17/May/2023:15:23:53 -0300] "GET /cormun/servlet/solicitudotadjuntos?INS,2023,20191,,1, HTTP/1.1" 200 6245
186.67.172.234 - - [17/May/2023:15:23:53 -0300] "GET /cormun/static/about:blank HTTP/1.1" 404 1011
186.67.172.234 - - [17/May/2023:15:23:53 -0300] "GET /cormun/servlet/solicitudotadjuntos?INS,2023,20191,,1, HTTP/1.1" 200 6238
186.67.172.234 - - [17/May/2023:15:23:54 -0300] "GET /cormun/servlet/solicitudotadjuntos?03613b150988045dc979dfbeaf273ee40056977114184115039f32a52598a15a7e3c52920779f6dc37ad84124394290c,gx-no-cache=1684346905452 HTTP/1.1" 200 30
186.67.172.234 - - [17/May/2023:15:23:54 -0300] "POST /cormun/servlet/solicitudotadjuntos?04e5e64dbf99e47ef3606b1b4ac93c7a,INS,2023,20191,,1,,gx-no-cache=1684346905463 HTTP/1.1" 200 4155
186.67.172.234 - - [17/May/2023:15:23:55 -0300] "POST /cormun/servlet/solicitudotadjuntos?gx-no-cache=1684346906660 HTTP/1.1" 200 26
190.171.149.90 - - [17/May/2023:15:23:58 -0300] "POST /cormun/servlet/solicitudot?gx-no-cache=1684346939951 HTTP/1.1" 200 135
186.67.172.234 - - [17/May/2023:15:24:07 -0300] "GET /cormun/servlet/solicitudotadjuntos?03613b150988045dc979dfbeaf273ee4c357d1f5bc05f22966c3a43418b89087,gx-no-cache=1684346918906 HTTP/1.1" 200 30
186.67.172.234 - - [17/May/2023:15:24:08 -0300] "GET /cormun/servlet/solicitudotadjuntos?03613b150988045dc979dfbeaf273ee4c357d1f5bc05f22966c3a43418b89087,gx-no-cache=1684346919015 HTTP/1.1" 200 30
186.67.172.234 - - [17/May/2023:15:24:11 -0300] "POST /cormun/servlet/solicitudotadjuntos?04e5e64dbf99e47ef3606b1b4ac93c7a,INS,2023,20191,,1, HTTP/1.1" 200 116
186.67.172.234 - - [17/May/2023:15:24:11 -0300] "GET /cormun/servlet/hpexe_return? HTTP/1.1" 200 1026
186.67.172.234 - - [17/May/2023:15:24:11 -0300] "GET /cormun/servlet/trsolicitudadjuntos?2023,20191, HTTP/1.1" 200 9232
186.67.172.234 - - [17/May/2023:15:24:11 -0300] "GET /cormun/servlet/trsolicitudadjuntos?2023,20191, HTTP/1.1" 200 9231
186.67.172.234 - - [17/May/2023:15:24:13 -0300] "GET /cormun/servlet/solicitudotadjuntos?INS,2023,20191,,1, HTTP/1.1" 200 6245
186.67.172.234 - - [17/May/2023:15:24:13 -0300] "GET /cormun/static/about:blank HTTP/1.1" 404 1011
186.67.172.234 - - [17/May/2023:15:24:13 -0300] "GET /cormun/servlet/solicitudotadjuntos?INS,2023,20191,,1, HTTP/1.1" 200 6238
186.67.172.234 - - [17/May/2023:15:24:14 -0300] "GET /cormun/servlet/solicitudotadjuntos?03613b150988045dc979dfbeaf273ee40056977114184115039f32a52598a15a7e3c52920779f6dc37ad84124394290c,gx-no-cache=1684346924781 HTTP/1.1" 200 30
186.67.172.234 - - [17/May/2023:15:24:15 -0300] "POST /cormun/servlet/solicitudotadjuntos?04e5e64dbf99e47ef3606b1b4ac93c7a,INS,2023,20191,,1,,gx-no-cache=1684346925202 HTTP/1.1" 200 4155
186.67.172.234 - - [17/May/2023:15:24:16 -0300] "POST /cormun/servlet/solicitudotadjuntos?gx-no-cache=1684346927770 HTTP/1.1" 200 26
190.171.142.42 - - [17/May/2023:15:24:33 -0300] "GET /cormun/servlet/hlogin HTTP/1.1" 200 1719
190.171.149.90 - - [17/May/2023:15:24:37 -0300] "POST /cormun/servlet/solicitudot?gx-no-cache=1684346971706 HTTP/1.1" 200 135
190.171.142.42 - - [17/May/2023:15:24:41 -0300] "POST /cormun/servlet/hlogin?2ce0a733f1bdb9d42577d4643fdd5e6c,gx-no-cache=1684346950063 HTTP/1.1" 200 90
190.171.142.42 - - [17/May/2023:15:24:41 -0300] "GET /cormun/servlet/hpexe_link HTTP/1.1" 200 950
190.171.142.42 - - [17/May/2023:15:24:41 -0300] "GET /cormun/servlet/hhome HTTP/1.1" 200 4266
190.171.142.42 - - [17/May/2023:15:24:41 -0300] "GET /cormun/servlet/hhome HTTP/1.1" 200 4262
186.67.172.234 - - [17/May/2023:15:24:42 -0300] "POST /cormun/servlet/solicitudotadjuntos?04e5e64dbf99e47ef3606b1b4ac93c7a,INS,2023,20191,,1, HTTP/1.1" 200 116
186.67.172.234 - - [17/May/2023:15:24:42 -0300] "GET /cormun/servlet/hpexe_return? HTTP/1.1" 200 1026
186.67.172.234 - - [17/May/2023:15:24:43 -0300] "GET /cormun/servlet/trsolicitudadjuntos?2023,20191, HTTP/1.1" 200 9232
186.67.172.234 - - [17/May/2023:15:24:43 -0300] "GET /cormun/servlet/trsolicitudadjuntos?2023,20191, HTTP/1.1" 200 9231
190.171.142.42 - - [17/May/2023:15:24:44 -0300] "GET /cormun/servlet/trpermisosgoce? HTTP/1.1" 200 13043
190.171.142.42 - - [17/May/2023:15:24:44 -0300] "GET /cormun/servlet/trpermisosgoce? HTTP/1.1" 200 13041
186.67.172.234 - - [17/May/2023:15:24:46 -0300] "GET /cormun/servlet/solicitudotadjuntos?INS,2023,20191,,1, HTTP/1.1" 200 6245
186.67.172.234 - - [17/May/2023:15:24:47 -0300] "GET /cormun/static/about:blank HTTP/1.1" 404 1011
186.67.172.234 - - [17/May/2023:15:24:47 -0300] "GET /cormun/servlet/solicitudotadjuntos?INS,2023,20191,,1, HTTP/1.1" 200 6238
190.171.142.42 - - [17/May/2023:15:24:47 -0300] "GET /cormun/servlet/permisogoce?INS,0,,, HTTP/1.1" 200 7154
190.171.142.42 - - [17/May/2023:15:24:47 -0300] "GET /cormun/servlet/permisogoce?INS,0,,, HTTP/1.1" 200 7154
186.67.172.234 - - [17/May/2023:15:24:47 -0300] "GET /cormun/servlet/solicitudotadjuntos?03613b150988045dc979dfbeaf273ee40056977114184115039f32a52598a15a7e3c52920779f6dc37ad84124394290c,gx-no-cache=1684346958607 HTTP/1.1" 200 30
186.67.172.234 - - [17/May/2023:15:24:47 -0300] "POST /cormun/servlet/solicitudotadjuntos?04e5e64dbf99e47ef3606b1b4ac93c7a,INS,2023,20191,,1,,gx-no-cache=1684346958618 HTTP/1.1" 200 4155
186.67.172.234 - - [17/May/2023:15:24:50 -0300] "POST /cormun/servlet/solicitudotadjuntos?gx-no-cache=1684346961466 HTTP/1.1" 200 26
190.171.149.90 - - [17/May/2023:15:24:51 -0300] "POST /cormun/servlet/solicitudot?gx-no-cache=1684346992999 HTTP/1.1" 200 122
190.171.149.90 - - [17/May/2023:15:24:51 -0300] "GET /cormun/servlet/solicitudot?e400fae48b45518a30991cdc17ddadb94ad36e576b84cfd051f5dcfc15b43c5cdc901ad8f6ec608baad7b035069251c12af518224f162f08f3a6d492d6e936484df683f7d22ecb93a6bba15310c74fa60c42815340d54142f32f69de540867d6c6844e4133a5ef893b7205b456180b3e,gx-no-cache=1684346993038 HTTP/1.1" 200 110
190.171.142.42 - - [17/May/2023:15:24:53 -0300] "GET /cormun/servlet/permisogoce?cbd31f10b34984a7f00b9d17da0d8c0d7b6fbc60f0d2d1d3ddd0b9c1a1f697b8537dea6005d8f26dfc3ee26dd94ccfa5558f57234a1a67bd84028f8e972555fb,gx-no-cache=1684346962405 HTTP/1.1" 200 74
190.171.142.42 - - [17/May/2023:15:24:53 -0300] "GET /cormun/static/menuarrow.gif HTTP/1.1" 404 1015
186.67.172.234 - - [17/May/2023:15:24:54 -0300] "GET /cormun/servlet/solicitudotadjuntos?03613b150988045dc979dfbeaf273ee4c357d1f5bc05f22966c3a43418b89087,gx-no-cache=1684346965194 HTTP/1.1" 200 30
186.67.172.234 - - [17/May/2023:15:24:54 -0300] "GET /cormun/servlet/solicitudotadjuntos?03613b150988045dc979dfbeaf273ee4c357d1f5bc05f22966c3a43418b89087,gx-no-cache=1684346965214 HTTP/1.1" 200 30
186.67.172.234 - - [17/May/2023:15:24:55 -0300] "POST /cormun/servlet/solicitudotadjuntos?04e5e64dbf99e47ef3606b1b4ac93c7a,INS,2023,20191,,1, HTTP/1.1" 200 116
186.67.172.234 - - [17/May/2023:15:24:55 -0300] "GET /cormun/servlet/hpexe_return? HTTP/1.1" 200 1026
186.67.172.234 - - [17/May/2023:15:24:56 -0300] "GET /cormun/servlet/trsolicitudadjuntos?2023,20191, HTTP/1.1" 200 9495
186.67.172.234 - - [17/May/2023:15:24:56 -0300] "GET /cormun/servlet/trsolicitudadjuntos?2023,20191, HTTP/1.1" 200 9492
186.67.172.234 - - [17/May/2023:15:24:57 -0300] "GET /cormun/servlet/solicitudotadjuntos?INS,2023,20191,,1, HTTP/1.1" 200 6245
186.67.172.234 - - [17/May/2023:15:24:57 -0300] "GET /cormun/static/about:blank HTTP/1.1" 404 1011
190.171.149.90 - - [17/May/2023:15:24:57 -0300] "POST /cormun/servlet/solicitudot?gx-no-cache=1684346999134 HTTP/1.1" 200 41
