190.171.143.106 - - [15/May/2023:12:49:08 -0300] "GET /cormun/servlet/solicitudot?c2d08236db02c20ff4f13df76cd9be579cd5c07712d8a4db01961a2a6ea416a7b6fac3b1af0ae62137360e9ecc0101372880bb9bfbafeb3ceb7dfd2a394bb2c9bd84a0392cfa406d4bb012b2e8c691428b33c8b80042373498f0367ef53d754afcc179ec13d05120654440dca2c8551d,gx-no-cache=1684165035520 HTTP/1.1" 200 29
190.171.143.106 - - [15/May/2023:12:49:11 -0300] "GET /cormun/static/menuarrow.gif HTTP/1.1" 404 1015
190.171.143.106 - - [15/May/2023:12:49:15 -0300] "GET /cormun/servlet/solicitudot?c2d08236db02c20ff4f13df76cd9be5740aa482d94081932626ecfcc24f70ae8e9058bb0874efba3ab936238743a1c2e,gx-no-cache=1684165042016 HTTP/1.1" 200 30
190.171.143.106 - - [15/May/2023:12:49:15 -0300] "POST /cormun/servlet/solicitudot?gx-no-cache=1684165042046 HTTP/1.1" 200 34
190.171.143.106 - - [15/May/2023:12:49:49 -0300] "GET /cormun/servlet/solicitudot?c2d08236db02c20ff4f13df76cd9be57f15ac45f115c42bad278916c20140664a239449121a94107be8ca012f61e2d20eb9240cbf0d26805a8a53392eaf0c24f,gx-no-cache=1684165076024 HTTP/1.1" 200 30
190.171.143.106 - - [15/May/2023:12:49:49 -0300] "GET /cormun/servlet/solicitudot?c2d08236db02c20ff4f13df76cd9be57de1d769bf078ef12eebb799c6f6e565c21fc6cd23b306d8761ee68bc40eb902090ad21d0422ff615508d6dfecf2dc6a876e0d09bc6f10fc77f56cd78e42f0779ca8765b37beaa5616a99a674053c950293264c594da8cce437fb01a6999bf237b840402a3f974bf4e6defdf890a6add8c84451e4756306392516ab85f20d778bb3ec63a3a4b69debcd136fb33a1ba20364138404d683b9d5df7552c408e62ea12a070cbeed19c2b864b16d7094a64156f5172b1789cc95510ce11fa0e19019ecf8f328408a236328016c0e3a9964a7b1bec228fee52426ee355b6e6c211cd9af6b0b58bab5aa490dbf5f75c87fc23e15ecf803049c22f87672aca5e46e0dc707b4aa9d5172948e58e4f36a5b10f6ccebcb88b5bb764c10484214d9847fb11ffbd083249b612bce9f4bdef8e9972546caa5249c6c96943de0c6f7e98ab4061d3cfdc13ef98b9bac3ec673ed5ebe922f2fc50f589d69e8645b591eee70421898334531ffd844da605e1f224efa338606f9,gx-no-cache=1684165076048 HTTP/1.1" 200 30
190.171.143.106 - - [15/May/2023:12:49:49 -0300] "POST /cormun/servlet/solicitudot?gx-no-cache=1684165076066 HTTP/1.1" 200 30
190.171.143.106 - - [15/May/2023:12:49:49 -0300] "POST /cormun/servlet/solicitudot?gx-no-cache=1684165076087 HTTP/1.1" 200 1469
190.171.143.106 - - [15/May/2023:12:49:49 -0300] "POST /cormun/servlet/solicitudot?gx-no-cache=1684165076153 HTTP/1.1" 200 41
190.171.143.106 - - [15/May/2023:12:49:49 -0300] "GET /cormun/servlet/solicitudot?c2d08236db02c20ff4f13df76cd9be571a00d8520f7eadb1c55a01b1805ed15e1a8ff0e3109c55809fcaff58f4fc608de691e5ba576a11dab17ff1ce6cdea4e86ead5ebdc38cd697f925c8fd0dd11dee0c4ae05611f0f6f5a12ae391a0e5e0cc258778773e98b952c966bf042566f96d,gx-no-cache=1684165076171 HTTP/1.1" 200 110
190.171.143.106 - - [15/May/2023:12:49:49 -0300] "POST /cormun/servlet/solicitudot?gx-no-cache=1684165076190 HTTP/1.1" 200 110
190.171.143.106 - - [15/May/2023:12:49:49 -0300] "GET /cormun/servlet/solicitudot?c2d08236db02c20ff4f13df76cd9be5740aa482d94081932626ecfcc24f70ae8e9058bb0874efba3ab936238743a1c2e,gx-no-cache=1684165076210 HTTP/1.1" 200 30
190.171.143.106 - - [15/May/2023:12:49:49 -0300] "POST /cormun/servlet/solicitudot?gx-no-cache=1684165076234 HTTP/1.1" 200 34
190.171.149.90 - - [15/May/2023:12:50:07 -0300] "GET /cormun/servlet/trlicencias? HTTP/1.1" 200 6052
190.171.149.90 - - [15/May/2023:12:50:07 -0300] "GET /cormun/servlet/hlogin HTTP/1.1" 200 1739
190.171.149.90 - - [15/May/2023:12:50:07 -0300] "GET /cormun/servlet/trlicencias? HTTP/1.1" 200 6046
40.77.167.84 - - [15/May/2023:12:50:13 -0300] "GET /cormun/servlet/hpexe_return HTTP/1.1" 200 979
190.171.143.106 - - [15/May/2023:12:50:13 -0300] "POST /cormun/servlet/solicitudot?ec078fe09a948a21bc9821857e250264,INS,0,0,false,,gx-no-cache=1684165099876 HTTP/1.1" 200 93
190.171.143.106 - - [15/May/2023:12:50:13 -0300] "GET /cormun/servlet/hpexe_return? HTTP/1.1" 200 1011
190.171.143.106 - - [15/May/2023:12:50:13 -0300] "GET /cormun/static/hpexe_return.js?20221129846037 HTTP/1.1" 200 1633
190.171.143.106 - - [15/May/2023:12:50:13 -0300] "GET /cormun/static/gxcfg.js?20221129846035 HTTP/1.1" 200 953
190.171.143.106 - - [15/May/2023:12:50:13 -0300] "GET /cormun/servlet/trsolicitudot HTTP/1.1" 200 8907
40.77.167.84 - - [15/May/2023:12:50:13 -0300] "GET /cormun/servlet/trsolicitudot HTTP/1.1" 200 6309
190.171.143.106 - - [15/May/2023:12:50:14 -0300] "GET /cormun//static/Resources/PXToolsActionView.png HTTP/1.1" 200 398
190.171.143.106 - - [15/May/2023:12:50:14 -0300] "GET /cormun//static/Resources/PXToolsGridUpdate.png HTTP/1.1" 200 470
190.171.143.106 - - [15/May/2023:12:50:14 -0300] "GET /cormun//static/Resources/PXToolsGridDelete.png HTTP/1.1" 200 538
190.171.143.106 - - [15/May/2023:12:50:14 -0300] "GET /cormun//static/Resources/PXToolsRemoveAllAction.png HTTP/1.1" 200 487
190.171.143.106 - - [15/May/2023:12:50:14 -0300] "GET /cormun/servlet/trsolicitudot HTTP/1.1" 200 8903
190.171.143.106 - - [15/May/2023:12:50:54 -0300] "POST /cormun/servlet/trsolicitudot?ec078fe09a948a21bc9821857e250264,gx-no-cache=1684165141073 HTTP/1.1" 200 107
190.171.143.106 - - [15/May/2023:12:50:54 -0300] "GET /cormun/servlet/trsolicitudadjuntos?2023,20162, HTTP/1.1" 200 6360
190.171.143.106 - - [15/May/2023:12:50:54 -0300] "GET /cormun/static/gxcfg.js?20201215574222 HTTP/1.1" 200 953
190.171.143.106 - - [15/May/2023:12:50:54 -0300] "GET /cormun/static/Resources/PXToolsGridNew.png HTTP/1.1" 200 427
190.171.143.106 - - [15/May/2023:12:50:54 -0300] "GET /cormun/static/trsolicitudadjuntos.js?20201215574932 HTTP/1.1" 200 17921
190.171.143.106 - - [15/May/2023:12:50:54 -0300] "GET /cormun/servlet/trsolicitudadjuntos?2023,20162, HTTP/1.1" 200 6360
190.171.143.106 - - [15/May/2023:12:50:59 -0300] "GET /cormun/servlet/trsolicitudot HTTP/1.1" 200 8907
190.171.143.106 - - [15/May/2023:12:50:59 -0300] "GET /cormun/servlet/trsolicitudot HTTP/1.1" 200 8903
190.171.143.106 - - [15/May/2023:12:52:21 -0300] "GET /cormun/servlet/trautorizarsolicitud? HTTP/1.1" 200 7371
190.171.143.106 - - [15/May/2023:12:52:21 -0300] "GET /cormun/static/gxcfg.js?202211298474254 HTTP/1.1" 200 953
190.171.143.106 - - [15/May/2023:12:52:21 -0300] "GET /cormun/static/trautorizarsolicitud.js?202211298474588 HTTP/1.1" 200 53909
190.171.143.106 - - [15/May/2023:12:52:21 -0300] "GET /cormun/servlet/trautorizarsolicitud? HTTP/1.1" 200 7371
190.171.143.106 - - [15/May/2023:12:52:26 -0300] "GET /cormun/servlet/trsolicitudot HTTP/1.1" 200 8903
190.171.143.106 - - [15/May/2023:12:52:26 -0300] "GET /cormun/servlet/trsolicitudot HTTP/1.1" 200 8903
190.171.149.74 - - [15/May/2023:12:52:34 -0300] "GET /cormun/servlet/hlogin HTTP/1.1" 200 1725
190.171.143.106 - - [15/May/2023:12:52:34 -0300] "POST /cormun/servlet/trsolicitudot?ec078fe09a948a21bc9821857e250264,gx-no-cache=1684165241351 HTTP/1.1" 200 107
190.171.143.106 - - [15/May/2023:12:52:34 -0300] "GET /cormun/servlet/trsolicitudadjuntos?2023,20162, HTTP/1.1" 200 6360
190.171.143.106 - - [15/May/2023:12:52:35 -0300] "GET /cormun/servlet/trsolicitudadjuntos?2023,20162, HTTP/1.1" 200 6360
190.171.149.74 - - [15/May/2023:12:52:40 -0300] "POST /cormun/servlet/hlogin?e23320c7ec8eb7a860d71c2d66ed5ac9,gx-no-cache=1684165027775 HTTP/1.1" 200 90
190.171.149.74 - - [15/May/2023:12:52:40 -0300] "GET /cormun/servlet/hpexe_link HTTP/1.1" 200 954
190.171.149.74 - - [15/May/2023:12:52:40 -0300] "GET /cormun/servlet/hhome HTTP/1.1" 200 3982
190.171.143.106 - - [15/May/2023:12:52:40 -0300] "GET /cormun/servlet/solicitudotadjuntos?INS,2023,20162,,1, HTTP/1.1" 200 6304
190.171.143.106 - - [15/May/2023:12:52:40 -0300] "GET /cormun/static/gxcfg.js?202211298385187 HTTP/1.1" 200 953
190.171.143.106 - - [15/May/2023:12:52:40 -0300] "GET /cormun/static/solicitudotadjuntos.js?202211298385196 HTTP/1.1" 200 11771
190.171.143.106 - - [15/May/2023:12:52:40 -0300] "GET /cormun/static/about:blank HTTP/1.1" 404 1011
190.171.149.74 - - [15/May/2023:12:52:40 -0300] "GET /cormun/servlet/hhome HTTP/1.1" 200 3978
190.171.143.106 - - [15/May/2023:12:52:40 -0300] "GET /cormun/servlet/solicitudotadjuntos?INS,2023,20162,,1, HTTP/1.1" 200 6298
190.171.143.106 - - [15/May/2023:12:52:41 -0300] "GET /cormun/servlet/solicitudotadjuntos?c2d08236db02c20ff4f13df76cd9be57fcb739175cdebcd12e52a8a41ac90433d4f723fe8a73dce09c0f4224bb6bd1c1,gx-no-cache=1684165247621 HTTP/1.1" 200 30
190.171.143.106 - - [15/May/2023:12:52:41 -0300] "POST /cormun/servlet/solicitudotadjuntos?ec078fe09a948a21bc9821857e250264,INS,2023,20162,,1,,gx-no-cache=1684165247649 HTTP/1.1" 200 4190
190.171.149.74 - - [15/May/2023:12:52:43 -0300] "GET /cormun/servlet/trlicencias? HTTP/1.1" 200 10756
190.171.149.74 - - [15/May/2023:12:52:43 -0300] "GET /cormun/servlet/trlicencias? HTTP/1.1" 200 10753
190.171.143.106 - - [15/May/2023:12:52:50 -0300] "POST /cormun/servlet/solicitudotadjuntos?gx-no-cache=1684165256710 HTTP/1.1" 200 26
190.171.143.106 - - [15/May/2023:12:53:01 -0300] "GET /cormun/servlet/solicitudotadjuntos?c2d08236db02c20ff4f13df76cd9be5724a2a33ea5c070b653aaccb048a78eb3,gx-no-cache=1684165267859 HTTP/1.1" 200 30
190.171.143.106 - - [15/May/2023:12:53:01 -0300] "GET /cormun/servlet/solicitudotadjuntos?c2d08236db02c20ff4f13df76cd9be5724a2a33ea5c070b653aaccb048a78eb3,gx-no-cache=1684165267871 HTTP/1.1" 200 30
190.171.143.106 - - [15/May/2023:12:53:01 -0300] "POST /cormun/servlet/solicitudotadjuntos?ec078fe09a948a21bc9821857e250264,INS,2023,20162,,1, HTTP/1.1" 200 116
190.171.143.106 - - [15/May/2023:12:53:01 -0300] "GET /cormun/servlet/hpexe_return? HTTP/1.1" 200 1028
190.171.143.106 - - [15/May/2023:12:53:01 -0300] "GET /cormun/servlet/trsolicitudadjuntos?2023,20162, HTTP/1.1" 200 9299
190.171.143.106 - - [15/May/2023:12:53:01 -0300] "GET /cormun/servlet/trsolicitudadjuntos?2023,20162, HTTP/1.1" 200 9298
190.171.149.74 - - [15/May/2023:12:53:04 -0300] "GET /cormun/servlet/trsolicitudot? HTTP/1.1" 200 7197
190.171.149.74 - - [15/May/2023:12:53:05 -0300] "GET /cormun/servlet/trsolicitudot? HTTP/1.1" 200 7197
190.171.143.106 - - [15/May/2023:12:53:06 -0300] "GET /cormun/servlet/solicitudotadjuntos?INS,2023,20162,,1, HTTP/1.1" 200 6304
190.171.143.106 - - [15/May/2023:12:53:07 -0300] "GET /cormun/static/about:blank HTTP/1.1" 404 1011
190.171.143.106 - - [15/May/2023:12:53:07 -0300] "GET /cormun/servlet/solicitudotadjuntos?INS,2023,20162,,1, HTTP/1.1" 200 6298
190.171.143.106 - - [15/May/2023:12:53:07 -0300] "GET /cormun/servlet/solicitudotadjuntos?c2d08236db02c20ff4f13df76cd9be57fcb739175cdebcd12e52a8a41ac90433d4f723fe8a73dce09c0f4224bb6bd1c1,gx-no-cache=1684165274202 HTTP/1.1" 200 30
190.171.143.106 - - [15/May/2023:12:53:07 -0300] "POST /cormun/servlet/solicitudotadjuntos?ec078fe09a948a21bc9821857e250264,INS,2023,20162,,1,,gx-no-cache=1684165274223 HTTP/1.1" 200 4190
190.171.143.106 - - [15/May/2023:12:53:10 -0300] "POST /cormun/servlet/solicitudotadjuntos?gx-no-cache=1684165276907 HTTP/1.1" 200 26
190.171.143.106 - - [15/May/2023:12:53:19 -0300] "GET /cormun/servlet/solicitudotadjuntos?c2d08236db02c20ff4f13df76cd9be5724a2a33ea5c070b653aaccb048a78eb3,gx-no-cache=1684165285682 HTTP/1.1" 200 30
190.171.143.106 - - [15/May/2023:12:53:19 -0300] "GET /cormun/servlet/solicitudotadjuntos?c2d08236db02c20ff4f13df76cd9be5724a2a33ea5c070b653aaccb048a78eb3,gx-no-cache=1684165285698 HTTP/1.1" 200 30
190.171.143.106 - - [15/May/2023:12:53:19 -0300] "POST /cormun/servlet/solicitudotadjuntos?ec078fe09a948a21bc9821857e250264,INS,2023,20162,,1, HTTP/1.1" 200 116
190.171.143.106 - - [15/May/2023:12:53:19 -0300] "GET /cormun/servlet/hpexe_return? HTTP/1.1" 200 1028
190.171.143.106 - - [15/May/2023:12:53:19 -0300] "GET /cormun/servlet/trsolicitudadjuntos?2023,20162, HTTP/1.1" 200 9548
190.171.143.106 - - [15/May/2023:12:53:19 -0300] "GET /cormun/servlet/trsolicitudadjuntos?2023,20162, HTTP/1.1" 200 9546
190.171.149.74 - - [15/May/2023:12:53:20 -0300] "GET /cormun/servlet/solicitudot?INS,0,0,false, HTTP/1.1" 200 15835
190.171.149.74 - - [15/May/2023:12:53:21 -0300] "GET /cormun/servlet/solicitudot?INS,0,0,false, HTTP/1.1" 200 15843
190.171.143.106 - - [15/May/2023:12:53:23 -0300] "GET /cormun/servlet/solicitudotadjuntos?INS,2023,20162,,1, HTTP/1.1" 200 6304
190.171.143.106 - - [15/May/2023:12:53:23 -0300] "GET /cormun/static/about:blank HTTP/1.1" 404 1011
190.171.143.106 - - [15/May/2023:12:53:23 -0300] "GET /cormun/servlet/solicitudotadjuntos?INS,2023,20162,,1, HTTP/1.1" 200 6298
190.171.143.106 - - [15/May/2023:12:53:24 -0300] "GET /cormun/servlet/solicitudotadjuntos?c2d08236db02c20ff4f13df76cd9be57fcb739175cdebcd12e52a8a41ac90433d4f723fe8a73dce09c0f4224bb6bd1c1,gx-no-cache=1684165290815 HTTP/1.1" 200 30
190.171.143.106 - - [15/May/2023:12:53:24 -0300] "POST /cormun/servlet/solicitudotadjuntos?ec078fe09a948a21bc9821857e250264,INS,2023,20162,,1,,gx-no-cache=1684165290834 HTTP/1.1" 200 4189
190.171.143.106 - - [15/May/2023:12:53:29 -0300] "POST /cormun/servlet/solicitudotadjuntos?gx-no-cache=1684165296155 HTTP/1.1" 200 26
190.171.149.74 - - [15/May/2023:12:53:33 -0300] "POST /cormun/servlet/solicitudot?gx-no-cache=1684165081456 HTTP/1.1" 200 3961
190.171.149.74 - - [15/May/2023:12:53:33 -0300] "POST /cormun/servlet/solicitudot?e23320c7ec8eb7a860d71c2d66ed5ac9,INS,0,0,false,,gx-no-cache=1684165081607 HTTP/1.1" 200 12511
190.171.149.74 - - [15/May/2023:12:53:36 -0300] "GET /cormun/servlet/solicitudot?d1d31922450d4d01293130f546507cfcfda9c27259c15934b21f313c5163199958944fde76c23c117652a409ba273035,gx-no-cache=1684165083986 HTTP/1.1" 200 30
190.171.143.106 - - [15/May/2023:12:53:36 -0300] "GET /cormun/servlet/solicitudotadjuntos?c2d08236db02c20ff4f13df76cd9be5724a2a33ea5c070b653aaccb048a78eb3,gx-no-cache=1684165303123 HTTP/1.1" 200 30
190.171.143.106 - - [15/May/2023:12:53:36 -0300] "GET /cormun/servlet/solicitudotadjuntos?c2d08236db02c20ff4f13df76cd9be5724a2a33ea5c070b653aaccb048a78eb3,gx-no-cache=1684165303134 HTTP/1.1" 200 30
190.171.143.106 - - [15/May/2023:12:53:36 -0300] "POST /cormun/servlet/solicitudotadjuntos?ec078fe09a948a21bc9821857e250264,INS,2023,20162,,1, HTTP/1.1" 200 116
190.171.143.106 - - [15/May/2023:12:53:36 -0300] "GET /cormun/servlet/hpexe_return? HTTP/1.1" 200 1028
190.171.143.106 - - [15/May/2023:12:53:36 -0300] "GET /cormun/servlet/trsolicitudadjuntos?2023,20162, HTTP/1.1" 200 9778
190.171.143.106 - - [15/May/2023:12:53:37 -0300] "GET /cormun/servlet/trsolicitudadjuntos?2023,20162, HTTP/1.1" 200 9779
190.171.143.106 - - [15/May/2023:12:53:44 -0300] "GET /cormun/servlet/solicitudotadjuntos?INS,2023,20162,,1, HTTP/1.1" 200 6304
190.171.143.106 - - [15/May/2023:12:53:44 -0300] "GET /cormun/static/about:blank HTTP/1.1" 404 1011
190.171.143.106 - - [15/May/2023:12:53:44 -0300] "GET /cormun/servlet/solicitudotadjuntos?INS,2023,20162,,1, HTTP/1.1" 200 6298
190.171.143.106 - - [15/May/2023:12:53:44 -0300] "GET /cormun/servlet/solicitudotadjuntos?c2d08236db02c20ff4f13df76cd9be57fcb739175cdebcd12e52a8a41ac90433d4f723fe8a73dce09c0f4224bb6bd1c1,gx-no-cache=1684165311357 HTTP/1.1" 200 30
190.171.143.106 - - [15/May/2023:12:53:44 -0300] "POST /cormun/servlet/solicitudotadjuntos?ec078fe09a948a21bc9821857e250264,INS,2023,20162,,1,,gx-no-cache=1684165311382 HTTP/1.1" 200 4189
190.171.143.106 - - [15/May/2023:12:53:50 -0300] "POST /cormun/servlet/solicitudotadjuntos?gx-no-cache=1684165317075 HTTP/1.1" 200 26
190.171.143.106 - - [15/May/2023:12:53:57 -0300] "GET /cormun/servlet/solicitudotadjuntos?c2d08236db02c20ff4f13df76cd9be5724a2a33ea5c070b653aaccb048a78eb3,gx-no-cache=1684165324619 HTTP/1.1" 200 30
190.171.143.106 - - [15/May/2023:12:53:58 -0300] "GET /cormun/servlet/solicitudotadjuntos?c2d08236db02c20ff4f13df76cd9be5724a2a33ea5c070b653aaccb048a78eb3,gx-no-cache=1684165324630 HTTP/1.1" 200 30
190.171.143.106 - - [15/May/2023:12:53:58 -0300] "POST /cormun/servlet/solicitudotadjuntos?ec078fe09a948a21bc9821857e250264,INS,2023,20162,,1, HTTP/1.1" 200 116
190.171.143.106 - - [15/May/2023:12:53:58 -0300] "GET /cormun/servlet/hpexe_return? HTTP/1.1" 200 1028
190.171.143.106 - - [15/May/2023:12:53:58 -0300] "GET /cormun/servlet/trsolicitudadjuntos?2023,20162, HTTP/1.1" 200 10023
190.171.143.106 - - [15/May/2023:12:53:58 -0300] "GET /cormun/servlet/trsolicitudadjuntos?2023,20162, HTTP/1.1" 200 10021
190.171.143.106 - - [15/May/2023:12:54:02 -0300] "GET /cormun/servlet/solicitudotadjuntos?INS,2023,20162,,1, HTTP/1.1" 200 6304
190.171.143.106 - - [15/May/2023:12:54:02 -0300] "GET /cormun/static/about:blank HTTP/1.1" 404 1011
190.171.143.106 - - [15/May/2023:12:54:02 -0300] "GET /cormun/servlet/solicitudotadjuntos?INS,2023,20162,,1, HTTP/1.1" 200 6298
190.171.143.106 - - [15/May/2023:12:54:02 -0300] "GET /cormun/servlet/solicitudotadjuntos?c2d08236db02c20ff4f13df76cd9be57fcb739175cdebcd12e52a8a41ac90433d4f723fe8a73dce09c0f4224bb6bd1c1,gx-no-cache=1684165329342 HTTP/1.1" 200 30
190.171.143.106 - - [15/May/2023:12:54:02 -0300] "POST /cormun/servlet/solicitudotadjuntos?ec078fe09a948a21bc9821857e250264,INS,2023,20162,,1,,gx-no-cache=1684165329363 HTTP/1.1" 200 4189
190.171.143.106 - - [15/May/2023:12:54:07 -0300] "POST /cormun/servlet/solicitudotadjuntos?gx-no-cache=1684165333842 HTTP/1.1" 200 26
190.171.143.106 - - [15/May/2023:12:54:15 -0300] "GET /cormun/servlet/solicitudotadjuntos?c2d08236db02c20ff4f13df76cd9be5724a2a33ea5c070b653aaccb048a78eb3,gx-no-cache=1684165341754 HTTP/1.1" 200 30
190.171.143.106 - - [15/May/2023:12:54:15 -0300] "GET /cormun/servlet/solicitudotadjuntos?c2d08236db02c20ff4f13df76cd9be5724a2a33ea5c070b653aaccb048a78eb3,gx-no-cache=1684165341779 HTTP/1.1" 200 30
190.171.143.106 - - [15/May/2023:12:54:15 -0300] "POST /cormun/servlet/solicitudotadjuntos?ec078fe09a948a21bc9821857e250264,INS,2023,20162,,1, HTTP/1.1" 200 116
190.171.143.106 - - [15/May/2023:12:54:15 -0300] "GET /cormun/servlet/hpexe_return? HTTP/1.1" 200 1028
190.171.143.106 - - [15/May/2023:12:54:15 -0300] "GET /cormun/servlet/trsolicitudadjuntos?2023,20162, HTTP/1.1" 200 10322
190.171.143.106 - - [15/May/2023:12:54:16 -0300] "GET /cormun/servlet/trsolicitudadjuntos?2023,20162, HTTP/1.1" 200 10319
190.171.143.106 - - [15/May/2023:12:54:25 -0300] "GET /cormun/servlet/solicitudotadjuntos?INS,2023,20162,,2, HTTP/1.1" 200 6302
190.171.143.106 - - [15/May/2023:12:54:25 -0300] "GET /cormun/static/about:blank HTTP/1.1" 404 1011
190.171.143.106 - - [15/May/2023:12:54:25 -0300] "GET /cormun/servlet/solicitudotadjuntos?INS,2023,20162,,2, HTTP/1.1" 200 6295
190.171.143.106 - - [15/May/2023:12:54:25 -0300] "GET /cormun/servlet/solicitudotadjuntos?c2d08236db02c20ff4f13df76cd9be57fcb739175cdebcd12e52a8a41ac90433d4f723fe8a73dce09c0f4224bb6bd1c1,gx-no-cache=1684165352459 HTTP/1.1" 200 30
190.171.143.106 - - [15/May/2023:12:54:25 -0300] "POST /cormun/servlet/solicitudotadjuntos?ec078fe09a948a21bc9821857e250264,INS,2023,20162,,2,,gx-no-cache=1684165352482 HTTP/1.1" 200 4330
190.171.143.106 - - [15/May/2023:12:54:33 -0300] "POST /cormun/servlet/solicitudotadjuntos?gx-no-cache=1684165359834 HTTP/1.1" 200 26
190.171.143.106 - - [15/May/2023:12:54:41 -0300] "GET /cormun/servlet/solicitudotadjuntos?c2d08236db02c20ff4f13df76cd9be5724a2a33ea5c070b653aaccb048a78eb3,gx-no-cache=1684165368362 HTTP/1.1" 200 30
190.171.143.106 - - [15/May/2023:12:54:41 -0300] "GET /cormun/servlet/solicitudotadjuntos?c2d08236db02c20ff4f13df76cd9be5724a2a33ea5c070b653aaccb048a78eb3,gx-no-cache=1684165368373 HTTP/1.1" 200 30
190.171.143.106 - - [15/May/2023:12:54:42 -0300] "POST /cormun/servlet/solicitudotadjuntos?ec078fe09a948a21bc9821857e250264,INS,2023,20162,,2, HTTP/1.1" 200 116
190.171.143.106 - - [15/May/2023:12:54:43 -0300] "GET /cormun/servlet/hpexe_return? HTTP/1.1" 200 1028
190.171.143.106 - - [15/May/2023:12:54:43 -0300] "GET /cormun/servlet/trsolicitudadjuntos?2023,20162, HTTP/1.1" 200 10474
190.171.143.106 - - [15/May/2023:12:54:44 -0300] "GET /cormun/servlet/trsolicitudadjuntos?2023,20162, HTTP/1.1" 200 10471
190.171.143.106 - - [15/May/2023:12:55:20 -0300] "GET /cormun/servlet/trautorizarsolicitud? HTTP/1.1" 200 7373
190.171.143.106 - - [15/May/2023:12:55:20 -0300] "GET /cormun/servlet/trautorizarsolicitud? HTTP/1.1" 200 7359
190.171.149.74 - - [15/May/2023:12:55:28 -0300] "GET /cormun/servlet/solicitudot?d1d31922450d4d01293130f546507cfc5d5799f2c9f32037210280be7058a6ce2307800a31e4e01a2348dc57e0c0f3255e648b08b941475ff434ca3a504d3097,gx-no-cache=1684165195766 HTTP/1.1" 200 30
190.171.149.74 - - [15/May/2023:12:55:28 -0300] "GET /cormun/servlet/solicitudot?d1d31922450d4d01293130f546507cfc097a83b086bfde5153196a6c2c9b1bb9,gx-no-cache=1684165195798 HTTP/1.1" 200 29
190.171.143.106 - - [15/May/2023:12:55:40 -0300] "POST /cormun/servlet/trautorizarsolicitud?ec078fe09a948a21bc9821857e250264,,gx-no-cache=1684165426828 HTTP/1.1" 200 110
190.171.143.106 - - [15/May/2023:12:55:40 -0300] "POST /cormun/servlet/trautorizarsolicitud?ec078fe09a948a21bc9821857e250264,,gx-no-cache=1684165427019 HTTP/1.1" 200 4547
190.171.143.106 - - [15/May/2023:12:55:40 -0300] "GET /cormun/AutorizarSolicitud-1962.xls HTTP/1.1" 200 4608
20.40.115.30 - - [15/May/2023:12:55:40 -0300] "GET /cormun/AutorizarSolicitud-1962.xls HTTP/1.1" 200 4608
190.171.143.106 - - [15/May/2023:12:55:47 -0300] "GET /cormun/servlet/trsolicitudadjuntos?2023,20162, HTTP/1.1" 200 10473
190.171.152.114 - - [15/May/2023:12:55:47 -0300] "GET /cormun/servlet/permisogoce?31597b7e55a592c6048742a214618dc7ce300bca0d6bfe250fd23ed411d44984c2680762bfd73c5bc21099350f1ba2f81451c15d8da701dae898a9eb19baa600df449bb491a8bb4e98daa5f1c6e9e838b7e1d63d43819b2ce0018f2776515667,gx-no-cache=1684165225654 HTTP/1.1" 440 972
190.171.143.106 - - [15/May/2023:12:55:48 -0300] "GET /cormun/servlet/trsolicitudadjuntos?2023,20162, HTTP/1.1" 200 10471
190.171.152.114 - - [15/May/2023:12:55:51 -0300] "GET /cormun/servlet/permisogoce?INS,0,,, HTTP/1.1" 200 6024
190.171.152.114 - - [15/May/2023:12:55:51 -0300] "GET /cormun/servlet/hlogin HTTP/1.1" 200 1744
190.171.152.114 - - [15/May/2023:12:55:51 -0300] "GET /cormun/servlet/permisogoce?INS,0,,, HTTP/1.1" 200 6024
200.54.103.162 - - [15/May/2023:12:55:52 -0300] "GET /cormun/servlet/trdiat? HTTP/1.1" 200 6001
200.54.103.162 - - [15/May/2023:12:55:52 -0300] "GET /cormun/static/gxcfg.js?202211298501568 HTTP/1.1" 200 953
200.54.103.162 - - [15/May/2023:12:55:52 -0300] "GET /cormun/static/trdiat.js?202211298501790 HTTP/1.1" 200 35345
200.54.103.162 - - [15/May/2023:12:55:52 -0300] "GET /cormun/servlet/hlogin HTTP/1.1" 200 1737
200.54.103.162 - - [15/May/2023:12:55:52 -0300] "GET /cormun/servlet/trdiat? HTTP/1.1" 200 5998
190.171.149.74 - - [15/May/2023:12:56:06 -0300] "POST /cormun/servlet/solicitudot?gx-no-cache=1684165234299 HTTP/1.1" 200 240
190.171.152.114 - - [15/May/2023:12:56:08 -0300] "POST /cormun/servlet/hlogin?52a48b81d0f42cca7c4f1dfe5a5ad8ba,gx-no-cache=1684165246801 HTTP/1.1" 200 90
190.171.152.114 - - [15/May/2023:12:56:08 -0300] "GET /cormun/servlet/hpexe_link HTTP/1.1" 200 963
190.171.152.114 - - [15/May/2023:12:56:09 -0300] "GET /cormun/servlet/permisogoce?INS,0,,, HTTP/1.1" 200 7054
190.171.149.74 - - [15/May/2023:12:56:09 -0300] "GET /cormun/servlet/solicitudot?d1d31922450d4d01293130f546507cfc5aa3bddd189121e8f8db6fbe4d2b634acbf3911e2ca73cd04c8d1e85d2b04d66065279ee6403a419d20976db102ceb64cffdc1c2c652ba4c645aa7b125a25f8c3e47c8b5bc4d9776345afbeb451607d76d04fc3bc6b1b37982d866f77a4cfbeaf19d02a8a104fec0bc755a05fa70a336061387d64b4cc5c3c62834566c15f09f07e89f2141b99dce84c723dc493ec64f0c0bdd7296f8028cf027f79976e0b584b8dea88bf106244d7eed291b3747bddd5dfc697ac9168a49cf9528a915065fa6602d03a8b713f28776a17d4075ba839245234313a70f7bf3d8cd25fb09504abfc2f4a0ee58f4bdff8eae5f1c976391263b075e852797d2d1a0f596793a9730fb0ce1ec044220997f8934df928dd4b0cb42158d05fa98eff5bcfe0b7f9f8f9d78cc3c141157b052b5172e03ee729126aeb441fe87687739f5136c09a325a47b8ba8ed4df2e77d4bcc3de80543e63f5febe69f4ee23f0b69e75f095081c0412d4755bdc9417a615f42024794582a0cd2e7,gx-no-cache=1684165237120 HTTP/1.1" 200 30
190.171.152.114 - - [15/May/2023:12:56:09 -0300] "GET /cormun/servlet/permisogoce?INS,0,,, HTTP/1.1" 200 7052
190.171.149.74 - - [15/May/2023:12:56:11 -0300] "POST /cormun/servlet/solicitudot?gx-no-cache=1684165239109 HTTP/1.1" 200 30
190.171.149.74 - - [15/May/2023:12:56:13 -0300] "GET /cormun/servlet/prcontratosol?19163673,,,,,MD,,gxPopupLevel%3D0%3B HTTP/1.1" 200 7805
190.171.149.74 - - [15/May/2023:12:56:15 -0300] "POST /cormun/servlet/solicitudot?gx-no-cache=1684165243358 HTTP/1.1" 200 1550
190.171.149.74 - - [15/May/2023:12:56:15 -0300] "GET /cormun/static/Shared/jqueryui/images/ui-bg_highlight-soft_100_c6c2c8_1x100.png HTTP/1.1" 404 1117
190.171.149.74 - - [15/May/2023:12:56:15 -0300] "GET /cormun/static/Shared/jqueryui/images/ui-icons_82798d_256x240.png HTTP/1.1" 404 1089
190.171.149.74 - - [15/May/2023:12:56:15 -0300] "GET /cormun/static/Shared/jqueryui/images/ui-icons_ebccce_256x240.png HTTP/1.1" 404 1089
190.171.149.74 - - [15/May/2023:12:56:15 -0300] "GET /cormun/static/Shared/jqueryui/images/ui-bg_flat_55_994d53_40x100.png HTTP/1.1" 404 1097
190.171.149.74 - - [15/May/2023:12:56:15 -0300] "POST /cormun/servlet/solicitudot?gx-no-cache=1684165243402 HTTP/1.1" 200 117
190.171.149.74 - - [15/May/2023:12:56:15 -0300] "GET /cormun/servlet/solicitudot?d1d31922450d4d01293130f546507cfcccc30153b492dd310d78657c82df99e6a3786242e3ac007909ead3d41aa58d54bfe2b912cd548b8722516ef3479d2984175da7c6d212daf53714d50196981d18bcbed37583b482937b86351ccef75368049ab483e5a4a71340bf565ea484c49b,gx-no-cache=1684165243441 HTTP/1.1" 200 110
190.171.149.74 - - [15/May/2023:12:56:15 -0300] "POST /cormun/servlet/solicitudot?gx-no-cache=1684165243464 HTTP/1.1" 200 64
190.171.149.74 - - [15/May/2023:12:56:15 -0300] "GET /cormun/servlet/solicitudot?d1d31922450d4d01293130f546507cfc25fbcb3d8eed197130d4461299a63e491fe80eb2029b01c592d2454469bf5cac4f9bc76201369336974836e8f3a4c7c253f45eb8d03e05c9482b4352f9f33ec449a7407df24e308c7864af28801e68dd667195935c6961f1270d45fe956225b4,gx-no-cache=1684165243497 HTTP/1.1" 200 29
190.171.149.74 - - [15/May/2023:12:56:15 -0300] "GET /cormun/servlet/solicitudot?d1d31922450d4d01293130f546507cfc88b4f1dddd66cb51c2d78a9e852813f20bd06441950e4e2d2211d934f4b902ee,gx-no-cache=1684165243521 HTTP/1.1" 200 134
190.171.152.114 - - [15/May/2023:12:56:20 -0300] "GET /cormun/servlet/permisogoce?245b5da394b9fb2ec622044ccaa5d5d43ce4e6fedc006a0cb329c52139540babf9e6156dcc4d893edc1a61fa6aa07ac8e6132127b60714d8c4c63597c8c4a324,gx-no-cache=1684165258071 HTTP/1.1" 200 180
190.171.152.114 - - [15/May/2023:12:56:20 -0300] "GET /cormun/static/Shared/jqueryui/images/ui-bg_highlight-soft_100_c6c2c8_1x100.png HTTP/1.1" 404 1117
190.171.152.114 - - [15/May/2023:12:56:20 -0300] "GET /cormun/static/Shared/jqueryui/images/ui-icons_82798d_256x240.png HTTP/1.1" 404 1089
190.171.152.114 - - [15/May/2023:12:56:20 -0300] "GET /cormun/static/Shared/jqueryui/images/ui-icons_ebccce_256x240.png HTTP/1.1" 404 1089
190.171.152.114 - - [15/May/2023:12:56:20 -0300] "GET /cormun/static/Shared/jqueryui/images/ui-bg_flat_55_994d53_40x100.png HTTP/1.1" 404 1097
190.171.149.74 - - [15/May/2023:12:56:31 -0300] "GET /cormun/servlet/prcontratosol?19163673,,,,,MD,,gxPopupLevel%3D0%3B HTTP/1.1" 200 7805
190.171.152.114 - - [15/May/2023:12:56:33 -0300] "GET /cormun/servlet/prfichaempleado?,MD,,gxPopupLevel%3D0%3B HTTP/1.1" 200 9364
190.171.152.114 - - [15/May/2023:12:56:33 -0300] "GET /cormun/static/gxcfg.js?20201215571085 HTTP/1.1" 200 953
190.171.152.114 - - [15/May/2023:12:56:33 -0300] "GET /cormun/static/prfichaempleado.js?20201215572193 HTTP/1.1" 200 16005
190.171.152.114 - - [15/May/2023:12:56:33 -0300] "GET /cormun/static/hmpwkw011.js?202211298443482 HTTP/1.1" 304 -
190.171.149.74 - - [15/May/2023:12:56:37 -0300] "POST /cormun/servlet/solicitudot?gx-no-cache=1684165265136 HTTP/1.1" 200 1550
190.171.149.74 - - [15/May/2023:12:56:37 -0300] "POST /cormun/servlet/solicitudot?gx-no-cache=1684165265180 HTTP/1.1" 200 121
190.171.149.74 - - [15/May/2023:12:56:37 -0300] "GET /cormun/servlet/solicitudot?d1d31922450d4d01293130f546507cfcccc30153b492dd310d78657c82df99e6a3786242e3ac007909ead3d41aa58d54bfe2b912cd548b8722516ef3479d2984175da7c6d212daf53714d50196981d18bcbed37583b482937b86351ccef75368049ab483e5a4a71340bf565ea484c49b,gx-no-cache=1684165265207 HTTP/1.1" 200 110
190.171.149.74 - - [15/May/2023:12:56:37 -0300] "GET /cormun/servlet/solicitudot?d1d31922450d4d01293130f546507cfc88b4f1dddd66cb51c2d78a9e852813f20bd06441950e4e2d2211d934f4b902ee,gx-no-cache=1684165265233 HTTP/1.1" 200 134
190.171.152.114 - - [15/May/2023:12:56:39 -0300] "GET /cormun/servlet/trpermisosgoce? HTTP/1.1" 200 11121
190.171.152.114 - - [15/May/2023:12:56:40 -0300] "GET /cormun/servlet/trpermisosgoce? HTTP/1.1" 200 11113
190.171.152.114 - - [15/May/2023:12:56:44 -0300] "GET /cormun/servlet/permisogoce?INS,0,,, HTTP/1.1" 200 7052
190.171.152.114 - - [15/May/2023:12:56:45 -0300] "GET /cormun/servlet/permisogoce?INS,0,,, HTTP/1.1" 200 7052
190.171.149.74 - - [15/May/2023:12:56:48 -0300] "POST /cormun/servlet/solicitudot?gx-no-cache=1684165275818 HTTP/1.1" 200 1470
190.171.149.74 - - [15/May/2023:12:56:50 -0300] "GET /cormun/servlet/prlicenciaspermisos?7650750,L,,MD,,gxPopupLevel%3D0%3B HTTP/1.1" 200 7708
190.171.152.114 - - [15/May/2023:12:56:52 -0300] "GET /cormun/servlet/permisogoce?245b5da394b9fb2ec622044ccaa5d5d43ce4e6fedc006a0cb329c52139540babf9e6156dcc4d893edc1a61fa6aa07ac8e6132127b60714d8c4c63597c8c4a324,gx-no-cache=1684165289977 HTTP/1.1" 200 180
190.171.152.114 - - [15/May/2023:12:56:52 -0300] "GET /cormun/static/Shared/jqueryui/images/ui-bg_highlight-soft_100_c6c2c8_1x100.png HTTP/1.1" 404 1117
190.171.152.114 - - [15/May/2023:12:56:52 -0300] "GET /cormun/static/Shared/jqueryui/images/ui-bg_flat_55_994d53_40x100.png HTTP/1.1" 404 1097
190.171.152.114 - - [15/May/2023:12:56:52 -0300] "GET /cormun/static/Shared/jqueryui/images/ui-icons_ebccce_256x240.png HTTP/1.1" 404 1089
190.171.152.114 - - [15/May/2023:12:56:52 -0300] "GET /cormun/static/Shared/jqueryui/images/ui-icons_82798d_256x240.png HTTP/1.1" 404 1089
190.171.149.74 - - [15/May/2023:12:56:59 -0300] "GET /cormun/static/menuarrow.gif HTTP/1.1" 404 1015
190.171.149.74 - - [15/May/2023:12:57:06 -0300] "POST /cormun/servlet/solicitudot?gx-no-cache=1684165294237 HTTP/1.1" 200 122
190.171.152.114 - - [15/May/2023:12:57:10 -0300] "GET /cormun/servlet/prfichaempleado?,MD,,gxPopupLevel%3D0%3B HTTP/1.1" 200 9364
190.171.149.74 - - [15/May/2023:12:57:38 -0300] "GET /cormun/servlet/solicitudot?d1d31922450d4d01293130f546507cfcccc30153b492dd310d78657c82df99e6a3786242e3ac007909ead3d41aa58d54bfe2b912cd548b8722516ef3479d2984175da7c6d212daf53714d50196981d18bcbed37583b482937b86351ccef75368049ab483e5a4a71340bf565ea484c49b,gx-no-cache=1684165326112 HTTP/1.1" 200 110
190.171.149.74 - - [15/May/2023:12:57:38 -0300] "POST /cormun/servlet/solicitudot?gx-no-cache=1684165326164 HTTP/1.1" 200 97
190.171.149.74 - - [15/May/2023:12:57:50 -0300] "GET /cormun/servlet/solicitudot?d1d31922450d4d01293130f546507cfc88b4f1dddd66cb51c2d78a9e852813f286a79b910f9baeb033d44c9481e94fdf,gx-no-cache=1684165337796 HTTP/1.1" 200 134
190.171.149.74 - - [15/May/2023:12:57:50 -0300] "POST /cormun/servlet/solicitudot?gx-no-cache=1684165337828 HTTP/1.1" 200 122
190.171.149.74 - - [15/May/2023:12:58:11 -0300] "GET /cormun/servlet/solicitudot?d1d31922450d4d01293130f546507cfc399309df3d879a579cf2209f26ec16e81a3c61df8d53cff190d8722e4381e0b2,gx-no-cache=1684165359025 HTTP/1.1" 200 30
190.171.143.106 - - [15/May/2023:12:58:13 -0300] "GET /cormun/servlet/trsolicitudot? HTTP/1.1" 200 8910
190.171.143.106 - - [15/May/2023:12:58:13 -0300] "GET /cormun/servlet/trsolicitudot? HTTP/1.1" 200 8903
190.171.143.106 - - [15/May/2023:12:58:22 -0300] "POST /cormun/servlet/trsolicitudot?ec078fe09a948a21bc9821857e250264,,gx-no-cache=1684165589382 HTTP/1.1" 200 6182
190.171.143.106 - - [15/May/2023:12:58:22 -0300] "GET /cormun/static/Shared/jqueryui/images/ui-bg_highlight-soft_100_c6c2c8_1x100.png HTTP/1.1" 404 1117
190.171.143.106 - - [15/May/2023:12:58:22 -0300] "GET /cormun/static/Shared/jqueryui/images/ui-icons_82798d_256x240.png HTTP/1.1" 404 1089
190.171.143.106 - - [15/May/2023:12:58:22 -0300] "GET /cormun/static/Shared/jqueryui/images/ui-bg_flat_55_fafafa_40x100.png HTTP/1.1" 404 1097
190.171.143.106 - - [15/May/2023:12:58:22 -0300] "GET /cormun/static/Shared/jqueryui/images/ui-icons_8d78a5_256x240.png HTTP/1.1" 404 1089
190.171.149.74 - - [15/May/2023:12:58:28 -0300] "POST /cormun/servlet/solicitudot?gx-no-cache=1684165375903 HTTP/1.1" 200 122
190.171.149.74 - - [15/May/2023:12:58:37 -0300] "POST /cormun/servlet/solicitudot?e23320c7ec8eb7a860d71c2d66ed5ac9,INS,0,0,false,,gx-no-cache=1684165385016 HTTP/1.1" 200 12913
190.171.143.106 - - [15/May/2023:12:58:44 -0300] "POST /cormun/servlet/trsolicitudot?ec078fe09a948a21bc9821857e250264,,gx-no-cache=1684165610828 HTTP/1.1" 200 6182
190.171.149.74 - - [15/May/2023:12:58:44 -0300] "POST /cormun/servlet/solicitudot?e23320c7ec8eb7a860d71c2d66ed5ac9,INS,0,0,false,,gx-no-cache=1684165392196 HTTP/1.1" 200 12970
190.171.149.74 - - [15/May/2023:12:58:46 -0300] "POST /cormun/servlet/solicitudot?e23320c7ec8eb7a860d71c2d66ed5ac9,INS,0,0,false,,gx-no-cache=1684165393531 HTTP/1.1" 200 13045
190.171.143.106 - - [15/May/2023:12:58:59 -0300] "GET /cormun/servlet/vesolicitudot?2023,20162,, HTTP/1.1" 200 8599
190.171.143.106 - - [15/May/2023:12:58:59 -0300] "GET /cormun/static/gxcfg.js?202211298465857 HTTP/1.1" 200 953
190.171.143.106 - - [15/May/2023:12:58:59 -0300] "GET /cormun/pexe_scrolldiv.js HTTP/1.1" 404 1009
190.171.143.106 - - [15/May/2023:12:58:59 -0300] "GET /cormun/static/Resources/PXToolsTabFirstSelected.png HTTP/1.1" 200 1270
190.171.143.106 - - [15/May/2023:12:58:59 -0300] "GET /cormun/static/Resources/PXToolsTabLastUnselected.png HTTP/1.1" 200 1297
190.171.143.106 - - [15/May/2023:12:58:59 -0300] "GET /cormun/static/Resources/PXToolsTabPrevious.gif HTTP/1.1" 200 172
190.171.143.106 - - [15/May/2023:12:58:59 -0300] "GET /cormun/static/Resources/PXToolsTabNext.gif HTTP/1.1" 200 168
190.171.143.106 - - [15/May/2023:12:58:59 -0300] "GET /cormun/static/hwcviewtabs.js?201991422154026 HTTP/1.1" 200 1074
190.171.143.106 - - [15/May/2023:12:58:59 -0300] "GET /cormun/static/hpexe_tabsview.js?2020121447381 HTTP/1.1" 200 1661
190.171.143.106 - - [15/May/2023:12:58:59 -0300] "GET /cormun/static/vesolicitudot.js?202211298465886 HTTP/1.1" 200 6091
190.171.143.106 - - [15/May/2023:12:58:59 -0300] "GET /cormun/static/tbsolicitudot01.js?20201214462316 HTTP/1.1" 200 30566
190.171.143.106 - - [15/May/2023:12:58:59 -0300] "GET /cormun/static/calendar-system.css HTTP/1.1" 200 5572
190.171.143.106 - - [15/May/2023:12:58:59 -0300] "GET /cormun/static/Resources/PXToolsTabBackUnselected.png HTTP/1.1" 200 1175
190.171.143.106 - - [15/May/2023:12:58:59 -0300] "GET /cormun/static/Resources/PXToolsTabBackSelected.png HTTP/1.1" 200 1157
190.171.143.106 - - [15/May/2023:12:58:59 -0300] "GET /cormun/static/Resources/PXToolsTabSelectedUnselected.png HTTP/1.1" 200 1451
190.171.143.106 - - [15/May/2023:12:58:59 -0300] "GET /cormun/static/Resources/PXToolsTabUnselectedUnselected.png HTTP/1.1" 200 1470
190.171.143.106 - - [15/May/2023:12:58:59 -0300] "GET /cormun/servlet/vesolicitudot?2023,20162,, HTTP/1.1" 200 8599
190.171.143.106 - - [15/May/2023:12:59:03 -0300] "GET /cormun/servlet/trsolicitudot? HTTP/1.1" 200 8910
190.171.143.106 - - [15/May/2023:12:59:03 -0300] "GET /cormun/servlet/trsolicitudot? HTTP/1.1" 200 8903
190.171.149.74 - - [15/May/2023:12:59:04 -0300] "POST /cormun/servlet/solicitudot?e23320c7ec8eb7a860d71c2d66ed5ac9,INS,0,0,false,,gx-no-cache=1684165412050 HTTP/1.1" 200 13093
190.171.143.106 - - [15/May/2023:12:59:23 -0300] "POST /cormun/servlet/trsolicitudot?ec078fe09a948a21bc9821857e250264,,gx-no-cache=1684165650085 HTTP/1.1" 200 6182
190.171.143.106 - - [15/May/2023:12:59:39 -0300] "POST /cormun/servlet/trsolicitudot?ec078fe09a948a21bc9821857e250264,,gx-no-cache=1684165665795 HTTP/1.1" 200 110
190.171.143.106 - - [15/May/2023:12:59:39 -0300] "GET /cormun/servlet/solicitudot?UPD,2023,20162,false, HTTP/1.1" 200 16706
190.171.143.106 - - [15/May/2023:12:59:39 -0300] "GET /cormun/servlet/solicitudot?UPD,2023,20162,false, HTTP/1.1" 200 16718
190.171.143.106 - - [15/May/2023:12:59:40 -0300] "POST /cormun/servlet/solicitudot?gx-no-cache=1684165666739 HTTP/1.1" 200 4030
190.171.143.106 - - [15/May/2023:12:59:40 -0300] "POST /cormun/servlet/solicitudot?ec078fe09a948a21bc9821857e250264,UPD,2023,20162,false,,gx-no-cache=1684165666875 HTTP/1.1" 200 12943
190.171.143.106 - - [15/May/2023:12:59:40 -0300] "GET /cormun/servlet/solicitudot?c2d08236db02c20ff4f13df76cd9be573e0e124a870ed823772fba9ee59e996dd852796915147790f94317638ab2592a,gx-no-cache=1684165667121 HTTP/1.1" 200 30
190.171.143.106 - - [15/May/2023:12:59:40 -0300] "GET /cormun/servlet/solicitudot?c2d08236db02c20ff4f13df76cd9be57f15ac45f115c42bad278916c20140664a239449121a94107be8ca012f61e2d20b12dc19b4a3eb9349d00110b421e5041,gx-no-cache=1684165667141 HTTP/1.1" 200 30
190.171.143.106 - - [15/May/2023:12:59:40 -0300] "GET /cormun/servlet/solicitudot?c2d08236db02c20ff4f13df76cd9be574cf9e5227a07dc05d5de8d3a9f15a55da14f01f5b8b74e69280cf1f80941620f3bcb377c0f9691ea719c5efd9a19a3fa,gx-no-cache=1684165667158 HTTP/1.1" 200 53
190.171.143.106 - - [15/May/2023:12:59:40 -0300] "POST /cormun/servlet/solicitudot?gx-no-cache=1684165667178 HTTP/1.1" 200 240
190.171.143.106 - - [15/May/2023:12:59:40 -0300] "GET /cormun/servlet/solicitudot?c2d08236db02c20ff4f13df76cd9be57de1d769bf078ef12eebb799c6f6e565c21fc6cd23b306d8761ee68bc40eb902090ad21d0422ff615508d6dfecf2dc6a876e0d09bc6f10fc77f56cd78e42f0779ca8765b37beaa5616a99a674053c950293264c594da8cce437fb01a6999bf237b840402a3f974bf4e6defdf890a6add8c84451e4756306392516ab85f20d778bb3ec63a3a4b69debcd136fb33a1ba20364138404d683b9d5df7552c408e62ea12a070cbeed19c2b864b16d7094a64156f5172b1789cc95510ce11fa0e19019ecf8f328408a236328016c0e3a9964a7b1bec228fee52426ee355b6e6c211cd9af6b0b58bab5aa490dbf5f75c87fc23e15ecf803049c22f87672aca5e46e0dc707b4aa9d5172948e58e4f36a5b10f6ccebcb88b5bb764c10484214d9847fb11ffbd083249b612bce9f4bdef8e9972546caa5249c6c96943de0c6f7e98ab4061d3cfdc13ef98b9bac3ec673ed5ebe922f2fc50f589d69e8645b591eee70421898334531ffd844da605e1f224efa338606f9,gx-no-cache=1684165667201 HTTP/1.1" 200 30
190.171.143.106 - - [15/May/2023:12:59:40 -0300] "POST /cormun/servlet/solicitudot?gx-no-cache=1684165667219 HTTP/1.1" 200 30
190.171.143.106 - - [15/May/2023:12:59:40 -0300] "POST /cormun/servlet/solicitudot?gx-no-cache=1684165667242 HTTP/1.1" 200 1469
190.171.143.106 - - [15/May/2023:12:59:40 -0300] "POST /cormun/servlet/solicitudot?gx-no-cache=1684165667309 HTTP/1.1" 200 41
190.171.143.106 - - [15/May/2023:12:59:43 -0300] "GET /cormun/servlet/solicitudot?c2d08236db02c20ff4f13df76cd9be571a00d8520f7eadb1c55a01b1805ed15e1a8ff0e3109c55809fcaff58f4fc608de691e5ba576a11dab17ff1ce6cdea4e86ead5ebdc38cd697f925c8fd0dd11dee0c4ae05611f0f6f5a12ae391a0e5e0cc258778773e98b952c966bf042566f96d,gx-no-cache=1684165670179 HTTP/1.1" 200 110
190.171.143.106 - - [15/May/2023:12:59:43 -0300] "POST /cormun/servlet/solicitudot?gx-no-cache=1684165670200 HTTP/1.1" 200 110
190.171.143.106 - - [15/May/2023:12:59:43 -0300] "GET /cormun/servlet/solicitudot?c2d08236db02c20ff4f13df76cd9be57027c9a50a782b3a06c7bf7e19768043e13c87f116e96726aa956a1a990ad2d9b8cabb5ee0819c55525fd931dc0f4d6adfdb05906b240c61d082156d987d6ebb7edccf3b4310006ed617de7a5b7e316005d97998833077c0fdda07a38aa4777515b1c18cb2122b60ede9d958354d9ab58777acf27d0e657043c62a3d5da0ea61c78b4d1fa8ce2dda6431d1691fa0db686,gx-no-cache=1684165670221 HTTP/1.1" 200 29
190.171.143.106 - - [15/May/2023:12:59:43 -0300] "GET /cormun/servlet/solicitudot?c2d08236db02c20ff4f13df76cd9be5740aa482d94081932626ecfcc24f70ae8e9058bb0874efba3ab936238743a1c2e,gx-no-cache=1684165670238 HTTP/1.1" 200 30
190.171.143.106 - - [15/May/2023:12:59:43 -0300] "POST /cormun/servlet/solicitudot?gx-no-cache=1684165670257 HTTP/1.1" 200 34
190.171.143.106 - - [15/May/2023:12:59:43 -0300] "POST /cormun/servlet/solicitudot?ec078fe09a948a21bc9821857e250264,UPD,2023,20162,false,,gx-no-cache=1684165670279 HTTP/1.1" 200 93
190.171.143.106 - - [15/May/2023:12:59:43 -0300] "GET /cormun/servlet/hpexe_return? HTTP/1.1" 200 1016
190.171.143.106 - - [15/May/2023:12:59:44 -0300] "GET /cormun/servlet/trsolicitudot? HTTP/1.1" 200 8907
190.171.143.106 - - [15/May/2023:12:59:44 -0300] "GET /cormun/servlet/trsolicitudot? HTTP/1.1" 200 8903
190.171.143.106 - - [15/May/2023:12:59:53 -0300] "POST /cormun/servlet/trsolicitudot?ec078fe09a948a21bc9821857e250264,,gx-no-cache=1684165679671 HTTP/1.1" 200 107
190.171.143.106 - - [15/May/2023:12:59:53 -0300] "GET /cormun/servlet/trsolicitudadjuntos?2023,20162, HTTP/1.1" 200 10471
190.171.143.106 - - [15/May/2023:12:59:54 -0300] "GET /cormun/servlet/trsolicitudadjuntos?2023,20162, HTTP/1.1" 200 10468
190.171.143.106 - - [15/May/2023:12:59:57 -0300] "GET /cormun/servlet/solicitudotadjuntos?INS,2023,20162,,1, HTTP/1.1" 200 6304
190.171.143.106 - - [15/May/2023:12:59:57 -0300] "GET /cormun/static/about:blank HTTP/1.1" 404 1011
190.171.143.106 - - [15/May/2023:12:59:57 -0300] "GET /cormun/servlet/solicitudotadjuntos?INS,2023,20162,,1, HTTP/1.1" 200 6298
190.171.143.106 - - [15/May/2023:12:59:57 -0300] "GET /cormun/servlet/solicitudotadjuntos?c2d08236db02c20ff4f13df76cd9be57fcb739175cdebcd12e52a8a41ac90433d4f723fe8a73dce09c0f4224bb6bd1c1,gx-no-cache=1684165684407 HTTP/1.1" 200 30
190.171.143.106 - - [15/May/2023:12:59:57 -0300] "POST /cormun/servlet/solicitudotadjuntos?ec078fe09a948a21bc9821857e250264,INS,2023,20162,,1,,gx-no-cache=1684165684428 HTTP/1.1" 200 4189
190.171.143.106 - - [15/May/2023:13:00:02 -0300] "POST /cormun/servlet/solicitudotadjuntos?gx-no-cache=1684165688905 HTTP/1.1" 200 26
190.171.143.106 - - [15/May/2023:13:00:08 -0300] "GET /cormun/servlet/solicitudotadjuntos?c2d08236db02c20ff4f13df76cd9be5724a2a33ea5c070b653aaccb048a78eb3,gx-no-cache=1684165695379 HTTP/1.1" 200 30
190.171.143.106 - - [15/May/2023:13:00:08 -0300] "GET /cormun/servlet/solicitudotadjuntos?c2d08236db02c20ff4f13df76cd9be5724a2a33ea5c070b653aaccb048a78eb3,gx-no-cache=1684165695391 HTTP/1.1" 200 30
190.171.143.106 - - [15/May/2023:13:00:08 -0300] "POST /cormun/servlet/solicitudotadjuntos?ec078fe09a948a21bc9821857e250264,INS,2023,20162,,1, HTTP/1.1" 200 6648
190.171.143.106 - - [15/May/2023:13:00:09 -0300] "GET /cormun/static/Shared/jqueryui/images/ui-bg_flat_55_994d53_40x100.png HTTP/1.1" 404 1097
190.171.143.106 - - [15/May/2023:13:00:09 -0300] "GET /cormun/static/Shared/jqueryui/images/ui-icons_ebccce_256x240.png HTTP/1.1" 404 1089
190.171.143.106 - - [15/May/2023:13:00:09 -0300] "GET /cormun/PrivateTempStorage/upload_00015622.pdf HTTP/1.1" 200 203505
190.171.143.106 - - [15/May/2023:13:00:16 -0300] "POST /cormun/servlet/solicitudotadjuntos?ec078fe09a948a21bc9821857e250264,INS,2023,20162,,1, HTTP/1.1" 200 116
190.171.143.106 - - [15/May/2023:13:00:16 -0300] "GET /cormun/servlet/hpexe_return? HTTP/1.1" 200 1028
190.171.143.106 - - [15/May/2023:13:00:17 -0300] "GET /cormun/servlet/trsolicitudadjuntos?2023,20162, HTTP/1.1" 200 10474
190.171.143.106 - - [15/May/2023:13:00:17 -0300] "GET /cormun/servlet/trsolicitudadjuntos?2023,20162, HTTP/1.1" 200 10469
190.171.149.74 - - [15/May/2023:13:00:22 -0300] "POST /cormun/servlet/solicitudot?e23320c7ec8eb7a860d71c2d66ed5ac9,INS,0,0,false,,gx-no-cache=1684165490417 HTTP/1.1" 200 93
190.171.149.74 - - [15/May/2023:13:00:22 -0300] "GET /cormun/servlet/hpexe_return? HTTP/1.1" 200 1012
190.171.149.74 - - [15/May/2023:13:00:22 -0300] "GET /cormun/servlet/trsolicitudot HTTP/1.1" 200 7201
190.171.149.74 - - [15/May/2023:13:00:23 -0300] "GET /cormun/servlet/trsolicitudot HTTP/1.1" 200 7197
190.171.143.106 - - [15/May/2023:13:00:24 -0300] "GET /cormun/servlet/solicitudotadjuntos?INS,2023,20162,,1, HTTP/1.1" 200 6304
190.171.143.106 - - [15/May/2023:13:00:24 -0300] "GET /cormun/static/about:blank HTTP/1.1" 404 1011
190.171.143.106 - - [15/May/2023:13:00:24 -0300] "GET /cormun/servlet/solicitudotadjuntos?INS,2023,20162,,1, HTTP/1.1" 200 6298
190.171.143.106 - - [15/May/2023:13:00:25 -0300] "GET /cormun/servlet/solicitudotadjuntos?c2d08236db02c20ff4f13df76cd9be57fcb739175cdebcd12e52a8a41ac90433d4f723fe8a73dce09c0f4224bb6bd1c1,gx-no-cache=1684165711656 HTTP/1.1" 200 30
190.171.143.106 - - [15/May/2023:13:00:25 -0300] "POST /cormun/servlet/solicitudotadjuntos?ec078fe09a948a21bc9821857e250264,INS,2023,20162,,1,,gx-no-cache=1684165711710 HTTP/1.1" 200 4188
190.171.149.74 - - [15/May/2023:13:00:28 -0300] "GET /cormun/servlet/trlicencias? HTTP/1.1" 200 10756
190.171.149.74 - - [15/May/2023:13:00:29 -0300] "GET /cormun/servlet/trlicencias? HTTP/1.1" 200 10751
190.171.143.98 - - [15/May/2023:13:00:52 -0300] "GET /cormun/servlet/hlogin HTTP/1.1" 200 1714
190.171.143.98 - - [15/May/2023:13:00:52 -0300] "GET /cormun/servlet/hlogin HTTP/1.1" 200 1724
190.171.142.10 - - [15/May/2023:13:00:55 -0300] "GET /cormun/servlet/solicitudotadjuntos?812e5932a1a70e2f8e551e379c3a84c1969643b32a0ee87a06a78fc3d0aafa32,gx-no-cache=1684165526773 HTTP/1.1" 440 972
190.171.142.10 - - [15/May/2023:13:00:58 -0300] "GET /cormun/servlet/solicitudotadjuntos?812e5932a1a70e2f8e551e379c3a84c1969643b32a0ee87a06a78fc3d0aafa32,gx-no-cache=1684165529633 HTTP/1.1" 440 972
190.171.142.10 - - [15/May/2023:13:00:58 -0300] "GET /cormun/servlet/solicitudotadjuntos?INS,2023,20161,,1, HTTP/1.1" 200 5216
190.171.142.10 - - [15/May/2023:13:00:59 -0300] "POST /cormun/servlet/solicitudotadjuntos?73d58607ea1371e7b69e244b9e29b80c,INS,2023,20161,,1, HTTP/1.1" 440 972
190.171.142.10 - - [15/May/2023:13:00:59 -0300] "GET /cormun/servlet/solicitudotadjuntos?INS,2023,20161,,1, HTTP/1.1" 200 5216
190.171.142.10 - - [15/May/2023:13:01:00 -0300] "GET /cormun/static/about:blank HTTP/1.1" 404 1011
190.171.142.10 - - [15/May/2023:13:01:00 -0300] "GET /cormun/servlet/solicitudotadjuntos?INS,2023,20161,,1, HTTP/1.1" 200 5216
190.171.142.10 - - [15/May/2023:13:01:00 -0300] "GET /cormun/servlet/solicitudotadjuntos?36e27b9b3e78caac549b04f087c9af980b54c473caf9ff87985d805311a7bbd1d5b275ca2f20ce85b87f816ac86afc96,gx-no-cache=1684165532007 HTTP/1.1" 200 30
190.171.142.10 - - [15/May/2023:13:01:00 -0300] "POST /cormun/servlet/solicitudotadjuntos?2ed546271e13a76de0831e745922eb99,INS,2023,20161,,1,,gx-no-cache=1684165532029 HTTP/1.1" 200 2936
190.171.142.10 - - [15/May/2023:13:01:01 -0300] "GET /cormun/servlet/hlogin HTTP/1.1" 200 1756
190.171.143.98 - - [15/May/2023:13:01:02 -0300] "POST /cormun/servlet/hlogin?a9e73c10c3189a599d5beb5549513d05,gx-no-cache=1684165533741 HTTP/1.1" 200 90
190.171.143.98 - - [15/May/2023:13:01:02 -0300] "GET /cormun/servlet/hpexe_link HTTP/1.1" 200 945
190.171.143.98 - - [15/May/2023:13:01:02 -0300] "GET /cormun/servlet/hhome HTTP/1.1" 200 4298
190.171.143.98 - - [15/May/2023:13:01:03 -0300] "GET /cormun/servlet/hhome HTTP/1.1" 200 4294
190.171.143.98 - - [15/May/2023:13:01:08 -0300] "GET /cormun/servlet/trlicencias? HTTP/1.1" 200 10836
190.171.143.98 - - [15/May/2023:13:01:08 -0300] "GET /cormun/servlet/trlicencias? HTTP/1.1" 200 10833
190.171.142.10 - - [15/May/2023:13:01:10 -0300] "POST /cormun/servlet/hlogin?2ed546271e13a76de0831e745922eb99,gx-no-cache=1684165541585 HTTP/1.1" 200 90
190.171.142.10 - - [15/May/2023:13:01:10 -0300] "GET /cormun/servlet/hpexe_link HTTP/1.1" 200 975
190.171.142.10 - - [15/May/2023:13:01:10 -0300] "GET /cormun/servlet/solicitudotadjuntos?INS,2023,20161,,1, HTTP/1.1" 200 6068
190.171.142.10 - - [15/May/2023:13:01:11 -0300] "GET /cormun/static/about:blank HTTP/1.1" 404 1011
190.171.142.10 - - [15/May/2023:13:01:11 -0300] "GET /cormun/servlet/solicitudotadjuntos?INS,2023,20161,,1, HTTP/1.1" 200 6067
190.171.142.10 - - [15/May/2023:13:01:11 -0300] "GET /cormun/servlet/solicitudotadjuntos?36e27b9b3e78caac549b04f087c9af980b54c473caf9ff87985d805311a7bbd1d5b275ca2f20ce85b87f816ac86afc96,gx-no-cache=1684165542856 HTTP/1.1" 200 30
190.171.142.10 - - [15/May/2023:13:01:11 -0300] "POST /cormun/servlet/solicitudotadjuntos?2ed546271e13a76de0831e745922eb99,INS,2023,20161,,1,,gx-no-cache=1684165542872 HTTP/1.1" 200 3873
190.171.143.98 - - [15/May/2023:13:01:12 -0300] "GET /cormun/servlet/alicenciaprn?9109329,L,20230509000000,PU HTTP/1.1" 200 1551
190.171.142.10 - - [15/May/2023:13:01:22 -0300] "POST /cormun/servlet/solicitudotadjuntos?2ed546271e13a76de0831e745922eb99,INS,2023,20161,,1,,gx-no-cache=1684165553647 HTTP/1.1" 200 93
190.171.142.10 - - [15/May/2023:13:01:22 -0300] "GET /cormun/servlet/hpexe_return? HTTP/1.1" 200 1018
190.171.142.10 - - [15/May/2023:13:01:22 -0300] "GET /cormun/servlet/hhome HTTP/1.1" 200 4194
190.171.142.10 - - [15/May/2023:13:01:23 -0300] "GET /cormun/servlet/hhome HTTP/1.1" 200 4188
190.171.142.10 - - [15/May/2023:13:01:29 -0300] "GET /cormun/servlet/trsolicitudot? HTTP/1.1" 200 10080
190.171.142.10 - - [15/May/2023:13:01:29 -0300] "GET /cormun/servlet/trsolicitudot? HTTP/1.1" 200 10079
190.171.143.106 - - [15/May/2023:13:01:30 -0300] "POST /cormun/servlet/solicitudotadjuntos?gx-no-cache=1684165777252 HTTP/1.1" 200 26
190.171.143.106 - - [15/May/2023:13:01:30 -0300] "GET /cormun/servlet/solicitudotadjuntos?c2d08236db02c20ff4f13df76cd9be5724a2a33ea5c070b653aaccb048a78eb3,gx-no-cache=1684165777265 HTTP/1.1" 200 30
190.171.143.106 - - [15/May/2023:13:01:30 -0300] "GET /cormun/servlet/solicitudotadjuntos?c2d08236db02c20ff4f13df76cd9be5724a2a33ea5c070b653aaccb048a78eb3,gx-no-cache=1684165777275 HTTP/1.1" 200 30
190.171.143.106 - - [15/May/2023:13:01:30 -0300] "POST /cormun/servlet/solicitudotadjuntos?ec078fe09a948a21bc9821857e250264,INS,2023,20162,,1,,gx-no-cache=1684165777287 HTTP/1.1" 200 4000
190.171.142.10 - - [15/May/2023:13:01:35 -0300] "POST /cormun/servlet/trsolicitudot?2ed546271e13a76de0831e745922eb99,,gx-no-cache=1684165567087 HTTP/1.1" 200 107
190.171.142.10 - - [15/May/2023:13:01:36 -0300] "GET /cormun/servlet/trsolicitudadjuntos?2023,20161, HTTP/1.1" 200 9240
190.171.142.10 - - [15/May/2023:13:01:36 -0300] "GET /cormun/servlet/trsolicitudadjuntos?2023,20161, HTTP/1.1" 200 9242
190.171.142.10 - - [15/May/2023:13:01:41 -0300] "GET /cormun/servlet/solicitudotadjuntos?INS,2023,20161,,1, HTTP/1.1" 200 6240
190.171.142.10 - - [15/May/2023:13:01:41 -0300] "GET /cormun/static/about:blank HTTP/1.1" 404 1011
