190.171.152.234 - - [15/May/2023:13:53:26 -0300] "GET /cormun/servlet/solicitudot?efaf4924d6a4ddd7bdb897cd51e3fb38835d896044af248e29202a7c3b51d341b7cdad38e4ad509f320e6627cfc87a36,gx-no-cache=1684165204872 HTTP/1.1" 200 30
190.171.152.234 - - [15/May/2023:13:53:26 -0300] "POST /cormun/servlet/solicitudot?gx-no-cache=1684165204909 HTTP/1.1" 200 33
190.171.152.234 - - [15/May/2023:13:53:27 -0300] "POST /cormun/servlet/solicitudot?0f20ac60321202b01e4cdddded9f8a8d,INS,0,0,false,,gx-no-cache=1684165205074 HTTP/1.1" 200 93
190.171.152.234 - - [15/May/2023:13:53:27 -0300] "GET /cormun/servlet/hpexe_return? HTTP/1.1" 200 1009
190.171.152.234 - - [15/May/2023:13:53:27 -0300] "GET /cormun/servlet/trsolicitudot HTTP/1.1" 200 8917
190.171.152.234 - - [15/May/2023:13:53:27 -0300] "GET /cormun/servlet/trsolicitudot HTTP/1.1" 200 8913
190.171.149.74 - - [15/May/2023:13:53:30 -0300] "GET /cormun/servlet/solicitudot?488c606a1e691a8d67b647cd34691d977ebc921eecfe44b57e5b1bc58c3c3dfbd59b997d14adfe0fba14bed1565bd8db4a7f04b0e4d81c53f2f27fb1972bbc7a,gx-no-cache=1684168677784 HTTP/1.1" 200 30
190.171.149.74 - - [15/May/2023:13:53:30 -0300] "GET /cormun/servlet/solicitudot?488c606a1e691a8d67b647cd34691d97d7fccb4d583e6febc26f10c82e65b773,gx-no-cache=1684168677829 HTTP/1.1" 200 29
190.171.149.74 - - [15/May/2023:13:53:33 -0300] "POST /cormun/servlet/solicitudot?gx-no-cache=1684168680984 HTTP/1.1" 200 255
190.171.141.138 - - [15/May/2023:13:53:35 -0300] "GET /cormun/servlet/trpermisosgoce? HTTP/1.1" 200 13523
190.171.141.138 - - [15/May/2023:13:53:35 -0300] "GET /cormun/servlet/trpermisosgoce? HTTP/1.1" 200 13521
190.171.152.234 - - [15/May/2023:13:53:35 -0300] "POST /cormun/servlet/trsolicitudot?0f20ac60321202b01e4cdddded9f8a8d,gx-no-cache=1684165213604 HTTP/1.1" 200 4869
190.171.152.234 - - [15/May/2023:13:53:35 -0300] "GET /cormun/static/Shared/jqueryui/images/ui-icons_82798d_256x240.png HTTP/1.1" 404 1089
190.171.152.234 - - [15/May/2023:13:53:35 -0300] "GET /cormun/static/Shared/jqueryui/images/ui-bg_highlight-soft_100_c6c2c8_1x100.png HTTP/1.1" 404 1117
190.171.152.234 - - [15/May/2023:13:53:35 -0300] "GET /cormun/static/Shared/jqueryui/images/ui-bg_flat_55_fafafa_40x100.png HTTP/1.1" 404 1097
190.171.152.234 - - [15/May/2023:13:53:35 -0300] "GET /cormun/static/Shared/jqueryui/images/ui-icons_8d78a5_256x240.png HTTP/1.1" 404 1089
190.171.152.234 - - [15/May/2023:13:53:35 -0300] "POST /cormun/servlet/trsolicitudot?0f20ac60321202b01e4cdddded9f8a8d,gx-no-cache=1684165213770 HTTP/1.1" 200 4623
190.171.149.74 - - [15/May/2023:13:53:35 -0300] "GET /cormun/servlet/solicitudot?488c606a1e691a8d67b647cd34691d9768d46b7638c0e2cf270c20d656cc043994037f000307e2591625afb344c064395696f0e818f693253830838199d2071d00b4b2595f2f6c1a29c3c6d0cadadb823939df0a82a93f0c877a4c572a145a7b2e2712a490b4eb5b0445316269daafa9dcbe66f653a2f38497c94162e4ef3612db61f87cdd37e2cee34d177c08df16d2e80f54562552b668e8cf040be5b4adf7de00f3e077aa87c05e754d42e7d53fd74c530c0d13660971e1bf12e0526feccd7410785431bb5aea8f6bc41cbf9234704be37a7c50d4cdc3d971c00c58705ca71656968250a1bc94bb42361798a3922d9a57e5bf9384ae939062d4dc53ad7fd4350ebd517cb166cedd8143136bef67ea5d2e43486cecaa28b6766c45f0bb63a77b331c35157e67e0c2934900befe69fbb246be23a433f29f69e8c456c407b75c07cd65fb5220bcb681e4f50e46a47729175961de098498593cf879a47c498980b701eefcd3bf85ea2f0170162c789ad85a2ef3158b078c433fccbe43a286d338,gx-no-cache=1684168683513 HTTP/1.1" 200 30
190.171.141.138 - - [15/May/2023:13:53:37 -0300] "GET /cormun/servlet/trpermisosadjuntos?15214601,20230512121446,P, HTTP/1.1" 200 6822
190.171.141.138 - - [15/May/2023:13:53:37 -0300] "GET /cormun/servlet/trpermisosadjuntos?15214601,20230512121446,P, HTTP/1.1" 200 6823
190.171.152.234 - - [15/May/2023:13:53:38 -0300] "GET /cormun/servlet/trautorizarsolicitud? HTTP/1.1" 200 8836
190.171.141.138 - - [15/May/2023:13:53:38 -0300] "GET /cormun/servlet/permisosadjuntos?INS,15214601,P,20230512121446,, HTTP/1.1" 200 6122
190.171.141.138 - - [15/May/2023:13:53:38 -0300] "GET /cormun/static/about:blank HTTP/1.1" 404 1011
190.171.141.138 - - [15/May/2023:13:53:38 -0300] "GET /cormun/servlet/permisosadjuntos?INS,15214601,P,20230512121446,, HTTP/1.1" 200 6111
190.171.152.234 - - [15/May/2023:13:53:38 -0300] "GET /cormun/servlet/trautorizarsolicitud? HTTP/1.1" 200 8836
190.171.152.234 - - [15/May/2023:13:53:45 -0300] "POST /cormun/servlet/trautorizarsolicitud?0f20ac60321202b01e4cdddded9f8a8d,,gx-no-cache=1684165223178 HTTP/1.1" 200 6031
190.171.152.234 - - [15/May/2023:13:53:45 -0300] "GET /cormun/static/Shared/jqueryui/images/ui-icons_82798d_256x240.png HTTP/1.1" 404 1089
190.171.152.234 - - [15/May/2023:13:53:45 -0300] "GET /cormun/static/Shared/jqueryui/images/ui-bg_highlight-soft_100_c6c2c8_1x100.png HTTP/1.1" 404 1117
190.171.141.138 - - [15/May/2023:13:53:45 -0300] "POST /cormun/servlet/permisosadjuntos?bea13f9c6ba0413347df09928a03b9c4,INS,15214601,P,20230512121446,, HTTP/1.1" 200 116
190.171.141.138 - - [15/May/2023:13:53:45 -0300] "GET /cormun/servlet/hpexe_return? HTTP/1.1" 200 1035
190.171.152.234 - - [15/May/2023:13:53:45 -0300] "GET /cormun/static/Shared/jqueryui/images/ui-icons_8d78a5_256x240.png HTTP/1.1" 404 1089
190.171.152.234 - - [15/May/2023:13:53:45 -0300] "GET /cormun/static/Shared/jqueryui/images/ui-bg_flat_55_fafafa_40x100.png HTTP/1.1" 404 1097
190.171.141.138 - - [15/May/2023:13:53:45 -0300] "GET /cormun/servlet/trpermisosadjuntos?15214601,20230512121446,P, HTTP/1.1" 200 7336
190.171.141.138 - - [15/May/2023:13:53:45 -0300] "GET /cormun/servlet/trpermisosadjuntos?15214601,20230512121446,P, HTTP/1.1" 200 7333
190.171.141.138 - - [15/May/2023:13:53:46 -0300] "POST /cormun/servlet/trpermisosadjuntos?bea13f9c6ba0413347df09928a03b9c4,15214601,20230512121446,P,,gx-no-cache=1684168701712 HTTP/1.1" 200 90
190.171.141.138 - - [15/May/2023:13:53:46 -0300] "GET /cormun/servlet/hpexe_link HTTP/1.1" 200 980
190.171.141.138 - - [15/May/2023:13:53:47 -0300] "GET /cormun/servlet/trpermisosgoce HTTP/1.1" 200 13522
190.171.141.138 - - [15/May/2023:13:53:47 -0300] "GET /cormun/servlet/trpermisosgoce HTTP/1.1" 200 13521
190.171.141.138 - - [15/May/2023:13:53:49 -0300] "GET /cormun/servlet/trpermisosadjuntos?15105194,20230512110631,P, HTTP/1.1" 200 6823
190.171.141.138 - - [15/May/2023:13:53:50 -0300] "GET /cormun/servlet/trpermisosadjuntos?15105194,20230512110631,P, HTTP/1.1" 200 6823
190.171.141.138 - - [15/May/2023:13:53:51 -0300] "GET /cormun/servlet/permisosadjuntos?INS,15105194,P,20230512110631,, HTTP/1.1" 200 6123
190.171.141.138 - - [15/May/2023:13:53:51 -0300] "GET /cormun/static/about:blank HTTP/1.1" 404 1011
190.171.141.138 - - [15/May/2023:13:53:51 -0300] "GET /cormun/servlet/permisosadjuntos?INS,15105194,P,20230512110631,, HTTP/1.1" 200 6112
190.171.149.74 - - [15/May/2023:13:53:52 -0300] "POST /cormun/servlet/solicitudot?gx-no-cache=1684168700118 HTTP/1.1" 200 30
190.171.152.234 - - [15/May/2023:13:53:53 -0300] "GET /cormun/servlet/trautorizarsolicitud? HTTP/1.1" 200 8836
190.171.152.234 - - [15/May/2023:13:53:53 -0300] "GET /cormun/servlet/trautorizarsolicitud? HTTP/1.1" 200 8836
190.171.149.74 - - [15/May/2023:13:53:54 -0300] "GET /cormun/servlet/prcontratosol?19163673,,,,,MD,,gxPopupLevel%3D0%3B HTTP/1.1" 200 7806
190.171.152.234 - - [15/May/2023:13:53:55 -0300] "POST /cormun/servlet/trautorizarsolicitud?0f20ac60321202b01e4cdddded9f8a8d,,gx-no-cache=1684165234065 HTTP/1.1" 200 6030
190.171.152.234 - - [15/May/2023:13:53:55 -0300] "GET /cormun/static/Shared/jqueryui/images/ui-bg_highlight-soft_100_c6c2c8_1x100.png HTTP/1.1" 404 1117
190.171.152.234 - - [15/May/2023:13:53:55 -0300] "GET /cormun/static/Shared/jqueryui/images/ui-icons_82798d_256x240.png HTTP/1.1" 404 1089
190.171.152.234 - - [15/May/2023:13:53:55 -0300] "GET /cormun/static/Shared/jqueryui/images/ui-icons_8d78a5_256x240.png HTTP/1.1" 404 1089
190.171.152.234 - - [15/May/2023:13:53:55 -0300] "GET /cormun/static/Shared/jqueryui/images/ui-bg_flat_55_fafafa_40x100.png HTTP/1.1" 404 1097
190.171.141.138 - - [15/May/2023:13:53:56 -0300] "POST /cormun/servlet/permisosadjuntos?bea13f9c6ba0413347df09928a03b9c4,INS,15105194,P,20230512110631,, HTTP/1.1" 200 116
190.171.141.138 - - [15/May/2023:13:53:56 -0300] "GET /cormun/servlet/hpexe_return? HTTP/1.1" 200 1035
190.171.141.138 - - [15/May/2023:13:53:56 -0300] "GET /cormun/servlet/trpermisosadjuntos?15105194,20230512110631,P, HTTP/1.1" 200 7339
190.171.141.138 - - [15/May/2023:13:53:56 -0300] "GET /cormun/servlet/trpermisosadjuntos?15105194,20230512110631,P, HTTP/1.1" 200 7335
190.171.141.138 - - [15/May/2023:13:53:58 -0300] "POST /cormun/servlet/trpermisosadjuntos?bea13f9c6ba0413347df09928a03b9c4,15105194,20230512110631,P,,gx-no-cache=1684168713234 HTTP/1.1" 200 90
190.171.141.138 - - [15/May/2023:13:53:58 -0300] "GET /cormun/servlet/hpexe_link HTTP/1.1" 200 979
190.171.141.138 - - [15/May/2023:13:53:58 -0300] "GET /cormun/servlet/trpermisosgoce HTTP/1.1" 200 13522
190.171.141.138 - - [15/May/2023:13:53:58 -0300] "GET /cormun/servlet/trpermisosgoce HTTP/1.1" 200 13521
190.171.149.74 - - [15/May/2023:13:54:00 -0300] "POST /cormun/servlet/solicitudot?gx-no-cache=1684168707700 HTTP/1.1" 200 1550
190.171.149.74 - - [15/May/2023:13:54:00 -0300] "GET /cormun/static/Shared/jqueryui/images/ui-bg_highlight-soft_100_c6c2c8_1x100.png HTTP/1.1" 404 1117
190.171.149.74 - - [15/May/2023:13:54:00 -0300] "GET /cormun/static/Shared/jqueryui/images/ui-icons_82798d_256x240.png HTTP/1.1" 404 1089
190.171.149.74 - - [15/May/2023:13:54:00 -0300] "GET /cormun/static/Shared/jqueryui/images/ui-bg_flat_55_994d53_40x100.png HTTP/1.1" 404 1097
190.171.149.74 - - [15/May/2023:13:54:00 -0300] "GET /cormun/static/Shared/jqueryui/images/ui-icons_ebccce_256x240.png HTTP/1.1" 404 1089
190.171.149.74 - - [15/May/2023:13:54:00 -0300] "POST /cormun/servlet/solicitudot?gx-no-cache=1684168707740 HTTP/1.1" 200 117
190.171.149.74 - - [15/May/2023:13:54:00 -0300] "GET /cormun/servlet/solicitudot?488c606a1e691a8d67b647cd34691d9719258368ddaf83dcf6e23d86c11b856f4596df9ad784bc142ea6be094877f1cefb3b49f064557ee48ff9d8a6e4c3d93b73b5d11e54fa7e04c18ef53e6f601f982072c6e74d4fd9e3721583750a1c5f5690eeddb0b808e7d36ebddaa48e4b3834,gx-no-cache=1684168707808 HTTP/1.1" 200 110
190.171.149.74 - - [15/May/2023:13:54:00 -0300] "POST /cormun/servlet/solicitudot?gx-no-cache=1684168707831 HTTP/1.1" 200 64
190.171.149.74 - - [15/May/2023:13:54:00 -0300] "GET /cormun/servlet/solicitudot?488c606a1e691a8d67b647cd34691d97f9c6ca43d3e0995a07021bd850f2fec68f76171f4de57a3bf2fff2a5ebd7fb30a720fe0e6dc1a60f6d801ffa5c6098b780a4745c0dff9c5f5fd4b822774887913d3157f0dfdad6146f7b73c142345d16745002a8a54b196e8536fee030751d68,gx-no-cache=1684168707890 HTTP/1.1" 200 29
190.171.149.74 - - [15/May/2023:13:54:00 -0300] "GET /cormun/servlet/solicitudot?488c606a1e691a8d67b647cd34691d974eb64a52aa630ed80e359b03589e5246454910936e7c665c1448e7750c62a9af,gx-no-cache=1684168707927 HTTP/1.1" 200 134
190.171.141.138 - - [15/May/2023:13:54:00 -0300] "GET /cormun/servlet/trpermisosadjuntos?9031333,20230515104132,P, HTTP/1.1" 200 6825
190.171.141.138 - - [15/May/2023:13:54:00 -0300] "GET /cormun/servlet/trpermisosadjuntos?9031333,20230515104132,P, HTTP/1.1" 200 6825
190.171.141.138 - - [15/May/2023:13:54:02 -0300] "GET /cormun/servlet/permisosadjuntos?INS,9031333,P,20230515104132,, HTTP/1.1" 200 6122
190.171.141.138 - - [15/May/2023:13:54:02 -0300] "GET /cormun/static/about:blank HTTP/1.1" 404 1011
190.171.141.138 - - [15/May/2023:13:54:02 -0300] "GET /cormun/servlet/permisosadjuntos?INS,9031333,P,20230515104132,, HTTP/1.1" 200 6111
190.171.141.138 - - [15/May/2023:13:54:07 -0300] "POST /cormun/servlet/permisosadjuntos?bea13f9c6ba0413347df09928a03b9c4,INS,9031333,P,20230515104132,, HTTP/1.1" 200 116
190.171.141.138 - - [15/May/2023:13:54:07 -0300] "GET /cormun/servlet/hpexe_return? HTTP/1.1" 200 1035
190.171.141.138 - - [15/May/2023:13:54:07 -0300] "GET /cormun/servlet/trpermisosadjuntos?9031333,20230515104132,P, HTTP/1.1" 200 7342
190.171.141.138 - - [15/May/2023:13:54:07 -0300] "GET /cormun/servlet/trpermisosadjuntos?9031333,20230515104132,P, HTTP/1.1" 200 7340
190.171.141.138 - - [15/May/2023:13:54:09 -0300] "POST /cormun/servlet/trpermisosadjuntos?bea13f9c6ba0413347df09928a03b9c4,9031333,20230515104132,P,,gx-no-cache=1684168724496 HTTP/1.1" 200 90
190.171.141.138 - - [15/May/2023:13:54:09 -0300] "GET /cormun/servlet/hpexe_link HTTP/1.1" 200 980
190.171.141.138 - - [15/May/2023:13:54:09 -0300] "GET /cormun/servlet/trpermisosgoce HTTP/1.1" 200 13522
190.171.141.138 - - [15/May/2023:13:54:10 -0300] "GET /cormun/servlet/trpermisosgoce HTTP/1.1" 200 13521
190.171.141.138 - - [15/May/2023:13:54:12 -0300] "POST /cormun/servlet/trpermisosgoce?bea13f9c6ba0413347df09928a03b9c4,gx-no-cache=1684168727171 HTTP/1.1" 200 10482
190.171.141.138 - - [15/May/2023:13:54:12 -0300] "GET /cormun/static/Shared/jqueryui/images/ui-bg_highlight-soft_100_c6c2c8_1x100.png HTTP/1.1" 404 1117
190.171.141.138 - - [15/May/2023:13:54:12 -0300] "GET /cormun/static/Shared/jqueryui/images/ui-icons_82798d_256x240.png HTTP/1.1" 404 1089
190.171.141.138 - - [15/May/2023:13:54:12 -0300] "GET /cormun/static/Shared/jqueryui/images/ui-icons_8d78a5_256x240.png HTTP/1.1" 404 1089
190.171.141.138 - - [15/May/2023:13:54:12 -0300] "GET /cormun/static/Shared/jqueryui/images/ui-bg_flat_55_fafafa_40x100.png HTTP/1.1" 404 1097
190.171.141.138 - - [15/May/2023:13:54:13 -0300] "POST /cormun/servlet/trpermisosgoce?bea13f9c6ba0413347df09928a03b9c4,gx-no-cache=1684168728464 HTTP/1.1" 200 10475
191.125.28.128 - - [15/May/2023:13:54:14 -0300] "GET /cormun/servlet/trsolicitudot? HTTP/1.1" 200 7120
190.171.141.138 - - [15/May/2023:13:54:14 -0300] "POST /cormun/servlet/trpermisosgoce?bea13f9c6ba0413347df09928a03b9c4,gx-no-cache=1684168729416 HTTP/1.1" 200 10438
191.125.28.128 - - [15/May/2023:13:54:15 -0300] "GET /cormun/servlet/trsolicitudot? HTTP/1.1" 200 7120
190.171.141.138 - - [15/May/2023:13:54:16 -0300] "GET /cormun/servlet/trlicencias? HTTP/1.1" 200 12852
190.171.141.138 - - [15/May/2023:13:54:16 -0300] "GET /cormun/servlet/trlicencias? HTTP/1.1" 200 12851
190.171.152.234 - - [15/May/2023:13:54:17 -0300] "GET /cormun/servlet/trsolicitudot? HTTP/1.1" 200 7492
191.125.28.128 - - [15/May/2023:13:54:17 -0300] "GET /cormun/servlet/trlicencias? HTTP/1.1" 200 9938
190.171.152.234 - - [15/May/2023:13:54:17 -0300] "GET /cormun/servlet/trsolicitudot? HTTP/1.1" 200 7491
191.125.28.128 - - [15/May/2023:13:54:18 -0300] "GET /cormun/servlet/trlicencias? HTTP/1.1" 200 9936
190.171.152.234 - - [15/May/2023:13:54:20 -0300] "GET /cormun/servlet/trautorizarsolicitud? HTTP/1.1" 200 8836
190.171.152.234 - - [15/May/2023:13:54:21 -0300] "GET /cormun/servlet/trautorizarsolicitud? HTTP/1.1" 200 8836
190.171.152.234 - - [15/May/2023:13:54:32 -0300] "POST /cormun/servlet/trautorizarsolicitud?0f20ac60321202b01e4cdddded9f8a8d,,gx-no-cache=1684165270890 HTTP/1.1" 200 6032
190.171.152.234 - - [15/May/2023:13:54:32 -0300] "GET /cormun/static/Shared/jqueryui/images/ui-bg_highlight-soft_100_c6c2c8_1x100.png HTTP/1.1" 404 1117
190.171.152.234 - - [15/May/2023:13:54:32 -0300] "GET /cormun/static/Shared/jqueryui/images/ui-icons_82798d_256x240.png HTTP/1.1" 404 1089
190.171.152.234 - - [15/May/2023:13:54:32 -0300] "GET /cormun/static/Shared/jqueryui/images/ui-bg_flat_55_fafafa_40x100.png HTTP/1.1" 404 1097
190.171.152.234 - - [15/May/2023:13:54:32 -0300] "GET /cormun/static/Shared/jqueryui/images/ui-icons_8d78a5_256x240.png HTTP/1.1" 404 1089
190.171.152.234 - - [15/May/2023:13:54:34 -0300] "POST /cormun/servlet/trautorizarsolicitud?0f20ac60321202b01e4cdddded9f8a8d,,gx-no-cache=1684165272510 HTTP/1.1" 200 6032
190.171.152.234 - - [15/May/2023:13:54:34 -0300] "POST /cormun/servlet/trautorizarsolicitud?0f20ac60321202b01e4cdddded9f8a8d,,gx-no-cache=1684165272887 HTTP/1.1" 200 6032
190.171.152.234 - - [15/May/2023:13:54:34 -0300] "POST /cormun/servlet/trautorizarsolicitud?0f20ac60321202b01e4cdddded9f8a8d,,gx-no-cache=1684165273071 HTTP/1.1" 200 6032
190.171.149.74 - - [15/May/2023:13:54:37 -0300] "POST /cormun/servlet/solicitudot?gx-no-cache=1684168744892 HTTP/1.1" 200 1470
190.171.149.74 - - [15/May/2023:13:54:39 -0300] "GET /cormun/servlet/prlicenciaspermisos?7650750,L,,MD,,gxPopupLevel%3D0%3B HTTP/1.1" 200 7706
190.171.149.74 - - [15/May/2023:13:54:48 -0300] "POST /cormun/servlet/solicitudot?gx-no-cache=1684168756019 HTTP/1.1" 200 30
190.171.149.74 - - [15/May/2023:13:54:49 -0300] "POST /cormun/servlet/solicitudot?gx-no-cache=1684168757354 HTTP/1.1" 200 1470
190.171.149.74 - - [15/May/2023:13:54:49 -0300] "POST /cormun/servlet/solicitudot?gx-no-cache=1684168757441 HTTP/1.1" 200 41
190.171.152.234 - - [15/May/2023:13:54:58 -0300] "GET /cormun/servlet/trautorizarsolicitud? HTTP/1.1" 200 8836
190.171.149.74 - - [15/May/2023:13:54:58 -0300] "GET /cormun/servlet/solicitudot?488c606a1e691a8d67b647cd34691d9719258368ddaf83dcf6e23d86c11b856f4596df9ad784bc142ea6be094877f1cefb3b49f064557ee48ff9d8a6e4c3d93b73b5d11e54fa7e04c18ef53e6f601f982072c6e74d4fd9e3721583750a1c5f5690eeddb0b808e7d36ebddaa48e4b3834,gx-no-cache=1684168766198 HTTP/1.1" 200 110
190.171.149.74 - - [15/May/2023:13:54:58 -0300] "POST /cormun/servlet/solicitudot?gx-no-cache=1684168766272 HTTP/1.1" 200 97
190.171.152.234 - - [15/May/2023:13:54:58 -0300] "GET /cormun/servlet/trautorizarsolicitud? HTTP/1.1" 200 8836
190.171.152.234 - - [15/May/2023:13:55:02 -0300] "POST /cormun/servlet/trautorizarsolicitud?0f20ac60321202b01e4cdddded9f8a8d,,gx-no-cache=1684165300369 HTTP/1.1" 200 6030
190.171.152.234 - - [15/May/2023:13:55:02 -0300] "GET /cormun/static/Shared/jqueryui/images/ui-icons_82798d_256x240.png HTTP/1.1" 404 1089
190.171.152.234 - - [15/May/2023:13:55:02 -0300] "GET /cormun/static/Shared/jqueryui/images/ui-bg_highlight-soft_100_c6c2c8_1x100.png HTTP/1.1" 404 1117
190.171.152.234 - - [15/May/2023:13:55:02 -0300] "GET /cormun/static/Shared/jqueryui/images/ui-bg_flat_55_fafafa_40x100.png HTTP/1.1" 404 1097
190.171.152.234 - - [15/May/2023:13:55:02 -0300] "GET /cormun/static/Shared/jqueryui/images/ui-icons_8d78a5_256x240.png HTTP/1.1" 404 1089
190.171.149.74 - - [15/May/2023:13:55:05 -0300] "GET /cormun/static/menuarrow.gif HTTP/1.1" 404 1015
190.171.149.74 - - [15/May/2023:13:55:16 -0300] "GET /cormun/servlet/solicitudot?488c606a1e691a8d67b647cd34691d9732534d8f085396690e1c5a097b74ce94f3b616b31bd19f1e9a2d4be4580c4dcd,gx-no-cache=1684168784185 HTTP/1.1" 200 30
190.171.149.74 - - [15/May/2023:13:55:16 -0300] "POST /cormun/servlet/solicitudot?gx-no-cache=1684168784219 HTTP/1.1" 200 30
190.171.152.234 - - [15/May/2023:13:55:18 -0300] "GET /cormun/servlet/trsolicitudot? HTTP/1.1" 200 7492
190.171.152.234 - - [15/May/2023:13:55:19 -0300] "GET /cormun/servlet/trsolicitudot? HTTP/1.1" 200 7491
190.171.149.74 - - [15/May/2023:13:55:46 -0300] "POST /cormun/servlet/solicitudot?gx-no-cache=1684168814445 HTTP/1.1" 200 30
190.171.152.234 - - [15/May/2023:13:56:05 -0300] "POST /cormun/servlet/trsolicitudot?0f20ac60321202b01e4cdddded9f8a8d,,gx-no-cache=1684165363648 HTTP/1.1" 200 6101
190.171.149.74 - - [15/May/2023:13:56:26 -0300] "POST /cormun/servlet/solicitudot?2b6e1dc31bebb7d7160ba42ae4cc4770,INS,0,0,false,,gx-no-cache=1684168853223 HTTP/1.1" 200 93
190.171.149.74 - - [15/May/2023:13:56:26 -0300] "GET /cormun/servlet/hpexe_return? HTTP/1.1" 200 1011
190.171.149.74 - - [15/May/2023:13:56:26 -0300] "GET /cormun/servlet/trsolicitudot HTTP/1.1" 200 8631
190.171.149.74 - - [15/May/2023:13:56:26 -0300] "GET /cormun//static/Resources/PXToolsActionView.png HTTP/1.1" 200 398
190.171.149.74 - - [15/May/2023:13:56:26 -0300] "GET /cormun//static/Resources/PXToolsRemoveAllAction.png HTTP/1.1" 200 487
190.171.149.74 - - [15/May/2023:13:56:26 -0300] "GET /cormun/servlet/trsolicitudot HTTP/1.1" 200 8627
190.171.152.234 - - [15/May/2023:13:56:29 -0300] "POST /cormun/servlet/trsolicitudot?0f20ac60321202b01e4cdddded9f8a8d,,gx-no-cache=1684165387400 HTTP/1.1" 200 4657
190.171.152.234 - - [15/May/2023:13:56:31 -0300] "POST /cormun/servlet/trsolicitudot?0f20ac60321202b01e4cdddded9f8a8d,,gx-no-cache=1684165389262 HTTP/1.1" 200 4656
190.171.152.234 - - [15/May/2023:13:56:32 -0300] "POST /cormun/servlet/trsolicitudot?0f20ac60321202b01e4cdddded9f8a8d,,gx-no-cache=1684165390262 HTTP/1.1" 200 4656
190.171.152.234 - - [15/May/2023:13:56:58 -0300] "POST /cormun/servlet/trsolicitudot?0f20ac60321202b01e4cdddded9f8a8d,,gx-no-cache=1684165416127 HTTP/1.1" 200 6030
190.171.152.234 - - [15/May/2023:13:57:18 -0300] "POST /cormun/servlet/trsolicitudot?0f20ac60321202b01e4cdddded9f8a8d,,gx-no-cache=1684165436927 HTTP/1.1" 200 6101
190.171.152.234 - - [15/May/2023:13:57:20 -0300] "POST /cormun/servlet/trsolicitudot?0f20ac60321202b01e4cdddded9f8a8d,,gx-no-cache=1684165438926 HTTP/1.1" 200 6101
190.171.149.74 - - [15/May/2023:13:57:21 -0300] "POST /cormun/servlet/trsolicitudot?2b6e1dc31bebb7d7160ba42ae4cc4770,gx-no-cache=1684168908654 HTTP/1.1" 200 110
190.171.149.74 - - [15/May/2023:13:57:21 -0300] "GET /cormun/servlet/solicitudot?UPD,2023,20166,false, HTTP/1.1" 200 16375
190.171.149.74 - - [15/May/2023:13:57:21 -0300] "GET /cormun/servlet/solicitudot?UPD,2023,20166,false, HTTP/1.1" 200 16387
190.171.149.74 - - [15/May/2023:13:57:22 -0300] "POST /cormun/servlet/solicitudot?gx-no-cache=1684168909753 HTTP/1.1" 200 4029
190.171.149.74 - - [15/May/2023:13:57:22 -0300] "POST /cormun/servlet/solicitudot?2b6e1dc31bebb7d7160ba42ae4cc4770,UPD,2023,20166,false,,gx-no-cache=1684168909913 HTTP/1.1" 200 12646
190.171.149.74 - - [15/May/2023:13:57:22 -0300] "GET /cormun/servlet/solicitudot?488c606a1e691a8d67b647cd34691d975aaa746edd4dd0a5bfc6e9762beb1934f14683ef640d7335e3767cf5de3d59d5,gx-no-cache=1684168910095 HTTP/1.1" 200 30
190.171.149.74 - - [15/May/2023:13:57:22 -0300] "GET /cormun/servlet/solicitudot?488c606a1e691a8d67b647cd34691d977ebc921eecfe44b57e5b1bc58c3c3dfbd59b997d14adfe0fba14bed1565bd8dbd031fed883f3aa2fc31555a0b4e27712,gx-no-cache=1684168910124 HTTP/1.1" 200 30
190.171.149.74 - - [15/May/2023:13:57:22 -0300] "GET /cormun/servlet/solicitudot?488c606a1e691a8d67b647cd34691d97d7fccb4d583e6febc26f10c82e65b773,gx-no-cache=1684168910144 HTTP/1.1" 200 29
190.171.149.74 - - [15/May/2023:13:57:22 -0300] "POST /cormun/servlet/solicitudot?gx-no-cache=1684168910167 HTTP/1.1" 200 254
190.171.149.74 - - [15/May/2023:13:57:22 -0300] "GET /cormun/servlet/solicitudot?488c606a1e691a8d67b647cd34691d9768d46b7638c0e2cf270c20d656cc043994037f000307e2591625afb344c064395696f0e818f693253830838199d2071d00b4b2595f2f6c1a29c3c6d0cadadb823939df0a82a93f0c877a4c572a145a7b2e2712a490b4eb5b0445316269daafa9dcbe66f653a2f38497c94162e4ef3612db61f87cdd37e2cee34d177c08df16d2e80f54562552b668e8cf040be5b4adf7de00f3e077aa87c05e754d42e7d53fd74c530c0d13660971e1bf12e0526feccd7410785431bb5aea8f6bc41cbf9234704be37a7c50d4cdc3d971c00c58705ca71656968250a1bc94bb42361798a3922d9a57e5bf9384ae939062d4dc53ad7fd4350ebd517cb166cedd8143136bef67ea5d2e43486cecaa28b6766c45f0bb63a77b331c35157e67e0c2934900befe69fbb246be23a433f29f69e8c456c407b75c07cd65fb5220bcb681e4f50e46a47729175961de098498593cf879a47c498980b701eefcd3bf85ea2f0170162c789ad8206be257751f472099fdab201c38d52b,gx-no-cache=1684168910199 HTTP/1.1" 200 30
190.171.149.74 - - [15/May/2023:13:57:22 -0300] "POST /cormun/servlet/solicitudot?gx-no-cache=1684168910230 HTTP/1.1" 200 30
190.171.149.74 - - [15/May/2023:13:57:22 -0300] "POST /cormun/servlet/solicitudot?gx-no-cache=1684168910261 HTTP/1.1" 200 1473
190.171.149.74 - - [15/May/2023:13:57:22 -0300] "POST /cormun/servlet/solicitudot?gx-no-cache=1684168910338 HTTP/1.1" 200 41
190.171.149.74 - - [15/May/2023:13:57:41 -0300] "GET /cormun/servlet/solicitudot?488c606a1e691a8d67b647cd34691d9719258368ddaf83dcf6e23d86c11b856f4596df9ad784bc142ea6be094877f1cefb3b49f064557ee48ff9d8a6e4c3d93b73b5d11e54fa7e04c18ef53e6f601f982072c6e74d4fd9e3721583750a1c5f5690eeddb0b808e7d36ebddaa48e4b3834,gx-no-cache=1684168928816 HTTP/1.1" 200 110
190.171.149.74 - - [15/May/2023:13:57:41 -0300] "POST /cormun/servlet/solicitudot?gx-no-cache=1684168928848 HTTP/1.1" 200 67
190.171.149.74 - - [15/May/2023:13:57:41 -0300] "GET /cormun/servlet/solicitudot?488c606a1e691a8d67b647cd34691d97c98b6cfecf0d804ebd49634aa7b08fa504f40aee18ddffd064918119fba6d6fc61b952e3b81bd6c1f3f7dbef603ff05d06f192cb57380f9389aae1b2aa384427437411603822058bc84f6099557866ee893b7ecf2732c2dcd0ed56e868b36569ea55bdc5d1c6b78d10fe899bf33a9cf13d3157f0dfdad6146f7b73c142345d16745002a8a54b196e8536fee030751d68,gx-no-cache=1684168928880 HTTP/1.1" 200 29
190.171.149.74 - - [15/May/2023:13:57:41 -0300] "GET /cormun/servlet/solicitudot?488c606a1e691a8d67b647cd34691d9732534d8f085396690e1c5a097b74ce94f3b616b31bd19f1e9a2d4be4580c4dcd,gx-no-cache=1684168928903 HTTP/1.1" 200 30
190.171.149.74 - - [15/May/2023:13:57:41 -0300] "POST /cormun/servlet/solicitudot?gx-no-cache=1684168928931 HTTP/1.1" 200 30
190.171.149.74 - - [15/May/2023:13:57:41 -0300] "POST /cormun/servlet/solicitudot?2b6e1dc31bebb7d7160ba42ae4cc4770,UPD,2023,20166,false,,gx-no-cache=1684168928962 HTTP/1.1" 200 93
190.171.149.74 - - [15/May/2023:13:57:41 -0300] "GET /cormun/servlet/hpexe_return? HTTP/1.1" 200 1015
190.171.149.74 - - [15/May/2023:13:57:41 -0300] "GET /cormun/servlet/trsolicitudot HTTP/1.1" 200 8630
190.171.149.74 - - [15/May/2023:13:57:41 -0300] "GET /cormun/servlet/trsolicitudot HTTP/1.1" 200 8626
190.171.149.74 - - [15/May/2023:13:57:44 -0300] "POST /cormun/servlet/trsolicitudot?2b6e1dc31bebb7d7160ba42ae4cc4770,gx-no-cache=1684168931885 HTTP/1.1" 200 107
190.171.149.74 - - [15/May/2023:13:57:44 -0300] "GET /cormun/servlet/trsolicitudadjuntos?2023,20166, HTTP/1.1" 200 6093
190.171.149.74 - - [15/May/2023:13:57:44 -0300] "GET /cormun/static/gxcfg.js?20201215574222 HTTP/1.1" 200 953
190.171.149.74 - - [15/May/2023:13:57:44 -0300] "GET /cormun/static/Resources/PXToolsGridNew.png HTTP/1.1" 200 427
190.171.149.74 - - [15/May/2023:13:57:44 -0300] "GET /cormun/static/trsolicitudadjuntos.js?20201215574932 HTTP/1.1" 200 17921
190.171.149.74 - - [15/May/2023:13:57:44 -0300] "GET /cormun/servlet/trsolicitudadjuntos?2023,20166, HTTP/1.1" 200 6093
190.171.152.234 - - [15/May/2023:13:57:45 -0300] "POST /cormun/servlet/trsolicitudot?0f20ac60321202b01e4cdddded9f8a8d,,gx-no-cache=1684165464040 HTTP/1.1" 200 6030
190.171.149.74 - - [15/May/2023:13:57:46 -0300] "GET /cormun/servlet/solicitudotadjuntos?INS,2023,20166,,1, HTTP/1.1" 200 6038
190.171.149.74 - - [15/May/2023:13:57:46 -0300] "GET /cormun/static/gxcfg.js?202211298385187 HTTP/1.1" 200 953
190.171.149.74 - - [15/May/2023:13:57:46 -0300] "GET /cormun/static/solicitudotadjuntos.js?202211298385196 HTTP/1.1" 200 11771
190.171.149.74 - - [15/May/2023:13:57:46 -0300] "GET /cormun/static/about:blank HTTP/1.1" 404 1011
190.171.149.74 - - [15/May/2023:13:57:46 -0300] "GET /cormun/servlet/solicitudotadjuntos?INS,2023,20166,,1, HTTP/1.1" 200 6032
190.171.149.74 - - [15/May/2023:13:57:47 -0300] "GET /cormun/servlet/solicitudotadjuntos?488c606a1e691a8d67b647cd34691d97a01bc5d803ab91c0f978b0c4c276a1045c19eec80633e02d57d142afdb990ed8,gx-no-cache=1684168934978 HTTP/1.1" 200 30
190.171.149.74 - - [15/May/2023:13:57:47 -0300] "POST /cormun/servlet/solicitudotadjuntos?2b6e1dc31bebb7d7160ba42ae4cc4770,INS,2023,20166,,1,,gx-no-cache=1684168935017 HTTP/1.1" 200 3906
40.77.167.84 - - [15/May/2023:13:57:48 -0300] "GET /cormun/servlet/trlicencias HTTP/1.1" 200 6043
190.171.149.74 - - [15/May/2023:13:57:49 -0300] "POST /cormun/servlet/solicitudotadjuntos?gx-no-cache=1684168937234 HTTP/1.1" 200 26
190.171.149.74 - - [15/May/2023:13:58:02 -0300] "GET /cormun/servlet/solicitudotadjuntos?488c606a1e691a8d67b647cd34691d9763dc84a1c8755ec472557cc76680a260,gx-no-cache=1684168949992 HTTP/1.1" 200 30
190.171.149.74 - - [15/May/2023:13:58:02 -0300] "GET /cormun/servlet/solicitudotadjuntos?488c606a1e691a8d67b647cd34691d9763dc84a1c8755ec472557cc76680a260,gx-no-cache=1684168950006 HTTP/1.1" 200 30
190.171.149.74 - - [15/May/2023:13:58:02 -0300] "POST /cormun/servlet/solicitudotadjuntos?2b6e1dc31bebb7d7160ba42ae4cc4770,INS,2023,20166,,1, HTTP/1.1" 200 116
190.171.149.74 - - [15/May/2023:13:58:02 -0300] "GET /cormun/servlet/hpexe_return? HTTP/1.1" 200 1028
190.171.149.74 - - [15/May/2023:13:58:02 -0300] "GET /cormun/servlet/trsolicitudadjuntos?2023,20166, HTTP/1.1" 200 8991
190.171.149.74 - - [15/May/2023:13:58:03 -0300] "GET /cormun/servlet/trsolicitudadjuntos?2023,20166, HTTP/1.1" 200 8986
190.171.152.234 - - [15/May/2023:13:58:03 -0300] "POST /cormun/servlet/trsolicitudot?0f20ac60321202b01e4cdddded9f8a8d,,gx-no-cache=1684165481967 HTTP/1.1" 200 4656
190.171.149.74 - - [15/May/2023:13:58:04 -0300] "GET /cormun/servlet/solicitudotadjuntos?INS,2023,20166,,1, HTTP/1.1" 200 6038
190.171.149.74 - - [15/May/2023:13:58:04 -0300] "GET /cormun/static/about:blank HTTP/1.1" 404 1011
190.171.149.74 - - [15/May/2023:13:58:04 -0300] "GET /cormun/servlet/solicitudotadjuntos?INS,2023,20166,,1, HTTP/1.1" 200 6032
190.171.149.74 - - [15/May/2023:13:58:05 -0300] "GET /cormun/servlet/solicitudotadjuntos?488c606a1e691a8d67b647cd34691d97a01bc5d803ab91c0f978b0c4c276a1045c19eec80633e02d57d142afdb990ed8,gx-no-cache=1684168953034 HTTP/1.1" 200 30
190.171.149.74 - - [15/May/2023:13:58:05 -0300] "POST /cormun/servlet/solicitudotadjuntos?2b6e1dc31bebb7d7160ba42ae4cc4770,INS,2023,20166,,1,,gx-no-cache=1684168953082 HTTP/1.1" 200 3906
190.171.149.74 - - [15/May/2023:13:58:07 -0300] "POST /cormun/servlet/solicitudotadjuntos?gx-no-cache=1684168955333 HTTP/1.1" 200 26
190.171.152.234 - - [15/May/2023:13:58:07 -0300] "POST /cormun/servlet/trsolicitudot?0f20ac60321202b01e4cdddded9f8a8d,,gx-no-cache=1684165485814 HTTP/1.1" 200 4656
190.171.152.234 - - [15/May/2023:13:58:08 -0300] "POST /cormun/servlet/trsolicitudot?0f20ac60321202b01e4cdddded9f8a8d,,gx-no-cache=1684165486269 HTTP/1.1" 200 4656
190.171.152.234 - - [15/May/2023:13:58:08 -0300] "POST /cormun/servlet/trsolicitudot?0f20ac60321202b01e4cdddded9f8a8d,,gx-no-cache=1684165486477 HTTP/1.1" 200 4655
190.171.152.234 - - [15/May/2023:13:58:08 -0300] "POST /cormun/servlet/trsolicitudot?0f20ac60321202b01e4cdddded9f8a8d,,gx-no-cache=1684165486662 HTTP/1.1" 200 4657
190.171.152.234 - - [15/May/2023:13:58:08 -0300] "POST /cormun/servlet/trsolicitudot?0f20ac60321202b01e4cdddded9f8a8d,,gx-no-cache=1684165486878 HTTP/1.1" 200 4656
190.171.152.234 - - [15/May/2023:13:58:10 -0300] "GET /cormun/servlet/trautorizarsolicitud? HTTP/1.1" 200 8836
190.171.152.234 - - [15/May/2023:13:58:11 -0300] "GET /cormun/servlet/trautorizarsolicitud? HTTP/1.1" 200 8836
190.171.149.74 - - [15/May/2023:13:58:13 -0300] "GET /cormun/servlet/solicitudotadjuntos?488c606a1e691a8d67b647cd34691d9763dc84a1c8755ec472557cc76680a260,gx-no-cache=1684168961059 HTTP/1.1" 200 30
190.171.149.74 - - [15/May/2023:13:58:13 -0300] "GET /cormun/servlet/solicitudotadjuntos?488c606a1e691a8d67b647cd34691d9763dc84a1c8755ec472557cc76680a260,gx-no-cache=1684168961138 HTTP/1.1" 200 30
190.171.149.74 - - [15/May/2023:13:58:13 -0300] "POST /cormun/servlet/solicitudotadjuntos?2b6e1dc31bebb7d7160ba42ae4cc4770,INS,2023,20166,,1, HTTP/1.1" 200 116
190.171.149.74 - - [15/May/2023:13:58:13 -0300] "GET /cormun/servlet/hpexe_return? HTTP/1.1" 200 1028
190.171.149.74 - - [15/May/2023:13:58:14 -0300] "GET /cormun/servlet/trsolicitudadjuntos?2023,20166, HTTP/1.1" 200 9319
190.171.149.74 - - [15/May/2023:13:58:14 -0300] "GET /cormun/servlet/trsolicitudadjuntos?2023,20166, HTTP/1.1" 200 9318
190.171.149.74 - - [15/May/2023:13:58:16 -0300] "GET /cormun/servlet/solicitudotadjuntos?INS,2023,20166,,1, HTTP/1.1" 200 6038
190.171.149.74 - - [15/May/2023:13:58:16 -0300] "GET /cormun/static/about:blank HTTP/1.1" 404 1011
190.171.149.74 - - [15/May/2023:13:58:16 -0300] "GET /cormun/servlet/solicitudotadjuntos?INS,2023,20166,,1, HTTP/1.1" 200 6032
190.171.152.234 - - [15/May/2023:13:58:16 -0300] "POST /cormun/servlet/trautorizarsolicitud?0f20ac60321202b01e4cdddded9f8a8d,,gx-no-cache=1684165494921 HTTP/1.1" 200 6032
190.171.152.234 - - [15/May/2023:13:58:16 -0300] "GET /cormun/static/Shared/jqueryui/images/ui-icons_82798d_256x240.png HTTP/1.1" 404 1089
190.171.152.234 - - [15/May/2023:13:58:16 -0300] "GET /cormun/static/Shared/jqueryui/images/ui-bg_highlight-soft_100_c6c2c8_1x100.png HTTP/1.1" 404 1117
190.171.152.234 - - [15/May/2023:13:58:16 -0300] "GET /cormun/static/Shared/jqueryui/images/ui-icons_8d78a5_256x240.png HTTP/1.1" 404 1089
190.171.152.234 - - [15/May/2023:13:58:16 -0300] "GET /cormun/static/Shared/jqueryui/images/ui-bg_flat_55_fafafa_40x100.png HTTP/1.1" 404 1097
190.171.149.74 - - [15/May/2023:13:58:16 -0300] "GET /cormun/servlet/solicitudotadjuntos?488c606a1e691a8d67b647cd34691d97a01bc5d803ab91c0f978b0c4c276a1045c19eec80633e02d57d142afdb990ed8,gx-no-cache=1684168964543 HTTP/1.1" 200 30
190.171.149.74 - - [15/May/2023:13:58:17 -0300] "POST /cormun/servlet/solicitudotadjuntos?2b6e1dc31bebb7d7160ba42ae4cc4770,INS,2023,20166,,1,,gx-no-cache=1684168964614 HTTP/1.1" 200 3906
190.171.149.74 - - [15/May/2023:13:58:18 -0300] "POST /cormun/servlet/solicitudotadjuntos?gx-no-cache=1684168966516 HTTP/1.1" 200 26
190.171.149.74 - - [15/May/2023:13:58:24 -0300] "GET /cormun/servlet/solicitudotadjuntos?488c606a1e691a8d67b647cd34691d9763dc84a1c8755ec472557cc76680a260,gx-no-cache=1684168972395 HTTP/1.1" 200 30
190.171.149.74 - - [15/May/2023:13:58:24 -0300] "GET /cormun/servlet/solicitudotadjuntos?488c606a1e691a8d67b647cd34691d9763dc84a1c8755ec472557cc76680a260,gx-no-cache=1684168972418 HTTP/1.1" 200 30
190.171.149.74 - - [15/May/2023:13:58:24 -0300] "POST /cormun/servlet/solicitudotadjuntos?2b6e1dc31bebb7d7160ba42ae4cc4770,INS,2023,20166,,1, HTTP/1.1" 200 116
190.171.149.74 - - [15/May/2023:13:58:24 -0300] "GET /cormun/servlet/hpexe_return? HTTP/1.1" 200 1028
190.171.149.74 - - [15/May/2023:13:58:25 -0300] "GET /cormun/servlet/trsolicitudadjuntos?2023,20166, HTTP/1.1" 200 9534
190.171.149.74 - - [15/May/2023:13:58:25 -0300] "GET /cormun/servlet/trsolicitudadjuntos?2023,20166, HTTP/1.1" 200 9531
190.171.149.74 - - [15/May/2023:13:58:27 -0300] "GET /cormun/servlet/solicitudotadjuntos?INS,2023,20166,,1, HTTP/1.1" 200 6038
190.171.149.74 - - [15/May/2023:13:58:27 -0300] "GET /cormun/static/about:blank HTTP/1.1" 404 1011
190.171.149.74 - - [15/May/2023:13:58:27 -0300] "GET /cormun/servlet/solicitudotadjuntos?INS,2023,20166,,1, HTTP/1.1" 200 6032
190.171.149.74 - - [15/May/2023:13:58:28 -0300] "GET /cormun/servlet/solicitudotadjuntos?488c606a1e691a8d67b647cd34691d97a01bc5d803ab91c0f978b0c4c276a1045c19eec80633e02d57d142afdb990ed8,gx-no-cache=1684168975691 HTTP/1.1" 200 30
190.171.149.74 - - [15/May/2023:13:58:28 -0300] "POST /cormun/servlet/solicitudotadjuntos?2b6e1dc31bebb7d7160ba42ae4cc4770,INS,2023,20166,,1,,gx-no-cache=1684168975753 HTTP/1.1" 200 3906
190.171.149.74 - - [15/May/2023:13:58:30 -0300] "POST /cormun/servlet/solicitudotadjuntos?gx-no-cache=1684168978132 HTTP/1.1" 200 26
190.171.152.234 - - [15/May/2023:13:58:31 -0300] "GET /cormun/servlet/trvisualizadoreventos? HTTP/1.1" 200 7048
190.171.152.234 - - [15/May/2023:13:58:31 -0300] "GET /cormun/static/gxcfg.js?202211298474834 HTTP/1.1" 200 953
190.171.152.234 - - [15/May/2023:13:58:31 -0300] "GET /cormun/static/Resources/PXToolsActionPrint.png HTTP/1.1" 200 404
190.171.152.234 - - [15/May/2023:13:58:31 -0300] "GET /cormun/static/trvisualizadoreventos.js?202211298474971 HTTP/1.1" 200 19318
190.171.152.234 - - [15/May/2023:13:58:31 -0300] "GET /cormun/servlet/trvisualizadoreventos? HTTP/1.1" 200 7048
190.171.152.234 - - [15/May/2023:13:58:34 -0300] "GET /cormun/servlet/trsolicitudot? HTTP/1.1" 200 7509
190.171.152.234 - - [15/May/2023:13:58:35 -0300] "GET /cormun/servlet/trsolicitudot? HTTP/1.1" 200 7508
190.171.149.74 - - [15/May/2023:13:58:38 -0300] "GET /cormun/servlet/solicitudotadjuntos?488c606a1e691a8d67b647cd34691d9763dc84a1c8755ec472557cc76680a260,gx-no-cache=1684168986417 HTTP/1.1" 200 30
190.171.149.74 - - [15/May/2023:13:58:38 -0300] "GET /cormun/servlet/solicitudotadjuntos?488c606a1e691a8d67b647cd34691d9763dc84a1c8755ec472557cc76680a260,gx-no-cache=1684168986438 HTTP/1.1" 200 30
190.171.149.74 - - [15/May/2023:13:58:38 -0300] "POST /cormun/servlet/solicitudotadjuntos?2b6e1dc31bebb7d7160ba42ae4cc4770,INS,2023,20166,,1, HTTP/1.1" 200 116
190.171.149.74 - - [15/May/2023:13:58:38 -0300] "GET /cormun/servlet/hpexe_return? HTTP/1.1" 200 1028
190.171.149.74 - - [15/May/2023:13:58:39 -0300] "GET /cormun/servlet/trsolicitudadjuntos?2023,20166, HTTP/1.1" 200 9809
190.171.149.74 - - [15/May/2023:13:58:39 -0300] "GET /cormun/servlet/trsolicitudadjuntos?2023,20166, HTTP/1.1" 200 9807
190.171.149.74 - - [15/May/2023:13:58:41 -0300] "GET /cormun/servlet/solicitudotadjuntos?INS,2023,20166,,1, HTTP/1.1" 200 6038
190.171.149.74 - - [15/May/2023:13:58:41 -0300] "GET /cormun/static/about:blank HTTP/1.1" 404 1011
190.171.149.74 - - [15/May/2023:13:58:41 -0300] "GET /cormun/servlet/solicitudotadjuntos?INS,2023,20166,,1, HTTP/1.1" 200 6032
190.171.149.74 - - [15/May/2023:13:58:42 -0300] "GET /cormun/servlet/solicitudotadjuntos?488c606a1e691a8d67b647cd34691d97a01bc5d803ab91c0f978b0c4c276a1045c19eec80633e02d57d142afdb990ed8,gx-no-cache=1684168989820 HTTP/1.1" 200 30
190.171.149.74 - - [15/May/2023:13:58:42 -0300] "POST /cormun/servlet/solicitudotadjuntos?2b6e1dc31bebb7d7160ba42ae4cc4770,INS,2023,20166,,1,,gx-no-cache=1684168989880 HTTP/1.1" 200 3906
190.171.149.74 - - [15/May/2023:13:58:45 -0300] "POST /cormun/servlet/solicitudotadjuntos?gx-no-cache=1684168993394 HTTP/1.1" 200 26
190.171.152.234 - - [15/May/2023:13:58:49 -0300] "GET /cormun/servlet/solicitudot?INS,0,0,false, HTTP/1.1" 200 16129
190.171.152.234 - - [15/May/2023:13:58:49 -0300] "GET /cormun/servlet/solicitudot?INS,0,0,false, HTTP/1.1" 200 16136
190.171.149.74 - - [15/May/2023:13:58:53 -0300] "GET /cormun/servlet/solicitudotadjuntos?488c606a1e691a8d67b647cd34691d9763dc84a1c8755ec472557cc76680a260,gx-no-cache=1684169000691 HTTP/1.1" 200 30
190.171.149.74 - - [15/May/2023:13:58:53 -0300] "GET /cormun/servlet/solicitudotadjuntos?488c606a1e691a8d67b647cd34691d9763dc84a1c8755ec472557cc76680a260,gx-no-cache=1684169000706 HTTP/1.1" 200 30
190.171.149.74 - - [15/May/2023:13:58:53 -0300] "POST /cormun/servlet/solicitudotadjuntos?2b6e1dc31bebb7d7160ba42ae4cc4770,INS,2023,20166,,1, HTTP/1.1" 200 116
190.171.149.74 - - [15/May/2023:13:58:53 -0300] "GET /cormun/servlet/hpexe_return? HTTP/1.1" 200 1028
190.171.149.74 - - [15/May/2023:13:58:53 -0300] "GET /cormun/servlet/trsolicitudadjuntos?2023,20166, HTTP/1.1" 200 10094
190.171.149.74 - - [15/May/2023:13:58:53 -0300] "GET /cormun/servlet/trsolicitudadjuntos?2023,20166, HTTP/1.1" 200 10091
190.171.149.74 - - [15/May/2023:13:58:55 -0300] "GET /cormun/servlet/solicitudotadjuntos?INS,2023,20166,,1, HTTP/1.1" 200 6038
190.171.149.74 - - [15/May/2023:13:58:56 -0300] "GET /cormun/static/about:blank HTTP/1.1" 404 1011
190.171.149.74 - - [15/May/2023:13:58:56 -0300] "GET /cormun/servlet/solicitudotadjuntos?INS,2023,20166,,1, HTTP/1.1" 200 6032
190.171.149.74 - - [15/May/2023:13:58:56 -0300] "GET /cormun/servlet/solicitudotadjuntos?488c606a1e691a8d67b647cd34691d97a01bc5d803ab91c0f978b0c4c276a1045c19eec80633e02d57d142afdb990ed8,gx-no-cache=1684169004345 HTTP/1.1" 200 30
190.171.149.74 - - [15/May/2023:13:58:56 -0300] "POST /cormun/servlet/solicitudotadjuntos?2b6e1dc31bebb7d7160ba42ae4cc4770,INS,2023,20166,,1,,gx-no-cache=1684169004391 HTTP/1.1" 200 3906
190.171.149.74 - - [15/May/2023:13:58:59 -0300] "POST /cormun/servlet/solicitudotadjuntos?gx-no-cache=1684169007560 HTTP/1.1" 200 26
190.171.149.74 - - [15/May/2023:13:59:07 -0300] "GET /cormun/servlet/solicitudotadjuntos?488c606a1e691a8d67b647cd34691d9763dc84a1c8755ec472557cc76680a260,gx-no-cache=1684169015603 HTTP/1.1" 200 30
190.171.149.74 - - [15/May/2023:13:59:07 -0300] "GET /cormun/servlet/solicitudotadjuntos?488c606a1e691a8d67b647cd34691d9763dc84a1c8755ec472557cc76680a260,gx-no-cache=1684169015637 HTTP/1.1" 200 30
190.171.149.74 - - [15/May/2023:13:59:08 -0300] "POST /cormun/servlet/solicitudotadjuntos?2b6e1dc31bebb7d7160ba42ae4cc4770,INS,2023,20166,,1, HTTP/1.1" 200 116
190.171.149.74 - - [15/May/2023:13:59:08 -0300] "GET /cormun/servlet/hpexe_return? HTTP/1.1" 200 1028
190.171.149.74 - - [15/May/2023:13:59:08 -0300] "GET /cormun/servlet/trsolicitudadjuntos?2023,20166, HTTP/1.1" 200 10261
190.171.149.74 - - [15/May/2023:13:59:09 -0300] "GET /cormun/servlet/trsolicitudadjuntos?2023,20166, HTTP/1.1" 200 10259
190.171.152.234 - - [15/May/2023:13:59:15 -0300] "POST /cormun/servlet/solicitudot?gx-no-cache=1684165553401 HTTP/1.1" 200 3961
190.171.152.234 - - [15/May/2023:13:59:15 -0300] "POST /cormun/servlet/solicitudot?0f20ac60321202b01e4cdddded9f8a8d,INS,0,0,false,,gx-no-cache=1684165553545 HTTP/1.1" 200 12793
190.171.149.74 - - [15/May/2023:13:59:19 -0300] "GET /cormun/servlet/trsolicitudot? HTTP/1.1" 200 8633
190.171.149.74 - - [15/May/2023:13:59:19 -0300] "GET /cormun/servlet/trsolicitudot? HTTP/1.1" 200 8626
190.171.142.10 - - [15/May/2023:14:01:15 -0300] "GET /cormun/servlet/hlogin HTTP/1.1" 200 1718
190.171.141.90 - - [15/May/2023:14:01:28 -0300] "GET /cormun/servlet/trlicencias HTTP/1.1" 200 6045
190.171.141.90 - - [15/May/2023:14:01:28 -0300] "GET /cormun/static/gxtimezone.js?85251 HTTP/1.1" 200 5781
190.171.141.90 - - [15/May/2023:14:01:28 -0300] "GET /cormun/static/gxcfg.js?202211298463625 HTTP/1.1" 200 953
190.171.141.90 - - [15/May/2023:14:01:28 -0300] "GET /cormun/static/calendar-setup.js?85251 HTTP/1.1" 200 2588
190.171.141.90 - - [15/May/2023:14:01:28 -0300] "GET /cormun/static/calendar-es.js?85251 HTTP/1.1" 200 1901
190.171.141.90 - - [15/May/2023:14:01:28 -0300] "GET /cormun/static/calendar.js?85251 HTTP/1.1" 200 26246
190.171.141.90 - - [15/May/2023:14:01:28 -0300] "GET /cormun/static/RunJS/RunJS.js HTTP/1.1" 200 288
190.171.141.90 - - [15/May/2023:14:01:28 -0300] "GET /cormun/static/gxui/gxui-all.js HTTP/1.1" 200 107772
190.171.141.90 - - [15/May/2023:14:01:28 -0300] "GET /cormun/static/PXToolsJavascripts/pexe_autoreload.js HTTP/1.1" 200 1762
190.171.141.90 - - [15/May/2023:14:01:28 -0300] "GET /cormun/static/PXToolsJavascripts/pexe_cookies.js HTTP/1.1" 200 792
190.171.141.90 - - [15/May/2023:14:01:28 -0300] "GET /cormun/static/PXToolsJavascripts/pexe_windows.js HTTP/1.1" 200 15249
190.171.141.90 - - [15/May/2023:14:01:28 -0300] "GET /cormun/static/gxgral.js?85251 HTTP/1.1" 200 384558
190.171.141.90 - - [15/May/2023:14:01:28 -0300] "GET /cormun/static/PXToolsJavascripts/pexe_grid.js HTTP/1.1" 200 7559
190.171.141.90 - - [15/May/2023:14:01:28 -0300] "GET /cormun/static/PXToolsJavascripts/pexe_griddivfix.js HTTP/1.1" 200 6946
190.171.141.90 - - [15/May/2023:14:01:28 -0300] "GET /cormun/static/PXToolsJavascripts/pexe_link.js HTTP/1.1" 200 5671
190.171.141.90 - - [15/May/2023:14:01:28 -0300] "GET /cormun/static/PXToolsJavascripts/pexe_menudivfix.js HTTP/1.1" 200 333
190.171.141.90 - - [15/May/2023:14:01:28 -0300] "GET /cormun/static/PXToolsJavascripts/pexe_menus.js HTTP/1.1" 200 1286
190.171.141.90 - - [15/May/2023:14:01:29 -0300] "GET /cormun/static/PXToolsJavascripts/pexe_layers.js HTTP/1.1" 200 4114
190.171.141.90 - - [15/May/2023:14:01:29 -0300] "GET /cormun/static/PXToolsJavascripts/pexe_oav.js HTTP/1.1" 200 645
190.171.141.90 - - [15/May/2023:14:01:29 -0300] "GET /cormun/static/PXToolsJavascripts/pexe_picture.js HTTP/1.1" 200 689
190.171.141.90 - - [15/May/2023:14:01:29 -0300] "GET /cormun/static/PXToolsJavascripts/pexe_popup.js HTTP/1.1" 200 15149
190.171.141.90 - - [15/May/2023:14:01:29 -0300] "GET /cormun/static/PXToolsJavascripts/pexe_oavdivfix.js HTTP/1.1" 200 639
190.171.141.90 - - [15/May/2023:14:01:29 -0300] "GET /cormun/static/PXToolsJavascripts/pexe_scrolldiv.js HTTP/1.1" 200 4138
190.171.141.90 - - [15/May/2023:14:01:29 -0300] "GET /cormun/static/PXToolsJavascripts/pexe_tabdivfix.js HTTP/1.1" 200 898
190.171.141.90 - - [15/May/2023:14:01:29 -0300] "GET /cormun/static/PXToolsJavascripts/pexe_tabs.js HTTP/1.1" 200 3748
190.171.141.90 - - [15/May/2023:14:01:29 -0300] "GET /cormun/static/PXToolsJavascripts/pexe_upload.js HTTP/1.1" 200 1423
190.171.141.90 - - [15/May/2023:14:01:29 -0300] "GET /cormun/static/PXToolsJavascripts/PXToolsJavascriptsRender.js HTTP/1.1" 200 367
190.171.141.90 - - [15/May/2023:14:01:29 -0300] "GET /cormun/static/Shared/ext/locale/ext-lang-en.js HTTP/1.1" 200 10940
190.171.141.90 - - [15/May/2023:14:01:29 -0300] "GET /cormun/static/messages.spa.js?85251 HTTP/1.1" 200 30736
190.171.141.90 - - [15/May/2023:14:01:29 -0300] "GET /cormun/static/gxdec.js?85251 HTTP/1.1" 200 19579
190.171.141.90 - - [15/May/2023:14:01:29 -0300] "GET /cormun/static/trlicencias.js?202211298463889 HTTP/1.1" 200 41883
190.171.141.90 - - [15/May/2023:14:01:29 -0300] "GET /cormun/static/hwchdr01.js?2022112219251119 HTTP/1.1" 200 996
190.171.141.90 - - [15/May/2023:14:01:29 -0300] "GET /cormun/static/hpexe_recentlink.js?20201214471090 HTTP/1.1" 200 2144
190.171.141.90 - - [15/May/2023:14:01:29 -0300] "GET /cormun/static/hpexe_scripts.js?20201214471411 HTTP/1.1" 200 1544
190.171.141.90 - - [15/May/2023:14:01:29 -0300] "GET /cormun/static/hpexe_messagecontroller.js?202211298371222 HTTP/1.1" 200 870
190.171.141.90 - - [15/May/2023:14:01:29 -0300] "GET /cormun/static/hpexe_messagepopupcomponent.js?2020121447232 HTTP/1.1" 200 605
190.171.141.90 - - [15/May/2023:14:01:29 -0300] "GET /cormun/static/hpexe_messagegenexuscomponent.js?20221129836373 HTTP/1.1" 200 587
190.171.141.90 - - [15/May/2023:14:01:29 -0300] "GET /cormun/static/cmcontrolpreferences.js?20199141926336 HTTP/1.1" 200 1375
190.171.141.90 - - [15/May/2023:14:01:29 -0300] "GET /cormun/static/Shared/jquery/jquery-1.4.2.min.js HTTP/1.1" 200 72174
190.171.141.90 - - [15/May/2023:14:01:29 -0300] "GET /cormun/static/Shared/jquery/jquery-1.10.2.min.js HTTP/1.1" 200 273199
190.171.141.90 - - [15/May/2023:14:01:29 -0300] "GET /cormun/static/Shared/jqueryui/jquery-ui.min.js HTTP/1.1" 200 240427
190.171.141.90 - - [15/May/2023:14:01:29 -0300] "GET /cormun/static/SmoothNavMenu/resources/ddsmoothmenu.js HTTP/1.1" 200 12712
190.171.141.90 - - [15/May/2023:14:01:29 -0300] "GET /cormun/static/SmoothNavMenu/resources/SmoothNavMenuRender.js HTTP/1.1" 200 5951
190.171.141.90 - - [15/May/2023:14:01:29 -0300] "GET /cormun/static/scaMessage/js/jquery.pnotify.min.js HTTP/1.1" 200 13038
190.171.141.90 - - [15/May/2023:14:01:29 -0300] "GET /cormun/static/scaMessage/scaMessageRender.js HTTP/1.1" 200 11977
190.171.141.90 - - [15/May/2023:14:01:29 -0300] "GET /cormun/static/hmpwkw03.js?20221129844354 HTTP/1.1" 200 3971
190.171.141.90 - - [15/May/2023:14:01:29 -0300] "GET /cormun/static/Resources/CormunMP2.png HTTP/1.1" 200 6878
190.171.141.90 - - [15/May/2023:14:01:29 -0300] "GET /cormun/static/Resources/ImgHome.png HTTP/1.1" 200 1364
190.171.141.90 - - [15/May/2023:14:01:29 -0300] "GET /cormun/static/Resources/ImgLogin.png HTTP/1.1" 200 1432
190.171.141.90 - - [15/May/2023:14:01:29 -0300] "GET /cormun/static/Resources/Llave.png HTTP/1.1" 200 1395
190.171.141.90 - - [15/May/2023:14:01:29 -0300] "GET /cormun/static/Resources/PXTools/calendar.png HTTP/1.1" 200 1306
190.171.141.90 - - [15/May/2023:14:01:29 -0300] "GET /cormun/static/Resources/PXToolsDataSearch.png HTTP/1.1" 200 435
190.171.141.90 - - [15/May/2023:14:01:29 -0300] "GET /cormun/static/Resources/PXToolsGridFirstDisabled.gif HTTP/1.1" 200 100
190.171.141.90 - - [15/May/2023:14:01:29 -0300] "GET /cormun/static/Resources/PXToolsGridPreviousDisabled.gif HTTP/1.1" 200 90
190.171.141.90 - - [15/May/2023:14:01:29 -0300] "GET /cormun/static/Resources/PXToolsGridNextDisabled.gif HTTP/1.1" 200 90
190.171.141.90 - - [15/May/2023:14:01:29 -0300] "GET /cormun/static/Resources/PXToolsGridLastDisabled.gif HTTP/1.1" 200 98
190.171.141.90 - - [15/May/2023:14:01:29 -0300] "GET /cormun/static/Resources/PXToolsGridPage.gif HTTP/1.1" 200 725
190.171.141.90 - - [15/May/2023:14:01:29 -0300] "GET /cormun/static/Resources/PXToolsActionExcel.png HTTP/1.1" 200 727
190.171.141.90 - - [15/May/2023:14:01:29 -0300] "GET /cormun/static/Resources/PXToolsAddAllAction.png HTTP/1.1" 200 495
190.171.141.90 - - [15/May/2023:14:01:29 -0300] "GET /cormun/static/Shared/ext/ext-all.js HTTP/1.1" 200 1289687
190.171.141.90 - - [15/May/2023:14:01:29 -0300] "GET /cormun/static/Resources/PXToolsDataTitle.png HTTP/1.1" 200 1173
190.171.141.90 - - [15/May/2023:14:01:29 -0300] "GET /cormun/static/Resources/asc.gif HTTP/1.1" 200 67
190.171.141.90 - - [15/May/2023:14:01:29 -0300] "GET /cormun/static/Resources/desc.gif HTTP/1.1" 200 65
190.171.141.90 - - [15/May/2023:14:01:29 -0300] "GET /cormun/servlet/hlogin HTTP/1.1" 200 1734
190.171.141.90 - - [15/May/2023:14:01:30 -0300] "GET /cormun/servlet/trlicencias HTTP/1.1" 200 6043
190.171.141.90 - - [15/May/2023:14:01:30 -0300] "GET /cormun/static/Shared/ext/resources/themes/images/default/panel/bg-headersPanel.png HTTP/1.1" 200 255
190.171.141.90 - - [15/May/2023:14:01:30 -0300] "GET /cormun/static/Shared/ext/resources/themes/images/default/tools/tool-sprites.gif HTTP/1.1" 200 5434
190.171.141.90 - - [15/May/2023:14:01:30 -0300] "GET /cormun/static/gxcfg.js?2022112219184450 HTTP/1.1" 200 953
190.171.141.90 - - [15/May/2023:14:01:30 -0300] "GET /cormun/static/hlogin.js?2022112219184458 HTTP/1.1" 200 2156
190.171.141.90 - - [15/May/2023:14:01:30 -0300] "GET /cormun/static/Resources/Spanish/PXTools.css?1759030 HTTP/1.1" 200 100853
190.171.141.90 - - [15/May/2023:14:01:30 -0300] "GET /cormun/static/Resources/CormunLogin.png HTTP/1.1" 200 19132
190.171.141.90 - - [15/May/2023:14:01:30 -0300] "GET /cormun/static/Resources/PXToolsLoginTop.png HTTP/1.1" 200 1337
190.171.141.90 - - [15/May/2023:14:01:30 -0300] "GET /cormun/static/Resources/PXToolsLoginBackground.png HTTP/1.1" 200 1164
190.171.141.90 - - [15/May/2023:14:01:30 -0300] "GET /cormun/static/Resources/PXToolsButtonRight.png HTTP/1.1" 200 1294
190.171.141.90 - - [15/May/2023:14:01:30 -0300] "GET /cormun/static/Resources/PXToolsButtonBackground.png HTTP/1.1" 200 1176
190.171.141.90 - - [15/May/2023:14:01:30 -0300] "GET /cormun/static/Resources/PXToolsButtonLeft.png HTTP/1.1" 200 1310
190.171.141.90 - - [15/May/2023:14:01:30 -0300] "GET /cormun/static/Resources/PXToolsLoginBottom.png HTTP/1.1" 200 1389
