190.171.142.10 - - [15/May/2023:13:01:41 -0300] "GET /cormun/servlet/solicitudotadjuntos?INS,2023,20161,,1, HTTP/1.1" 200 6233
190.171.142.10 - - [15/May/2023:13:01:41 -0300] "GET /cormun/servlet/solicitudotadjuntos?36e27b9b3e78caac549b04f087c9af980b54c473caf9ff87985d805311a7bbd1d5b275ca2f20ce85b87f816ac86afc96,gx-no-cache=1684165573018 HTTP/1.1" 200 30
190.171.142.10 - - [15/May/2023:13:01:41 -0300] "POST /cormun/servlet/solicitudotadjuntos?2ed546271e13a76de0831e745922eb99,INS,2023,20161,,1,,gx-no-cache=1684165573035 HTTP/1.1" 200 4146
190.171.142.10 - - [15/May/2023:13:01:57 -0300] "POST /cormun/servlet/solicitudotadjuntos?gx-no-cache=1684165588493 HTTP/1.1" 200 26
190.171.143.106 - - [15/May/2023:13:02:00 -0300] "GET /cormun/servlet/trautorizarsolicitud? HTTP/1.1" 200 7379
190.171.143.106 - - [15/May/2023:13:02:00 -0300] "GET /cormun/servlet/trautorizarsolicitud? HTTP/1.1" 200 7359
190.171.142.10 - - [15/May/2023:13:02:07 -0300] "POST /cormun/servlet/solicitudotadjuntos?gx-no-cache=1684165598260 HTTP/1.1" 200 26
190.171.143.98 - - [15/May/2023:13:02:11 -0300] "GET /cormun/servlet/alicenciaprn?17503462,L,20230510000000,PU HTTP/1.1" 200 1534
190.171.143.106 - - [15/May/2023:13:02:12 -0300] "GET /cormun/servlet/solicitudotadjuntos?INS,2023,20162,,1, HTTP/1.1" 200 6304
190.171.143.106 - - [15/May/2023:13:02:12 -0300] "GET /cormun/static/about:blank HTTP/1.1" 404 1011
190.171.143.106 - - [15/May/2023:13:02:12 -0300] "GET /cormun/servlet/solicitudotadjuntos?INS,2023,20162,,1, HTTP/1.1" 200 6298
190.171.143.106 - - [15/May/2023:13:02:12 -0300] "GET /cormun/servlet/solicitudotadjuntos?c2d08236db02c20ff4f13df76cd9be57fcb739175cdebcd12e52a8a41ac90433d4f723fe8a73dce09c0f4224bb6bd1c1,gx-no-cache=1684165819275 HTTP/1.1" 200 30
190.171.143.106 - - [15/May/2023:13:02:12 -0300] "POST /cormun/servlet/solicitudotadjuntos?ec078fe09a948a21bc9821857e250264,INS,2023,20162,,1,,gx-no-cache=1684165819300 HTTP/1.1" 200 4189
190.171.142.10 - - [15/May/2023:13:02:16 -0300] "GET /cormun/servlet/solicitudotadjuntos?36e27b9b3e78caac549b04f087c9af98423c96785e0ebd7da6ac79f12e76e2eb,gx-no-cache=1684165607174 HTTP/1.1" 200 30
190.171.142.10 - - [15/May/2023:13:02:16 -0300] "GET /cormun/servlet/solicitudotadjuntos?36e27b9b3e78caac549b04f087c9af98423c96785e0ebd7da6ac79f12e76e2eb,gx-no-cache=1684165607193 HTTP/1.1" 200 30
190.171.142.10 - - [15/May/2023:13:02:16 -0300] "POST /cormun/servlet/solicitudotadjuntos?2ed546271e13a76de0831e745922eb99,INS,2023,20161,,1, HTTP/1.1" 200 116
190.171.142.10 - - [15/May/2023:13:02:16 -0300] "GET /cormun/servlet/hpexe_return? HTTP/1.1" 200 1025
190.171.142.10 - - [15/May/2023:13:02:16 -0300] "GET /cormun/servlet/trsolicitudadjuntos?2023,20161, HTTP/1.1" 200 9497
190.171.142.10 - - [15/May/2023:13:02:16 -0300] "GET /cormun/servlet/trsolicitudadjuntos?2023,20161, HTTP/1.1" 200 9495
190.171.143.106 - - [15/May/2023:13:02:20 -0300] "GET /cormun/servlet/trautorizarsolicitud? HTTP/1.1" 200 7379
190.171.143.106 - - [15/May/2023:13:02:20 -0300] "GET /cormun/servlet/trautorizarsolicitud? HTTP/1.1" 200 7359
190.171.142.10 - - [15/May/2023:13:02:23 -0300] "GET /cormun/servlet/solicitudotadjuntos?INS,2023,20161,,1, HTTP/1.1" 200 6240
190.171.142.10 - - [15/May/2023:13:02:23 -0300] "GET /cormun/static/about:blank HTTP/1.1" 404 1011
190.171.142.10 - - [15/May/2023:13:02:23 -0300] "GET /cormun/servlet/solicitudotadjuntos?INS,2023,20161,,1, HTTP/1.1" 200 6233
190.171.142.10 - - [15/May/2023:13:02:23 -0300] "GET /cormun/servlet/solicitudotadjuntos?36e27b9b3e78caac549b04f087c9af980b54c473caf9ff87985d805311a7bbd1d5b275ca2f20ce85b87f816ac86afc96,gx-no-cache=1684165615077 HTTP/1.1" 200 30
190.171.142.10 - - [15/May/2023:13:02:23 -0300] "POST /cormun/servlet/solicitudotadjuntos?2ed546271e13a76de0831e745922eb99,INS,2023,20161,,1,,gx-no-cache=1684165615093 HTTP/1.1" 200 4146
190.171.143.106 - - [15/May/2023:13:02:26 -0300] "GET /cormun/servlet/solicitudotadjuntos?INS,2023,20162,,1, HTTP/1.1" 200 6304
190.171.143.106 - - [15/May/2023:13:02:26 -0300] "GET /cormun/static/about:blank HTTP/1.1" 404 1011
190.171.143.106 - - [15/May/2023:13:02:26 -0300] "GET /cormun/servlet/solicitudotadjuntos?INS,2023,20162,,1, HTTP/1.1" 200 6298
190.171.143.106 - - [15/May/2023:13:02:27 -0300] "GET /cormun/servlet/solicitudotadjuntos?c2d08236db02c20ff4f13df76cd9be57fcb739175cdebcd12e52a8a41ac90433d4f723fe8a73dce09c0f4224bb6bd1c1,gx-no-cache=1684165834060 HTTP/1.1" 200 30
190.171.143.106 - - [15/May/2023:13:02:27 -0300] "POST /cormun/servlet/solicitudotadjuntos?ec078fe09a948a21bc9821857e250264,INS,2023,20162,,1,,gx-no-cache=1684165834098 HTTP/1.1" 200 4190
190.171.142.10 - - [15/May/2023:13:02:38 -0300] "POST /cormun/servlet/solicitudotadjuntos?gx-no-cache=1684165630158 HTTP/1.1" 200 26
190.171.143.106 - - [15/May/2023:13:02:41 -0300] "GET /cormun/servlet/trsolicitudadjuntos?2023,20162, HTTP/1.1" 200 10475
190.171.143.106 - - [15/May/2023:13:02:42 -0300] "GET /cormun/servlet/trsolicitudadjuntos?2023,20162, HTTP/1.1" 200 10470
190.171.142.10 - - [15/May/2023:13:02:59 -0300] "POST /cormun/servlet/solicitudotadjuntos?gx-no-cache=1684165650712 HTTP/1.1" 200 26
190.171.142.10 - - [15/May/2023:13:03:06 -0300] "GET /cormun/servlet/solicitudotadjuntos?36e27b9b3e78caac549b04f087c9af98423c96785e0ebd7da6ac79f12e76e2eb,gx-no-cache=1684165658000 HTTP/1.1" 200 30
190.171.142.10 - - [15/May/2023:13:03:06 -0300] "GET /cormun/servlet/solicitudotadjuntos?36e27b9b3e78caac549b04f087c9af98423c96785e0ebd7da6ac79f12e76e2eb,gx-no-cache=1684165658015 HTTP/1.1" 200 30
190.171.142.10 - - [15/May/2023:13:03:06 -0300] "POST /cormun/servlet/solicitudotadjuntos?2ed546271e13a76de0831e745922eb99,INS,2023,20161,,1, HTTP/1.1" 200 116
190.171.142.10 - - [15/May/2023:13:03:06 -0300] "GET /cormun/servlet/hpexe_return? HTTP/1.1" 200 1025
190.171.142.10 - - [15/May/2023:13:03:07 -0300] "GET /cormun/servlet/trsolicitudadjuntos?2023,20161, HTTP/1.1" 200 9735
190.171.142.10 - - [15/May/2023:13:03:07 -0300] "GET /cormun/servlet/trsolicitudadjuntos?2023,20161, HTTP/1.1" 200 9733
190.171.143.98 - - [15/May/2023:13:03:09 -0300] "GET /cormun/servlet/alicenciaprn?17588187,L,20230508000000,PU HTTP/1.1" 200 1543
190.171.142.10 - - [15/May/2023:13:03:14 -0300] "GET /cormun/servlet/solicitudotadjuntos?INS,2023,20161,,2, HTTP/1.1" 200 6239
190.171.142.10 - - [15/May/2023:13:03:14 -0300] "GET /cormun/static/about:blank HTTP/1.1" 404 1011
190.171.142.10 - - [15/May/2023:13:03:14 -0300] "GET /cormun/servlet/solicitudotadjuntos?INS,2023,20161,,2, HTTP/1.1" 200 6233
190.171.142.10 - - [15/May/2023:13:03:14 -0300] "GET /cormun/servlet/solicitudotadjuntos?36e27b9b3e78caac549b04f087c9af980b54c473caf9ff87985d805311a7bbd1d5b275ca2f20ce85b87f816ac86afc96,gx-no-cache=1684165666087 HTTP/1.1" 200 30
190.171.142.10 - - [15/May/2023:13:03:15 -0300] "POST /cormun/servlet/solicitudotadjuntos?2ed546271e13a76de0831e745922eb99,INS,2023,20161,,2,,gx-no-cache=1684165666102 HTTP/1.1" 200 4358
190.171.142.10 - - [15/May/2023:13:03:19 -0300] "POST /cormun/servlet/solicitudotadjuntos?2ed546271e13a76de0831e745922eb99,INS,2023,20161,,2,,gx-no-cache=1684165670410 HTTP/1.1" 200 93
190.171.142.10 - - [15/May/2023:13:03:19 -0300] "GET /cormun/servlet/hpexe_return? HTTP/1.1" 200 1024
190.171.142.10 - - [15/May/2023:13:03:19 -0300] "GET /cormun/servlet/trsolicitudadjuntos?2023,20161, HTTP/1.1" 200 9734
190.171.142.10 - - [15/May/2023:13:03:19 -0300] "GET /cormun/servlet/trsolicitudadjuntos?2023,20161, HTTP/1.1" 200 9731
190.171.143.106 - - [15/May/2023:13:03:21 -0300] "GET /cormun/servlet/solicitudotadjuntos?INS,2023,20162,,1, HTTP/1.1" 200 6304
190.171.143.106 - - [15/May/2023:13:03:21 -0300] "GET /cormun/static/about:blank HTTP/1.1" 404 1011
190.171.143.106 - - [15/May/2023:13:03:22 -0300] "GET /cormun/servlet/solicitudotadjuntos?INS,2023,20162,,1, HTTP/1.1" 200 6298
190.171.142.10 - - [15/May/2023:13:03:22 -0300] "GET /cormun/servlet/solicitudotadjuntos?INS,2023,20161,,1, HTTP/1.1" 200 6240
190.171.143.106 - - [15/May/2023:13:03:22 -0300] "GET /cormun/servlet/solicitudotadjuntos?c2d08236db02c20ff4f13df76cd9be57fcb739175cdebcd12e52a8a41ac90433d4f723fe8a73dce09c0f4224bb6bd1c1,gx-no-cache=1684165889111 HTTP/1.1" 200 30
190.171.142.10 - - [15/May/2023:13:03:22 -0300] "GET /cormun/static/about:blank HTTP/1.1" 404 1011
190.171.143.106 - - [15/May/2023:13:03:22 -0300] "POST /cormun/servlet/solicitudotadjuntos?ec078fe09a948a21bc9821857e250264,INS,2023,20162,,1,,gx-no-cache=1684165889137 HTTP/1.1" 200 4189
190.171.142.10 - - [15/May/2023:13:03:22 -0300] "GET /cormun/servlet/solicitudotadjuntos?INS,2023,20161,,1, HTTP/1.1" 200 6233
190.171.142.10 - - [15/May/2023:13:03:23 -0300] "GET /cormun/servlet/solicitudotadjuntos?36e27b9b3e78caac549b04f087c9af980b54c473caf9ff87985d805311a7bbd1d5b275ca2f20ce85b87f816ac86afc96,gx-no-cache=1684165674233 HTTP/1.1" 200 30
190.171.142.10 - - [15/May/2023:13:03:23 -0300] "POST /cormun/servlet/solicitudotadjuntos?2ed546271e13a76de0831e745922eb99,INS,2023,20161,,1,,gx-no-cache=1684165674249 HTTP/1.1" 200 4146
190.171.142.10 - - [15/May/2023:13:03:26 -0300] "POST /cormun/servlet/solicitudotadjuntos?gx-no-cache=1684165677264 HTTP/1.1" 200 26
190.171.143.106 - - [15/May/2023:13:03:26 -0300] "POST /cormun/servlet/solicitudotadjuntos?gx-no-cache=1684165893087 HTTP/1.1" 200 26
190.171.142.10 - - [15/May/2023:13:03:34 -0300] "GET /cormun/servlet/solicitudotadjuntos?36e27b9b3e78caac549b04f087c9af98423c96785e0ebd7da6ac79f12e76e2eb,gx-no-cache=1684165685225 HTTP/1.1" 200 30
190.171.142.10 - - [15/May/2023:13:03:34 -0300] "GET /cormun/servlet/solicitudotadjuntos?36e27b9b3e78caac549b04f087c9af98423c96785e0ebd7da6ac79f12e76e2eb,gx-no-cache=1684165685241 HTTP/1.1" 200 30
190.171.142.10 - - [15/May/2023:13:03:34 -0300] "POST /cormun/servlet/solicitudotadjuntos?2ed546271e13a76de0831e745922eb99,INS,2023,20161,,1, HTTP/1.1" 200 116
190.171.142.10 - - [15/May/2023:13:03:34 -0300] "GET /cormun/servlet/hpexe_return? HTTP/1.1" 200 1025
190.171.142.10 - - [15/May/2023:13:03:34 -0300] "GET /cormun/servlet/trsolicitudadjuntos?2023,20161, HTTP/1.1" 200 10003
190.171.142.10 - - [15/May/2023:13:03:34 -0300] "GET /cormun/servlet/trsolicitudadjuntos?2023,20161, HTTP/1.1" 200 10003
190.171.142.10 - - [15/May/2023:13:03:40 -0300] "GET /cormun/servlet/solicitudotadjuntos?INS,2023,20161,,1, HTTP/1.1" 200 6240
190.171.142.10 - - [15/May/2023:13:03:40 -0300] "GET /cormun/static/about:blank HTTP/1.1" 404 1011
190.171.142.10 - - [15/May/2023:13:03:40 -0300] "GET /cormun/servlet/solicitudotadjuntos?INS,2023,20161,,1, HTTP/1.1" 200 6233
190.171.142.10 - - [15/May/2023:13:03:40 -0300] "GET /cormun/servlet/solicitudotadjuntos?36e27b9b3e78caac549b04f087c9af980b54c473caf9ff87985d805311a7bbd1d5b275ca2f20ce85b87f816ac86afc96,gx-no-cache=1684165692120 HTTP/1.1" 200 30
190.171.142.10 - - [15/May/2023:13:03:41 -0300] "POST /cormun/servlet/solicitudotadjuntos?2ed546271e13a76de0831e745922eb99,INS,2023,20161,,1,,gx-no-cache=1684165692136 HTTP/1.1" 200 4146
190.171.143.106 - - [15/May/2023:13:03:41 -0300] "GET /cormun/servlet/solicitudotadjuntos?c2d08236db02c20ff4f13df76cd9be5724a2a33ea5c070b653aaccb048a78eb3,gx-no-cache=1684165907940 HTTP/1.1" 200 30
190.171.143.106 - - [15/May/2023:13:03:41 -0300] "GET /cormun/servlet/solicitudotadjuntos?c2d08236db02c20ff4f13df76cd9be5724a2a33ea5c070b653aaccb048a78eb3,gx-no-cache=1684165907963 HTTP/1.1" 200 30
190.171.143.106 - - [15/May/2023:13:03:41 -0300] "POST /cormun/servlet/solicitudotadjuntos?ec078fe09a948a21bc9821857e250264,INS,2023,20162,,1, HTTP/1.1" 200 6649
190.171.143.106 - - [15/May/2023:13:03:41 -0300] "GET /cormun/PrivateTempStorage/upload_00015682.pdf HTTP/1.1" 200 203505
190.171.143.106 - - [15/May/2023:13:03:45 -0300] "GET /cormun/servlet/solicitudotadjuntos?c2d08236db02c20ff4f13df76cd9be57e953e18b5702dbaa2fc8a0646013a366f1653abfa2162042e376efc3f05f70d2,gx-no-cache=1684165911819 HTTP/1.1" 200 30
190.171.143.106 - - [15/May/2023:13:03:45 -0300] "POST /cormun/servlet/solicitudotadjuntos?ec078fe09a948a21bc9821857e250264,INS,2023,20162,,1, HTTP/1.1" 200 6649
190.171.143.106 - - [15/May/2023:13:03:45 -0300] "GET /cormun/PrivateTempStorage/upload_00015694.pdf HTTP/1.1" 200 203505
190.171.142.10 - - [15/May/2023:13:03:46 -0300] "POST /cormun/servlet/solicitudotadjuntos?gx-no-cache=1684165697691 HTTP/1.1" 200 26
190.171.143.106 - - [15/May/2023:13:03:51 -0300] "POST /cormun/servlet/solicitudotadjuntos?ec078fe09a948a21bc9821857e250264,INS,2023,20162,,1, HTTP/1.1" 200 116
190.171.142.10 - - [15/May/2023:13:03:52 -0300] "GET /cormun/servlet/solicitudotadjuntos?36e27b9b3e78caac549b04f087c9af98423c96785e0ebd7da6ac79f12e76e2eb,gx-no-cache=1684165703200 HTTP/1.1" 200 30
190.171.143.106 - - [15/May/2023:13:03:52 -0300] "GET /cormun/servlet/hpexe_return? HTTP/1.1" 200 1028
190.171.142.10 - - [15/May/2023:13:03:52 -0300] "GET /cormun/servlet/solicitudotadjuntos?36e27b9b3e78caac549b04f087c9af98423c96785e0ebd7da6ac79f12e76e2eb,gx-no-cache=1684165703217 HTTP/1.1" 200 30
190.171.142.10 - - [15/May/2023:13:03:52 -0300] "POST /cormun/servlet/solicitudotadjuntos?2ed546271e13a76de0831e745922eb99,INS,2023,20161,,1, HTTP/1.1" 200 6666
190.171.142.10 - - [15/May/2023:13:03:52 -0300] "GET /cormun/static/Shared/jqueryui/images/ui-bg_highlight-soft_100_c6c2c8_1x100.png HTTP/1.1" 404 1117
190.171.142.10 - - [15/May/2023:13:03:52 -0300] "GET /cormun/static/Shared/jqueryui/images/ui-icons_82798d_256x240.png HTTP/1.1" 404 1089
190.171.142.10 - - [15/May/2023:13:03:52 -0300] "GET /cormun/static/Shared/jqueryui/images/ui-bg_flat_55_994d53_40x100.png HTTP/1.1" 404 1097
190.171.142.10 - - [15/May/2023:13:03:52 -0300] "GET /cormun/static/Shared/jqueryui/images/ui-icons_ebccce_256x240.png HTTP/1.1" 404 1089
190.171.143.106 - - [15/May/2023:13:03:52 -0300] "GET /cormun/servlet/trsolicitudadjuntos?2023,20162, HTTP/1.1" 200 10472
190.171.143.106 - - [15/May/2023:13:03:53 -0300] "GET /cormun/servlet/trsolicitudadjuntos?2023,20162, HTTP/1.1" 200 10469
190.171.142.10 - - [15/May/2023:13:03:56 -0300] "POST /cormun/servlet/solicitudotadjuntos?2ed546271e13a76de0831e745922eb99,INS,2023,20161,,1, HTTP/1.1" 200 116
190.171.142.10 - - [15/May/2023:13:03:56 -0300] "GET /cormun/servlet/hpexe_return? HTTP/1.1" 200 1025
190.171.142.10 - - [15/May/2023:13:03:56 -0300] "GET /cormun/servlet/trsolicitudadjuntos?2023,20161, HTTP/1.1" 200 10002
190.171.142.10 - - [15/May/2023:13:03:56 -0300] "GET /cormun/servlet/trsolicitudadjuntos?2023,20161, HTTP/1.1" 200 10002
190.171.142.10 - - [15/May/2023:13:04:04 -0300] "GET /cormun/servlet/solicitudotadjuntos?INS,2023,20161,,1, HTTP/1.1" 200 6240
190.171.142.10 - - [15/May/2023:13:04:04 -0300] "GET /cormun/static/about:blank HTTP/1.1" 404 1011
190.171.142.10 - - [15/May/2023:13:04:05 -0300] "GET /cormun/servlet/solicitudotadjuntos?INS,2023,20161,,1, HTTP/1.1" 200 6233
190.171.142.10 - - [15/May/2023:13:04:05 -0300] "GET /cormun/servlet/solicitudotadjuntos?36e27b9b3e78caac549b04f087c9af980b54c473caf9ff87985d805311a7bbd1d5b275ca2f20ce85b87f816ac86afc96,gx-no-cache=1684165716687 HTTP/1.1" 200 30
190.171.142.10 - - [15/May/2023:13:04:05 -0300] "POST /cormun/servlet/solicitudotadjuntos?2ed546271e13a76de0831e745922eb99,INS,2023,20161,,1,,gx-no-cache=1684165716704 HTTP/1.1" 200 4146
190.171.142.10 - - [15/May/2023:13:04:08 -0300] "POST /cormun/servlet/solicitudotadjuntos?gx-no-cache=1684165720145 HTTP/1.1" 200 26
190.171.143.98 - - [15/May/2023:13:04:11 -0300] "GET /cormun/servlet/alicenciaprn?20660554,L,20230502000000,PU HTTP/1.1" 200 1534
190.171.142.10 - - [15/May/2023:13:04:15 -0300] "GET /cormun/servlet/solicitudotadjuntos?36e27b9b3e78caac549b04f087c9af98423c96785e0ebd7da6ac79f12e76e2eb,gx-no-cache=1684165726177 HTTP/1.1" 200 30
190.171.142.10 - - [15/May/2023:13:04:15 -0300] "GET /cormun/servlet/solicitudotadjuntos?36e27b9b3e78caac549b04f087c9af98423c96785e0ebd7da6ac79f12e76e2eb,gx-no-cache=1684165726193 HTTP/1.1" 200 30
190.171.142.10 - - [15/May/2023:13:04:15 -0300] "POST /cormun/servlet/solicitudotadjuntos?2ed546271e13a76de0831e745922eb99,INS,2023,20161,,1, HTTP/1.1" 200 116
190.171.142.10 - - [15/May/2023:13:04:15 -0300] "GET /cormun/servlet/hpexe_return? HTTP/1.1" 200 1025
190.171.142.10 - - [15/May/2023:13:04:15 -0300] "GET /cormun/servlet/trsolicitudadjuntos?2023,20161, HTTP/1.1" 200 10265
190.171.142.10 - - [15/May/2023:13:04:16 -0300] "GET /cormun/servlet/trsolicitudadjuntos?2023,20161, HTTP/1.1" 200 10261
190.171.142.10 - - [15/May/2023:13:04:25 -0300] "GET /cormun/servlet/solicitudotadjuntos?INS,2023,20161,,1, HTTP/1.1" 200 6240
190.171.142.10 - - [15/May/2023:13:04:25 -0300] "GET /cormun/static/about:blank HTTP/1.1" 404 1011
190.171.142.10 - - [15/May/2023:13:04:25 -0300] "GET /cormun/servlet/solicitudotadjuntos?INS,2023,20161,,1, HTTP/1.1" 200 6233
190.171.142.10 - - [15/May/2023:13:04:26 -0300] "GET /cormun/servlet/solicitudotadjuntos?36e27b9b3e78caac549b04f087c9af980b54c473caf9ff87985d805311a7bbd1d5b275ca2f20ce85b87f816ac86afc96,gx-no-cache=1684165737194 HTTP/1.1" 200 30
190.171.142.10 - - [15/May/2023:13:04:26 -0300] "POST /cormun/servlet/solicitudotadjuntos?2ed546271e13a76de0831e745922eb99,INS,2023,20161,,1,,gx-no-cache=1684165737212 HTTP/1.1" 200 4146
190.171.142.10 - - [15/May/2023:13:04:27 -0300] "POST /cormun/servlet/solicitudotadjuntos?gx-no-cache=1684165738445 HTTP/1.1" 200 26
190.171.143.106 - - [15/May/2023:13:04:32 -0300] "GET /cormun/servlet/solicitudotadjuntos?INS,2023,20162,,1, HTTP/1.1" 200 6304
190.171.143.106 - - [15/May/2023:13:04:32 -0300] "GET /cormun/static/about:blank HTTP/1.1" 404 1011
190.171.143.106 - - [15/May/2023:13:04:32 -0300] "GET /cormun/servlet/solicitudotadjuntos?INS,2023,20162,,1, HTTP/1.1" 200 6298
190.171.143.106 - - [15/May/2023:13:04:33 -0300] "GET /cormun/servlet/solicitudotadjuntos?c2d08236db02c20ff4f13df76cd9be57fcb739175cdebcd12e52a8a41ac90433d4f723fe8a73dce09c0f4224bb6bd1c1,gx-no-cache=1684165959792 HTTP/1.1" 200 30
190.171.143.106 - - [15/May/2023:13:04:33 -0300] "POST /cormun/servlet/solicitudotadjuntos?ec078fe09a948a21bc9821857e250264,INS,2023,20162,,1,,gx-no-cache=1684165959816 HTTP/1.1" 200 4188
190.171.142.10 - - [15/May/2023:13:04:35 -0300] "GET /cormun/servlet/solicitudotadjuntos?36e27b9b3e78caac549b04f087c9af98423c96785e0ebd7da6ac79f12e76e2eb,gx-no-cache=1684165747079 HTTP/1.1" 200 30
190.171.142.10 - - [15/May/2023:13:04:35 -0300] "GET /cormun/servlet/solicitudotadjuntos?36e27b9b3e78caac549b04f087c9af98423c96785e0ebd7da6ac79f12e76e2eb,gx-no-cache=1684165747094 HTTP/1.1" 200 30
190.171.142.10 - - [15/May/2023:13:04:36 -0300] "POST /cormun/servlet/solicitudotadjuntos?2ed546271e13a76de0831e745922eb99,INS,2023,20161,,1, HTTP/1.1" 200 6674
190.171.142.10 - - [15/May/2023:13:04:38 -0300] "GET /cormun/servlet/solicitudotadjuntos?36e27b9b3e78caac549b04f087c9af9810257d1b024caac974b6c74c408c6968ec4578c3de07033261748dde05f4e5a7,gx-no-cache=1684165749455 HTTP/1.1" 200 30
190.171.142.10 - - [15/May/2023:13:04:38 -0300] "POST /cormun/servlet/solicitudotadjuntos?2ed546271e13a76de0831e745922eb99,INS,2023,20161,,1, HTTP/1.1" 200 6676
190.171.142.10 - - [15/May/2023:13:04:40 -0300] "GET /cormun/PrivateTempStorage/upload_00015766.pdf HTTP/1.1" 200 67211
190.171.142.10 - - [15/May/2023:13:04:50 -0300] "POST /cormun/servlet/solicitudotadjuntos?2ed546271e13a76de0831e745922eb99,INS,2023,20161,,1, HTTP/1.1" 200 116
190.171.142.10 - - [15/May/2023:13:04:50 -0300] "GET /cormun/servlet/hpexe_return? HTTP/1.1" 200 1025
190.171.142.10 - - [15/May/2023:13:04:50 -0300] "GET /cormun/servlet/trsolicitudadjuntos?2023,20161, HTTP/1.1" 200 10266
190.171.142.10 - - [15/May/2023:13:04:51 -0300] "GET /cormun/servlet/trsolicitudadjuntos?2023,20161, HTTP/1.1" 200 10264
190.171.143.106 - - [15/May/2023:13:04:54 -0300] "GET /cormun/servlet/trsolicitudot? HTTP/1.1" 200 8915
190.171.143.106 - - [15/May/2023:13:04:54 -0300] "GET /cormun/servlet/trsolicitudot? HTTP/1.1" 200 8903
190.171.143.106 - - [15/May/2023:13:05:01 -0300] "GET /cormun/servlet/trautorizarsolicitud? HTTP/1.1" 200 7370
190.171.143.106 - - [15/May/2023:13:05:01 -0300] "GET /cormun/servlet/trautorizarsolicitud? HTTP/1.1" 200 7371
190.171.143.106 - - [15/May/2023:13:05:07 -0300] "GET /cormun/servlet/trsolicitudot? HTTP/1.1" 200 8903
190.171.143.106 - - [15/May/2023:13:05:08 -0300] "GET /cormun/servlet/trsolicitudot? HTTP/1.1" 200 8903
190.171.142.10 - - [15/May/2023:13:05:11 -0300] "GET /cormun/servlet/solicitudotadjuntos?INS,2023,20161,,1, HTTP/1.1" 200 6240
190.171.142.10 - - [15/May/2023:13:05:11 -0300] "GET /cormun/static/about:blank HTTP/1.1" 404 1011
190.171.142.10 - - [15/May/2023:13:05:11 -0300] "GET /cormun/servlet/solicitudotadjuntos?INS,2023,20161,,1, HTTP/1.1" 200 6233
190.171.142.10 - - [15/May/2023:13:05:11 -0300] "GET /cormun/servlet/solicitudotadjuntos?36e27b9b3e78caac549b04f087c9af980b54c473caf9ff87985d805311a7bbd1d5b275ca2f20ce85b87f816ac86afc96,gx-no-cache=1684165783082 HTTP/1.1" 200 30
190.171.142.10 - - [15/May/2023:13:05:11 -0300] "POST /cormun/servlet/solicitudotadjuntos?2ed546271e13a76de0831e745922eb99,INS,2023,20161,,1,,gx-no-cache=1684165783099 HTTP/1.1" 200 4146
190.171.142.10 - - [15/May/2023:13:05:15 -0300] "POST /cormun/servlet/solicitudotadjuntos?gx-no-cache=1684165787048 HTTP/1.1" 200 26
190.171.143.106 - - [15/May/2023:13:05:18 -0300] "POST /cormun/servlet/trsolicitudot?ec078fe09a948a21bc9821857e250264,,gx-no-cache=1684166004743 HTTP/1.1" 200 6177
190.171.142.10 - - [15/May/2023:13:05:22 -0300] "GET /cormun/servlet/solicitudotadjuntos?36e27b9b3e78caac549b04f087c9af98423c96785e0ebd7da6ac79f12e76e2eb,gx-no-cache=1684165793502 HTTP/1.1" 200 30
190.171.142.10 - - [15/May/2023:13:05:22 -0300] "GET /cormun/servlet/solicitudotadjuntos?36e27b9b3e78caac549b04f087c9af98423c96785e0ebd7da6ac79f12e76e2eb,gx-no-cache=1684165793518 HTTP/1.1" 200 30
190.171.142.10 - - [15/May/2023:13:05:22 -0300] "POST /cormun/servlet/solicitudotadjuntos?2ed546271e13a76de0831e745922eb99,INS,2023,20161,,1, HTTP/1.1" 200 116
190.171.142.10 - - [15/May/2023:13:05:22 -0300] "GET /cormun/servlet/hpexe_return? HTTP/1.1" 200 1025
190.171.142.10 - - [15/May/2023:13:05:22 -0300] "GET /cormun/servlet/trsolicitudadjuntos?2023,20161, HTTP/1.1" 200 10429
190.171.142.10 - - [15/May/2023:13:05:23 -0300] "GET /cormun/servlet/trsolicitudadjuntos?2023,20161, HTTP/1.1" 200 10426
190.171.142.10 - - [15/May/2023:13:05:31 -0300] "GET /cormun/servlet/trautorizarsolicitud? HTTP/1.1" 200 7310
190.171.142.10 - - [15/May/2023:13:05:32 -0300] "GET /cormun/servlet/trautorizarsolicitud? HTTP/1.1" 200 7296
190.171.142.10 - - [15/May/2023:13:06:29 -0300] "GET /cormun/servlet/trautorizarsolicitud? HTTP/1.1" 200 7296
190.171.142.10 - - [15/May/2023:13:06:30 -0300] "GET /cormun/servlet/trautorizarsolicitud? HTTP/1.1" 200 7296
190.171.142.10 - - [15/May/2023:13:06:32 -0300] "GET /cormun/servlet/trsolicitudot? HTTP/1.1" 200 10079
190.171.142.10 - - [15/May/2023:13:06:32 -0300] "GET /cormun/servlet/trsolicitudot? HTTP/1.1" 200 10079
190.171.143.106 - - [15/May/2023:13:08:04 -0300] "POST /cormun/servlet/trsolicitudot?ec078fe09a948a21bc9821857e250264,,gx-no-cache=1684166170788 HTTP/1.1" 200 6177
198.199.118.130 - - [15/May/2023:13:08:32 -0300] "GET / HTTP/1.1" 200 11217
52.167.144.159 - - [15/May/2023:13:09:36 -0300] "GET /cormun/servlet/trautorizarsolicitud HTTP/1.1" 200 6206
190.171.142.26 - - [15/May/2023:13:11:46 -0300] "GET /cormun/servlet/hlogin HTTP/1.1" 200 1724
190.171.142.26 - - [15/May/2023:13:11:46 -0300] "GET /cormun/servlet/hlogin HTTP/1.1" 200 1733
190.171.142.26 - - [15/May/2023:13:11:53 -0300] "POST /cormun/servlet/hlogin?8521b3f2aebd47f069a36127710203fc,gx-no-cache=1684166184665 HTTP/1.1" 200 90
190.171.142.26 - - [15/May/2023:13:11:53 -0300] "GET /cormun/servlet/hpexe_link HTTP/1.1" 200 955
190.171.142.26 - - [15/May/2023:13:11:53 -0300] "GET /cormun/servlet/hhome HTTP/1.1" 200 3984
190.171.142.26 - - [15/May/2023:13:11:53 -0300] "GET /cormun/servlet/hhome HTTP/1.1" 200 3981
190.171.142.26 - - [15/May/2023:13:11:58 -0300] "GET /cormun/servlet/trsolicitudot? HTTP/1.1" 200 7198
190.171.142.26 - - [15/May/2023:13:11:59 -0300] "GET /cormun/servlet/trsolicitudot? HTTP/1.1" 200 7198
190.171.142.26 - - [15/May/2023:13:12:01 -0300] "GET /cormun/static/menuarrow.gif HTTP/1.1" 404 1015
190.171.142.26 - - [15/May/2023:13:12:08 -0300] "POST /cormun/servlet/trsolicitudot?8521b3f2aebd47f069a36127710203fc,,gx-no-cache=1684166199514 HTTP/1.1" 200 10963
190.171.141.106 - - [15/May/2023:13:12:09 -0300] "GET /cormun/servlet/vesolicitudot?2023,19968,,General HTTP/1.1" 200 7610
190.171.141.106 - - [15/May/2023:13:12:10 -0300] "GET /cormun/pexe_scrolldiv.js HTTP/1.1" 404 1009
190.171.141.106 - - [15/May/2023:13:12:10 -0300] "GET /cormun/servlet/hlogin HTTP/1.1" 200 1759
190.171.141.106 - - [15/May/2023:13:12:11 -0300] "GET /cormun/servlet/vesolicitudot?2023,19968,,General HTTP/1.1" 200 7610
186.67.172.234 - - [15/May/2023:13:12:37 -0300] "GET /cormun/servlet/trlicencias? HTTP/1.1" 200 6045
186.67.172.234 - - [15/May/2023:13:12:37 -0300] "GET /cormun/servlet/trlicencias? HTTP/1.1" 200 6045
186.67.172.234 - - [15/May/2023:13:12:38 -0300] "GET /cormun/servlet/hlogin HTTP/1.1" 200 1737
186.67.172.234 - - [15/May/2023:13:12:53 -0300] "POST /cormun/servlet/hlogin?2a7056ec6c24a78357ad34f0eb6e60b1,gx-no-cache=1684166244340 HTTP/1.1" 200 90
186.67.172.234 - - [15/May/2023:13:12:53 -0300] "GET /cormun/servlet/hpexe_link HTTP/1.1" 200 956
186.67.172.234 - - [15/May/2023:13:12:53 -0300] "GET /cormun/servlet/trlicencias HTTP/1.1" 200 14904
186.67.172.234 - - [15/May/2023:13:12:54 -0300] "GET /cormun/servlet/trlicencias HTTP/1.1" 200 14902
190.171.143.106 - - [15/May/2023:13:13:24 -0300] "POST /cormun/servlet/trsolicitudot?ec078fe09a948a21bc9821857e250264,,gx-no-cache=1684166491083 HTTP/1.1" 200 6177
190.171.143.106 - - [15/May/2023:13:13:37 -0300] "POST /cormun/servlet/trsolicitudot?ec078fe09a948a21bc9821857e250264,,gx-no-cache=1684166504411 HTTP/1.1" 200 6177
190.171.143.106 - - [15/May/2023:13:13:48 -0300] "POST /cormun/servlet/trsolicitudot?ec078fe09a948a21bc9821857e250264,,gx-no-cache=1684166514715 HTTP/1.1" 200 6177
190.171.143.106 - - [15/May/2023:13:13:58 -0300] "POST /cormun/servlet/trsolicitudot?ec078fe09a948a21bc9821857e250264,,gx-no-cache=1684166525300 HTTP/1.1" 200 6177
190.171.143.106 - - [15/May/2023:13:14:12 -0300] "POST /cormun/servlet/trsolicitudot?ec078fe09a948a21bc9821857e250264,,gx-no-cache=1684166539283 HTTP/1.1" 200 6177
190.171.143.106 - - [15/May/2023:13:14:23 -0300] "POST /cormun/servlet/trsolicitudot?ec078fe09a948a21bc9821857e250264,,gx-no-cache=1684166550132 HTTP/1.1" 200 6177
190.171.143.106 - - [15/May/2023:13:14:36 -0300] "POST /cormun/servlet/trsolicitudot?ec078fe09a948a21bc9821857e250264,,gx-no-cache=1684166563500 HTTP/1.1" 200 6176
190.171.152.234 - - [15/May/2023:13:19:00 -0300] "GET /cormun/servlet/hlogin HTTP/1.1" 200 1722
190.171.152.234 - - [15/May/2023:13:19:11 -0300] "POST /cormun/servlet/hlogin?0f20ac60321202b01e4cdddded9f8a8d,gx-no-cache=1684163149809 HTTP/1.1" 200 90
190.171.152.234 - - [15/May/2023:13:19:11 -0300] "GET /cormun/servlet/hpexe_link HTTP/1.1" 200 951
190.171.152.234 - - [15/May/2023:13:19:11 -0300] "GET /cormun/servlet/hhome HTTP/1.1" 200 4278
190.171.152.234 - - [15/May/2023:13:19:12 -0300] "GET /cormun/servlet/hhome HTTP/1.1" 200 4273
190.171.152.234 - - [15/May/2023:13:19:15 -0300] "GET /cormun/servlet/trsolicitudot? HTTP/1.1" 200 7492
190.171.152.234 - - [15/May/2023:13:19:15 -0300] "GET /cormun/servlet/trsolicitudot? HTTP/1.1" 200 7491
190.171.152.234 - - [15/May/2023:13:19:20 -0300] "GET /cormun/servlet/trsolicitudot? HTTP/1.1" 200 7491
190.171.152.234 - - [15/May/2023:13:19:20 -0300] "GET /cormun/servlet/trsolicitudot? HTTP/1.1" 200 7491
190.171.152.234 - - [15/May/2023:13:19:22 -0300] "GET /cormun/servlet/solicitudot?INS,0,0,false, HTTP/1.1" 200 16127
190.171.152.234 - - [15/May/2023:13:19:23 -0300] "GET /cormun/servlet/solicitudot?INS,0,0,false, HTTP/1.1" 200 16135
190.171.141.114 - - [15/May/2023:13:19:55 -0300] "GET /cormun/servlet/hlogin HTTP/1.1" 200 1719
190.171.141.114 - - [15/May/2023:13:20:09 -0300] "POST /cormun/servlet/hlogin?29c00ce7701ff41b9cc4cd9e6e04f8de,gx-no-cache=1684166698993 HTTP/1.1" 200 90
190.171.141.114 - - [15/May/2023:13:20:09 -0300] "GET /cormun/servlet/hpexe_link HTTP/1.1" 200 949
190.171.141.114 - - [15/May/2023:13:20:09 -0300] "GET /cormun/servlet/hhome HTTP/1.1" 200 4003
190.171.141.114 - - [15/May/2023:13:20:09 -0300] "GET /cormun/servlet/hhome HTTP/1.1" 200 3999
190.171.141.114 - - [15/May/2023:13:20:25 -0300] "GET /cormun/servlet/trpermisosgoce? HTTP/1.1" 200 10725
190.171.141.114 - - [15/May/2023:13:20:26 -0300] "GET /cormun/servlet/trpermisosgoce? HTTP/1.1" 200 10723
190.171.141.114 - - [15/May/2023:13:20:37 -0300] "GET /cormun/servlet/permisogoce?INS,0,,, HTTP/1.1" 200 6873
190.171.141.114 - - [15/May/2023:13:20:37 -0300] "GET /cormun/servlet/permisogoce?INS,0,,, HTTP/1.1" 200 6873
190.171.141.114 - - [15/May/2023:13:20:49 -0300] "GET /cormun/servlet/permisogoce?7755205613077d349d4e2c1b55db7efe47bfe537ced9e21e2519accb531c3f39fa8f644c45dc759384be8304bf6bcb3aea4750cd39cba63117dacee87091d241,gx-no-cache=1684166739043 HTTP/1.1" 200 71
190.171.141.114 - - [15/May/2023:13:20:49 -0300] "GET /cormun/static/menuarrow.gif HTTP/1.1" 404 1015
190.171.141.114 - - [15/May/2023:13:21:00 -0300] "GET /cormun/servlet/permisogoce?7755205613077d349d4e2c1b55db7efea3ad60d3ff92c4ad16afaba5a119925eb570f16228389f3e46c5b25d83ff6cc6827e72bcdf2bc1a7c786e6cefcecbe98,gx-no-cache=1684166749960 HTTP/1.1" 200 47
190.171.152.234 - - [15/May/2023:13:21:34 -0300] "POST /cormun/servlet/solicitudot?gx-no-cache=1684163292181 HTTP/1.1" 200 3961
190.171.152.234 - - [15/May/2023:13:21:34 -0300] "POST /cormun/servlet/solicitudot?0f20ac60321202b01e4cdddded9f8a8d,INS,0,0,false,,gx-no-cache=1684163292326 HTTP/1.1" 200 12791
190.171.152.234 - - [15/May/2023:13:21:42 -0300] "GET /cormun/servlet/solicitudot?efaf4924d6a4ddd7bdb897cd51e3fb386808118d0f4a1a42039345d5dd3bb73bd2b57e619de30a2333c3e41cf686d3d3,gx-no-cache=1684163301101 HTTP/1.1" 200 30
190.171.141.114 - - [15/May/2023:13:21:43 -0300] "POST /cormun/servlet/permisogoce?29c00ce7701ff41b9cc4cd9e6e04f8de,INS,0,,,,gx-no-cache=1684166792986 HTTP/1.1" 200 93
190.171.141.114 - - [15/May/2023:13:21:43 -0300] "GET /cormun/servlet/hpexe_return? HTTP/1.1" 200 1008
190.171.141.114 - - [15/May/2023:13:21:43 -0300] "GET /cormun/servlet/trpermisosgoce HTTP/1.1" 200 10976
190.171.141.114 - - [15/May/2023:13:21:44 -0300] "GET /cormun/servlet/trpermisosgoce HTTP/1.1" 200 10972
190.171.141.114 - - [15/May/2023:13:21:47 -0300] "GET /cormun/servlet/apermisogoceprn?13097042,P,20230515120425,PU HTTP/1.1" 200 1656
190.171.152.234 - - [15/May/2023:13:24:40 -0300] "GET /cormun/servlet/prbanco?,MD,,gxPopupLevel%3D0%3B HTTP/1.1" 200 6563
190.171.152.234 - - [15/May/2023:13:24:47 -0300] "GET /cormun/servlet/solicitudot?efaf4924d6a4ddd7bdb897cd51e3fb38374579126346ad5fd199202e34a7600240b6999272789741f55774740fdf8e10d2b57e619de30a2333c3e41cf686d3d3,gx-no-cache=1684163485549 HTTP/1.1" 200 30
190.171.152.234 - - [15/May/2023:13:24:48 -0300] "GET /cormun/servlet/solicitudot?efaf4924d6a4ddd7bdb897cd51e3fb382353e8018d950c68cbf7423996d9a073,gx-no-cache=1684163486497 HTTP/1.1" 200 51
190.171.143.106 - - [15/May/2023:13:25:13 -0300] "POST /cormun/servlet/trsolicitudot?ec078fe09a948a21bc9821857e250264,,gx-no-cache=1684167199836 HTTP/1.1" 200 6177
190.171.141.90 - - [15/May/2023:13:25:15 -0300] "GET /cormun/servlet/hlogin HTTP/1.1" 200 1723
190.171.141.90 - - [15/May/2023:13:25:15 -0300] "GET /cormun/static/Resources/CormunLogin.png HTTP/1.1" 304 -
190.171.141.90 - - [15/May/2023:13:25:16 -0300] "GET /cormun/servlet/hlogin HTTP/1.1" 200 1733
190.171.141.90 - - [15/May/2023:13:25:21 -0300] "POST /cormun/servlet/hlogin?0951fefad1772d1e27422b2e42451e44,gx-no-cache=1684167015308 HTTP/1.1" 200 90
190.171.141.90 - - [15/May/2023:13:25:21 -0300] "GET /cormun/servlet/hpexe_link HTTP/1.1" 200 953
190.171.141.90 - - [15/May/2023:13:25:21 -0300] "GET /cormun/servlet/hhome HTTP/1.1" 200 3977
190.171.141.90 - - [15/May/2023:13:25:21 -0300] "GET /cormun/static/Resources/CormunMP2.png HTTP/1.1" 304 -
190.171.141.90 - - [15/May/2023:13:25:22 -0300] "GET /cormun/servlet/hhome HTTP/1.1" 200 3974
190.171.141.90 - - [15/May/2023:13:25:25 -0300] "GET /cormun/servlet/trlicencias? HTTP/1.1" 200 13958
190.171.141.90 - - [15/May/2023:13:25:25 -0300] "GET /cormun/static/gxcfg.js?202211298463625 HTTP/1.1" 304 -
190.171.141.90 - - [15/May/2023:13:25:25 -0300] "GET /cormun/static/trlicencias.js?202211298463889 HTTP/1.1" 304 -
190.171.141.90 - - [15/May/2023:13:25:26 -0300] "GET /cormun/servlet/trlicencias? HTTP/1.1" 200 13957
190.171.141.90 - - [15/May/2023:13:25:37 -0300] "POST /cormun/servlet/trlicencias?0951fefad1772d1e27422b2e42451e44,,gx-no-cache=1684167031294 HTTP/1.1" 200 11818
190.171.141.90 - - [15/May/2023:13:25:44 -0300] "POST /cormun/servlet/trlicencias?0951fefad1772d1e27422b2e42451e44,,gx-no-cache=1684167037918 HTTP/1.1" 200 4156
190.171.141.90 - - [15/May/2023:13:25:45 -0300] "GET /cormun/static/menuarrow.gif HTTP/1.1" 404 1015
190.171.141.90 - - [15/May/2023:13:25:50 -0300] "POST /cormun/servlet/trlicencias?0951fefad1772d1e27422b2e42451e44,,gx-no-cache=1684167044034 HTTP/1.1" 200 4159
190.171.141.90 - - [15/May/2023:13:25:50 -0300] "POST /cormun/servlet/trlicencias?0951fefad1772d1e27422b2e42451e44,,gx-no-cache=1684167044441 HTTP/1.1" 200 4159
190.171.152.234 - - [15/May/2023:13:25:55 -0300] "POST /cormun/servlet/solicitudot?0f20ac60321202b01e4cdddded9f8a8d,INS,0,0,false,,gx-no-cache=1684163553467 HTTP/1.1" 200 12999
190.171.152.234 - - [15/May/2023:13:25:55 -0300] "GET /cormun/static/Shared/jqueryui/images/ui-bg_highlight-soft_100_c6c2c8_1x100.png HTTP/1.1" 404 1117
190.171.152.234 - - [15/May/2023:13:25:55 -0300] "GET /cormun/static/Shared/jqueryui/images/ui-icons_82798d_256x240.png HTTP/1.1" 404 1089
190.171.152.234 - - [15/May/2023:13:25:55 -0300] "GET /cormun/static/Shared/jqueryui/images/ui-bg_flat_55_fafafa_40x100.png HTTP/1.1" 404 1097
190.171.152.234 - - [15/May/2023:13:25:55 -0300] "GET /cormun/static/Shared/jqueryui/images/ui-icons_8d78a5_256x240.png HTTP/1.1" 404 1089
190.171.141.90 - - [15/May/2023:13:25:58 -0300] "POST /cormun/servlet/trlicencias?0951fefad1772d1e27422b2e42451e44,,gx-no-cache=1684167052130 HTTP/1.1" 200 5996
190.171.141.90 - - [15/May/2023:13:26:00 -0300] "GET /cormun/servlet/licenciaspermisos?DSP,14200187,L,20211117000000, HTTP/1.1" 200 7073
190.171.141.90 - - [15/May/2023:13:26:01 -0300] "GET /cormun/static/gxcfg.js?202012153173 HTTP/1.1" 200 953
190.171.141.90 - - [15/May/2023:13:26:01 -0300] "GET /cormun/static/licenciaspermisos.js?2020121532136 HTTP/1.1" 200 38753
190.171.141.90 - - [15/May/2023:13:26:01 -0300] "GET /cormun/servlet/licenciaspermisos?DSP,14200187,L,20211117000000, HTTP/1.1" 200 7072
190.171.141.90 - - [15/May/2023:13:26:06 -0300] "GET /cormun/servlet/trlicencias? HTTP/1.1" 200 8623
190.171.141.90 - - [15/May/2023:13:26:06 -0300] "GET /cormun/servlet/trlicencias? HTTP/1.1" 200 8621
190.171.141.90 - - [15/May/2023:13:26:08 -0300] "GET /cormun/static/menuarrow.gif HTTP/1.1" 404 1015
190.171.141.90 - - [15/May/2023:13:26:19 -0300] "GET /cormun/servlet/licenciaspermisos?DSP,14200187,L,20180518000000, HTTP/1.1" 200 7056
190.171.141.90 - - [15/May/2023:13:26:19 -0300] "GET /cormun/servlet/licenciaspermisos?DSP,14200187,L,20180518000000, HTTP/1.1" 200 7056
190.171.141.90 - - [15/May/2023:13:26:23 -0300] "GET /cormun/servlet/trsolicitudot? HTTP/1.1" 200 7217
190.171.141.90 - - [15/May/2023:13:26:23 -0300] "GET /cormun/static/gxcfg.js?20221129846531 HTTP/1.1" 304 -
190.171.141.90 - - [15/May/2023:13:26:23 -0300] "GET /cormun/static/trsolicitudot.js?202211298465651 HTTP/1.1" 304 -
190.171.141.90 - - [15/May/2023:13:26:23 -0300] "GET /cormun/servlet/trsolicitudot? HTTP/1.1" 200 7191
190.171.143.90 - - [15/May/2023:13:26:24 -0300] "GET /cormun/servlet/hlogin HTTP/1.1" 200 1726
190.171.143.90 - - [15/May/2023:13:26:25 -0300] "GET /cormun/static/Resources/CormunLogin.png HTTP/1.1" 304 -
190.171.143.90 - - [15/May/2023:13:26:25 -0300] "GET /cormun/servlet/hlogin HTTP/1.1" 200 1737
190.171.141.90 - - [15/May/2023:13:26:26 -0300] "GET /cormun/static/menuarrow.gif HTTP/1.1" 404 1015
190.171.143.90 - - [15/May/2023:13:26:33 -0300] "POST /cormun/servlet/hlogin?4b55176cd3b9ea45dcaec99db59474a5,gx-no-cache=1684167063992 HTTP/1.1" 200 453
190.171.141.90 - - [15/May/2023:13:26:34 -0300] "POST /cormun/servlet/trsolicitudot?0951fefad1772d1e27422b2e42451e44,,gx-no-cache=1684167088366 HTTP/1.1" 200 4382
190.171.141.90 - - [15/May/2023:13:26:39 -0300] "POST /cormun/servlet/trsolicitudot?0951fefad1772d1e27422b2e42451e44,,gx-no-cache=1684167093260 HTTP/1.1" 200 4384
190.171.141.90 - - [15/May/2023:13:26:41 -0300] "POST /cormun/servlet/trsolicitudot?0951fefad1772d1e27422b2e42451e44,,gx-no-cache=1684167095594 HTTP/1.1" 200 4384
190.171.143.90 - - [15/May/2023:13:26:42 -0300] "POST /cormun/servlet/hlogin?4b55176cd3b9ea45dcaec99db59474a5,gx-no-cache=1684167073120 HTTP/1.1" 200 90
190.171.143.90 - - [15/May/2023:13:26:42 -0300] "GET /cormun/servlet/hpexe_link HTTP/1.1" 200 955
190.171.143.90 - - [15/May/2023:13:26:42 -0300] "GET /cormun/static/gxcfg.js?20221129847421 HTTP/1.1" 304 -
190.171.143.90 - - [15/May/2023:13:26:42 -0300] "GET /cormun/static/hpexe_link.js?20221129847423 HTTP/1.1" 304 -
190.171.143.90 - - [15/May/2023:13:26:42 -0300] "GET /cormun/static/Resources/Spanish/PXTools.css?8354383 HTTP/1.1" 304 -
190.171.152.234 - - [15/May/2023:13:26:42 -0300] "GET /cormun/servlet/solicitudot?efaf4924d6a4ddd7bdb897cd51e3fb3867a645b1c33af100180714299781d9745cc0cb013b50f0de4e5c715cd4a399fed470dedd3ea32949b39e1ae500f02852,gx-no-cache=1684163600843 HTTP/1.1" 200 51
190.171.143.90 - - [15/May/2023:13:26:42 -0300] "GET /cormun/servlet/hhome HTTP/1.1" 200 4316
190.171.143.90 - - [15/May/2023:13:26:42 -0300] "GET /cormun/static/gxcfg.js?20201215495537 HTTP/1.1" 304 -
190.171.143.90 - - [15/May/2023:13:26:43 -0300] "GET /cormun/static/Resources/CormunMP2.png HTTP/1.1" 304 -
190.171.143.90 - - [15/May/2023:13:26:43 -0300] "GET /cormun/static/hwchdr01.js?2022112219251119 HTTP/1.1" 304 -
190.171.143.90 - - [15/May/2023:13:26:43 -0300] "GET /cormun/static/hpexe_messagecontroller.js?202211298371222 HTTP/1.1" 304 -
190.171.143.90 - - [15/May/2023:13:26:43 -0300] "GET /cormun/static/hpexe_messagegenexuscomponent.js?20221129836373 HTTP/1.1" 304 -
190.171.143.90 - - [15/May/2023:13:26:43 -0300] "GET /cormun/static/hmpwkw03.js?20221129844354 HTTP/1.1" 304 -
190.171.143.90 - - [15/May/2023:13:26:43 -0300] "GET /cormun/servlet/hhome HTTP/1.1" 200 4313
190.171.143.90 - - [15/May/2023:13:26:46 -0300] "GET /cormun/servlet/trlicencias? HTTP/1.1" 200 12361
190.171.143.90 - - [15/May/2023:13:26:46 -0300] "GET /cormun/static/gxcfg.js?202211298463625 HTTP/1.1" 304 -
190.171.143.90 - - [15/May/2023:13:26:46 -0300] "GET /cormun/static/trlicencias.js?202211298463889 HTTP/1.1" 304 -
190.171.143.90 - - [15/May/2023:13:26:46 -0300] "GET /cormun/servlet/trlicencias? HTTP/1.1" 200 12360
190.171.152.234 - - [15/May/2023:13:26:52 -0300] "POST /cormun/servlet/solicitudot?gx-no-cache=1684163610879 HTTP/1.1" 200 297
190.171.141.114 - - [15/May/2023:13:26:59 -0300] "GET /cormun/servlet/permisogoce?INS,0,,, HTTP/1.1" 200 6873
190.171.141.114 - - [15/May/2023:13:26:59 -0300] "GET /cormun/servlet/permisogoce?INS,0,,, HTTP/1.1" 200 6872
190.171.141.114 - - [15/May/2023:13:27:03 -0300] "GET /cormun/static/Resources/resize.gif HTTP/1.1" 200 77
190.171.141.114 - - [15/May/2023:13:27:03 -0300] "GET /cormun/static/Resources/PXTools/ClosePrompt.png HTTP/1.1" 200 1036
190.171.141.114 - - [15/May/2023:13:27:04 -0300] "GET /cormun/servlet/prfichaempleado?,MD,,gxPopupLevel%3D0%3B HTTP/1.1" 200 9305
190.171.141.114 - - [15/May/2023:13:27:04 -0300] "GET /cormun/static/gxcfg.js?20201215571085 HTTP/1.1" 200 953
190.171.141.114 - - [15/May/2023:13:27:04 -0300] "GET /cormun/static/prfichaempleado.js?20201215572193 HTTP/1.1" 200 16005
190.171.141.114 - - [15/May/2023:13:27:04 -0300] "GET /cormun/static/Resources/PXToolsMenuSearch.png HTTP/1.1" 200 336
190.171.141.114 - - [15/May/2023:13:27:04 -0300] "GET /cormun/static/menusearch.js?20201214473581 HTTP/1.1" 200 1424
190.171.141.114 - - [15/May/2023:13:27:04 -0300] "GET /cormun/static/hmpwkw011.js?202211298443482 HTTP/1.1" 200 1968
190.171.141.114 - - [15/May/2023:13:27:04 -0300] "GET /cormun/static/Resources/PXToolsMenuSearchCancel.png HTTP/1.1" 200 306
190.171.152.234 - - [15/May/2023:13:27:07 -0300] "POST /cormun/servlet/solicitudot?gx-no-cache=1684163625586 HTTP/1.1" 200 256
190.171.152.234 - - [15/May/2023:13:27:10 -0300] "GET /cormun/servlet/solicitudot?efaf4924d6a4ddd7bdb897cd51e3fb38f4c3da519d90e42611b8c83dcbc527bc803bf251cdc156610ece3654a7e704ea1ef9de26da11f203873709417a312373755aedf1107eed5a9b5791b7d1b7b818e3cf28247d906e450ba543fe85644af059d060cd14fa5052367e47343337c8dccae75265d8716d4152dfa95d4da2dcb8b4bb6f8805f883e0241fd276e647ea0bd303d31b9c97a26ed02b2b514e6a03eca1527cdf1c2d759e0c38065e1cdb971a2539c88d19f722f0b55cc9d45770984e55efe15613e79debedb6ab624687187ba0431b96adf3062147556a1038e1d355812994ef0ce93e111829af5f42d8f706aa77e1193706a089b83c7dae2df705d29dfc8bedb4ea55ec476d2b455578c90187c4d6d1c007f7f1739e02a8515a749be39bbc9fdf2915adf1ed25b6e374c7fb7e09521085e7c13d6cd09101d4245d69db3629e0c55dfbbfbf8d7386199ea249e14841a13cde571509f47c35dbf530805b8567bbaf3939cc255edd9ded9ab814474f576ed9086b42135851ff4e527ee3,gx-no-cache=1684163628698 HTTP/1.1" 200 30
190.171.141.114 - - [15/May/2023:13:27:13 -0300] "POST /cormun/servlet/prfichaempleado?29c00ce7701ff41b9cc4cd9e6e04f8de,,MD,,gxPopupLevel%3D0%3B,gx-no-cache=1684167123482 HTTP/1.1" 200 3457
190.171.152.234 - - [15/May/2023:13:27:17 -0300] "POST /cormun/servlet/solicitudot?gx-no-cache=1684163635275 HTTP/1.1" 200 30
190.171.141.114 - - [15/May/2023:13:27:17 -0300] "GET /cormun/servlet/permisogoce?7755205613077d349d4e2c1b55db7efeb43306d4caab2a60aa71e1bc030ec1e0fa8f644c45dc759384be8304bf6bcb3aea4750cd39cba63117dacee87091d241,gx-no-cache=1684167127697 HTTP/1.1" 200 74
190.171.141.114 - - [15/May/2023:13:27:17 -0300] "GET /cormun/static/menuarrow.gif HTTP/1.1" 404 1015
190.171.141.114 - - [15/May/2023:13:27:21 -0300] "GET /cormun/servlet/permisogoce?7755205613077d349d4e2c1b55db7efe92b8e073f24466af71cc2052e8eab56ae6ea868b108f1b24134e974178a67e58827e72bcdf2bc1a7c786e6cefcecbe98,gx-no-cache=1684167131520 HTTP/1.1" 200 48
190.171.152.234 - - [15/May/2023:13:27:22 -0300] "GET /cormun/servlet/prcontratosol?18041359,,,,,MD,,gxPopupLevel%3D0%3B HTTP/1.1" 200 7849
190.171.141.114 - - [15/May/2023:13:27:25 -0300] "POST /cormun/servlet/permisogoce?29c00ce7701ff41b9cc4cd9e6e04f8de,INS,0,,,,gx-no-cache=1684167134979 HTTP/1.1" 200 93
190.171.141.114 - - [15/May/2023:13:27:25 -0300] "GET /cormun/servlet/hpexe_return? HTTP/1.1" 200 1008
190.171.141.114 - - [15/May/2023:13:27:25 -0300] "GET /cormun/servlet/trpermisosgoce HTTP/1.1" 200 11118
190.171.141.114 - - [15/May/2023:13:27:26 -0300] "GET /cormun/servlet/trpermisosgoce HTTP/1.1" 200 11113
190.171.141.114 - - [15/May/2023:13:27:31 -0300] "GET /cormun/servlet/apermisogoceprn?14201038,P,20230515121046,PU HTTP/1.1" 200 1647
190.171.152.234 - - [15/May/2023:13:27:45 -0300] "POST /cormun/servlet/solicitudot?gx-no-cache=1684163663279 HTTP/1.1" 200 1468
190.171.152.234 - - [15/May/2023:13:27:45 -0300] "POST /cormun/servlet/solicitudot?gx-no-cache=1684163663351 HTTP/1.1" 200 38
190.171.152.234 - - [15/May/2023:13:27:45 -0300] "GET /cormun/servlet/solicitudot?efaf4924d6a4ddd7bdb897cd51e3fb3883d5130ccc327fb8360b8baa3bb41aec5e3d9afc6f43e68522838268d3ef685eb9ec3da4e12d97aba57ab40aa17c488a16103c47970abac117802b3bb873dea3b486b3ed4c9676ca77fd8b229aebc199a50be3116fb7400b155c12240849fad4,gx-no-cache=1684163663378 HTTP/1.1" 200 110
190.171.152.234 - - [15/May/2023:13:27:45 -0300] "POST /cormun/servlet/solicitudot?gx-no-cache=1684163663406 HTTP/1.1" 200 97
190.171.152.234 - - [15/May/2023:13:27:45 -0300] "GET /cormun/servlet/solicitudot?efaf4924d6a4ddd7bdb897cd51e3fb389204b2fdf1302f28eb9c8cfd1bcbe68c026ba181582f52f49c7615351abd000309a48568fef0df3a0fca4725e587a91f67013e32ab850ef130aa7f714727fd4a8d362c00e4abab456cbbc5443d0409626aad180ee43ee199d9e1f788cf145e5c,gx-no-cache=1684163663436 HTTP/1.1" 200 29
190.171.152.234 - - [15/May/2023:13:27:45 -0300] "GET /cormun/servlet/solicitudot?efaf4924d6a4ddd7bdb897cd51e3fb38ad00ed09d801c7bcdce0cca6b44b8b315cf24507f80c8b6f1286049e277200d2,gx-no-cache=1684163663468 HTTP/1.1" 200 134
190.171.152.234 - - [15/May/2023:13:27:45 -0300] "GET /cormun/static/Shared/jqueryui/images/ui-bg_flat_55_994d53_40x100.png HTTP/1.1" 404 1097
190.171.152.234 - - [15/May/2023:13:27:45 -0300] "GET /cormun/static/Shared/jqueryui/images/ui-icons_ebccce_256x240.png HTTP/1.1" 404 1089
190.171.152.234 - - [15/May/2023:13:28:13 -0300] "GET /cormun/servlet/solicitudot?efaf4924d6a4ddd7bdb897cd51e3fb3883d5130ccc327fb8360b8baa3bb41aec5e3d9afc6f43e68522838268d3ef685eb9ec3da4e12d97aba57ab40aa17c488a16103c47970abac117802b3bb873dea3b486b3ed4c9676ca77fd8b229aebc199a50be3116fb7400b155c12240849fad4,gx-no-cache=1684163691704 HTTP/1.1" 200 110
190.171.152.234 - - [15/May/2023:13:28:29 -0300] "GET /cormun/static/menuarrow.gif HTTP/1.1" 404 1015
190.171.152.234 - - [15/May/2023:13:29:55 -0300] "GET /cormun/servlet/solicitudot?efaf4924d6a4ddd7bdb897cd51e3fb38835d896044af248e29202a7c3b51d341f90b86c316ed5fb9cd80ef8123dd3604,gx-no-cache=1684163793810 HTTP/1.1" 200 30
190.171.152.234 - - [15/May/2023:13:29:55 -0300] "POST /cormun/servlet/solicitudot?gx-no-cache=1684163793839 HTTP/1.1" 200 33
190.171.152.234 - - [15/May/2023:13:29:56 -0300] "POST /cormun/servlet/solicitudot?0f20ac60321202b01e4cdddded9f8a8d,INS,0,0,false,,gx-no-cache=1684163793899 HTTP/1.1" 200 93
190.171.152.234 - - [15/May/2023:13:29:56 -0300] "GET /cormun/servlet/hpexe_return? HTTP/1.1" 200 1009
190.171.152.234 - - [15/May/2023:13:29:56 -0300] "GET /cormun/servlet/trsolicitudot HTTP/1.1" 200 8868
190.171.152.234 - - [15/May/2023:13:29:56 -0300] "GET /cormun/servlet/trsolicitudot HTTP/1.1" 200 8864
190.171.152.234 - - [15/May/2023:13:30:03 -0300] "POST /cormun/servlet/trsolicitudot?0f20ac60321202b01e4cdddded9f8a8d,gx-no-cache=1684163801342 HTTP/1.1" 200 4854
190.171.152.234 - - [15/May/2023:13:30:03 -0300] "GET /cormun/static/Shared/jqueryui/images/ui-bg_highlight-soft_100_c6c2c8_1x100.png HTTP/1.1" 404 1117
190.171.152.234 - - [15/May/2023:13:30:03 -0300] "GET /cormun/static/Shared/jqueryui/images/ui-icons_82798d_256x240.png HTTP/1.1" 404 1089
190.171.152.234 - - [15/May/2023:13:30:03 -0300] "GET /cormun/static/Shared/jqueryui/images/ui-bg_flat_55_fafafa_40x100.png HTTP/1.1" 404 1097
190.171.152.234 - - [15/May/2023:13:30:03 -0300] "GET /cormun/static/Shared/jqueryui/images/ui-icons_8d78a5_256x240.png HTTP/1.1" 404 1089
190.171.152.234 - - [15/May/2023:13:30:03 -0300] "POST /cormun/servlet/trsolicitudot?0f20ac60321202b01e4cdddded9f8a8d,gx-no-cache=1684163801510 HTTP/1.1" 200 4623
190.171.152.234 - - [15/May/2023:13:30:12 -0300] "GET /cormun/servlet/trautorizarsolicitud? HTTP/1.1" 200 8763
190.171.152.234 - - [15/May/2023:13:30:12 -0300] "GET /cormun/servlet/trautorizarsolicitud? HTTP/1.1" 200 8763
190.171.152.234 - - [15/May/2023:13:30:17 -0300] "POST /cormun/servlet/trautorizarsolicitud?0f20ac60321202b01e4cdddded9f8a8d,,gx-no-cache=1684163815316 HTTP/1.1" 200 4783
190.171.152.234 - - [15/May/2023:13:30:17 -0300] "GET /cormun/static/Shared/jqueryui/images/ui-icons_82798d_256x240.png HTTP/1.1" 404 1089
190.171.152.234 - - [15/May/2023:13:30:17 -0300] "GET /cormun/static/Shared/jqueryui/images/ui-bg_highlight-soft_100_c6c2c8_1x100.png HTTP/1.1" 404 1117
190.171.152.234 - - [15/May/2023:13:30:17 -0300] "GET /cormun/static/Shared/jqueryui/images/ui-bg_flat_55_fafafa_40x100.png HTTP/1.1" 404 1097
190.171.152.234 - - [15/May/2023:13:30:17 -0300] "GET /cormun/static/Shared/jqueryui/images/ui-icons_8d78a5_256x240.png HTTP/1.1" 404 1089
190.171.152.234 - - [15/May/2023:13:30:17 -0300] "POST /cormun/servlet/trautorizarsolicitud?0f20ac60321202b01e4cdddded9f8a8d,,gx-no-cache=1684163815793 HTTP/1.1" 200 4551
190.171.152.234 - - [15/May/2023:13:30:20 -0300] "GET /cormun/servlet/trsolicitudot? HTTP/1.1" 200 7492
190.171.152.234 - - [15/May/2023:13:30:21 -0300] "GET /cormun/servlet/trsolicitudot? HTTP/1.1" 200 7491
190.171.152.234 - - [15/May/2023:13:30:25 -0300] "GET /cormun/servlet/solicitudot?INS,0,0,false, HTTP/1.1" 200 16129
190.171.152.234 - - [15/May/2023:13:30:25 -0300] "GET /cormun/servlet/solicitudot?INS,0,0,false, HTTP/1.1" 200 16136
190.171.143.106 - - [15/May/2023:13:30:49 -0300] "GET /cormun/servlet/trautorizarsolicitud? HTTP/1.1" 200 7370
190.171.143.106 - - [15/May/2023:13:30:49 -0300] "GET /cormun/servlet/trautorizarsolicitud? HTTP/1.1" 200 7371
190.171.143.106 - - [15/May/2023:13:30:58 -0300] "GET /cormun/servlet/trsolicitudot? HTTP/1.1" 200 8915
190.171.143.106 - - [15/May/2023:13:30:58 -0300] "GET /cormun/servlet/trsolicitudot? HTTP/1.1" 200 8903
190.171.143.106 - - [15/May/2023:13:31:01 -0300] "GET /cormun/servlet/vesolicitudot?2023,20162,, HTTP/1.1" 200 8599
190.171.143.106 - - [15/May/2023:13:31:01 -0300] "GET /cormun/pexe_scrolldiv.js HTTP/1.1" 404 1009
190.171.143.106 - - [15/May/2023:13:31:01 -0300] "GET /cormun/servlet/vesolicitudot?2023,20162,, HTTP/1.1" 200 8599
190.171.143.106 - - [15/May/2023:13:31:04 -0300] "GET /cormun/servlet/trsolicitudot? HTTP/1.1" 200 8915
190.171.143.106 - - [15/May/2023:13:31:04 -0300] "GET /cormun/servlet/trsolicitudot? HTTP/1.1" 200 8903
190.171.143.106 - - [15/May/2023:13:31:09 -0300] "GET /cormun/servlet/solicitudot?INS,0,0,false, HTTP/1.1" 200 16098
190.171.143.106 - - [15/May/2023:13:31:10 -0300] "GET /cormun/servlet/solicitudot?INS,0,0,false, HTTP/1.1" 200 16106
190.171.143.106 - - [15/May/2023:13:31:12 -0300] "POST /cormun/servlet/solicitudot?gx-no-cache=1684167558876 HTTP/1.1" 200 4012
190.171.143.106 - - [15/May/2023:13:31:12 -0300] "GET /cormun/static/Shared/jqueryui/images/ui-icons_82798d_256x240.png HTTP/1.1" 404 1089
190.171.143.106 - - [15/May/2023:13:31:12 -0300] "GET /cormun/static/Shared/jqueryui/images/ui-bg_highlight-soft_100_c6c2c8_1x100.png HTTP/1.1" 404 1117
