181.212.43.89 - - [15/May/2023:11:02:39 -0300] "GET /cormun/servlet/licenciaspermisos?587c13738b21aef7546eb4e3469032e053180913faa2ee1f20b63f6903c543df6ce7821b6f77933bffd8742d197b97a1e48b3782872375bf9a2577e616df17f7a939a6270ba4f45883fc117988572bd0a235fbf501f54bb7c8e9a8116b868a1c2057f6187c03020cda189455f7c09a3c96e500fe784648ab39af9edf02d4c77e081635a559c789ec9a2ecd82dc957615067d5ceb8595eab42a74cf464e149203471f541795c2f5113aae9e8fb131b898,gx-no-cache=1684158430651 HTTP/1.1" 200 30
181.212.43.89 - - [15/May/2023:11:02:39 -0300] "GET /cormun/servlet/licenciaspermisos?587c13738b21aef7546eb4e3469032e0fe653415e3bd9ae9dae1b08a8c77dcc9cc81ea0f1d2b8cea701780aba7d252b9f9d618f5aeb8af85fed86f76fcbf0f89d2e2e3b43cec9d57c41985a329f9c07685ff233e1229d1dedaac0b48c307ece7e06822beff2f8b71f94a49077a16caee23b5fa2d46acd338bb1566e28d6b629c66c65ca13ea2b75a7d84e5d6656de6e60c0e20d908e5cb9124b91134d5c501b47199a600dbf1363597d81e41f868a2f0,gx-no-cache=1684158430685 HTTP/1.1" 200 29
181.212.43.89 - - [15/May/2023:11:02:40 -0300] "POST /cormun/servlet/licenciaspermisos?350746ec952af82d558cb8bd44e7c94b,INS,0,,,,gx-no-cache=1684158430705 HTTP/1.1" 200 93
181.212.43.89 - - [15/May/2023:11:02:40 -0300] "GET /cormun/servlet/hpexe_return? HTTP/1.1" 200 1015
181.212.43.89 - - [15/May/2023:11:02:40 -0300] "GET /cormun/servlet/trlicencias HTTP/1.1" 200 14174
181.212.43.89 - - [15/May/2023:11:02:41 -0300] "GET /cormun/servlet/trlicencias HTTP/1.1" 200 14179
190.171.143.106 - - [15/May/2023:11:02:47 -0300] "GET /cormun/servlet/alicenciaprn?16422124,L,20230511000000,PU HTTP/1.1" 200 1533
190.171.142.10 - - [15/May/2023:11:02:49 -0300] "POST /cormun/servlet/solicitudotadjuntos?gx-no-cache=1684158440465 HTTP/1.1" 200 26
190.171.142.10 - - [15/May/2023:11:02:50 -0300] "GET /cormun/servlet/solicitudotadjuntos?812e5932a1a70e2f8e551e379c3a84c1969643b32a0ee87a06a78fc3d0aafa32,gx-no-cache=1684158442035 HTTP/1.1" 200 30
190.171.142.10 - - [15/May/2023:11:02:50 -0300] "GET /cormun/servlet/solicitudotadjuntos?812e5932a1a70e2f8e551e379c3a84c1969643b32a0ee87a06a78fc3d0aafa32,gx-no-cache=1684158442050 HTTP/1.1" 200 30
190.171.142.10 - - [15/May/2023:11:02:50 -0300] "POST /cormun/servlet/solicitudotadjuntos?73d58607ea1371e7b69e244b9e29b80c,INS,2023,20159,,2,,gx-no-cache=1684158442067 HTTP/1.1" 200 93
190.171.142.10 - - [15/May/2023:11:02:50 -0300] "GET /cormun/servlet/hpexe_return? HTTP/1.1" 200 1026
190.171.142.10 - - [15/May/2023:11:02:51 -0300] "GET /cormun/servlet/trsolicitudadjuntos?2023,20159, HTTP/1.1" 200 10236
190.171.142.10 - - [15/May/2023:11:02:51 -0300] "GET /cormun/servlet/trsolicitudadjuntos?2023,20159, HTTP/1.1" 200 10238
190.171.141.114 - - [15/May/2023:11:02:59 -0300] "GET /cormun/servlet/hlogin HTTP/1.1" 200 1719
190.171.141.114 - - [15/May/2023:11:03:10 -0300] "POST /cormun/servlet/hlogin?7be5571df6b7ab87332e07d4ac55b2af,gx-no-cache=1684158480021 HTTP/1.1" 200 90
190.171.141.114 - - [15/May/2023:11:03:10 -0300] "GET /cormun/servlet/hpexe_link HTTP/1.1" 200 949
190.171.141.114 - - [15/May/2023:11:03:10 -0300] "GET /cormun/servlet/hhome HTTP/1.1" 200 4002
190.171.141.114 - - [15/May/2023:11:03:11 -0300] "GET /cormun/servlet/hhome HTTP/1.1" 200 3998
190.171.142.10 - - [15/May/2023:11:03:14 -0300] "GET /cormun/servlet/solicitudotadjuntos?DLT,2023,20159,CERTIF2,0, HTTP/1.1" 200 6124
190.171.142.10 - - [15/May/2023:11:03:14 -0300] "GET /cormun/static/about:blank HTTP/1.1" 404 1011
190.171.142.10 - - [15/May/2023:11:03:14 -0300] "GET /cormun/static/Shared/jqueryui/images/ui-bg_highlight-soft_100_c6c2c8_1x100.png HTTP/1.1" 404 1117
190.171.142.10 - - [15/May/2023:11:03:14 -0300] "GET /cormun/static/Shared/jqueryui/images/ui-icons_82798d_256x240.png HTTP/1.1" 404 1089
190.171.142.10 - - [15/May/2023:11:03:14 -0300] "GET /cormun/static/Shared/jqueryui/images/ui-bg_flat_55_fafafa_40x100.png HTTP/1.1" 404 1097
190.171.142.10 - - [15/May/2023:11:03:14 -0300] "GET /cormun/static/Shared/jqueryui/images/ui-icons_8d78a5_256x240.png HTTP/1.1" 404 1089
190.171.142.10 - - [15/May/2023:11:03:14 -0300] "GET /cormun/servlet/solicitudotadjuntos?DLT,2023,20159,CERTIF2,0, HTTP/1.1" 200 6117
190.171.142.10 - - [15/May/2023:11:03:22 -0300] "POST /cormun/servlet/solicitudotadjuntos?73d58607ea1371e7b69e244b9e29b80c,DLT,2023,20159,CERTIF2,0,,gx-no-cache=1684158473913 HTTP/1.1" 200 93
190.171.142.10 - - [15/May/2023:11:03:22 -0300] "GET /cormun/servlet/hpexe_return? HTTP/1.1" 200 1032
190.171.142.10 - - [15/May/2023:11:03:23 -0300] "GET /cormun/servlet/trsolicitudadjuntos?2023,20159, HTTP/1.1" 200 10238
190.171.142.10 - - [15/May/2023:11:03:23 -0300] "GET /cormun/servlet/trsolicitudadjuntos?2023,20159, HTTP/1.1" 200 10235
190.171.142.10 - - [15/May/2023:11:03:31 -0300] "GET /cormun/servlet/solicitudotadjuntos?DLT,2023,20159,CERTIF2,0, HTTP/1.1" 200 6124
190.171.142.10 - - [15/May/2023:11:03:32 -0300] "GET /cormun/static/about:blank HTTP/1.1" 404 1011
190.171.142.10 - - [15/May/2023:11:03:32 -0300] "GET /cormun/static/Shared/jqueryui/images/ui-bg_highlight-soft_100_c6c2c8_1x100.png HTTP/1.1" 404 1117
190.171.142.10 - - [15/May/2023:11:03:32 -0300] "GET /cormun/static/Shared/jqueryui/images/ui-icons_82798d_256x240.png HTTP/1.1" 404 1089
190.171.142.10 - - [15/May/2023:11:03:32 -0300] "GET /cormun/static/Shared/jqueryui/images/ui-icons_8d78a5_256x240.png HTTP/1.1" 404 1089
190.171.142.10 - - [15/May/2023:11:03:32 -0300] "GET /cormun/static/Shared/jqueryui/images/ui-bg_flat_55_fafafa_40x100.png HTTP/1.1" 404 1097
190.171.142.10 - - [15/May/2023:11:03:32 -0300] "GET /cormun/servlet/solicitudotadjuntos?DLT,2023,20159,CERTIF2,0, HTTP/1.1" 200 6117
190.171.142.10 - - [15/May/2023:11:03:34 -0300] "POST /cormun/servlet/solicitudotadjuntos?73d58607ea1371e7b69e244b9e29b80c,DLT,2023,20159,CERTIF2,0,,gx-no-cache=1684158485922 HTTP/1.1" 200 93
190.171.142.10 - - [15/May/2023:11:03:34 -0300] "GET /cormun/servlet/hpexe_return? HTTP/1.1" 200 1032
190.171.142.10 - - [15/May/2023:11:03:35 -0300] "GET /cormun/servlet/trsolicitudadjuntos?2023,20159, HTTP/1.1" 200 10239
190.171.142.10 - - [15/May/2023:11:03:35 -0300] "GET /cormun/servlet/trsolicitudadjuntos?2023,20159, HTTP/1.1" 200 10238
190.171.142.10 - - [15/May/2023:11:03:37 -0300] "GET /cormun/servlet/solicitudotadjuntos?DLT,2023,20159,CERTIF2,0, HTTP/1.1" 200 6124
190.171.142.10 - - [15/May/2023:11:03:37 -0300] "GET /cormun/static/about:blank HTTP/1.1" 404 1011
190.171.142.10 - - [15/May/2023:11:03:37 -0300] "GET /cormun/static/Shared/jqueryui/images/ui-bg_highlight-soft_100_c6c2c8_1x100.png HTTP/1.1" 404 1117
190.171.142.10 - - [15/May/2023:11:03:37 -0300] "GET /cormun/static/Shared/jqueryui/images/ui-icons_82798d_256x240.png HTTP/1.1" 404 1089
190.171.142.10 - - [15/May/2023:11:03:37 -0300] "GET /cormun/static/Shared/jqueryui/images/ui-bg_flat_55_fafafa_40x100.png HTTP/1.1" 404 1097
190.171.142.10 - - [15/May/2023:11:03:37 -0300] "GET /cormun/static/Shared/jqueryui/images/ui-icons_8d78a5_256x240.png HTTP/1.1" 404 1089
190.171.142.10 - - [15/May/2023:11:03:37 -0300] "GET /cormun/servlet/solicitudotadjuntos?DLT,2023,20159,CERTIF2,0, HTTP/1.1" 200 6117
190.171.142.10 - - [15/May/2023:11:03:40 -0300] "POST /cormun/servlet/solicitudotadjuntos?73d58607ea1371e7b69e244b9e29b80c,DLT,2023,20159,CERTIF2,0,,gx-no-cache=1684158491506 HTTP/1.1" 200 93
190.171.142.10 - - [15/May/2023:11:03:40 -0300] "GET /cormun/servlet/hpexe_return? HTTP/1.1" 200 1032
190.171.142.10 - - [15/May/2023:11:03:40 -0300] "GET /cormun/servlet/trsolicitudadjuntos?2023,20159, HTTP/1.1" 200 10240
190.171.142.10 - - [15/May/2023:11:03:41 -0300] "GET /cormun/servlet/trsolicitudadjuntos?2023,20159, HTTP/1.1" 200 10235
190.171.142.10 - - [15/May/2023:11:03:49 -0300] "GET /cormun/servlet/solicitudotadjuntos?DLT,2023,20159,CERTIF2,0, HTTP/1.1" 200 6124
190.171.142.10 - - [15/May/2023:11:03:49 -0300] "GET /cormun/static/about:blank HTTP/1.1" 404 1011
190.171.142.10 - - [15/May/2023:11:03:49 -0300] "GET /cormun/static/Shared/jqueryui/images/ui-bg_highlight-soft_100_c6c2c8_1x100.png HTTP/1.1" 404 1117
190.171.142.10 - - [15/May/2023:11:03:49 -0300] "GET /cormun/static/Shared/jqueryui/images/ui-icons_82798d_256x240.png HTTP/1.1" 404 1089
190.171.142.10 - - [15/May/2023:11:03:49 -0300] "GET /cormun/static/Shared/jqueryui/images/ui-bg_flat_55_fafafa_40x100.png HTTP/1.1" 404 1097
190.171.142.10 - - [15/May/2023:11:03:49 -0300] "GET /cormun/static/Shared/jqueryui/images/ui-icons_8d78a5_256x240.png HTTP/1.1" 404 1089
190.171.142.10 - - [15/May/2023:11:03:49 -0300] "GET /cormun/servlet/solicitudotadjuntos?DLT,2023,20159,CERTIF2,0, HTTP/1.1" 200 6117
190.171.142.10 - - [15/May/2023:11:03:51 -0300] "POST /cormun/servlet/solicitudotadjuntos?73d58607ea1371e7b69e244b9e29b80c,DLT,2023,20159,CERTIF2,0,,gx-no-cache=1684158502689 HTTP/1.1" 200 93
190.171.142.10 - - [15/May/2023:11:03:51 -0300] "GET /cormun/servlet/hpexe_return? HTTP/1.1" 200 1032
190.171.142.10 - - [15/May/2023:11:03:51 -0300] "GET /cormun/servlet/trsolicitudadjuntos?2023,20159, HTTP/1.1" 200 9972
190.171.142.10 - - [15/May/2023:11:03:52 -0300] "GET /cormun/servlet/trsolicitudadjuntos?2023,20159, HTTP/1.1" 200 9970
190.171.141.114 - - [15/May/2023:11:03:55 -0300] "GET /cormun/servlet/trpermisosgoce? HTTP/1.1" 200 10464
190.171.141.114 - - [15/May/2023:11:03:55 -0300] "GET /cormun/servlet/trpermisosgoce? HTTP/1.1" 200 10462
190.171.142.10 - - [15/May/2023:11:03:59 -0300] "GET /cormun/servlet/solicitudotadjuntos?INS,2023,20159,,2, HTTP/1.1" 200 6241
190.171.142.10 - - [15/May/2023:11:03:59 -0300] "GET /cormun/static/about:blank HTTP/1.1" 404 1011
190.171.142.10 - - [15/May/2023:11:04:00 -0300] "GET /cormun/servlet/solicitudotadjuntos?INS,2023,20159,,2, HTTP/1.1" 200 6235
190.171.142.10 - - [15/May/2023:11:04:00 -0300] "GET /cormun/servlet/solicitudotadjuntos?812e5932a1a70e2f8e551e379c3a84c10aea7d27a56adfeee3f7fdd3a212eb3249aa401746a42871d87fe9c90592e08d,gx-no-cache=1684158511812 HTTP/1.1" 200 30
190.171.142.10 - - [15/May/2023:11:04:00 -0300] "POST /cormun/servlet/solicitudotadjuntos?73d58607ea1371e7b69e244b9e29b80c,INS,2023,20159,,2,,gx-no-cache=1684158511828 HTTP/1.1" 200 4501
190.171.141.114 - - [15/May/2023:11:04:04 -0300] "GET /cormun/servlet/trpermisosgoce? HTTP/1.1" 200 10462
190.171.141.114 - - [15/May/2023:11:04:04 -0300] "GET /cormun/servlet/trpermisosgoce? HTTP/1.1" 200 10462
190.171.142.10 - - [15/May/2023:11:04:05 -0300] "POST /cormun/servlet/solicitudotadjuntos?gx-no-cache=1684158516704 HTTP/1.1" 200 26
190.171.141.114 - - [15/May/2023:11:04:06 -0300] "GET /cormun/servlet/permisogoce?INS,0,,, HTTP/1.1" 200 6871
190.171.141.114 - - [15/May/2023:11:04:06 -0300] "GET /cormun/servlet/permisogoce?INS,0,,, HTTP/1.1" 200 6871
190.171.142.10 - - [15/May/2023:11:04:13 -0300] "GET /cormun/servlet/solicitudotadjuntos?812e5932a1a70e2f8e551e379c3a84c1969643b32a0ee87a06a78fc3d0aafa32,gx-no-cache=1684158524378 HTTP/1.1" 200 30
190.171.142.10 - - [15/May/2023:11:04:13 -0300] "GET /cormun/servlet/solicitudotadjuntos?812e5932a1a70e2f8e551e379c3a84c1969643b32a0ee87a06a78fc3d0aafa32,gx-no-cache=1684158524393 HTTP/1.1" 200 30
190.171.142.10 - - [15/May/2023:11:04:14 -0300] "POST /cormun/servlet/solicitudotadjuntos?73d58607ea1371e7b69e244b9e29b80c,INS,2023,20159,,2, HTTP/1.1" 200 116
190.171.142.10 - - [15/May/2023:11:04:14 -0300] "GET /cormun/servlet/hpexe_return? HTTP/1.1" 200 1026
190.171.142.10 - - [15/May/2023:11:04:14 -0300] "GET /cormun/servlet/trsolicitudadjuntos?2023,20159, HTTP/1.1" 200 10272
190.171.142.10 - - [15/May/2023:11:04:15 -0300] "GET /cormun/servlet/trsolicitudadjuntos?2023,20159, HTTP/1.1" 200 10269
190.171.142.10 - - [15/May/2023:11:04:19 -0300] "GET /cormun/servlet/solicitudotadjuntos?INS,2023,20159,,2, HTTP/1.1" 200 6241
190.171.142.10 - - [15/May/2023:11:04:20 -0300] "GET /cormun/static/about:blank HTTP/1.1" 404 1011
190.171.142.10 - - [15/May/2023:11:04:20 -0300] "GET /cormun/servlet/solicitudotadjuntos?INS,2023,20159,,2, HTTP/1.1" 200 6235
190.171.142.10 - - [15/May/2023:11:04:20 -0300] "GET /cormun/servlet/solicitudotadjuntos?812e5932a1a70e2f8e551e379c3a84c10aea7d27a56adfeee3f7fdd3a212eb3249aa401746a42871d87fe9c90592e08d,gx-no-cache=1684158531956 HTTP/1.1" 200 30
190.171.142.10 - - [15/May/2023:11:04:20 -0300] "POST /cormun/servlet/solicitudotadjuntos?73d58607ea1371e7b69e244b9e29b80c,INS,2023,20159,,2,,gx-no-cache=1684158531973 HTTP/1.1" 200 4501
190.171.142.10 - - [15/May/2023:11:04:30 -0300] "POST /cormun/servlet/solicitudotadjuntos?gx-no-cache=1684158541567 HTTP/1.1" 200 26
190.171.141.114 - - [15/May/2023:11:04:34 -0300] "GET /cormun/servlet/permisogoce?3df1852ad625114d78d929039582a83b575f74fc81b846e076b36d0c3c4889b89b7c5b53d9ed6f76b9246ad1585b3dc4dd8d004a8b9b8be49fba138c2536abc7,gx-no-cache=1684158564364 HTTP/1.1" 200 85
190.171.141.114 - - [15/May/2023:11:04:34 -0300] "GET /cormun/static/menuarrow.gif HTTP/1.1" 404 1015
190.171.142.10 - - [15/May/2023:11:04:40 -0300] "GET /cormun/servlet/solicitudotadjuntos?812e5932a1a70e2f8e551e379c3a84c1969643b32a0ee87a06a78fc3d0aafa32,gx-no-cache=1684158552113 HTTP/1.1" 200 30
190.171.142.10 - - [15/May/2023:11:04:40 -0300] "GET /cormun/servlet/solicitudotadjuntos?812e5932a1a70e2f8e551e379c3a84c1969643b32a0ee87a06a78fc3d0aafa32,gx-no-cache=1684158552130 HTTP/1.1" 200 30
190.171.141.114 - - [15/May/2023:11:04:40 -0300] "GET /cormun/servlet/permisogoce?3df1852ad625114d78d929039582a83b6c96436523dcec7b50544cfdd1d1b092aee9c6d36652ffab332710b8e920a6d02a467e52c334965ab09af9383395606b,gx-no-cache=1684158570593 HTTP/1.1" 200 47
190.171.142.10 - - [15/May/2023:11:04:42 -0300] "POST /cormun/servlet/solicitudotadjuntos?73d58607ea1371e7b69e244b9e29b80c,INS,2023,20159,,2, HTTP/1.1" 200 6666
190.171.142.10 - - [15/May/2023:11:04:42 -0300] "GET /cormun/static/Shared/jqueryui/images/ui-bg_highlight-soft_100_c6c2c8_1x100.png HTTP/1.1" 404 1117
190.171.142.10 - - [15/May/2023:11:04:42 -0300] "GET /cormun/static/Shared/jqueryui/images/ui-icons_82798d_256x240.png HTTP/1.1" 404 1089
190.171.142.10 - - [15/May/2023:11:04:42 -0300] "GET /cormun/static/Shared/jqueryui/images/ui-bg_flat_55_994d53_40x100.png HTTP/1.1" 404 1097
190.171.142.10 - - [15/May/2023:11:04:42 -0300] "GET /cormun/static/Shared/jqueryui/images/ui-icons_ebccce_256x240.png HTTP/1.1" 404 1089
190.171.141.114 - - [15/May/2023:11:04:52 -0300] "POST /cormun/servlet/permisogoce?7be5571df6b7ab87332e07d4ac55b2af,INS,0,,,,gx-no-cache=1684158581279 HTTP/1.1" 200 93
190.171.141.114 - - [15/May/2023:11:04:52 -0300] "GET /cormun/servlet/hpexe_return? HTTP/1.1" 200 1007
190.171.141.114 - - [15/May/2023:11:04:52 -0300] "GET /cormun/servlet/trpermisosgoce HTTP/1.1" 200 10728
190.171.142.10 - - [15/May/2023:11:04:52 -0300] "POST /cormun/servlet/solicitudotadjuntos?73d58607ea1371e7b69e244b9e29b80c,INS,2023,20159,,2, HTTP/1.1" 200 116
190.171.142.10 - - [15/May/2023:11:04:53 -0300] "GET /cormun/servlet/hpexe_return? HTTP/1.1" 200 1026
190.171.141.114 - - [15/May/2023:11:04:53 -0300] "GET /cormun/servlet/trpermisosgoce HTTP/1.1" 200 10723
190.171.142.10 - - [15/May/2023:11:04:53 -0300] "GET /cormun/servlet/trsolicitudadjuntos?2023,20159, HTTP/1.1" 200 10272
190.171.142.10 - - [15/May/2023:11:04:54 -0300] "GET /cormun/servlet/trsolicitudadjuntos?2023,20159, HTTP/1.1" 200 10268
190.171.141.114 - - [15/May/2023:11:05:01 -0300] "GET /cormun/servlet/apermisogoceprn?10086738,P,20230515094754,PU HTTP/1.1" 200 1659
190.171.142.10 - - [15/May/2023:11:05:03 -0300] "GET /cormun/servlet/solicitudotadjuntos?INS,2023,20159,,2, HTTP/1.1" 200 6241
190.171.142.10 - - [15/May/2023:11:05:03 -0300] "GET /cormun/static/about:blank HTTP/1.1" 404 1011
190.171.142.10 - - [15/May/2023:11:05:03 -0300] "GET /cormun/servlet/solicitudotadjuntos?INS,2023,20159,,2, HTTP/1.1" 200 6235
190.171.142.10 - - [15/May/2023:11:05:04 -0300] "GET /cormun/servlet/solicitudotadjuntos?812e5932a1a70e2f8e551e379c3a84c10aea7d27a56adfeee3f7fdd3a212eb3249aa401746a42871d87fe9c90592e08d,gx-no-cache=1684158575390 HTTP/1.1" 200 30
190.171.142.10 - - [15/May/2023:11:05:04 -0300] "POST /cormun/servlet/solicitudotadjuntos?73d58607ea1371e7b69e244b9e29b80c,INS,2023,20159,,2,,gx-no-cache=1684158575434 HTTP/1.1" 200 4501
190.171.142.10 - - [15/May/2023:11:05:16 -0300] "POST /cormun/servlet/solicitudotadjuntos?gx-no-cache=1684158587815 HTTP/1.1" 200 26
190.171.142.42 - - [15/May/2023:11:05:17 -0300] "GET /cormun/servlet/hlogin HTTP/1.1" 200 1743
190.171.142.10 - - [15/May/2023:11:05:23 -0300] "GET /cormun/servlet/solicitudotadjuntos?812e5932a1a70e2f8e551e379c3a84c1969643b32a0ee87a06a78fc3d0aafa32,gx-no-cache=1684158594929 HTTP/1.1" 200 30
190.171.142.10 - - [15/May/2023:11:05:23 -0300] "GET /cormun/servlet/solicitudotadjuntos?812e5932a1a70e2f8e551e379c3a84c1969643b32a0ee87a06a78fc3d0aafa32,gx-no-cache=1684158594947 HTTP/1.1" 200 30
190.171.142.10 - - [15/May/2023:11:05:24 -0300] "POST /cormun/servlet/solicitudotadjuntos?73d58607ea1371e7b69e244b9e29b80c,INS,2023,20159,,2, HTTP/1.1" 200 116
190.171.142.10 - - [15/May/2023:11:05:24 -0300] "GET /cormun/servlet/hpexe_return? HTTP/1.1" 200 1026
190.171.142.10 - - [15/May/2023:11:05:24 -0300] "GET /cormun/servlet/trsolicitudadjuntos?2023,20159, HTTP/1.1" 200 10419
190.171.142.10 - - [15/May/2023:11:05:25 -0300] "GET /cormun/servlet/trsolicitudadjuntos?2023,20159, HTTP/1.1" 200 10420
190.171.142.10 - - [15/May/2023:11:05:40 -0300] "GET /cormun/servlet/trautorizarsolicitud? HTTP/1.1" 200 7313
190.171.142.10 - - [15/May/2023:11:05:40 -0300] "GET /cormun/servlet/trautorizarsolicitud? HTTP/1.1" 200 7299
190.171.142.10 - - [15/May/2023:11:05:53 -0300] "GET /cormun/servlet/trautorizarsolicitud? HTTP/1.1" 200 7299
190.171.142.10 - - [15/May/2023:11:05:53 -0300] "GET /cormun/servlet/trautorizarsolicitud? HTTP/1.1" 200 7299
190.171.142.10 - - [15/May/2023:11:06:07 -0300] "GET /cormun/servlet/trsolicitudot? HTTP/1.1" 200 9294
190.171.142.10 - - [15/May/2023:11:06:07 -0300] "GET /cormun/servlet/trsolicitudot? HTTP/1.1" 200 9293
190.171.142.10 - - [15/May/2023:11:06:12 -0300] "GET /cormun/servlet/solicitudot?INS,0,0,false, HTTP/1.1" 200 16036
190.171.142.10 - - [15/May/2023:11:06:13 -0300] "GET /cormun/servlet/solicitudot?INS,0,0,false, HTTP/1.1" 200 16044
190.171.142.10 - - [15/May/2023:11:07:11 -0300] "GET /cormun/servlet/trsolicitudot? HTTP/1.1" 200 9294
190.171.142.10 - - [15/May/2023:11:07:11 -0300] "GET /cormun/servlet/trsolicitudot? HTTP/1.1" 200 9293
190.171.142.10 - - [15/May/2023:11:07:34 -0300] "GET /cormun/servlet/solicitudot?INS,0,0,false, HTTP/1.1" 200 16038
190.171.142.10 - - [15/May/2023:11:07:34 -0300] "GET /cormun/servlet/solicitudot?INS,0,0,false, HTTP/1.1" 200 16045
190.171.142.10 - - [15/May/2023:11:07:54 -0300] "POST /cormun/servlet/solicitudot?gx-no-cache=1684158745418 HTTP/1.1" 200 3953
190.171.142.10 - - [15/May/2023:11:07:54 -0300] "POST /cormun/servlet/solicitudot?73d58607ea1371e7b69e244b9e29b80c,INS,0,0,false,,gx-no-cache=1684158745605 HTTP/1.1" 200 12786
190.171.142.10 - - [15/May/2023:11:08:02 -0300] "GET /cormun/servlet/solicitudot?812e5932a1a70e2f8e551e379c3a84c119ddd6fa1855a2ed914e229dc502b51f6060d7c3c980418b14e8f7d5180c2806,gx-no-cache=1684158753704 HTTP/1.1" 200 30
190.171.143.106 - - [15/May/2023:11:08:07 -0300] "GET /cormun/servlet/trsolicitudot? HTTP/1.1" 200 7466
190.171.143.106 - - [15/May/2023:11:08:07 -0300] "GET /cormun/servlet/trsolicitudot? HTTP/1.1" 200 7466
181.212.42.153 - - [15/May/2023:11:08:08 -0300] "POST /cormun/servlet/vesolicitudot?a3905ac6f4ef29508e3e15bd6550b2b6,2023,20061,,,gx-no-cache=1684158760953 HTTP/1.1" 200 93
181.212.42.153 - - [15/May/2023:11:08:08 -0300] "GET /cormun/servlet/hpexe_return? HTTP/1.1" 200 1027
181.212.42.153 - - [15/May/2023:11:08:09 -0300] "GET /cormun/servlet/trsolicitudot?gx-no-cache=1684157726521 HTTP/1.1" 200 9204
181.212.42.153 - - [15/May/2023:11:08:09 -0300] "GET /cormun/servlet/trsolicitudot?gx-no-cache=1684157726521 HTTP/1.1" 200 9221
190.171.143.106 - - [15/May/2023:11:08:09 -0300] "GET /cormun/servlet/solicitudot?INS,0,0,false, HTTP/1.1" 200 16100
190.171.143.106 - - [15/May/2023:11:08:09 -0300] "GET /cormun/servlet/solicitudot?INS,0,0,false, HTTP/1.1" 200 16107
181.212.42.153 - - [15/May/2023:11:08:11 -0300] "GET /cormun/servlet/trpermisosgoce? HTTP/1.1" 200 15676
181.212.42.153 - - [15/May/2023:11:08:11 -0300] "GET /cormun/servlet/trpermisosgoce? HTTP/1.1" 200 15654
181.212.42.153 - - [15/May/2023:11:08:13 -0300] "GET /cormun/servlet/permisogoce?INS,0,,, HTTP/1.1" 200 6823
181.212.42.153 - - [15/May/2023:11:08:13 -0300] "GET /cormun/servlet/permisogoce?INS,0,,, HTTP/1.1" 200 6822
181.212.42.153 - - [15/May/2023:11:08:18 -0300] "GET /cormun/servlet/permisogoce?396d110a0f464d843d46f48b3d74559d152a2b6434a4b925ade08e46943ff26bae8948b234722e118eb5cdc0c98ea929be8ac42018c069e8884144615c8bed4f,gx-no-cache=1684158771035 HTTP/1.1" 200 79
181.212.42.153 - - [15/May/2023:11:08:21 -0300] "GET /cormun/static/menuarrow.gif HTTP/1.1" 404 1015
181.212.42.153 - - [15/May/2023:11:08:26 -0300] "GET /cormun/servlet/permisogoce?396d110a0f464d843d46f48b3d74559dce4d57b332e1c5ef56032bbad58288f9809da58e95f204bc855db2779ac68393dff4f8e9a6a64d930ff745aa1aa55447,gx-no-cache=1684158778763 HTTP/1.1" 200 47
186.103.157.42 - - [15/May/2023:11:08:34 -0300] "GET /cormun/servlet/hlogin HTTP/1.1" 200 1730
181.212.42.153 - - [15/May/2023:11:08:34 -0300] "GET /cormun/servlet/permisogoce?396d110a0f464d843d46f48b3d74559dce4d57b332e1c5ef56032bbad58288f976b099648a795671f5bc6c852388db6389f6190929a3c031107fda5fedb78c5b,gx-no-cache=1684158787067 HTTP/1.1" 200 48
181.212.42.153 - - [15/May/2023:11:08:39 -0300] "POST /cormun/servlet/permisogoce?a3905ac6f4ef29508e3e15bd6550b2b6,INS,0,,,,gx-no-cache=1684158790535 HTTP/1.1" 200 93
181.212.42.153 - - [15/May/2023:11:08:39 -0300] "GET /cormun/servlet/hpexe_return? HTTP/1.1" 200 1003
181.212.42.153 - - [15/May/2023:11:08:39 -0300] "GET /cormun/servlet/trpermisosgoce HTTP/1.1" 200 15841
181.212.42.153 - - [15/May/2023:11:08:40 -0300] "GET /cormun/servlet/trpermisosgoce HTTP/1.1" 200 15836
190.171.143.106 - - [15/May/2023:11:08:43 -0300] "POST /cormun/servlet/solicitudot?gx-no-cache=1684159010266 HTTP/1.1" 200 3953
190.171.143.106 - - [15/May/2023:11:08:43 -0300] "POST /cormun/servlet/solicitudot?6ffcfe6320cae01fe1e6ded488091d21,INS,0,0,false,,gx-no-cache=1684159010392 HTTP/1.1" 200 12791
181.212.42.153 - - [15/May/2023:11:08:44 -0300] "GET /cormun/servlet/apermisogoceprn?9984335,P,20230515095201,PU HTTP/1.1" 200 1646
190.171.143.106 - - [15/May/2023:11:08:46 -0300] "GET /cormun/servlet/solicitudot?5b00f791c0931e3abcce6260d5762bfcc6a883cb6ec51942ff46a3ff6dbca66c08270d7c3967594544cfb839a9e84fd0,gx-no-cache=1684159013367 HTTP/1.1" 200 30
186.103.157.42 - - [15/May/2023:11:08:51 -0300] "POST /cormun/servlet/hlogin?38949c9cdab125077984f45b5dcc1b5d,gx-no-cache=1684159083271 HTTP/1.1" 200 90
186.103.157.42 - - [15/May/2023:11:08:51 -0300] "GET /cormun/servlet/hpexe_link HTTP/1.1" 200 958
186.103.157.42 - - [15/May/2023:11:08:51 -0300] "GET /cormun/servlet/hhome HTTP/1.1" 200 4388
186.103.157.42 - - [15/May/2023:11:08:51 -0300] "GET /cormun/servlet/hhome HTTP/1.1" 200 4384
186.103.157.42 - - [15/May/2023:11:08:56 -0300] "GET /cormun/servlet/trpermisosgoce? HTTP/1.1" 200 11429
186.103.157.42 - - [15/May/2023:11:08:56 -0300] "GET /cormun/servlet/trpermisosgoce? HTTP/1.1" 200 11427
186.103.157.42 - - [15/May/2023:11:09:12 -0300] "GET /cormun/servlet/permisogoce?INS,0,,, HTTP/1.1" 200 7281
186.103.157.42 - - [15/May/2023:11:09:12 -0300] "GET /cormun/servlet/permisogoce?INS,0,,, HTTP/1.1" 200 7280
186.103.157.42 - - [15/May/2023:11:09:41 -0300] "GET /cormun/servlet/permisogoce?c4a2ab3aca936ed12891bc092ca9ea9a8b18c2766fd330463129ed834431e83569c8f7ba18da9d72976669f864d9f0ca6156ac1b67d6557fa68f9c20bfb0dd01,gx-no-cache=1684159132793 HTTP/1.1" 200 81
186.103.157.42 - - [15/May/2023:11:09:41 -0300] "GET /cormun/static/menuarrow.gif HTTP/1.1" 404 1015
186.103.157.42 - - [15/May/2023:11:09:52 -0300] "GET /cormun/servlet/permisogoce?c4a2ab3aca936ed12891bc092ca9ea9a09678044cdead46a693a28cad9a2faebacaecb7d645abffbbaded065e6df978f8bb01fb9a6803abe09c9cbd531d747d6,gx-no-cache=1684159143847 HTTP/1.1" 200 47
186.103.157.42 - - [15/May/2023:11:09:56 -0300] "POST /cormun/servlet/permisogoce?38949c9cdab125077984f45b5dcc1b5d,INS,0,,,,gx-no-cache=1684159147482 HTTP/1.1" 200 93
186.103.157.42 - - [15/May/2023:11:09:56 -0300] "GET /cormun/servlet/hpexe_return? HTTP/1.1" 200 1014
186.103.157.42 - - [15/May/2023:11:09:56 -0300] "GET /cormun/servlet/trpermisosgoce HTTP/1.1" 200 11781
186.103.157.42 - - [15/May/2023:11:09:56 -0300] "GET /cormun/servlet/trpermisosgoce HTTP/1.1" 200 11776
190.171.143.106 - - [15/May/2023:11:10:03 -0300] "GET /cormun/servlet/solicitudot?5b00f791c0931e3abcce6260d5762bfc64fcd5ee89a9aa1b16789ff0ae1a251d,gx-no-cache=1684159090108 HTTP/1.1" 200 94
190.171.143.106 - - [15/May/2023:11:10:03 -0300] "GET /cormun/static/Shared/jqueryui/images/ui-bg_highlight-soft_100_c6c2c8_1x100.png HTTP/1.1" 404 1117
190.171.143.106 - - [15/May/2023:11:10:03 -0300] "GET /cormun/static/Shared/jqueryui/images/ui-icons_82798d_256x240.png HTTP/1.1" 404 1089
190.171.143.106 - - [15/May/2023:11:10:03 -0300] "GET /cormun/static/Shared/jqueryui/images/ui-bg_flat_55_994d53_40x100.png HTTP/1.1" 404 1097
190.171.143.106 - - [15/May/2023:11:10:03 -0300] "GET /cormun/static/Shared/jqueryui/images/ui-icons_ebccce_256x240.png HTTP/1.1" 404 1089
190.171.143.106 - - [15/May/2023:11:10:06 -0300] "GET /cormun/servlet/solicitudot?5b00f791c0931e3abcce6260d5762bfc86efd6fecd4ee97d0dd9888c306a98ed,gx-no-cache=1684159092702 HTTP/1.1" 200 53
186.103.157.42 - - [15/May/2023:11:10:06 -0300] "GET /cormun/servlet/trpermisosadjuntos?16848825,20230515095300,P, HTTP/1.1" 200 6707
186.103.157.42 - - [15/May/2023:11:10:06 -0300] "GET /cormun/servlet/trpermisosadjuntos?16848825,20230515095300,P, HTTP/1.1" 200 6708
186.103.157.42 - - [15/May/2023:11:10:08 -0300] "GET /cormun/servlet/permisosadjuntos?INS,16848825,P,20230515095300,, HTTP/1.1" 200 6033
186.103.157.42 - - [15/May/2023:11:10:08 -0300] "GET /cormun/static/about:blank HTTP/1.1" 404 1011
186.103.157.42 - - [15/May/2023:11:10:08 -0300] "GET /cormun/servlet/permisosadjuntos?INS,16848825,P,20230515095300,, HTTP/1.1" 200 6023
190.171.142.42 - - [15/May/2023:11:10:13 -0300] "GET /cormun/servlet/hlogin HTTP/1.1" 200 1723
190.171.142.42 - - [15/May/2023:11:10:25 -0300] "POST /cormun/servlet/hlogin?3661bbd88b53f2049f6d7e3110766a13,gx-no-cache=1684158896820 HTTP/1.1" 200 90
190.171.142.42 - - [15/May/2023:11:10:25 -0300] "GET /cormun/servlet/hpexe_link HTTP/1.1" 200 960
190.171.142.42 - - [15/May/2023:11:10:26 -0300] "GET /cormun/servlet/trpermisosgoce HTTP/1.1" 200 12769
190.171.142.42 - - [15/May/2023:11:10:26 -0300] "GET /cormun/servlet/trpermisosgoce HTTP/1.1" 200 12768
186.103.157.42 - - [15/May/2023:11:10:28 -0300] "POST /cormun/servlet/permisosadjuntos?38949c9cdab125077984f45b5dcc1b5d,INS,16848825,P,20230515095300,, HTTP/1.1" 200 116
186.103.157.42 - - [15/May/2023:11:10:28 -0300] "GET /cormun/servlet/hpexe_return? HTTP/1.1" 200 1044
186.103.157.42 - - [15/May/2023:11:10:28 -0300] "GET /cormun/servlet/trpermisosadjuntos?16848825,20230515095300,P, HTTP/1.1" 200 7225
186.103.157.42 - - [15/May/2023:11:10:29 -0300] "GET /cormun/servlet/trpermisosadjuntos?16848825,20230515095300,P, HTTP/1.1" 200 7222
190.171.143.106 - - [15/May/2023:11:10:31 -0300] "POST /cormun/servlet/solicitudot?gx-no-cache=1684159118310 HTTP/1.1" 200 256
186.103.157.42 - - [15/May/2023:11:10:32 -0300] "POST /cormun/servlet/trpermisosadjuntos?38949c9cdab125077984f45b5dcc1b5d,16848825,20230515095300,P,,gx-no-cache=1684159184354 HTTP/1.1" 200 90
186.103.157.42 - - [15/May/2023:11:10:32 -0300] "GET /cormun/servlet/hpexe_link HTTP/1.1" 200 990
186.103.157.42 - - [15/May/2023:11:10:32 -0300] "GET /cormun/servlet/trpermisosgoce HTTP/1.1" 200 11778
186.103.157.42 - - [15/May/2023:11:10:33 -0300] "GET /cormun/servlet/trpermisosgoce HTTP/1.1" 200 11776
186.103.157.42 - - [15/May/2023:11:10:38 -0300] "POST /cormun/servlet/trpermisosgoce?38949c9cdab125077984f45b5dcc1b5d,gx-no-cache=1684159189636 HTTP/1.1" 200 8901
186.103.157.42 - - [15/May/2023:11:10:38 -0300] "GET /cormun/static/Shared/jqueryui/images/ui-bg_highlight-soft_100_c6c2c8_1x100.png HTTP/1.1" 404 1117
186.103.157.42 - - [15/May/2023:11:10:38 -0300] "GET /cormun/static/Shared/jqueryui/images/ui-icons_82798d_256x240.png HTTP/1.1" 404 1089
186.103.157.42 - - [15/May/2023:11:10:38 -0300] "GET /cormun/static/Shared/jqueryui/images/ui-bg_flat_55_fafafa_40x100.png HTTP/1.1" 404 1097
186.103.157.42 - - [15/May/2023:11:10:38 -0300] "GET /cormun/static/Shared/jqueryui/images/ui-icons_8d78a5_256x240.png HTTP/1.1" 404 1089
190.46.88.50 - - [15/May/2023:11:10:40 -0300] "GET /cormun/servlet/hlogin HTTP/1.1" 200 1717
190.46.88.50 - - [15/May/2023:11:10:42 -0300] "GET /cormun/servlet/hlogin HTTP/1.1" 200 1728
190.46.88.50 - - [15/May/2023:11:10:42 -0300] "GET /favicon.ico HTTP/1.1" 200 21630
190.46.88.50 - - [15/May/2023:11:10:48 -0300] "POST /cormun/servlet/hlogin?bb483746ee9521642825c139b24cd5eb,gx-no-cache=1684159266980 HTTP/1.1" 200 90
190.46.88.50 - - [15/May/2023:11:10:51 -0300] "GET /cormun/servlet/hpexe_link HTTP/1.1" 200 948
190.46.88.50 - - [15/May/2023:11:10:53 -0300] "GET /cormun/servlet/hhome HTTP/1.1" 200 4314
190.46.88.50 - - [15/May/2023:11:10:53 -0300] "GET /cormun/static/gxcfg.js?20201215495537 HTTP/1.1" 200 953
190.46.88.50 - - [15/May/2023:11:10:53 -0300] "GET /cormun/static/hhome.js?20201215495544 HTTP/1.1" 200 777
190.46.88.50 - - [15/May/2023:11:10:54 -0300] "GET /cormun/servlet/hhome HTTP/1.1" 200 4310
190.171.142.42 - - [15/May/2023:11:10:59 -0300] "GET /cormun/servlet/trpermisosgoce? HTTP/1.1" 200 12768
190.171.142.42 - - [15/May/2023:11:11:00 -0300] "GET /cormun/servlet/trpermisosgoce? HTTP/1.1" 200 12768
190.171.142.42 - - [15/May/2023:11:11:02 -0300] "GET /cormun/servlet/permisogoce?INS,0,,, HTTP/1.1" 200 7161
190.171.142.42 - - [15/May/2023:11:11:02 -0300] "GET /cormun/servlet/permisogoce?INS,0,,, HTTP/1.1" 200 7161
190.46.88.50 - - [15/May/2023:11:11:11 -0300] "GET /cormun/servlet/trpermisosgoce? HTTP/1.1" 200 9802
190.46.88.50 - - [15/May/2023:11:11:11 -0300] "GET /cormun/static/gxcfg.js?2020121631564 HTTP/1.1" 200 953
190.46.88.50 - - [15/May/2023:11:11:11 -0300] "GET /cormun/static/trpermisosgoce.js?2020121633681 HTTP/1.1" 200 35904
190.46.88.50 - - [15/May/2023:11:11:12 -0300] "GET /cormun//static/Resources/PXToolsGridDisplay.png HTTP/1.1" 200 525
190.46.88.50 - - [15/May/2023:11:11:12 -0300] "GET /cormun//static/Resources/PXToolsActionPrint.png HTTP/1.1" 200 404
190.46.88.50 - - [15/May/2023:11:11:12 -0300] "GET /cormun//static/Resources/PXToolsHeaderFavorites.png HTTP/1.1" 200 1414
190.46.88.50 - - [15/May/2023:11:11:12 -0300] "GET /cormun//static/Resources/PXToolsGridUpdate.png HTTP/1.1" 200 470
190.46.88.50 - - [15/May/2023:11:11:12 -0300] "GET /cormun//static/Resources/PXToolsHeaderHelp.png HTTP/1.1" 200 1333
190.46.88.50 - - [15/May/2023:11:11:12 -0300] "GET /cormun/servlet/trpermisosgoce? HTTP/1.1" 200 9800
190.171.142.10 - - [15/May/2023:11:11:16 -0300] "GET /cormun/servlet/solicitudot?812e5932a1a70e2f8e551e379c3a84c12caffb59666961f6c5dc3367cb1fe360f7569a6e906655f5cae2b6a97e82d16a6060d7c3c980418b14e8f7d5180c2806,gx-no-cache=1684158947392 HTTP/1.1" 200 30
190.171.142.42 - - [15/May/2023:11:11:24 -0300] "GET /cormun/servlet/permisogoce?829c69a02ccd964f7a3c035c991400bf300faad39f9f32efe283aa4779fb86c6e74cb9de67b414a0148d6b8b53b2ab18d0c4b622f3a330ddcbe7991f1cad39b1,gx-no-cache=1684158956036 HTTP/1.1" 200 83
190.171.142.42 - - [15/May/2023:11:11:25 -0300] "GET /cormun/static/menuarrow.gif HTTP/1.1" 404 1015
190.171.143.106 - - [15/May/2023:11:11:43 -0300] "GET /cormun/servlet/solicitudot?5b00f791c0931e3abcce6260d5762bfcf921d9d455f709189631bcfab2cb1ec8d2f87a450e404799c1625c729a8191cd89f0c4baadd2d051de324648d317ca3af90718e10f2734e7e8aab8e7e52ec0079ef6067e0726f3e63fd5b297b11641441c7b40c92f48b2e671202843b5705442a9ee6fe216d89cab6be16cd14929a98c27f2754e687e9870e0a0adc132ac68d74b2ea1fa2116659b493adbdeb87dd1b398183774658ee65e7a8e80d4817f5bf1b6c252bb0b9cef19f025be1d96e92cb3f6fbec50b241605dc9a281987024d1065d3ffd14df6f308960be10772ed8359ce8e559db27807f045b95de3b3846ff3d22f4ab5cc4a7cc100763e1009efee7970ab6bc7848b283aad1517386edb3b71a64d86f9d4645f4d4ad928b83d372732b7542d24e21301eaac454950715c57b301a50a7bb72c3617b0eacc28ea820d3ead5e800f8e3aaccae0249c8113c68f5f6536abfa0a9dd1610b7accba319a95a0e2157c9e60d07a82d07604d3bd3803c4c428a96bc4eaf4c97e08410e82ad1a8db,gx-no-cache=1684159190513 HTTP/1.1" 200 30
95.105.8.24 - - [15/May/2023:11:12:00 -0300] "GET / HTTP/1.1" 200 11217
190.46.88.50 - - [15/May/2023:11:12:17 -0300] "POST /cormun/servlet/trpermisosgoce?bb483746ee9521642825c139b24cd5eb,,gx-no-cache=1684159356445 HTTP/1.1" 200 7041
190.46.88.50 - - [15/May/2023:11:12:17 -0300] "GET /cormun/static/Shared/jqueryui/images/ui-bg_highlight-soft_100_c6c2c8_1x100.png HTTP/1.1" 404 1117
190.46.88.50 - - [15/May/2023:11:12:17 -0300] "GET /cormun/static/Shared/jqueryui/images/ui-icons_82798d_256x240.png HTTP/1.1" 404 1089
190.46.88.50 - - [15/May/2023:11:12:17 -0300] "GET /cormun/static/Shared/jqueryui/images/ui-bg_flat_55_fafafa_40x100.png HTTP/1.1" 404 1097
190.46.88.50 - - [15/May/2023:11:12:17 -0300] "GET /cormun/static/Shared/jqueryui/images/ui-icons_8d78a5_256x240.png HTTP/1.1" 404 1089
190.46.88.50 - - [15/May/2023:11:12:19 -0300] "POST /cormun/servlet/trpermisosgoce?bb483746ee9521642825c139b24cd5eb,,gx-no-cache=1684159358548 HTTP/1.1" 200 7041
190.46.88.50 - - [15/May/2023:11:12:31 -0300] "POST /cormun/servlet/trpermisosgoce?bb483746ee9521642825c139b24cd5eb,,gx-no-cache=1684159369989 HTTP/1.1" 200 7041
190.46.88.50 - - [15/May/2023:11:12:53 -0300] "GET /cormun/servlet/trlicenciaspermisoslog?10217958,P,20230419125207, HTTP/1.1" 200 6963
190.46.88.50 - - [15/May/2023:11:12:53 -0300] "GET /cormun/static/gxui/gxui-all.css?110300 HTTP/1.1" 200 2179
190.46.88.50 - - [15/May/2023:11:12:53 -0300] "GET /cormun/static/gxcfg.js?201991422452353 HTTP/1.1" 200 953
190.46.88.50 - - [15/May/2023:11:12:53 -0300] "GET /cormun/static/calendar-system.css?75620 HTTP/1.1" 200 5572
190.46.88.50 - - [15/May/2023:11:12:53 -0300] "GET /cormun/static/Resources/Spanish/PXTools.css?2294816 HTTP/1.1" 200 100853
190.46.88.50 - - [15/May/2023:11:12:54 -0300] "GET /cormun/static/trlicenciaspermisoslog.js?201991422452676 HTTP/1.1" 200 20074
190.46.88.50 - - [15/May/2023:11:12:54 -0300] "GET /cormun/static/Shared/ext/resources/css/ext-all.css?205870 HTTP/1.1" 200 416045
190.46.88.50 - - [15/May/2023:11:12:56 -0300] "GET /cormun/servlet/trlicenciaspermisoslog?10217958,P,20230419125207, HTTP/1.1" 200 6963
190.171.142.10 - - [15/May/2023:11:12:58 -0300] "GET /cormun/servlet/prbanco?,MD,,gxPopupLevel%3D0%3B HTTP/1.1" 200 6474
190.171.142.10 - - [15/May/2023:11:13:01 -0300] "GET /cormun/servlet/solicitudot?812e5932a1a70e2f8e551e379c3a84c1a225f879f80b22d36344a3d886c2a6e3,gx-no-cache=1684159053152 HTTP/1.1" 200 53
190.46.88.50 - - [15/May/2023:11:13:09 -0300] "GET /cormun/servlet/trpermisosgoce? HTTP/1.1" 200 9802
190.46.88.50 - - [15/May/2023:11:13:10 -0300] "GET /cormun/servlet/trpermisosgoce? HTTP/1.1" 200 9800
190.46.88.50 - - [15/May/2023:11:13:29 -0300] "GET /cormun/servlet/permisogoce?DSP,7468895,P,20230428124900, HTTP/1.1" 200 7057
190.46.88.50 - - [15/May/2023:11:13:30 -0300] "GET /cormun/static/gxcfg.js?20201215124560 HTTP/1.1" 200 953
190.46.88.50 - - [15/May/2023:11:13:30 -0300] "GET /cormun/static/permisogoce.js?20201215124939 HTTP/1.1" 200 27790
190.46.88.50 - - [15/May/2023:11:13:30 -0300] "GET /cormun/static/Resources/prompt.gif HTTP/1.1" 200 902
190.46.88.50 - - [15/May/2023:11:13:30 -0300] "GET /cormun/servlet/permisogoce?DSP,7468895,P,20230428124900, HTTP/1.1" 200 7058
190.171.142.10 - - [15/May/2023:11:13:38 -0300] "POST /cormun/servlet/solicitudot?gx-no-cache=1684159089767 HTTP/1.1" 200 297
190.46.88.50 - - [15/May/2023:11:13:39 -0300] "GET /cormun/servlet/trpermisosgoce? HTTP/1.1" 200 9802
190.46.88.50 - - [15/May/2023:11:13:40 -0300] "GET /cormun/servlet/trpermisosgoce? HTTP/1.1" 200 9800
190.171.142.10 - - [15/May/2023:11:13:41 -0300] "GET /cormun/servlet/solicitudot?812e5932a1a70e2f8e551e379c3a84c1b459c6f18a4e9b97e4bc90abf96815bad546fdda86c29f8a092dc9e904d8444d792d8e5df0a42b0d9c3e2bb7fc86567731ac38ede26ca951b4abe5f88c4ab2015b0cc711b78ca67f44fa067781b0dc01e60b18274ddfe4d1c1815fce09ba9f4238c0b2587a29b6591d46240e602884723a9283566e775d471693110a280cad367b50ed6af43a3eb1435d2051359bb3e26940dfea19dc5b6b97bdcd19f370f3e344aacf00d72a0ea8569915c9b82c0ac98e323bbdc98333d01ff6b5a4517192d7d7031e51f4b5dac3c5b1ca800bb7fc6631b9d3f2833009fa2ddc2c98f8c9d6b600a9a6fc7d06d500f35426776f6e1368127bc9c696dfe56da616eac7c78b72f7d471f3499ce96aaecc7d158ffb22061dd5fb386fae9be5481328d4360854c816d63db1ed73a1d49f5973a059f1e8d2fbfe1284472e05529aeb883e96df6e0bd33faf646a78a276a6c220d8b7a8c6be3182567dbec026c818d33d14af73784036243ccf9bd9658c30743a7a62c22a581feb8b3e6d7a605944f64b4b50dedc4666,gx-no-cache=1684159092474 HTTP/1.1" 200 30
190.171.152.234 - - [15/May/2023:11:13:51 -0300] "GET /cormun/servlet/hlogin HTTP/1.1" 200 1714
190.171.152.234 - - [15/May/2023:11:13:51 -0300] "GET /cormun/servlet/hlogin HTTP/1.1" 200 1724
190.46.88.50 - - [15/May/2023:11:13:59 -0300] "POST /cormun/servlet/trpermisosgoce?bb483746ee9521642825c139b24cd5eb,,gx-no-cache=1684159458327 HTTP/1.1" 200 7039
190.46.88.50 - - [15/May/2023:11:13:59 -0300] "GET /cormun/static/Shared/jqueryui/images/ui-bg_highlight-soft_100_c6c2c8_1x100.png HTTP/1.1" 404 1117
190.46.88.50 - - [15/May/2023:11:13:59 -0300] "GET /cormun/static/Shared/jqueryui/images/ui-icons_82798d_256x240.png HTTP/1.1" 404 1089
190.46.88.50 - - [15/May/2023:11:13:59 -0300] "GET /cormun/static/Shared/jqueryui/images/ui-bg_flat_55_fafafa_40x100.png HTTP/1.1" 404 1097
190.46.88.50 - - [15/May/2023:11:13:59 -0300] "GET /cormun/static/Shared/jqueryui/images/ui-icons_8d78a5_256x240.png HTTP/1.1" 404 1089
190.171.152.234 - - [15/May/2023:11:14:00 -0300] "POST /cormun/servlet/hlogin?ff7e7b81636cbc7ef9dc66222b364356,gx-no-cache=1684155638909 HTTP/1.1" 200 90
190.171.152.234 - - [15/May/2023:11:14:00 -0300] "GET /cormun/servlet/hpexe_link HTTP/1.1" 200 944
190.171.152.234 - - [15/May/2023:11:14:00 -0300] "GET /cormun/servlet/hhome HTTP/1.1" 200 4272
190.171.152.234 - - [15/May/2023:11:14:02 -0300] "GET /cormun/servlet/hhome HTTP/1.1" 200 4269
190.46.88.50 - - [15/May/2023:11:14:05 -0300] "GET /cormun/servlet/apermisogoceprn?17523007,P,20230510132426,PU HTTP/1.1" 200 1657
190.171.152.234 - - [15/May/2023:11:14:06 -0300] "GET /cormun/servlet/trsolicitudot? HTTP/1.1" 200 7487
190.171.152.234 - - [15/May/2023:11:14:07 -0300] "GET /cormun/servlet/trsolicitudot? HTTP/1.1" 200 7486
190.171.152.234 - - [15/May/2023:11:14:10 -0300] "GET /cormun/servlet/solicitudot?INS,0,0,false, HTTP/1.1" 200 16125
190.171.152.234 - - [15/May/2023:11:14:10 -0300] "GET /cormun/servlet/solicitudot?INS,0,0,false, HTTP/1.1" 200 16132
40.77.167.84 - - [15/May/2023:11:14:43 -0300] "GET /cormun/servlet/trlicencias HTTP/1.1" 200 6037
190.171.142.10 - - [15/May/2023:11:14:45 -0300] "POST /cormun/servlet/solicitudot?gx-no-cache=1684159156698 HTTP/1.1" 200 30
190.171.142.10 - - [15/May/2023:11:14:48 -0300] "POST /cormun/servlet/solicitudot?gx-no-cache=1684159159689 HTTP/1.1" 200 1466
190.171.142.10 - - [15/May/2023:11:14:48 -0300] "POST /cormun/servlet/solicitudot?gx-no-cache=1684159159731 HTTP/1.1" 200 38
190.171.142.10 - - [15/May/2023:11:15:46 -0300] "POST /cormun/servlet/solicitudot?gx-no-cache=1684159217435 HTTP/1.1" 200 30
190.171.142.10 - - [15/May/2023:11:15:46 -0300] "POST /cormun/servlet/solicitudot?gx-no-cache=1684159217472 HTTP/1.1" 200 1466
190.171.142.10 - - [15/May/2023:11:15:46 -0300] "POST /cormun/servlet/solicitudot?gx-no-cache=1684159217509 HTTP/1.1" 200 38
190.171.143.106 - - [15/May/2023:11:15:58 -0300] "POST /cormun/servlet/solicitudot?gx-no-cache=1684159445152 HTTP/1.1" 200 256
190.171.143.106 - - [15/May/2023:11:16:01 -0300] "GET /cormun/servlet/solicitudot?5b00f791c0931e3abcce6260d5762bfcf921d9d455f709189631bcfab2cb1ec8d3257da116a51f375d0504cd71c91e1389f0c4baadd2d051de324648d317ca3af90718e10f2734e7e8aab8e7e52ec0079ef6067e0726f3e63fd5b297b11641441c7b40c92f48b2e671202843b5705442a9ee6fe216d89cab6be16cd14929a98c27f2754e687e9870e0a0adc132ac68d74b2ea1fa2116659b493adbdeb87dd1b398183774658ee65e7a8e80d4817f5bf1b6c252bb0b9cef19f025be1d96e92cb3f6fbec50b241605dc9a281987024d1065d3ffd14df6f308960be10772ed8359ce8e559db27807f045b95de3b3846ff3dad9a73af44d9e7aa798365122b715f5a0ab6bc7848b283aad1517386edb3b71a31c887424703925bf028e20323bc91de9fda2762bb44b8b9b3c44c7585f33f0d28be3ff88089d8d0e281203e78aa425cbca43531e12f5005fb90a00c97e8e10b09f1d50f5b75a4a1525af88be65103337f167be1744c23e175c9629b26273512c04b72336df981c1815c8925cee5e121,gx-no-cache=1684159447831 HTTP/1.1" 200 30
190.171.143.106 - - [15/May/2023:11:16:09 -0300] "POST /cormun/servlet/solicitudot?gx-no-cache=1684159456438 HTTP/1.1" 200 30
190.171.152.234 - - [15/May/2023:11:16:13 -0300] "GET /cormun/servlet/trcontratosolicitud? HTTP/1.1" 200 14874
190.171.152.234 - - [15/May/2023:11:16:14 -0300] "GET /cormun/servlet/trcontratosolicitud? HTTP/1.1" 200 14881
190.171.143.106 - - [15/May/2023:11:17:05 -0300] "POST /cormun/servlet/solicitudot?gx-no-cache=1684159512173 HTTP/1.1" 200 1549
190.171.143.106 - - [15/May/2023:11:17:47 -0300] "POST /cormun/servlet/solicitudot?gx-no-cache=1684159553841 HTTP/1.1" 200 1469
190.171.143.106 - - [15/May/2023:11:18:01 -0300] "POST /cormun/servlet/solicitudot?gx-no-cache=1684159567681 HTTP/1.1" 200 1609
190.171.143.106 - - [15/May/2023:11:18:09 -0300] "GET /cormun/servlet/prfichaempleado?,MD,,gxPopupLevel%3D0%3B HTTP/1.1" 200 9268
190.171.143.106 - - [15/May/2023:11:18:09 -0300] "GET /cormun/static/gxcfg.js?20201215571085 HTTP/1.1" 200 953
190.171.143.106 - - [15/May/2023:11:18:09 -0300] "GET /cormun/static/prfichaempleado.js?20201215572193 HTTP/1.1" 200 16005
190.171.143.106 - - [15/May/2023:11:18:26 -0300] "POST /cormun/servlet/prfichaempleado?6ffcfe6320cae01fe1e6ded488091d21,,MD,,gxPopupLevel%3D0%3B,gx-no-cache=1684159593202 HTTP/1.1" 200 3176
190.171.144.234 - - [15/May/2023:11:18:37 -0300] "GET /cormun/servlet/trlicencias? HTTP/1.1" 200 6228
190.171.144.234 - - [15/May/2023:11:18:38 -0300] "GET /cormun/servlet/hlogin HTTP/1.1" 200 1737
190.171.144.234 - - [15/May/2023:11:18:38 -0300] "GET /cormun/servlet/trlicencias? HTTP/1.1" 200 6227
190.171.143.106 - - [15/May/2023:11:19:24 -0300] "GET /cormun/servlet/prfichaempleado?,MD,,gxPopupLevel%3D0%3B HTTP/1.1" 200 9268
190.171.142.10 - - [15/May/2023:11:19:30 -0300] "GET /cormun/servlet/solicitudot?812e5932a1a70e2f8e551e379c3a84c12af0f2b0a1d01d0a96595f209ef2af15545cdeb997fa47c29b377be90cd1580fdc1008a7faa19a9a89a7348d399f3711485b34bc2a38da567fd79ad194488e141e32d08cd93e4fad625393bbdc4bba753f1849795f796bf962f91a47436e7d11,gx-no-cache=1684159441577 HTTP/1.1" 200 110
190.171.143.106 - - [15/May/2023:11:19:35 -0300] "GET /cormun/servlet/trlicencias? HTTP/1.1" 200 11290
190.171.143.106 - - [15/May/2023:11:19:35 -0300] "GET /cormun/servlet/trlicencias? HTTP/1.1" 200 11280
190.171.142.10 - - [15/May/2023:11:19:58 -0300] "POST /cormun/servlet/solicitudot?gx-no-cache=1684159469324 HTTP/1.1" 200 83
190.171.143.106 - - [15/May/2023:11:20:09 -0300] "GET /cormun/servlet/solicitudot?INS,0,0,false, HTTP/1.1" 200 16106
190.171.143.106 - - [15/May/2023:11:20:10 -0300] "GET /cormun/servlet/solicitudot?INS,0,0,false, HTTP/1.1" 200 16114
190.171.143.106 - - [15/May/2023:11:20:19 -0300] "POST /cormun/servlet/solicitudot?gx-no-cache=1684159705543 HTTP/1.1" 200 4007
190.171.143.106 - - [15/May/2023:11:20:19 -0300] "POST /cormun/servlet/solicitudot?6ffcfe6320cae01fe1e6ded488091d21,INS,0,0,false,,gx-no-cache=1684159705657 HTTP/1.1" 200 12851
190.171.143.106 - - [15/May/2023:11:20:19 -0300] "GET /cormun/servlet/solicitudot?5b00f791c0931e3abcce6260d5762bfcc6a883cb6ec51942ff46a3ff6dbca66c08270d7c3967594544cfb839a9e84fd0,gx-no-cache=1684159705840 HTTP/1.1" 200 30
190.171.143.106 - - [15/May/2023:11:20:19 -0300] "GET /cormun/servlet/solicitudot?5b00f791c0931e3abcce6260d5762bfc64fcd5ee89a9aa1b16789ff0ae1a251d,gx-no-cache=1684159705870 HTTP/1.1" 200 94
190.171.143.106 - - [15/May/2023:11:20:19 -0300] "GET /cormun/static/Shared/jqueryui/images/ui-icons_82798d_256x240.png HTTP/1.1" 404 1089
190.171.143.106 - - [15/May/2023:11:20:19 -0300] "GET /cormun/static/Shared/jqueryui/images/ui-bg_highlight-soft_100_c6c2c8_1x100.png HTTP/1.1" 404 1117
190.171.143.106 - - [15/May/2023:11:20:19 -0300] "GET /cormun/static/Shared/jqueryui/images/ui-bg_flat_55_994d53_40x100.png HTTP/1.1" 404 1097
190.171.143.106 - - [15/May/2023:11:20:19 -0300] "GET /cormun/static/Shared/jqueryui/images/ui-icons_ebccce_256x240.png HTTP/1.1" 404 1089
190.171.143.106 - - [15/May/2023:11:20:19 -0300] "GET /cormun/servlet/solicitudot?5b00f791c0931e3abcce6260d5762bfc86efd6fecd4ee97d0dd9888c306a98ed,gx-no-cache=1684159705892 HTTP/1.1" 200 53
190.171.143.106 - - [15/May/2023:11:20:19 -0300] "POST /cormun/servlet/solicitudot?gx-no-cache=1684159705928 HTTP/1.1" 200 255
190.171.152.234 - - [15/May/2023:11:20:34 -0300] "GET /cormun/servlet/trsolicitudot? HTTP/1.1" 200 7487
190.171.152.234 - - [15/May/2023:11:20:34 -0300] "GET /cormun/servlet/trsolicitudot? HTTP/1.1" 200 7486
190.171.152.234 - - [15/May/2023:11:20:37 -0300] "GET /cormun/servlet/solicitudot?INS,0,0,false, HTTP/1.1" 200 16124
190.171.152.234 - - [15/May/2023:11:20:38 -0300] "GET /cormun/servlet/solicitudot?INS,0,0,false, HTTP/1.1" 200 16132
190.171.143.106 - - [15/May/2023:11:20:44 -0300] "GET /cormun/servlet/solicitudot?5b00f791c0931e3abcce6260d5762bfcbdef6f0e604547a563d7531a1d99ee84dfcf94c5ed165b3e2fab02c64335ebbae4e5ab31075fb4a35cff9777fdd9b6a2,gx-no-cache=1684159731068 HTTP/1.1" 200 30
190.171.143.106 - - [15/May/2023:11:20:50 -0300] "GET /cormun/servlet/solicitudot?5b00f791c0931e3abcce6260d5762bfcf921d9d455f709189631bcfab2cb1ec8d3257da116a51f375d0504cd71c91e1389f0c4baadd2d051de324648d317ca3af90718e10f2734e7e8aab8e7e52ec0079ef6067e0726f3e63fd5b297b11641441c7b40c92f48b2e671202843b5705442a9ee6fe216d89cab6be16cd14929a98c27f2754e687e9870e0a0adc132ac68d74b2ea1fa2116659b493adbdeb87dd1b398183774658ee65e7a8e80d4817f5bf1b6c252bb0b9cef19f025be1d96e92cb3f6fbec50b241605dc9a281987024d1065d3ffd14df6f308960be10772ed8359ce8e559db27807f045b95de3b3846ff3dad9a73af44d9e7aa798365122b715f5a0ab6bc7848b283aad1517386edb3b71a31c887424703925bf028e20323bc91de9fda2762bb44b8b9b3c44c7585f33f0d28be3ff88089d8d0e281203e78aa425cbca43531e12f5005fb90a00c97e8e10b09f1d50f5b75a4a1525af88be65103337f167be1744c23e175c9629b26273512bc13c9032831ed0315537a3641948dc2,gx-no-cache=1684159737208 HTTP/1.1" 200 30
190.171.152.234 - - [15/May/2023:11:20:50 -0300] "POST /cormun/servlet/solicitudot?gx-no-cache=1684156049004 HTTP/1.1" 200 3961
190.171.152.234 - - [15/May/2023:11:20:50 -0300] "POST /cormun/servlet/solicitudot?ff7e7b81636cbc7ef9dc66222b364356,INS,0,0,false,,gx-no-cache=1684156049136 HTTP/1.1" 200 12788
190.171.152.234 - - [15/May/2023:11:21:02 -0300] "POST /cormun/servlet/solicitudot?gx-no-cache=1684156060400 HTTP/1.1" 200 4020
190.171.152.234 - - [15/May/2023:11:21:02 -0300] "GET /cormun/static/Shared/jqueryui/images/ui-bg_highlight-soft_100_c6c2c8_1x100.png HTTP/1.1" 404 1117
190.171.152.234 - - [15/May/2023:11:21:02 -0300] "GET /cormun/static/Shared/jqueryui/images/ui-icons_82798d_256x240.png HTTP/1.1" 404 1089
190.171.152.234 - - [15/May/2023:11:21:02 -0300] "GET /cormun/static/Shared/jqueryui/images/ui-bg_flat_55_994d53_40x100.png HTTP/1.1" 404 1097
190.171.152.234 - - [15/May/2023:11:21:02 -0300] "GET /cormun/static/Shared/jqueryui/images/ui-icons_ebccce_256x240.png HTTP/1.1" 404 1089
190.171.152.234 - - [15/May/2023:11:21:04 -0300] "POST /cormun/servlet/solicitudot?gx-no-cache=1684156062955 HTTP/1.1" 200 4020
190.171.152.234 - - [15/May/2023:11:21:20 -0300] "POST /cormun/servlet/solicitudot?gx-no-cache=1684156078489 HTTP/1.1" 200 3961
190.171.152.234 - - [15/May/2023:11:21:20 -0300] "POST /cormun/servlet/solicitudot?ff7e7b81636cbc7ef9dc66222b364356,INS,0,0,false,,gx-no-cache=1684156078599 HTTP/1.1" 200 12843
190.171.152.234 - - [15/May/2023:11:21:23 -0300] "GET /cormun/servlet/solicitudot?16e3a5ac8a03c0d8a7cfe0032886b92ec43bf1bdbcb63d50ff6d0917c8f2456b604543d23f7c787c589da24c822f4fda,gx-no-cache=1684156082136 HTTP/1.1" 200 30
190.171.152.234 - - [15/May/2023:11:21:45 -0300] "GET /cormun/servlet/solicitudot?16e3a5ac8a03c0d8a7cfe0032886b92ef6f4405ddd3678a1c8ce68f0c25a5949,gx-no-cache=1684156103510 HTTP/1.1" 200 94
190.171.152.234 - - [15/May/2023:11:21:45 -0300] "GET /cormun/servlet/solicitudot?16e3a5ac8a03c0d8a7cfe0032886b92ea30ceb7c61d69857d543669c6e0112e7,gx-no-cache=1684156103599 HTTP/1.1" 200 29
190.171.142.10 - - [15/May/2023:11:21:45 -0300] "GET /cormun/servlet/solicitudot?812e5932a1a70e2f8e551e379c3a84c1b81ad30b9210e9979042e8d3b951b4af61d465ff2d1dada2481d9c6807a72da5dd25fbb9a7d7383436f322cdc537b61c6a764410f6a45adffc12a8ae94b5e23d60ff2cdf363c016d7d6a5c979bc44001189ca33cf8b1fff92fe3f548551fb29f,gx-no-cache=1684159576633 HTTP/1.1" 200 29
190.171.152.234 - - [15/May/2023:11:21:46 -0300] "POST /cormun/servlet/solicitudot?gx-no-cache=1684156104933 HTTP/1.1" 200 255
190.171.152.234 - - [15/May/2023:11:21:49 -0300] "GET /cormun/servlet/solicitudot?16e3a5ac8a03c0d8a7cfe0032886b92ec6ad988ce88beb1189ccf76e9431ab5789e0648abad0f20b4ad7836db2bd13c45d4811bbd1a6af88ece7f273ec1cb3b18250db60ae9cacefdeb7f58c17591ec294303c6abb0293e8b2b2979aafffdbbd5c65edab113c3061c12e78cb951ad97eea8675005af82ee678772a8aa42b6531950749e6bd73028b8e638f450937a576555617be00dc14c81e3a95e8240dea876739b53600d7562d29ac96a6aaa5a9533ea1749bbdef9faec703c8ed43c15e0194d4f65802fc226647ab3efa1567ff1b3f9d292b8819f1a98f689f3c997db4c435a6bfe10c9ecc2e0b0b1c5d848fe5acc189c7d7e4cf4559bde9d88fbbb5c0d71c601d8547c4ceb9d47071d0f120a1f0f36a7901e568ecd3280de9742caaaa2a1b2afbc6ec9b2dbc72e2179ea01f948425ba9aa60fdf69f237ea869a19454d51e62a7e26f61fc3fbfe9c70fbc4363c56704bb15ee358adfeb639c89668eff9f4cc03ca67368a3cad1aaea3173636d2476cd6bebab50cee1c8d285d9695276b2b,gx-no-cache=1684156108198 HTTP/1.1" 200 30
190.171.152.234 - - [15/May/2023:11:21:53 -0300] "POST /cormun/servlet/solicitudot?gx-no-cache=1684156112094 HTTP/1.1" 200 30
