190.171.143.90 - - [09/May/2023:11:55:30 -0300] "GET /cormun/servlet/solicitudot?36117f9a3f3202269638e30212a7fcdc4f0c2dcf78a3a1aa7ca87b7ca42154af94b9f06d2f6e6f10deee3643fdc068e3,gx-no-cache=1683643203003 HTTP/1.1" 200 30
192.168.10.17 - - [09/May/2023:11:55:40 -0300] "POST /cormun/servlet/trsolicitudgral?b1f5994171fed4d57939e1447523b7f4,,gx-no-cache=1683643173504 HTTP/1.1" 440 972
192.168.10.17 - - [09/May/2023:11:55:41 -0300] "GET /cormun/servlet/trsolicitudgral? HTTP/1.1" 500 10
190.171.143.90 - - [09/May/2023:11:56:00 -0300] "GET /cormun/servlet/solicitudot?36117f9a3f3202269638e30212a7fcdc5163098bcedc2e034ca85c20202b0a63feafe271de77696f7fb5de7fc235e3bb81cea1d60de3ca2623080413801160dc,gx-no-cache=1683643233443 HTTP/1.1" 200 30
190.171.143.90 - - [09/May/2023:11:56:00 -0300] "GET /cormun/servlet/solicitudot?36117f9a3f3202269638e30212a7fcdce9bf549f52a6da478a8019f8baaa1337,gx-no-cache=1683643233626 HTTP/1.1" 200 59
190.171.143.90 - - [09/May/2023:11:56:01 -0300] "POST /cormun/servlet/solicitudot?gx-no-cache=1683643233745 HTTP/1.1" 200 255
190.171.143.90 - - [09/May/2023:11:56:01 -0300] "GET /cormun/servlet/solicitudot?36117f9a3f3202269638e30212a7fcdcbe2fe9a06ba86c691bbaa26c1ea16400e865805a409723a5a65e73f856b89d552523965277fd0546c278c2796f1ad4af2c48670944e1ebb6a8663530968d1d94dc68b9fd59164ee54db87dbbbbf4d20b27ff4f1e83c982804c9fd5b447f4f25fd27e811998d24eb17f3d3715a23d741a1f59f521f9c2a1599fc0f148ba65268aa6d2764dfd23138bc4a7bf10c6c68cf46aa6b610fcf9bc690ae6075241506a7b9a3c5aa16f2c5573ee520c1938a7b4661791c850d09e9e91c659833845cc10e3a59d6d947bbeb42829cddfa6a40dd9300ce60c0cf6197e630b0f78e7ec9e930677039c1c5d8a8afba6e651ce303b26841ad5a50f54f75abe913ae80b38aaeda3e9c3b47c7c8c802f2fb3b23f20e0aa9d767e6e3d49ad9a07cb2d69e19f17a1241069fcb3d7576c31eec616c972920dc0122e81fb58e43321226ba31504c193f6fd1261d317981834052e203474424d7fa54f07990670cfd05b4591c6ee162d1ea88ff9a6300fca062e7547188379ea88,gx-no-cache=1683643233872 HTTP/1.1" 200 30
190.171.143.90 - - [09/May/2023:11:56:04 -0300] "POST /cormun/servlet/solicitudot?gx-no-cache=1683643237718 HTTP/1.1" 200 30
190.171.143.90 - - [09/May/2023:11:56:09 -0300] "GET /cormun/servlet/prcontratosol?18104139,,,,,MD,,gxPopupLevel%3D0%3B HTTP/1.1" 200 9359
190.171.143.90 - - [09/May/2023:11:56:34 -0300] "POST /cormun/servlet/solicitudot?gx-no-cache=1683643267385 HTTP/1.1" 200 1551
190.171.143.90 - - [09/May/2023:11:56:34 -0300] "GET /cormun/static/Shared/jqueryui/images/ui-bg_highlight-soft_100_c6c2c8_1x100.png HTTP/1.1" 404 1117
190.171.143.90 - - [09/May/2023:11:56:34 -0300] "GET /cormun/static/Shared/jqueryui/images/ui-icons_ebccce_256x240.png HTTP/1.1" 404 1089
190.171.143.90 - - [09/May/2023:11:56:34 -0300] "GET /cormun/static/Shared/jqueryui/images/ui-bg_flat_55_994d53_40x100.png HTTP/1.1" 404 1097
190.171.143.90 - - [09/May/2023:11:56:34 -0300] "GET /cormun/static/Shared/jqueryui/images/ui-icons_82798d_256x240.png HTTP/1.1" 404 1089
190.171.143.90 - - [09/May/2023:11:56:34 -0300] "POST /cormun/servlet/solicitudot?gx-no-cache=1683643267550 HTTP/1.1" 200 117
190.171.143.90 - - [09/May/2023:11:56:34 -0300] "GET /cormun/servlet/solicitudot?36117f9a3f3202269638e30212a7fcdcd3b72fa74a85644711c74b755a5fa55217854f76970e3453720f26d1e6bbf7ce88ac639e5ef179e753300dc85ad8e3f250b82226f8afd19ffae2aeb3943514edff19b1cf57181124982d763c15ae4a92bde9c42ff14b4da57fd78c8cef07e9d4,gx-no-cache=1683643267688 HTTP/1.1" 200 110
190.171.143.90 - - [09/May/2023:11:56:35 -0300] "POST /cormun/servlet/solicitudot?gx-no-cache=1683643267771 HTTP/1.1" 200 64
190.171.143.90 - - [09/May/2023:11:56:35 -0300] "GET /cormun/servlet/solicitudot?36117f9a3f3202269638e30212a7fcdc1a9d195b1da9ce2391803aa8a9fcf3db78800110a9ac50ab2d67b5e0c19f3e46e7c1535b9df6e2974e56dec7eb71dd1937a8e158e9ba60c5d2ac4a1c7c710a86aacad2687d8c21099ca597a20bd9a0bc8fee59a76b53056d830bc55ce0ba1de748c8801b146cc975542ea89207d6754990d02f499c2de3f7e7010d55717e6f71ba1b592af4c6135632bd44f9059813a2,gx-no-cache=1683643267859 HTTP/1.1" 200 29
190.171.143.90 - - [09/May/2023:11:56:35 -0300] "GET /cormun/servlet/solicitudot?36117f9a3f3202269638e30212a7fcdcc152f851e77bbe4e66416c35d9fb63d41434455fc5b8e3defebcffe7041c0a13,gx-no-cache=1683643267938 HTTP/1.1" 200 134
190.171.143.90 - - [09/May/2023:11:56:55 -0300] "POST /cormun/servlet/solicitudot?gx-no-cache=1683643288215 HTTP/1.1" 200 1468
190.171.143.90 - - [09/May/2023:11:56:55 -0300] "GET /cormun/static/menuarrow.gif HTTP/1.1" 404 1015
190.171.143.90 - - [09/May/2023:11:57:56 -0300] "POST /cormun/servlet/solicitudot?gx-no-cache=1683643349221 HTTP/1.1" 200 1468
190.171.143.90 - - [09/May/2023:11:58:19 -0300] "POST /cormun/servlet/trlicencias?9886f1d6b8a1d432c7ef3b88681569dc,,gx-no-cache=1683643371098 HTTP/1.1" 200 101
190.171.143.90 - - [09/May/2023:11:58:19 -0300] "GET /cormun/Licencias-5489.xls HTTP/1.1" 200 8704
20.40.115.26 - - [09/May/2023:11:58:20 -0300] "GET /cormun/Licencias-5489.xls HTTP/1.1" 200 8704
190.171.143.90 - - [09/May/2023:11:59:13 -0300] "GET /cormun/servlet/hlogin HTTP/1.1" 200 1719
190.171.143.90 - - [09/May/2023:11:59:22 -0300] "POST /cormun/servlet/hlogin?5153bd1042133bf59f4d0cdd3967dee3,gx-no-cache=1683643434974 HTTP/1.1" 200 431
190.171.143.90 - - [09/May/2023:11:59:27 -0300] "POST /cormun/servlet/hlogin?5153bd1042133bf59f4d0cdd3967dee3,gx-no-cache=1683643440044 HTTP/1.1" 200 431
190.171.143.90 - - [09/May/2023:11:59:35 -0300] "POST /cormun/servlet/hlogin?5153bd1042133bf59f4d0cdd3967dee3,gx-no-cache=1683643447860 HTTP/1.1" 200 90
190.171.143.90 - - [09/May/2023:11:59:35 -0300] "GET /cormun/servlet/hpexe_link HTTP/1.1" 200 968
190.171.143.90 - - [09/May/2023:11:59:36 -0300] "GET /cormun/servlet/prcontratosol?18104139,,,,,MD, HTTP/1.1" 200 9353
190.171.143.90 - - [09/May/2023:11:59:55 -0300] "GET /cormun/servlet/hlogin HTTP/1.1" 200 1719
190.171.143.90 - - [09/May/2023:12:00:01 -0300] "POST /cormun/servlet/hlogin?5153bd1042133bf59f4d0cdd3967dee3,gx-no-cache=1683643474271 HTTP/1.1" 200 90
190.171.143.90 - - [09/May/2023:12:00:01 -0300] "GET /cormun/servlet/hpexe_link HTTP/1.1" 200 968
190.171.143.90 - - [09/May/2023:12:00:02 -0300] "GET /cormun/servlet/prcontratosol?18104139,,,,,MD, HTTP/1.1" 200 9353
190.171.143.90 - - [09/May/2023:12:00:08 -0300] "GET /cormun/servlet/hlogin HTTP/1.1" 200 1748
190.171.143.90 - - [09/May/2023:12:00:15 -0300] "POST /cormun/servlet/hlogin?5153bd1042133bf59f4d0cdd3967dee3,gx-no-cache=1683643488341 HTTP/1.1" 200 90
190.171.143.90 - - [09/May/2023:12:00:15 -0300] "GET /cormun/servlet/hpexe_link HTTP/1.1" 200 968
190.171.143.90 - - [09/May/2023:12:00:16 -0300] "GET /cormun/servlet/prcontratosol?18104139,,,,,MD, HTTP/1.1" 200 9353
190.171.143.90 - - [09/May/2023:12:00:26 -0300] "GET /cormun/servlet/solicitudot?INS,0,0,false, HTTP/1.1" 200 16157
190.171.143.90 - - [09/May/2023:12:00:26 -0300] "GET /cormun/servlet/solicitudot?INS,0,0,false, HTTP/1.1" 200 16164
190.171.143.90 - - [09/May/2023:12:00:36 -0300] "GET /cormun/servlet/trsolicitudot? HTTP/1.1" 200 9357
190.171.143.90 - - [09/May/2023:12:00:36 -0300] "GET /cormun/servlet/trsolicitudot? HTTP/1.1" 200 9348
190.171.143.90 - - [09/May/2023:12:00:40 -0300] "GET /cormun/servlet/trlicencias? HTTP/1.1" 200 11694
190.171.143.90 - - [09/May/2023:12:00:41 -0300] "GET /cormun/servlet/trlicencias? HTTP/1.1" 200 11695
190.171.143.90 - - [09/May/2023:12:00:45 -0300] "GET /cormun/static/menuarrow.gif HTTP/1.1" 404 1015
190.171.143.90 - - [09/May/2023:12:00:54 -0300] "POST /cormun/servlet/trlicencias?5153bd1042133bf59f4d0cdd3967dee3,,gx-no-cache=1683643527380 HTTP/1.1" 200 12859
190.171.143.90 - - [09/May/2023:12:02:06 -0300] "GET /cormun/static/menuarrow.gif HTTP/1.1" 404 1015
190.171.152.242 - - [09/May/2023:12:03:24 -0300] "GET /cormun/servlet/hlogin HTTP/1.1" 200 1742
190.171.143.90 - - [09/May/2023:12:03:37 -0300] "POST /cormun/servlet/solicitudot?gx-no-cache=1683643690370 HTTP/1.1" 200 41
190.171.143.90 - - [09/May/2023:12:03:49 -0300] "GET /cormun/servlet/solicitudot?36117f9a3f3202269638e30212a7fcdcd3b72fa74a85644711c74b755a5fa55217854f76970e3453720f26d1e6bbf7ce88ac639e5ef179e753300dc85ad8e3f250b82226f8afd19ffae2aeb3943514edff19b1cf57181124982d763c15ae4a92bde9c42ff14b4da57fd78c8cef07e9d4,gx-no-cache=1683643702076 HTTP/1.1" 200 110
190.171.143.90 - - [09/May/2023:12:03:50 -0300] "POST /cormun/servlet/solicitudot?gx-no-cache=1683643702165 HTTP/1.1" 200 97
190.171.143.90 - - [09/May/2023:12:04:07 -0300] "GET /cormun/servlet/solicitudot?36117f9a3f3202269638e30212a7fcdc4c33eb0920374b7ac625fb95105f0a2b85138cb9e5c7781fa678192d0d06ed74,gx-no-cache=1683643720676 HTTP/1.1" 200 134
190.171.143.90 - - [09/May/2023:12:04:23 -0300] "GET /cormun/servlet/solicitudot?36117f9a3f3202269638e30212a7fcdc4e6a82e78b7901a3fc1c138073f1a1c885138cb9e5c7781fa678192d0d06ed74,gx-no-cache=1683643736708 HTTP/1.1" 200 30
207.46.13.219 - - [09/May/2023:12:04:35 -0300] "GET /cormun/servlet/trlicencias HTTP/1.1" 200 6036
190.171.143.90 - - [09/May/2023:12:04:46 -0300] "POST /cormun/servlet/solicitudot?gx-no-cache=1683643759301 HTTP/1.1" 200 135
190.171.143.90 - - [09/May/2023:12:05:38 -0300] "POST /cormun/servlet/solicitudot?5153bd1042133bf59f4d0cdd3967dee3,INS,0,0,false,,gx-no-cache=1683643810669 HTTP/1.1" 200 13349
190.171.143.90 - - [09/May/2023:12:05:55 -0300] "GET /cormun/servlet/prcontratosol?18104139,,,,,MD,,gxPopupLevel%3D0%3B HTTP/1.1" 200 9359
190.171.143.90 - - [09/May/2023:12:06:03 -0300] "GET /cormun/servlet/solicitudot?36117f9a3f3202269638e30212a7fcdcd3b72fa74a85644711c74b755a5fa55217854f76970e3453720f26d1e6bbf7ce88ac639e5ef179e753300dc85ad8e3f250b82226f8afd19ffae2aeb3943514edff19b1cf57181124982d763c15ae4a92bde9c42ff14b4da57fd78c8cef07e9d4,gx-no-cache=1683643836518 HTTP/1.1" 200 110
190.171.143.90 - - [09/May/2023:12:06:03 -0300] "GET /cormun/servlet/solicitudot?36117f9a3f3202269638e30212a7fcdcc152f851e77bbe4e66416c35d9fb63d4a5e429593321ae815a8495c77f117ed0,gx-no-cache=1683643836539 HTTP/1.1" 200 134
190.171.143.90 - - [09/May/2023:12:06:48 -0300] "GET /cormun/servlet/solicitudot?36117f9a3f3202269638e30212a7fcdc4e6a82e78b7901a3fc1c138073f1a1c885138cb9e5c7781fa678192d0d06ed74,gx-no-cache=1683643881069 HTTP/1.1" 200 30
190.171.143.90 - - [09/May/2023:12:07:04 -0300] "POST /cormun/servlet/solicitudot?gx-no-cache=1683643897614 HTTP/1.1" 200 135
190.171.143.90 - - [09/May/2023:12:07:05 -0300] "POST /cormun/servlet/solicitudot?5153bd1042133bf59f4d0cdd3967dee3,INS,0,0,false,,gx-no-cache=1683643897683 HTTP/1.1" 200 13422
190.171.143.90 - - [09/May/2023:12:08:12 -0300] "GET /cormun/servlet/prcontratosol?18104139,,,,,MD,,gxPopupLevel%3D0%3B HTTP/1.1" 200 9359
190.171.149.74 - - [09/May/2023:12:08:21 -0300] "POST /cormun/servlet/trpermisosgoce?925b9b0b49a9500af3965904e8f86c8d,gx-no-cache=1683643967908 HTTP/1.1" 440 972
190.171.149.74 - - [09/May/2023:12:08:23 -0300] "GET /cormun/servlet/trpermisosgoce HTTP/1.1" 200 6019
190.171.149.74 - - [09/May/2023:12:08:23 -0300] "GET /cormun/servlet/hlogin HTTP/1.1" 200 1733
190.171.149.74 - - [09/May/2023:12:08:23 -0300] "GET /cormun/servlet/trpermisosgoce HTTP/1.1" 200 6019
190.171.149.74 - - [09/May/2023:12:08:28 -0300] "POST /cormun/servlet/hlogin?49329dbd8c277b39379858eed209bdc2,gx-no-cache=1683643974813 HTTP/1.1" 200 90
190.171.149.74 - - [09/May/2023:12:08:28 -0300] "GET /cormun/servlet/hpexe_link HTTP/1.1" 200 950
190.171.149.74 - - [09/May/2023:12:08:29 -0300] "GET /cormun/servlet/trpermisosgoce HTTP/1.1" 200 13359
190.171.149.74 - - [09/May/2023:12:08:29 -0300] "GET /cormun/servlet/trpermisosgoce HTTP/1.1" 200 13369
190.171.143.90 - - [09/May/2023:12:08:30 -0300] "GET /cormun/servlet/solicitudot?36117f9a3f3202269638e30212a7fcdcd3b72fa74a85644711c74b755a5fa55217854f76970e3453720f26d1e6bbf7ce88ac639e5ef179e753300dc85ad8e3f250b82226f8afd19ffae2aeb3943514edff19b1cf57181124982d763c15ae4a92bde9c42ff14b4da57fd78c8cef07e9d4,gx-no-cache=1683643983167 HTTP/1.1" 200 110
190.171.143.90 - - [09/May/2023:12:08:30 -0300] "GET /cormun/servlet/solicitudot?36117f9a3f3202269638e30212a7fcdcc9d145438bb0dd3d39b7dacfbba1d0c07412bda9d5bc35e95785feb9aee6230b,gx-no-cache=1683643983187 HTTP/1.1" 200 134
190.171.149.74 - - [09/May/2023:12:08:32 -0300] "GET /cormun/servlet/trlicencias? HTTP/1.1" 200 11283
190.171.149.74 - - [09/May/2023:12:08:33 -0300] "GET /cormun/servlet/trlicencias? HTTP/1.1" 200 11295
190.171.143.90 - - [09/May/2023:12:08:54 -0300] "GET /cormun/servlet/solicitudot?36117f9a3f3202269638e30212a7fcdc4e6a82e78b7901a3fc1c138073f1a1c885138cb9e5c7781fa678192d0d06ed74,gx-no-cache=1683644007244 HTTP/1.1" 200 30
190.171.141.106 - - [09/May/2023:12:09:50 -0300] "GET /cormun/servlet/trpermisosingoceautorizar? HTTP/1.1" 200 5882
190.171.141.106 - - [09/May/2023:12:09:50 -0300] "GET /cormun/static/Shared/ext/resources/css/ext-all.css?205870 HTTP/1.1" 200 416045
190.171.141.106 - - [09/May/2023:12:09:50 -0300] "GET /cormun/static/calendar-system.css?75620 HTTP/1.1" 200 5572
190.171.141.106 - - [09/May/2023:12:09:50 -0300] "GET /cormun/static/gxui/gxui-all.css?110300 HTTP/1.1" 200 2179
190.171.141.106 - - [09/May/2023:12:09:50 -0300] "GET /cormun/static/gxcfg.js?20199142052090 HTTP/1.1" 200 953
190.171.141.106 - - [09/May/2023:12:09:50 -0300] "GET /cormun/static/Resources/Spanish/PXTools.css?19172979 HTTP/1.1" 200 100853
190.171.141.106 - - [09/May/2023:12:09:50 -0300] "GET /cormun/static/trpermisosingoceautorizar.js?20199142052670 HTTP/1.1" 200 32551
190.171.141.106 - - [09/May/2023:12:09:51 -0300] "GET /cormun/servlet/hlogin HTTP/1.1" 200 1748
190.171.141.106 - - [09/May/2023:12:09:51 -0300] "GET /cormun/servlet/trpermisosingoceautorizar? HTTP/1.1" 200 5880
190.171.141.106 - - [09/May/2023:12:09:54 -0300] "POST /cormun/servlet/hlogin?1a141054af3858cda25511da71ae3b9a,gx-no-cache=1683644400184 HTTP/1.1" 200 90
190.171.141.106 - - [09/May/2023:12:09:54 -0300] "GET /cormun/servlet/hpexe_link HTTP/1.1" 200 967
190.171.141.106 - - [09/May/2023:12:09:54 -0300] "GET /cormun/servlet/trpermisosingoceautorizar HTTP/1.1" 200 6779
190.171.141.106 - - [09/May/2023:12:09:54 -0300] "GET /cormun/servlet/trpermisosingoceautorizar HTTP/1.1" 200 6777
190.171.141.106 - - [09/May/2023:12:09:55 -0300] "POST /cormun/servlet/acontrolpreferencessavestate?None,JDESRIVIERS,true HTTP/1.1" 200 35
190.171.142.26 - - [09/May/2023:12:10:05 -0300] "GET /cormun/servlet/hlogin HTTP/1.1" 200 1723
190.171.143.90 - - [09/May/2023:12:10:10 -0300] "POST /cormun/servlet/solicitudot?gx-no-cache=1683644082961 HTTP/1.1" 200 32
190.171.143.90 - - [09/May/2023:12:10:10 -0300] "POST /cormun/servlet/solicitudot?5153bd1042133bf59f4d0cdd3967dee3,INS,0,0,false,,gx-no-cache=1683644083028 HTTP/1.1" 200 93
190.171.143.90 - - [09/May/2023:12:10:10 -0300] "GET /cormun/servlet/hpexe_return? HTTP/1.1" 200 1012
190.171.143.90 - - [09/May/2023:12:10:10 -0300] "GET /cormun/servlet/trlicencias? HTTP/1.1" 200 15004
190.171.142.26 - - [09/May/2023:12:10:11 -0300] "POST /cormun/servlet/hlogin?9264181f40dd328fa20328bdc8cd77f6,gx-no-cache=1683644082848 HTTP/1.1" 200 90
190.171.142.26 - - [09/May/2023:12:10:11 -0300] "GET /cormun/servlet/hpexe_link HTTP/1.1" 200 953
190.171.142.26 - - [09/May/2023:12:10:11 -0300] "GET /cormun/servlet/hhome HTTP/1.1" 200 3984
190.171.143.90 - - [09/May/2023:12:10:11 -0300] "GET /cormun/servlet/trlicencias? HTTP/1.1" 200 14994
190.171.142.26 - - [09/May/2023:12:10:11 -0300] "GET /cormun/servlet/hhome HTTP/1.1" 200 3981
190.171.141.106 - - [09/May/2023:12:10:14 -0300] "POST /cormun/servlet/trpermisosingoceautorizar?1a141054af3858cda25511da71ae3b9a,gx-no-cache=1683644420057 HTTP/1.1" 200 4990
190.171.142.26 - - [09/May/2023:12:10:16 -0300] "GET /cormun/servlet/trlicencias? HTTP/1.1" 200 14108
190.171.142.26 - - [09/May/2023:12:10:17 -0300] "GET /cormun/servlet/trlicencias? HTTP/1.1" 200 14116
190.171.144.234 - - [09/May/2023:12:10:17 -0300] "GET /cormun/servlet/hlogin HTTP/1.1" 200 1724
190.171.143.90 - - [09/May/2023:12:10:17 -0300] "GET /cormun/servlet/trsolicitudot? HTTP/1.1" 200 9794
190.171.143.90 - - [09/May/2023:12:10:18 -0300] "GET /cormun/servlet/trsolicitudot? HTTP/1.1" 200 9794
190.171.144.234 - - [09/May/2023:12:10:22 -0300] "POST /cormun/servlet/hlogin?cc9c355eff06927fc77f7c14999cd62d,gx-no-cache=1683644092699 HTTP/1.1" 200 90
190.171.144.234 - - [09/May/2023:12:10:22 -0300] "GET /cormun/servlet/hpexe_link HTTP/1.1" 200 955
190.171.144.234 - - [09/May/2023:12:10:23 -0300] "GET /cormun/servlet/hhome HTTP/1.1" 200 3994
190.171.144.234 - - [09/May/2023:12:10:23 -0300] "GET /cormun/servlet/hhome HTTP/1.1" 200 3990
190.171.143.90 - - [09/May/2023:12:10:23 -0300] "GET /cormun/servlet/solicitudot?INS,0,0,false, HTTP/1.1" 200 16157
190.171.143.90 - - [09/May/2023:12:10:24 -0300] "GET /cormun/servlet/solicitudot?INS,0,0,false, HTTP/1.1" 200 16164
190.171.144.234 - - [09/May/2023:12:10:26 -0300] "GET /cormun/servlet/trlicencias? HTTP/1.1" 200 9923
190.171.144.234 - - [09/May/2023:12:10:26 -0300] "GET /cormun/servlet/trlicencias? HTTP/1.1" 200 9918
190.171.143.90 - - [09/May/2023:12:10:40 -0300] "POST /cormun/servlet/solicitudot?gx-no-cache=1683644113021 HTTP/1.1" 200 4067
190.171.143.90 - - [09/May/2023:12:10:40 -0300] "POST /cormun/servlet/solicitudot?5153bd1042133bf59f4d0cdd3967dee3,INS,0,0,false,,gx-no-cache=1683644113202 HTTP/1.1" 200 12913
190.171.143.90 - - [09/May/2023:12:10:53 -0300] "GET /cormun/servlet/solicitudot?36117f9a3f3202269638e30212a7fcdc45fde74904f7bfb1e91dd9ae0ac9fe3d94b9f06d2f6e6f10deee3643fdc068e3,gx-no-cache=1683644126174 HTTP/1.1" 200 30
190.171.143.90 - - [09/May/2023:12:11:09 -0300] "GET /cormun/servlet/solicitudot?36117f9a3f3202269638e30212a7fcdcc03c18b379a6216248af63ebff3f204311f670d595e1dbdae9b3c59033f58ccefaa857d260a080c9c6ef2fb245ea143d,gx-no-cache=1683644142391 HTTP/1.1" 200 30
190.171.143.90 - - [09/May/2023:12:11:09 -0300] "GET /cormun/servlet/solicitudot?36117f9a3f3202269638e30212a7fcdc1222ebbb6ce1ac133c717cad61a8c226,gx-no-cache=1683644142420 HTTP/1.1" 200 53
190.171.143.90 - - [09/May/2023:12:11:09 -0300] "POST /cormun/servlet/solicitudot?gx-no-cache=1683644142456 HTTP/1.1" 200 255
190.171.143.90 - - [09/May/2023:12:11:09 -0300] "GET /cormun/servlet/solicitudot?36117f9a3f3202269638e30212a7fcdcbe2fe9a06ba86c691bbaa26c1ea16400e865805a409723a5a65e73f856b89d552523965277fd0546c278c2796f1ad4af2c48670944e1ebb6a8663530968d1d94dc68b9fd59164ee54db87dbbbbf4d20b27ff4f1e83c982804c9fd5b447f4f25fd27e811998d24eb17f3d3715a23d741a1f59f521f9c2a1599fc0f148ba65268aa6d2764dfd23138bc4a7bf10c6c68cf46aa6b610fcf9bc690ae6075241506a7b9a3c5aa16f2c5573ee520c1938a7b4661791c850d09e9e91c659833845cc10e3a59d6d947bbeb42829cddfa6a40dd9300ce60c0cf6197e630b0f78e7ec9e930677039c1c5d8a8afba6e651ce303b26841ad5a50f54f75abe913ae80b38aaeda3e9c3b47c7c8c802f2fb3b23f20e0aa9d767e6e3d49ad9a07cb2d69e19f17a1241069fcb3d7576c31eec616c972920dc0122e81fb58e43321226ba31504c193f6fd1261d317981834052e203474424d7fa54f07990670cfd05b4591c6ee162d1ea88ff9a6300fca062e7547188379ea88,gx-no-cache=1683644142484 HTTP/1.1" 200 30
190.171.141.106 - - [09/May/2023:12:11:12 -0300] "POST /cormun/servlet/trpermisosingoceautorizar?1a141054af3858cda25511da71ae3b9a,gx-no-cache=1683644477779 HTTP/1.1" 200 4094
190.171.143.90 - - [09/May/2023:12:11:14 -0300] "POST /cormun/servlet/solicitudot?gx-no-cache=1683644147398 HTTP/1.1" 200 30
190.171.141.106 - - [09/May/2023:12:11:27 -0300] "POST /cormun/servlet/trpermisosingoceautorizar?1a141054af3858cda25511da71ae3b9a,gx-no-cache=1683644492890 HTTP/1.1" 200 4991
190.171.143.90 - - [09/May/2023:12:11:40 -0300] "GET /cormun/servlet/prcontratosol?14204410,,,,,MD,,gxPopupLevel%3D0%3B HTTP/1.1" 200 9122
190.171.143.90 - - [09/May/2023:12:11:46 -0300] "GET /cormun/servlet/solicitudot?36117f9a3f3202269638e30212a7fcdc13b8f19f1f800a32d72330825deed1cc3c3a486b163f7cffbc7eaa09a42fb1f97a6bb11f1ff4642a0e2d930c7ab65546dae0025d425495c9dbfd5d3503485446,gx-no-cache=1683644179497 HTTP/1.1" 200 30
190.171.143.90 - - [09/May/2023:12:11:46 -0300] "POST /cormun/servlet/solicitudot?gx-no-cache=1683644179517 HTTP/1.1" 200 256
190.171.143.90 - - [09/May/2023:12:11:46 -0300] "GET /cormun/servlet/solicitudot?36117f9a3f3202269638e30212a7fcdcbe2fe9a06ba86c691bbaa26c1ea16400e865805a409723a5a65e73f856b89d552523965277fd0546c278c2796f1ad4af2c48670944e1ebb6a8663530968d1d94dc68b9fd59164ee54db87dbbbbf4d20b27ff4f1e83c982804c9fd5b447f4f25fd27e811998d24eb17f3d3715a23d741a1f59f521f9c2a1599fc0f148ba65268aa6d2764dfd23138bc4a7bf10c6c68cf46aa6b610fcf9bc690ae6075241506a7b9a3c5aa16f2c5573ee520c1938a7b4661791c850d09e9e91c659833845cc10e3a59d6d947bbeb42829cddfa6a40dd9300ce60c0cf6197e630b0f78e7ec9e930677039c1c5d8a8afba6e651ce303b26841ad5a50f54f75abe913ae80b38aaeda3e9c3b47c7c8c802f2fb3b23f20e0aa9d767e6e3d49ad9a07cb2d69e19f17a1241069fcb3d7576c31eec616c972920dc0122e81fb58e43321226ba31504c193f6fd1261d317981834052e203474424d7fa54f07990670cfd05b4591c6ee162d1ee54c8e0bca6cb828d6caa4a27b692837,gx-no-cache=1683644179543 HTTP/1.1" 200 30
190.171.143.90 - - [09/May/2023:12:11:46 -0300] "POST /cormun/servlet/solicitudot?gx-no-cache=1683644179564 HTTP/1.1" 200 30
190.171.143.90 - - [09/May/2023:12:11:46 -0300] "POST /cormun/servlet/solicitudot?gx-no-cache=1683644179587 HTTP/1.1" 200 1551
190.171.143.90 - - [09/May/2023:12:11:46 -0300] "GET /cormun/static/Shared/jqueryui/images/ui-bg_highlight-soft_100_c6c2c8_1x100.png HTTP/1.1" 404 1117
190.171.143.90 - - [09/May/2023:12:11:46 -0300] "GET /cormun/static/Shared/jqueryui/images/ui-bg_flat_55_994d53_40x100.png HTTP/1.1" 404 1097
190.171.143.90 - - [09/May/2023:12:11:46 -0300] "GET /cormun/static/Shared/jqueryui/images/ui-icons_82798d_256x240.png HTTP/1.1" 404 1089
190.171.143.90 - - [09/May/2023:12:11:46 -0300] "GET /cormun/static/Shared/jqueryui/images/ui-icons_ebccce_256x240.png HTTP/1.1" 404 1089
190.171.143.90 - - [09/May/2023:12:11:46 -0300] "POST /cormun/servlet/solicitudot?gx-no-cache=1683644179624 HTTP/1.1" 200 117
190.171.143.90 - - [09/May/2023:12:11:46 -0300] "GET /cormun/servlet/solicitudot?36117f9a3f3202269638e30212a7fcdcd3b72fa74a85644711c74b755a5fa55217854f76970e3453720f26d1e6bbf7ce88ac639e5ef179e753300dc85ad8e3f250b82226f8afd19ffae2aeb3943514edff19b1cf57181124982d763c15ae4a92bde9c42ff14b4da57fd78c8cef07e9d4,gx-no-cache=1683644179646 HTTP/1.1" 200 110
190.171.143.90 - - [09/May/2023:12:11:46 -0300] "POST /cormun/servlet/solicitudot?gx-no-cache=1683644179677 HTTP/1.1" 200 64
190.171.143.90 - - [09/May/2023:12:11:46 -0300] "GET /cormun/servlet/solicitudot?36117f9a3f3202269638e30212a7fcdc1a9d195b1da9ce2391803aa8a9fcf3db78800110a9ac50ab2d67b5e0c19f3e46e7c1535b9df6e2974e56dec7eb71dd1937a8e158e9ba60c5d2ac4a1c7c710a86aacad2687d8c21099ca597a20bd9a0bc8fee59a76b53056d830bc55ce0ba1de748c8801b146cc975542ea89207d6754990d02f499c2de3f7e7010d55717e6f71ba1b592af4c6135632bd44f9059813a2,gx-no-cache=1683644179704 HTTP/1.1" 200 29
190.171.143.90 - - [09/May/2023:12:11:46 -0300] "GET /cormun/servlet/solicitudot?36117f9a3f3202269638e30212a7fcdcacedcf4d22a79f44ed76a25bbc54be131434455fc5b8e3defebcffe7041c0a13,gx-no-cache=1683644179725 HTTP/1.1" 200 134
190.171.143.90 - - [09/May/2023:12:12:30 -0300] "POST /cormun/servlet/solicitudot?gx-no-cache=1683644222900 HTTP/1.1" 200 1468
190.171.143.90 - - [09/May/2023:12:12:30 -0300] "GET /cormun/static/menuarrow.gif HTTP/1.1" 404 1015
190.171.141.106 - - [09/May/2023:12:12:36 -0300] "GET /cormun/servlet/trvisualizadoreventos? HTTP/1.1" 200 6959
190.171.141.106 - - [09/May/2023:12:12:36 -0300] "GET /cormun/servlet/trvisualizadoreventos? HTTP/1.1" 200 6959
190.171.143.90 - - [09/May/2023:12:12:46 -0300] "POST /cormun/servlet/solicitudot?gx-no-cache=1683644239531 HTTP/1.1" 200 41
190.171.143.90 - - [09/May/2023:12:12:46 -0300] "GET /cormun/servlet/solicitudot?36117f9a3f3202269638e30212a7fcdcd3b72fa74a85644711c74b755a5fa55217854f76970e3453720f26d1e6bbf7ce88ac639e5ef179e753300dc85ad8e3f250b82226f8afd19ffae2aeb3943514edff19b1cf57181124982d763c15ae4a92bde9c42ff14b4da57fd78c8cef07e9d4,gx-no-cache=1683644239563 HTTP/1.1" 200 110
190.171.143.90 - - [09/May/2023:12:12:46 -0300] "POST /cormun/servlet/solicitudot?gx-no-cache=1683644239591 HTTP/1.1" 200 97
190.171.141.106 - - [09/May/2023:12:13:00 -0300] "POST /cormun/servlet/trvisualizadoreventos?1a141054af3858cda25511da71ae3b9a,,gx-no-cache=1683644586451 HTTP/1.1" 200 4316
190.171.141.106 - - [09/May/2023:12:13:02 -0300] "POST /cormun/servlet/trvisualizadoreventos?1a141054af3858cda25511da71ae3b9a,,gx-no-cache=1683644588042 HTTP/1.1" 200 4316
190.171.143.90 - - [09/May/2023:12:13:10 -0300] "GET /cormun/servlet/solicitudot?36117f9a3f3202269638e30212a7fcdc198ebe43891c5c5d708a1a13651ac76c85138cb9e5c7781fa678192d0d06ed74,gx-no-cache=1683644263299 HTTP/1.1" 200 30
190.171.141.106 - - [09/May/2023:12:13:10 -0300] "POST /cormun/servlet/trvisualizadoreventos?1a141054af3858cda25511da71ae3b9a,,gx-no-cache=1683644595778 HTTP/1.1" 200 4320
190.171.141.106 - - [09/May/2023:12:13:21 -0300] "POST /cormun/servlet/trvisualizadoreventos?1a141054af3858cda25511da71ae3b9a,,gx-no-cache=1683644606913 HTTP/1.1" 200 4322
190.171.143.90 - - [09/May/2023:12:13:25 -0300] "POST /cormun/servlet/solicitudot?gx-no-cache=1683644278020 HTTP/1.1" 200 32
200.54.107.2 - - [09/May/2023:12:14:14 -0300] "GET /cormun/servlet/trcontratosolicitud? HTTP/1.1" 200 5673
200.54.107.2 - - [09/May/2023:12:14:14 -0300] "GET /cormun/static/gxcfg.js?202211298514361 HTTP/1.1" 200 953
200.54.107.2 - - [09/May/2023:12:14:14 -0300] "GET /cormun/static/trcontratosolicitud.js?202211298514531 HTTP/1.1" 200 28237
190.171.143.90 - - [09/May/2023:12:14:14 -0300] "POST /cormun/servlet/solicitudot?5153bd1042133bf59f4d0cdd3967dee3,INS,0,0,false,,gx-no-cache=1683644327131 HTTP/1.1" 200 93
190.171.143.90 - - [09/May/2023:12:14:14 -0300] "GET /cormun/servlet/hpexe_return? HTTP/1.1" 200 1007
190.171.143.90 - - [09/May/2023:12:14:14 -0300] "GET /cormun/servlet/trsolicitudot HTTP/1.1" 200 10137
200.54.107.2 - - [09/May/2023:12:14:14 -0300] "GET /cormun/servlet/hlogin HTTP/1.1" 200 1737
200.54.107.2 - - [09/May/2023:12:14:15 -0300] "GET /cormun/servlet/trcontratosolicitud? HTTP/1.1" 200 5670
190.171.143.90 - - [09/May/2023:12:14:15 -0300] "GET /cormun/servlet/trsolicitudot HTTP/1.1" 200 10133
200.54.107.2 - - [09/May/2023:12:14:18 -0300] "POST /cormun/servlet/hlogin?7d9894971ffd7bbece79fa592373077f,gx-no-cache=1683644330610 HTTP/1.1" 200 90
200.54.107.2 - - [09/May/2023:12:14:18 -0300] "GET /cormun/servlet/hpexe_link HTTP/1.1" 200 955
200.54.107.2 - - [09/May/2023:12:14:19 -0300] "GET /cormun/servlet/trcontratosolicitud HTTP/1.1" 200 14714
200.54.107.2 - - [09/May/2023:12:14:19 -0300] "GET /cormun//static/Resources/PXToolsGridNew.png HTTP/1.1" 200 427
200.54.107.2 - - [09/May/2023:12:14:19 -0300] "GET /cormun/servlet/trcontratosolicitud HTTP/1.1" 200 14670
190.171.143.90 - - [09/May/2023:12:14:28 -0300] "POST /cormun/servlet/trsolicitudot?5153bd1042133bf59f4d0cdd3967dee3,gx-no-cache=1683644341156 HTTP/1.1" 200 6944
190.171.143.90 - - [09/May/2023:12:14:28 -0300] "GET /cormun/static/Shared/jqueryui/images/ui-icons_82798d_256x240.png HTTP/1.1" 404 1089
190.171.143.90 - - [09/May/2023:12:14:28 -0300] "GET /cormun/static/Shared/jqueryui/images/ui-bg_highlight-soft_100_c6c2c8_1x100.png HTTP/1.1" 404 1117
190.171.143.90 - - [09/May/2023:12:14:28 -0300] "GET /cormun/static/Shared/jqueryui/images/ui-icons_8d78a5_256x240.png HTTP/1.1" 404 1089
190.171.143.90 - - [09/May/2023:12:14:28 -0300] "GET /cormun/static/Shared/jqueryui/images/ui-bg_flat_55_fafafa_40x100.png HTTP/1.1" 404 1097
190.171.143.90 - - [09/May/2023:12:14:28 -0300] "POST /cormun/servlet/trsolicitudot?5153bd1042133bf59f4d0cdd3967dee3,gx-no-cache=1683644341373 HTTP/1.1" 200 6888
190.171.143.90 - - [09/May/2023:12:14:30 -0300] "POST /cormun/servlet/trsolicitudot?5153bd1042133bf59f4d0cdd3967dee3,gx-no-cache=1683644342844 HTTP/1.1" 200 6525
190.171.143.90 - - [09/May/2023:12:14:30 -0300] "POST /cormun/servlet/trsolicitudot?5153bd1042133bf59f4d0cdd3967dee3,gx-no-cache=1683644343059 HTTP/1.1" 200 6469
190.171.143.90 - - [09/May/2023:12:14:31 -0300] "POST /cormun/servlet/trsolicitudot?5153bd1042133bf59f4d0cdd3967dee3,gx-no-cache=1683644344607 HTTP/1.1" 200 6118
190.171.143.90 - - [09/May/2023:12:14:32 -0300] "POST /cormun/servlet/trsolicitudot?5153bd1042133bf59f4d0cdd3967dee3,gx-no-cache=1683644344807 HTTP/1.1" 200 6063
190.171.143.90 - - [09/May/2023:12:14:38 -0300] "POST /cormun/servlet/trsolicitudot?5153bd1042133bf59f4d0cdd3967dee3,gx-no-cache=1683644351150 HTTP/1.1" 200 4868
190.171.143.90 - - [09/May/2023:12:14:38 -0300] "POST /cormun/servlet/trsolicitudot?5153bd1042133bf59f4d0cdd3967dee3,gx-no-cache=1683644351324 HTTP/1.1" 200 4611
190.171.143.90 - - [09/May/2023:12:14:42 -0300] "GET /cormun/servlet/trautorizarsolicitud? HTTP/1.1" 200 10027
190.171.143.90 - - [09/May/2023:12:14:42 -0300] "GET /cormun/servlet/trautorizarsolicitud? HTTP/1.1" 200 10027
190.171.143.90 - - [09/May/2023:12:14:47 -0300] "POST /cormun/servlet/trautorizarsolicitud?5153bd1042133bf59f4d0cdd3967dee3,,gx-no-cache=1683644360489 HTTP/1.1" 200 6865
190.171.143.90 - - [09/May/2023:12:14:47 -0300] "GET /cormun/static/Shared/jqueryui/images/ui-icons_82798d_256x240.png HTTP/1.1" 404 1089
190.171.143.90 - - [09/May/2023:12:14:47 -0300] "GET /cormun/static/Shared/jqueryui/images/ui-bg_highlight-soft_100_c6c2c8_1x100.png HTTP/1.1" 404 1117
190.171.143.90 - - [09/May/2023:12:14:47 -0300] "GET /cormun/static/Shared/jqueryui/images/ui-bg_flat_55_fafafa_40x100.png HTTP/1.1" 404 1097
190.171.143.90 - - [09/May/2023:12:14:47 -0300] "GET /cormun/static/Shared/jqueryui/images/ui-icons_8d78a5_256x240.png HTTP/1.1" 404 1089
190.171.143.90 - - [09/May/2023:12:14:48 -0300] "POST /cormun/servlet/trautorizarsolicitud?5153bd1042133bf59f4d0cdd3967dee3,,gx-no-cache=1683644360722 HTTP/1.1" 200 6811
190.171.143.90 - - [09/May/2023:12:14:49 -0300] "POST /cormun/servlet/trautorizarsolicitud?5153bd1042133bf59f4d0cdd3967dee3,,gx-no-cache=1683644361918 HTTP/1.1" 200 6446
190.171.143.90 - - [09/May/2023:12:14:49 -0300] "POST /cormun/servlet/trautorizarsolicitud?5153bd1042133bf59f4d0cdd3967dee3,,gx-no-cache=1683644362115 HTTP/1.1" 200 6394
190.171.143.90 - - [09/May/2023:12:14:50 -0300] "POST /cormun/servlet/trautorizarsolicitud?5153bd1042133bf59f4d0cdd3967dee3,,gx-no-cache=1683644363326 HTTP/1.1" 200 6038
190.171.143.90 - - [09/May/2023:12:14:50 -0300] "POST /cormun/servlet/trautorizarsolicitud?5153bd1042133bf59f4d0cdd3967dee3,,gx-no-cache=1683644363500 HTTP/1.1" 200 5983
190.171.143.90 - - [09/May/2023:12:14:52 -0300] "POST /cormun/servlet/trautorizarsolicitud?5153bd1042133bf59f4d0cdd3967dee3,,gx-no-cache=1683644364692 HTTP/1.1" 200 4794
190.171.143.90 - - [09/May/2023:12:14:52 -0300] "POST /cormun/servlet/trautorizarsolicitud?5153bd1042133bf59f4d0cdd3967dee3,,gx-no-cache=1683644364972 HTTP/1.1" 200 4538
190.171.143.90 - - [09/May/2023:12:14:59 -0300] "GET /cormun/servlet/trvisualizadoreventos? HTTP/1.1" 200 7089
190.171.143.90 - - [09/May/2023:12:14:59 -0300] "GET /cormun/servlet/trvisualizadoreventos? HTTP/1.1" 200 7089
190.171.143.90 - - [09/May/2023:12:15:11 -0300] "GET /cormun/servlet/trsolicitudot? HTTP/1.1" 200 7527
190.171.143.90 - - [09/May/2023:12:15:11 -0300] "GET /cormun/servlet/trsolicitudot? HTTP/1.1" 200 7527
190.171.143.90 - - [09/May/2023:12:15:23 -0300] "GET /cormun/servlet/trvisualizadoreventos? HTTP/1.1" 200 7098
190.171.143.90 - - [09/May/2023:12:15:23 -0300] "GET /cormun/servlet/trvisualizadoreventos? HTTP/1.1" 200 7096
190.171.141.106 - - [09/May/2023:12:15:26 -0300] "GET /cormun/servlet/trsolicitudot? HTTP/1.1" 200 7404
190.171.141.106 - - [09/May/2023:12:15:26 -0300] "GET /cormun/static/gxcfg.js?20221129846531 HTTP/1.1" 200 953
190.171.141.106 - - [09/May/2023:12:15:26 -0300] "GET /cormun/static/trsolicitudot.js?202211298465651 HTTP/1.1" 200 54040
190.171.141.106 - - [09/May/2023:12:15:26 -0300] "GET /cormun/servlet/trsolicitudot? HTTP/1.1" 200 7404
190.171.143.90 - - [09/May/2023:12:15:28 -0300] "GET /cormun/static/menuarrow.gif HTTP/1.1" 404 1015
190.171.141.106 - - [09/May/2023:12:15:33 -0300] "POST /cormun/servlet/trsolicitudot?1a141054af3858cda25511da71ae3b9a,,gx-no-cache=1683644739258 HTTP/1.1" 200 8575
190.171.149.74 - - [09/May/2023:12:15:37 -0300] "GET /cormun/servlet/trpermisosgoce? HTTP/1.1" 200 13387
190.171.149.74 - - [09/May/2023:12:15:38 -0300] "GET /cormun/servlet/trpermisosgoce? HTTP/1.1" 200 13371
190.171.149.74 - - [09/May/2023:12:15:39 -0300] "GET /cormun/servlet/permisogoce?INS,0,,, HTTP/1.1" 200 6839
190.171.149.74 - - [09/May/2023:12:15:39 -0300] "GET /cormun/servlet/permisogoce?INS,0,,, HTTP/1.1" 200 6838
190.171.149.74 - - [09/May/2023:12:15:45 -0300] "GET /cormun/servlet/permisogoce?d304727f2104a329e402763b459df339eaf5f77f51518475cfa902feacf4dc6009581995d63da4ce1fd7afbfc47391dd92e3a77c4c4e4ed876bc0566dfeebaf0,gx-no-cache=1683644411485 HTTP/1.1" 200 86
190.171.149.74 - - [09/May/2023:12:15:49 -0300] "GET /cormun/static/menuarrow.gif HTTP/1.1" 404 1015
190.171.149.74 - - [09/May/2023:12:15:54 -0300] "GET /cormun/servlet/permisogoce?d304727f2104a329e402763b459df33928274c68c81f858f090bad0a1ca944de59c598710ad100b7ac2f23da139c38c3d00eb59928111897404976609a085ddd,gx-no-cache=1683644421002 HTTP/1.1" 200 49
190.171.149.74 - - [09/May/2023:12:15:57 -0300] "POST /cormun/servlet/permisogoce?49329dbd8c277b39379858eed209bdc2,INS,0,,,,gx-no-cache=1683644423538 HTTP/1.1" 200 93
190.171.149.74 - - [09/May/2023:12:15:57 -0300] "GET /cormun/servlet/hpexe_return? HTTP/1.1" 200 1004
190.171.149.74 - - [09/May/2023:12:15:58 -0300] "GET /cormun/servlet/trpermisosgoce HTTP/1.1" 200 13560
190.171.149.74 - - [09/May/2023:12:15:58 -0300] "GET /cormun/servlet/trpermisosgoce HTTP/1.1" 200 13532
190.171.141.106 - - [09/May/2023:12:16:00 -0300] "POST /cormun/servlet/trsolicitudot?1a141054af3858cda25511da71ae3b9a,,gx-no-cache=1683644765604 HTTP/1.1" 200 15715
190.171.149.74 - - [09/May/2023:12:16:00 -0300] "GET /cormun/servlet/apermisogoceprn?12515426,P,20230509105933,PU HTTP/1.1" 200 1660
190.171.143.90 - - [09/May/2023:12:16:02 -0300] "POST /cormun/servlet/trvisualizadoreventos?5153bd1042133bf59f4d0cdd3967dee3,,gx-no-cache=1683644434947 HTTP/1.1" 200 4301
190.171.143.90 - - [09/May/2023:12:16:16 -0300] "POST /cormun/servlet/trvisualizadoreventos?5153bd1042133bf59f4d0cdd3967dee3,,gx-no-cache=1683644448894 HTTP/1.1" 200 4303
190.171.141.106 - - [09/May/2023:12:16:26 -0300] "POST /cormun/servlet/trsolicitudot?1a141054af3858cda25511da71ae3b9a,,gx-no-cache=1683644791732 HTTP/1.1" 200 4649
190.171.143.90 - - [09/May/2023:12:16:31 -0300] "POST /cormun/servlet/trvisualizadoreventos?5153bd1042133bf59f4d0cdd3967dee3,,gx-no-cache=1683644464293 HTTP/1.1" 200 5872
190.171.141.106 - - [09/May/2023:12:16:34 -0300] "GET /cormun/servlet/trreportecargahoraria? HTTP/1.1" 200 6765
190.171.141.106 - - [09/May/2023:12:16:34 -0300] "GET /cormun/servlet/trreportecargahoraria? HTTP/1.1" 200 6765
190.171.143.90 - - [09/May/2023:12:16:44 -0300] "POST /cormun/servlet/trvisualizadoreventos?5153bd1042133bf59f4d0cdd3967dee3,,gx-no-cache=1683644477230 HTTP/1.1" 200 5861
190.171.141.106 - - [09/May/2023:12:16:48 -0300] "POST /cormun/servlet/trreportecargahoraria?1a141054af3858cda25511da71ae3b9a,,gx-no-cache=1683644814354 HTTP/1.1" 200 4236
190.171.141.106 - - [09/May/2023:12:16:56 -0300] "POST /cormun/servlet/trreportecargahoraria?1a141054af3858cda25511da71ae3b9a,,gx-no-cache=1683644822314 HTTP/1.1" 200 4234
190.171.143.90 - - [09/May/2023:12:16:58 -0300] "POST /cormun/servlet/trvisualizadoreventos?5153bd1042133bf59f4d0cdd3967dee3,,gx-no-cache=1683644491502 HTTP/1.1" 200 5213
190.171.141.106 - - [09/May/2023:12:17:02 -0300] "POST /cormun/servlet/trreportecargahoraria?1a141054af3858cda25511da71ae3b9a,,gx-no-cache=1683644828201 HTTP/1.1" 200 4234
190.171.141.106 - - [09/May/2023:12:17:14 -0300] "POST /cormun/servlet/trreportecargahoraria?1a141054af3858cda25511da71ae3b9a,,gx-no-cache=1683644840290 HTTP/1.1" 200 4243
190.171.141.106 - - [09/May/2023:12:17:15 -0300] "POST /cormun/servlet/trreportecargahoraria?1a141054af3858cda25511da71ae3b9a,,gx-no-cache=1683644841233 HTTP/1.1" 200 4243
190.171.141.106 - - [09/May/2023:12:17:17 -0300] "POST /cormun/servlet/trreportecargahoraria?1a141054af3858cda25511da71ae3b9a,,gx-no-cache=1683644843297 HTTP/1.1" 200 4243
190.171.141.106 - - [09/May/2023:12:17:20 -0300] "POST /cormun/servlet/trreportecargahoraria?1a141054af3858cda25511da71ae3b9a,,gx-no-cache=1683644845857 HTTP/1.1" 200 4245
190.171.143.90 - - [09/May/2023:12:17:21 -0300] "POST /cormun/servlet/trvisualizadoreventos?5153bd1042133bf59f4d0cdd3967dee3,,gx-no-cache=1683644514157 HTTP/1.1" 200 5246
190.171.141.106 - - [09/May/2023:12:17:26 -0300] "POST /cormun/servlet/trreportecargahoraria?1a141054af3858cda25511da71ae3b9a,,gx-no-cache=1683644851601 HTTP/1.1" 200 4243
190.171.143.90 - - [09/May/2023:12:17:27 -0300] "POST /cormun/servlet/trvisualizadoreventos?5153bd1042133bf59f4d0cdd3967dee3,,gx-no-cache=1683644520397 HTTP/1.1" 200 4303
190.95.15.15 - - [09/May/2023:12:17:28 -0300] "GET /cormun/servlet/trlicencias? HTTP/1.1" 200 6054
190.95.15.15 - - [09/May/2023:12:17:28 -0300] "GET /cormun/servlet/hlogin HTTP/1.1" 200 1737
190.171.141.106 - - [09/May/2023:12:17:28 -0300] "POST /cormun/servlet/trreportecargahoraria?1a141054af3858cda25511da71ae3b9a,,gx-no-cache=1683644853921 HTTP/1.1" 200 4242
190.95.15.15 - - [09/May/2023:12:17:28 -0300] "GET /cormun/servlet/trlicencias? HTTP/1.1" 200 6048
190.171.143.90 - - [09/May/2023:12:17:30 -0300] "POST /cormun/servlet/trvisualizadoreventos?5153bd1042133bf59f4d0cdd3967dee3,,gx-no-cache=1683644522829 HTTP/1.1" 200 4303
190.171.141.106 - - [09/May/2023:12:17:31 -0300] "POST /cormun/servlet/trreportecargahoraria?1a141054af3858cda25511da71ae3b9a,,gx-no-cache=1683644856713 HTTP/1.1" 200 4241
190.171.143.90 - - [09/May/2023:12:17:33 -0300] "POST /cormun/servlet/trvisualizadoreventos?5153bd1042133bf59f4d0cdd3967dee3,,gx-no-cache=1683644526526 HTTP/1.1" 200 111
190.171.143.90 - - [09/May/2023:12:17:33 -0300] "POST /cormun/servlet/trvisualizadoreventos?5153bd1042133bf59f4d0cdd3967dee3,,gx-no-cache=1683644526647 HTTP/1.1" 200 4283
190.171.143.90 - - [09/May/2023:12:17:33 -0300] "GET /cormun/VisualizadorEventos-5727.xls HTTP/1.1" 200 4096
190.95.15.15 - - [09/May/2023:12:17:37 -0300] "POST /cormun/servlet/hlogin?639a540516592f51e13b313fb8553b5f,gx-no-cache=1683644528759 HTTP/1.1" 200 90
190.95.15.15 - - [09/May/2023:12:17:37 -0300] "GET /cormun/servlet/hpexe_link HTTP/1.1" 200 956
190.95.15.15 - - [09/May/2023:12:17:37 -0300] "GET /cormun/servlet/trlicencias HTTP/1.1" 200 12117
190.95.15.15 - - [09/May/2023:12:17:37 -0300] "GET /cormun/servlet/trlicencias HTTP/1.1" 200 12113
190.171.143.90 - - [09/May/2023:12:17:52 -0300] "GET /cormun/servlet/avisualizareventos?0,0,TOD,20230301,20230509,PU HTTP/1.1" 200 1027
190.171.143.90 - - [09/May/2023:12:18:02 -0300] "POST /cormun/servlet/trvisualizadoreventos?5153bd1042133bf59f4d0cdd3967dee3,,gx-no-cache=1683644555669 HTTP/1.1" 200 5194
190.171.141.106 - - [09/May/2023:12:18:32 -0300] "POST /cormun/servlet/trreportecargahoraria?1a141054af3858cda25511da71ae3b9a,,gx-no-cache=1683644917729 HTTP/1.1" 200 4239
190.171.141.106 - - [09/May/2023:12:18:36 -0300] "POST /cormun/servlet/trreportecargahoraria?1a141054af3858cda25511da71ae3b9a,,gx-no-cache=1683644922242 HTTP/1.1" 200 4239
190.171.141.106 - - [09/May/2023:12:18:39 -0300] "POST /cormun/servlet/trreportecargahoraria?1a141054af3858cda25511da71ae3b9a,,gx-no-cache=1683644924713 HTTP/1.1" 200 4239
190.171.141.106 - - [09/May/2023:12:18:42 -0300] "POST /cormun/servlet/trreportecargahoraria?1a141054af3858cda25511da71ae3b9a,,gx-no-cache=1683644927649 HTTP/1.1" 200 4242
190.171.141.106 - - [09/May/2023:12:18:49 -0300] "POST /cormun/servlet/trreportecargahoraria?1a141054af3858cda25511da71ae3b9a,,gx-no-cache=1683644934873 HTTP/1.1" 200 4245
190.171.141.106 - - [09/May/2023:12:18:57 -0300] "POST /cormun/servlet/trreportecargahoraria?1a141054af3858cda25511da71ae3b9a,,gx-no-cache=1683644942745 HTTP/1.1" 200 4254
190.171.143.90 - - [09/May/2023:12:19:06 -0300] "POST /cormun/servlet/trvisualizadoreventos?5153bd1042133bf59f4d0cdd3967dee3,,gx-no-cache=1683644618766 HTTP/1.1" 200 4703
190.171.143.90 - - [09/May/2023:12:19:18 -0300] "GET /cormun/servlet/trvisualizadoreventos? HTTP/1.1" 200 7465
190.171.143.90 - - [09/May/2023:12:19:18 -0300] "GET /cormun/servlet/trvisualizadoreventos? HTTP/1.1" 200 7465
190.171.143.90 - - [09/May/2023:12:19:21 -0300] "POST /cormun/servlet/trvisualizadoreventos?5153bd1042133bf59f4d0cdd3967dee3,,gx-no-cache=1683644634200 HTTP/1.1" 200 4701
190.171.141.106 - - [09/May/2023:12:19:27 -0300] "GET /cormun/servlet/trpermisosingoce? HTTP/1.1" 200 7132
190.171.141.106 - - [09/May/2023:12:19:27 -0300] "GET /cormun/static/gxcfg.js?2020121653066 HTTP/1.1" 200 953
190.171.141.106 - - [09/May/2023:12:19:27 -0300] "GET /cormun/static/Resources/Spanish/PXTools.css?14345360 HTTP/1.1" 200 100853
190.171.141.106 - - [09/May/2023:12:19:27 -0300] "GET /cormun/static/trpermisosingoce.js?2020121655097 HTTP/1.1" 200 34472
190.171.141.106 - - [09/May/2023:12:19:27 -0300] "GET /cormun/servlet/trpermisosingoce? HTTP/1.1" 200 7131
190.171.141.106 - - [09/May/2023:12:19:28 -0300] "POST /cormun/servlet/acontrolpreferencessavestate?None,JDESRIVIERS,true HTTP/1.1" 200 35
190.171.143.90 - - [09/May/2023:12:19:29 -0300] "GET /cormun/servlet/trcontratounov2? HTTP/1.1" 200 18087
190.171.143.90 - - [09/May/2023:12:19:29 -0300] "GET /cormun/static/gxcfg.js?2020121614367 HTTP/1.1" 200 953
190.171.143.90 - - [09/May/2023:12:19:29 -0300] "GET /cormun/static/Resources/PXToolsAddSelectedAction.png HTTP/1.1" 200 523
190.171.143.90 - - [09/May/2023:12:19:29 -0300] "GET /cormun/static/trcontratounov2.js?20201216143065 HTTP/1.1" 200 38486
190.171.143.90 - - [09/May/2023:12:19:29 -0300] "GET /cormun/servlet/trcontratounov2? HTTP/1.1" 200 18085
190.171.141.106 - - [09/May/2023:12:19:35 -0300] "POST /cormun/servlet/trpermisosingoce?1a141054af3858cda25511da71ae3b9a,,gx-no-cache=1683644981226 HTTP/1.1" 200 4495
190.171.141.106 - - [09/May/2023:12:20:02 -0300] "POST /cormun/servlet/trpermisosingoce?1a141054af3858cda25511da71ae3b9a,,gx-no-cache=1683645007866 HTTP/1.1" 200 4503
190.171.141.106 - - [09/May/2023:12:20:15 -0300] "POST /cormun/servlet/trpermisosingoce?1a141054af3858cda25511da71ae3b9a,,gx-no-cache=1683645021338 HTTP/1.1" 200 4507
190.171.142.26 - - [09/May/2023:12:21:31 -0300] "GET /cormun/static/menuarrow.gif HTTP/1.1" 404 1015
190.171.142.26 - - [09/May/2023:12:21:43 -0300] "POST /cormun/servlet/trlicencias?9264181f40dd328fa20328bdc8cd77f6,,gx-no-cache=1683644774666 HTTP/1.1" 200 17920
190.171.142.26 - - [09/May/2023:12:21:43 -0300] "GET /cormun/static/Resources/PXToolsGridNext.gif HTTP/1.1" 200 369
190.171.142.26 - - [09/May/2023:12:21:43 -0300] "GET /cormun/static/Resources/PXToolsGridLast.gif HTTP/1.1" 200 370
190.171.143.90 - - [09/May/2023:12:24:15 -0300] "GET /cormun/servlet/trvisualizadoreventos? HTTP/1.1" 200 7465
190.171.143.90 - - [09/May/2023:12:24:15 -0300] "GET /cormun/servlet/trvisualizadoreventos? HTTP/1.1" 200 7465
190.171.143.90 - - [09/May/2023:12:24:20 -0300] "GET /cormun/servlet/trsolicitudot? HTTP/1.1" 200 7527
190.171.143.90 - - [09/May/2023:12:24:20 -0300] "GET /cormun/servlet/trsolicitudot? HTTP/1.1" 200 7527
190.171.143.90 - - [09/May/2023:12:24:33 -0300] "GET /cormun/servlet/solicitudot?INS,0,0,false, HTTP/1.1" 200 16157
190.171.143.90 - - [09/May/2023:12:24:33 -0300] "GET /cormun/servlet/solicitudot?INS,0,0,false, HTTP/1.1" 200 16164
186.106.164.226 - - [09/May/2023:12:26:36 -0300] "GET /cormun/servlet/hlogin HTTP/1.1" 200 1723
186.106.164.226 - - [09/May/2023:12:26:36 -0300] "GET /cormun/static/gxtimezone.js?85251 HTTP/1.1" 200 5781
186.106.164.226 - - [09/May/2023:12:26:36 -0300] "GET /cormun/static/gxcfg.js?2022112219184450 HTTP/1.1" 200 953
186.106.164.226 - - [09/May/2023:12:26:36 -0300] "GET /cormun/static/Resources/Spanish/PXTools.css?1759030 HTTP/1.1" 200 100853
186.106.164.226 - - [09/May/2023:12:26:36 -0300] "GET /cormun/static/messages.spa.js?85251 HTTP/1.1" 200 30736
186.106.164.226 - - [09/May/2023:12:26:36 -0300] "GET /cormun/static/hlogin.js?2022112219184458 HTTP/1.1" 200 2156
186.106.164.226 - - [09/May/2023:12:26:37 -0300] "GET /cormun/static/Resources/CormunLogin.png HTTP/1.1" 200 19132
186.106.164.226 - - [09/May/2023:12:26:37 -0300] "GET /cormun/static/gxgral.js?85251 HTTP/1.1" 200 384558
186.106.164.226 - - [09/May/2023:12:26:37 -0300] "GET /cormun/static/Resources/PXToolsLoginTop.png HTTP/1.1" 200 1337
186.106.164.226 - - [09/May/2023:12:26:37 -0300] "GET /cormun/static/Resources/PXToolsLoginBackground.png HTTP/1.1" 200 1164
186.106.164.226 - - [09/May/2023:12:26:37 -0300] "GET /cormun/static/Resources/PXToolsButtonRight.png HTTP/1.1" 200 1294
186.106.164.226 - - [09/May/2023:12:26:37 -0300] "GET /cormun/static/Resources/PXToolsButtonLeft.png HTTP/1.1" 200 1310
186.106.164.226 - - [09/May/2023:12:26:37 -0300] "GET /cormun/static/Resources/PXToolsButtonBackground.png HTTP/1.1" 200 1176
186.106.164.226 - - [09/May/2023:12:26:37 -0300] "GET /cormun/static/Resources/PXToolsLoginBottom.png HTTP/1.1" 200 1389
186.106.164.226 - - [09/May/2023:12:26:37 -0300] "GET /cormun/servlet/hlogin HTTP/1.1" 200 1733
186.106.164.226 - - [09/May/2023:12:26:37 -0300] "GET /cormun/static/Resources/indicator.gif HTTP/1.1" 200 1553
186.106.164.226 - - [09/May/2023:12:26:37 -0300] "GET /favicon.ico HTTP/1.1" 200 21630
190.171.153.26 - - [09/May/2023:12:27:32 -0300] "GET /cormun/servlet/hlogin HTTP/1.1" 200 1722
190.171.153.26 - - [09/May/2023:12:27:34 -0300] "GET /cormun/servlet/hlogin HTTP/1.1" 200 1732
190.171.153.26 - - [09/May/2023:12:27:43 -0300] "POST /cormun/servlet/hlogin?aa6e22eeb7baffae5c9548c277434c17,gx-no-cache=1683645135786 HTTP/1.1" 200 90
190.171.153.26 - - [09/May/2023:12:27:43 -0300] "GET /cormun/servlet/hpexe_link HTTP/1.1" 200 954
190.171.153.26 - - [09/May/2023:12:27:43 -0300] "GET /cormun/servlet/hhome HTTP/1.1" 200 3976
190.171.153.26 - - [09/May/2023:12:27:43 -0300] "GET /cormun/servlet/hhome HTTP/1.1" 200 3972
190.171.153.26 - - [09/May/2023:12:27:46 -0300] "GET /cormun/servlet/trlicencias? HTTP/1.1" 200 10422
190.171.153.26 - - [09/May/2023:12:27:47 -0300] "GET /cormun/servlet/trlicencias? HTTP/1.1" 200 10419
190.171.153.26 - - [09/May/2023:12:29:34 -0300] "GET /cormun/servlet/trpermisosgoce? HTTP/1.1" 200 10763
190.171.153.26 - - [09/May/2023:12:29:35 -0300] "GET /cormun/servlet/trpermisosgoce? HTTP/1.1" 200 10760
190.171.152.114 - - [09/May/2023:12:29:51 -0300] "GET /cormun/servlet/trpermisosgoce? HTTP/1.1" 200 6025
190.171.152.114 - - [09/May/2023:12:29:51 -0300] "GET /cormun/servlet/hlogin HTTP/1.1" 200 1733
190.171.152.114 - - [09/May/2023:12:29:51 -0300] "GET /cormun/servlet/trpermisosgoce? HTTP/1.1" 200 6023
190.171.152.114 - - [09/May/2023:12:30:10 -0300] "POST /cormun/servlet/hlogin?59576109006bd713626a95f25bd3d189,gx-no-cache=1683645282467 HTTP/1.1" 200 90
190.171.152.114 - - [09/May/2023:12:30:10 -0300] "GET /cormun/servlet/hpexe_link HTTP/1.1" 200 951
190.171.152.114 - - [09/May/2023:12:30:10 -0300] "GET /cormun/servlet/trpermisosgoce HTTP/1.1" 200 11475
190.171.152.114 - - [09/May/2023:12:30:10 -0300] "GET /cormun/servlet/trpermisosgoce HTTP/1.1" 200 11473
190.171.152.114 - - [09/May/2023:12:31:05 -0300] "GET /cormun/servlet/trpermisosgoce? HTTP/1.1" 200 11473
190.171.152.114 - - [09/May/2023:12:31:05 -0300] "GET /cormun/servlet/trpermisosgoce? HTTP/1.1" 200 11473
190.171.152.114 - - [09/May/2023:12:31:08 -0300] "GET /cormun/servlet/permisogoce?INS,0,,, HTTP/1.1" 200 7219
190.171.152.114 - - [09/May/2023:12:31:08 -0300] "GET /cormun/servlet/permisogoce?INS,0,,, HTTP/1.1" 200 7219
190.171.152.114 - - [09/May/2023:12:31:51 -0300] "GET /cormun/servlet/permisogoce?72711213351f87e74a4cc5670b479ebf3dfe9a5d760f176b70c8dde6cadd63128aabe29b0dd73fad109ce8e53aa433470cf5d5c3c117c46a36606e479ab9ee93,gx-no-cache=1683645383240 HTTP/1.1" 200 81
190.171.152.114 - - [09/May/2023:12:32:22 -0300] "GET /cormun/static/menuarrow.gif HTTP/1.1" 404 1015
190.171.152.114 - - [09/May/2023:12:32:44 -0300] "GET /cormun/servlet/permisogoce?72711213351f87e74a4cc5670b479ebf9960f0cdea75b0a4788fa01dfdffdbf0093f5368d09a4492d2bf8c2e2c460566f3b961ba1dfd55e093de47ab3e2366e1,gx-no-cache=1683645436634 HTTP/1.1" 200 47
190.171.152.114 - - [09/May/2023:12:33:16 -0300] "POST /cormun/servlet/permisogoce?59576109006bd713626a95f25bd3d189,INS,0,,,,gx-no-cache=1683645440405 HTTP/1.1" 200 93
190.171.152.114 - - [09/May/2023:12:33:16 -0300] "GET /cormun/servlet/hpexe_return? HTTP/1.1" 200 1004
190.171.152.114 - - [09/May/2023:12:33:16 -0300] "GET /cormun/servlet/trpermisosgoce HTTP/1.1" 200 11718
190.171.152.114 - - [09/May/2023:12:33:17 -0300] "GET /cormun/servlet/trpermisosgoce HTTP/1.1" 200 11720
190.171.152.114 - - [09/May/2023:12:33:22 -0300] "GET /cormun/servlet/apermisogoceprn?10825194,P,20230509111502,PU HTTP/1.1" 200 1655
200.54.103.162 - - [09/May/2023:12:33:22 -0300] "GET /cormun/servlet/hlogin HTTP/1.1" 200 1722
200.54.103.162 - - [09/May/2023:12:33:30 -0300] "POST /cormun/servlet/hlogin?c24c0f3289df57d7669e9650dd12e4e4,gx-no-cache=1683645670746 HTTP/1.1" 200 90
200.54.103.162 - - [09/May/2023:12:33:30 -0300] "GET /cormun/servlet/hpexe_link HTTP/1.1" 200 954
200.54.103.162 - - [09/May/2023:12:33:31 -0300] "GET /cormun/servlet/hhome HTTP/1.1" 200 4344
200.54.103.162 - - [09/May/2023:12:33:31 -0300] "GET /cormun/servlet/hhome HTTP/1.1" 200 4340
200.54.103.162 - - [09/May/2023:12:33:34 -0300] "GET /cormun/servlet/trlicencias? HTTP/1.1" 200 13002
200.54.103.162 - - [09/May/2023:12:33:34 -0300] "GET /cormun/servlet/trlicencias? HTTP/1.1" 200 12991
190.171.153.26 - - [09/May/2023:12:34:54 -0300] "GET /cormun/servlet/trpermisosgoce? HTTP/1.1" 200 10760
190.171.153.26 - - [09/May/2023:12:34:54 -0300] "GET /cormun/servlet/trpermisosgoce? HTTP/1.1" 200 10760
190.171.153.26 - - [09/May/2023:12:34:56 -0300] "GET /cormun/servlet/permisogoce?INS,0,,, HTTP/1.1" 200 6838
190.171.153.26 - - [09/May/2023:12:34:57 -0300] "GET /cormun/servlet/permisogoce?INS,0,,, HTTP/1.1" 200 6837
190.171.153.26 - - [09/May/2023:12:35:20 -0300] "GET /cormun/servlet/permisogoce?b8daa2aff24ccfbfa05612df36868f686d61f19cb515ef485fafa5782bd6b8f68a8c6ed8b6533aef10b09bbbc1ee0c5e1bbda50e99fc110fa7243fd99380964f,gx-no-cache=1683645591281 HTTP/1.1" 200 79
