190.171.143.90 - - [28/Apr/2023:13:36:28 -0300] "GET /cormun/servlet/solicitudot?2c835a5f4d2400d87d18aed1611b7acd15b41ef370bde6ee4f31653115dea19c,gx-no-cache=1682698862302 HTTP/1.1" 200 53
190.171.143.90 - - [28/Apr/2023:13:36:46 -0300] "POST /cormun/servlet/solicitudot?gx-no-cache=1682698879757 HTTP/1.1" 200 297
190.171.143.90 - - [28/Apr/2023:13:36:46 -0300] "GET /cormun/servlet/solicitudot?2c835a5f4d2400d87d18aed1611b7acd9a5215e50ddc73c76b43bb8ad0662d944591d00023f43502a1a16b2443b80e9240424ce8c8faddf7d6fb767b3d3ea4faf73786dd618b19446a3992379ddc7f0675365857558a7457c66f1e3de5deed6dd5d7451b885e56633f221b1755daac2e8484af01b7dc64ee354346951ddbd42a31a632d4c6e28b7f39a5fb571a258a31d74ff91dffe68ef66c63201c687dd77f402e14cb007b8b33ecff707370c222e3447603de7a770f8c0eeb4aef76cd98edfd9abd07742d7641030bd9e31b72908ae0622f91b51c39b1e24fa2f2ccbafa93f092e3e5601461d099af97c8b08930f06e585da1d1e8b8723829424466c6e011b944b693b4559b3ed1f7bae49b5cdd946dd033eccb81426fa36e0c85cee38caa34c5e8c4ba2f44bb3697357bb717d5db4885e885b703d01321ec9b1446eeb5edf51db4889f5af4216bf4631dc58988b214022252628629dc336301dc3cbfe153b1bdec3bb3115c46bc4c8c5e41c3cce195780951a1098e375a996cf1f08208fc8230f4a70465ae1f4254f06a071e3f11,gx-no-cache=1682698879784 HTTP/1.1" 200 30
190.171.143.90 - - [28/Apr/2023:13:36:49 -0300] "POST /cormun/servlet/solicitudot?gx-no-cache=1682698882673 HTTP/1.1" 200 30
190.171.143.90 - - [28/Apr/2023:13:36:51 -0300] "POST /cormun/servlet/solicitudot?gx-no-cache=1682698885271 HTTP/1.1" 200 1466
190.171.143.90 - - [28/Apr/2023:13:36:51 -0300] "POST /cormun/servlet/solicitudot?gx-no-cache=1682698885301 HTTP/1.1" 200 38
190.171.143.90 - - [28/Apr/2023:13:36:58 -0300] "GET /cormun/servlet/solicitudot?2c835a5f4d2400d87d18aed1611b7acd033e834a825aadc795f520494f09135e1006dddbf751246965bca22fab5854869c69080e020711e0754e3a4ab00842b41f0e253c5774674d8c3105921f199175011ff5e536173a0806d6f966de7f51b9af8a7470cc3637a130ad23c4b5c04041,gx-no-cache=1682698892332 HTTP/1.1" 200 110
190.171.143.90 - - [28/Apr/2023:13:37:03 -0300] "POST /cormun/servlet/solicitudot?gx-no-cache=1682698896941 HTTP/1.1" 200 83
190.171.143.90 - - [28/Apr/2023:13:37:13 -0300] "GET /cormun/servlet/solicitudot?2c835a5f4d2400d87d18aed1611b7acd9cb348c20311df0a498af827bf92e472f5f4e08ede660be4fe76af20034de4db1a0dfd7e0dc427b7484c0e44eae68982ab327bd037cd598a6c32664d53f90ed4fe4264a9bc8cebe1a571c5431a90ea276da715bf3d68d1eb89cece234fa9fbf0,gx-no-cache=1682698907001 HTTP/1.1" 200 29
190.171.143.90 - - [28/Apr/2023:13:38:25 -0300] "GET /cormun/servlet/solicitudot?2c835a5f4d2400d87d18aed1611b7acd8312be0f1ce9392df8d21216c9273bb051943269a88c2a1d6de6fff1c1a580ef,gx-no-cache=1682698979168 HTTP/1.1" 200 134
190.171.143.90 - - [28/Apr/2023:13:38:25 -0300] "GET /cormun/static/Shared/jqueryui/images/ui-bg_highlight-soft_100_c6c2c8_1x100.png HTTP/1.1" 404 1117
190.171.143.90 - - [28/Apr/2023:13:38:25 -0300] "GET /cormun/static/Shared/jqueryui/images/ui-icons_82798d_256x240.png HTTP/1.1" 404 1089
190.171.143.90 - - [28/Apr/2023:13:38:25 -0300] "GET /cormun/static/Shared/jqueryui/images/ui-icons_ebccce_256x240.png HTTP/1.1" 404 1089
190.171.143.90 - - [28/Apr/2023:13:38:25 -0300] "GET /cormun/static/Shared/jqueryui/images/ui-bg_flat_55_994d53_40x100.png HTTP/1.1" 404 1097
190.171.152.242 - - [28/Apr/2023:13:41:31 -0300] "GET /cormun/servlet/hlogin HTTP/1.1" 200 1717
190.171.152.242 - - [28/Apr/2023:13:41:32 -0300] "GET /cormun/static/gxcfg.js?2022112219184450 HTTP/1.1" 200 953
190.171.152.242 - - [28/Apr/2023:13:41:32 -0300] "GET /cormun/static/gxtimezone.js?85251 HTTP/1.1" 200 5781
190.171.152.242 - - [28/Apr/2023:13:41:32 -0300] "GET /cormun/static/Resources/Spanish/PXTools.css?1759030 HTTP/1.1" 200 100853
190.171.152.242 - - [28/Apr/2023:13:41:32 -0300] "GET /cormun/static/gxgral.js?85251 HTTP/1.1" 200 384558
190.171.152.242 - - [28/Apr/2023:13:41:32 -0300] "GET /cormun/static/messages.spa.js?85251 HTTP/1.1" 200 30736
190.171.152.242 - - [28/Apr/2023:13:41:32 -0300] "GET /cormun/static/hlogin.js?2022112219184458 HTTP/1.1" 200 2156
190.171.152.242 - - [28/Apr/2023:13:41:32 -0300] "GET /cormun/static/Resources/CormunLogin.png HTTP/1.1" 200 19132
190.171.152.242 - - [28/Apr/2023:13:41:32 -0300] "GET /cormun/static/Resources/PXToolsLoginBackground.png HTTP/1.1" 200 1164
190.171.152.242 - - [28/Apr/2023:13:41:32 -0300] "GET /cormun/static/Resources/PXToolsLoginTop.png HTTP/1.1" 200 1337
190.171.152.242 - - [28/Apr/2023:13:41:32 -0300] "GET /cormun/static/Resources/PXToolsButtonLeft.png HTTP/1.1" 200 1310
190.171.152.242 - - [28/Apr/2023:13:41:32 -0300] "GET /cormun/static/Resources/PXToolsButtonRight.png HTTP/1.1" 200 1294
190.171.152.242 - - [28/Apr/2023:13:41:32 -0300] "GET /cormun/static/Resources/PXToolsButtonBackground.png HTTP/1.1" 200 1176
190.171.152.242 - - [28/Apr/2023:13:41:32 -0300] "GET /cormun/static/Resources/PXToolsLoginBottom.png HTTP/1.1" 200 1389
190.171.152.242 - - [28/Apr/2023:13:41:32 -0300] "GET /cormun/servlet/hlogin HTTP/1.1" 200 1727
190.171.152.242 - - [28/Apr/2023:13:41:32 -0300] "GET /cormun/static/Resources/indicator.gif HTTP/1.1" 200 1553
190.171.152.242 - - [28/Apr/2023:13:41:32 -0300] "GET /favicon.ico HTTP/1.1" 200 21630
200.54.103.162 - - [28/Apr/2023:13:43:51 -0300] "GET /cormun/servlet/hlogin HTTP/1.1" 200 1720
190.171.143.90 - - [28/Apr/2023:13:45:04 -0300] "GET /cormun/servlet/solicitudot?2c835a5f4d2400d87d18aed1611b7acd92d4281a15c6b5bdf3fe61326578951809857cd4da1622d7510c2aecc02323c1,gx-no-cache=1682699377535 HTTP/1.1" 200 134
190.171.143.90 - - [28/Apr/2023:13:45:34 -0300] "GET /cormun/servlet/solicitudot?2c835a5f4d2400d87d18aed1611b7acd94833c914fb39b85d02f671d9f6c4f9209857cd4da1622d7510c2aecc02323c1,gx-no-cache=1682699408367 HTTP/1.1" 200 30
190.171.143.90 - - [28/Apr/2023:13:45:45 -0300] "POST /cormun/servlet/solicitudot?gx-no-cache=1682699418891 HTTP/1.1" 200 30
186.11.89.79 - - [28/Apr/2023:13:45:51 -0300] "GET /cormun/servlet/trlicencias? HTTP/1.1" 200 6050
186.11.89.79 - - [28/Apr/2023:13:45:52 -0300] "GET /cormun/servlet/hlogin HTTP/1.1" 200 1736
186.11.89.79 - - [28/Apr/2023:13:45:52 -0300] "GET /cormun/servlet/trlicencias? HTTP/1.1" 200 6048
190.171.143.90 - - [28/Apr/2023:13:46:42 -0300] "POST /cormun/servlet/solicitudot?5b25f1d5215266ea2940f9054792fa0c,INS,0,0,false,,gx-no-cache=1682699475181 HTTP/1.1" 200 93
190.171.143.90 - - [28/Apr/2023:13:46:42 -0300] "GET /cormun/servlet/hpexe_return? HTTP/1.1" 200 1004
190.171.143.90 - - [28/Apr/2023:13:46:42 -0300] "GET /cormun/servlet/trsolicitudot HTTP/1.1" 200 8957
190.171.143.90 - - [28/Apr/2023:13:46:42 -0300] "GET /cormun/servlet/trsolicitudot HTTP/1.1" 200 8953
190.171.143.90 - - [28/Apr/2023:13:46:45 -0300] "POST /cormun/servlet/trsolicitudot?5b25f1d5215266ea2940f9054792fa0c,gx-no-cache=1682699479191 HTTP/1.1" 200 106
190.171.143.90 - - [28/Apr/2023:13:46:45 -0300] "GET /cormun/servlet/trsolicitudadjuntos?2023,20083, HTTP/1.1" 200 6417
190.171.143.90 - - [28/Apr/2023:13:46:46 -0300] "GET /cormun/servlet/trsolicitudadjuntos?2023,20083, HTTP/1.1" 200 6417
190.171.143.90 - - [28/Apr/2023:13:46:52 -0300] "GET /cormun/servlet/solicitudotadjuntos?INS,2023,20083,,1, HTTP/1.1" 200 6354
190.171.143.90 - - [28/Apr/2023:13:46:52 -0300] "GET /cormun/static/about:blank HTTP/1.1" 404 1011
190.171.143.90 - - [28/Apr/2023:13:46:52 -0300] "GET /cormun/servlet/solicitudotadjuntos?INS,2023,20083,,1, HTTP/1.1" 200 6348
190.171.143.90 - - [28/Apr/2023:13:46:52 -0300] "GET /cormun/servlet/solicitudotadjuntos?2c835a5f4d2400d87d18aed1611b7acda08a268515ff86acc34688a23a3ced91fac141ed067fe79a16f321f9f013fd0d,gx-no-cache=1682699486083 HTTP/1.1" 200 30
190.171.143.90 - - [28/Apr/2023:13:46:52 -0300] "POST /cormun/servlet/solicitudotadjuntos?5b25f1d5215266ea2940f9054792fa0c,INS,2023,20083,,1,,gx-no-cache=1682699486103 HTTP/1.1" 200 4143
190.171.143.90 - - [28/Apr/2023:13:47:03 -0300] "POST /cormun/servlet/solicitudotadjuntos?gx-no-cache=1682699496414 HTTP/1.1" 200 26
190.171.143.90 - - [28/Apr/2023:13:49:18 -0300] "GET /cormun/servlet/solicitudotadjuntos?2c835a5f4d2400d87d18aed1611b7acd48e7d2a9a2957650b91d456e66ffb7bd,gx-no-cache=1682699631984 HTTP/1.1" 200 30
190.171.143.90 - - [28/Apr/2023:13:49:18 -0300] "GET /cormun/servlet/solicitudotadjuntos?2c835a5f4d2400d87d18aed1611b7acd48e7d2a9a2957650b91d456e66ffb7bd,gx-no-cache=1682699632066 HTTP/1.1" 200 30
190.171.143.90 - - [28/Apr/2023:13:49:21 -0300] "POST /cormun/servlet/solicitudotadjuntos?5b25f1d5215266ea2940f9054792fa0c,INS,2023,20083,,1, HTTP/1.1" 200 116
190.171.143.90 - - [28/Apr/2023:13:49:21 -0300] "GET /cormun/servlet/hpexe_return? HTTP/1.1" 200 1022
190.171.143.90 - - [28/Apr/2023:13:49:21 -0300] "GET /cormun/servlet/trsolicitudadjuntos?2023,20083, HTTP/1.1" 200 9328
190.171.143.90 - - [28/Apr/2023:13:49:21 -0300] "GET /cormun/servlet/trsolicitudadjuntos?2023,20083, HTTP/1.1" 200 9327
190.171.143.90 - - [28/Apr/2023:13:49:29 -0300] "GET /cormun/servlet/solicitudotadjuntos?INS,2023,20083,,1, HTTP/1.1" 200 6354
190.171.143.90 - - [28/Apr/2023:13:49:29 -0300] "GET /cormun/static/about:blank HTTP/1.1" 404 1011
190.171.143.90 - - [28/Apr/2023:13:49:29 -0300] "GET /cormun/servlet/solicitudotadjuntos?INS,2023,20083,,1, HTTP/1.1" 200 6347
190.171.143.90 - - [28/Apr/2023:13:49:29 -0300] "GET /cormun/servlet/solicitudotadjuntos?2c835a5f4d2400d87d18aed1611b7acda08a268515ff86acc34688a23a3ced91fac141ed067fe79a16f321f9f013fd0d,gx-no-cache=1682699643341 HTTP/1.1" 200 30
190.171.143.90 - - [28/Apr/2023:13:49:30 -0300] "POST /cormun/servlet/solicitudotadjuntos?5b25f1d5215266ea2940f9054792fa0c,INS,2023,20083,,1,,gx-no-cache=1682699643354 HTTP/1.1" 200 4142
190.171.143.90 - - [28/Apr/2023:13:49:33 -0300] "POST /cormun/servlet/solicitudotadjuntos?gx-no-cache=1682699646553 HTTP/1.1" 200 26
190.171.143.90 - - [28/Apr/2023:13:50:33 -0300] "GET /cormun/servlet/solicitudotadjuntos?2c835a5f4d2400d87d18aed1611b7acd48e7d2a9a2957650b91d456e66ffb7bd,gx-no-cache=1682699707121 HTTP/1.1" 200 30
190.171.143.90 - - [28/Apr/2023:13:50:33 -0300] "GET /cormun/servlet/solicitudotadjuntos?2c835a5f4d2400d87d18aed1611b7acd48e7d2a9a2957650b91d456e66ffb7bd,gx-no-cache=1682699707141 HTTP/1.1" 200 30
190.171.143.90 - - [28/Apr/2023:13:50:41 -0300] "POST /cormun/servlet/solicitudotadjuntos?5b25f1d5215266ea2940f9054792fa0c,INS,2023,20083,,1, HTTP/1.1" 200 116
190.171.143.90 - - [28/Apr/2023:13:50:41 -0300] "GET /cormun/servlet/hpexe_return? HTTP/1.1" 200 1022
190.171.143.90 - - [28/Apr/2023:13:50:41 -0300] "GET /cormun/servlet/trsolicitudadjuntos?2023,20083, HTTP/1.1" 200 9611
190.171.143.90 - - [28/Apr/2023:13:50:41 -0300] "GET /cormun/servlet/trsolicitudadjuntos?2023,20083, HTTP/1.1" 200 9608
190.171.143.90 - - [28/Apr/2023:13:50:50 -0300] "GET /cormun/servlet/solicitudotadjuntos?INS,2023,20083,,1, HTTP/1.1" 200 6354
190.171.143.90 - - [28/Apr/2023:13:50:50 -0300] "GET /cormun/static/about:blank HTTP/1.1" 404 1011
190.171.143.90 - - [28/Apr/2023:13:50:50 -0300] "GET /cormun/servlet/solicitudotadjuntos?INS,2023,20083,,1, HTTP/1.1" 200 6348
190.171.143.90 - - [28/Apr/2023:13:50:51 -0300] "GET /cormun/servlet/solicitudotadjuntos?2c835a5f4d2400d87d18aed1611b7acda08a268515ff86acc34688a23a3ced91fac141ed067fe79a16f321f9f013fd0d,gx-no-cache=1682699724419 HTTP/1.1" 200 30
190.171.143.90 - - [28/Apr/2023:13:50:51 -0300] "POST /cormun/servlet/solicitudotadjuntos?5b25f1d5215266ea2940f9054792fa0c,INS,2023,20083,,1,,gx-no-cache=1682699724432 HTTP/1.1" 200 4142
190.171.143.90 - - [28/Apr/2023:13:50:54 -0300] "POST /cormun/servlet/solicitudotadjuntos?gx-no-cache=1682699728377 HTTP/1.1" 200 26
190.171.143.90 - - [28/Apr/2023:13:51:09 -0300] "GET /cormun/servlet/solicitudotadjuntos?2c835a5f4d2400d87d18aed1611b7acd48e7d2a9a2957650b91d456e66ffb7bd,gx-no-cache=1682699743081 HTTP/1.1" 200 30
190.171.143.90 - - [28/Apr/2023:13:51:09 -0300] "GET /cormun/servlet/solicitudotadjuntos?2c835a5f4d2400d87d18aed1611b7acd48e7d2a9a2957650b91d456e66ffb7bd,gx-no-cache=1682699743096 HTTP/1.1" 200 30
190.171.143.90 - - [28/Apr/2023:13:51:21 -0300] "POST /cormun/servlet/solicitudotadjuntos?5b25f1d5215266ea2940f9054792fa0c,INS,2023,20083,,1, HTTP/1.1" 200 116
190.171.143.90 - - [28/Apr/2023:13:51:21 -0300] "GET /cormun/servlet/hpexe_return? HTTP/1.1" 200 1022
190.171.143.90 - - [28/Apr/2023:13:51:21 -0300] "GET /cormun/servlet/trsolicitudadjuntos?2023,20083, HTTP/1.1" 200 9888
190.171.143.90 - - [28/Apr/2023:13:51:22 -0300] "GET /cormun/servlet/trsolicitudadjuntos?2023,20083, HTTP/1.1" 200 9885
190.44.39.198 - - [28/Apr/2023:13:51:23 -0300] "GET /cormun/servlet/hlogin HTTP/1.1" 200 1720
190.44.39.198 - - [28/Apr/2023:13:51:23 -0300] "GET /cormun/static/Resources/Spanish/PXTools.css?1759030 HTTP/1.1" 200 100853
190.44.39.198 - - [28/Apr/2023:13:51:23 -0300] "GET /cormun/static/gxtimezone.js?85251 HTTP/1.1" 200 5781
190.44.39.198 - - [28/Apr/2023:13:51:23 -0300] "GET /cormun/static/gxcfg.js?2022112219184450 HTTP/1.1" 200 953
190.44.39.198 - - [28/Apr/2023:13:51:23 -0300] "GET /cormun/static/messages.spa.js?85251 HTTP/1.1" 200 30736
190.44.39.198 - - [28/Apr/2023:13:51:23 -0300] "GET /cormun/static/hlogin.js?2022112219184458 HTTP/1.1" 200 2156
190.44.39.198 - - [28/Apr/2023:13:51:23 -0300] "GET /cormun/static/Resources/CormunLogin.png HTTP/1.1" 200 19132
190.44.39.198 - - [28/Apr/2023:13:51:23 -0300] "GET /cormun/static/gxgral.js?85251 HTTP/1.1" 200 384558
190.44.39.198 - - [28/Apr/2023:13:51:23 -0300] "GET /cormun/static/Resources/PXToolsLoginTop.png HTTP/1.1" 200 1337
190.44.39.198 - - [28/Apr/2023:13:51:23 -0300] "GET /cormun/static/Resources/PXToolsButtonRight.png HTTP/1.1" 200 1294
190.44.39.198 - - [28/Apr/2023:13:51:23 -0300] "GET /cormun/static/Resources/PXToolsButtonLeft.png HTTP/1.1" 200 1310
190.44.39.198 - - [28/Apr/2023:13:51:23 -0300] "GET /cormun/static/Resources/PXToolsLoginBackground.png HTTP/1.1" 200 1164
190.44.39.198 - - [28/Apr/2023:13:51:23 -0300] "GET /cormun/static/Resources/PXToolsLoginBottom.png HTTP/1.1" 200 1389
190.44.39.198 - - [28/Apr/2023:13:51:23 -0300] "GET /cormun/static/Resources/PXToolsButtonBackground.png HTTP/1.1" 200 1176
190.44.39.198 - - [28/Apr/2023:13:51:23 -0300] "GET /cormun/static/Resources/indicator.gif HTTP/1.1" 200 1553
190.44.39.198 - - [28/Apr/2023:13:51:23 -0300] "GET /cormun/servlet/hlogin HTTP/1.1" 200 1730
190.44.39.198 - - [28/Apr/2023:13:51:24 -0300] "GET /favicon.ico HTTP/1.1" 200 21630
190.171.143.90 - - [28/Apr/2023:13:51:24 -0300] "GET /cormun/servlet/solicitudotadjuntos?INS,2023,20083,,1, HTTP/1.1" 200 6354
190.171.143.90 - - [28/Apr/2023:13:51:24 -0300] "GET /cormun/static/about:blank HTTP/1.1" 404 1011
190.171.143.90 - - [28/Apr/2023:13:51:25 -0300] "GET /cormun/servlet/solicitudotadjuntos?INS,2023,20083,,1, HTTP/1.1" 200 6347
190.171.143.90 - - [28/Apr/2023:13:51:25 -0300] "GET /cormun/servlet/solicitudotadjuntos?2c835a5f4d2400d87d18aed1611b7acda08a268515ff86acc34688a23a3ced91fac141ed067fe79a16f321f9f013fd0d,gx-no-cache=1682699758916 HTTP/1.1" 200 30
190.171.143.90 - - [28/Apr/2023:13:51:25 -0300] "POST /cormun/servlet/solicitudotadjuntos?5b25f1d5215266ea2940f9054792fa0c,INS,2023,20083,,1,,gx-no-cache=1682699758929 HTTP/1.1" 200 4143
190.171.143.90 - - [28/Apr/2023:13:51:30 -0300] "POST /cormun/servlet/solicitudotadjuntos?gx-no-cache=1682699763585 HTTP/1.1" 200 26
190.44.39.198 - - [28/Apr/2023:13:51:40 -0300] "POST /cormun/servlet/hlogin?6b8719e646029f3c321bc5825864b3c3,gx-no-cache=1682699771968 HTTP/1.1" 200 446
190.171.143.90 - - [28/Apr/2023:13:51:55 -0300] "GET /cormun/servlet/solicitudotadjuntos?2c835a5f4d2400d87d18aed1611b7acd48e7d2a9a2957650b91d456e66ffb7bd,gx-no-cache=1682699788913 HTTP/1.1" 200 30
190.171.143.90 - - [28/Apr/2023:13:51:55 -0300] "GET /cormun/servlet/solicitudotadjuntos?2c835a5f4d2400d87d18aed1611b7acd48e7d2a9a2957650b91d456e66ffb7bd,gx-no-cache=1682699788942 HTTP/1.1" 200 30
190.44.39.198 - - [28/Apr/2023:13:51:59 -0300] "POST /cormun/servlet/hlogin?6b8719e646029f3c321bc5825864b3c3,gx-no-cache=1682699790724 HTTP/1.1" 200 446
190.44.39.198 - - [28/Apr/2023:13:52:02 -0300] "POST /cormun/servlet/hlogin?6b8719e646029f3c321bc5825864b3c3,gx-no-cache=1682699793756 HTTP/1.1" 200 444
190.171.143.90 - - [28/Apr/2023:13:52:08 -0300] "POST /cormun/servlet/solicitudotadjuntos?5b25f1d5215266ea2940f9054792fa0c,INS,2023,20083,,1, HTTP/1.1" 200 116
190.171.143.90 - - [28/Apr/2023:13:52:08 -0300] "GET /cormun/servlet/hpexe_return? HTTP/1.1" 200 1022
190.171.143.90 - - [28/Apr/2023:13:52:08 -0300] "GET /cormun/servlet/trsolicitudadjuntos?2023,20083, HTTP/1.1" 200 10101
190.171.143.90 - - [28/Apr/2023:13:52:09 -0300] "GET /cormun/servlet/trsolicitudadjuntos?2023,20083, HTTP/1.1" 200 10100
190.44.39.198 - - [28/Apr/2023:13:52:14 -0300] "POST /cormun/servlet/hlogin?6b8719e646029f3c321bc5825864b3c3,gx-no-cache=1682699806230 HTTP/1.1" 200 446
190.171.143.90 - - [28/Apr/2023:13:52:15 -0300] "GET /cormun/servlet/solicitudotadjuntos?INS,2023,20083,,1, HTTP/1.1" 200 6355
190.171.143.90 - - [28/Apr/2023:13:52:15 -0300] "GET /cormun/static/about:blank HTTP/1.1" 404 1011
190.171.143.90 - - [28/Apr/2023:13:52:15 -0300] "GET /cormun/servlet/solicitudotadjuntos?INS,2023,20083,,1, HTTP/1.1" 200 6348
190.171.143.90 - - [28/Apr/2023:13:52:16 -0300] "GET /cormun/servlet/solicitudotadjuntos?2c835a5f4d2400d87d18aed1611b7acda08a268515ff86acc34688a23a3ced91fac141ed067fe79a16f321f9f013fd0d,gx-no-cache=1682699809480 HTTP/1.1" 200 30
190.171.143.90 - - [28/Apr/2023:13:52:16 -0300] "POST /cormun/servlet/solicitudotadjuntos?5b25f1d5215266ea2940f9054792fa0c,INS,2023,20083,,1,,gx-no-cache=1682699809494 HTTP/1.1" 200 4143
190.171.143.90 - - [28/Apr/2023:13:52:19 -0300] "POST /cormun/servlet/solicitudotadjuntos?gx-no-cache=1682699813144 HTTP/1.1" 200 26
190.44.39.198 - - [28/Apr/2023:13:52:30 -0300] "POST /cormun/servlet/hlogin?6b8719e646029f3c321bc5825864b3c3,gx-no-cache=1682699822448 HTTP/1.1" 200 447
190.44.39.198 - - [28/Apr/2023:13:52:33 -0300] "POST /cormun/servlet/hlogin?6b8719e646029f3c321bc5825864b3c3,gx-no-cache=1682699824775 HTTP/1.1" 200 445
190.44.39.198 - - [28/Apr/2023:13:52:38 -0300] "POST /cormun/servlet/hlogin?6b8719e646029f3c321bc5825864b3c3,gx-no-cache=1682699830455 HTTP/1.1" 200 445
190.171.143.90 - - [28/Apr/2023:13:52:45 -0300] "GET /cormun/servlet/solicitudotadjuntos?2c835a5f4d2400d87d18aed1611b7acd48e7d2a9a2957650b91d456e66ffb7bd,gx-no-cache=1682699839129 HTTP/1.1" 200 30
190.171.143.90 - - [28/Apr/2023:13:52:45 -0300] "GET /cormun/servlet/solicitudotadjuntos?2c835a5f4d2400d87d18aed1611b7acd48e7d2a9a2957650b91d456e66ffb7bd,gx-no-cache=1682699839149 HTTP/1.1" 200 30
190.171.143.90 - - [28/Apr/2023:13:52:54 -0300] "POST /cormun/servlet/solicitudotadjuntos?5b25f1d5215266ea2940f9054792fa0c,INS,2023,20083,,1, HTTP/1.1" 200 116
190.171.143.90 - - [28/Apr/2023:13:52:54 -0300] "GET /cormun/servlet/hpexe_return? HTTP/1.1" 200 1022
190.171.143.90 - - [28/Apr/2023:13:52:55 -0300] "GET /cormun/servlet/trsolicitudadjuntos?2023,20083, HTTP/1.1" 200 10417
190.171.143.90 - - [28/Apr/2023:13:52:55 -0300] "GET /cormun/servlet/trsolicitudadjuntos?2023,20083, HTTP/1.1" 200 10413
190.171.143.90 - - [28/Apr/2023:13:53:04 -0300] "GET /cormun/servlet/solicitudotadjuntos?INS,2023,20083,,1, HTTP/1.1" 200 6355
190.171.143.90 - - [28/Apr/2023:13:53:04 -0300] "GET /cormun/static/about:blank HTTP/1.1" 404 1011
190.171.143.90 - - [28/Apr/2023:13:53:04 -0300] "GET /cormun/servlet/solicitudotadjuntos?INS,2023,20083,,1, HTTP/1.1" 200 6348
190.171.143.90 - - [28/Apr/2023:13:53:04 -0300] "GET /cormun/servlet/solicitudotadjuntos?2c835a5f4d2400d87d18aed1611b7acda08a268515ff86acc34688a23a3ced91fac141ed067fe79a16f321f9f013fd0d,gx-no-cache=1682699858175 HTTP/1.1" 200 30
190.171.143.90 - - [28/Apr/2023:13:53:04 -0300] "POST /cormun/servlet/solicitudotadjuntos?5b25f1d5215266ea2940f9054792fa0c,INS,2023,20083,,1,,gx-no-cache=1682699858192 HTTP/1.1" 200 4143
190.171.143.90 - - [28/Apr/2023:13:53:08 -0300] "POST /cormun/servlet/solicitudotadjuntos?gx-no-cache=1682699861426 HTTP/1.1" 200 26
190.171.152.234 - - [28/Apr/2023:13:53:22 -0300] "GET /cormun/servlet/hlogin HTTP/1.1" 200 1725
190.171.152.234 - - [28/Apr/2023:13:53:34 -0300] "POST /cormun/servlet/hlogin?bb80da7c01bb5d204ef5d527ae8488da,gx-no-cache=1682696408886 HTTP/1.1" 200 90
190.171.152.234 - - [28/Apr/2023:13:53:34 -0300] "GET /cormun/servlet/hpexe_link HTTP/1.1" 200 956
190.171.152.234 - - [28/Apr/2023:13:53:34 -0300] "GET /cormun/servlet/hhome HTTP/1.1" 200 4285
190.171.152.234 - - [28/Apr/2023:13:53:35 -0300] "GET /cormun/servlet/hhome HTTP/1.1" 200 4281
190.171.152.234 - - [28/Apr/2023:13:53:41 -0300] "GET /cormun/servlet/trpermisosgoce? HTTP/1.1" 200 10125
190.171.152.234 - - [28/Apr/2023:13:53:41 -0300] "GET /cormun/static/gxcfg.js?2020121631564 HTTP/1.1" 200 953
190.171.152.234 - - [28/Apr/2023:13:53:41 -0300] "GET /cormun/static/trpermisosgoce.js?2020121633681 HTTP/1.1" 200 35904
190.171.152.234 - - [28/Apr/2023:13:53:42 -0300] "GET /cormun/servlet/trpermisosgoce? HTTP/1.1" 200 10126
190.44.39.198 - - [28/Apr/2023:13:53:42 -0300] "GET /cormun/servlet/hlogin HTTP/1.1" 200 1720
190.171.152.234 - - [28/Apr/2023:13:53:48 -0300] "GET /cormun/servlet/permisogoce?INS,0,,, HTTP/1.1" 200 7176
190.171.152.234 - - [28/Apr/2023:13:53:48 -0300] "GET /cormun/static/gxcfg.js?20201215124560 HTTP/1.1" 200 953
190.171.152.234 - - [28/Apr/2023:13:53:48 -0300] "GET /cormun/static/permisogoce.js?20201215124939 HTTP/1.1" 200 27790
190.171.152.234 - - [28/Apr/2023:13:53:48 -0300] "GET /cormun/servlet/permisogoce?INS,0,,, HTTP/1.1" 200 7176
190.171.152.234 - - [28/Apr/2023:13:53:55 -0300] "GET /cormun/servlet/permisogoce?05be43e0d7f617785bb369d5f9500dda20bca3a9086ac325128058e28466c8a30ba791d2b5909e7d348cdc0d640730bf8f1c9f8a93cab8fbd92c1ff5322455ab,gx-no-cache=1682696430448 HTTP/1.1" 200 73
190.171.143.90 - - [28/Apr/2023:13:53:56 -0300] "GET /cormun/servlet/solicitudotadjuntos?2c835a5f4d2400d87d18aed1611b7acd48e7d2a9a2957650b91d456e66ffb7bd,gx-no-cache=1682699910377 HTTP/1.1" 200 30
190.171.143.90 - - [28/Apr/2023:13:53:56 -0300] "GET /cormun/servlet/solicitudotadjuntos?2c835a5f4d2400d87d18aed1611b7acd48e7d2a9a2957650b91d456e66ffb7bd,gx-no-cache=1682699910396 HTTP/1.1" 200 30
190.171.143.90 - - [28/Apr/2023:13:53:57 -0300] "POST /cormun/servlet/solicitudotadjuntos?5b25f1d5215266ea2940f9054792fa0c,INS,2023,20083,,1, HTTP/1.1" 200 116
190.171.143.90 - - [28/Apr/2023:13:53:57 -0300] "GET /cormun/servlet/hpexe_return? HTTP/1.1" 200 1022
190.171.143.90 - - [28/Apr/2023:13:53:57 -0300] "GET /cormun/servlet/trsolicitudadjuntos?2023,20083, HTTP/1.1" 200 10576
190.171.143.90 - - [28/Apr/2023:13:53:57 -0300] "GET /cormun/servlet/trsolicitudadjuntos?2023,20083, HTTP/1.1" 200 10574
190.171.152.234 - - [28/Apr/2023:13:53:58 -0300] "GET /cormun/static/menuarrow.gif HTTP/1.1" 404 1015
190.171.152.234 - - [28/Apr/2023:13:54:02 -0300] "GET /cormun/servlet/permisogoce?05be43e0d7f617785bb369d5f9500ddac824c7900aafa6061034b5bc9df368aa44f4fabb0524a2d710d2604ccbb273644bed33f6579de654bdc53f4ca7996a0d,gx-no-cache=1682696437518 HTTP/1.1" 200 47
190.171.143.90 - - [28/Apr/2023:13:54:03 -0300] "GET /cormun/servlet/trautorizarsolicitud? HTTP/1.1" 200 7436
190.171.143.90 - - [28/Apr/2023:13:54:04 -0300] "GET /cormun/servlet/trautorizarsolicitud? HTTP/1.1" 200 7421
190.171.152.234 - - [28/Apr/2023:13:54:06 -0300] "POST /cormun/servlet/permisogoce?bb80da7c01bb5d204ef5d527ae8488da,INS,0,,,,gx-no-cache=1682696440609 HTTP/1.1" 200 93
190.171.152.234 - - [28/Apr/2023:13:54:06 -0300] "GET /cormun/servlet/hpexe_return? HTTP/1.1" 200 1015
190.171.152.234 - - [28/Apr/2023:13:54:06 -0300] "GET /cormun/static/gxcfg.js?20221129846035 HTTP/1.1" 200 953
190.171.152.234 - - [28/Apr/2023:13:54:06 -0300] "GET /cormun/static/hpexe_return.js?20221129846037 HTTP/1.1" 200 1633
190.171.143.90 - - [28/Apr/2023:13:54:06 -0300] "GET /cormun/servlet/trsolicitudot? HTTP/1.1" 200 8954
190.171.152.234 - - [28/Apr/2023:13:54:06 -0300] "GET /cormun/servlet/trpermisosgoce HTTP/1.1" 200 10430
190.171.143.90 - - [28/Apr/2023:13:54:07 -0300] "GET /cormun/servlet/trsolicitudot? HTTP/1.1" 200 8953
190.171.152.234 - - [28/Apr/2023:13:54:07 -0300] "GET /cormun/servlet/trpermisosgoce HTTP/1.1" 200 10421
190.44.39.198 - - [28/Apr/2023:13:54:09 -0300] "POST /cormun/servlet/hlogin?6b8719e646029f3c321bc5825864b3c3,gx-no-cache=1682699921121 HTTP/1.1" 200 428
190.171.152.234 - - [28/Apr/2023:13:54:10 -0300] "GET /cormun/servlet/permisogoce?INS,0,,, HTTP/1.1" 200 7175
190.171.152.234 - - [28/Apr/2023:13:54:10 -0300] "GET /cormun/servlet/permisogoce?INS,0,,, HTTP/1.1" 200 7176
190.171.143.90 - - [28/Apr/2023:13:54:11 -0300] "POST /cormun/servlet/trsolicitudot?5b25f1d5215266ea2940f9054792fa0c,,gx-no-cache=1682699925094 HTTP/1.1" 200 4878
190.171.143.90 - - [28/Apr/2023:13:54:11 -0300] "GET /cormun/static/Shared/jqueryui/images/ui-icons_82798d_256x240.png HTTP/1.1" 404 1089
190.171.143.90 - - [28/Apr/2023:13:54:11 -0300] "GET /cormun/static/Shared/jqueryui/images/ui-bg_highlight-soft_100_c6c2c8_1x100.png HTTP/1.1" 404 1117
190.171.143.90 - - [28/Apr/2023:13:54:11 -0300] "GET /cormun/static/Shared/jqueryui/images/ui-bg_flat_55_fafafa_40x100.png HTTP/1.1" 404 1097
190.171.143.90 - - [28/Apr/2023:13:54:11 -0300] "GET /cormun/static/Shared/jqueryui/images/ui-icons_8d78a5_256x240.png HTTP/1.1" 404 1089
190.171.143.90 - - [28/Apr/2023:13:54:11 -0300] "POST /cormun/servlet/trsolicitudot?5b25f1d5215266ea2940f9054792fa0c,,gx-no-cache=1682699925266 HTTP/1.1" 200 4615
190.171.143.90 - - [28/Apr/2023:13:54:15 -0300] "GET /cormun/servlet/trsolicitudot? HTTP/1.1" 200 7527
190.171.143.90 - - [28/Apr/2023:13:54:15 -0300] "GET /cormun/servlet/trsolicitudot? HTTP/1.1" 200 7527
190.171.143.90 - - [28/Apr/2023:13:54:19 -0300] "GET /cormun/servlet/trvisualizadoreventos? HTTP/1.1" 200 7096
190.171.143.90 - - [28/Apr/2023:13:54:19 -0300] "GET /cormun/servlet/trvisualizadoreventos? HTTP/1.1" 200 7095
190.171.152.234 - - [28/Apr/2023:13:54:20 -0300] "GET /cormun/servlet/permisogoce?05be43e0d7f617785bb369d5f9500dda85f1920cee352da5dad82344a3afea580ba791d2b5909e7d348cdc0d640730bf8f1c9f8a93cab8fbd92c1ff5322455ab,gx-no-cache=1682696455296 HTTP/1.1" 200 81
190.171.152.234 - - [28/Apr/2023:13:54:22 -0300] "GET /cormun/static/menuarrow.gif HTTP/1.1" 404 1015
190.171.143.90 - - [28/Apr/2023:13:54:24 -0300] "GET /cormun/servlet/trautorizarsolicitud? HTTP/1.1" 200 8846
190.171.143.90 - - [28/Apr/2023:13:54:24 -0300] "GET /cormun/servlet/trautorizarsolicitud? HTTP/1.1" 200 8846
190.44.39.198 - - [28/Apr/2023:13:54:26 -0300] "POST /cormun/servlet/hlogin?6b8719e646029f3c321bc5825864b3c3,gx-no-cache=1682699938082 HTTP/1.1" 200 428
190.171.152.234 - - [28/Apr/2023:13:54:27 -0300] "GET /cormun/servlet/permisogoce?05be43e0d7f617785bb369d5f9500dda84be759c1ec3ea9b48c1abbe8350443de1c0aa697fc85854d0e1a44a4625fd734bed33f6579de654bdc53f4ca7996a0d,gx-no-cache=1682696461934 HTTP/1.1" 200 47
190.171.152.234 - - [28/Apr/2023:13:54:30 -0300] "POST /cormun/servlet/permisogoce?bb80da7c01bb5d204ef5d527ae8488da,INS,0,,,,gx-no-cache=1682696464880 HTTP/1.1" 200 93
190.171.152.234 - - [28/Apr/2023:13:54:30 -0300] "GET /cormun/servlet/hpexe_return? HTTP/1.1" 200 1015
190.171.152.234 - - [28/Apr/2023:13:54:30 -0300] "GET /cormun/servlet/trpermisosgoce HTTP/1.1" 200 10656
190.171.152.234 - - [28/Apr/2023:13:54:31 -0300] "GET /cormun/servlet/trpermisosgoce HTTP/1.1" 200 10658
190.171.152.234 - - [28/Apr/2023:13:54:36 -0300] "GET /cormun/servlet/permisogoce?INS,0,,, HTTP/1.1" 200 7175
190.171.152.234 - - [28/Apr/2023:13:54:37 -0300] "GET /cormun/servlet/permisogoce?INS,0,,, HTTP/1.1" 200 7176
190.171.143.90 - - [28/Apr/2023:13:54:43 -0300] "POST /cormun/servlet/trautorizarsolicitud?5b25f1d5215266ea2940f9054792fa0c,,gx-no-cache=1682699956405 HTTP/1.1" 200 4798
190.171.143.90 - - [28/Apr/2023:13:54:43 -0300] "GET /cormun/static/Shared/jqueryui/images/ui-bg_highlight-soft_100_c6c2c8_1x100.png HTTP/1.1" 404 1117
190.171.143.90 - - [28/Apr/2023:13:54:43 -0300] "GET /cormun/static/Shared/jqueryui/images/ui-bg_flat_55_fafafa_40x100.png HTTP/1.1" 404 1097
190.171.143.90 - - [28/Apr/2023:13:54:43 -0300] "GET /cormun/static/Shared/jqueryui/images/ui-icons_8d78a5_256x240.png HTTP/1.1" 404 1089
190.171.143.90 - - [28/Apr/2023:13:54:43 -0300] "GET /cormun/static/Shared/jqueryui/images/ui-icons_82798d_256x240.png HTTP/1.1" 404 1089
190.171.143.90 - - [28/Apr/2023:13:54:43 -0300] "POST /cormun/servlet/trautorizarsolicitud?5b25f1d5215266ea2940f9054792fa0c,,gx-no-cache=1682699956570 HTTP/1.1" 200 4538
190.171.152.234 - - [28/Apr/2023:13:54:43 -0300] "GET /cormun/servlet/permisogoce?05be43e0d7f617785bb369d5f9500dda141ddac1992d9b55536d1d477f1e39850ba791d2b5909e7d348cdc0d640730bf8f1c9f8a93cab8fbd92c1ff5322455ab,gx-no-cache=1682696477936 HTTP/1.1" 200 74
190.171.152.234 - - [28/Apr/2023:13:54:46 -0300] "GET /cormun/static/menuarrow.gif HTTP/1.1" 404 1015
190.171.152.234 - - [28/Apr/2023:13:54:51 -0300] "GET /cormun/servlet/permisogoce?05be43e0d7f617785bb369d5f9500ddabae159d46f185719bb090483d432e847acd68bb4ac34b720918815d9533c35914bed33f6579de654bdc53f4ca7996a0d,gx-no-cache=1682696485799 HTTP/1.1" 200 47
190.171.152.234 - - [28/Apr/2023:13:54:54 -0300] "POST /cormun/servlet/permisogoce?bb80da7c01bb5d204ef5d527ae8488da,INS,0,,,,gx-no-cache=1682696489073 HTTP/1.1" 200 93
190.171.152.234 - - [28/Apr/2023:13:54:54 -0300] "GET /cormun/servlet/hpexe_return? HTTP/1.1" 200 1015
190.171.152.234 - - [28/Apr/2023:13:54:55 -0300] "GET /cormun/servlet/trpermisosgoce HTTP/1.1" 200 10886
190.171.152.234 - - [28/Apr/2023:13:54:55 -0300] "GET /cormun/servlet/trpermisosgoce HTTP/1.1" 200 10883
190.171.152.234 - - [28/Apr/2023:13:55:19 -0300] "GET /cormun/servlet/trpermisosadjuntos?16492721,20230428123752,P, HTTP/1.1" 200 6599
190.171.152.234 - - [28/Apr/2023:13:55:19 -0300] "GET /cormun/static/gxcfg.js?2020121641683 HTTP/1.1" 200 953
190.171.152.234 - - [28/Apr/2023:13:55:19 -0300] "GET /cormun/static/trpermisosadjuntos.js?2020121642996 HTTP/1.1" 200 20158
190.171.152.234 - - [28/Apr/2023:13:55:20 -0300] "GET /cormun/servlet/trpermisosadjuntos?16492721,20230428123752,P, HTTP/1.1" 200 6601
190.171.143.90 - - [28/Apr/2023:13:55:20 -0300] "GET /cormun/servlet/trsolicitudot? HTTP/1.1" 200 7528
190.171.143.90 - - [28/Apr/2023:13:55:21 -0300] "GET /cormun/servlet/trsolicitudot? HTTP/1.1" 200 7527
190.171.152.234 - - [28/Apr/2023:13:55:22 -0300] "GET /cormun/servlet/permisosadjuntos?INS,16492721,P,20230428123752,, HTTP/1.1" 200 5926
190.171.152.234 - - [28/Apr/2023:13:55:22 -0300] "GET /cormun/static/gxcfg.js?20201215134212 HTTP/1.1" 200 953
190.171.152.234 - - [28/Apr/2023:13:55:22 -0300] "GET /cormun/static/permisosadjuntos.js?20201215134285 HTTP/1.1" 200 8724
190.171.152.234 - - [28/Apr/2023:13:55:22 -0300] "GET /cormun/static/about:blank HTTP/1.1" 404 1011
190.171.152.234 - - [28/Apr/2023:13:55:22 -0300] "GET /cormun/servlet/permisosadjuntos?INS,16492721,P,20230428123752,, HTTP/1.1" 200 5915
190.44.39.198 - - [28/Apr/2023:13:55:27 -0300] "POST /cormun/servlet/hlogin?6b8719e646029f3c321bc5825864b3c3,gx-no-cache=1682699999269 HTTP/1.1" 200 430
190.44.39.198 - - [28/Apr/2023:13:55:36 -0300] "POST /cormun/servlet/hlogin?6b8719e646029f3c321bc5825864b3c3,gx-no-cache=1682700007865 HTTP/1.1" 200 430
190.171.152.234 - - [28/Apr/2023:13:55:39 -0300] "POST /cormun/servlet/permisosadjuntos?bb80da7c01bb5d204ef5d527ae8488da,INS,16492721,P,20230428123752,, HTTP/1.1" 200 116
190.171.152.234 - - [28/Apr/2023:13:55:39 -0300] "GET /cormun/servlet/hpexe_return? HTTP/1.1" 200 1042
190.171.152.234 - - [28/Apr/2023:13:55:39 -0300] "GET /cormun/servlet/trpermisosadjuntos?16492721,20230428123752,P, HTTP/1.1" 200 7073
190.171.152.234 - - [28/Apr/2023:13:55:39 -0300] "GET /cormun/servlet/trpermisosadjuntos?16492721,20230428123752,P, HTTP/1.1" 200 7069
190.171.143.90 - - [28/Apr/2023:13:55:43 -0300] "POST /cormun/servlet/trsolicitudot?5b25f1d5215266ea2940f9054792fa0c,,gx-no-cache=1682700017077 HTTP/1.1" 200 103
190.171.143.90 - - [28/Apr/2023:13:55:43 -0300] "GET /cormun/SolicitudOT-9738.xls HTTP/1.1" 200 4608
190.44.39.198 - - [28/Apr/2023:13:55:44 -0300] "POST /cormun/servlet/hlogin?6b8719e646029f3c321bc5825864b3c3,gx-no-cache=1682700015722 HTTP/1.1" 200 430
190.171.152.234 - - [28/Apr/2023:13:55:44 -0300] "GET /cormun/servlet/trpermisosgoce? HTTP/1.1" 200 10885
190.171.152.234 - - [28/Apr/2023:13:55:45 -0300] "GET /cormun/servlet/trpermisosgoce? HTTP/1.1" 200 10886
190.44.39.198 - - [28/Apr/2023:13:55:45 -0300] "POST /cormun/servlet/hlogin?6b8719e646029f3c321bc5825864b3c3,gx-no-cache=1682700017159 HTTP/1.1" 200 428
190.171.143.90 - - [28/Apr/2023:13:55:47 -0300] "GET /cormun/servlet/solicitudot?INS,0,0,false, HTTP/1.1" 200 16154
190.171.143.90 - - [28/Apr/2023:13:55:47 -0300] "GET /cormun/servlet/solicitudot?INS,0,0,false, HTTP/1.1" 200 16162
190.171.152.234 - - [28/Apr/2023:13:55:49 -0300] "POST /cormun/servlet/trpermisosgoce?bb80da7c01bb5d204ef5d527ae8488da,,gx-no-cache=1682696543252 HTTP/1.1" 200 8175
190.171.152.234 - - [28/Apr/2023:13:55:49 -0300] "GET /cormun/static/Shared/jqueryui/images/ui-icons_82798d_256x240.png HTTP/1.1" 404 1089
190.171.152.234 - - [28/Apr/2023:13:55:49 -0300] "GET /cormun/static/Shared/jqueryui/images/ui-bg_highlight-soft_100_c6c2c8_1x100.png HTTP/1.1" 404 1117
190.171.152.234 - - [28/Apr/2023:13:55:49 -0300] "GET /cormun/static/Shared/jqueryui/images/ui-icons_8d78a5_256x240.png HTTP/1.1" 404 1089
190.171.152.234 - - [28/Apr/2023:13:55:49 -0300] "GET /cormun/static/Shared/jqueryui/images/ui-bg_flat_55_fafafa_40x100.png HTTP/1.1" 404 1097
190.171.152.234 - - [28/Apr/2023:13:56:01 -0300] "GET /cormun/servlet/trpermisosadjuntos?18040304,20230428123841,P, HTTP/1.1" 200 6598
190.171.152.234 - - [28/Apr/2023:13:56:02 -0300] "GET /cormun/servlet/trpermisosadjuntos?18040304,20230428123841,P, HTTP/1.1" 200 6598
190.171.143.90 - - [28/Apr/2023:13:56:02 -0300] "POST /cormun/servlet/solicitudot?gx-no-cache=1682700035267 HTTP/1.1" 200 3961
190.171.143.90 - - [28/Apr/2023:13:56:02 -0300] "POST /cormun/servlet/solicitudot?5b25f1d5215266ea2940f9054792fa0c,INS,0,0,false,,gx-no-cache=1682700035606 HTTP/1.1" 200 12789
190.171.152.234 - - [28/Apr/2023:13:56:03 -0300] "GET /cormun/servlet/permisosadjuntos?INS,18040304,P,20230428123841,, HTTP/1.1" 200 5922
190.171.152.234 - - [28/Apr/2023:13:56:03 -0300] "GET /cormun/static/about:blank HTTP/1.1" 404 1011
190.171.152.234 - - [28/Apr/2023:13:56:03 -0300] "GET /cormun/servlet/permisosadjuntos?INS,18040304,P,20230428123841,, HTTP/1.1" 200 5912
190.171.143.90 - - [28/Apr/2023:13:56:09 -0300] "GET /cormun/servlet/solicitudot?2c835a5f4d2400d87d18aed1611b7acd459ccc6a5f54adcc13509a9feec51c78e978ca632b2de44fca217dd8eea5c9bd,gx-no-cache=1682700043117 HTTP/1.1" 200 30
190.171.152.234 - - [28/Apr/2023:13:56:23 -0300] "POST /cormun/servlet/permisosadjuntos?bb80da7c01bb5d204ef5d527ae8488da,INS,18040304,P,20230428123841,, HTTP/1.1" 200 116
190.171.152.234 - - [28/Apr/2023:13:56:23 -0300] "GET /cormun/servlet/hpexe_return? HTTP/1.1" 200 1040
190.171.152.234 - - [28/Apr/2023:13:56:23 -0300] "GET /cormun/servlet/trpermisosadjuntos?18040304,20230428123841,P, HTTP/1.1" 200 7071
190.171.152.234 - - [28/Apr/2023:13:56:24 -0300] "GET /cormun/servlet/trpermisosadjuntos?18040304,20230428123841,P, HTTP/1.1" 200 7068
190.171.152.234 - - [28/Apr/2023:13:56:27 -0300] "GET /cormun/servlet/trpermisosgoce? HTTP/1.1" 200 10888
190.171.152.234 - - [28/Apr/2023:13:56:28 -0300] "GET /cormun/servlet/trpermisosgoce? HTTP/1.1" 200 10880
190.171.152.234 - - [28/Apr/2023:13:56:34 -0300] "GET /cormun/servlet/trpermisosadjuntos?16158284,20230428123814,P, HTTP/1.1" 200 6606
190.171.152.234 - - [28/Apr/2023:13:56:34 -0300] "GET /cormun/servlet/trpermisosadjuntos?16158284,20230428123814,P, HTTP/1.1" 200 6606
190.171.152.234 - - [28/Apr/2023:13:56:36 -0300] "GET /cormun/servlet/permisosadjuntos?INS,16158284,P,20230428123814,, HTTP/1.1" 200 5931
190.171.152.234 - - [28/Apr/2023:13:56:36 -0300] "GET /cormun/static/about:blank HTTP/1.1" 404 1011
190.171.152.234 - - [28/Apr/2023:13:56:36 -0300] "GET /cormun/servlet/permisosadjuntos?INS,16158284,P,20230428123814,, HTTP/1.1" 200 5922
190.171.152.234 - - [28/Apr/2023:13:56:46 -0300] "POST /cormun/servlet/permisosadjuntos?bb80da7c01bb5d204ef5d527ae8488da,INS,16158284,P,20230428123814,, HTTP/1.1" 200 116
190.171.152.234 - - [28/Apr/2023:13:56:46 -0300] "GET /cormun/servlet/hpexe_return? HTTP/1.1" 200 1042
190.171.152.234 - - [28/Apr/2023:13:56:46 -0300] "GET /cormun/servlet/trpermisosadjuntos?16158284,20230428123814,P, HTTP/1.1" 200 7081
190.171.152.234 - - [28/Apr/2023:13:56:46 -0300] "GET /cormun/servlet/trpermisosadjuntos?16158284,20230428123814,P, HTTP/1.1" 200 7075
190.171.152.234 - - [28/Apr/2023:13:56:54 -0300] "GET /cormun/servlet/trpermisosgoce? HTTP/1.1" 200 10875
190.171.152.234 - - [28/Apr/2023:13:56:54 -0300] "GET /cormun/servlet/trpermisosgoce? HTTP/1.1" 200 10876
190.171.152.234 - - [28/Apr/2023:13:56:58 -0300] "POST /cormun/servlet/trpermisosgoce?bb80da7c01bb5d204ef5d527ae8488da,,gx-no-cache=1682696613025 HTTP/1.1" 200 8214
190.171.152.234 - - [28/Apr/2023:13:56:58 -0300] "GET /cormun/static/Shared/jqueryui/images/ui-bg_highlight-soft_100_c6c2c8_1x100.png HTTP/1.1" 404 1117
190.171.152.234 - - [28/Apr/2023:13:56:58 -0300] "GET /cormun/static/Shared/jqueryui/images/ui-icons_82798d_256x240.png HTTP/1.1" 404 1089
190.171.152.234 - - [28/Apr/2023:13:56:58 -0300] "GET /cormun/static/Shared/jqueryui/images/ui-bg_flat_55_fafafa_40x100.png HTTP/1.1" 404 1097
190.171.152.234 - - [28/Apr/2023:13:56:58 -0300] "GET /cormun/static/Shared/jqueryui/images/ui-icons_8d78a5_256x240.png HTTP/1.1" 404 1089
190.171.152.234 - - [28/Apr/2023:13:57:02 -0300] "POST /cormun/servlet/trpermisosgoce?bb80da7c01bb5d204ef5d527ae8488da,,gx-no-cache=1682696616640 HTTP/1.1" 200 8160
190.171.152.234 - - [28/Apr/2023:13:57:05 -0300] "POST /cormun/servlet/trpermisosgoce?bb80da7c01bb5d204ef5d527ae8488da,,gx-no-cache=1682696620152 HTTP/1.1" 200 8120
190.171.152.234 - - [28/Apr/2023:13:57:09 -0300] "GET /cormun/servlet/trautorizarpermisogoce? HTTP/1.1" 200 8415
190.171.152.234 - - [28/Apr/2023:13:57:09 -0300] "GET /cormun/static/gxcfg.js?2020121645532 HTTP/1.1" 200 953
190.171.152.234 - - [28/Apr/2023:13:57:09 -0300] "GET /cormun/static/trautorizarpermisogoce.js?2020121651492 HTTP/1.1" 200 34948
190.171.152.234 - - [28/Apr/2023:13:57:09 -0300] "GET /cormun/servlet/trautorizarpermisogoce? HTTP/1.1" 200 8414
190.171.152.234 - - [28/Apr/2023:13:57:15 -0300] "POST /cormun/servlet/trautorizarpermisogoce?bb80da7c01bb5d204ef5d527ae8488da,,gx-no-cache=1682696629786 HTTP/1.1" 200 5536
190.171.152.234 - - [28/Apr/2023:13:57:15 -0300] "GET /cormun/static/Shared/jqueryui/images/ui-bg_highlight-soft_100_c6c2c8_1x100.png HTTP/1.1" 404 1117
190.171.152.234 - - [28/Apr/2023:13:57:15 -0300] "GET /cormun/static/Shared/jqueryui/images/ui-icons_82798d_256x240.png HTTP/1.1" 404 1089
190.171.152.234 - - [28/Apr/2023:13:57:15 -0300] "GET /cormun/static/Shared/jqueryui/images/ui-bg_flat_55_fafafa_40x100.png HTTP/1.1" 404 1097
190.171.152.234 - - [28/Apr/2023:13:57:15 -0300] "GET /cormun/static/Shared/jqueryui/images/ui-icons_8d78a5_256x240.png HTTP/1.1" 404 1089
190.171.152.234 - - [28/Apr/2023:13:57:17 -0300] "POST /cormun/servlet/trautorizarpermisogoce?bb80da7c01bb5d204ef5d527ae8488da,,gx-no-cache=1682696631711 HTTP/1.1" 200 5286
190.171.152.234 - - [28/Apr/2023:13:57:18 -0300] "POST /cormun/servlet/trautorizarpermisogoce?bb80da7c01bb5d204ef5d527ae8488da,,gx-no-cache=1682696633039 HTTP/1.1" 200 4532
190.171.143.90 - - [28/Apr/2023:14:00:03 -0300] "GET /cormun/servlet/prbanco?,MD,,gxPopupLevel%3D0%3B HTTP/1.1" 200 6598
190.171.143.90 - - [28/Apr/2023:14:00:07 -0300] "GET /cormun/servlet/solicitudot?2c835a5f4d2400d87d18aed1611b7acd09839eba1e2764caf220ad6d44e98413612f324085b15499f25e8cc5db8e438a067a2025ebd6e46bafbf1bde1b733fb0,gx-no-cache=1682700281172 HTTP/1.1" 200 30
190.171.143.90 - - [28/Apr/2023:14:00:09 -0300] "GET /cormun/servlet/solicitudot?2c835a5f4d2400d87d18aed1611b7acd15b41ef370bde6ee4f31653115dea19c,gx-no-cache=1682700283197 HTTP/1.1" 200 53
190.46.88.50 - - [28/Apr/2023:14:00:25 -0300] "GET /cormun/servlet/hlogin HTTP/1.1" 200 1723
190.171.143.90 - - [28/Apr/2023:14:00:30 -0300] "POST /cormun/servlet/solicitudot?gx-no-cache=1682700304059 HTTP/1.1" 200 255
190.171.143.90 - - [28/Apr/2023:14:00:35 -0300] "GET /cormun/servlet/solicitudot?2c835a5f4d2400d87d18aed1611b7acd9a5215e50ddc73c76b43bb8ad0662d9411aa0b295e3c2dc8c9bb59b568681f4140424ce8c8faddf7d6fb767b3d3ea4faf73786dd618b19446a3992379ddc7f0675365857558a7457c66f1e3de5deed6dd5d7451b885e56633f221b1755daac2e8484af01b7dc64ee354346951ddbd42a31a632d4c6e28b7f39a5fb571a258a31d74ff91dffe68ef66c63201c687dd77f402e14cb007b8b33ecff707370c222e3447603de7a770f8c0eeb4aef76cd98edfd9abd07742d7641030bd9e31b72908ae0622f91b51c39b1e24fa2f2ccbafa93f092e3e5601461d099af97c8b08930f095fb8daa82769f90ade8d66da23a8561b944b693b4559b3ed1f7bae49b5cdd9414c51a7b0b408b0e4bcc56192067c1abdef495863bf2fd51aaba4eb5e1f3bf5196c6f890a12074c12cd0e435e9a73f6c189982f0c0c9edc65aac21f606ed915357b36beb2cf7c735e33fa4bfabe92d44eaf09e0d530c3bf060b52fff4d542df330917a32ef2fa9d9755c0e93123d4ac6,gx-no-cache=1682700309158 HTTP/1.1" 200 30
190.46.88.50 - - [28/Apr/2023:14:00:38 -0300] "POST /cormun/servlet/hlogin?836f45f7093f586b0c20e09c0c5d0cbb,gx-no-cache=1682700635316 HTTP/1.1" 200 90
190.46.88.50 - - [28/Apr/2023:14:00:38 -0300] "GET /cormun/servlet/hpexe_link HTTP/1.1" 200 955
190.46.88.50 - - [28/Apr/2023:14:00:39 -0300] "GET /cormun/servlet/hhome HTTP/1.1" 200 4322
190.46.88.50 - - [28/Apr/2023:14:00:39 -0300] "GET /cormun/static/gxcfg.js?20201215495537 HTTP/1.1" 200 953
190.46.88.50 - - [28/Apr/2023:14:00:39 -0300] "GET /cormun/static/hhome.js?20201215495544 HTTP/1.1" 200 777
190.46.88.50 - - [28/Apr/2023:14:00:40 -0300] "GET /cormun/servlet/hhome HTTP/1.1" 200 4318
190.46.88.50 - - [28/Apr/2023:14:00:48 -0300] "GET /cormun/servlet/trpermisosgoce? HTTP/1.1" 200 10463
190.46.88.50 - - [28/Apr/2023:14:00:48 -0300] "GET /cormun/static/gxcfg.js?2020121631564 HTTP/1.1" 200 953
190.46.88.50 - - [28/Apr/2023:14:00:48 -0300] "GET /cormun/static/trpermisosgoce.js?2020121633681 HTTP/1.1" 200 35904
190.46.88.50 - - [28/Apr/2023:14:00:49 -0300] "GET /cormun//static/Resources/PXToolsGridDelete.png HTTP/1.1" 200 538
190.46.88.50 - - [28/Apr/2023:14:00:49 -0300] "GET /cormun/servlet/trpermisosgoce? HTTP/1.1" 200 10461
190.46.88.50 - - [28/Apr/2023:14:01:32 -0300] "GET /cormun/servlet/permisogoce?DSP,11487409,P,20230427161550, HTTP/1.1" 200 7061
190.46.88.50 - - [28/Apr/2023:14:01:32 -0300] "GET /cormun/static/gxcfg.js?20201215124560 HTTP/1.1" 200 953
190.46.88.50 - - [28/Apr/2023:14:01:32 -0300] "GET /cormun/static/permisogoce.js?20201215124939 HTTP/1.1" 200 27790
190.46.88.50 - - [28/Apr/2023:14:01:32 -0300] "GET /cormun/static/Resources/prompt.gif HTTP/1.1" 200 902
190.46.88.50 - - [28/Apr/2023:14:01:33 -0300] "GET /cormun/servlet/permisogoce?DSP,11487409,P,20230427161550, HTTP/1.1" 200 7062
190.46.88.50 - - [28/Apr/2023:14:01:43 -0300] "GET /cormun/servlet/trpermisosgoce? HTTP/1.1" 200 10463
190.46.88.50 - - [28/Apr/2023:14:01:44 -0300] "GET /cormun/servlet/trpermisosgoce? HTTP/1.1" 200 10461
190.162.129.187 - - [28/Apr/2023:14:01:52 -0300] "GET /cormun/servlet/hlogin HTTP/1.1" 200 1724
190.162.129.187 - - [28/Apr/2023:14:01:52 -0300] "GET /cormun/static/gxtimezone.js?85251 HTTP/1.1" 200 5781
190.162.129.187 - - [28/Apr/2023:14:01:52 -0300] "GET /cormun/static/gxcfg.js?2022112219184450 HTTP/1.1" 200 953
190.162.129.187 - - [28/Apr/2023:14:01:52 -0300] "GET /cormun/static/Resources/Spanish/PXTools.css?1759030 HTTP/1.1" 200 100853
190.162.129.187 - - [28/Apr/2023:14:01:52 -0300] "GET /cormun/static/messages.spa.js?85251 HTTP/1.1" 200 30736
190.162.129.187 - - [28/Apr/2023:14:01:52 -0300] "GET /cormun/static/hlogin.js?2022112219184458 HTTP/1.1" 200 2156
190.162.129.187 - - [28/Apr/2023:14:01:52 -0300] "GET /cormun/static/Resources/CormunLogin.png HTTP/1.1" 200 19132
190.162.129.187 - - [28/Apr/2023:14:01:52 -0300] "GET /cormun/static/gxgral.js?85251 HTTP/1.1" 200 384558
190.162.129.187 - - [28/Apr/2023:14:01:52 -0300] "GET /cormun/static/Resources/PXToolsLoginBackground.png HTTP/1.1" 200 1164
190.162.129.187 - - [28/Apr/2023:14:01:52 -0300] "GET /cormun/static/Resources/PXToolsLoginTop.png HTTP/1.1" 200 1337
190.162.129.187 - - [28/Apr/2023:14:01:52 -0300] "GET /cormun/static/Resources/PXToolsButtonRight.png HTTP/1.1" 200 1294
190.162.129.187 - - [28/Apr/2023:14:01:52 -0300] "GET /cormun/static/Resources/PXToolsButtonLeft.png HTTP/1.1" 200 1310
190.162.129.187 - - [28/Apr/2023:14:01:52 -0300] "GET /cormun/static/Resources/PXToolsButtonBackground.png HTTP/1.1" 200 1176
190.162.129.187 - - [28/Apr/2023:14:01:52 -0300] "GET /cormun/static/Resources/PXToolsLoginBottom.png HTTP/1.1" 200 1389
190.162.129.187 - - [28/Apr/2023:14:01:52 -0300] "GET /cormun/servlet/hlogin HTTP/1.1" 200 1734
190.162.129.187 - - [28/Apr/2023:14:01:52 -0300] "GET /cormun/static/Resources/indicator.gif HTTP/1.1" 200 1553
190.162.129.187 - - [28/Apr/2023:14:01:53 -0300] "GET /favicon.ico HTTP/1.1" 200 21630
190.171.143.90 - - [28/Apr/2023:14:01:57 -0300] "POST /cormun/servlet/solicitudot?gx-no-cache=1682700390602 HTTP/1.1" 200 30
190.46.88.50 - - [28/Apr/2023:14:02:21 -0300] "GET /cormun/servlet/trpermisosgoce? HTTP/1.1" 200 10461
190.46.88.50 - - [28/Apr/2023:14:02:22 -0300] "GET /cormun/servlet/trpermisosgoce? HTTP/1.1" 200 10461
190.171.143.90 - - [28/Apr/2023:14:02:42 -0300] "POST /cormun/servlet/solicitudot?gx-no-cache=1682700436367 HTTP/1.1" 200 1468
190.171.143.90 - - [28/Apr/2023:14:02:43 -0300] "POST /cormun/servlet/solicitudot?gx-no-cache=1682700436431 HTTP/1.1" 200 38
190.46.88.50 - - [28/Apr/2023:14:03:06 -0300] "GET /cormun/static/menuarrow.gif HTTP/1.1" 404 1015
190.171.143.90 - - [28/Apr/2023:14:03:44 -0300] "GET /cormun/servlet/solicitudot?2c835a5f4d2400d87d18aed1611b7acd033e834a825aadc795f520494f09135e1006dddbf751246965bca22fab5854869c69080e020711e0754e3a4ab00842b41f0e253c5774674d8c3105921f199175011ff5e536173a0806d6f966de7f51b9af8a7470cc3637a130ad23c4b5c04041,gx-no-cache=1682700498210 HTTP/1.1" 200 110
190.171.143.90 - - [28/Apr/2023:14:03:44 -0300] "POST /cormun/servlet/solicitudot?gx-no-cache=1682700498252 HTTP/1.1" 200 110
190.171.143.90 - - [28/Apr/2023:14:04:08 -0300] "GET /cormun/servlet/solicitudot?2c835a5f4d2400d87d18aed1611b7acd9cb348c20311df0a498af827bf92e472f5f4e08ede660be4fe76af20034de4db1a0dfd7e0dc427b7484c0e44eae68982ab327bd037cd598a6c32664d53f90ed4fe4264a9bc8cebe1a571c5431a90ea276da715bf3d68d1eb89cece234fa9fbf0,gx-no-cache=1682700521938 HTTP/1.1" 200 29
190.46.88.50 - - [28/Apr/2023:14:04:56 -0300] "GET /cormun/servlet/permisogoce?INS,0,,, HTTP/1.1" 200 7211
190.46.88.50 - - [28/Apr/2023:14:04:57 -0300] "GET /cormun/servlet/permisogoce?INS,0,,, HTTP/1.1" 200 7211
190.46.88.50 - - [28/Apr/2023:14:05:00 -0300] "GET /cormun/servlet/permisogoce?52166dbde3a264723a91d5f49d275bd12ecabf185d6de0faae3c9c10f8cceb7ab28f36cdc373ab208296839ddd08d9633a2947ad295d4c500aef26cb133e03f3,gx-no-cache=1682700896832 HTTP/1.1" 200 200
190.46.88.50 - - [28/Apr/2023:14:05:00 -0300] "GET /cormun/static/Shared/jqueryui/images/ui-icons_82798d_256x240.png HTTP/1.1" 404 1089
190.46.88.50 - - [28/Apr/2023:14:05:00 -0300] "GET /cormun/static/Shared/jqueryui/images/ui-bg_highlight-soft_100_c6c2c8_1x100.png HTTP/1.1" 404 1117
190.46.88.50 - - [28/Apr/2023:14:05:00 -0300] "GET /cormun/static/Shared/jqueryui/images/ui-bg_flat_55_994d53_40x100.png HTTP/1.1" 404 1097
190.46.88.50 - - [28/Apr/2023:14:05:00 -0300] "GET /cormun/static/Shared/jqueryui/images/ui-icons_ebccce_256x240.png HTTP/1.1" 404 1089
190.46.88.50 - - [28/Apr/2023:14:05:00 -0300] "GET /cormun/servlet/permisogoce?52166dbde3a264723a91d5f49d275bd1e328eb6a70cb18fd794395ea93055648c414ce5698d8b649e801aae842a2fa7d,gx-no-cache=1682700897140 HTTP/1.1" 200 129
190.46.88.50 - - [28/Apr/2023:14:05:22 -0300] "GET /cormun/servlet/permisogoce?52166dbde3a264723a91d5f49d275bd10884edca410c1d91eb91e5d0bb9ce5571a50ba7dea84a078f295b92c7eda70cfd8287f3a1675beeabe63d045fc9bf04a,gx-no-cache=1682700919634 HTTP/1.1" 200 74
190.46.88.50 - - [28/Apr/2023:14:05:50 -0300] "GET /cormun/servlet/permisogoce?52166dbde3a264723a91d5f49d275bd1d9f4f2ad3e4883bf2eb2bb195a5bd260b81a81f998c650232a358d487444f1a9b598af1a40b40ec060154cd0ba5da2cc,gx-no-cache=1682700946804 HTTP/1.1" 200 46
190.171.143.90 - - [28/Apr/2023:14:05:57 -0300] "POST /cormun/servlet/solicitudot?gx-no-cache=1682700630714 HTTP/1.1" 200 30
190.46.88.50 - - [28/Apr/2023:14:06:42 -0300] "POST /cormun/servlet/permisogoce?836f45f7093f586b0c20e09c0c5d0cbb,INS,0,,,,gx-no-cache=1682700998685 HTTP/1.1" 200 93
190.46.88.50 - - [28/Apr/2023:14:06:43 -0300] "GET /cormun/servlet/hpexe_return? HTTP/1.1" 200 1012
190.46.88.50 - - [28/Apr/2023:14:06:43 -0300] "GET /cormun/static/gxcfg.js?20221129846035 HTTP/1.1" 200 953
190.46.88.50 - - [28/Apr/2023:14:06:43 -0300] "GET /cormun/static/hpexe_return.js?20221129846037 HTTP/1.1" 200 1633
190.46.88.50 - - [28/Apr/2023:14:06:43 -0300] "GET /cormun/servlet/trpermisosgoce HTTP/1.1" 200 10814
190.46.88.50 - - [28/Apr/2023:14:06:44 -0300] "GET /cormun//static/Resources/PXToolsGridUpdate.png HTTP/1.1" 200 470
190.46.88.50 - - [28/Apr/2023:14:06:44 -0300] "GET /cormun/servlet/trpermisosgoce HTTP/1.1" 200 10810
190.171.143.90 - - [28/Apr/2023:14:06:59 -0300] "POST /cormun/servlet/solicitudot?gx-no-cache=1682700693312 HTTP/1.1" 200 1468
190.171.143.90 - - [28/Apr/2023:14:06:59 -0300] "POST /cormun/servlet/solicitudot?gx-no-cache=1682700693349 HTTP/1.1" 200 38
190.171.143.90 - - [28/Apr/2023:14:06:59 -0300] "GET /cormun/servlet/solicitudot?2c835a5f4d2400d87d18aed1611b7acd033e834a825aadc795f520494f09135e1006dddbf751246965bca22fab5854869c69080e020711e0754e3a4ab00842b41f0e253c5774674d8c3105921f199175011ff5e536173a0806d6f966de7f51b9af8a7470cc3637a130ad23c4b5c04041,gx-no-cache=1682700693371 HTTP/1.1" 200 110
190.171.143.90 - - [28/Apr/2023:14:06:59 -0300] "POST /cormun/servlet/solicitudot?gx-no-cache=1682700693397 HTTP/1.1" 200 109
190.171.143.90 - - [28/Apr/2023:14:07:12 -0300] "POST /cormun/servlet/solicitudot?gx-no-cache=1682700705806 HTTP/1.1" 200 1468
