190.171.149.82 - - [27/Apr/2023:10:35:12 -0300] "GET /cormun/static/Shared/jqueryui/images/ui-icons_ebccce_256x240.png HTTP/1.1" 404 1089
190.171.149.82 - - [27/Apr/2023:10:35:12 -0300] "GET /cormun/static/Shared/jqueryui/images/ui-icons_82798d_256x240.png HTTP/1.1" 404 1089
190.171.149.82 - - [27/Apr/2023:10:35:15 -0300] "GET /cormun/static/menuarrow.gif HTTP/1.1" 404 1015
186.67.172.234 - - [27/Apr/2023:10:35:15 -0300] "POST /cormun/servlet/permisogoce?0dd62eb28032fb93531ae8b575e8c469,INS,0,,,,gx-no-cache=1682601588782 HTTP/1.1" 200 93
186.67.172.234 - - [27/Apr/2023:10:35:15 -0300] "GET /cormun/servlet/hpexe_return? HTTP/1.1" 200 1014
186.67.172.234 - - [27/Apr/2023:10:35:16 -0300] "GET /cormun/servlet/trpermisosgoce HTTP/1.1" 200 17282
186.67.172.234 - - [27/Apr/2023:10:35:16 -0300] "GET /cormun/servlet/trpermisosgoce HTTP/1.1" 200 17287
186.67.172.234 - - [27/Apr/2023:10:35:20 -0300] "GET /cormun/servlet/trpermisosadjuntos?17505158,20230427091802,P, HTTP/1.1" 200 6516
186.67.172.234 - - [27/Apr/2023:10:35:20 -0300] "GET /cormun/servlet/trpermisosadjuntos?17505158,20230427091802,P, HTTP/1.1" 200 6517
186.67.172.234 - - [27/Apr/2023:10:35:23 -0300] "GET /cormun/servlet/permisosadjuntos?INS,17505158,P,20230427091802,, HTTP/1.1" 200 5840
186.67.172.234 - - [27/Apr/2023:10:35:23 -0300] "GET /cormun/static/about:blank HTTP/1.1" 404 1011
186.67.172.234 - - [27/Apr/2023:10:35:23 -0300] "GET /cormun/servlet/permisosadjuntos?INS,17505158,P,20230427091802,, HTTP/1.1" 200 5830
190.171.149.82 - - [27/Apr/2023:10:35:30 -0300] "GET /cormun/servlet/solicitudot?2e90b854b4cf7755e157613bb0c00335e09135fdd7573d9e11f40f3284ffbf9a739dcae47b5f62bcdb78a8742b1012bc,gx-no-cache=1682601604232 HTTP/1.1" 200 30
186.67.172.234 - - [27/Apr/2023:10:35:36 -0300] "POST /cormun/servlet/permisosadjuntos?0dd62eb28032fb93531ae8b575e8c469,INS,17505158,P,20230427091802,, HTTP/1.1" 200 114
186.67.172.234 - - [27/Apr/2023:10:35:36 -0300] "GET /cormun/servlet/hpexe_link HTTP/1.1" 200 998
186.67.172.234 - - [27/Apr/2023:10:35:36 -0300] "GET /cormun/servlet/trpermisosadjuntos?17505158,20230427091802,P, HTTP/1.1" 200 6518
186.67.172.234 - - [27/Apr/2023:10:35:36 -0300] "GET /cormun/servlet/trpermisosadjuntos?17505158,20230427091802,P, HTTP/1.1" 200 6517
186.67.172.234 - - [27/Apr/2023:10:35:40 -0300] "GET /cormun/servlet/trpermisosgoce? HTTP/1.1" 200 17283
186.67.172.234 - - [27/Apr/2023:10:35:40 -0300] "GET /cormun/servlet/trpermisosgoce? HTTP/1.1" 200 17271
186.67.172.234 - - [27/Apr/2023:10:35:45 -0300] "GET /cormun/servlet/permisogoce?INS,0,,, HTTP/1.1" 200 7058
186.67.172.234 - - [27/Apr/2023:10:35:45 -0300] "GET /cormun/servlet/permisogoce?INS,0,,, HTTP/1.1" 200 7058
186.67.172.234 - - [27/Apr/2023:10:35:52 -0300] "GET /cormun/servlet/permisogoce?c783eec5b2e985d48c3da60b704b8b12081b3730cfd92dda77bac0f18daee5ffa55d4ab18c0fc56c6cd33e49c80b0a6c8d19e02e082a7847fdc22f78e2b6819e,gx-no-cache=1682601625293 HTTP/1.1" 200 74
190.171.149.82 - - [27/Apr/2023:10:35:57 -0300] "POST /cormun/servlet/solicitudot?gx-no-cache=1682601630477 HTTP/1.1" 200 135
186.67.172.234 - - [27/Apr/2023:10:35:59 -0300] "GET /cormun/servlet/permisogoce?c783eec5b2e985d48c3da60b704b8b12fcac98200cd00bee233b467e5c4bd14804de7cc16e92f9e6b4a5c8e22086cbadc8d0fa0ce18c8d0f1ba6e9c9abc7483a,gx-no-cache=1682601633223 HTTP/1.1" 200 47
190.171.149.82 - - [27/Apr/2023:10:36:17 -0300] "POST /cormun/servlet/solicitudot?gx-no-cache=1682601651019 HTTP/1.1" 200 30
190.171.149.82 - - [27/Apr/2023:10:36:18 -0300] "POST /cormun/servlet/solicitudot?d340c4d2dad6dfb9e343339b4a425e36,INS,0,0,false,,gx-no-cache=1682601651094 HTTP/1.1" 200 93
190.171.149.82 - - [27/Apr/2023:10:36:18 -0300] "GET /cormun/servlet/hpexe_return? HTTP/1.1" 200 1011
190.171.149.82 - - [27/Apr/2023:10:36:18 -0300] "GET /cormun/servlet/hhome HTTP/1.1" 200 3934
190.171.149.82 - - [27/Apr/2023:10:36:18 -0300] "GET /cormun/servlet/hhome HTTP/1.1" 200 3929
186.67.172.234 - - [27/Apr/2023:10:36:21 -0300] "POST /cormun/servlet/permisogoce?0dd62eb28032fb93531ae8b575e8c469,INS,0,,,,gx-no-cache=1682601654582 HTTP/1.1" 200 93
186.67.172.234 - - [27/Apr/2023:10:36:21 -0300] "GET /cormun/servlet/hpexe_return? HTTP/1.1" 200 1014
186.67.172.234 - - [27/Apr/2023:10:36:21 -0300] "GET /cormun/servlet/trpermisosgoce HTTP/1.1" 200 17531
186.67.172.234 - - [27/Apr/2023:10:36:22 -0300] "GET /cormun/servlet/trpermisosgoce HTTP/1.1" 200 17511
190.171.149.82 - - [27/Apr/2023:10:36:25 -0300] "GET /cormun/servlet/trsolicitudot? HTTP/1.1" 200 8547
190.171.149.82 - - [27/Apr/2023:10:36:25 -0300] "GET /cormun/servlet/trsolicitudot? HTTP/1.1" 200 8545
186.67.172.234 - - [27/Apr/2023:10:36:28 -0300] "GET /cormun/servlet/trpermisosadjuntos?7918129,20230427091947,P, HTTP/1.1" 200 6514
186.67.172.234 - - [27/Apr/2023:10:36:28 -0300] "GET /cormun/servlet/trpermisosadjuntos?7918129,20230427091947,P, HTTP/1.1" 200 6514
190.171.149.82 - - [27/Apr/2023:10:36:28 -0300] "GET /cormun/servlet/solicitudot?INS,0,0,false, HTTP/1.1" 200 15785
190.171.149.82 - - [27/Apr/2023:10:36:29 -0300] "GET /cormun/servlet/solicitudot?INS,0,0,false, HTTP/1.1" 200 15792
186.67.172.234 - - [27/Apr/2023:10:36:31 -0300] "GET /cormun/servlet/permisosadjuntos?INS,7918129,P,20230427091947,, HTTP/1.1" 200 5834
186.67.172.234 - - [27/Apr/2023:10:36:31 -0300] "GET /cormun/static/about:blank HTTP/1.1" 404 1011
186.67.172.234 - - [27/Apr/2023:10:36:31 -0300] "GET /cormun/servlet/permisosadjuntos?INS,7918129,P,20230427091947,, HTTP/1.1" 200 5824
186.67.172.234 - - [27/Apr/2023:10:36:38 -0300] "POST /cormun/servlet/permisosadjuntos?0dd62eb28032fb93531ae8b575e8c469,INS,7918129,P,20230427091947,, HTTP/1.1" 200 114
186.67.172.234 - - [27/Apr/2023:10:36:38 -0300] "GET /cormun/servlet/hpexe_link HTTP/1.1" 200 996
186.67.172.234 - - [27/Apr/2023:10:36:38 -0300] "GET /cormun/servlet/trpermisosadjuntos?7918129,20230427091947,P, HTTP/1.1" 200 6515
186.67.172.234 - - [27/Apr/2023:10:36:38 -0300] "GET /cormun/servlet/trpermisosadjuntos?7918129,20230427091947,P, HTTP/1.1" 200 6514
190.171.149.82 - - [27/Apr/2023:10:36:39 -0300] "POST /cormun/servlet/solicitudot?gx-no-cache=1682601673146 HTTP/1.1" 200 3961
190.171.149.82 - - [27/Apr/2023:10:36:40 -0300] "POST /cormun/servlet/solicitudot?d340c4d2dad6dfb9e343339b4a425e36,INS,0,0,false,,gx-no-cache=1682601673267 HTTP/1.1" 200 12515
190.171.149.82 - - [27/Apr/2023:10:36:50 -0300] "GET /cormun/servlet/solicitudot?2e90b854b4cf7755e157613bb0c00335a8cbfddb145404b8b4916c14969d34acf94055bda938b71dff2857987a234e8d,gx-no-cache=1682601684022 HTTP/1.1" 200 30
190.171.149.82 - - [27/Apr/2023:10:36:50 -0300] "GET /cormun/servlet/solicitudot?2e90b854b4cf7755e157613bb0c003357728d3d64239c9113bf686190cf1eab0,gx-no-cache=1682601684089 HTTP/1.1" 200 94
190.171.149.82 - - [27/Apr/2023:10:36:50 -0300] "GET /cormun/static/Shared/jqueryui/images/ui-bg_highlight-soft_100_c6c2c8_1x100.png HTTP/1.1" 404 1117
190.171.149.82 - - [27/Apr/2023:10:36:50 -0300] "GET /cormun/static/Shared/jqueryui/images/ui-bg_flat_55_994d53_40x100.png HTTP/1.1" 404 1097
190.171.149.82 - - [27/Apr/2023:10:36:50 -0300] "GET /cormun/static/Shared/jqueryui/images/ui-icons_82798d_256x240.png HTTP/1.1" 404 1089
190.171.149.82 - - [27/Apr/2023:10:36:50 -0300] "GET /cormun/static/Shared/jqueryui/images/ui-icons_ebccce_256x240.png HTTP/1.1" 404 1089
190.171.149.82 - - [27/Apr/2023:10:36:50 -0300] "GET /cormun/servlet/solicitudot?2e90b854b4cf7755e157613bb0c003354b11d48db4816b819e7b9b2c886c10c1,gx-no-cache=1682601684118 HTTP/1.1" 200 29
190.171.149.82 - - [27/Apr/2023:10:36:50 -0300] "POST /cormun/servlet/solicitudot?gx-no-cache=1682601684145 HTTP/1.1" 200 297
190.171.149.82 - - [27/Apr/2023:10:36:50 -0300] "GET /cormun/servlet/solicitudot?2e90b854b4cf7755e157613bb0c003359258e9939ca42006d3d17dd94d07dcbf33ad4e7e3533d63da2be3fc21c46a1bd167da077020d78e694def6d6d5b873abcddc2522b8e1641e19d3d37db22b9ef18c07968fbad6c06a2d326b7ca83cdc72b23f14fa0d2bd1fe6da1be867323eaf25e161e6a6b8cea2be9c94801bd69dfd7b718ff7ebcf39fd93f67e0716458867d46cf3f69ec09008162b90b92886e0aa7edee11aa78dbde7c1c1df94ab73866bcca39acb3c547feb288920c841c02d68a6b06e2f842cf35b156e9bf82e5833410f0705de439958d504b4aeebe75dc82a7b8a6e037bae273a64895ed49646963d75adc8ac9ff79a287fc4679660640e8dca91ca40556e70f70e07f7ea2e403dc5c6f4a1491f82a73b0f2028c4c5f031ef528b6ea39410199ce66762c8b158237e9e3058be16771762c29a620f35c5f7d63edbe23e171a5012e54f905461bb66efa42b1153daa4983241a067d855be089f16d4da9546105f2ef14c8b2354066bb79410e7bc340cccacd9f4c1fad0dd90651cb2310438a26752d46e121820ab92584,gx-no-cache=1682601684170 HTTP/1.1" 200 30
190.171.149.82 - - [27/Apr/2023:10:36:56 -0300] "GET /cormun/servlet/trsolicitudot? HTTP/1.1" 200 8547
190.171.149.82 - - [27/Apr/2023:10:36:56 -0300] "GET /cormun/servlet/trsolicitudot? HTTP/1.1" 200 8545
190.171.149.82 - - [27/Apr/2023:10:37:00 -0300] "GET /cormun/servlet/solicitudot?INS,0,0,false, HTTP/1.1" 200 15786
190.171.149.82 - - [27/Apr/2023:10:37:00 -0300] "GET /cormun/servlet/solicitudot?INS,0,0,false, HTTP/1.1" 200 15794
190.171.149.82 - - [27/Apr/2023:10:37:10 -0300] "POST /cormun/servlet/solicitudot?gx-no-cache=1682601704141 HTTP/1.1" 200 4039
190.171.149.82 - - [27/Apr/2023:10:37:10 -0300] "GET /cormun/static/Shared/jqueryui/images/ui-icons_82798d_256x240.png HTTP/1.1" 404 1089
190.171.149.82 - - [27/Apr/2023:10:37:10 -0300] "GET /cormun/static/Shared/jqueryui/images/ui-bg_flat_55_994d53_40x100.png HTTP/1.1" 404 1097
190.171.149.82 - - [27/Apr/2023:10:37:10 -0300] "GET /cormun/static/Shared/jqueryui/images/ui-icons_ebccce_256x240.png HTTP/1.1" 404 1089
190.171.149.82 - - [27/Apr/2023:10:37:10 -0300] "GET /cormun/static/Shared/jqueryui/images/ui-bg_highlight-soft_100_c6c2c8_1x100.png HTTP/1.1" 404 1117
186.67.172.234 - - [27/Apr/2023:10:38:28 -0300] "GET /cormun/servlet/trpermisosgoce? HTTP/1.1" 200 17558
186.67.172.234 - - [27/Apr/2023:10:38:28 -0300] "GET /cormun/servlet/trpermisosgoce? HTTP/1.1" 200 17539
186.67.172.234 - - [27/Apr/2023:10:38:33 -0300] "POST /cormun/servlet/trpermisosgoce?0dd62eb28032fb93531ae8b575e8c469,,gx-no-cache=1682601786600 HTTP/1.1" 200 14794
186.67.172.234 - - [27/Apr/2023:10:38:33 -0300] "GET /cormun/static/Shared/jqueryui/images/ui-bg_highlight-soft_100_c6c2c8_1x100.png HTTP/1.1" 404 1117
186.67.172.234 - - [27/Apr/2023:10:38:33 -0300] "GET /cormun/static/Shared/jqueryui/images/ui-icons_82798d_256x240.png HTTP/1.1" 404 1089
186.67.172.234 - - [27/Apr/2023:10:38:33 -0300] "GET /cormun/static/Shared/jqueryui/images/ui-icons_8d78a5_256x240.png HTTP/1.1" 404 1089
186.67.172.234 - - [27/Apr/2023:10:38:33 -0300] "GET /cormun/static/Shared/jqueryui/images/ui-bg_flat_55_fafafa_40x100.png HTTP/1.1" 404 1097
186.67.172.234 - - [27/Apr/2023:10:38:35 -0300] "POST /cormun/servlet/trpermisosgoce?0dd62eb28032fb93531ae8b575e8c469,,gx-no-cache=1682601788382 HTTP/1.1" 200 14688
186.67.172.234 - - [27/Apr/2023:10:38:37 -0300] "POST /cormun/servlet/trpermisosgoce?0dd62eb28032fb93531ae8b575e8c469,,gx-no-cache=1682601790086 HTTP/1.1" 200 14691
186.67.172.234 - - [27/Apr/2023:10:38:39 -0300] "POST /cormun/servlet/trpermisosgoce?0dd62eb28032fb93531ae8b575e8c469,,gx-no-cache=1682601792206 HTTP/1.1" 200 14800
186.67.172.234 - - [27/Apr/2023:10:38:41 -0300] "GET /cormun/servlet/trpermisosadjuntos?17505158,20230427091802,P, HTTP/1.1" 200 6516
186.67.172.234 - - [27/Apr/2023:10:38:42 -0300] "GET /cormun/servlet/trpermisosadjuntos?17505158,20230427091802,P, HTTP/1.1" 200 6517
186.67.172.234 - - [27/Apr/2023:10:38:44 -0300] "GET /cormun/servlet/permisosadjuntos?INS,17505158,P,20230427091802,, HTTP/1.1" 200 5841
186.67.172.234 - - [27/Apr/2023:10:38:44 -0300] "GET /cormun/static/about:blank HTTP/1.1" 404 1011
186.67.172.234 - - [27/Apr/2023:10:38:44 -0300] "GET /cormun/servlet/permisosadjuntos?INS,17505158,P,20230427091802,, HTTP/1.1" 200 5831
186.67.172.234 - - [27/Apr/2023:10:38:50 -0300] "POST /cormun/servlet/permisosadjuntos?0dd62eb28032fb93531ae8b575e8c469,INS,17505158,P,20230427091802,, HTTP/1.1" 200 116
186.67.172.234 - - [27/Apr/2023:10:38:50 -0300] "GET /cormun/servlet/hpexe_return? HTTP/1.1" 200 1043
186.67.172.234 - - [27/Apr/2023:10:38:50 -0300] "GET /cormun/servlet/trpermisosadjuntos?17505158,20230427091802,P, HTTP/1.1" 200 7034
186.67.172.234 - - [27/Apr/2023:10:38:50 -0300] "GET /cormun/servlet/trpermisosadjuntos?17505158,20230427091802,P, HTTP/1.1" 200 7031
190.171.152.138 - - [27/Apr/2023:10:38:55 -0300] "GET /cormun/servlet/solicitudot?4d1b835cb19f84af5ba7e4637933f9ed69fde68d5dadf98f0b8c75919ebddf39dc55fc2c1eed30e954283edd5d7c82300fb9912c4ad128b88c3ee2c2aed7b8a7,gx-no-cache=1682601845499 HTTP/1.1" 200 30
190.171.149.82 - - [27/Apr/2023:10:38:59 -0300] "POST /cormun/servlet/solicitudot?gx-no-cache=1682601812765 HTTP/1.1" 200 3961
190.171.149.82 - - [27/Apr/2023:10:38:59 -0300] "POST /cormun/servlet/solicitudot?d340c4d2dad6dfb9e343339b4a425e36,INS,0,0,false,,gx-no-cache=1682601812889 HTTP/1.1" 200 12517
190.171.149.82 - - [27/Apr/2023:10:39:08 -0300] "POST /cormun/servlet/solicitudot?gx-no-cache=1682601822182 HTTP/1.1" 200 4023
192.168.10.17 - - [27/Apr/2023:10:39:12 -0300] "GET /cormun/servlet/trsolicitudgral? HTTP/1.1" 500 10
190.171.152.138 - - [27/Apr/2023:10:39:18 -0300] "GET /cormun/servlet/solicitudot?4d1b835cb19f84af5ba7e4637933f9ed1659ab74250e44da51a6637ea32874cb,gx-no-cache=1682601869120 HTTP/1.1" 200 29
190.171.152.138 - - [27/Apr/2023:10:39:18 -0300] "POST /cormun/servlet/solicitudot?gx-no-cache=1682601869168 HTTP/1.1" 200 297
190.171.152.138 - - [27/Apr/2023:10:39:21 -0300] "GET /cormun/servlet/solicitudot?4d1b835cb19f84af5ba7e4637933f9ed93a2fabee9398062ca6aef41d67bfb0c9505588268d3d9d2b03f523cb96b40a0d5715fc651764f463d0fedf761bd778c19caa6f770aa98d077c51ecec6d8a646bd392b2db34e017e84d4147a25e3497e5c74379220eb394aa7a445dca7bb5ac25a08ed599b3adee4865466ffb940a3dbbd53da02de944c6dc0f31a01e96befe8aa59c7af9c2bbff3502d5a8fe08337e3d1fcd013393b62dbd4b8ad8d5192c49a69d307a62bf0d316aebae4e0570589a99d358032b10223bf7019763f62ee039c67acb7b6513e612b4a3e0d00849896126caf3c1348c17e58cec0120cbd5aeb158cd00ce21404401a5883d93ae28d7d46d4106138e9d8e47ab8d9b42a3a07199ff130e1b5fa3ccedf1e04672491fbd085a18ee46cae0e7393bc864510e23e7438ed183383d822d7eac772d4706b342c18b921d3a78a00bbe23a4d70d1435434a83a3103cf0517e89548bc1dc54547c2ec34869b9cafbed7f900570008bd7b43f2826a354a86a8e6b7bbc1721c1e9241f7b1c79240ce783419de16b1e185ac207e,gx-no-cache=1682601871564 HTTP/1.1" 200 30
190.171.152.138 - - [27/Apr/2023:10:39:23 -0300] "POST /cormun/servlet/solicitudot?gx-no-cache=1682601874011 HTTP/1.1" 200 30
190.171.152.138 - - [27/Apr/2023:10:39:25 -0300] "POST /cormun/servlet/solicitudot?gx-no-cache=1682601875485 HTTP/1.1" 200 1466
190.171.152.138 - - [27/Apr/2023:10:39:25 -0300] "POST /cormun/servlet/solicitudot?gx-no-cache=1682601875520 HTTP/1.1" 200 38
190.171.152.138 - - [27/Apr/2023:10:39:33 -0300] "GET /cormun/servlet/solicitudot?4d1b835cb19f84af5ba7e4637933f9eddd7896c8270a708169794823741536822c8ec64ff63dea2cd6c6294bd7de14f5ae3ddc51ab6f72b31f87345b324e6d2dcea977ef533fc3a15e7fddd719550e4ae153fc3f35f6073dc57793f95abd73d0e978fb36e1f91dd0a7ae69bb95a59d80,gx-no-cache=1682601883464 HTTP/1.1" 200 110
190.171.149.82 - - [27/Apr/2023:10:39:36 -0300] "POST /cormun/servlet/solicitudot?d340c4d2dad6dfb9e343339b4a425e36,INS,0,0,false,,gx-no-cache=1682601849996 HTTP/1.1" 200 12939
186.67.172.234 - - [27/Apr/2023:10:40:00 -0300] "POST /cormun/servlet/trpermisosadjuntos?0dd62eb28032fb93531ae8b575e8c469,17505158,20230427091802,P,,gx-no-cache=1682601873517 HTTP/1.1" 200 90
186.67.172.234 - - [27/Apr/2023:10:40:00 -0300] "GET /cormun/servlet/hpexe_link HTTP/1.1" 200 990
186.67.172.234 - - [27/Apr/2023:10:40:00 -0300] "GET /cormun/servlet/trpermisosgoce? HTTP/1.1" 200 17488
186.67.172.234 - - [27/Apr/2023:10:40:00 -0300] "GET /cormun/servlet/trpermisosgoce? HTTP/1.1" 200 17484
186.67.172.234 - - [27/Apr/2023:10:40:05 -0300] "POST /cormun/servlet/trpermisosgoce?0dd62eb28032fb93531ae8b575e8c469,,gx-no-cache=1682601878646 HTTP/1.1" 200 14691
186.67.172.234 - - [27/Apr/2023:10:40:05 -0300] "GET /cormun/static/Shared/jqueryui/images/ui-bg_highlight-soft_100_c6c2c8_1x100.png HTTP/1.1" 404 1117
186.67.172.234 - - [27/Apr/2023:10:40:05 -0300] "GET /cormun/static/Shared/jqueryui/images/ui-bg_flat_55_fafafa_40x100.png HTTP/1.1" 404 1097
186.67.172.234 - - [27/Apr/2023:10:40:05 -0300] "GET /cormun/static/Shared/jqueryui/images/ui-icons_8d78a5_256x240.png HTTP/1.1" 404 1089
186.67.172.234 - - [27/Apr/2023:10:40:05 -0300] "GET /cormun/static/Shared/jqueryui/images/ui-icons_82798d_256x240.png HTTP/1.1" 404 1089
190.171.149.82 - - [27/Apr/2023:10:40:06 -0300] "POST /cormun/servlet/solicitudot?d340c4d2dad6dfb9e343339b4a425e36,INS,0,0,false,,gx-no-cache=1682601879370 HTTP/1.1" 200 12958
186.67.172.234 - - [27/Apr/2023:10:40:07 -0300] "GET /cormun/servlet/trpermisosadjuntos?7918129,20230427091947,P, HTTP/1.1" 200 6514
186.67.172.234 - - [27/Apr/2023:10:40:07 -0300] "GET /cormun/servlet/trpermisosadjuntos?7918129,20230427091947,P, HTTP/1.1" 200 6514
186.67.172.234 - - [27/Apr/2023:10:40:09 -0300] "POST /cormun/servlet/trpermisosadjuntos?0dd62eb28032fb93531ae8b575e8c469,7918129,20230427091947,P,,gx-no-cache=1682601882773 HTTP/1.1" 200 90
186.67.172.234 - - [27/Apr/2023:10:40:09 -0300] "GET /cormun/servlet/hpexe_link HTTP/1.1" 200 990
186.67.172.234 - - [27/Apr/2023:10:40:09 -0300] "GET /cormun/servlet/trpermisosgoce? HTTP/1.1" 200 17538
186.67.172.234 - - [27/Apr/2023:10:40:10 -0300] "GET /cormun/servlet/trpermisosgoce? HTTP/1.1" 200 17535
186.67.172.234 - - [27/Apr/2023:10:40:17 -0300] "POST /cormun/servlet/trpermisosgoce?0dd62eb28032fb93531ae8b575e8c469,,gx-no-cache=1682601890447 HTTP/1.1" 200 14756
186.67.172.234 - - [27/Apr/2023:10:40:17 -0300] "GET /cormun/static/Shared/jqueryui/images/ui-icons_82798d_256x240.png HTTP/1.1" 404 1089
186.67.172.234 - - [27/Apr/2023:10:40:17 -0300] "GET /cormun/static/Shared/jqueryui/images/ui-bg_highlight-soft_100_c6c2c8_1x100.png HTTP/1.1" 404 1117
186.67.172.234 - - [27/Apr/2023:10:40:17 -0300] "GET /cormun/static/Shared/jqueryui/images/ui-icons_8d78a5_256x240.png HTTP/1.1" 404 1089
186.67.172.234 - - [27/Apr/2023:10:40:17 -0300] "GET /cormun/static/Shared/jqueryui/images/ui-bg_flat_55_fafafa_40x100.png HTTP/1.1" 404 1097
186.67.172.234 - - [27/Apr/2023:10:40:19 -0300] "GET /cormun/servlet/trpermisosadjuntos?7918129,20230427091947,P, HTTP/1.1" 200 6514
186.67.172.234 - - [27/Apr/2023:10:40:19 -0300] "GET /cormun/servlet/trpermisosadjuntos?7918129,20230427091947,P, HTTP/1.1" 200 6514
190.171.149.82 - - [27/Apr/2023:10:40:21 -0300] "POST /cormun/servlet/solicitudot?gx-no-cache=1682601894805 HTTP/1.1" 200 3964
186.67.172.234 - - [27/Apr/2023:10:40:21 -0300] "POST /cormun/servlet/trpermisosadjuntos?0dd62eb28032fb93531ae8b575e8c469,7918129,20230427091947,P,,gx-no-cache=1682601894725 HTTP/1.1" 200 90
186.67.172.234 - - [27/Apr/2023:10:40:21 -0300] "GET /cormun/servlet/hpexe_link HTTP/1.1" 200 990
190.171.149.82 - - [27/Apr/2023:10:40:21 -0300] "POST /cormun/servlet/solicitudot?d340c4d2dad6dfb9e343339b4a425e36,INS,0,0,false,,gx-no-cache=1682601894967 HTTP/1.1" 200 12728
190.171.149.82 - - [27/Apr/2023:10:40:21 -0300] "GET /cormun/servlet/solicitudot?2e90b854b4cf7755e157613bb0c00335a8cbfddb145404b8b4916c14969d34acde09eb35100fae68ef16a40f59e3aa23,gx-no-cache=1682601895216 HTTP/1.1" 200 30
190.171.149.82 - - [27/Apr/2023:10:40:21 -0300] "GET /cormun/servlet/solicitudot?2e90b854b4cf7755e157613bb0c003357728d3d64239c9113bf686190cf1eab0,gx-no-cache=1682601895240 HTTP/1.1" 200 94
186.67.172.234 - - [27/Apr/2023:10:40:21 -0300] "GET /cormun/servlet/trpermisosgoce? HTTP/1.1" 200 17465
190.171.149.82 - - [27/Apr/2023:10:40:21 -0300] "GET /cormun/servlet/solicitudot?2e90b854b4cf7755e157613bb0c003354b11d48db4816b819e7b9b2c886c10c1,gx-no-cache=1682601895261 HTTP/1.1" 200 29
186.67.172.234 - - [27/Apr/2023:10:40:22 -0300] "GET /cormun/servlet/trpermisosgoce? HTTP/1.1" 200 17526
186.67.172.234 - - [27/Apr/2023:10:40:33 -0300] "GET /cormun/servlet/trpermisosadjuntos?7918129,20230427091947,P, HTTP/1.1" 200 6514
186.67.172.234 - - [27/Apr/2023:10:40:33 -0300] "GET /cormun/servlet/trpermisosadjuntos?7918129,20230427091947,P, HTTP/1.1" 200 6514
186.67.172.234 - - [27/Apr/2023:10:40:36 -0300] "GET /cormun/servlet/permisosadjuntos?INS,7918129,P,20230427091947,, HTTP/1.1" 200 5834
186.67.172.234 - - [27/Apr/2023:10:40:36 -0300] "GET /cormun/static/about:blank HTTP/1.1" 404 1011
186.67.172.234 - - [27/Apr/2023:10:40:36 -0300] "GET /cormun/servlet/permisosadjuntos?INS,7918129,P,20230427091947,, HTTP/1.1" 200 5824
190.171.152.138 - - [27/Apr/2023:10:40:38 -0300] "POST /cormun/servlet/solicitudot?gx-no-cache=1682601948762 HTTP/1.1" 200 83
186.67.172.234 - - [27/Apr/2023:10:40:43 -0300] "POST /cormun/servlet/permisosadjuntos?0dd62eb28032fb93531ae8b575e8c469,INS,7918129,P,20230427091947,, HTTP/1.1" 200 116
186.67.172.234 - - [27/Apr/2023:10:40:43 -0300] "GET /cormun/servlet/hpexe_return? HTTP/1.1" 200 1041
186.67.172.234 - - [27/Apr/2023:10:40:43 -0300] "GET /cormun/servlet/trpermisosadjuntos?7918129,20230427091947,P, HTTP/1.1" 200 7032
186.67.172.234 - - [27/Apr/2023:10:40:44 -0300] "GET /cormun/servlet/trpermisosadjuntos?7918129,20230427091947,P, HTTP/1.1" 200 7028
190.171.152.138 - - [27/Apr/2023:10:40:45 -0300] "GET /cormun/servlet/solicitudot?4d1b835cb19f84af5ba7e4637933f9ed7685c82bdfb33f61810c6b39560dec8ce8f4a51bb1baeb399db48bcbcb57cfb7904bccc806d54ceba4b9adefeb50572344f68806597726c7563a11b661ef3ee693a4388e16bb14a2c81694dcd846b612550b5f7b0107f67972d88db49ba50091,gx-no-cache=1682601955588 HTTP/1.1" 200 29
190.171.152.138 - - [27/Apr/2023:10:40:45 -0300] "GET /cormun/static/menuarrow.gif HTTP/1.1" 404 1015
186.67.172.234 - - [27/Apr/2023:10:40:47 -0300] "POST /cormun/servlet/trpermisosadjuntos?0dd62eb28032fb93531ae8b575e8c469,7918129,20230427091947,P,,gx-no-cache=1682601920309 HTTP/1.1" 200 90
186.67.172.234 - - [27/Apr/2023:10:40:47 -0300] "GET /cormun/servlet/hpexe_link HTTP/1.1" 200 988
186.67.172.234 - - [27/Apr/2023:10:40:47 -0300] "GET /cormun/servlet/trpermisosgoce HTTP/1.1" 200 17526
186.67.172.234 - - [27/Apr/2023:10:40:47 -0300] "GET /cormun/servlet/trpermisosgoce HTTP/1.1" 200 17543
186.67.172.234 - - [27/Apr/2023:10:40:51 -0300] "POST /cormun/servlet/trpermisosgoce?0dd62eb28032fb93531ae8b575e8c469,gx-no-cache=1682601923806 HTTP/1.1" 200 14663
186.67.172.234 - - [27/Apr/2023:10:40:51 -0300] "GET /cormun/static/Shared/jqueryui/images/ui-bg_highlight-soft_100_c6c2c8_1x100.png HTTP/1.1" 404 1117
186.67.172.234 - - [27/Apr/2023:10:40:51 -0300] "GET /cormun/static/Shared/jqueryui/images/ui-icons_82798d_256x240.png HTTP/1.1" 404 1089
186.67.172.234 - - [27/Apr/2023:10:40:51 -0300] "GET /cormun/static/Shared/jqueryui/images/ui-bg_flat_55_fafafa_40x100.png HTTP/1.1" 404 1097
186.67.172.234 - - [27/Apr/2023:10:40:51 -0300] "GET /cormun/static/Shared/jqueryui/images/ui-icons_8d78a5_256x240.png HTTP/1.1" 404 1089
190.171.149.82 - - [27/Apr/2023:10:41:34 -0300] "GET /cormun/servlet/solicitudot?2e90b854b4cf7755e157613bb0c00335c812e6b863fa1a04eacea3f462220e057774d184a40677cf5b29d3e9cdae14a4fb22dc5be6f650eb6ea691a7aa7695d9f94055bda938b71dff2857987a234e8d,gx-no-cache=1682601968315 HTTP/1.1" 200 30
190.171.149.82 - - [27/Apr/2023:10:41:34 -0300] "POST /cormun/servlet/solicitudot?gx-no-cache=1682601968365 HTTP/1.1" 200 297
190.171.149.82 - - [27/Apr/2023:10:41:35 -0300] "GET /cormun/servlet/solicitudot?2e90b854b4cf7755e157613bb0c003359258e9939ca42006d3d17dd94d07dcbf33ad4e7e3533d63da2be3fc21c46a1bd167da077020d78e694def6d6d5b873abcddc2522b8e1641e19d3d37db22b9ef18c07968fbad6c06a2d326b7ca83cdc72b23f14fa0d2bd1fe6da1be867323eaf25e161e6a6b8cea2be9c94801bd69dfd7b718ff7ebcf39fd93f67e0716458867d46cf3f69ec09008162b90b92886e0aa7edee11aa78dbde7c1c1df94ab73866bcca39acb3c547feb288920c841c02d68a6b06e2f842cf35b156e9bf82e5833410f0705de439958d504b4aeebe75dc82a7b8a6e037bae273a64895ed49646963d7995ee1fc5772f20fcad439a2a6f80086a91ca40556e70f70e07f7ea2e403dc5c6f4a1491f82a73b0f2028c4c5f031ef528b6ea39410199ce66762c8b158237e9e3058be16771762c29a620f35c5f7d63edbe23e171a5012e54f905461bb66efa42b1153daa4983241a067d855be089f16d4da9546105f2ef14c8b2354066bb79990ed556f5f5b1b87c4e9daf5c1f8bdacb2310438a26752d46e121820ab92584,gx-no-cache=1682601969157 HTTP/1.1" 200 30
190.171.149.82 - - [27/Apr/2023:10:41:38 -0300] "POST /cormun/servlet/solicitudot?gx-no-cache=1682601971722 HTTP/1.1" 200 30
190.171.149.82 - - [27/Apr/2023:10:41:40 -0300] "GET /cormun/servlet/prsolicitudot?18646940,,,,,MD,,gxPopupLevel%3D0%3B HTTP/1.1" 200 5861
190.171.152.138 - - [27/Apr/2023:10:41:41 -0300] "GET /cormun/servlet/solicitudot?4d1b835cb19f84af5ba7e4637933f9edecf0b068a71227f4bd9988f2afcbd9b0bb1be696208de252f1da7bee6d01164b,gx-no-cache=1682602011393 HTTP/1.1" 200 30
190.171.149.82 - - [27/Apr/2023:10:41:45 -0300] "POST /cormun/servlet/solicitudot?gx-no-cache=1682601978858 HTTP/1.1" 200 1468
190.171.149.82 - - [27/Apr/2023:10:41:45 -0300] "POST /cormun/servlet/solicitudot?gx-no-cache=1682601978891 HTTP/1.1" 200 38
190.171.149.82 - - [27/Apr/2023:10:41:45 -0300] "GET /cormun/servlet/solicitudot?2e90b854b4cf7755e157613bb0c0033524a83250d32765ae2d8ce361528c99cfb59fb191cf2bc2f0468432624dcaa31e6782fd37045789e9654dcd2a13cd0e4205c7c3ec2213f90387817906ee103f34678bab7ba6ee1dfd54536feaa65191f25c89c12e5003ab2494a828fe79d69d51,gx-no-cache=1682601978911 HTTP/1.1" 200 110
190.171.149.82 - - [27/Apr/2023:10:41:45 -0300] "POST /cormun/servlet/solicitudot?gx-no-cache=1682601978932 HTTP/1.1" 200 110
190.171.149.82 - - [27/Apr/2023:10:41:45 -0300] "GET /cormun/servlet/solicitudot?2e90b854b4cf7755e157613bb0c00335e95848022176d5233955f0106e54904bc11c24c3bd3c4dfd5c54e16297e3c5a00867ef1b2e15adc2b67c3170d3228435f481ceb809724b48be33701c0d485ac949945b715a0e9bd1b5985daa0d6466598d4440d41918bb8410294f34a8f23378,gx-no-cache=1682601978967 HTTP/1.1" 200 29
190.171.149.82 - - [27/Apr/2023:10:41:45 -0300] "GET /cormun/servlet/solicitudot?2e90b854b4cf7755e157613bb0c0033512be6f208a0861d22b201fb26b76ec73739dcae47b5f62bcdb78a8742b1012bc,gx-no-cache=1682601978993 HTTP/1.1" 200 134
190.171.153.26 - - [27/Apr/2023:10:41:50 -0300] "GET /cormun/servlet/trpermisosgoce? HTTP/1.1" 200 6028
190.171.152.138 - - [27/Apr/2023:10:41:52 -0300] "POST /cormun/servlet/solicitudot?gx-no-cache=1682602022415 HTTP/1.1" 200 30
190.171.152.138 - - [27/Apr/2023:10:41:52 -0300] "POST /cormun/servlet/solicitudot?40ae6593b6ff5346ea61643f87c03e61,INS,0,0,false,,gx-no-cache=1682602022442 HTTP/1.1" 200 93
190.171.152.138 - - [27/Apr/2023:10:41:52 -0300] "GET /cormun/servlet/hpexe_return? HTTP/1.1" 200 1004
190.171.153.26 - - [27/Apr/2023:10:41:52 -0300] "GET /cormun/static/gxui/gxui-all.css?120300 HTTP/1.1" 200 2179
190.171.153.26 - - [27/Apr/2023:10:41:52 -0300] "GET /cormun/static/Shared/ext/resources/css/ext-all.css?215870 HTTP/1.1" 200 416045
190.171.153.26 - - [27/Apr/2023:10:41:52 -0300] "GET /cormun/static/calendar-system.css?85620 HTTP/1.1" 200 5572
190.171.152.138 - - [27/Apr/2023:10:41:53 -0300] "GET /cormun/servlet/trsolicitudot HTTP/1.1" 200 11336
190.171.153.26 - - [27/Apr/2023:10:41:53 -0300] "GET /cormun/static/Resources/Spanish/PXTools.css?14345360 HTTP/1.1" 200 100853
190.171.153.26 - - [27/Apr/2023:10:41:53 -0300] "GET /cormun/static/Shared/jqueryui/jquery-ui.min.css?1345370 HTTP/1.1" 200 30288
190.171.153.26 - - [27/Apr/2023:10:41:53 -0300] "GET /cormun/static/SmoothNavMenu/resources/ddsmoothmenu.css?1112540 HTTP/1.1" 200 2223
190.171.153.26 - - [27/Apr/2023:10:41:53 -0300] "GET /cormun/static/SmoothNavMenu/resources/ddsmoothmenu-v.css?1112540 HTTP/1.1" 200 1188
190.171.152.138 - - [27/Apr/2023:10:41:53 -0300] "GET /cormun/servlet/trsolicitudot HTTP/1.1" 200 11332
190.171.153.26 - - [27/Apr/2023:10:41:53 -0300] "GET /cormun/static/scaMessage/css/jquery.pnotify.default.css?1816380 HTTP/1.1" 200 1707
190.171.153.26 - - [27/Apr/2023:10:41:53 -0300] "GET /cormun/static/gxtimezone.js?85251 HTTP/1.1" 200 5781
190.171.153.26 - - [27/Apr/2023:10:41:53 -0300] "GET /cormun/static/gxcfg.js?2020121631564 HTTP/1.1" 200 953
190.171.153.26 - - [27/Apr/2023:10:41:53 -0300] "GET /cormun/static/calendar.js?85251 HTTP/1.1" 200 26246
190.171.153.26 - - [27/Apr/2023:10:41:53 -0300] "GET /cormun/static/gxgral.js?85251 HTTP/1.1" 200 384558
190.171.153.26 - - [27/Apr/2023:10:41:53 -0300] "GET /cormun/static/calendar-setup.js?85251 HTTP/1.1" 200 2588
190.171.153.26 - - [27/Apr/2023:10:41:53 -0300] "GET /cormun/static/calendar-es.js?85251 HTTP/1.1" 200 1901
190.171.153.26 - - [27/Apr/2023:10:41:53 -0300] "GET /cormun/static/gxui/gxui-all.js HTTP/1.1" 200 107772
190.171.153.26 - - [27/Apr/2023:10:41:54 -0300] "GET /cormun/static/Shared/ext/ext-all.js HTTP/1.1" 200 1289687
190.171.153.26 - - [27/Apr/2023:10:41:54 -0300] "GET /cormun/static/RunJS/RunJS.js HTTP/1.1" 200 288
190.171.153.26 - - [27/Apr/2023:10:41:54 -0300] "GET /cormun/static/PXToolsJavascripts/pexe_autoreload.js HTTP/1.1" 200 1762
190.171.153.26 - - [27/Apr/2023:10:41:54 -0300] "GET /cormun/static/PXToolsJavascripts/pexe_cookies.js HTTP/1.1" 200 792
190.171.153.26 - - [27/Apr/2023:10:41:55 -0300] "GET /cormun/static/PXToolsJavascripts/pexe_windows.js HTTP/1.1" 200 15249
190.171.153.26 - - [27/Apr/2023:10:41:55 -0300] "GET /cormun/static/PXToolsJavascripts/pexe_grid.js HTTP/1.1" 200 7559
190.171.153.26 - - [27/Apr/2023:10:41:55 -0300] "GET /cormun/static/PXToolsJavascripts/pexe_griddivfix.js HTTP/1.1" 200 6946
190.171.153.26 - - [27/Apr/2023:10:41:55 -0300] "GET /cormun/static/PXToolsJavascripts/pexe_link.js HTTP/1.1" 200 5671
190.171.153.26 - - [27/Apr/2023:10:41:56 -0300] "GET /cormun/static/PXToolsJavascripts/pexe_menudivfix.js HTTP/1.1" 200 333
190.171.153.26 - - [27/Apr/2023:10:41:56 -0300] "GET /cormun/static/PXToolsJavascripts/pexe_menus.js HTTP/1.1" 200 1286
190.171.153.26 - - [27/Apr/2023:10:41:56 -0300] "GET /cormun/static/PXToolsJavascripts/pexe_layers.js HTTP/1.1" 200 4114
190.171.153.26 - - [27/Apr/2023:10:41:56 -0300] "GET /cormun/static/PXToolsJavascripts/pexe_oav.js HTTP/1.1" 200 645
190.171.153.26 - - [27/Apr/2023:10:41:56 -0300] "GET /cormun/static/PXToolsJavascripts/pexe_oavdivfix.js HTTP/1.1" 200 639
190.171.153.26 - - [27/Apr/2023:10:41:56 -0300] "GET /cormun/static/PXToolsJavascripts/pexe_scrolldiv.js HTTP/1.1" 200 4138
190.171.153.26 - - [27/Apr/2023:10:41:56 -0300] "GET /cormun/static/PXToolsJavascripts/pexe_popup.js HTTP/1.1" 200 15149
190.171.153.26 - - [27/Apr/2023:10:41:56 -0300] "GET /cormun/static/PXToolsJavascripts/pexe_picture.js HTTP/1.1" 200 689
190.171.153.26 - - [27/Apr/2023:10:41:57 -0300] "GET /cormun/static/PXToolsJavascripts/pexe_tabdivfix.js HTTP/1.1" 200 898
190.171.153.26 - - [27/Apr/2023:10:41:57 -0300] "GET /cormun/static/PXToolsJavascripts/pexe_tabs.js HTTP/1.1" 200 3748
190.171.153.26 - - [27/Apr/2023:10:41:57 -0300] "GET /cormun/static/PXToolsJavascripts/pexe_upload.js HTTP/1.1" 200 1423
190.171.153.26 - - [27/Apr/2023:10:41:58 -0300] "GET /cormun/static/PXToolsJavascripts/PXToolsJavascriptsRender.js HTTP/1.1" 200 367
190.171.153.26 - - [27/Apr/2023:10:41:58 -0300] "GET /cormun/static/Shared/ext/locale/ext-lang-en.js HTTP/1.1" 200 10940
190.171.153.26 - - [27/Apr/2023:10:41:59 -0300] "GET /cormun/static/messages.spa.js?85251 HTTP/1.1" 200 30736
190.171.153.26 - - [27/Apr/2023:10:41:59 -0300] "GET /cormun/static/gxdec.js?85251 HTTP/1.1" 200 19579
190.171.149.82 - - [27/Apr/2023:10:41:59 -0300] "GET /cormun/servlet/solicitudot?2e90b854b4cf7755e157613bb0c0033524a83250d32765ae2d8ce361528c99cfb59fb191cf2bc2f0468432624dcaa31e6782fd37045789e9654dcd2a13cd0e4205c7c3ec2213f90387817906ee103f34678bab7ba6ee1dfd54536feaa65191f25c89c12e5003ab2494a828fe79d69d51,gx-no-cache=1682601992657 HTTP/1.1" 200 110
190.171.153.26 - - [27/Apr/2023:10:41:59 -0300] "GET /cormun/static/Resources/CormunMP2.png HTTP/1.1" 200 6878
190.171.153.26 - - [27/Apr/2023:10:41:59 -0300] "GET /cormun/static/Resources/ImgHome.png HTTP/1.1" 200 1364
190.171.153.26 - - [27/Apr/2023:10:41:59 -0300] "GET /cormun/static/Resources/PXToolsDataTitle.png HTTP/1.1" 200 1173
190.171.153.26 - - [27/Apr/2023:10:41:59 -0300] "GET /cormun/static/Resources/ImgLogin.png HTTP/1.1" 200 1432
190.171.153.26 - - [27/Apr/2023:10:41:59 -0300] "GET /cormun/static/Resources/Llave.png HTTP/1.1" 200 1395
190.171.153.26 - - [27/Apr/2023:10:41:59 -0300] "GET /cormun/static/Resources/PXToolsGridFirstDisabled.gif HTTP/1.1" 200 100
190.171.153.26 - - [27/Apr/2023:10:42:00 -0300] "GET /cormun/static/Resources/PXToolsGridPreviousDisabled.gif HTTP/1.1" 200 90
190.171.153.26 - - [27/Apr/2023:10:42:00 -0300] "GET /cormun/static/Resources/PXToolsGridLastDisabled.gif HTTP/1.1" 200 98
190.171.149.82 - - [27/Apr/2023:10:42:00 -0300] "GET /cormun/static/menuarrow.gif HTTP/1.1" 404 1015
190.171.153.26 - - [27/Apr/2023:10:42:00 -0300] "GET /cormun/static/Resources/PXToolsGridNextDisabled.gif HTTP/1.1" 200 90
190.171.153.26 - - [27/Apr/2023:10:42:00 -0300] "GET /cormun/static/Resources/PXToolsGridPage.gif HTTP/1.1" 200 725
190.171.153.26 - - [27/Apr/2023:10:42:01 -0300] "GET /cormun/static/Resources/PXToolsActionExcel.png HTTP/1.1" 200 727
190.171.152.138 - - [27/Apr/2023:10:42:02 -0300] "POST /cormun/servlet/trsolicitudot?40ae6593b6ff5346ea61643f87c03e61,gx-no-cache=1682602032251 HTTP/1.1" 200 8833
190.171.149.82 - - [27/Apr/2023:10:42:02 -0300] "GET /cormun/servlet/solicitudot?2e90b854b4cf7755e157613bb0c0033524a83250d32765ae2d8ce361528c99cfb59fb191cf2bc2f0468432624dcaa31e6782fd37045789e9654dcd2a13cd0e4205c7c3ec2213f90387817906ee103f34678bab7ba6ee1dfd54536feaa65191f25c89c12e5003ab2494a828fe79d69d51,gx-no-cache=1682601995653 HTTP/1.1" 200 110
190.171.152.138 - - [27/Apr/2023:10:42:02 -0300] "GET /cormun/static/Shared/jqueryui/images/ui-bg_highlight-soft_100_c6c2c8_1x100.png HTTP/1.1" 404 1117
190.171.152.138 - - [27/Apr/2023:10:42:02 -0300] "GET /cormun/static/Shared/jqueryui/images/ui-icons_8d78a5_256x240.png HTTP/1.1" 404 1089
190.171.152.138 - - [27/Apr/2023:10:42:02 -0300] "GET /cormun/static/Shared/jqueryui/images/ui-bg_flat_55_fafafa_40x100.png HTTP/1.1" 404 1097
190.171.152.138 - - [27/Apr/2023:10:42:02 -0300] "GET /cormun/static/Shared/jqueryui/images/ui-icons_82798d_256x240.png HTTP/1.1" 404 1089
190.171.153.26 - - [27/Apr/2023:10:42:02 -0300] "GET /cormun/static/Resources/PXToolsAddAllAction.png HTTP/1.1" 200 495
190.171.153.26 - - [27/Apr/2023:10:42:02 -0300] "GET /cormun/static/trpermisosgoce.js?2020121633681 HTTP/1.1" 200 35904
190.171.153.26 - - [27/Apr/2023:10:42:02 -0300] "GET /cormun/static/hwchdr01.js?2022112219251119 HTTP/1.1" 200 996
190.171.153.26 - - [27/Apr/2023:10:42:04 -0300] "GET /cormun/static/hpexe_recentlink.js?20201214471090 HTTP/1.1" 200 2144
190.171.153.26 - - [27/Apr/2023:10:42:04 -0300] "GET /cormun/static/hpexe_scripts.js?20201214471411 HTTP/1.1" 200 1544
190.171.153.26 - - [27/Apr/2023:10:42:04 -0300] "GET /cormun/static/hpexe_messagecontroller.js?202211298371222 HTTP/1.1" 200 870
190.171.153.26 - - [27/Apr/2023:10:42:05 -0300] "GET /cormun/static/hpexe_messagepopupcomponent.js?2020121447232 HTTP/1.1" 200 605
190.171.153.26 - - [27/Apr/2023:10:42:05 -0300] "GET /cormun/static/hpexe_messagegenexuscomponent.js?20221129836373 HTTP/1.1" 200 587
190.171.153.26 - - [27/Apr/2023:10:42:05 -0300] "GET /cormun/static/cmcontrolpreferences.js?20199141926336 HTTP/1.1" 200 1375
190.171.153.26 - - [27/Apr/2023:10:42:05 -0300] "GET /cormun/static/Shared/jquery/jquery-1.4.2.min.js HTTP/1.1" 200 72174
190.171.153.26 - - [27/Apr/2023:10:42:06 -0300] "GET /cormun/static/SmoothNavMenu/resources/ddsmoothmenu.js HTTP/1.1" 200 12712
190.171.152.138 - - [27/Apr/2023:10:42:06 -0300] "POST /cormun/servlet/trsolicitudot?40ae6593b6ff5346ea61643f87c03e61,gx-no-cache=1682602036349 HTTP/1.1" 200 110
190.171.152.138 - - [27/Apr/2023:10:42:06 -0300] "GET /cormun/servlet/solicitudot?UPD,2023,20073,false, HTTP/1.1" 200 16646
190.171.153.26 - - [27/Apr/2023:10:42:06 -0300] "GET /cormun/static/Shared/jqueryui/jquery-ui.min.js HTTP/1.1" 200 240427
190.171.153.26 - - [27/Apr/2023:10:42:06 -0300] "GET /cormun/static/Shared/jquery/jquery-1.10.2.min.js HTTP/1.1" 200 273199
190.171.152.138 - - [27/Apr/2023:10:42:06 -0300] "GET /cormun/servlet/solicitudot?UPD,2023,20073,false, HTTP/1.1" 200 16656
190.171.153.26 - - [27/Apr/2023:10:42:06 -0300] "GET /cormun/static/SmoothNavMenu/resources/SmoothNavMenuRender.js HTTP/1.1" 200 5951
190.171.153.26 - - [27/Apr/2023:10:42:07 -0300] "GET /cormun/static/scaMessage/scaMessageRender.js HTTP/1.1" 200 11977
190.171.153.26 - - [27/Apr/2023:10:42:07 -0300] "GET /cormun/static/scaMessage/js/jquery.pnotify.min.js HTTP/1.1" 200 13038
190.171.153.26 - - [27/Apr/2023:10:42:07 -0300] "GET /cormun/static/hmpwkw03.js?20221129844354 HTTP/1.1" 200 3971
190.171.152.138 - - [27/Apr/2023:10:42:07 -0300] "POST /cormun/servlet/solicitudot?gx-no-cache=1682602037338 HTTP/1.1" 200 4022
190.171.152.138 - - [27/Apr/2023:10:42:07 -0300] "POST /cormun/servlet/solicitudot?40ae6593b6ff5346ea61643f87c03e61,UPD,2023,20073,false,,gx-no-cache=1682602037484 HTTP/1.1" 200 12897
190.171.153.26 - - [27/Apr/2023:10:42:07 -0300] "GET /cormun/static/Resources/PXTools/calendar.png HTTP/1.1" 200 1306
190.171.152.138 - - [27/Apr/2023:10:42:07 -0300] "GET /cormun/servlet/solicitudot?4d1b835cb19f84af5ba7e4637933f9ede9c4f2ec7948b5b9404e134c18f9c5e713807a0d9b265aef972463fe78a8e4c6,gx-no-cache=1682602037655 HTTP/1.1" 200 30
190.171.152.138 - - [27/Apr/2023:10:42:07 -0300] "GET /cormun/servlet/solicitudot?4d1b835cb19f84af5ba7e4637933f9ed69fde68d5dadf98f0b8c75919ebddf39dc55fc2c1eed30e954283edd5d7c82301e84920b45c103b4f7e484498b5b72e3,gx-no-cache=1682602037701 HTTP/1.1" 200 30
190.171.152.138 - - [27/Apr/2023:10:42:07 -0300] "GET /cormun/servlet/solicitudot?4d1b835cb19f84af5ba7e4637933f9ed1659ab74250e44da51a6637ea32874cb,gx-no-cache=1682602037726 HTTP/1.1" 200 29
190.171.153.26 - - [27/Apr/2023:10:42:07 -0300] "GET /cormun/static/Resources/PXToolsDataSearch.png HTTP/1.1" 200 435
190.171.152.138 - - [27/Apr/2023:10:42:07 -0300] "POST /cormun/servlet/solicitudot?gx-no-cache=1682602037751 HTTP/1.1" 200 297
190.171.152.138 - - [27/Apr/2023:10:42:07 -0300] "GET /cormun/servlet/solicitudot?4d1b835cb19f84af5ba7e4637933f9ed93a2fabee9398062ca6aef41d67bfb0c9505588268d3d9d2b03f523cb96b40a0d5715fc651764f463d0fedf761bd778c19caa6f770aa98d077c51ecec6d8a646bd392b2db34e017e84d4147a25e3497e5c74379220eb394aa7a445dca7bb5ac25a08ed599b3adee4865466ffb940a3dbbd53da02de944c6dc0f31a01e96befe8aa59c7af9c2bbff3502d5a8fe08337e3d1fcd013393b62dbd4b8ad8d5192c49a69d307a62bf0d316aebae4e0570589a99d358032b10223bf7019763f62ee039c67acb7b6513e612b4a3e0d00849896126caf3c1348c17e58cec0120cbd5aeb158cd00ce21404401a5883d93ae28d7d46d4106138e9d8e47ab8d9b42a3a07199ff130e1b5fa3ccedf1e04672491fbd085a18ee46cae0e7393bc864510e23e7438ed183383d822d7eac772d4706b342c18b921d3a78a00bbe23a4d70d1435434a83a3103cf0517e89548bc1dc54547c2ec34869b9cafbed7f900570008bd7b43f24ad2209a6962dd5f5ada7d202dee8fccb1c79240ce783419de16b1e185ac207e,gx-no-cache=1682602037781 HTTP/1.1" 200 30
190.171.152.138 - - [27/Apr/2023:10:42:07 -0300] "POST /cormun/servlet/solicitudot?gx-no-cache=1682602037806 HTTP/1.1" 200 30
190.171.152.138 - - [27/Apr/2023:10:42:07 -0300] "POST /cormun/servlet/solicitudot?gx-no-cache=1682602037832 HTTP/1.1" 200 1470
190.171.153.26 - - [27/Apr/2023:10:42:07 -0300] "GET /cormun/static/Resources/asc.gif HTTP/1.1" 200 67
190.171.153.26 - - [27/Apr/2023:10:42:07 -0300] "GET /cormun/servlet/trpermisosgoce? HTTP/1.1" 200 5986
190.171.153.26 - - [27/Apr/2023:10:42:07 -0300] "GET /cormun/static/Resources/indicator.gif HTTP/1.1" 200 1553
190.171.152.138 - - [27/Apr/2023:10:42:07 -0300] "POST /cormun/servlet/solicitudot?gx-no-cache=1682602037897 HTTP/1.1" 200 41
190.171.153.26 - - [27/Apr/2023:10:42:07 -0300] "GET /cormun/servlet/hlogin HTTP/1.1" 200 1733
190.171.153.26 - - [27/Apr/2023:10:42:07 -0300] "GET /cormun/servlet/trpermisosgoce? HTTP/1.1" 200 6026
190.171.153.26 - - [27/Apr/2023:10:42:08 -0300] "GET /cormun/static/Resources/Spanish/PXTools.css?1759030 HTTP/1.1" 200 100853
190.171.153.26 - - [27/Apr/2023:10:42:08 -0300] "GET /cormun/static/gxcfg.js?2022112219184450 HTTP/1.1" 200 953
190.171.153.26 - - [27/Apr/2023:10:42:08 -0300] "GET /cormun/static/hlogin.js?2022112219184458 HTTP/1.1" 200 2156
190.171.153.26 - - [27/Apr/2023:10:42:08 -0300] "GET /cormun/static/Resources/CormunLogin.png HTTP/1.1" 200 19132
190.171.153.26 - - [27/Apr/2023:10:42:08 -0300] "GET /cormun/static/Resources/PXToolsLoginTop.png HTTP/1.1" 200 1337
190.171.153.26 - - [27/Apr/2023:10:42:08 -0300] "GET /cormun/static/Resources/PXToolsLoginBackground.png HTTP/1.1" 200 1164
190.171.149.82 - - [27/Apr/2023:10:42:08 -0300] "GET /cormun/servlet/solicitudot?2e90b854b4cf7755e157613bb0c00335e09135fdd7573d9e11f40f3284ffbf9a739dcae47b5f62bcdb78a8742b1012bc,gx-no-cache=1682602002192 HTTP/1.1" 200 30
190.171.153.26 - - [27/Apr/2023:10:42:08 -0300] "GET /cormun/static/Resources/PXToolsButtonRight.png HTTP/1.1" 200 1294
190.171.153.26 - - [27/Apr/2023:10:42:08 -0300] "GET /cormun/static/Resources/PXToolsButtonLeft.png HTTP/1.1" 200 1310
190.171.153.26 - - [27/Apr/2023:10:42:08 -0300] "GET /cormun/static/Resources/PXToolsLoginBottom.png HTTP/1.1" 200 1389
190.171.153.26 - - [27/Apr/2023:10:42:09 -0300] "GET /cormun/static/Resources/PXToolsButtonBackground.png HTTP/1.1" 200 1176
190.171.152.138 - - [27/Apr/2023:10:42:11 -0300] "POST /cormun/servlet/solicitudot?40ae6593b6ff5346ea61643f87c03e61,UPD,2023,20073,false,,gx-no-cache=1682602041759 HTTP/1.1" 200 93
190.171.152.138 - - [27/Apr/2023:10:42:11 -0300] "GET /cormun/servlet/hpexe_return? HTTP/1.1" 200 1030
190.171.152.138 - - [27/Apr/2023:10:42:11 -0300] "GET /cormun/servlet/trsolicitudot?gx-no-cache=1682602032251 HTTP/1.1" 200 11336
190.171.152.138 - - [27/Apr/2023:10:42:12 -0300] "GET /cormun/servlet/trsolicitudot?gx-no-cache=1682602032251 HTTP/1.1" 200 11351
190.171.149.82 - - [27/Apr/2023:10:42:22 -0300] "POST /cormun/servlet/solicitudot?gx-no-cache=1682602016304 HTTP/1.1" 200 30
190.171.152.138 - - [27/Apr/2023:10:42:24 -0300] "POST /cormun/servlet/trsolicitudot?40ae6593b6ff5346ea61643f87c03e61,gx-no-cache=1682602032251,gx-no-cache=1682602054520 HTTP/1.1" 200 110
190.171.152.138 - - [27/Apr/2023:10:42:24 -0300] "GET /cormun/servlet/solicitudot?UPD,2023,20073,false, HTTP/1.1" 200 16666
190.171.149.82 - - [27/Apr/2023:10:42:24 -0300] "POST /cormun/servlet/solicitudot?d340c4d2dad6dfb9e343339b4a425e36,INS,0,0,false,,gx-no-cache=1682602018123 HTTP/1.1" 200 93
190.171.152.138 - - [27/Apr/2023:10:42:24 -0300] "GET /cormun/servlet/solicitudot?UPD,2023,20073,false, HTTP/1.1" 200 16656
190.171.149.82 - - [27/Apr/2023:10:42:25 -0300] "GET /cormun/servlet/hpexe_return? HTTP/1.1" 200 1011
190.171.149.82 - - [27/Apr/2023:10:42:25 -0300] "GET /cormun/servlet/trsolicitudot HTTP/1.1" 200 9023
190.171.152.138 - - [27/Apr/2023:10:42:25 -0300] "POST /cormun/servlet/solicitudot?gx-no-cache=1682602055514 HTTP/1.1" 200 4022
190.171.149.82 - - [27/Apr/2023:10:42:25 -0300] "GET /cormun/servlet/trsolicitudot HTTP/1.1" 200 9019
190.171.152.138 - - [27/Apr/2023:10:42:25 -0300] "POST /cormun/servlet/solicitudot?40ae6593b6ff5346ea61643f87c03e61,UPD,2023,20073,false,,gx-no-cache=1682602055663 HTTP/1.1" 200 12925
190.171.152.138 - - [27/Apr/2023:10:42:25 -0300] "GET /cormun/servlet/solicitudot?4d1b835cb19f84af5ba7e4637933f9ede9c4f2ec7948b5b9404e134c18f9c5e713807a0d9b265aef972463fe78a8e4c6,gx-no-cache=1682602056115 HTTP/1.1" 200 30
190.171.152.138 - - [27/Apr/2023:10:42:25 -0300] "GET /cormun/servlet/solicitudot?4d1b835cb19f84af5ba7e4637933f9ed69fde68d5dadf98f0b8c75919ebddf39dc55fc2c1eed30e954283edd5d7c82301e84920b45c103b4f7e484498b5b72e3,gx-no-cache=1682602056158 HTTP/1.1" 200 30
190.171.152.138 - - [27/Apr/2023:10:42:25 -0300] "GET /cormun/servlet/solicitudot?4d1b835cb19f84af5ba7e4637933f9ed1659ab74250e44da51a6637ea32874cb,gx-no-cache=1682602056180 HTTP/1.1" 200 29
190.171.152.138 - - [27/Apr/2023:10:42:26 -0300] "POST /cormun/servlet/solicitudot?gx-no-cache=1682602056203 HTTP/1.1" 200 297
190.171.152.138 - - [27/Apr/2023:10:42:26 -0300] "GET /cormun/servlet/solicitudot?4d1b835cb19f84af5ba7e4637933f9ed93a2fabee9398062ca6aef41d67bfb0c9505588268d3d9d2b03f523cb96b40a0d5715fc651764f463d0fedf761bd778c19caa6f770aa98d077c51ecec6d8a646bd392b2db34e017e84d4147a25e3497e5c74379220eb394aa7a445dca7bb5ac25a08ed599b3adee4865466ffb940a3dbbd53da02de944c6dc0f31a01e96befe8aa59c7af9c2bbff3502d5a8fe08337e3d1fcd013393b62dbd4b8ad8d5192c49a69d307a62bf0d316aebae4e0570589a99d358032b10223bf7019763f62ee039c67acb7b6513e612b4a3e0d00849896126caf3c1348c17e58cec0120cbd5aeb158cd00ce21404401a5883d93ae28d7d46d4106138e9d8e47ab8d9b42a3a07199ff130e1b5fa3ccedf1e04672491fbd085a18ee46cae0e7393bc864510e23e7438ed183383d822d7eac772d4706b342c18b921d3a78a00bbe23a4d70d1435434a83a3103cf0517e89548bc1dc54547c2ec34869b9cafbed7f900570008bd7b43f24ad2209a6962dd5f5ada7d202dee8fccb1c79240ce783419de16b1e185ac207e,gx-no-cache=1682602056230 HTTP/1.1" 200 30
190.171.152.138 - - [27/Apr/2023:10:42:26 -0300] "POST /cormun/servlet/solicitudot?gx-no-cache=1682602056696 HTTP/1.1" 200 30
190.171.152.138 - - [27/Apr/2023:10:42:26 -0300] "POST /cormun/servlet/solicitudot?gx-no-cache=1682602056725 HTTP/1.1" 200 1470
190.171.152.138 - - [27/Apr/2023:10:42:26 -0300] "POST /cormun/servlet/solicitudot?gx-no-cache=1682602056779 HTTP/1.1" 200 41
190.171.152.138 - - [27/Apr/2023:10:42:31 -0300] "GET /cormun/servlet/solicitudot?4d1b835cb19f84af5ba7e4637933f9edfabfc4095596a038416f549a7df2b08e,gx-no-cache=1682602061386 HTTP/1.1" 200 53
190.171.153.26 - - [27/Apr/2023:10:42:37 -0300] "POST /cormun/servlet/hlogin?f0aa09f669b036ebb8b1f0a285356ce7,gx-no-cache=1682602036081 HTTP/1.1" 200 90
190.171.153.26 - - [27/Apr/2023:10:42:37 -0300] "GET /cormun/servlet/hpexe_link HTTP/1.1" 200 950
190.171.153.26 - - [27/Apr/2023:10:42:37 -0300] "GET /cormun/static/hpexe_link.js?20221129847423 HTTP/1.1" 200 625
190.171.153.26 - - [27/Apr/2023:10:42:37 -0300] "GET /cormun/static/gxcfg.js?20221129847421 HTTP/1.1" 200 953
190.171.153.26 - - [27/Apr/2023:10:42:37 -0300] "GET /cormun/static/Resources/Spanish/PXTools.css?8354383 HTTP/1.1" 200 100853
190.171.153.26 - - [27/Apr/2023:10:42:38 -0300] "GET /cormun/servlet/trpermisosgoce HTTP/1.1" 200 11507
190.171.153.26 - - [27/Apr/2023:10:42:40 -0300] "GET /cormun/static/Resources/desc.gif HTTP/1.1" 200 65
190.171.153.26 - - [27/Apr/2023:10:42:40 -0300] "GET /cormun//static/Resources/PXToolsActionDisabled.gif HTTP/1.1" 200 53
190.171.153.26 - - [27/Apr/2023:10:42:40 -0300] "GET /cormun//static/Resources/PXToolsHeaderFavorites.png HTTP/1.1" 200 1414
190.171.153.26 - - [27/Apr/2023:10:42:40 -0300] "GET /cormun//static/Resources/PXToolsGridDelete.png HTTP/1.1" 200 538
190.171.153.26 - - [27/Apr/2023:10:42:40 -0300] "GET /cormun/servlet/trpermisosgoce HTTP/1.1" 200 11504
190.171.153.26 - - [27/Apr/2023:10:42:40 -0300] "GET /cormun//static/Resources/PXToolsActionPrint.png HTTP/1.1" 200 404
190.171.153.26 - - [27/Apr/2023:10:42:40 -0300] "GET /cormun//static/Resources/PXTools/ActionInsert.png HTTP/1.1" 200 1482
190.171.153.26 - - [27/Apr/2023:10:42:40 -0300] "GET /cormun//static/Resources/PXToolsHeaderHelp.png HTTP/1.1" 200 1333
190.171.153.26 - - [27/Apr/2023:10:42:40 -0300] "GET /cormun//static/Resources/PXToolsGridDisplay.png HTTP/1.1" 200 525
190.171.153.26 - - [27/Apr/2023:10:42:40 -0300] "GET /cormun/static/SmoothNavMenu/resources/images/down.gif HTTP/1.1" 200 854
190.171.153.26 - - [27/Apr/2023:10:42:40 -0300] "GET /cormun/static/Shared/ext/resources/themes/images/default/tools/tool-sprites.gif HTTP/1.1" 200 5434
190.171.153.26 - - [27/Apr/2023:10:42:40 -0300] "GET /cormun/static/Shared/ext/resources/themes/images/default/panel/bg-headersPanel.png HTTP/1.1" 200 255
190.171.153.26 - - [27/Apr/2023:10:42:43 -0300] "GET /cormun/servlet/trlicencias? HTTP/1.1" 200 10166
190.171.153.26 - - [27/Apr/2023:10:42:43 -0300] "GET /cormun/static/gxcfg.js?202211298463625 HTTP/1.1" 200 953
190.171.153.26 - - [27/Apr/2023:10:42:43 -0300] "GET /cormun/static/trlicencias.js?202211298463889 HTTP/1.1" 200 41883
190.171.153.26 - - [27/Apr/2023:10:42:44 -0300] "GET /cormun/servlet/trlicencias? HTTP/1.1" 200 10165
190.171.153.26 - - [27/Apr/2023:10:42:47 -0300] "POST /cormun/servlet/trlicencias?f0aa09f669b036ebb8b1f0a285356ce7,,gx-no-cache=1682602045630 HTTP/1.1" 200 7698
190.171.149.82 - - [27/Apr/2023:10:42:48 -0300] "GET /cormun/servlet/solicitudot?INS,0,0,false, HTTP/1.1" 200 15787
190.171.149.82 - - [27/Apr/2023:10:42:48 -0300] "GET /cormun/servlet/solicitudot?INS,0,0,false, HTTP/1.1" 200 15794
190.171.153.26 - - [27/Apr/2023:10:42:51 -0300] "POST /cormun/servlet/trlicencias?f0aa09f669b036ebb8b1f0a285356ce7,,gx-no-cache=1682602049707 HTTP/1.1" 200 7705
190.171.152.138 - - [27/Apr/2023:10:42:53 -0300] "POST /cormun/servlet/solicitudot?gx-no-cache=1682602083508 HTTP/1.1" 200 30
190.171.152.138 - - [27/Apr/2023:10:42:53 -0300] "POST /cormun/servlet/solicitudot?gx-no-cache=1682602083561 HTTP/1.1" 200 1470
190.171.152.138 - - [27/Apr/2023:10:42:53 -0300] "POST /cormun/servlet/solicitudot?gx-no-cache=1682602083616 HTTP/1.1" 200 41
190.171.152.138 - - [27/Apr/2023:10:42:53 -0300] "GET /cormun/servlet/solicitudot?4d1b835cb19f84af5ba7e4637933f9eddd7896c8270a708169794823741536822c8ec64ff63dea2cd6c6294bd7de14f5ae3ddc51ab6f72b31f87345b324e6d2dcea977ef533fc3a15e7fddd719550e4ae153fc3f35f6073dc57793f95abd73d0e978fb36e1f91dd0a7ae69bb95a59d80,gx-no-cache=1682602083638 HTTP/1.1" 200 110
190.171.152.138 - - [27/Apr/2023:10:42:53 -0300] "POST /cormun/servlet/solicitudot?gx-no-cache=1682602083662 HTTP/1.1" 200 83
190.171.152.138 - - [27/Apr/2023:10:42:53 -0300] "GET /cormun/servlet/solicitudot?4d1b835cb19f84af5ba7e4637933f9ed317ba266f76f8577597a467c2358701573db388a2df06880e38ae08dd05ce4e92ffb5571873df6176cb1ca1e79fcc50ca5b81b81548b49b4f617bf101d1f4edadb91f6c0fc15a8c916c2e526aa94d5e9555739fbd3ba46b49d2a18adf532d031,gx-no-cache=1682602083690 HTTP/1.1" 200 29
190.171.152.138 - - [27/Apr/2023:10:42:53 -0300] "GET /cormun/servlet/solicitudot?4d1b835cb19f84af5ba7e4637933f9edecf0b068a71227f4bd9988f2afcbd9b0bb1be696208de252f1da7bee6d01164b,gx-no-cache=1682602083712 HTTP/1.1" 200 30
190.171.152.138 - - [27/Apr/2023:10:42:53 -0300] "POST /cormun/servlet/solicitudot?gx-no-cache=1682602083734 HTTP/1.1" 200 30
