186.67.172.234 - - [26/Apr/2023:14:58:11 -0300] "GET /cormun/servlet/solicitudot?4dc9b3f67174c268f456f9ed6112b6bb42209c15b27f550adb7666193f5660d7b404930baf17cc9239cdc5c7315d4054,gx-no-cache=1682530965764 HTTP/1.1" 200 134
186.67.172.234 - - [26/Apr/2023:14:58:11 -0300] "GET /cormun/static/Shared/jqueryui/images/ui-icons_ebccce_256x240.png HTTP/1.1" 404 1089
186.67.172.234 - - [26/Apr/2023:14:58:11 -0300] "GET /cormun/static/Shared/jqueryui/images/ui-bg_flat_55_994d53_40x100.png HTTP/1.1" 404 1097
186.67.172.234 - - [26/Apr/2023:14:58:27 -0300] "GET /cormun/servlet/solicitudot?4dc9b3f67174c268f456f9ed6112b6bb1398bf48501d709b9be744a3b3f957339eb2495cf376b21561cbab168e9cd61c97296150882053e86bace6abff3aed49a349554def159021d51a7cfc6d2264d99a44e3b6d8e6ae59cf4b460dc996433947b9c79c73b7f10278f96f0fe8adea54,gx-no-cache=1682530981739 HTTP/1.1" 200 110
186.67.172.234 - - [26/Apr/2023:14:58:31 -0300] "GET /cormun/servlet/solicitudot?4dc9b3f67174c268f456f9ed6112b6bbe775b2b9283808671f306ad6221d2aea70c300ab354e8d94f8179dca5d365e3c8712414d65c55e9d10d52a7f4c189f88576ee8843fc121c782798311895c9554aad19494bc768252b3d1c73804ba2b7cc9bcf45098740aaa0cc8cebc5a0b05f6bba1142421d8b6aa758199fa93ded04e3c8cea66aa36537fdbe56335a3a810880c0a012710336895a5211dc3f24b35f50fcac6078f1649f39a2b8005e4aa812cc505e7559a40af1f132a4e14e6b15d60daea0db189ebb0f69197932fd8216603,gx-no-cache=1682530985624 HTTP/1.1" 200 29
186.67.172.234 - - [26/Apr/2023:14:58:33 -0300] "GET /cormun/static/menuarrow.gif HTTP/1.1" 404 1015
186.67.172.234 - - [26/Apr/2023:14:58:40 -0300] "GET /cormun/servlet/solicitudot?4dc9b3f67174c268f456f9ed6112b6bb8391ee4110f6b014f4dad92b29c1e4f2b404930baf17cc9239cdc5c7315d4054,gx-no-cache=1682530994874 HTTP/1.1" 200 30
186.67.172.234 - - [26/Apr/2023:14:58:40 -0300] "POST /cormun/servlet/solicitudot?gx-no-cache=1682530994894 HTTP/1.1" 200 33
186.67.172.234 - - [26/Apr/2023:14:59:23 -0300] "POST /cormun/servlet/solicitudot?9ae53cb7cd72366ea6ff748a6868bdf8,INS,0,0,false,,gx-no-cache=1682531037090 HTTP/1.1" 200 93
186.67.172.234 - - [26/Apr/2023:14:59:24 -0300] "GET /cormun/servlet/hpexe_return? HTTP/1.1" 200 1011
186.67.172.234 - - [26/Apr/2023:14:59:24 -0300] "GET /cormun/servlet/trsolicitudot HTTP/1.1" 200 8848
186.67.172.234 - - [26/Apr/2023:14:59:24 -0300] "GET /cormun/servlet/trsolicitudot HTTP/1.1" 200 8844
186.67.172.234 - - [26/Apr/2023:14:59:26 -0300] "GET /cormun/servlet/trlicencias? HTTP/1.1" 200 11986
186.67.172.234 - - [26/Apr/2023:14:59:26 -0300] "GET /cormun/servlet/trlicencias? HTTP/1.1" 200 11979
186.67.172.234 - - [26/Apr/2023:14:59:30 -0300] "GET /cormun/static/menuarrow.gif HTTP/1.1" 404 1015
186.67.172.234 - - [26/Apr/2023:14:59:48 -0300] "POST /cormun/servlet/trlicencias?9ae53cb7cd72366ea6ff748a6868bdf8,,gx-no-cache=1682531061329 HTTP/1.1" 200 18114
186.67.172.234 - - [26/Apr/2023:14:59:48 -0300] "GET /cormun/static/Resources/PXToolsGridNext.gif HTTP/1.1" 200 369
186.67.172.234 - - [26/Apr/2023:14:59:48 -0300] "GET /cormun/static/Resources/PXToolsGridLast.gif HTTP/1.1" 200 370
186.67.172.234 - - [26/Apr/2023:14:59:54 -0300] "POST /cormun/servlet/trlicencias?9ae53cb7cd72366ea6ff748a6868bdf8,,gx-no-cache=1682531067363 HTTP/1.1" 200 101
186.67.172.234 - - [26/Apr/2023:14:59:55 -0300] "GET /cormun/Licencias-7897.xls HTTP/1.1" 200 128000
190.171.143.82 - - [26/Apr/2023:15:00:31 -0300] "GET /cormun/servlet/trpermisosgoce? HTTP/1.1" 200 11486
190.171.143.82 - - [26/Apr/2023:15:00:33 -0300] "GET /cormun/servlet/trpermisosgoce? HTTP/1.1" 200 11473
190.171.143.82 - - [26/Apr/2023:15:00:50 -0300] "GET /cormun/servlet/permisogoce?INS,0,,, HTTP/1.1" 200 7260
190.171.143.82 - - [26/Apr/2023:15:00:51 -0300] "GET /cormun/servlet/permisogoce?INS,0,,, HTTP/1.1" 200 7260
190.171.143.82 - - [26/Apr/2023:15:01:03 -0300] "GET /cormun/servlet/permisogoce?b4a2fa0bf8cfe240f30556c0767ee5f88181d62b54b872a33074c957cfd19614414de957e138883016dd1562aa0483811b6b40f6efdbf9943ca8966c7f2ee7fb,gx-no-cache=1682531136074 HTTP/1.1" 200 86
190.171.143.82 - - [26/Apr/2023:15:01:03 -0300] "GET /cormun/static/menuarrow.gif HTTP/1.1" 404 1015
190.171.143.82 - - [26/Apr/2023:15:01:07 -0300] "GET /cormun/servlet/permisogoce?b4a2fa0bf8cfe240f30556c0767ee5f819be750621120380481843629da868444e12007e11c17f70f654ac3af6590b0a76ca12c7b986bdf75203a54c923cc194,gx-no-cache=1682531140208 HTTP/1.1" 200 49
190.171.143.82 - - [26/Apr/2023:15:01:08 -0300] "POST /cormun/servlet/permisogoce?4218d046a75a3ac76d512b5579c4bcf2,INS,0,,,,gx-no-cache=1682531140876 HTTP/1.1" 200 93
190.171.143.82 - - [26/Apr/2023:15:01:09 -0300] "GET /cormun/servlet/hpexe_return? HTTP/1.1" 200 1011
190.171.143.82 - - [26/Apr/2023:15:01:09 -0300] "GET /cormun/servlet/trpermisosgoce HTTP/1.1" 200 11688
190.171.143.82 - - [26/Apr/2023:15:01:10 -0300] "GET /cormun/servlet/trpermisosgoce HTTP/1.1" 200 11675
190.171.143.82 - - [26/Apr/2023:15:01:15 -0300] "GET /cormun/servlet/apermisogoceprn?11511754,P,20230426134456,PU HTTP/1.1" 200 1652
186.67.172.234 - - [26/Apr/2023:15:06:46 -0300] "GET /cormun/servlet/trsolicitudot? HTTP/1.1" 200 8844
186.67.172.234 - - [26/Apr/2023:15:06:47 -0300] "GET /cormun/servlet/trsolicitudot? HTTP/1.1" 200 8844
186.67.172.234 - - [26/Apr/2023:15:07:45 -0300] "POST /cormun/servlet/trsolicitudot?9ae53cb7cd72366ea6ff748a6868bdf8,,gx-no-cache=1682531539379 HTTP/1.1" 200 4863
186.67.172.234 - - [26/Apr/2023:15:07:45 -0300] "GET /cormun/static/Shared/jqueryui/images/ui-bg_highlight-soft_100_c6c2c8_1x100.png HTTP/1.1" 404 1117
186.67.172.234 - - [26/Apr/2023:15:07:45 -0300] "GET /cormun/static/Shared/jqueryui/images/ui-bg_flat_55_fafafa_40x100.png HTTP/1.1" 404 1097
186.67.172.234 - - [26/Apr/2023:15:07:45 -0300] "GET /cormun/static/Shared/jqueryui/images/ui-icons_8d78a5_256x240.png HTTP/1.1" 404 1089
186.67.172.234 - - [26/Apr/2023:15:07:45 -0300] "GET /cormun/static/Shared/jqueryui/images/ui-icons_82798d_256x240.png HTTP/1.1" 404 1089
186.67.172.234 - - [26/Apr/2023:15:07:45 -0300] "POST /cormun/servlet/trsolicitudot?9ae53cb7cd72366ea6ff748a6868bdf8,,gx-no-cache=1682531539548 HTTP/1.1" 200 4618
186.67.172.234 - - [26/Apr/2023:15:08:09 -0300] "GET /cormun/servlet/trlicencias? HTTP/1.1" 200 19894
186.67.172.234 - - [26/Apr/2023:15:08:10 -0300] "GET /cormun/servlet/trlicencias? HTTP/1.1" 200 19931
186.67.172.234 - - [26/Apr/2023:15:08:12 -0300] "GET /cormun/static/menuarrow.gif HTTP/1.1" 404 1015
186.67.172.234 - - [26/Apr/2023:15:08:31 -0300] "POST /cormun/servlet/trlicencias?9ae53cb7cd72366ea6ff748a6868bdf8,,gx-no-cache=1682531584756 HTTP/1.1" 200 18280
190.171.143.82 - - [26/Apr/2023:15:12:11 -0300] "GET /cormun/servlet/trlicencias? HTTP/1.1" 200 11699
190.171.143.82 - - [26/Apr/2023:15:12:13 -0300] "GET /cormun/servlet/trlicencias? HTTP/1.1" 200 11708
190.171.143.82 - - [26/Apr/2023:15:12:15 -0300] "POST /cormun/servlet/trlicencias?4218d046a75a3ac76d512b5579c4bcf2,,gx-no-cache=1682531807629 HTTP/1.1" 200 9148
190.171.141.114 - - [26/Apr/2023:15:12:57 -0300] "GET /cormun/servlet/hlogin HTTP/1.1" 200 1720
190.171.141.114 - - [26/Apr/2023:15:13:04 -0300] "POST /cormun/servlet/hlogin?fdc34e46cb1b3ff09c486df165ec1d52,gx-no-cache=1682531871049 HTTP/1.1" 200 90
190.171.141.114 - - [26/Apr/2023:15:13:04 -0300] "GET /cormun/servlet/hpexe_link HTTP/1.1" 200 948
190.171.141.114 - - [26/Apr/2023:15:13:05 -0300] "GET /cormun/servlet/hhome HTTP/1.1" 200 4003
190.171.141.114 - - [26/Apr/2023:15:13:05 -0300] "GET /cormun/servlet/hhome HTTP/1.1" 200 4000
190.171.141.114 - - [26/Apr/2023:15:13:10 -0300] "GET /cormun/servlet/trsolicitudot? HTTP/1.1" 200 8635
190.171.141.114 - - [26/Apr/2023:15:13:10 -0300] "GET /cormun/servlet/trsolicitudot? HTTP/1.1" 200 8633
190.171.141.114 - - [26/Apr/2023:15:13:12 -0300] "POST /cormun/servlet/trsolicitudot?fdc34e46cb1b3ff09c486df165ec1d52,,gx-no-cache=1682531879097 HTTP/1.1" 200 107
190.171.141.114 - - [26/Apr/2023:15:13:12 -0300] "GET /cormun/servlet/trsolicitudadjuntos?2023,20060, HTTP/1.1" 200 6114
190.171.141.114 - - [26/Apr/2023:15:13:12 -0300] "GET /cormun/static/gxcfg.js?20201215574222 HTTP/1.1" 200 953
190.171.141.114 - - [26/Apr/2023:15:13:13 -0300] "GET /cormun/static/trsolicitudadjuntos.js?20201215574932 HTTP/1.1" 200 17921
190.171.141.114 - - [26/Apr/2023:15:13:13 -0300] "GET /cormun/servlet/trsolicitudadjuntos?2023,20060, HTTP/1.1" 200 6113
190.171.141.114 - - [26/Apr/2023:15:13:16 -0300] "GET /cormun/servlet/solicitudotadjuntos?INS,2023,20060,,1, HTTP/1.1" 200 6057
190.171.141.114 - - [26/Apr/2023:15:13:16 -0300] "GET /cormun/static/gxcfg.js?202211298385187 HTTP/1.1" 200 953
190.171.141.114 - - [26/Apr/2023:15:13:17 -0300] "GET /cormun/static/solicitudotadjuntos.js?202211298385196 HTTP/1.1" 200 11771
190.171.141.114 - - [26/Apr/2023:15:13:17 -0300] "GET /cormun/static/about:blank HTTP/1.1" 404 1011
190.171.141.114 - - [26/Apr/2023:15:13:17 -0300] "GET /cormun/servlet/solicitudotadjuntos?INS,2023,20060,,1, HTTP/1.1" 200 6051
190.171.141.114 - - [26/Apr/2023:15:13:17 -0300] "GET /cormun/servlet/solicitudotadjuntos?97771c1ec4ddbf2c0d72daa184ba55dbdf0f038497acc11e816ccf7e5e6b9c6935926a22aa1c03ba2a0b866a9f49408a,gx-no-cache=1682531884024 HTTP/1.1" 200 30
190.171.141.114 - - [26/Apr/2023:15:13:17 -0300] "POST /cormun/servlet/solicitudotadjuntos?fdc34e46cb1b3ff09c486df165ec1d52,INS,2023,20060,,1,,gx-no-cache=1682531884076 HTTP/1.1" 200 3899
190.171.143.106 - - [26/Apr/2023:15:13:20 -0300] "GET /cormun/servlet/hlogin HTTP/1.1" 200 1718
190.171.141.114 - - [26/Apr/2023:15:13:24 -0300] "POST /cormun/servlet/solicitudotadjuntos?gx-no-cache=1682531890669 HTTP/1.1" 200 26
190.171.143.106 - - [26/Apr/2023:15:13:28 -0300] "POST /cormun/servlet/hlogin?16db3dcbb549ffa1d3bbddf70d60379d,gx-no-cache=1682532081396 HTTP/1.1" 200 90
190.171.143.106 - - [26/Apr/2023:15:13:28 -0300] "GET /cormun/servlet/hpexe_link HTTP/1.1" 200 949
190.171.143.106 - - [26/Apr/2023:15:13:29 -0300] "GET /cormun/servlet/hhome HTTP/1.1" 200 4234
190.171.143.106 - - [26/Apr/2023:15:13:29 -0300] "GET /cormun/servlet/hhome HTTP/1.1" 200 4230
190.171.143.106 - - [26/Apr/2023:15:13:31 -0300] "GET /cormun/servlet/trlicencias? HTTP/1.1" 200 9801
190.171.143.106 - - [26/Apr/2023:15:13:31 -0300] "GET /cormun/servlet/trlicencias? HTTP/1.1" 200 9799
190.171.141.114 - - [26/Apr/2023:15:13:35 -0300] "GET /cormun/servlet/solicitudotadjuntos?97771c1ec4ddbf2c0d72daa184ba55db3d43fd1734674577f800e9184689570d,gx-no-cache=1682531901391 HTTP/1.1" 200 30
190.171.141.114 - - [26/Apr/2023:15:13:35 -0300] "GET /cormun/servlet/solicitudotadjuntos?97771c1ec4ddbf2c0d72daa184ba55db3d43fd1734674577f800e9184689570d,gx-no-cache=1682531901470 HTTP/1.1" 200 30
190.171.141.114 - - [26/Apr/2023:15:13:35 -0300] "POST /cormun/servlet/solicitudotadjuntos?fdc34e46cb1b3ff09c486df165ec1d52,INS,2023,20060,,1, HTTP/1.1" 200 116
190.171.141.114 - - [26/Apr/2023:15:13:35 -0300] "GET /cormun/servlet/hpexe_return? HTTP/1.1" 200 1023
190.171.141.114 - - [26/Apr/2023:15:13:36 -0300] "GET /cormun/servlet/trsolicitudadjuntos?2023,20060, HTTP/1.1" 200 9039
190.171.141.114 - - [26/Apr/2023:15:13:36 -0300] "GET /cormun/servlet/trsolicitudadjuntos?2023,20060, HTTP/1.1" 200 9035
190.171.141.114 - - [26/Apr/2023:15:13:38 -0300] "GET /cormun/servlet/solicitudotadjuntos?INS,2023,20060,,1, HTTP/1.1" 200 6057
190.171.141.114 - - [26/Apr/2023:15:13:38 -0300] "GET /cormun/static/about:blank HTTP/1.1" 404 1011
190.171.141.114 - - [26/Apr/2023:15:13:38 -0300] "GET /cormun/servlet/solicitudotadjuntos?INS,2023,20060,,1, HTTP/1.1" 200 6051
190.171.141.114 - - [26/Apr/2023:15:13:39 -0300] "GET /cormun/servlet/solicitudotadjuntos?97771c1ec4ddbf2c0d72daa184ba55dbdf0f038497acc11e816ccf7e5e6b9c6935926a22aa1c03ba2a0b866a9f49408a,gx-no-cache=1682531905580 HTTP/1.1" 200 30
190.171.141.114 - - [26/Apr/2023:15:13:39 -0300] "POST /cormun/servlet/solicitudotadjuntos?fdc34e46cb1b3ff09c486df165ec1d52,INS,2023,20060,,1,,gx-no-cache=1682531905680 HTTP/1.1" 200 3899
190.171.141.114 - - [26/Apr/2023:15:13:42 -0300] "POST /cormun/servlet/solicitudotadjuntos?gx-no-cache=1682531908327 HTTP/1.1" 200 26
190.171.143.106 - - [26/Apr/2023:15:13:50 -0300] "GET /cormun/servlet/licenciaspermisos?INS,0,,, HTTP/1.1" 200 7842
190.171.143.106 - - [26/Apr/2023:15:13:51 -0300] "GET /cormun/servlet/licenciaspermisos?INS,0,,, HTTP/1.1" 200 7850
190.171.143.106 - - [26/Apr/2023:15:14:12 -0300] "GET /cormun/servlet/licenciaspermisos?c2d94c59c60a26fdf73cc2d8a371dc98180d7d3560a3b3240ef0ca0401bfdb930f714c6387820bf99700a16218f18f7d0fe6d88758323e6dd1b7d60b70a972cf,gx-no-cache=1682532124613 HTTP/1.1" 200 84
190.171.143.106 - - [26/Apr/2023:15:14:18 -0300] "GET /cormun/static/menuarrow.gif HTTP/1.1" 404 1015
190.171.141.114 - - [26/Apr/2023:15:15:29 -0300] "POST /cormun/servlet/solicitudotadjuntos?gx-no-cache=1682532015701 HTTP/1.1" 200 26
190.171.141.114 - - [26/Apr/2023:15:15:36 -0300] "GET /cormun/servlet/solicitudotadjuntos?97771c1ec4ddbf2c0d72daa184ba55db3d43fd1734674577f800e9184689570d,gx-no-cache=1682532023230 HTTP/1.1" 200 30
190.171.141.114 - - [26/Apr/2023:15:15:36 -0300] "GET /cormun/servlet/solicitudotadjuntos?97771c1ec4ddbf2c0d72daa184ba55db3d43fd1734674577f800e9184689570d,gx-no-cache=1682532023249 HTTP/1.1" 200 30
190.171.141.114 - - [26/Apr/2023:15:15:37 -0300] "POST /cormun/servlet/solicitudotadjuntos?fdc34e46cb1b3ff09c486df165ec1d52,INS,2023,20060,,1, HTTP/1.1" 200 116
190.171.141.114 - - [26/Apr/2023:15:15:37 -0300] "GET /cormun/servlet/hpexe_return? HTTP/1.1" 200 1023
190.171.141.114 - - [26/Apr/2023:15:15:37 -0300] "GET /cormun/servlet/trsolicitudadjuntos?2023,20060, HTTP/1.1" 200 9316
190.171.141.114 - - [26/Apr/2023:15:15:37 -0300] "GET /cormun/servlet/trsolicitudadjuntos?2023,20060, HTTP/1.1" 200 9315
190.171.141.114 - - [26/Apr/2023:15:15:40 -0300] "GET /cormun/servlet/solicitudotadjuntos?INS,2023,20060,,1, HTTP/1.1" 200 6057
190.171.141.114 - - [26/Apr/2023:15:15:40 -0300] "GET /cormun/static/about:blank HTTP/1.1" 404 1011
190.171.141.114 - - [26/Apr/2023:15:15:40 -0300] "GET /cormun/servlet/solicitudotadjuntos?INS,2023,20060,,1, HTTP/1.1" 200 6051
190.171.141.114 - - [26/Apr/2023:15:15:41 -0300] "GET /cormun/servlet/solicitudotadjuntos?97771c1ec4ddbf2c0d72daa184ba55dbdf0f038497acc11e816ccf7e5e6b9c6935926a22aa1c03ba2a0b866a9f49408a,gx-no-cache=1682532027406 HTTP/1.1" 200 30
190.171.141.114 - - [26/Apr/2023:15:15:41 -0300] "POST /cormun/servlet/solicitudotadjuntos?fdc34e46cb1b3ff09c486df165ec1d52,INS,2023,20060,,1,,gx-no-cache=1682532027425 HTTP/1.1" 200 3899
190.171.141.114 - - [26/Apr/2023:15:15:44 -0300] "POST /cormun/servlet/solicitudotadjuntos?gx-no-cache=1682532030367 HTTP/1.1" 200 26
190.171.141.82 - - [26/Apr/2023:15:15:46 -0300] "POST /cormun/servlet/hlogin?2c113c583c98206f87848d8d5ca62f56,gx-no-cache=1682532020309 HTTP/1.1" 440 972
190.171.141.82 - - [26/Apr/2023:15:15:47 -0300] "GET /cormun/servlet/hlogin HTTP/1.1" 200 1726
190.171.141.114 - - [26/Apr/2023:15:15:51 -0300] "GET /cormun/servlet/solicitudotadjuntos?97771c1ec4ddbf2c0d72daa184ba55db3d43fd1734674577f800e9184689570d,gx-no-cache=1682532038231 HTTP/1.1" 200 30
190.171.141.114 - - [26/Apr/2023:15:15:51 -0300] "GET /cormun/servlet/solicitudotadjuntos?97771c1ec4ddbf2c0d72daa184ba55db3d43fd1734674577f800e9184689570d,gx-no-cache=1682532038248 HTTP/1.1" 200 30
190.171.141.114 - - [26/Apr/2023:15:15:52 -0300] "POST /cormun/servlet/solicitudotadjuntos?fdc34e46cb1b3ff09c486df165ec1d52,INS,2023,20060,,1, HTTP/1.1" 200 116
190.171.141.114 - - [26/Apr/2023:15:15:52 -0300] "GET /cormun/servlet/hpexe_return? HTTP/1.1" 200 1023
190.171.141.114 - - [26/Apr/2023:15:15:52 -0300] "GET /cormun/servlet/trsolicitudadjuntos?2023,20060, HTTP/1.1" 200 9532
190.171.141.114 - - [26/Apr/2023:15:15:52 -0300] "GET /cormun/servlet/trsolicitudadjuntos?2023,20060, HTTP/1.1" 200 9531
190.171.141.82 - - [26/Apr/2023:15:15:52 -0300] "POST /cormun/servlet/hlogin?8671be099f199f4e65127031a37111eb,gx-no-cache=1682532027174 HTTP/1.1" 200 90
190.171.141.82 - - [26/Apr/2023:15:15:53 -0300] "GET /cormun/servlet/hpexe_link HTTP/1.1" 200 945
190.171.141.82 - - [26/Apr/2023:15:15:53 -0300] "GET /cormun/servlet/hhome HTTP/1.1" 200 3957
190.171.141.82 - - [26/Apr/2023:15:15:53 -0300] "GET /cormun/servlet/hhome HTTP/1.1" 200 3954
190.171.141.114 - - [26/Apr/2023:15:15:55 -0300] "GET /cormun/servlet/solicitudotadjuntos?INS,2023,20060,,1, HTTP/1.1" 200 6056
190.171.141.114 - - [26/Apr/2023:15:15:55 -0300] "GET /cormun/static/about:blank HTTP/1.1" 404 1011
190.171.141.114 - - [26/Apr/2023:15:15:55 -0300] "GET /cormun/servlet/solicitudotadjuntos?INS,2023,20060,,1, HTTP/1.1" 200 6050
190.171.141.114 - - [26/Apr/2023:15:15:55 -0300] "GET /cormun/servlet/solicitudotadjuntos?97771c1ec4ddbf2c0d72daa184ba55dbdf0f038497acc11e816ccf7e5e6b9c6935926a22aa1c03ba2a0b866a9f49408a,gx-no-cache=1682532042077 HTTP/1.1" 200 30
190.171.141.114 - - [26/Apr/2023:15:15:55 -0300] "POST /cormun/servlet/solicitudotadjuntos?fdc34e46cb1b3ff09c486df165ec1d52,INS,2023,20060,,1,,gx-no-cache=1682532042097 HTTP/1.1" 200 3898
190.171.141.82 - - [26/Apr/2023:15:15:57 -0300] "GET /cormun/servlet/trsolicitudot? HTTP/1.1" 200 7177
190.171.141.82 - - [26/Apr/2023:15:15:57 -0300] "GET /cormun/servlet/trsolicitudot? HTTP/1.1" 200 7177
190.171.141.114 - - [26/Apr/2023:15:15:58 -0300] "POST /cormun/servlet/solicitudotadjuntos?gx-no-cache=1682532044863 HTTP/1.1" 200 26
190.171.143.106 - - [26/Apr/2023:15:16:00 -0300] "GET /cormun/servlet/prfichaempleado?,MD,,gxPopupLevel%3D0%3B HTTP/1.1" 200 9247
190.171.141.114 - - [26/Apr/2023:15:16:07 -0300] "GET /cormun/servlet/solicitudotadjuntos?97771c1ec4ddbf2c0d72daa184ba55db3d43fd1734674577f800e9184689570d,gx-no-cache=1682532053671 HTTP/1.1" 200 30
190.171.141.114 - - [26/Apr/2023:15:16:07 -0300] "GET /cormun/servlet/solicitudotadjuntos?97771c1ec4ddbf2c0d72daa184ba55db3d43fd1734674577f800e9184689570d,gx-no-cache=1682532053700 HTTP/1.1" 200 30
190.171.141.114 - - [26/Apr/2023:15:16:07 -0300] "POST /cormun/servlet/solicitudotadjuntos?fdc34e46cb1b3ff09c486df165ec1d52,INS,2023,20060,,1, HTTP/1.1" 200 116
190.171.141.114 - - [26/Apr/2023:15:16:07 -0300] "GET /cormun/servlet/hpexe_return? HTTP/1.1" 200 1023
190.171.141.82 - - [26/Apr/2023:15:16:07 -0300] "POST /cormun/servlet/trsolicitudot?8671be099f199f4e65127031a37111eb,,gx-no-cache=1682532041357 HTTP/1.1" 200 22542
190.171.141.114 - - [26/Apr/2023:15:16:08 -0300] "GET /cormun/servlet/trsolicitudadjuntos?2023,20060, HTTP/1.1" 200 9812
190.171.141.114 - - [26/Apr/2023:15:16:08 -0300] "GET /cormun/servlet/trsolicitudadjuntos?2023,20060, HTTP/1.1" 200 9809
190.171.141.114 - - [26/Apr/2023:15:16:14 -0300] "GET /cormun/servlet/solicitudotadjuntos?INS,2023,20060,,1, HTTP/1.1" 200 6056
190.171.141.114 - - [26/Apr/2023:15:16:14 -0300] "GET /cormun/static/about:blank HTTP/1.1" 404 1011
190.171.141.114 - - [26/Apr/2023:15:16:14 -0300] "GET /cormun/servlet/solicitudotadjuntos?INS,2023,20060,,1, HTTP/1.1" 200 6050
190.171.141.114 - - [26/Apr/2023:15:16:15 -0300] "GET /cormun/servlet/solicitudotadjuntos?97771c1ec4ddbf2c0d72daa184ba55dbdf0f038497acc11e816ccf7e5e6b9c6935926a22aa1c03ba2a0b866a9f49408a,gx-no-cache=1682532061638 HTTP/1.1" 200 30
190.171.141.114 - - [26/Apr/2023:15:16:15 -0300] "POST /cormun/servlet/solicitudotadjuntos?fdc34e46cb1b3ff09c486df165ec1d52,INS,2023,20060,,1,,gx-no-cache=1682532061669 HTTP/1.1" 200 3898
190.171.141.114 - - [26/Apr/2023:15:16:20 -0300] "POST /cormun/servlet/solicitudotadjuntos?gx-no-cache=1682532066391 HTTP/1.1" 200 26
190.171.141.114 - - [26/Apr/2023:15:16:32 -0300] "GET /cormun/servlet/solicitudotadjuntos?97771c1ec4ddbf2c0d72daa184ba55db3d43fd1734674577f800e9184689570d,gx-no-cache=1682532079029 HTTP/1.1" 200 30
190.171.141.114 - - [26/Apr/2023:15:16:32 -0300] "GET /cormun/servlet/solicitudotadjuntos?97771c1ec4ddbf2c0d72daa184ba55db3d43fd1734674577f800e9184689570d,gx-no-cache=1682532079048 HTTP/1.1" 200 30
190.171.141.114 - - [26/Apr/2023:15:16:33 -0300] "POST /cormun/servlet/solicitudotadjuntos?fdc34e46cb1b3ff09c486df165ec1d52,INS,2023,20060,,1, HTTP/1.1" 200 116
190.171.141.114 - - [26/Apr/2023:15:16:33 -0300] "GET /cormun/servlet/hpexe_return? HTTP/1.1" 200 1023
190.171.141.114 - - [26/Apr/2023:15:16:33 -0300] "GET /cormun/servlet/trsolicitudadjuntos?2023,20060, HTTP/1.1" 200 10170
190.171.143.106 - - [26/Apr/2023:15:16:33 -0300] "GET /cormun/servlet/trlicencias? HTTP/1.1" 200 9808
190.171.141.114 - - [26/Apr/2023:15:16:33 -0300] "GET /cormun/servlet/trsolicitudadjuntos?2023,20060, HTTP/1.1" 200 10167
190.171.143.106 - - [26/Apr/2023:15:16:34 -0300] "GET /cormun/servlet/trlicencias? HTTP/1.1" 200 9799
190.171.141.114 - - [26/Apr/2023:15:16:38 -0300] "GET /cormun/servlet/solicitudotadjuntos?INS,2023,20060,,2, HTTP/1.1" 200 6054
190.171.141.114 - - [26/Apr/2023:15:16:38 -0300] "GET /cormun/static/about:blank HTTP/1.1" 404 1011
190.171.141.114 - - [26/Apr/2023:15:16:38 -0300] "GET /cormun/servlet/solicitudotadjuntos?INS,2023,20060,,2, HTTP/1.1" 200 6047
190.171.141.114 - - [26/Apr/2023:15:16:39 -0300] "GET /cormun/servlet/solicitudotadjuntos?97771c1ec4ddbf2c0d72daa184ba55dbdf0f038497acc11e816ccf7e5e6b9c6935926a22aa1c03ba2a0b866a9f49408a,gx-no-cache=1682532085672 HTTP/1.1" 200 30
190.171.141.114 - - [26/Apr/2023:15:16:39 -0300] "POST /cormun/servlet/solicitudotadjuntos?fdc34e46cb1b3ff09c486df165ec1d52,INS,2023,20060,,2,,gx-no-cache=1682532085702 HTTP/1.1" 200 4040
190.171.143.106 - - [26/Apr/2023:15:16:48 -0300] "GET /cormun/static/menuarrow.gif HTTP/1.1" 404 1015
40.77.167.98 - - [26/Apr/2023:15:16:51 -0300] "GET /cormun/servlet/trpermisosgoce?_escaped_fragment_= HTTP/1.1" 200 5819
40.77.167.86 - - [26/Apr/2023:15:17:13 -0300] "GET /cormun/static/PXToolsJavascripts/pexe_layers.js HTTP/1.1" 200 4114
157.55.39.239 - - [26/Apr/2023:15:17:17 -0300] "GET /cormun/servlet/trpermisosgoce HTTP/1.1" 200 6015
157.55.39.239 - - [26/Apr/2023:15:17:18 -0300] "GET /cormun/servlet/trpermisosgoce HTTP/1.1" 200 6022
152.89.196.222 - - [26/Apr/2023:15:17:29 -0300] "GET /?XDEBUG_SESSION_START=phpstorm HTTP/1.1" 200 11217
190.171.143.106 - - [26/Apr/2023:15:18:06 -0300] "GET /cormun/servlet/trlicencias? HTTP/1.1" 200 9775
190.171.143.106 - - [26/Apr/2023:15:18:06 -0300] "GET /cormun/servlet/trlicencias? HTTP/1.1" 200 9778
190.171.141.114 - - [26/Apr/2023:15:18:12 -0300] "POST /cormun/servlet/solicitudotadjuntos?fdc34e46cb1b3ff09c486df165ec1d52,INS,2023,20060,,2,,gx-no-cache=1682532178664 HTTP/1.1" 200 93
190.171.141.114 - - [26/Apr/2023:15:18:12 -0300] "GET /cormun/servlet/hpexe_return? HTTP/1.1" 200 1023
190.171.141.114 - - [26/Apr/2023:15:18:12 -0300] "GET /cormun/servlet/trsolicitudadjuntos?2023,20060, HTTP/1.1" 200 10171
190.171.141.114 - - [26/Apr/2023:15:18:13 -0300] "GET /cormun/servlet/trsolicitudadjuntos?2023,20060, HTTP/1.1" 200 10170
190.171.141.114 - - [26/Apr/2023:15:18:16 -0300] "GET /cormun/servlet/solicitudotadjuntos?INS,2023,20060,,1, HTTP/1.1" 200 6057
190.171.141.114 - - [26/Apr/2023:15:18:16 -0300] "GET /cormun/static/about:blank HTTP/1.1" 404 1011
190.171.141.114 - - [26/Apr/2023:15:18:16 -0300] "GET /cormun/servlet/solicitudotadjuntos?INS,2023,20060,,1, HTTP/1.1" 200 6050
190.171.141.114 - - [26/Apr/2023:15:18:16 -0300] "GET /cormun/servlet/solicitudotadjuntos?97771c1ec4ddbf2c0d72daa184ba55dbdf0f038497acc11e816ccf7e5e6b9c6935926a22aa1c03ba2a0b866a9f49408a,gx-no-cache=1682532183187 HTTP/1.1" 200 30
190.171.141.114 - - [26/Apr/2023:15:18:16 -0300] "POST /cormun/servlet/solicitudotadjuntos?fdc34e46cb1b3ff09c486df165ec1d52,INS,2023,20060,,1,,gx-no-cache=1682532183207 HTTP/1.1" 200 3898
190.171.143.106 - - [26/Apr/2023:15:18:25 -0300] "GET /cormun/servlet/licenciaspermisos?INS,0,,, HTTP/1.1" 200 7842
190.171.143.106 - - [26/Apr/2023:15:18:25 -0300] "GET /cormun/servlet/licenciaspermisos?INS,0,,, HTTP/1.1" 200 7850
190.171.141.114 - - [26/Apr/2023:15:18:36 -0300] "POST /cormun/servlet/solicitudotadjuntos?gx-no-cache=1682532202687 HTTP/1.1" 200 26
190.171.141.114 - - [26/Apr/2023:15:18:43 -0300] "GET /cormun/servlet/solicitudotadjuntos?97771c1ec4ddbf2c0d72daa184ba55db3d43fd1734674577f800e9184689570d,gx-no-cache=1682532209317 HTTP/1.1" 200 30
190.171.141.114 - - [26/Apr/2023:15:18:43 -0300] "GET /cormun/servlet/solicitudotadjuntos?97771c1ec4ddbf2c0d72daa184ba55db3d43fd1734674577f800e9184689570d,gx-no-cache=1682532209345 HTTP/1.1" 200 30
190.171.141.114 - - [26/Apr/2023:15:18:43 -0300] "POST /cormun/servlet/solicitudotadjuntos?fdc34e46cb1b3ff09c486df165ec1d52,INS,2023,20060,,1, HTTP/1.1" 200 116
190.171.141.114 - - [26/Apr/2023:15:18:43 -0300] "GET /cormun/servlet/hpexe_return? HTTP/1.1" 200 1023
190.171.141.114 - - [26/Apr/2023:15:18:43 -0300] "GET /cormun/servlet/trsolicitudadjuntos?2023,20060, HTTP/1.1" 200 10338
190.171.141.114 - - [26/Apr/2023:15:18:44 -0300] "GET /cormun/servlet/trsolicitudadjuntos?2023,20060, HTTP/1.1" 200 10340
190.171.143.106 - - [26/Apr/2023:15:18:48 -0300] "GET /cormun/servlet/licenciaspermisos?c2d94c59c60a26fdf73cc2d8a371dc98180d7d3560a3b3240ef0ca0401bfdb930f714c6387820bf99700a16218f18f7d0fe6d88758323e6dd1b7d60b70a972cf,gx-no-cache=1682532401158 HTTP/1.1" 200 84
190.171.143.106 - - [26/Apr/2023:15:19:03 -0300] "GET /cormun/static/menuarrow.gif HTTP/1.1" 404 1015
190.171.141.114 - - [26/Apr/2023:15:19:29 -0300] "GET /cormun/servlet/solicitudotadjuntos?INS,2023,20060,,2, HTTP/1.1" 200 6055
190.171.141.114 - - [26/Apr/2023:15:19:29 -0300] "GET /cormun/static/about:blank HTTP/1.1" 404 1011
190.171.141.114 - - [26/Apr/2023:15:19:29 -0300] "GET /cormun/servlet/solicitudotadjuntos?INS,2023,20060,,2, HTTP/1.1" 200 6048
190.171.141.114 - - [26/Apr/2023:15:19:30 -0300] "GET /cormun/servlet/solicitudotadjuntos?97771c1ec4ddbf2c0d72daa184ba55dbdf0f038497acc11e816ccf7e5e6b9c6935926a22aa1c03ba2a0b866a9f49408a,gx-no-cache=1682532256360 HTTP/1.1" 200 30
190.171.141.114 - - [26/Apr/2023:15:19:30 -0300] "POST /cormun/servlet/solicitudotadjuntos?fdc34e46cb1b3ff09c486df165ec1d52,INS,2023,20060,,2,,gx-no-cache=1682532256380 HTTP/1.1" 200 4041
190.171.142.50 - - [26/Apr/2023:15:19:45 -0300] "GET /cormun/servlet/trpermisosgoce? HTTP/1.1" 200 12328
190.171.142.50 - - [26/Apr/2023:15:19:45 -0300] "GET /cormun/servlet/trpermisosgoce? HTTP/1.1" 200 12327
190.171.142.50 - - [26/Apr/2023:15:19:49 -0300] "GET /cormun/servlet/trpermisosadjuntos?13793044,20230425151901,P, HTTP/1.1" 200 6269
190.171.142.50 - - [26/Apr/2023:15:19:50 -0300] "GET /cormun/servlet/trpermisosadjuntos?13793044,20230425151901,P, HTTP/1.1" 200 6270
190.171.142.50 - - [26/Apr/2023:15:19:51 -0300] "GET /cormun/servlet/permisosadjuntos?INS,13793044,P,20230425151901,, HTTP/1.1" 200 5592
190.171.142.50 - - [26/Apr/2023:15:19:51 -0300] "GET /cormun/static/gxcfg.js?20201215134212 HTTP/1.1" 304 -
190.171.142.50 - - [26/Apr/2023:15:19:51 -0300] "GET /cormun/static/permisosadjuntos.js?20201215134285 HTTP/1.1" 304 -
190.171.142.50 - - [26/Apr/2023:15:19:52 -0300] "GET /cormun/static/about:blank HTTP/1.1" 404 1011
190.171.142.50 - - [26/Apr/2023:15:19:52 -0300] "GET /cormun/servlet/permisosadjuntos?INS,13793044,P,20230425151901,, HTTP/1.1" 200 5582
190.171.142.50 - - [26/Apr/2023:15:20:00 -0300] "POST /cormun/servlet/permisosadjuntos?d477766cad6bf19152ec909ebef6eaaf,INS,13793044,P,20230425151901,, HTTP/1.1" 200 116
190.171.142.50 - - [26/Apr/2023:15:20:00 -0300] "GET /cormun/servlet/hpexe_return? HTTP/1.1" 200 1036
190.171.142.50 - - [26/Apr/2023:15:20:00 -0300] "GET /cormun/static/gxcfg.js?20221129846035 HTTP/1.1" 304 -
190.171.142.50 - - [26/Apr/2023:15:20:00 -0300] "GET /cormun/static/hpexe_return.js?20221129846037 HTTP/1.1" 304 -
190.171.142.50 - - [26/Apr/2023:15:20:00 -0300] "GET /cormun/servlet/trpermisosadjuntos?13793044,20230425151901,P, HTTP/1.1" 200 6751
190.171.142.50 - - [26/Apr/2023:15:20:01 -0300] "GET /cormun/servlet/trpermisosadjuntos?13793044,20230425151901,P, HTTP/1.1" 200 6746
190.171.142.50 - - [26/Apr/2023:15:20:03 -0300] "GET /cormun/servlet/trpermisosgoce? HTTP/1.1" 200 12339
190.171.142.50 - - [26/Apr/2023:15:20:03 -0300] "GET /cormun/servlet/trpermisosgoce? HTTP/1.1" 200 12323
190.171.142.50 - - [26/Apr/2023:15:20:06 -0300] "GET /cormun/servlet/trpermisosadjuntos?17524885,20230425152009,P, HTTP/1.1" 200 6272
190.171.142.50 - - [26/Apr/2023:15:20:06 -0300] "GET /cormun/servlet/trpermisosadjuntos?17524885,20230425152009,P, HTTP/1.1" 200 6272
190.171.142.50 - - [26/Apr/2023:15:20:08 -0300] "GET /cormun/servlet/permisosadjuntos?INS,17524885,P,20230425152009,, HTTP/1.1" 200 5593
190.171.142.50 - - [26/Apr/2023:15:20:08 -0300] "GET /cormun/static/about:blank HTTP/1.1" 404 1011
190.171.142.50 - - [26/Apr/2023:15:20:08 -0300] "GET /cormun/servlet/permisosadjuntos?INS,17524885,P,20230425152009,, HTTP/1.1" 200 5583
190.171.142.50 - - [26/Apr/2023:15:20:15 -0300] "POST /cormun/servlet/permisosadjuntos?d477766cad6bf19152ec909ebef6eaaf,INS,17524885,P,20230425152009,, HTTP/1.1" 200 116
190.171.142.50 - - [26/Apr/2023:15:20:15 -0300] "GET /cormun/servlet/hpexe_return? HTTP/1.1" 200 1037
190.171.142.50 - - [26/Apr/2023:15:20:16 -0300] "GET /cormun/servlet/trpermisosadjuntos?17524885,20230425152009,P, HTTP/1.1" 200 6754
190.171.142.50 - - [26/Apr/2023:15:20:16 -0300] "GET /cormun/servlet/trpermisosadjuntos?17524885,20230425152009,P, HTTP/1.1" 200 6749
190.171.142.50 - - [26/Apr/2023:15:20:19 -0300] "GET /cormun/servlet/trpermisosgoce? HTTP/1.1" 200 12328
190.171.142.50 - - [26/Apr/2023:15:20:19 -0300] "GET /cormun/servlet/trpermisosgoce? HTTP/1.1" 200 12321
190.171.142.50 - - [26/Apr/2023:15:20:25 -0300] "GET /cormun/servlet/trpermisosadjuntos?16130334,20230425152124,P, HTTP/1.1" 200 6269
190.171.142.50 - - [26/Apr/2023:15:20:25 -0300] "GET /cormun/servlet/trpermisosadjuntos?16130334,20230425152124,P, HTTP/1.1" 200 6270
190.171.142.50 - - [26/Apr/2023:15:20:26 -0300] "GET /cormun/servlet/permisosadjuntos?INS,16130334,P,20230425152124,, HTTP/1.1" 200 5590
190.171.142.50 - - [26/Apr/2023:15:20:26 -0300] "GET /cormun/static/about:blank HTTP/1.1" 404 1011
190.171.142.50 - - [26/Apr/2023:15:20:27 -0300] "GET /cormun/servlet/permisosadjuntos?INS,16130334,P,20230425152124,, HTTP/1.1" 200 5579
190.171.142.50 - - [26/Apr/2023:15:20:34 -0300] "POST /cormun/servlet/permisosadjuntos?d477766cad6bf19152ec909ebef6eaaf,INS,16130334,P,20230425152124,, HTTP/1.1" 200 116
190.171.142.50 - - [26/Apr/2023:15:20:34 -0300] "GET /cormun/servlet/hpexe_return? HTTP/1.1" 200 1037
190.171.142.50 - - [26/Apr/2023:15:20:34 -0300] "GET /cormun/servlet/trpermisosadjuntos?16130334,20230425152124,P, HTTP/1.1" 200 6752
190.171.142.50 - - [26/Apr/2023:15:20:34 -0300] "GET /cormun/servlet/trpermisosadjuntos?16130334,20230425152124,P, HTTP/1.1" 200 6748
190.171.142.50 - - [26/Apr/2023:15:20:37 -0300] "POST /cormun/servlet/trpermisosadjuntos?d477766cad6bf19152ec909ebef6eaaf,16130334,20230425152124,P,,gx-no-cache=1682532310912 HTTP/1.1" 200 90
190.171.142.50 - - [26/Apr/2023:15:20:37 -0300] "GET /cormun/servlet/hpexe_link HTTP/1.1" 200 982
190.171.142.50 - - [26/Apr/2023:15:20:37 -0300] "GET /cormun/servlet/trpermisosgoce HTTP/1.1" 200 12333
190.171.142.50 - - [26/Apr/2023:15:20:38 -0300] "GET /cormun/servlet/trpermisosgoce HTTP/1.1" 200 12333
190.171.143.106 - - [26/Apr/2023:15:20:40 -0300] "GET /cormun/servlet/prfichaempleado?,MD,,gxPopupLevel%3D0%3B HTTP/1.1" 200 9247
190.171.142.50 - - [26/Apr/2023:15:20:41 -0300] "POST /cormun/servlet/trpermisosgoce?d477766cad6bf19152ec909ebef6eaaf,gx-no-cache=1682532315002 HTTP/1.1" 200 9566
190.171.142.50 - - [26/Apr/2023:15:20:42 -0300] "GET /cormun/static/Shared/jqueryui/images/ui-bg_highlight-soft_100_c6c2c8_1x100.png HTTP/1.1" 404 1117
190.171.142.50 - - [26/Apr/2023:15:20:42 -0300] "GET /cormun/static/Shared/jqueryui/images/ui-icons_82798d_256x240.png HTTP/1.1" 404 1089
190.171.142.50 - - [26/Apr/2023:15:20:42 -0300] "GET /cormun/static/Shared/jqueryui/images/ui-bg_flat_55_fafafa_40x100.png HTTP/1.1" 404 1097
190.171.142.50 - - [26/Apr/2023:15:20:42 -0300] "GET /cormun/static/Shared/jqueryui/images/ui-icons_8d78a5_256x240.png HTTP/1.1" 404 1089
190.171.142.50 - - [26/Apr/2023:15:20:44 -0300] "POST /cormun/servlet/trpermisosgoce?d477766cad6bf19152ec909ebef6eaaf,gx-no-cache=1682532317497 HTTP/1.1" 200 9515
190.171.142.50 - - [26/Apr/2023:15:20:46 -0300] "POST /cormun/servlet/trpermisosgoce?d477766cad6bf19152ec909ebef6eaaf,gx-no-cache=1682532319737 HTTP/1.1" 200 9479
190.171.143.106 - - [26/Apr/2023:15:20:49 -0300] "POST /cormun/servlet/prfichaempleado?16db3dcbb549ffa1d3bbddf70d60379d,,MD,,gxPopupLevel%3D0%3B,gx-no-cache=1682532521182 HTTP/1.1" 200 6573
190.171.142.50 - - [26/Apr/2023:15:20:58 -0300] "GET /cormun/servlet/hlogin HTTP/1.1" 200 1737
190.171.143.106 - - [26/Apr/2023:15:20:59 -0300] "POST /cormun/servlet/prfichaempleado?16db3dcbb549ffa1d3bbddf70d60379d,,MD,,gxPopupLevel%3D0%3B,gx-no-cache=1682532531748 HTTP/1.1" 200 3413
190.171.142.50 - - [26/Apr/2023:15:21:06 -0300] "POST /cormun/servlet/hlogin?d477766cad6bf19152ec909ebef6eaaf,gx-no-cache=1682532339718 HTTP/1.1" 200 90
190.171.142.50 - - [26/Apr/2023:15:21:06 -0300] "GET /cormun/servlet/hpexe_link HTTP/1.1" 200 951
190.171.142.50 - - [26/Apr/2023:15:21:06 -0300] "GET /cormun/servlet/hhome HTTP/1.1" 200 4211
190.171.142.50 - - [26/Apr/2023:15:21:06 -0300] "GET /cormun/servlet/hhome HTTP/1.1" 200 4208
190.171.142.50 - - [26/Apr/2023:15:21:09 -0300] "GET /cormun/servlet/trautorizarpermisogoce? HTTP/1.1" 200 8367
190.171.143.106 - - [26/Apr/2023:15:21:10 -0300] "GET /cormun/servlet/licenciaspermisos?c2d94c59c60a26fdf73cc2d8a371dc98180d7d3560a3b3240ef0ca0401bfdb93bd9c1f877d88db2251aa913bd68071599e4ace09aedc2bd7dbd863287f9c4ca7ca376572aae46d70288445d797b4568d4b82ecb25165ffb5e2729deae05700a5220bae65b7a6cacb4dafb68e39561abd74f3e518d7232fcfe75aa16c6818228a75149ce47dc5a8c1fe0cac0f2fdb5f29,gx-no-cache=1682532542564 HTTP/1.1" 200 100
190.171.143.106 - - [26/Apr/2023:15:21:10 -0300] "GET /cormun/servlet/licenciaspermisos?c2d94c59c60a26fdf73cc2d8a371dc98180d7d3560a3b3240ef0ca0401bfdb93bd9c1f877d88db2251aa913bd68071599e4ace09aedc2bd7dbd863287f9c4ca7ca376572aae46d70288445d797b4568d4b82ecb25165ffb5e2729deae05700a5220bae65b7a6cacb4dafb68e39561abd74f3e518d7232fcfe75aa16c6818228a75149ce47dc5a8c1fe0cac0f2fdb5f29,gx-no-cache=1682532542586 HTTP/1.1" 200 100
190.171.143.106 - - [26/Apr/2023:15:21:10 -0300] "GET /cormun/servlet/licenciaspermisos?c2d94c59c60a26fdf73cc2d8a371dc98180d7d3560a3b3240ef0ca0401bfdb93bd9c1f877d88db2251aa913bd68071599e4ace09aedc2bd7dbd863287f9c4ca7ca376572aae46d70288445d797b4568d4b82ecb25165ffb5e2729deae05700a5220bae65b7a6cacb4dafb68e39561abd74f3e518d7232fcfe75aa16c6818228a75149ce47dc5a8c1fe0cac0f2fdb5f29,gx-no-cache=1682532542607 HTTP/1.1" 200 100
190.171.143.106 - - [26/Apr/2023:15:21:10 -0300] "GET /cormun/servlet/licenciaspermisos?c2d94c59c60a26fdf73cc2d8a371dc98180d7d3560a3b3240ef0ca0401bfdb93bd9c1f877d88db2251aa913bd68071599e4ace09aedc2bd7dbd863287f9c4ca7ca376572aae46d70288445d797b4568d4b82ecb25165ffb5e2729deae05700a5220bae65b7a6cacb4dafb68e39561abd74f3e518d7232fcfe75aa16c6818228a75149ce47dc5a8c1fe0cac0f2fdb5f29,gx-no-cache=1682532542628 HTTP/1.1" 200 100
190.171.142.50 - - [26/Apr/2023:15:21:10 -0300] "GET /cormun/servlet/trautorizarpermisogoce? HTTP/1.1" 200 8365
190.171.143.106 - - [26/Apr/2023:15:21:10 -0300] "POST /cormun/servlet/licenciaspermisos?16db3dcbb549ffa1d3bbddf70d60379d,INS,0,,,,gx-no-cache=1682532542651 HTTP/1.1" 200 5190
190.171.143.106 - - [26/Apr/2023:15:21:10 -0300] "GET /cormun/servlet/licenciaspermisos?c2d94c59c60a26fdf73cc2d8a371dc9899ed931f9551deeb8f1fe10a2a2e622a116f31ae6dc4ad950b0cfeba31f0377ecab2d80af5fbc955d456568739f89e6670a60654861c8a3a1f49a9ea3e79565f69e24129dc047ee3f41c20357660513cf6696f6a57bed626b6faf09cc393f0b2b9bb489b01813b64615ddc4690185b1e529cd9b98f46bab3beff7156807cdd46745f947e629267f862acd105082e9e7b30c9e2ae2fe3e080a541a321bcdf6abea2da233810c49cf5bcbf70a2c3616f2a09fa31f9eeac877b3f7543949d3105e2885eaa676ba5e2457553d8d32ec67c8b,gx-no-cache=1682532542800 HTTP/1.1" 200 30
190.171.143.106 - - [26/Apr/2023:15:21:10 -0300] "GET /cormun/servlet/licenciaspermisos?c2d94c59c60a26fdf73cc2d8a371dc989a4ade9e481e496500b8acf33f79a1789b63b2acb9f5282c44f269fa3d6d1a3ca68dd97d84c28740170e489072db47fe70d8f23986901e45dcf13ad2081b9278b4822cf6a7d29cbfcc0e88ef8730b269ace5ed815be34957cff3698d3036bbeae6e0186eeb3b6d51a782bab4c334c111547c7f2e492be75355f557c930048838053df0b034c5a19278fcaf898be704c6f9c2bb4850fd2ebd88d5b2cc1dd1880c8b0e5b2be5ff4263bf5db38f14c094819d5b105e41ccc958d335e716ce3531a4401213d093b2e5c54299ef34372a76f2,gx-no-cache=1682532542815 HTTP/1.1" 200 29
190.171.143.106 - - [26/Apr/2023:15:21:10 -0300] "POST /cormun/servlet/licenciaspermisos?16db3dcbb549ffa1d3bbddf70d60379d,INS,0,,,,gx-no-cache=1682532542832 HTTP/1.1" 200 5190
190.171.143.106 - - [26/Apr/2023:15:21:10 -0300] "GET /cormun/servlet/licenciaspermisos?c2d94c59c60a26fdf73cc2d8a371dc9899ed931f9551deeb8f1fe10a2a2e622a116f31ae6dc4ad950b0cfeba31f0377ecab2d80af5fbc955d456568739f89e6670a60654861c8a3a1f49a9ea3e79565f69e24129dc047ee3f41c20357660513cf6696f6a57bed626b6faf09cc393f0b2b9bb489b01813b64615ddc4690185b1e529cd9b98f46bab3beff7156807cdd46745f947e629267f862acd105082e9e7b30c9e2ae2fe3e080a541a321bcdf6abea2da233810c49cf5bcbf70a2c3616f2a09fa31f9eeac877b3f7543949d3105e2885eaa676ba5e2457553d8d32ec67c8b,gx-no-cache=1682532542981 HTTP/1.1" 200 30
190.171.143.106 - - [26/Apr/2023:15:21:10 -0300] "GET /cormun/servlet/licenciaspermisos?c2d94c59c60a26fdf73cc2d8a371dc989a4ade9e481e496500b8acf33f79a1789b63b2acb9f5282c44f269fa3d6d1a3ca68dd97d84c28740170e489072db47fe70d8f23986901e45dcf13ad2081b9278b4822cf6a7d29cbfcc0e88ef8730b269ace5ed815be34957cff3698d3036bbeae6e0186eeb3b6d51a782bab4c334c111547c7f2e492be75355f557c930048838053df0b034c5a19278fcaf898be704c6f9c2bb4850fd2ebd88d5b2cc1dd1880c8b0e5b2be5ff4263bf5db38f14c094819d5b105e41ccc958d335e716ce3531a4401213d093b2e5c54299ef34372a76f2,gx-no-cache=1682532542996 HTTP/1.1" 200 29
190.171.143.106 - - [26/Apr/2023:15:21:10 -0300] "GET /cormun/servlet/licenciaspermisos?c2d94c59c60a26fdf73cc2d8a371dc9899ed931f9551deeb8f1fe10a2a2e622a116f31ae6dc4ad950b0cfeba31f0377ecab2d80af5fbc955d456568739f89e6670a60654861c8a3a1f49a9ea3e79565f69e24129dc047ee3f41c20357660513cf6696f6a57bed626b6faf09cc393f0b2b9bb489b01813b64615ddc4690185b1e529cd9b98f46bab3beff7156807cdd46745f947e629267f862acd105082e9e7b30c9e2ae2fe3e080a541a321bcdf6abea2da233810c49cf5bcbf70a2c3616f2a09fa31f9eeac877b3f7543949d3105e2885eaa676ba5e2457553d8d32ec67c8b,gx-no-cache=1682532543014 HTTP/1.1" 200 30
190.171.143.106 - - [26/Apr/2023:15:21:10 -0300] "GET /cormun/servlet/licenciaspermisos?c2d94c59c60a26fdf73cc2d8a371dc989a4ade9e481e496500b8acf33f79a1789b63b2acb9f5282c44f269fa3d6d1a3ca68dd97d84c28740170e489072db47fe70d8f23986901e45dcf13ad2081b9278b4822cf6a7d29cbfcc0e88ef8730b269ace5ed815be34957cff3698d3036bbeae6e0186eeb3b6d51a782bab4c334c111547c7f2e492be75355f557c930048838053df0b034c5a19278fcaf898be704c6f9c2bb4850fd2ebd88d5b2cc1dd1880c8b0e5b2be5ff4263bf5db38f14c094819d5b105e41ccc958d335e716ce3531a4401213d093b2e5c54299ef34372a76f2,gx-no-cache=1682532543028 HTTP/1.1" 200 29
190.171.143.106 - - [26/Apr/2023:15:21:10 -0300] "GET /cormun/servlet/licenciaspermisos?c2d94c59c60a26fdf73cc2d8a371dc9899ed931f9551deeb8f1fe10a2a2e622a116f31ae6dc4ad950b0cfeba31f0377ecab2d80af5fbc955d456568739f89e6670a60654861c8a3a1f49a9ea3e79565f69e24129dc047ee3f41c20357660513cf6696f6a57bed626b6faf09cc393f0b2b9bb489b01813b64615ddc4690185b1e529cd9b98f46bab3beff7156807cdd46745f947e629267f862acd105082e9e7b30c9e2ae2fe3e080a541a321bcdf6abea2da233810c49cf5bcbf70a2c3616f2a09fa31f9eeac877b3f7543949d3105e2885eaa676ba5e2457553d8d32ec67c8b,gx-no-cache=1682532543045 HTTP/1.1" 200 30
190.171.143.106 - - [26/Apr/2023:15:21:10 -0300] "GET /cormun/servlet/licenciaspermisos?c2d94c59c60a26fdf73cc2d8a371dc989a4ade9e481e496500b8acf33f79a1789b63b2acb9f5282c44f269fa3d6d1a3ca68dd97d84c28740170e489072db47fe70d8f23986901e45dcf13ad2081b9278b4822cf6a7d29cbfcc0e88ef8730b269ace5ed815be34957cff3698d3036bbeae6e0186eeb3b6d51a782bab4c334c111547c7f2e492be75355f557c930048838053df0b034c5a19278fcaf898be704c6f9c2bb4850fd2ebd88d5b2cc1dd1880c8b0e5b2be5ff4263bf5db38f14c094819d5b105e41ccc958d335e716ce3531a4401213d093b2e5c54299ef34372a76f2,gx-no-cache=1682532543060 HTTP/1.1" 200 29
190.171.142.50 - - [26/Apr/2023:15:21:12 -0300] "POST /cormun/servlet/trautorizarpermisogoce?d477766cad6bf19152ec909ebef6eaaf,,gx-no-cache=1682532345782 HTTP/1.1" 200 5534
190.171.142.50 - - [26/Apr/2023:15:21:12 -0300] "GET /cormun/static/Shared/jqueryui/images/ui-bg_highlight-soft_100_c6c2c8_1x100.png HTTP/1.1" 404 1117
190.171.142.50 - - [26/Apr/2023:15:21:12 -0300] "GET /cormun/static/Shared/jqueryui/images/ui-icons_82798d_256x240.png HTTP/1.1" 404 1089
190.171.142.50 - - [26/Apr/2023:15:21:12 -0300] "GET /cormun/static/Shared/jqueryui/images/ui-bg_flat_55_fafafa_40x100.png HTTP/1.1" 404 1097
190.171.142.50 - - [26/Apr/2023:15:21:12 -0300] "GET /cormun/static/Shared/jqueryui/images/ui-icons_8d78a5_256x240.png HTTP/1.1" 404 1089
190.171.142.50 - - [26/Apr/2023:15:21:13 -0300] "POST /cormun/servlet/trautorizarpermisogoce?d477766cad6bf19152ec909ebef6eaaf,,gx-no-cache=1682532346427 HTTP/1.1" 200 5280
190.171.143.106 - - [26/Apr/2023:15:21:13 -0300] "GET /cormun/servlet/trlicencias? HTTP/1.1" 200 9808
190.171.143.106 - - [26/Apr/2023:15:21:13 -0300] "GET /cormun/servlet/trlicencias? HTTP/1.1" 200 9799
186.103.157.98 - - [26/Apr/2023:15:21:14 -0300] "GET /cormun/servlet/hlogin HTTP/1.1" 200 1727
190.171.142.50 - - [26/Apr/2023:15:21:14 -0300] "POST /cormun/servlet/trautorizarpermisogoce?d477766cad6bf19152ec909ebef6eaaf,,gx-no-cache=1682532347050 HTTP/1.1" 200 4526
190.171.143.106 - - [26/Apr/2023:15:21:20 -0300] "GET /cormun/servlet/licenciaspermisos?INS,0,,, HTTP/1.1" 200 7842
186.103.157.98 - - [26/Apr/2023:15:21:20 -0300] "POST /cormun/servlet/hlogin?90f7e01f6e4d9ef86cbb47952e580cf1,gx-no-cache=1682532354707 HTTP/1.1" 200 90
186.103.157.98 - - [26/Apr/2023:15:21:20 -0300] "GET /cormun/servlet/hpexe_link HTTP/1.1" 200 956
186.103.157.98 - - [26/Apr/2023:15:21:20 -0300] "GET /cormun/servlet/hhome HTTP/1.1" 200 4277
190.171.143.106 - - [26/Apr/2023:15:21:20 -0300] "GET /cormun/servlet/licenciaspermisos?INS,0,,, HTTP/1.1" 200 7850
186.103.157.98 - - [26/Apr/2023:15:21:20 -0300] "GET /cormun/servlet/hhome HTTP/1.1" 200 4274
186.103.157.98 - - [26/Apr/2023:15:21:23 -0300] "GET /cormun/servlet/trpermisosgoce? HTTP/1.1" 200 9845
186.103.157.98 - - [26/Apr/2023:15:21:23 -0300] "GET /cormun/servlet/trpermisosgoce? HTTP/1.1" 200 9838
190.171.143.106 - - [26/Apr/2023:15:21:25 -0300] "GET /cormun/servlet/licenciaspermisos?c2d94c59c60a26fdf73cc2d8a371dc98180d7d3560a3b3240ef0ca0401bfdb930f714c6387820bf99700a16218f18f7d6c28bee7e97af508be0e08ace2817850df9b2845579473ce4c0a88a38f76d302,gx-no-cache=1682532557678 HTTP/1.1" 200 100
190.171.143.106 - - [26/Apr/2023:15:21:25 -0300] "POST /cormun/servlet/licenciaspermisos?16db3dcbb549ffa1d3bbddf70d60379d,INS,0,,,,gx-no-cache=1682532557702 HTTP/1.1" 200 5186
190.171.143.106 - - [26/Apr/2023:15:21:25 -0300] "GET /cormun/servlet/licenciaspermisos?c2d94c59c60a26fdf73cc2d8a371dc9899ed931f9551deeb8f1fe10a2a2e622a116f31ae6dc4ad950b0cfeba31f0377ecab2d80af5fbc955d456568739f89e6670a60654861c8a3a1f49a9ea3e79565f69e24129dc047ee3f41c20357660513cf6696f6a57bed626b6faf09cc393f0b2b9bb489b01813b64615ddc4690185b1e529cd9b98f46bab3beff7156807cdd46745f947e629267f862acd105082e9e7b30c9e2ae2fe3e080a541a321bcdf6abea2da233810c49cf5bcbf70a2c3616f2a09fa31f9eeac877b3f7543949d3105e2885eaa676ba5e2457553d8d32ec67c8b,gx-no-cache=1682532557825 HTTP/1.1" 200 30
190.171.143.106 - - [26/Apr/2023:15:21:25 -0300] "GET /cormun/servlet/licenciaspermisos?c2d94c59c60a26fdf73cc2d8a371dc989a4ade9e481e496500b8acf33f79a1789b63b2acb9f5282c44f269fa3d6d1a3ca68dd97d84c28740170e489072db47fe70d8f23986901e45dcf13ad2081b9278b4822cf6a7d29cbfcc0e88ef8730b269ace5ed815be34957cff3698d3036bbeae6e0186eeb3b6d51a782bab4c334c111547c7f2e492be75355f557c930048838053df0b034c5a19278fcaf898be704c6f9c2bb4850fd2ebd88d5b2cc1dd1880c8b0e5b2be5ff4263bf5db38f14c094819d5b105e41ccc958d335e716ce3531a4401213d093b2e5c54299ef34372a76f2,gx-no-cache=1682532557851 HTTP/1.1" 200 29
190.171.143.106 - - [26/Apr/2023:15:21:25 -0300] "POST /cormun/servlet/licenciaspermisos?16db3dcbb549ffa1d3bbddf70d60379d,INS,0,,,,gx-no-cache=1682532557880 HTTP/1.1" 200 93
190.171.143.106 - - [26/Apr/2023:15:21:25 -0300] "GET /cormun/servlet/hpexe_return? HTTP/1.1" 200 1009
190.171.143.106 - - [26/Apr/2023:15:21:25 -0300] "GET /cormun/servlet/trlicencias HTTP/1.1" 200 10344
190.171.143.106 - - [26/Apr/2023:15:21:26 -0300] "GET /cormun/servlet/trlicencias HTTP/1.1" 200 10350
190.171.143.106 - - [26/Apr/2023:15:21:31 -0300] "GET /cormun/servlet/trlicenciaspermisosadjuntos?8224154,20230426000000,L, HTTP/1.1" 200 6594
186.103.157.98 - - [26/Apr/2023:15:21:31 -0300] "GET /cormun/static/menuarrow.gif HTTP/1.1" 404 1015
190.171.143.106 - - [26/Apr/2023:15:21:31 -0300] "GET /cormun/servlet/trlicenciaspermisosadjuntos?8224154,20230426000000,L, HTTP/1.1" 200 6594
186.103.157.98 - - [26/Apr/2023:15:21:35 -0300] "POST /cormun/servlet/trpermisosgoce?90f7e01f6e4d9ef86cbb47952e580cf1,,gx-no-cache=1682532369360 HTTP/1.1" 200 8266
190.171.143.106 - - [26/Apr/2023:15:21:37 -0300] "GET /cormun/servlet/trlicencias HTTP/1.1" 200 10355
190.171.143.106 - - [26/Apr/2023:15:21:38 -0300] "GET /cormun/servlet/trlicencias HTTP/1.1" 200 10350
190.171.143.106 - - [26/Apr/2023:15:21:49 -0300] "GET /cormun/servlet/trlicenciaspermisosadjuntos?8224154,20230426000000,L, HTTP/1.1" 200 6594
190.171.143.106 - - [26/Apr/2023:15:21:49 -0300] "GET /cormun/servlet/trlicenciaspermisosadjuntos?8224154,20230426000000,L, HTTP/1.1" 200 6594
190.171.143.106 - - [26/Apr/2023:15:21:56 -0300] "POST /cormun/servlet/trlicenciaspermisosadjuntos?16db3dcbb549ffa1d3bbddf70d60379d,8224154,20230426000000,L,,gx-no-cache=1682532588621 HTTP/1.1" 200 4381
190.171.143.106 - - [26/Apr/2023:15:21:59 -0300] "POST /cormun/servlet/trlicenciaspermisosadjuntos?16db3dcbb549ffa1d3bbddf70d60379d,8224154,20230426000000,L,,gx-no-cache=1682532591836 HTTP/1.1" 200 4381
190.171.143.106 - - [26/Apr/2023:15:22:01 -0300] "GET /cormun/servlet/trlicencias HTTP/1.1" 200 10350
190.171.143.106 - - [26/Apr/2023:15:22:01 -0300] "GET /cormun/servlet/trlicencias HTTP/1.1" 200 10350
190.171.143.106 - - [26/Apr/2023:15:22:10 -0300] "POST /cormun/servlet/trlicencias?16db3dcbb549ffa1d3bbddf70d60379d,gx-no-cache=1682532602927 HTTP/1.1" 200 7848
190.171.143.106 - - [26/Apr/2023:15:22:10 -0300] "GET /cormun/static/Shared/jqueryui/images/ui-icons_82798d_256x240.png HTTP/1.1" 404 1089
190.171.143.106 - - [26/Apr/2023:15:22:10 -0300] "GET /cormun/static/Shared/jqueryui/images/ui-bg_highlight-soft_100_c6c2c8_1x100.png HTTP/1.1" 404 1117
190.171.143.106 - - [26/Apr/2023:15:22:10 -0300] "GET /cormun/static/Shared/jqueryui/images/ui-bg_flat_55_fafafa_40x100.png HTTP/1.1" 404 1097
190.171.143.106 - - [26/Apr/2023:15:22:10 -0300] "GET /cormun/static/Shared/jqueryui/images/ui-icons_8d78a5_256x240.png HTTP/1.1" 404 1089
190.171.143.106 - - [26/Apr/2023:15:22:28 -0300] "POST /cormun/servlet/trlicencias?16db3dcbb549ffa1d3bbddf70d60379d,gx-no-cache=1682532620405 HTTP/1.1" 200 101
190.171.143.106 - - [26/Apr/2023:15:22:28 -0300] "POST /cormun/servlet/trlicencias?16db3dcbb549ffa1d3bbddf70d60379d,gx-no-cache=1682532620577 HTTP/1.1" 200 7805
190.171.143.106 - - [26/Apr/2023:15:22:28 -0300] "GET /cormun/Licencias-4099.xls HTTP/1.1" 200 6656
20.40.115.25 - - [26/Apr/2023:15:22:28 -0300] "GET /cormun/Licencias-4099.xls HTTP/1.1" 200 6656
190.171.143.106 - - [26/Apr/2023:15:22:35 -0300] "GET /cormun/Licencias-4099.xls HTTP/1.1" 304 -
190.171.143.106 - - [26/Apr/2023:15:23:02 -0300] "GET /cormun/servlet/trlicenciaspermisosadjuntos?8224154,20230426000000,L, HTTP/1.1" 200 6594
190.171.143.106 - - [26/Apr/2023:15:23:03 -0300] "GET /cormun/servlet/trlicenciaspermisosadjuntos?8224154,20230426000000,L, HTTP/1.1" 200 6594
186.103.157.98 - - [26/Apr/2023:15:23:07 -0300] "GET /cormun/servlet/hlogin HTTP/1.1" 200 1746
190.171.143.106 - - [26/Apr/2023:15:23:11 -0300] "GET /cormun/servlet/licenciaspermisosadjuntos?INS,8224154,L,20230426000000,, HTTP/1.1" 200 5886
190.171.143.106 - - [26/Apr/2023:15:23:11 -0300] "GET /cormun/static/about:blank HTTP/1.1" 404 1011
190.171.143.106 - - [26/Apr/2023:15:23:11 -0300] "GET /cormun/servlet/licenciaspermisosadjuntos?INS,8224154,L,20230426000000,, HTTP/1.1" 200 5875
190.171.143.106 - - [26/Apr/2023:15:23:21 -0300] "POST /cormun/servlet/licenciaspermisosadjuntos?16db3dcbb549ffa1d3bbddf70d60379d,INS,8224154,L,20230426000000,, HTTP/1.1" 200 116
190.171.143.106 - - [26/Apr/2023:15:23:21 -0300] "GET /cormun/servlet/hpexe_return? HTTP/1.1" 200 1039
190.171.143.106 - - [26/Apr/2023:15:23:22 -0300] "GET /cormun/servlet/trlicenciaspermisosadjuntos?8224154,20230426000000,L, HTTP/1.1" 200 7097
190.171.143.106 - - [26/Apr/2023:15:23:22 -0300] "GET /cormun/servlet/trlicenciaspermisosadjuntos?8224154,20230426000000,L, HTTP/1.1" 200 7093
190.171.143.106 - - [26/Apr/2023:15:23:32 -0300] "GET /cormun/PublicTempStorage/licencia_sra_amanda6726617.pdf HTTP/1.1" 200 274342
190.171.143.106 - - [26/Apr/2023:15:23:38 -0300] "GET /cormun/servlet/hlogin HTTP/1.1" 200 1718
190.171.143.106 - - [26/Apr/2023:15:23:48 -0300] "POST /cormun/servlet/hlogin?16db3dcbb549ffa1d3bbddf70d60379d,gx-no-cache=1682532701252 HTTP/1.1" 200 90
190.171.143.106 - - [26/Apr/2023:15:23:48 -0300] "GET /cormun/servlet/hpexe_link HTTP/1.1" 200 984
190.171.143.106 - - [26/Apr/2023:15:23:48 -0300] "GET /cormun/servlet/trlicenciaspermisosadjuntos?8224154,20230426000000,L, HTTP/1.1" 200 7093
190.171.143.106 - - [26/Apr/2023:15:23:49 -0300] "GET /cormun/servlet/trlicenciaspermisosadjuntos?8224154,20230426000000,L, HTTP/1.1" 200 7095
190.171.143.106 - - [26/Apr/2023:15:24:20 -0300] "POST /cormun/servlet/trlicenciaspermisosadjuntos?16db3dcbb549ffa1d3bbddf70d60379d,8224154,20230426000000,L,,gx-no-cache=1682532732550 HTTP/1.1" 200 90
190.171.143.106 - - [26/Apr/2023:15:24:20 -0300] "GET /cormun/servlet/hpexe_link HTTP/1.1" 200 1002
190.171.143.106 - - [26/Apr/2023:15:24:20 -0300] "GET /cormun/servlet/trlicencias?gx-no-cache=1682532620577 HTTP/1.1" 200 10350
190.171.143.106 - - [26/Apr/2023:15:24:20 -0300] "GET /cormun/servlet/trlicencias?gx-no-cache=1682532620577 HTTP/1.1" 200 10359
