190.171.152.114 - - [21/Apr/2023:10:59:07 -0300] "POST /cormun/servlet/solicitudotadjuntos?df8f6caacf25c04721b5424ecf396080,INS,2023,20041,,1,,gx-no-cache=1682084621649 HTTP/1.1" 200 4135
190.171.152.114 - - [21/Apr/2023:10:59:17 -0300] "GET /cormun/servlet/trsolicitudot? HTTP/1.1" 200 9246
190.171.152.114 - - [21/Apr/2023:10:59:17 -0300] "GET /cormun/servlet/trsolicitudot? HTTP/1.1" 200 9232
190.171.152.114 - - [21/Apr/2023:10:59:21 -0300] "POST /cormun/servlet/trsolicitudot?df8f6caacf25c04721b5424ecf396080,,gx-no-cache=1682084635835 HTTP/1.1" 200 106
190.171.152.114 - - [21/Apr/2023:10:59:22 -0300] "GET /cormun/servlet/trsolicitudadjuntos?2023,20041, HTTP/1.1" 200 10535
190.171.152.114 - - [21/Apr/2023:10:59:22 -0300] "GET /cormun/servlet/trsolicitudadjuntos?2023,20041, HTTP/1.1" 200 10538
190.171.152.114 - - [21/Apr/2023:10:59:24 -0300] "GET /cormun/servlet/solicitudotadjuntos?INS,2023,20041,,2, HTTP/1.1" 200 6363
190.171.152.114 - - [21/Apr/2023:10:59:24 -0300] "GET /cormun/static/about:blank HTTP/1.1" 404 1011
190.171.152.114 - - [21/Apr/2023:10:59:24 -0300] "GET /cormun/servlet/solicitudotadjuntos?INS,2023,20041,,2, HTTP/1.1" 200 6356
190.171.152.114 - - [21/Apr/2023:10:59:24 -0300] "GET /cormun/servlet/solicitudotadjuntos?f41d5a7af5a3132c107c82244e4c6d4dd4f8fb1ea8b50a12c9c7e47752aeec27a33b32df0d4f120848154b15147d2eb7,gx-no-cache=1682084638841 HTTP/1.1" 200 30
190.171.152.114 - - [21/Apr/2023:10:59:25 -0300] "POST /cormun/servlet/solicitudotadjuntos?df8f6caacf25c04721b5424ecf396080,INS,2023,20041,,2,,gx-no-cache=1682084638853 HTTP/1.1" 200 4350
157.55.39.219 - - [21/Apr/2023:10:59:25 -0300] "GET /cormun/static/hhome.js?20201215495544 HTTP/1.1" 200 777
190.171.152.114 - - [21/Apr/2023:10:59:27 -0300] "POST /cormun/servlet/solicitudotadjuntos?gx-no-cache=1682084641218 HTTP/1.1" 200 26
40.77.167.98 - - [21/Apr/2023:10:59:28 -0300] "GET /cormun/static/gxcfg.js?20201215495537 HTTP/1.1" 200 953
190.171.152.114 - - [21/Apr/2023:10:59:32 -0300] "GET /cormun/servlet/solicitudotadjuntos?f41d5a7af5a3132c107c82244e4c6d4d0a62d92b151dbc26a34c2a661a3b1608,gx-no-cache=1682084646281 HTTP/1.1" 200 30
190.171.152.114 - - [21/Apr/2023:10:59:32 -0300] "GET /cormun/servlet/solicitudotadjuntos?f41d5a7af5a3132c107c82244e4c6d4d0a62d92b151dbc26a34c2a661a3b1608,gx-no-cache=1682084646291 HTTP/1.1" 200 30
190.171.152.114 - - [21/Apr/2023:10:59:32 -0300] "POST /cormun/servlet/solicitudotadjuntos?df8f6caacf25c04721b5424ecf396080,INS,2023,20041,,2, HTTP/1.1" 200 116
190.171.152.114 - - [21/Apr/2023:10:59:32 -0300] "GET /cormun/servlet/hpexe_return? HTTP/1.1" 200 1017
190.171.152.114 - - [21/Apr/2023:10:59:32 -0300] "GET /cormun/servlet/trsolicitudadjuntos?2023,20041, HTTP/1.1" 200 10693
190.171.152.114 - - [21/Apr/2023:10:59:33 -0300] "GET /cormun/servlet/trsolicitudadjuntos?2023,20041, HTTP/1.1" 200 10687
190.171.152.114 - - [21/Apr/2023:10:59:35 -0300] "GET /cormun/servlet/trsolicitudot? HTTP/1.1" 200 9239
190.171.152.114 - - [21/Apr/2023:10:59:36 -0300] "GET /cormun/servlet/trsolicitudot? HTTP/1.1" 200 9232
190.171.152.114 - - [21/Apr/2023:10:59:50 -0300] "POST /cormun/servlet/trsolicitudot?df8f6caacf25c04721b5424ecf396080,,gx-no-cache=1682084664427 HTTP/1.1" 200 5869
190.171.152.114 - - [21/Apr/2023:10:59:50 -0300] "GET /cormun/static/Shared/jqueryui/images/ui-bg_highlight-soft_100_c6c2c8_1x100.png HTTP/1.1" 404 1117
190.171.152.114 - - [21/Apr/2023:10:59:50 -0300] "GET /cormun/static/Shared/jqueryui/images/ui-icons_82798d_256x240.png HTTP/1.1" 404 1089
190.171.152.114 - - [21/Apr/2023:10:59:50 -0300] "GET /cormun/static/Shared/jqueryui/images/ui-icons_8d78a5_256x240.png HTTP/1.1" 404 1089
190.171.152.114 - - [21/Apr/2023:10:59:50 -0300] "GET /cormun/static/Shared/jqueryui/images/ui-bg_flat_55_fafafa_40x100.png HTTP/1.1" 404 1097
190.171.152.114 - - [21/Apr/2023:10:59:50 -0300] "POST /cormun/servlet/trsolicitudot?df8f6caacf25c04721b5424ecf396080,,gx-no-cache=1682084664584 HTTP/1.1" 200 5813
190.171.152.114 - - [21/Apr/2023:10:59:51 -0300] "POST /cormun/servlet/trsolicitudot?df8f6caacf25c04721b5424ecf396080,,gx-no-cache=1682084665458 HTTP/1.1" 200 4611
190.171.152.114 - - [21/Apr/2023:10:59:51 -0300] "POST /cormun/servlet/trsolicitudot?df8f6caacf25c04721b5424ecf396080,,gx-no-cache=1682084665575 HTTP/1.1" 200 4352
190.171.152.114 - - [21/Apr/2023:10:59:55 -0300] "GET /cormun/servlet/trautorizarsolicitud? HTTP/1.1" 200 9267
190.171.152.114 - - [21/Apr/2023:10:59:55 -0300] "GET /cormun/servlet/trautorizarsolicitud? HTTP/1.1" 200 9266
186.67.172.234 - - [21/Apr/2023:11:00:28 -0300] "GET /cormun/servlet/trlicencias? HTTP/1.1" 200 7236
186.67.172.234 - - [21/Apr/2023:11:00:28 -0300] "GET /cormun/servlet/trlicencias? HTTP/1.1" 200 7229
186.67.172.234 - - [21/Apr/2023:11:00:28 -0300] "GET /cormun/servlet/hlogin HTTP/1.1" 200 1737
186.67.172.234 - - [21/Apr/2023:11:00:40 -0300] "POST /cormun/servlet/hlogin?20c210041c5253753cdb9f0cd75c252e,gx-no-cache=1682084714498 HTTP/1.1" 200 90
186.67.172.234 - - [21/Apr/2023:11:00:40 -0300] "GET /cormun/servlet/hpexe_link HTTP/1.1" 200 957
186.67.172.234 - - [21/Apr/2023:11:00:41 -0300] "GET /cormun/servlet/trlicencias HTTP/1.1" 200 14510
186.67.172.234 - - [21/Apr/2023:11:00:41 -0300] "GET /cormun/servlet/trlicencias HTTP/1.1" 200 14493
190.171.143.90 - - [21/Apr/2023:11:01:09 -0300] "GET /cormun/servlet/hlogin HTTP/1.1" 200 1720
190.171.143.90 - - [21/Apr/2023:11:01:17 -0300] "POST /cormun/servlet/hlogin?72257a0678a41df546c2bac6318ea38f,gx-no-cache=1682084751635 HTTP/1.1" 200 90
190.171.143.90 - - [21/Apr/2023:11:01:17 -0300] "GET /cormun/servlet/hpexe_link HTTP/1.1" 200 951
190.171.143.90 - - [21/Apr/2023:11:01:17 -0300] "GET /cormun/servlet/hhome HTTP/1.1" 200 4312
190.171.143.90 - - [21/Apr/2023:11:01:18 -0300] "GET /cormun/servlet/hhome HTTP/1.1" 200 4308
190.171.143.90 - - [21/Apr/2023:11:01:21 -0300] "GET /cormun/servlet/trlicencias? HTTP/1.1" 200 10903
190.171.143.90 - - [21/Apr/2023:11:01:21 -0300] "GET /cormun/servlet/trlicencias? HTTP/1.1" 200 10901
190.171.149.74 - - [21/Apr/2023:11:02:00 -0300] "POST /cormun/servlet/trlicencias?44a48249e9eca14c68cf88eea5ab5dec,gx-no-cache=1682084793913 HTTP/1.1" 200 8537
190.46.88.50 - - [21/Apr/2023:11:03:28 -0300] "GET /cormun/servlet/hlogin HTTP/1.1" 200 1719
190.46.88.50 - - [21/Apr/2023:11:03:29 -0300] "GET /cormun/servlet/hlogin HTTP/1.1" 200 1719
190.46.88.50 - - [21/Apr/2023:11:03:36 -0300] "POST /cormun/servlet/hlogin?442f43cd6d7a65011ab5fb3ae67e9d5c,gx-no-cache=1682085204629 HTTP/1.1" 200 90
190.46.88.50 - - [21/Apr/2023:11:03:37 -0300] "GET /cormun/servlet/hpexe_link HTTP/1.1" 200 949
190.46.88.50 - - [21/Apr/2023:11:03:39 -0300] "GET /cormun/servlet/hhome HTTP/1.1" 200 4315
190.46.88.50 - - [21/Apr/2023:11:03:39 -0300] "GET /cormun/static/gxcfg.js?20201215495537 HTTP/1.1" 200 953
190.46.88.50 - - [21/Apr/2023:11:03:39 -0300] "GET /cormun/static/hhome.js?20201215495544 HTTP/1.1" 200 777
190.46.88.50 - - [21/Apr/2023:11:03:40 -0300] "GET /cormun/servlet/hhome HTTP/1.1" 200 4311
190.171.152.114 - - [21/Apr/2023:11:03:44 -0300] "POST /cormun/servlet/trautorizarsolicitud?df8f6caacf25c04721b5424ecf396080,,gx-no-cache=1682084898229 HTTP/1.1" 200 106
190.171.152.114 - - [21/Apr/2023:11:03:44 -0300] "GET /cormun/servlet/trsolicitudadjuntos?2023,20042, HTTP/1.1" 200 10600
190.171.152.114 - - [21/Apr/2023:11:03:45 -0300] "GET /cormun/servlet/trsolicitudadjuntos?2023,20042, HTTP/1.1" 200 10608
190.171.152.114 - - [21/Apr/2023:11:03:48 -0300] "GET /cormun/servlet/trsolicitudot? HTTP/1.1" 200 7370
190.171.152.114 - - [21/Apr/2023:11:03:48 -0300] "GET /cormun/servlet/trsolicitudot? HTTP/1.1" 200 7356
190.171.152.114 - - [21/Apr/2023:11:03:51 -0300] "GET /cormun/servlet/trautorizarsolicitud? HTTP/1.1" 200 9267
190.171.152.114 - - [21/Apr/2023:11:03:52 -0300] "GET /cormun/servlet/trautorizarsolicitud? HTTP/1.1" 200 9266
190.171.152.114 - - [21/Apr/2023:11:03:59 -0300] "POST /cormun/servlet/trautorizarsolicitud?df8f6caacf25c04721b5424ecf396080,,gx-no-cache=1682084910539 HTTP/1.1" 200 5991
190.171.152.114 - - [21/Apr/2023:11:03:59 -0300] "GET /cormun/static/Shared/jqueryui/images/ui-bg_highlight-soft_100_c6c2c8_1x100.png HTTP/1.1" 404 1117
190.171.152.114 - - [21/Apr/2023:11:03:59 -0300] "GET /cormun/static/Shared/jqueryui/images/ui-bg_flat_55_fafafa_40x100.png HTTP/1.1" 404 1097
190.171.152.114 - - [21/Apr/2023:11:03:59 -0300] "GET /cormun/static/Shared/jqueryui/images/ui-icons_82798d_256x240.png HTTP/1.1" 404 1089
190.171.152.114 - - [21/Apr/2023:11:03:59 -0300] "GET /cormun/static/Shared/jqueryui/images/ui-icons_8d78a5_256x240.png HTTP/1.1" 404 1089
190.171.152.114 - - [21/Apr/2023:11:03:59 -0300] "POST /cormun/servlet/trautorizarsolicitud?df8f6caacf25c04721b5424ecf396080,,gx-no-cache=1682084913082 HTTP/1.1" 200 5936
190.171.152.114 - - [21/Apr/2023:11:04:01 -0300] "POST /cormun/servlet/trautorizarsolicitud?df8f6caacf25c04721b5424ecf396080,,gx-no-cache=1682084914057 HTTP/1.1" 200 4788
190.171.152.114 - - [21/Apr/2023:11:04:01 -0300] "POST /cormun/servlet/trautorizarsolicitud?df8f6caacf25c04721b5424ecf396080,,gx-no-cache=1682084915176 HTTP/1.1" 200 4533
190.46.88.50 - - [21/Apr/2023:11:04:15 -0300] "GET /cormun/servlet/trvisualizadoreventos? HTTP/1.1" 200 7095
190.46.88.50 - - [21/Apr/2023:11:04:15 -0300] "GET /cormun/static/gxcfg.js?202211298474834 HTTP/1.1" 200 953
190.46.88.50 - - [21/Apr/2023:11:04:15 -0300] "GET /cormun/static/trvisualizadoreventos.js?202211298474971 HTTP/1.1" 200 19318
190.46.88.50 - - [21/Apr/2023:11:04:16 -0300] "GET /cormun/static/Resources/PXToolsActionPrint.png HTTP/1.1" 200 404
190.46.88.50 - - [21/Apr/2023:11:04:16 -0300] "GET /cormun/servlet/trvisualizadoreventos? HTTP/1.1" 200 7095
190.46.88.50 - - [21/Apr/2023:11:04:48 -0300] "GET /cormun/servlet/trlicencias? HTTP/1.1" 200 10756
190.46.88.50 - - [21/Apr/2023:11:04:49 -0300] "GET /cormun/servlet/trlicencias? HTTP/1.1" 200 10755
190.46.88.50 - - [21/Apr/2023:11:05:29 -0300] "GET /cormun/servlet/trvisualizadoreventos? HTTP/1.1" 200 7095
190.46.88.50 - - [21/Apr/2023:11:05:30 -0300] "GET /cormun/servlet/trvisualizadoreventos? HTTP/1.1" 200 7095
190.171.142.50 - - [21/Apr/2023:11:05:43 -0300] "GET /cormun/servlet/trlicencias HTTP/1.1" 200 12082
190.171.142.50 - - [21/Apr/2023:11:05:44 -0300] "GET /cormun/servlet/trlicencias HTTP/1.1" 200 12080
190.46.88.50 - - [21/Apr/2023:11:06:04 -0300] "POST /cormun/servlet/trvisualizadoreventos?442f43cd6d7a65011ab5fb3ae67e9d5c,,gx-no-cache=1682085352974 HTTP/1.1" 200 4282
190.46.88.50 - - [21/Apr/2023:11:06:14 -0300] "POST /cormun/servlet/trvisualizadoreventos?442f43cd6d7a65011ab5fb3ae67e9d5c,,gx-no-cache=1682085363172 HTTP/1.1" 200 4283
190.46.88.50 - - [21/Apr/2023:11:06:18 -0300] "POST /cormun/servlet/trvisualizadoreventos?442f43cd6d7a65011ab5fb3ae67e9d5c,,gx-no-cache=1682085367185 HTTP/1.1" 200 4280
190.46.88.50 - - [21/Apr/2023:11:06:21 -0300] "POST /cormun/servlet/trvisualizadoreventos?442f43cd6d7a65011ab5fb3ae67e9d5c,,gx-no-cache=1682085370157 HTTP/1.1" 200 4283
190.46.88.50 - - [21/Apr/2023:11:06:29 -0300] "POST /cormun/servlet/trvisualizadoreventos?442f43cd6d7a65011ab5fb3ae67e9d5c,,gx-no-cache=1682085377407 HTTP/1.1" 200 4282
190.46.88.50 - - [21/Apr/2023:11:06:56 -0300] "GET /cormun/servlet/trcontratounov2? HTTP/1.1" 200 16843
190.46.88.50 - - [21/Apr/2023:11:06:56 -0300] "GET /cormun/static/gxcfg.js?2020121614367 HTTP/1.1" 200 953
190.46.88.50 - - [21/Apr/2023:11:06:57 -0300] "GET /cormun/static/Resources/PXToolsAddSelectedAction.png HTTP/1.1" 200 523
190.46.88.50 - - [21/Apr/2023:11:06:57 -0300] "GET /cormun/static/trcontratounov2.js?20201216143065 HTTP/1.1" 200 38486
190.46.88.50 - - [21/Apr/2023:11:06:58 -0300] "GET /cormun/servlet/trcontratounov2? HTTP/1.1" 200 16841
190.171.154.42 - - [21/Apr/2023:11:07:18 -0300] "POST /cormun/servlet/hlogin?824386c37e2986341b4f8e1a64551627,gx-no-cache=1682085112658 HTTP/1.1" 200 90
190.171.154.42 - - [21/Apr/2023:11:07:18 -0300] "GET /cormun/servlet/hpexe_link HTTP/1.1" 200 957
190.171.154.42 - - [21/Apr/2023:11:07:19 -0300] "GET /cormun/servlet/trsolicitudot HTTP/1.1" 200 9108
190.171.154.42 - - [21/Apr/2023:11:07:19 -0300] "GET /cormun/servlet/trsolicitudot HTTP/1.1" 200 9106
190.171.154.42 - - [21/Apr/2023:11:07:24 -0300] "GET /cormun/servlet/vesolicitudot?2022,18168,, HTTP/1.1" 200 8626
190.171.154.42 - - [21/Apr/2023:11:07:24 -0300] "GET /cormun/pexe_scrolldiv.js HTTP/1.1" 404 1009
190.171.154.42 - - [21/Apr/2023:11:07:25 -0300] "GET /cormun/servlet/vesolicitudot?2022,18168,, HTTP/1.1" 200 8625
190.171.154.42 - - [21/Apr/2023:11:07:49 -0300] "GET /cormun/servlet/trsolicitudot? HTTP/1.1" 200 9107
190.171.154.42 - - [21/Apr/2023:11:07:49 -0300] "GET /cormun/servlet/trsolicitudot? HTTP/1.1" 200 9106
190.171.154.42 - - [21/Apr/2023:11:07:57 -0300] "POST /cormun/servlet/trsolicitudot?824386c37e2986341b4f8e1a64551627,,gx-no-cache=1682085150782 HTTP/1.1" 200 7670
190.171.154.42 - - [21/Apr/2023:11:08:01 -0300] "GET /cormun/servlet/vesolicitudot?2019,15991,, HTTP/1.1" 200 8658
190.171.154.42 - - [21/Apr/2023:11:08:01 -0300] "GET /cormun/pexe_scrolldiv.js HTTP/1.1" 404 1009
190.171.154.42 - - [21/Apr/2023:11:08:01 -0300] "GET /cormun/servlet/vesolicitudot?2019,15991,, HTTP/1.1" 200 8657
190.46.88.50 - - [21/Apr/2023:11:11:15 -0300] "GET /cormun/servlet/trfichaempleado? HTTP/1.1" 200 11380
190.46.88.50 - - [21/Apr/2023:11:12:29 -0300] "POST /cormun/servlet/trcontratounov2?442f43cd6d7a65011ab5fb3ae67e9d5c,,gx-no-cache=1682085737132 HTTP/1.1" 200 105
190.46.88.50 - - [21/Apr/2023:11:12:29 -0300] "GET /cormun/ContratoUnoV3-1872.xls HTTP/1.1" 200 14848
40.77.167.86 - - [21/Apr/2023:11:13:31 -0300] "GET /cormun/servlet/hpexe_return HTTP/1.1" 200 982
190.171.154.42 - - [21/Apr/2023:11:17:30 -0300] "GET /cormun/servlet/trsolicitudot? HTTP/1.1" 200 10602
190.171.154.42 - - [21/Apr/2023:11:17:30 -0300] "GET /cormun/servlet/vesolicitudot?2022,18168,, HTTP/1.1" 200 8666
190.171.154.42 - - [21/Apr/2023:11:17:30 -0300] "GET /cormun/servlet/trsolicitudot? HTTP/1.1" 200 10655
190.171.154.42 - - [21/Apr/2023:11:17:31 -0300] "GET /cormun/servlet/trsolicitudot HTTP/1.1" 200 10573
190.171.154.42 - - [21/Apr/2023:11:17:31 -0300] "GET /cormun/servlet/vesolicitudot?2022,18168,, HTTP/1.1" 200 8625
190.171.154.42 - - [21/Apr/2023:11:17:31 -0300] "GET /cormun/servlet/trsolicitudot HTTP/1.1" 200 10602
190.171.154.42 - - [21/Apr/2023:11:17:32 -0300] "GET /cormun/servlet/hlogin HTTP/1.1" 200 1730
190.171.154.42 - - [21/Apr/2023:11:17:38 -0300] "POST /cormun/servlet/hlogin?824386c37e2986341b4f8e1a64551627,gx-no-cache=1682085732141 HTTP/1.1" 200 90
190.171.154.42 - - [21/Apr/2023:11:17:38 -0300] "GET /cormun/servlet/hpexe_link HTTP/1.1" 200 957
190.171.154.42 - - [21/Apr/2023:11:17:38 -0300] "GET /cormun/servlet/trsolicitudot HTTP/1.1" 200 10603
190.171.154.42 - - [21/Apr/2023:11:17:38 -0300] "GET /cormun/servlet/trsolicitudot HTTP/1.1" 200 10602
186.67.172.234 - - [21/Apr/2023:11:17:43 -0300] "GET /cormun/servlet/trlicencias? HTTP/1.1" 200 14493
190.171.154.42 - - [21/Apr/2023:11:17:43 -0300] "GET /cormun/servlet/hlogin HTTP/1.1" 200 1730
186.67.172.234 - - [21/Apr/2023:11:17:44 -0300] "GET /cormun/servlet/trlicencias? HTTP/1.1" 200 14495
186.67.172.234 - - [21/Apr/2023:11:17:47 -0300] "GET /cormun/servlet/trautorizarsolicitud? HTTP/1.1" 200 9218
186.67.172.234 - - [21/Apr/2023:11:17:47 -0300] "GET /cormun/servlet/trautorizarsolicitud? HTTP/1.1" 200 9218
190.171.154.42 - - [21/Apr/2023:11:17:48 -0300] "POST /cormun/servlet/hlogin?824386c37e2986341b4f8e1a64551627,gx-no-cache=1682085742339 HTTP/1.1" 200 90
190.171.154.42 - - [21/Apr/2023:11:17:48 -0300] "GET /cormun/servlet/hpexe_link HTTP/1.1" 200 957
190.171.154.42 - - [21/Apr/2023:11:17:48 -0300] "GET /cormun/servlet/trsolicitudot HTTP/1.1" 200 10603
190.171.154.42 - - [21/Apr/2023:11:17:49 -0300] "GET /cormun/servlet/trsolicitudot HTTP/1.1" 200 10602
190.171.154.42 - - [21/Apr/2023:11:17:58 -0300] "GET /cormun/servlet/solicitudot?INS,0,0,false, HTTP/1.1" 200 16094
190.171.154.42 - - [21/Apr/2023:11:17:59 -0300] "GET /cormun/servlet/solicitudot?INS,0,0,false, HTTP/1.1" 200 16101
190.171.149.74 - - [21/Apr/2023:11:22:06 -0300] "GET /cormun/servlet/trlicencias? HTTP/1.1" 200 11171
190.171.149.74 - - [21/Apr/2023:11:22:06 -0300] "GET /cormun/servlet/trlicencias? HTTP/1.1" 200 11173
190.171.149.74 - - [21/Apr/2023:11:22:08 -0300] "GET /cormun/static/menuarrow.gif HTTP/1.1" 404 1015
190.171.149.74 - - [21/Apr/2023:11:22:22 -0300] "POST /cormun/servlet/trlicencias?44a48249e9eca14c68cf88eea5ab5dec,,gx-no-cache=1682086015436 HTTP/1.1" 200 17850
190.171.149.74 - - [21/Apr/2023:11:22:22 -0300] "GET /cormun/static/Resources/PXToolsGridLast.gif HTTP/1.1" 200 370
190.171.149.74 - - [21/Apr/2023:11:22:22 -0300] "GET /cormun/static/Resources/PXToolsGridNext.gif HTTP/1.1" 200 369
190.171.149.74 - - [21/Apr/2023:11:22:30 -0300] "GET /cormun/servlet/licenciaspermisos?INS,0,,, HTTP/1.1" 200 7585
190.171.149.74 - - [21/Apr/2023:11:22:30 -0300] "GET /cormun/static/gxcfg.js?202012153173 HTTP/1.1" 200 953
190.171.149.74 - - [21/Apr/2023:11:22:30 -0300] "GET /cormun/static/licenciaspermisos.js?2020121532136 HTTP/1.1" 200 38753
190.171.149.74 - - [21/Apr/2023:11:22:31 -0300] "GET /cormun/servlet/licenciaspermisos?INS,0,,, HTTP/1.1" 200 7593
190.171.149.74 - - [21/Apr/2023:11:22:33 -0300] "POST /cormun/servlet/licenciaspermisos?44a48249e9eca14c68cf88eea5ab5dec,INS,0,,,,gx-no-cache=1682086026956 HTTP/1.1" 200 93
190.171.149.74 - - [21/Apr/2023:11:22:33 -0300] "GET /cormun/servlet/hpexe_return? HTTP/1.1" 200 1009
190.171.149.74 - - [21/Apr/2023:11:22:34 -0300] "GET /cormun/servlet/trlicencias? HTTP/1.1" 200 19686
190.171.149.74 - - [21/Apr/2023:11:22:34 -0300] "GET /cormun/servlet/trlicencias? HTTP/1.1" 200 19716
190.171.149.74 - - [21/Apr/2023:11:22:38 -0300] "POST /cormun/servlet/trlicencias?44a48249e9eca14c68cf88eea5ab5dec,,gx-no-cache=1682086031341 HTTP/1.1" 200 17877
190.171.149.74 - - [21/Apr/2023:11:22:41 -0300] "POST /cormun/servlet/trlicencias?44a48249e9eca14c68cf88eea5ab5dec,,gx-no-cache=1682086034542 HTTP/1.1" 200 101
190.171.149.74 - - [21/Apr/2023:11:22:42 -0300] "GET /cormun/Licencias-3469.xls HTTP/1.1" 200 78848
190.171.154.42 - - [21/Apr/2023:11:22:52 -0300] "POST /cormun/servlet/solicitudot?gx-no-cache=1682086046060 HTTP/1.1" 200 3953
190.171.154.42 - - [21/Apr/2023:11:22:52 -0300] "POST /cormun/servlet/solicitudot?824386c37e2986341b4f8e1a64551627,INS,0,0,false,,gx-no-cache=1682086046265 HTTP/1.1" 200 12791
190.171.154.42 - - [21/Apr/2023:11:22:52 -0300] "GET /cormun/servlet/solicitudot?a45b2f0097015be8d849525fc168440d9950788bb3f61e4e3acdab0aad0c9f9f25c0e001e8518cbb8e90537060dd130e,gx-no-cache=1682086046555 HTTP/1.1" 200 30
190.171.149.74 - - [21/Apr/2023:11:24:13 -0300] "POST /cormun/servlet/trlicencias?44a48249e9eca14c68cf88eea5ab5dec,,gx-no-cache=1682086126397 HTTP/1.1" 200 101
190.171.149.74 - - [21/Apr/2023:11:24:13 -0300] "GET /cormun/Licencias-6141.xls HTTP/1.1" 200 78848
190.171.154.42 - - [21/Apr/2023:11:24:40 -0300] "GET /cormun/servlet/prbanco?,MD,,gxPopupLevel%3D0%3B HTTP/1.1" 200 6519
190.171.154.42 - - [21/Apr/2023:11:24:49 -0300] "GET /cormun/servlet/solicitudot?a45b2f0097015be8d849525fc168440d135ec8c2ec5ddf88be4106a2396fe8bf0c0a433bd62ce212d66136720b77c1851c77561a3db6f5868c26412071a283f3,gx-no-cache=1682086163189 HTTP/1.1" 200 30
190.171.154.42 - - [21/Apr/2023:11:24:50 -0300] "GET /cormun/servlet/solicitudot?a45b2f0097015be8d849525fc168440d4b3f8cf0a07ac251ce36dc7046353d57,gx-no-cache=1682086164079 HTTP/1.1" 200 45
190.171.154.42 - - [21/Apr/2023:11:25:06 -0300] "POST /cormun/servlet/solicitudot?gx-no-cache=1682086180519 HTTP/1.1" 200 240
190.171.141.82 - - [21/Apr/2023:11:25:09 -0300] "GET /cormun/servlet/hlogin HTTP/1.1" 200 1716
190.171.154.42 - - [21/Apr/2023:11:25:09 -0300] "GET /cormun/servlet/solicitudot?a45b2f0097015be8d849525fc168440da7e2aa56afe10b50c1a1f31edcd4890c22566d2e5dd9937475c62e086a2517c4d8e6c4f6f0a088d7ccd4e0bd978f3dbdc31531c18d450a3bc94ad5d3fa974b2926a1e6460a2f7d03667f67b1a7212b52434e853a896a911392d1b312c71a1ab8ea12933c0080d6b8c6ee80a5d88414b1b2c3f6d291c2001fffe7dee21c9dd06c390a126e47c1ca2c93a2a2d7d31400e5a9d063891ac8e981d51d778de970fd4601c86b7cd8c43fa61d0c4ede74b32723cf0ee214acf67b18a25e64aa8f999c44c67c2ed72763ca594d6f3c770e658f3ed9319c1f5497fc7f543f42e1706b17f4ae2c3032133439520f25dbaf5804d7fb7d590b5f1a92537f13959ee89593580cffbacc558dd73c8c19206e78958ef3fffff23490e703b27606003f170d38edfbedfa1652147e9395b72558946f48136c5df298360bdf5008e68b50f40f73c446727680bd62326d6e00fba01238073a083b71f77c9d4cbcfb7726397170493d0778cda4aa59730036cfcb1f01c48b6643,gx-no-cache=1682086182965 HTTP/1.1" 200 30
190.171.141.82 - - [21/Apr/2023:11:25:09 -0300] "GET /cormun/servlet/hlogin HTTP/1.1" 200 1727
190.171.154.42 - - [21/Apr/2023:11:25:10 -0300] "POST /cormun/servlet/solicitudot?gx-no-cache=1682086184619 HTTP/1.1" 200 30
190.171.154.42 - - [21/Apr/2023:11:25:14 -0300] "GET /cormun/servlet/prfichaempleado?,MD,,gxPopupLevel%3D0%3B HTTP/1.1" 200 9255
190.171.141.82 - - [21/Apr/2023:11:25:17 -0300] "POST /cormun/servlet/hlogin?41dae44b467be4a9610e673c3349ad17,gx-no-cache=1682086192716 HTTP/1.1" 200 90
190.171.141.82 - - [21/Apr/2023:11:25:18 -0300] "GET /cormun/servlet/hpexe_link HTTP/1.1" 200 948
190.171.141.82 - - [21/Apr/2023:11:25:18 -0300] "GET /cormun/servlet/hhome HTTP/1.1" 200 3961
190.171.141.82 - - [21/Apr/2023:11:25:18 -0300] "GET /cormun/servlet/hhome HTTP/1.1" 200 3957
190.171.154.42 - - [21/Apr/2023:11:25:23 -0300] "POST /cormun/servlet/prfichaempleado?824386c37e2986341b4f8e1a64551627,,MD,,gxPopupLevel%3D0%3B,gx-no-cache=1682086197145 HTTP/1.1" 200 3476
190.171.141.82 - - [21/Apr/2023:11:25:24 -0300] "GET /cormun/servlet/trsolicitudot? HTTP/1.1" 200 7178
190.171.141.82 - - [21/Apr/2023:11:25:24 -0300] "GET /cormun/servlet/trsolicitudot? HTTP/1.1" 200 7177
190.171.154.42 - - [21/Apr/2023:11:25:27 -0300] "POST /cormun/servlet/solicitudot?gx-no-cache=1682086201660 HTTP/1.1" 200 1470
190.171.154.42 - - [21/Apr/2023:11:25:27 -0300] "GET /cormun/static/menuarrow.gif HTTP/1.1" 404 1015
190.171.141.82 - - [21/Apr/2023:11:25:40 -0300] "POST /cormun/servlet/trsolicitudot?41dae44b467be4a9610e673c3349ad17,,gx-no-cache=1682086214717 HTTP/1.1" 200 4364
190.171.141.82 - - [21/Apr/2023:11:25:42 -0300] "POST /cormun/servlet/trsolicitudot?41dae44b467be4a9610e673c3349ad17,,gx-no-cache=1682086216876 HTTP/1.1" 200 4363
190.171.154.42 - - [21/Apr/2023:11:26:06 -0300] "GET /cormun/servlet/trlicencias? HTTP/1.1" 200 12485
190.171.154.42 - - [21/Apr/2023:11:26:06 -0300] "GET /cormun/servlet/trlicencias? HTTP/1.1" 200 12471
190.171.141.82 - - [21/Apr/2023:11:26:29 -0300] "POST /cormun/servlet/trsolicitudot?41dae44b467be4a9610e673c3349ad17,,gx-no-cache=1682086264364 HTTP/1.1" 200 4368
190.171.141.82 - - [21/Apr/2023:11:26:31 -0300] "POST /cormun/servlet/trsolicitudot?41dae44b467be4a9610e673c3349ad17,,gx-no-cache=1682086265859 HTTP/1.1" 200 4367
190.171.141.82 - - [21/Apr/2023:11:26:57 -0300] "POST /cormun/servlet/trsolicitudot?41dae44b467be4a9610e673c3349ad17,,gx-no-cache=1682086292291 HTTP/1.1" 200 4367
190.171.141.82 - - [21/Apr/2023:11:26:59 -0300] "POST /cormun/servlet/trsolicitudot?41dae44b467be4a9610e673c3349ad17,,gx-no-cache=1682086293747 HTTP/1.1" 200 4368
190.171.141.82 - - [21/Apr/2023:11:27:00 -0300] "POST /cormun/servlet/trsolicitudot?41dae44b467be4a9610e673c3349ad17,,gx-no-cache=1682086294955 HTTP/1.1" 200 4368
190.171.141.82 - - [21/Apr/2023:11:27:01 -0300] "POST /cormun/servlet/trsolicitudot?41dae44b467be4a9610e673c3349ad17,,gx-no-cache=1682086295915 HTTP/1.1" 200 4368
190.171.141.82 - - [21/Apr/2023:11:27:01 -0300] "POST /cormun/servlet/trsolicitudot?41dae44b467be4a9610e673c3349ad17,,gx-no-cache=1682086296323 HTTP/1.1" 200 4367
190.171.141.82 - - [21/Apr/2023:11:27:01 -0300] "POST /cormun/servlet/trsolicitudot?41dae44b467be4a9610e673c3349ad17,,gx-no-cache=1682086296595 HTTP/1.1" 200 4367
190.171.142.50 - - [21/Apr/2023:11:27:20 -0300] "GET /cormun/servlet/trlicencias HTTP/1.1" 200 12082
190.171.142.50 - - [21/Apr/2023:11:27:20 -0300] "GET /cormun/servlet/trlicencias HTTP/1.1" 200 12074
190.171.154.42 - - [21/Apr/2023:11:28:49 -0300] "GET /cormun/servlet/solicitudot?INS,0,0,false, HTTP/1.1" 200 16093
190.171.154.42 - - [21/Apr/2023:11:28:50 -0300] "GET /cormun/servlet/solicitudot?INS,0,0,false, HTTP/1.1" 200 16099
190.171.141.82 - - [21/Apr/2023:11:29:00 -0300] "POST /cormun/servlet/trsolicitudot?41dae44b467be4a9610e673c3349ad17,,gx-no-cache=1682086414995 HTTP/1.1" 200 4368
190.171.141.82 - - [21/Apr/2023:11:29:03 -0300] "POST /cormun/servlet/trsolicitudot?41dae44b467be4a9610e673c3349ad17,,gx-no-cache=1682086418483 HTTP/1.1" 200 4369
190.171.154.42 - - [21/Apr/2023:11:29:04 -0300] "POST /cormun/servlet/solicitudot?gx-no-cache=1682086418659 HTTP/1.1" 200 4028
190.171.154.42 - - [21/Apr/2023:11:29:05 -0300] "POST /cormun/servlet/solicitudot?824386c37e2986341b4f8e1a64551627,INS,0,0,false,,gx-no-cache=1682086418805 HTTP/1.1" 200 12848
190.171.154.42 - - [21/Apr/2023:11:29:05 -0300] "GET /cormun/servlet/solicitudot?a45b2f0097015be8d849525fc168440d9950788bb3f61e4e3acdab0aad0c9f9f25c0e001e8518cbb8e90537060dd130e,gx-no-cache=1682086419024 HTTP/1.1" 200 30
190.171.154.42 - - [21/Apr/2023:11:29:05 -0300] "GET /cormun/servlet/solicitudot?a45b2f0097015be8d849525fc168440d135ec8c2ec5ddf88be4106a2396fe8bf0c0a433bd62ce212d66136720b77c1851c77561a3db6f5868c26412071a283f3,gx-no-cache=1682086419045 HTTP/1.1" 200 30
190.171.154.42 - - [21/Apr/2023:11:29:05 -0300] "GET /cormun/servlet/solicitudot?a45b2f0097015be8d849525fc168440d4b3f8cf0a07ac251ce36dc7046353d57,gx-no-cache=1682086419064 HTTP/1.1" 200 45
190.171.154.42 - - [21/Apr/2023:11:29:05 -0300] "POST /cormun/servlet/solicitudot?gx-no-cache=1682086419086 HTTP/1.1" 200 240
190.171.141.82 - - [21/Apr/2023:11:29:05 -0300] "POST /cormun/servlet/trsolicitudot?41dae44b467be4a9610e673c3349ad17,,gx-no-cache=1682086419987 HTTP/1.1" 200 4370
190.171.154.42 - - [21/Apr/2023:11:29:08 -0300] "GET /cormun/servlet/solicitudot?a45b2f0097015be8d849525fc168440da7e2aa56afe10b50c1a1f31edcd4890c22566d2e5dd9937475c62e086a2517c4d8e6c4f6f0a088d7ccd4e0bd978f3dbdc31531c18d450a3bc94ad5d3fa974b2926a1e6460a2f7d03667f67b1a7212b52434e853a896a911392d1b312c71a1ab8ea12933c0080d6b8c6ee80a5d88414b1b2c3f6d291c2001fffe7dee21c9dd06c390a126e47c1ca2c93a2a2d7d31400e5a9d063891ac8e981d51d778de970fd4601c86b7cd8c43fa61d0c4ede74b32723cf0ee214acf67b18a25e64aa8f999c44c67c2ed72763ca594d6f3c770e658f3ed9319c1f5497fc7f543f42e1706b17f4ae2c3032133439520f25dbaf5804d7fb7d590b5f1a92537f13959ee89593580cffbacc558dd73c8c19206e78958ef3fffff23490e703b27606003f170d38edfbedfa1652147e9395b72558946f48136c5df298360bdf5008e68b50f40f73c446727680bd62326d6e00fba01238073a083b71f77c9d4cbcfb7726397170493d0778cda4aa59730036cfcb1f01c48b6643,gx-no-cache=1682086422637 HTTP/1.1" 200 30
190.171.154.42 - - [21/Apr/2023:11:29:12 -0300] "POST /cormun/servlet/solicitudot?gx-no-cache=1682086426184 HTTP/1.1" 200 30
190.171.141.82 - - [21/Apr/2023:11:29:14 -0300] "POST /cormun/servlet/trsolicitudot?41dae44b467be4a9610e673c3349ad17,,gx-no-cache=1682086428667 HTTP/1.1" 200 7093
190.171.154.42 - - [21/Apr/2023:11:29:19 -0300] "POST /cormun/servlet/solicitudot?gx-no-cache=1682086433342 HTTP/1.1" 200 1470
190.171.154.42 - - [21/Apr/2023:11:29:23 -0300] "POST /cormun/servlet/solicitudot?gx-no-cache=1682086437468 HTTP/1.1" 200 30
190.171.154.42 - - [21/Apr/2023:11:29:23 -0300] "POST /cormun/servlet/solicitudot?gx-no-cache=1682086437526 HTTP/1.1" 200 1470
190.171.154.42 - - [21/Apr/2023:11:29:37 -0300] "POST /cormun/servlet/solicitudot?gx-no-cache=1682086451452 HTTP/1.1" 200 41
190.171.154.42 - - [21/Apr/2023:11:31:10 -0300] "GET /cormun/servlet/solicitudot?a45b2f0097015be8d849525fc168440d35963ccb2a52207d2068e804492ccc8cda5cea75f695f3fe6e332aadd9af05b163c38a03415c3285b1c6aec1007bc2d08299ad969ba43934ccf0a15e6fd4ee715acc4601dff823dac7c6822e25c6394ac6ca7d8a5096aaf0e409608ad1711913,gx-no-cache=1682086543977 HTTP/1.1" 200 110
190.171.154.42 - - [21/Apr/2023:11:31:26 -0300] "POST /cormun/servlet/solicitudot?gx-no-cache=1682086560118 HTTP/1.1" 200 83
190.171.154.42 - - [21/Apr/2023:11:32:05 -0300] "GET /cormun/servlet/solicitudot?a45b2f0097015be8d849525fc168440d7fdd9216c63829289f3ec47e93c6fca93074dc3b13e3acd6612980aeafad6b1408410404cf578130780b6ff6783ccfece32e0c46b83d05f34e98a7a749087b72dd7a5f309b9668336cf213d5ceb7f927eac39ba46e8a1866c955b90861ae32c9,gx-no-cache=1682086599279 HTTP/1.1" 200 29
190.171.154.42 - - [21/Apr/2023:11:32:25 -0300] "GET /cormun/servlet/solicitudot?a45b2f0097015be8d849525fc168440d15cb4cfd7606ebc021df92e6cb65c4502d2ed589d05bb8436f3dd7b821940e8d,gx-no-cache=1682086619790 HTTP/1.1" 200 30
190.171.154.42 - - [21/Apr/2023:11:32:25 -0300] "POST /cormun/servlet/solicitudot?gx-no-cache=1682086619826 HTTP/1.1" 200 34
190.171.154.42 - - [21/Apr/2023:11:32:26 -0300] "POST /cormun/servlet/solicitudot?824386c37e2986341b4f8e1a64551627,INS,0,0,false,,gx-no-cache=1682086619856 HTTP/1.1" 200 93
190.171.154.42 - - [21/Apr/2023:11:32:26 -0300] "GET /cormun/servlet/hpexe_return? HTTP/1.1" 200 1009
190.171.154.42 - - [21/Apr/2023:11:32:26 -0300] "GET /cormun/servlet/trsolicitudot HTTP/1.1" 200 10607
190.171.154.42 - - [21/Apr/2023:11:32:27 -0300] "GET /cormun/servlet/trsolicitudot HTTP/1.1" 200 10602
190.171.154.42 - - [21/Apr/2023:11:32:59 -0300] "POST /cormun/servlet/trsolicitudot?824386c37e2986341b4f8e1a64551627,gx-no-cache=1682086652794 HTTP/1.1" 200 14649
190.171.154.42 - - [21/Apr/2023:11:33:13 -0300] "GET /cormun/servlet/vesolicitudot?2023,19940,, HTTP/1.1" 200 8595
190.171.154.42 - - [21/Apr/2023:11:33:13 -0300] "GET /cormun/pexe_scrolldiv.js HTTP/1.1" 404 1009
190.171.154.42 - - [21/Apr/2023:11:33:13 -0300] "GET /cormun/servlet/vesolicitudot?2023,19940,, HTTP/1.1" 200 8593
190.171.154.42 - - [21/Apr/2023:11:33:22 -0300] "GET /cormun/servlet/trsolicitudot HTTP/1.1" 200 17423
190.171.154.42 - - [21/Apr/2023:11:33:23 -0300] "GET /cormun/servlet/trsolicitudot HTTP/1.1" 200 17418
190.171.154.42 - - [21/Apr/2023:11:33:27 -0300] "GET /cormun/servlet/solicitudot?INS,0,0,false, HTTP/1.1" 200 16093
190.171.154.42 - - [21/Apr/2023:11:33:27 -0300] "GET /cormun/servlet/solicitudot?INS,0,0,false, HTTP/1.1" 200 16101
190.171.154.42 - - [21/Apr/2023:11:33:39 -0300] "POST /cormun/servlet/solicitudot?gx-no-cache=1682086693690 HTTP/1.1" 200 3953
190.171.154.42 - - [21/Apr/2023:11:33:40 -0300] "POST /cormun/servlet/solicitudot?824386c37e2986341b4f8e1a64551627,INS,0,0,false,,gx-no-cache=1682086693830 HTTP/1.1" 200 12792
190.171.154.42 - - [21/Apr/2023:11:33:41 -0300] "GET /cormun/servlet/solicitudot?a45b2f0097015be8d849525fc168440d9b891ab18ad71334df89b4cde25f1a1b1da03233e6750adcfd37787d811903b0,gx-no-cache=1682086695178 HTTP/1.1" 200 111
190.171.154.42 - - [21/Apr/2023:11:33:41 -0300] "GET /cormun/static/Shared/jqueryui/images/ui-bg_highlight-soft_100_c6c2c8_1x100.png HTTP/1.1" 404 1117
190.171.154.42 - - [21/Apr/2023:11:33:41 -0300] "GET /cormun/static/Shared/jqueryui/images/ui-bg_flat_55_994d53_40x100.png HTTP/1.1" 404 1097
190.171.154.42 - - [21/Apr/2023:11:33:41 -0300] "GET /cormun/static/Shared/jqueryui/images/ui-icons_ebccce_256x240.png HTTP/1.1" 404 1089
190.171.154.42 - - [21/Apr/2023:11:33:41 -0300] "GET /cormun/static/Shared/jqueryui/images/ui-icons_82798d_256x240.png HTTP/1.1" 404 1089
190.171.154.42 - - [21/Apr/2023:11:33:56 -0300] "GET /cormun/servlet/prfichaempleado?,MD,,gxPopupLevel%3D0%3B HTTP/1.1" 200 9255
190.171.154.42 - - [21/Apr/2023:11:34:03 -0300] "POST /cormun/servlet/prfichaempleado?824386c37e2986341b4f8e1a64551627,,MD,,gxPopupLevel%3D0%3B,gx-no-cache=1682086717775 HTTP/1.1" 200 3168
190.171.154.42 - - [21/Apr/2023:11:34:19 -0300] "POST /cormun/servlet/solicitudot?gx-no-cache=1682086732818 HTTP/1.1" 200 3966
190.171.154.42 - - [21/Apr/2023:11:34:19 -0300] "POST /cormun/servlet/solicitudot?824386c37e2986341b4f8e1a64551627,INS,0,0,false,,gx-no-cache=1682086732943 HTTP/1.1" 200 12856
190.171.154.42 - - [21/Apr/2023:11:34:19 -0300] "GET /cormun/servlet/solicitudot?a45b2f0097015be8d849525fc168440dec25b3fb676709eb8160ea421b5ce35a25c0e001e8518cbb8e90537060dd130e,gx-no-cache=1682086733153 HTTP/1.1" 200 30
190.171.154.42 - - [21/Apr/2023:11:35:21 -0300] "GET /cormun/servlet/prbanco?,MD,,gxPopupLevel%3D0%3B HTTP/1.1" 200 6519
190.171.154.42 - - [21/Apr/2023:11:35:27 -0300] "GET /cormun/servlet/solicitudot?a45b2f0097015be8d849525fc168440d4bb590993e884c949cce1f3982184777,gx-no-cache=1682086801296 HTTP/1.1" 200 94
190.171.154.42 - - [21/Apr/2023:11:36:07 -0300] "GET /cormun/servlet/solicitudot?a45b2f0097015be8d849525fc168440d5b3385d2eae2e60cab077d2581c0f8e60af5828f9dbf3c2cdd22525971d77ecd1da03233e6750adcfd37787d811903b0,gx-no-cache=1682086841029 HTTP/1.1" 200 30
190.171.154.42 - - [21/Apr/2023:11:36:07 -0300] "GET /cormun/servlet/solicitudot?a45b2f0097015be8d849525fc168440d660fbfbf7e70a822058c2f76996070b9,gx-no-cache=1682086841069 HTTP/1.1" 200 51
190.171.154.42 - - [21/Apr/2023:11:36:38 -0300] "POST /cormun/servlet/solicitudot?gx-no-cache=1682086872098 HTTP/1.1" 200 240
186.67.172.234 - - [21/Apr/2023:11:37:05 -0300] "GET /cormun/servlet/trlicencias? HTTP/1.1" 200 14490
186.67.172.234 - - [21/Apr/2023:11:37:05 -0300] "GET /cormun/servlet/trlicencias? HTTP/1.1" 200 14501
190.171.154.42 - - [21/Apr/2023:11:37:08 -0300] "GET /cormun/servlet/solicitudot?a45b2f0097015be8d849525fc168440da7e2aa56afe10b50c1a1f31edcd4890c22566d2e5dd9937475c62e086a2517c4d8e6c4f6f0a088d7ccd4e0bd978f3dbdc31531c18d450a3bc94ad5d3fa974b2926a1e6460a2f7d03667f67b1a7212b52434e853a896a911392d1b312c71a1ab8ea12933c0080d6b8c6ee80a5d88414b1b2c3f6d291c2001fffe7dee21c9dd06c390a126e47c1ca2c93a2a2d7d31400e5a9d063891ac8e981d51d778de970fd4601c86b7cd8c43fa61d0c4ede74b32723cf0ee214acf67b18a25e64aa8f999c44c67c2ed72763ca594d6f3c770e658f3ed9319c1f5497fc7f543f42e1706b17f4ae2c3032133439520f25dbaf5804d7fb7d590b5f1a92537f13959ee89593580cffbacc558dd73c8c19206e78958ef3fffff23490e703b27606003f170d38edfbedfa1652147e9395b72558946f48136c5df298360bdf5008e68b50f40f73c446727680bd62326d6e00fba01238073a083b71f77c9d4cbcfb7726397170493d0778cda4aa59730036cfcb1f01c48b6643,gx-no-cache=1682086902434 HTTP/1.1" 200 30
190.171.154.42 - - [21/Apr/2023:11:37:10 -0300] "POST /cormun/servlet/solicitudot?gx-no-cache=1682086904369 HTTP/1.1" 200 30
190.171.154.42 - - [21/Apr/2023:11:37:13 -0300] "GET /cormun/servlet/prfichaempleado?,MD,,gxPopupLevel%3D0%3B HTTP/1.1" 200 9255
190.171.154.42 - - [21/Apr/2023:11:37:19 -0300] "POST /cormun/servlet/prfichaempleado?824386c37e2986341b4f8e1a64551627,,MD,,gxPopupLevel%3D0%3B,gx-no-cache=1682086913249 HTTP/1.1" 200 4902
186.67.172.234 - - [21/Apr/2023:11:37:20 -0300] "GET /cormun/servlet/trautorizarsolicitud? HTTP/1.1" 200 9218
186.67.172.234 - - [21/Apr/2023:11:37:20 -0300] "GET /cormun/servlet/trautorizarsolicitud? HTTP/1.1" 200 9218
186.67.172.234 - - [21/Apr/2023:11:37:27 -0300] "GET /cormun/servlet/trpermisosgoce? HTTP/1.1" 200 16182
186.67.172.234 - - [21/Apr/2023:11:37:27 -0300] "GET /cormun/servlet/trpermisosgoce? HTTP/1.1" 200 16196
190.171.154.42 - - [21/Apr/2023:11:37:28 -0300] "POST /cormun/servlet/prfichaempleado?824386c37e2986341b4f8e1a64551627,,MD,,gxPopupLevel%3D0%3B,gx-no-cache=1682086922695 HTTP/1.1" 200 3417
190.171.154.42 - - [21/Apr/2023:11:37:41 -0300] "GET /cormun/servlet/trlicencias? HTTP/1.1" 200 12485
190.171.154.42 - - [21/Apr/2023:11:37:42 -0300] "GET /cormun/servlet/trlicencias? HTTP/1.1" 200 12471
190.171.154.42 - - [21/Apr/2023:11:37:59 -0300] "GET /cormun/servlet/solicitudot?INS,0,0,false, HTTP/1.1" 200 16093
190.171.154.42 - - [21/Apr/2023:11:37:59 -0300] "GET /cormun/servlet/solicitudot?INS,0,0,false, HTTP/1.1" 200 16101
190.171.154.42 - - [21/Apr/2023:11:38:12 -0300] "POST /cormun/servlet/solicitudot?gx-no-cache=1682086966729 HTTP/1.1" 200 4040
190.171.154.42 - - [21/Apr/2023:11:38:13 -0300] "POST /cormun/servlet/solicitudot?824386c37e2986341b4f8e1a64551627,INS,0,0,false,,gx-no-cache=1682086966886 HTTP/1.1" 200 12850
190.171.154.42 - - [21/Apr/2023:11:38:13 -0300] "GET /cormun/servlet/solicitudot?a45b2f0097015be8d849525fc168440dec25b3fb676709eb8160ea421b5ce35a25c0e001e8518cbb8e90537060dd130e,gx-no-cache=1682086967105 HTTP/1.1" 200 30
190.171.154.42 - - [21/Apr/2023:11:38:13 -0300] "GET /cormun/servlet/solicitudot?a45b2f0097015be8d849525fc168440d5b3385d2eae2e60cab077d2581c0f8e60af5828f9dbf3c2cdd22525971d77ecd1da03233e6750adcfd37787d811903b0,gx-no-cache=1682086967127 HTTP/1.1" 200 30
190.171.154.42 - - [21/Apr/2023:11:38:13 -0300] "GET /cormun/servlet/solicitudot?a45b2f0097015be8d849525fc168440d660fbfbf7e70a822058c2f76996070b9,gx-no-cache=1682086967147 HTTP/1.1" 200 51
190.171.154.42 - - [21/Apr/2023:11:38:13 -0300] "POST /cormun/servlet/solicitudot?gx-no-cache=1682086967170 HTTP/1.1" 200 240
190.171.154.42 - - [21/Apr/2023:11:38:13 -0300] "GET /cormun/servlet/solicitudot?a45b2f0097015be8d849525fc168440da7e2aa56afe10b50c1a1f31edcd4890c22566d2e5dd9937475c62e086a2517c4d8e6c4f6f0a088d7ccd4e0bd978f3dbdc31531c18d450a3bc94ad5d3fa974b2926a1e6460a2f7d03667f67b1a7212b52434e853a896a911392d1b312c71a1ab8ea12933c0080d6b8c6ee80a5d88414b1b2c3f6d291c2001fffe7dee21c9dd06c390a126e47c1ca2c93a2a2d7d31400e5a9d063891ac8e981d51d778de970fd4601c86b7cd8c43fa61d0c4ede74b32723cf0ee214acf67b18a25e64aa8f999c44c67c2ed72763ca594d6f3c770e658f3ed9319c1f5497fc7f543f42e1706b17f4ae2c3032133439520f25dbaf5804d7fb7d590b5f1a92537f13959ee89593580cffbacc558dd73c8c19206e78958ef3fffff23490e703b27606003f170d38edfbedfa1652147e9395b72558946f48136c5df298360bdf5008e68b50f40f73c446727680bd62326d6e00fba01238073a083b71f77c9d4cbcfb7726397170493d0778cda4aa59730036cfcb1f01c48b6643,gx-no-cache=1682086967199 HTTP/1.1" 200 30
190.171.154.42 - - [21/Apr/2023:11:38:13 -0300] "POST /cormun/servlet/solicitudot?gx-no-cache=1682086967225 HTTP/1.1" 200 30
190.171.154.42 - - [21/Apr/2023:11:38:13 -0300] "POST /cormun/servlet/solicitudot?gx-no-cache=1682086967271 HTTP/1.1" 200 1470
190.171.154.42 - - [21/Apr/2023:11:38:13 -0300] "POST /cormun/servlet/solicitudot?gx-no-cache=1682086967370 HTTP/1.1" 200 38
190.171.154.42 - - [21/Apr/2023:11:38:18 -0300] "POST /cormun/servlet/solicitudot?gx-no-cache=1682086972226 HTTP/1.1" 200 30
190.171.154.42 - - [21/Apr/2023:11:38:21 -0300] "GET /cormun/servlet/prlicenciaspermisos?12690684,L,,MD,,gxPopupLevel%3D0%3B HTTP/1.1" 200 6732
190.171.154.42 - - [21/Apr/2023:11:38:26 -0300] "POST /cormun/servlet/solicitudot?gx-no-cache=1682086980068 HTTP/1.1" 200 1470
190.171.154.42 - - [21/Apr/2023:11:38:31 -0300] "POST /cormun/servlet/solicitudot?gx-no-cache=1682086985578 HTTP/1.1" 200 41
190.171.154.42 - - [21/Apr/2023:11:39:15 -0300] "GET /cormun/servlet/solicitudot?a45b2f0097015be8d849525fc168440d35963ccb2a52207d2068e804492ccc8cda5cea75f695f3fe6e332aadd9af05b163c38a03415c3285b1c6aec1007bc2d08299ad969ba43934ccf0a15e6fd4ee715acc4601dff823dac7c6822e25c6394ac6ca7d8a5096aaf0e409608ad1711913,gx-no-cache=1682087029016 HTTP/1.1" 200 110
190.171.154.42 - - [21/Apr/2023:11:39:15 -0300] "POST /cormun/servlet/solicitudot?gx-no-cache=1682087029085 HTTP/1.1" 200 72
186.67.172.234 - - [21/Apr/2023:11:39:20 -0300] "GET /cormun/servlet/trsolicitudot? HTTP/1.1" 200 7412
186.67.172.234 - - [21/Apr/2023:11:39:21 -0300] "GET /cormun/servlet/trsolicitudot? HTTP/1.1" 200 7412
190.171.154.42 - - [21/Apr/2023:11:39:24 -0300] "GET /cormun/servlet/solicitudot?a45b2f0097015be8d849525fc168440d7fdd9216c63829289f3ec47e93c6fca93074dc3b13e3acd6612980aeafad6b1408410404cf578130780b6ff6783ccfece32e0c46b83d05f34e98a7a749087b72dd7a5f309b9668336cf213d5ceb7f927eac39ba46e8a1866c955b90861ae32c9,gx-no-cache=1682087038582 HTTP/1.1" 200 29
190.171.154.42 - - [21/Apr/2023:11:39:30 -0300] "GET /cormun/servlet/solicitudot?a45b2f0097015be8d849525fc168440d15cb4cfd7606ebc021df92e6cb65c4502d2ed589d05bb8436f3dd7b821940e8d,gx-no-cache=1682087044147 HTTP/1.1" 200 30
190.171.154.42 - - [21/Apr/2023:11:39:30 -0300] "POST /cormun/servlet/solicitudot?gx-no-cache=1682087044178 HTTP/1.1" 200 34
190.171.154.42 - - [21/Apr/2023:11:39:30 -0300] "POST /cormun/servlet/solicitudot?824386c37e2986341b4f8e1a64551627,INS,0,0,false,,gx-no-cache=1682087044210 HTTP/1.1" 200 93
190.171.154.42 - - [21/Apr/2023:11:39:30 -0300] "GET /cormun/servlet/hpexe_return? HTTP/1.1" 200 1009
190.171.154.42 - - [21/Apr/2023:11:39:30 -0300] "GET /cormun/servlet/trsolicitudot HTTP/1.1" 200 17846
190.171.154.42 - - [21/Apr/2023:11:39:31 -0300] "GET /cormun/servlet/trsolicitudot HTTP/1.1" 200 17841
186.67.172.234 - - [21/Apr/2023:11:39:39 -0300] "GET /cormun/servlet/trsolicitudot? HTTP/1.1" 200 7412
186.67.172.234 - - [21/Apr/2023:11:39:40 -0300] "GET /cormun/servlet/trsolicitudot? HTTP/1.1" 200 7412
186.67.172.234 - - [21/Apr/2023:11:39:45 -0300] "GET /cormun/servlet/trlicencias? HTTP/1.1" 200 14531
186.67.172.234 - - [21/Apr/2023:11:39:45 -0300] "GET /cormun/servlet/trlicencias? HTTP/1.1" 200 14498
190.171.154.42 - - [21/Apr/2023:11:40:06 -0300] "GET /cormun/servlet/vesolicitudot?2023,19940,, HTTP/1.1" 200 8595
190.171.154.42 - - [21/Apr/2023:11:40:06 -0300] "GET /cormun/pexe_scrolldiv.js HTTP/1.1" 404 1009
190.171.154.42 - - [21/Apr/2023:11:40:06 -0300] "GET /cormun/servlet/vesolicitudot?2023,19940,, HTTP/1.1" 200 8593
190.171.154.42 - - [21/Apr/2023:11:40:10 -0300] "GET /cormun/servlet/vesolicitudot?2023,19940,,SolicitudOTAdjuntos HTTP/1.1" 200 11686
190.171.154.42 - - [21/Apr/2023:11:40:10 -0300] "GET /cormun/pexe_scrolldiv.js HTTP/1.1" 404 1009
190.171.154.42 - - [21/Apr/2023:11:40:10 -0300] "GET /cormun/servlet/vesolicitudot?2023,19940,,SolicitudOTAdjuntos HTTP/1.1" 200 11689
190.171.154.42 - - [21/Apr/2023:11:40:11 -0300] "POST /cormun/servlet/acontrolpreferencessavestate?None,TVALDIVIA,true HTTP/1.1" 200 35
190.171.154.42 - - [21/Apr/2023:11:40:16 -0300] "GET /cormun/servlet/vesolicitudot?2023,19940,, HTTP/1.1" 200 8595
190.171.154.42 - - [21/Apr/2023:11:40:17 -0300] "GET /cormun/servlet/vesolicitudot?2023,19940,, HTTP/1.1" 200 8593
190.171.154.42 - - [21/Apr/2023:11:40:18 -0300] "GET /cormun/servlet/trsolicitudot HTTP/1.1" 200 17846
190.171.154.42 - - [21/Apr/2023:11:40:19 -0300] "GET /cormun/servlet/trsolicitudot HTTP/1.1" 200 17841
78.142.229.167 - - [21/Apr/2023:11:42:28 -0300] "GET / HTTP/1.1" 200 11217
190.171.152.114 - - [21/Apr/2023:11:43:08 -0300] "GET /cormun/servlet/trsolicitudot? HTTP/1.1" 200 6335
190.171.152.114 - - [21/Apr/2023:11:43:08 -0300] "GET /cormun/servlet/hlogin HTTP/1.1" 200 1741
190.171.152.114 - - [21/Apr/2023:11:43:08 -0300] "GET /cormun/servlet/trsolicitudot? HTTP/1.1" 200 6329
190.171.141.82 - - [21/Apr/2023:11:43:15 -0300] "GET /cormun/servlet/vesolicitudot?2023,19828,, HTTP/1.1" 200 8371
190.171.141.82 - - [21/Apr/2023:11:43:15 -0300] "GET /cormun/static/gxcfg.js?202211298465857 HTTP/1.1" 200 953
190.171.141.82 - - [21/Apr/2023:11:43:15 -0300] "GET /cormun/pexe_scrolldiv.js HTTP/1.1" 404 1009
190.171.141.82 - - [21/Apr/2023:11:43:15 -0300] "GET /cormun/static/Resources/PXToolsTabFirstSelected.png HTTP/1.1" 200 1270
190.171.141.82 - - [21/Apr/2023:11:43:15 -0300] "GET /cormun/static/Resources/PXToolsTabPrevious.gif HTTP/1.1" 200 172
190.171.141.82 - - [21/Apr/2023:11:43:16 -0300] "GET /cormun/static/Resources/PXToolsTabLastUnselected.png HTTP/1.1" 200 1297
190.171.141.82 - - [21/Apr/2023:11:43:16 -0300] "GET /cormun/static/hpexe_tabsview.js?2020121447381 HTTP/1.1" 200 1661
190.171.141.82 - - [21/Apr/2023:11:43:16 -0300] "GET /cormun/static/vesolicitudot.js?202211298465886 HTTP/1.1" 200 6091
190.171.141.82 - - [21/Apr/2023:11:43:16 -0300] "GET /cormun/static/Resources/PXToolsTabNext.gif HTTP/1.1" 200 168
190.171.141.82 - - [21/Apr/2023:11:43:16 -0300] "GET /cormun/static/hwcviewtabs.js?201991422154026 HTTP/1.1" 200 1074
190.171.141.82 - - [21/Apr/2023:11:43:16 -0300] "GET /cormun/static/tbsolicitudot01.js?20201214462316 HTTP/1.1" 200 30566
190.171.141.82 - - [21/Apr/2023:11:43:16 -0300] "GET /cormun/static/calendar-system.css HTTP/1.1" 200 5572
190.171.141.82 - - [21/Apr/2023:11:43:16 -0300] "GET /cormun/static/Resources/PXToolsTabBackSelected.png HTTP/1.1" 200 1157
190.171.141.82 - - [21/Apr/2023:11:43:16 -0300] "GET /cormun/static/Resources/PXToolsTabBackUnselected.png HTTP/1.1" 200 1175
190.171.141.82 - - [21/Apr/2023:11:43:16 -0300] "GET /cormun/static/Resources/PXToolsTabSelectedUnselected.png HTTP/1.1" 200 1451
190.171.141.82 - - [21/Apr/2023:11:43:16 -0300] "GET /cormun/static/Resources/PXToolsTabUnselectedUnselected.png HTTP/1.1" 200 1470
190.171.141.82 - - [21/Apr/2023:11:43:16 -0300] "GET /cormun/servlet/vesolicitudot?2023,19828,, HTTP/1.1" 200 8371
190.171.141.82 - - [21/Apr/2023:11:43:40 -0300] "POST /cormun/servlet/vesolicitudot?41dae44b467be4a9610e673c3349ad17,2023,19828,,,gx-no-cache=1682087295429 HTTP/1.1" 200 93
190.171.141.82 - - [21/Apr/2023:11:43:40 -0300] "GET /cormun/servlet/hpexe_return? HTTP/1.1" 200 1009
190.171.141.82 - - [21/Apr/2023:11:43:41 -0300] "GET /cormun/servlet/trsolicitudot? HTTP/1.1" 200 9900
190.171.141.82 - - [21/Apr/2023:11:43:41 -0300] "GET /cormun/servlet/trsolicitudot? HTTP/1.1" 200 9896
190.171.141.82 - - [21/Apr/2023:11:43:44 -0300] "GET /cormun/servlet/vesolicitudot?2023,20028,, HTTP/1.1" 200 8339
190.171.141.82 - - [21/Apr/2023:11:43:44 -0300] "GET /cormun/pexe_scrolldiv.js HTTP/1.1" 404 1009
190.171.141.82 - - [21/Apr/2023:11:43:44 -0300] "GET /cormun/servlet/vesolicitudot?2023,20028,, HTTP/1.1" 200 8339
190.171.141.82 - - [21/Apr/2023:11:43:49 -0300] "POST /cormun/servlet/vesolicitudot?41dae44b467be4a9610e673c3349ad17,2023,20028,,,gx-no-cache=1682087303964 HTTP/1.1" 200 93
190.171.141.82 - - [21/Apr/2023:11:43:49 -0300] "GET /cormun/servlet/hpexe_return? HTTP/1.1" 200 1007
190.171.141.82 - - [21/Apr/2023:11:43:49 -0300] "GET /cormun/servlet/trsolicitudot HTTP/1.1" 200 9900
190.171.141.82 - - [21/Apr/2023:11:43:49 -0300] "GET /cormun/servlet/trsolicitudot HTTP/1.1" 200 9895
190.171.142.50 - - [21/Apr/2023:11:51:13 -0300] "GET /cormun/servlet/trlicencias HTTP/1.1" 200 12082
190.171.142.50 - - [21/Apr/2023:11:51:13 -0300] "GET /cormun/servlet/trlicencias HTTP/1.1" 200 12080
186.67.172.234 - - [21/Apr/2023:11:55:00 -0300] "GET /cormun/servlet/trautorizarsolicitud? HTTP/1.1" 200 9218
186.67.172.234 - - [21/Apr/2023:11:55:00 -0300] "GET /cormun/servlet/trautorizarsolicitud? HTTP/1.1" 200 9218
190.171.141.82 - - [21/Apr/2023:11:57:58 -0300] "POST /cormun/servlet/trsolicitudot?41dae44b467be4a9610e673c3349ad17,gx-no-cache=1682088153570 HTTP/1.1" 200 7124
190.171.141.82 - - [21/Apr/2023:11:58:00 -0300] "POST /cormun/servlet/trsolicitudot?41dae44b467be4a9610e673c3349ad17,gx-no-cache=1682088155241 HTTP/1.1" 200 7123
190.171.141.114 - - [21/Apr/2023:12:00:50 -0300] "GET /cormun/servlet/hlogin HTTP/1.1" 200 1719
190.171.142.50 - - [21/Apr/2023:12:00:51 -0300] "GET /cormun/servlet/trlicencias HTTP/1.1" 200 12082
190.171.142.50 - - [21/Apr/2023:12:00:51 -0300] "GET /cormun/servlet/trlicencias HTTP/1.1" 200 12080
190.171.141.114 - - [21/Apr/2023:12:00:58 -0300] "POST /cormun/servlet/hlogin?dc6465d7845bfe728caa5ead3f3d5bd1,gx-no-cache=1682088343746 HTTP/1.1" 200 90
190.171.141.114 - - [21/Apr/2023:12:00:58 -0300] "GET /cormun/servlet/hpexe_link HTTP/1.1" 200 949
190.171.141.114 - - [21/Apr/2023:12:00:58 -0300] "GET /cormun/servlet/hhome HTTP/1.1" 200 4004
190.171.141.114 - - [21/Apr/2023:12:00:59 -0300] "GET /cormun/servlet/hhome HTTP/1.1" 200 4000
190.171.141.114 - - [21/Apr/2023:12:01:01 -0300] "GET /cormun/servlet/trpermisosgoce? HTTP/1.1" 200 10374
190.171.141.114 - - [21/Apr/2023:12:01:02 -0300] "GET /cormun/servlet/trpermisosgoce? HTTP/1.1" 200 10372
190.171.141.114 - - [21/Apr/2023:12:01:05 -0300] "GET /cormun/servlet/permisogoce?INS,0,,, HTTP/1.1" 200 6873
190.171.141.114 - - [21/Apr/2023:12:01:05 -0300] "GET /cormun/servlet/permisogoce?INS,0,,, HTTP/1.1" 200 6875
190.171.141.114 - - [21/Apr/2023:12:01:08 -0300] "GET /cormun/servlet/prfichaempleado?,MD,,gxPopupLevel%3D0%3B HTTP/1.1" 200 9310
190.171.141.114 - - [21/Apr/2023:12:01:16 -0300] "POST /cormun/servlet/prfichaempleado?dc6465d7845bfe728caa5ead3f3d5bd1,,MD,,gxPopupLevel%3D0%3B,gx-no-cache=1682088361854 HTTP/1.1" 200 3416
190.171.141.114 - - [21/Apr/2023:12:01:21 -0300] "GET /cormun/servlet/permisogoce?15fb8674ced8c2969c0010acc2414f2669ef34a4091cb5f6551f8c51e162c7c2eeace7d8fa652e7419c343681a5cf9c3ba0652b8b355c3d5664f39a3e809ec94,gx-no-cache=1682088366304 HTTP/1.1" 200 92
190.171.141.114 - - [21/Apr/2023:12:01:21 -0300] "GET /cormun/static/menuarrow.gif HTTP/1.1" 404 1015
190.171.141.114 - - [21/Apr/2023:12:01:28 -0300] "GET /cormun/servlet/permisogoce?15fb8674ced8c2969c0010acc2414f261b029225c05f99940baa1ca63179cf5758f88b0d98ce3a16c7ede15732c16aaea1ec7ec876e900b941ec09f2d010fb98,gx-no-cache=1682088373395 HTTP/1.1" 200 47
190.171.141.114 - - [21/Apr/2023:12:01:34 -0300] "POST /cormun/servlet/permisogoce?dc6465d7845bfe728caa5ead3f3d5bd1,INS,0,,,,gx-no-cache=1682088378171 HTTP/1.1" 200 93
190.171.141.114 - - [21/Apr/2023:12:01:34 -0300] "GET /cormun/servlet/hpexe_return? HTTP/1.1" 200 1008
190.171.141.114 - - [21/Apr/2023:12:01:34 -0300] "GET /cormun/servlet/trpermisosgoce HTTP/1.1" 200 10666
190.171.141.114 - - [21/Apr/2023:12:01:35 -0300] "GET /cormun/servlet/trpermisosgoce HTTP/1.1" 200 10661
190.171.141.114 - - [21/Apr/2023:12:01:38 -0300] "GET /cormun/servlet/apermisogoceprn?17525688,P,20230421104515,PU HTTP/1.1" 200 1665
78.108.177.51 - - [21/Apr/2023:12:07:20 -0300] "GET / HTTP/1.0" 200 11197
190.171.134.178 - - [21/Apr/2023:12:09:38 -0300] "GET /cormun/servlet/hlogin HTTP/1.1" 200 1720
190.171.134.178 - - [21/Apr/2023:12:09:39 -0300] "GET /cormun/static/gxcfg.js?2022112219184450 HTTP/1.1" 304 -
190.171.134.178 - - [21/Apr/2023:12:09:39 -0300] "GET /cormun/static/Resources/Spanish/PXTools.css?1759030 HTTP/1.1" 304 -
190.171.134.178 - - [21/Apr/2023:12:09:39 -0300] "GET /cormun/static/Resources/CormunLogin.png HTTP/1.1" 304 -
190.171.134.178 - - [21/Apr/2023:12:09:39 -0300] "GET /cormun/static/hlogin.js?2022112219184458 HTTP/1.1" 304 -
190.171.134.178 - - [21/Apr/2023:12:09:39 -0300] "GET /cormun/servlet/hlogin HTTP/1.1" 200 1730
190.171.134.178 - - [21/Apr/2023:12:09:46 -0300] "POST /cormun/servlet/hlogin?b48176dfe3994d2b39acff6126574fa9,gx-no-cache=1682089599028 HTTP/1.1" 200 90
