186.103.157.98 - - [17/Apr/2023:11:28:46 -0300] "GET /cormun/servlet/solicitudotadjuntos?9612a5dcc9e62ec127749ea0a9fa5d2c291c15e3d76316bb660fc12febeaecfd,gx-no-cache=1681740803066 HTTP/1.1" 200 30
186.103.157.98 - - [17/Apr/2023:11:28:46 -0300] "GET /cormun/servlet/solicitudotadjuntos?9612a5dcc9e62ec127749ea0a9fa5d2c291c15e3d76316bb660fc12febeaecfd,gx-no-cache=1681740803082 HTTP/1.1" 200 30
186.103.157.98 - - [17/Apr/2023:11:28:47 -0300] "POST /cormun/servlet/solicitudotadjuntos?0b909d7914e9af17a3a012ee2e503f58,INS,2023,20013,,1, HTTP/1.1" 200 116
186.103.157.98 - - [17/Apr/2023:11:28:47 -0300] "GET /cormun/servlet/hpexe_return? HTTP/1.1" 200 1026
186.103.157.98 - - [17/Apr/2023:11:28:47 -0300] "GET /cormun/servlet/trsolicitudadjuntos?2023,20013, HTTP/1.1" 200 9303
186.103.157.98 - - [17/Apr/2023:11:28:47 -0300] "GET /cormun/servlet/trsolicitudadjuntos?2023,20013, HTTP/1.1" 200 9301
186.103.157.98 - - [17/Apr/2023:11:28:49 -0300] "GET /cormun/servlet/solicitudotadjuntos?INS,2023,20013,,1, HTTP/1.1" 200 6319
186.103.157.98 - - [17/Apr/2023:11:28:49 -0300] "GET /cormun/static/about:blank HTTP/1.1" 404 1011
186.103.157.98 - - [17/Apr/2023:11:28:49 -0300] "GET /cormun/servlet/solicitudotadjuntos?INS,2023,20013,,1, HTTP/1.1" 200 6312
186.103.157.98 - - [17/Apr/2023:11:28:50 -0300] "GET /cormun/servlet/solicitudotadjuntos?9612a5dcc9e62ec127749ea0a9fa5d2cf8ff6ee281ba13b2a4f7459e8485747532892fd7efd0f5099d71b893bfbb65da,gx-no-cache=1681740806690 HTTP/1.1" 200 30
186.103.157.98 - - [17/Apr/2023:11:28:50 -0300] "POST /cormun/servlet/solicitudotadjuntos?0b909d7914e9af17a3a012ee2e503f58,INS,2023,20013,,1,,gx-no-cache=1681740806709 HTTP/1.1" 200 4189
186.103.157.98 - - [17/Apr/2023:11:28:53 -0300] "POST /cormun/servlet/solicitudotadjuntos?gx-no-cache=1681740809920 HTTP/1.1" 200 26
186.103.157.98 - - [17/Apr/2023:11:29:00 -0300] "GET /cormun/servlet/solicitudotadjuntos?9612a5dcc9e62ec127749ea0a9fa5d2c291c15e3d76316bb660fc12febeaecfd,gx-no-cache=1681740816369 HTTP/1.1" 200 30
186.103.157.98 - - [17/Apr/2023:11:29:00 -0300] "GET /cormun/servlet/solicitudotadjuntos?9612a5dcc9e62ec127749ea0a9fa5d2c291c15e3d76316bb660fc12febeaecfd,gx-no-cache=1681740816382 HTTP/1.1" 200 30
186.103.157.98 - - [17/Apr/2023:11:29:00 -0300] "POST /cormun/servlet/solicitudotadjuntos?0b909d7914e9af17a3a012ee2e503f58,INS,2023,20013,,1, HTTP/1.1" 200 116
186.103.157.98 - - [17/Apr/2023:11:29:00 -0300] "GET /cormun/servlet/hpexe_return? HTTP/1.1" 200 1026
186.103.157.98 - - [17/Apr/2023:11:29:00 -0300] "GET /cormun/servlet/trsolicitudadjuntos?2023,20013, HTTP/1.1" 200 9541
186.103.157.98 - - [17/Apr/2023:11:29:00 -0300] "GET /cormun/servlet/trsolicitudadjuntos?2023,20013, HTTP/1.1" 200 9539
186.103.157.98 - - [17/Apr/2023:11:29:02 -0300] "GET /cormun/servlet/solicitudotadjuntos?INS,2023,20013,,1, HTTP/1.1" 200 6319
186.103.157.98 - - [17/Apr/2023:11:29:02 -0300] "GET /cormun/static/about:blank HTTP/1.1" 404 1011
186.103.157.98 - - [17/Apr/2023:11:29:02 -0300] "GET /cormun/servlet/solicitudotadjuntos?INS,2023,20013,,1, HTTP/1.1" 200 6312
186.103.157.98 - - [17/Apr/2023:11:29:02 -0300] "GET /cormun/servlet/solicitudotadjuntos?9612a5dcc9e62ec127749ea0a9fa5d2cf8ff6ee281ba13b2a4f7459e8485747532892fd7efd0f5099d71b893bfbb65da,gx-no-cache=1681740819290 HTTP/1.1" 200 30
186.103.157.98 - - [17/Apr/2023:11:29:03 -0300] "POST /cormun/servlet/solicitudotadjuntos?0b909d7914e9af17a3a012ee2e503f58,INS,2023,20013,,1,,gx-no-cache=1681740819305 HTTP/1.1" 200 4189
186.103.157.98 - - [17/Apr/2023:11:29:05 -0300] "POST /cormun/servlet/solicitudotadjuntos?gx-no-cache=1681740821532 HTTP/1.1" 200 26
186.103.157.98 - - [17/Apr/2023:11:29:11 -0300] "GET /cormun/servlet/solicitudotadjuntos?9612a5dcc9e62ec127749ea0a9fa5d2c291c15e3d76316bb660fc12febeaecfd,gx-no-cache=1681740827708 HTTP/1.1" 200 30
186.103.157.98 - - [17/Apr/2023:11:29:11 -0300] "GET /cormun/servlet/solicitudotadjuntos?9612a5dcc9e62ec127749ea0a9fa5d2c291c15e3d76316bb660fc12febeaecfd,gx-no-cache=1681740827724 HTTP/1.1" 200 30
186.103.157.98 - - [17/Apr/2023:11:29:11 -0300] "POST /cormun/servlet/solicitudotadjuntos?0b909d7914e9af17a3a012ee2e503f58,INS,2023,20013,,1, HTTP/1.1" 200 116
186.103.157.98 - - [17/Apr/2023:11:29:11 -0300] "GET /cormun/servlet/hpexe_return? HTTP/1.1" 200 1026
186.103.157.98 - - [17/Apr/2023:11:29:11 -0300] "GET /cormun/servlet/trsolicitudadjuntos?2023,20013, HTTP/1.1" 200 9813
186.103.157.98 - - [17/Apr/2023:11:29:12 -0300] "GET /cormun/servlet/trsolicitudadjuntos?2023,20013, HTTP/1.1" 200 9812
186.103.157.98 - - [17/Apr/2023:11:29:14 -0300] "GET /cormun/servlet/solicitudotadjuntos?INS,2023,20013,,1, HTTP/1.1" 200 6319
186.103.157.98 - - [17/Apr/2023:11:29:14 -0300] "GET /cormun/static/about:blank HTTP/1.1" 404 1011
186.103.157.98 - - [17/Apr/2023:11:29:14 -0300] "GET /cormun/servlet/solicitudotadjuntos?INS,2023,20013,,1, HTTP/1.1" 200 6312
186.103.157.98 - - [17/Apr/2023:11:29:15 -0300] "GET /cormun/servlet/solicitudotadjuntos?9612a5dcc9e62ec127749ea0a9fa5d2cf8ff6ee281ba13b2a4f7459e8485747532892fd7efd0f5099d71b893bfbb65da,gx-no-cache=1681740831514 HTTP/1.1" 200 30
186.103.157.98 - - [17/Apr/2023:11:29:15 -0300] "POST /cormun/servlet/solicitudotadjuntos?0b909d7914e9af17a3a012ee2e503f58,INS,2023,20013,,1,,gx-no-cache=1681740831531 HTTP/1.1" 200 4189
186.103.157.98 - - [17/Apr/2023:11:29:18 -0300] "POST /cormun/servlet/solicitudotadjuntos?gx-no-cache=1681740835181 HTTP/1.1" 200 26
186.103.157.98 - - [17/Apr/2023:11:29:25 -0300] "GET /cormun/servlet/solicitudotadjuntos?9612a5dcc9e62ec127749ea0a9fa5d2c291c15e3d76316bb660fc12febeaecfd,gx-no-cache=1681740841792 HTTP/1.1" 200 30
186.103.157.98 - - [17/Apr/2023:11:29:25 -0300] "GET /cormun/servlet/solicitudotadjuntos?9612a5dcc9e62ec127749ea0a9fa5d2c291c15e3d76316bb660fc12febeaecfd,gx-no-cache=1681740841807 HTTP/1.1" 200 30
186.103.157.98 - - [17/Apr/2023:11:29:25 -0300] "POST /cormun/servlet/solicitudotadjuntos?0b909d7914e9af17a3a012ee2e503f58,INS,2023,20013,,1, HTTP/1.1" 200 116
186.103.157.98 - - [17/Apr/2023:11:29:25 -0300] "GET /cormun/servlet/hpexe_return? HTTP/1.1" 200 1026
186.103.157.98 - - [17/Apr/2023:11:29:25 -0300] "GET /cormun/servlet/trsolicitudadjuntos?2023,20013, HTTP/1.1" 200 10037
186.103.157.98 - - [17/Apr/2023:11:29:26 -0300] "GET /cormun/servlet/trsolicitudadjuntos?2023,20013, HTTP/1.1" 200 10035
186.103.157.98 - - [17/Apr/2023:11:29:28 -0300] "GET /cormun/servlet/solicitudotadjuntos?INS,2023,20013,,1, HTTP/1.1" 200 6319
186.103.157.98 - - [17/Apr/2023:11:29:28 -0300] "GET /cormun/static/about:blank HTTP/1.1" 404 1011
186.103.157.98 - - [17/Apr/2023:11:29:28 -0300] "GET /cormun/servlet/solicitudotadjuntos?INS,2023,20013,,1, HTTP/1.1" 200 6312
186.103.157.98 - - [17/Apr/2023:11:29:28 -0300] "GET /cormun/servlet/solicitudotadjuntos?9612a5dcc9e62ec127749ea0a9fa5d2cf8ff6ee281ba13b2a4f7459e8485747532892fd7efd0f5099d71b893bfbb65da,gx-no-cache=1681740845239 HTTP/1.1" 200 30
186.103.157.98 - - [17/Apr/2023:11:29:28 -0300] "POST /cormun/servlet/solicitudotadjuntos?0b909d7914e9af17a3a012ee2e503f58,INS,2023,20013,,1,,gx-no-cache=1681740845260 HTTP/1.1" 200 4189
186.103.157.98 - - [17/Apr/2023:11:29:31 -0300] "POST /cormun/servlet/solicitudotadjuntos?gx-no-cache=1681740847835 HTTP/1.1" 200 26
190.171.141.90 - - [17/Apr/2023:11:29:34 -0300] "GET /cormun/servlet/prfichaempleado?,MD,,gxPopupLevel%3D0%3B HTTP/1.1" 200 9269
186.103.157.98 - - [17/Apr/2023:11:29:38 -0300] "GET /cormun/servlet/solicitudotadjuntos?9612a5dcc9e62ec127749ea0a9fa5d2c291c15e3d76316bb660fc12febeaecfd,gx-no-cache=1681740854987 HTTP/1.1" 200 30
186.103.157.98 - - [17/Apr/2023:11:29:38 -0300] "GET /cormun/servlet/solicitudotadjuntos?9612a5dcc9e62ec127749ea0a9fa5d2c291c15e3d76316bb660fc12febeaecfd,gx-no-cache=1681740855002 HTTP/1.1" 200 30
186.103.157.98 - - [17/Apr/2023:11:29:38 -0300] "POST /cormun/servlet/solicitudotadjuntos?0b909d7914e9af17a3a012ee2e503f58,INS,2023,20013,,1, HTTP/1.1" 200 116
186.103.157.98 - - [17/Apr/2023:11:29:38 -0300] "GET /cormun/servlet/hpexe_return? HTTP/1.1" 200 1026
186.103.157.98 - - [17/Apr/2023:11:29:39 -0300] "GET /cormun/servlet/trsolicitudadjuntos?2023,20013, HTTP/1.1" 200 10353
186.103.157.98 - - [17/Apr/2023:11:29:39 -0300] "GET /cormun/servlet/trsolicitudadjuntos?2023,20013, HTTP/1.1" 200 10348
186.103.157.98 - - [17/Apr/2023:11:29:41 -0300] "GET /cormun/servlet/solicitudotadjuntos?INS,2023,20013,,1, HTTP/1.1" 200 6319
186.103.157.98 - - [17/Apr/2023:11:29:41 -0300] "GET /cormun/static/about:blank HTTP/1.1" 404 1011
186.103.157.98 - - [17/Apr/2023:11:29:41 -0300] "GET /cormun/servlet/solicitudotadjuntos?INS,2023,20013,,1, HTTP/1.1" 200 6312
186.103.157.98 - - [17/Apr/2023:11:29:42 -0300] "GET /cormun/servlet/solicitudotadjuntos?9612a5dcc9e62ec127749ea0a9fa5d2cf8ff6ee281ba13b2a4f7459e8485747532892fd7efd0f5099d71b893bfbb65da,gx-no-cache=1681740858593 HTTP/1.1" 200 30
186.103.157.98 - - [17/Apr/2023:11:29:42 -0300] "POST /cormun/servlet/solicitudotadjuntos?0b909d7914e9af17a3a012ee2e503f58,INS,2023,20013,,1,,gx-no-cache=1681740858612 HTTP/1.1" 200 4189
186.103.157.98 - - [17/Apr/2023:11:29:44 -0300] "POST /cormun/servlet/solicitudotadjuntos?gx-no-cache=1681740860341 HTTP/1.1" 200 26
186.103.157.98 - - [17/Apr/2023:11:29:53 -0300] "GET /cormun/servlet/solicitudotadjuntos?9612a5dcc9e62ec127749ea0a9fa5d2c291c15e3d76316bb660fc12febeaecfd,gx-no-cache=1681740870036 HTTP/1.1" 200 30
186.103.157.98 - - [17/Apr/2023:11:29:53 -0300] "GET /cormun/servlet/solicitudotadjuntos?9612a5dcc9e62ec127749ea0a9fa5d2c291c15e3d76316bb660fc12febeaecfd,gx-no-cache=1681740870059 HTTP/1.1" 200 30
190.171.152.138 - - [17/Apr/2023:11:29:53 -0300] "POST /cormun/servlet/permisosadjuntos?373b88441d2de93e9b1ed51fc5be2d6b,INS,13096248,P,20230417100006,, HTTP/1.1" 200 116
186.103.157.98 - - [17/Apr/2023:11:29:54 -0300] "POST /cormun/servlet/solicitudotadjuntos?0b909d7914e9af17a3a012ee2e503f58,INS,2023,20013,,1, HTTP/1.1" 200 116
186.103.157.98 - - [17/Apr/2023:11:29:54 -0300] "GET /cormun/servlet/hpexe_return? HTTP/1.1" 200 1026
190.171.152.138 - - [17/Apr/2023:11:29:54 -0300] "GET /cormun/servlet/hpexe_return? HTTP/1.1" 200 1040
190.171.152.138 - - [17/Apr/2023:11:29:54 -0300] "GET /cormun/servlet/trpermisosadjuntos?13096248,20230417100006,P, HTTP/1.1" 200 6654
186.103.157.98 - - [17/Apr/2023:11:29:54 -0300] "GET /cormun/servlet/trsolicitudadjuntos?2023,20013, HTTP/1.1" 200 10528
190.171.152.138 - - [17/Apr/2023:11:29:54 -0300] "GET /cormun/servlet/trpermisosadjuntos?13096248,20230417100006,P, HTTP/1.1" 200 6651
186.103.157.98 - - [17/Apr/2023:11:29:55 -0300] "GET /cormun/servlet/trsolicitudadjuntos?2023,20013, HTTP/1.1" 200 10526
190.171.152.138 - - [17/Apr/2023:11:29:58 -0300] "POST /cormun/servlet/trpermisosadjuntos?373b88441d2de93e9b1ed51fc5be2d6b,13096248,20230417100006,P,,gx-no-cache=1681737266313 HTTP/1.1" 200 90
190.171.152.138 - - [17/Apr/2023:11:29:58 -0300] "GET /cormun/servlet/hpexe_link HTTP/1.1" 200 985
186.103.157.98 - - [17/Apr/2023:11:29:58 -0300] "GET /cormun/servlet/solicitudotadjuntos?INS,2023,20013,,1, HTTP/1.1" 200 6320
190.171.152.138 - - [17/Apr/2023:11:29:58 -0300] "GET /cormun/servlet/trpermisosgoce HTTP/1.1" 200 9082
186.103.157.98 - - [17/Apr/2023:11:29:58 -0300] "GET /cormun/static/about:blank HTTP/1.1" 404 1011
186.103.157.98 - - [17/Apr/2023:11:29:58 -0300] "GET /cormun/servlet/solicitudotadjuntos?INS,2023,20013,,1, HTTP/1.1" 200 6314
190.171.152.138 - - [17/Apr/2023:11:29:59 -0300] "GET /cormun/servlet/trpermisosgoce HTTP/1.1" 200 9080
186.103.157.98 - - [17/Apr/2023:11:29:59 -0300] "GET /cormun/servlet/solicitudotadjuntos?9612a5dcc9e62ec127749ea0a9fa5d2cf8ff6ee281ba13b2a4f7459e8485747532892fd7efd0f5099d71b893bfbb65da,gx-no-cache=1681740875653 HTTP/1.1" 200 30
186.103.157.98 - - [17/Apr/2023:11:29:59 -0300] "POST /cormun/servlet/solicitudotadjuntos?0b909d7914e9af17a3a012ee2e503f58,INS,2023,20013,,1,,gx-no-cache=1681740875669 HTTP/1.1" 200 4192
186.103.157.98 - - [17/Apr/2023:11:30:01 -0300] "POST /cormun/servlet/solicitudotadjuntos?gx-no-cache=1681740877480 HTTP/1.1" 200 26
186.103.157.98 - - [17/Apr/2023:11:30:04 -0300] "POST /cormun/servlet/solicitudotadjuntos?0b909d7914e9af17a3a012ee2e503f58,INS,2023,20013,,1,,gx-no-cache=1681740881171 HTTP/1.1" 200 93
186.103.157.98 - - [17/Apr/2023:11:30:04 -0300] "GET /cormun/servlet/hpexe_return? HTTP/1.1" 200 1026
186.103.157.98 - - [17/Apr/2023:11:30:05 -0300] "GET /cormun/servlet/trsolicitudadjuntos?2023,20013, HTTP/1.1" 200 10528
186.103.157.98 - - [17/Apr/2023:11:30:05 -0300] "GET /cormun/servlet/trsolicitudadjuntos?2023,20013, HTTP/1.1" 200 10528
186.103.157.98 - - [17/Apr/2023:11:30:09 -0300] "GET /cormun/servlet/trsolicitudot? HTTP/1.1" 200 9472
186.103.157.98 - - [17/Apr/2023:11:30:09 -0300] "GET /cormun/servlet/trsolicitudot? HTTP/1.1" 200 9463
186.67.172.234 - - [17/Apr/2023:11:30:13 -0300] "POST /cormun/servlet/trsolicitudot?fbb1000edb2f71462dea7ebd4bada686,gx-no-cache=1681740887807 HTTP/1.1" 200 4604
186.67.172.234 - - [17/Apr/2023:11:30:13 -0300] "GET /cormun/static/Shared/jqueryui/images/ui-bg_highlight-soft_100_c6c2c8_1x100.png HTTP/1.1" 404 1117
186.67.172.234 - - [17/Apr/2023:11:30:13 -0300] "GET /cormun/static/Shared/jqueryui/images/ui-icons_82798d_256x240.png HTTP/1.1" 404 1089
186.67.172.234 - - [17/Apr/2023:11:30:13 -0300] "GET /cormun/static/Shared/jqueryui/images/ui-bg_flat_55_fafafa_40x100.png HTTP/1.1" 404 1097
186.67.172.234 - - [17/Apr/2023:11:30:13 -0300] "GET /cormun/static/Shared/jqueryui/images/ui-icons_8d78a5_256x240.png HTTP/1.1" 404 1089
186.67.172.234 - - [17/Apr/2023:11:30:13 -0300] "POST /cormun/servlet/trsolicitudot?fbb1000edb2f71462dea7ebd4bada686,gx-no-cache=1681740888007 HTTP/1.1" 200 4346
190.171.152.138 - - [17/Apr/2023:11:30:15 -0300] "POST /cormun/servlet/trpermisosgoce?373b88441d2de93e9b1ed51fc5be2d6b,gx-no-cache=1681737283739 HTTP/1.1" 200 6436
190.171.152.138 - - [17/Apr/2023:11:30:16 -0300] "GET /cormun/static/Shared/jqueryui/images/ui-bg_highlight-soft_100_c6c2c8_1x100.png HTTP/1.1" 404 1117
190.171.152.138 - - [17/Apr/2023:11:30:16 -0300] "GET /cormun/static/Shared/jqueryui/images/ui-bg_flat_55_fafafa_40x100.png HTTP/1.1" 404 1097
190.171.152.138 - - [17/Apr/2023:11:30:16 -0300] "GET /cormun/static/Shared/jqueryui/images/ui-icons_82798d_256x240.png HTTP/1.1" 404 1089
190.171.152.138 - - [17/Apr/2023:11:30:16 -0300] "GET /cormun/static/Shared/jqueryui/images/ui-icons_8d78a5_256x240.png HTTP/1.1" 404 1089
190.171.152.138 - - [17/Apr/2023:11:30:27 -0300] "GET /cormun/servlet/hlogin HTTP/1.1" 200 1739
186.103.157.98 - - [17/Apr/2023:11:30:35 -0300] "GET /cormun/servlet/trpermisosgoce? HTTP/1.1" 200 10283
186.103.157.98 - - [17/Apr/2023:11:30:35 -0300] "GET /cormun/servlet/trpermisosgoce? HTTP/1.1" 200 10280
190.171.152.138 - - [17/Apr/2023:11:30:43 -0300] "POST /cormun/servlet/hlogin?373b88441d2de93e9b1ed51fc5be2d6b,gx-no-cache=1681737311959 HTTP/1.1" 200 90
190.171.152.138 - - [17/Apr/2023:11:30:43 -0300] "GET /cormun/servlet/hpexe_link HTTP/1.1" 200 980
190.171.152.138 - - [17/Apr/2023:11:30:44 -0300] "GET /cormun/servlet/trpermisosgoce?gx-no-cache=1681737283739 HTTP/1.1" 200 9042
190.171.152.138 - - [17/Apr/2023:11:30:44 -0300] "GET /cormun/servlet/trpermisosgoce?gx-no-cache=1681737283739 HTTP/1.1" 200 9054
190.171.152.138 - - [17/Apr/2023:11:30:49 -0300] "GET /cormun/servlet/hlogin HTTP/1.1" 200 1763
186.103.157.98 - - [17/Apr/2023:11:30:53 -0300] "GET /cormun/servlet/trautorizarpermisogoce? HTTP/1.1" 200 7110
186.103.157.98 - - [17/Apr/2023:11:30:53 -0300] "GET /cormun/servlet/trautorizarpermisogoce? HTTP/1.1" 200 7110
186.103.157.98 - - [17/Apr/2023:11:30:56 -0300] "GET /cormun/servlet/hlogin HTTP/1.1" 200 1747
190.171.141.90 - - [17/Apr/2023:11:30:57 -0300] "POST /cormun/servlet/prfichaempleado?b9056e5222188f03d2ca8221d09ac5df,,MD,,gxPopupLevel%3D0%3B,gx-no-cache=1681740932638 HTTP/1.1" 200 3172
190.171.152.138 - - [17/Apr/2023:11:31:00 -0300] "POST /cormun/servlet/hlogin?373b88441d2de93e9b1ed51fc5be2d6b,gx-no-cache=1681737328071 HTTP/1.1" 200 90
190.171.152.138 - - [17/Apr/2023:11:31:00 -0300] "GET /cormun/servlet/hpexe_link HTTP/1.1" 200 954
190.171.152.138 - - [17/Apr/2023:11:31:00 -0300] "GET /cormun/servlet/hhome HTTP/1.1" 200 4319
190.171.152.138 - - [17/Apr/2023:11:31:00 -0300] "GET /cormun/servlet/hhome HTTP/1.1" 200 4315
190.171.152.138 - - [17/Apr/2023:11:31:06 -0300] "GET /cormun/servlet/trautorizarpermisogoce? HTTP/1.1" 200 8013
190.171.152.138 - - [17/Apr/2023:11:31:06 -0300] "GET /cormun/servlet/trautorizarpermisogoce? HTTP/1.1" 200 8013
190.171.141.90 - - [17/Apr/2023:11:31:10 -0300] "GET /cormun/servlet/prfichaempleado?,MD,,gxPopupLevel%3D0%3B HTTP/1.1" 200 9269
190.171.144.234 - - [17/Apr/2023:11:31:15 -0300] "GET /cormun/servlet/hlogin HTTP/1.1" 200 1724
190.171.144.234 - - [17/Apr/2023:11:31:15 -0300] "GET /cormun/servlet/hlogin HTTP/1.1" 200 1735
190.171.152.138 - - [17/Apr/2023:11:31:20 -0300] "POST /cormun/servlet/trautorizarpermisogoce?373b88441d2de93e9b1ed51fc5be2d6b,,gx-no-cache=1681737348194 HTTP/1.1" 200 4524
190.171.152.138 - - [17/Apr/2023:11:31:20 -0300] "GET /cormun/static/Shared/jqueryui/images/ui-bg_highlight-soft_100_c6c2c8_1x100.png HTTP/1.1" 404 1117
190.171.152.138 - - [17/Apr/2023:11:31:20 -0300] "GET /cormun/static/Shared/jqueryui/images/ui-icons_82798d_256x240.png HTTP/1.1" 404 1089
190.171.152.138 - - [17/Apr/2023:11:31:20 -0300] "GET /cormun/static/Shared/jqueryui/images/ui-bg_flat_55_fafafa_40x100.png HTTP/1.1" 404 1097
190.171.152.138 - - [17/Apr/2023:11:31:20 -0300] "GET /cormun/static/Shared/jqueryui/images/ui-icons_8d78a5_256x240.png HTTP/1.1" 404 1089
190.171.141.90 - - [17/Apr/2023:11:31:20 -0300] "POST /cormun/servlet/prfichaempleado?b9056e5222188f03d2ca8221d09ac5df,,MD,,gxPopupLevel%3D0%3B,gx-no-cache=1681740955549 HTTP/1.1" 200 4955
190.171.144.234 - - [17/Apr/2023:11:31:20 -0300] "POST /cormun/servlet/hlogin?8e786f6920d439f8f25a27837062b83b,gx-no-cache=1681740955406 HTTP/1.1" 200 90
190.171.144.234 - - [17/Apr/2023:11:31:21 -0300] "GET /cormun/servlet/hpexe_link HTTP/1.1" 200 956
190.171.144.234 - - [17/Apr/2023:11:31:21 -0300] "GET /cormun/servlet/hhome HTTP/1.1" 200 3994
190.171.144.234 - - [17/Apr/2023:11:31:22 -0300] "GET /cormun/servlet/hhome HTTP/1.1" 200 3991
190.171.144.234 - - [17/Apr/2023:11:31:25 -0300] "GET /cormun/servlet/trpermisosgoce? HTTP/1.1" 200 10315
190.171.144.234 - - [17/Apr/2023:11:31:25 -0300] "GET /cormun/servlet/trpermisosgoce? HTTP/1.1" 200 10313
190.171.141.90 - - [17/Apr/2023:11:31:29 -0300] "GET /cormun/servlet/permisogoce?8bb397c1b296546fe4284431bdd37b1c5c01878d1c112bce2a0dfd955acb5386fab8f976434636ea3d1f1a69716e1014f5d05d4ef79e365d3cf399e6d2769e5a,gx-no-cache=1681740964431 HTTP/1.1" 200 74
190.171.141.90 - - [17/Apr/2023:11:31:29 -0300] "GET /cormun/static/menuarrow.gif HTTP/1.1" 404 1015
190.171.144.234 - - [17/Apr/2023:11:31:32 -0300] "GET /cormun/servlet/permisogoce?INS,0,,, HTTP/1.1" 200 6857
190.171.144.234 - - [17/Apr/2023:11:31:32 -0300] "GET /cormun/servlet/permisogoce?INS,0,,, HTTP/1.1" 200 6857
190.171.141.90 - - [17/Apr/2023:11:31:34 -0300] "GET /cormun/servlet/permisogoce?8bb397c1b296546fe4284431bdd37b1c476f7323f05e7f08eb100b3ad05d914f00fe33e4ae4898ed18ded74ba73e559f53d0e9cce7e6f1b2d8147cc6d03dade8,gx-no-cache=1681740969779 HTTP/1.1" 200 47
190.171.141.90 - - [17/Apr/2023:11:31:37 -0300] "POST /cormun/servlet/permisogoce?b9056e5222188f03d2ca8221d09ac5df,INS,0,,,,gx-no-cache=1681740972062 HTTP/1.1" 200 93
190.171.141.90 - - [17/Apr/2023:11:31:37 -0300] "GET /cormun/servlet/hpexe_return? HTTP/1.1" 200 1034
190.171.141.90 - - [17/Apr/2023:11:31:37 -0300] "GET /cormun/servlet/trpermisosgoce?gx-no-cache=1681740147854 HTTP/1.1" 200 10041
190.171.141.90 - - [17/Apr/2023:11:31:37 -0300] "GET /cormun/servlet/trpermisosgoce?gx-no-cache=1681740147854 HTTP/1.1" 200 10059
190.171.141.90 - - [17/Apr/2023:11:31:40 -0300] "GET /cormun/servlet/permisogoce?INS,0,,, HTTP/1.1" 200 6861
190.171.141.90 - - [17/Apr/2023:11:31:40 -0300] "GET /cormun/servlet/permisogoce?INS,0,,, HTTP/1.1" 200 6838
190.171.144.234 - - [17/Apr/2023:11:31:52 -0300] "GET /cormun/servlet/permisogoce?1505a7a4ca110d577e2d15230e3520047d949f058aaa4abe09a2bcf64ce4970a94163fa408201fe7d2de364ea6cdb2cce9adab01c8ecbf56f55ff21fb3b0d549,gx-no-cache=1681740986761 HTTP/1.1" 200 77
190.171.144.234 - - [17/Apr/2023:11:31:52 -0300] "GET /cormun/static/menuarrow.gif HTTP/1.1" 404 1015
190.171.141.90 - - [17/Apr/2023:11:31:55 -0300] "GET /cormun/servlet/prfichaempleado?,MD,,gxPopupLevel%3D0%3B HTTP/1.1" 200 9269
190.171.152.138 - - [17/Apr/2023:11:31:59 -0300] "GET /cormun/servlet/hlogin HTTP/1.1" 200 1722
190.171.141.90 - - [17/Apr/2023:11:32:03 -0300] "POST /cormun/servlet/prfichaempleado?b9056e5222188f03d2ca8221d09ac5df,,MD,,gxPopupLevel%3D0%3B,gx-no-cache=1681740998293 HTTP/1.1" 200 3400
190.171.144.234 - - [17/Apr/2023:11:32:03 -0300] "POST /cormun/servlet/permisogoce?8e786f6920d439f8f25a27837062b83b,INS,0,,,,gx-no-cache=1681740997771 HTTP/1.1" 200 93
190.171.144.234 - - [17/Apr/2023:11:32:03 -0300] "GET /cormun/servlet/hpexe_return? HTTP/1.1" 200 1014
190.171.144.234 - - [17/Apr/2023:11:32:03 -0300] "GET /cormun/servlet/trpermisosgoce HTTP/1.1" 200 10317
190.171.144.234 - - [17/Apr/2023:11:32:04 -0300] "GET /cormun/servlet/trpermisosgoce HTTP/1.1" 200 10313
190.171.141.90 - - [17/Apr/2023:11:32:07 -0300] "GET /cormun/servlet/permisogoce?8bb397c1b296546fe4284431bdd37b1c729282a8d33142ccfe7983a59aaba26bfab8f976434636ea3d1f1a69716e1014f5d05d4ef79e365d3cf399e6d2769e5a,gx-no-cache=1681741002460 HTTP/1.1" 200 75
190.171.141.90 - - [17/Apr/2023:11:32:07 -0300] "GET /cormun/static/menuarrow.gif HTTP/1.1" 404 1015
190.171.144.234 - - [17/Apr/2023:11:32:07 -0300] "GET /cormun/servlet/permisogoce?INS,0,,, HTTP/1.1" 200 6857
190.171.144.234 - - [17/Apr/2023:11:32:07 -0300] "GET /cormun/servlet/permisogoce?INS,0,,, HTTP/1.1" 200 6857
190.171.152.138 - - [17/Apr/2023:11:32:10 -0300] "POST /cormun/servlet/hlogin?373b88441d2de93e9b1ed51fc5be2d6b,gx-no-cache=1681737398367 HTTP/1.1" 200 90
190.171.152.138 - - [17/Apr/2023:11:32:10 -0300] "GET /cormun/servlet/hpexe_link HTTP/1.1" 200 954
190.171.152.138 - - [17/Apr/2023:11:32:10 -0300] "GET /cormun/servlet/hhome HTTP/1.1" 200 3856
190.171.152.138 - - [17/Apr/2023:11:32:10 -0300] "GET /cormun/servlet/hhome HTTP/1.1" 200 3853
190.171.141.90 - - [17/Apr/2023:11:32:12 -0300] "GET /cormun/servlet/permisogoce?8bb397c1b296546fe4284431bdd37b1cbd2c3526fc3dc1a1403c0c120ce39b679fb3733dd7e286825f76444cd319354764d351a6af53b2cec9a3fff7844254d7,gx-no-cache=1681741007996 HTTP/1.1" 200 47
190.171.144.234 - - [17/Apr/2023:11:32:18 -0300] "GET /cormun/servlet/permisogoce?1505a7a4ca110d577e2d15230e352004a1364c315cf475ba2e37f947229b203d3f3aa7f9a46b5dcb72058a73614edceefb33d1e78724520af9b10acaa575257a,gx-no-cache=1681741012679 HTTP/1.1" 200 177
190.171.144.234 - - [17/Apr/2023:11:32:18 -0300] "GET /cormun/static/Shared/jqueryui/images/ui-icons_82798d_256x240.png HTTP/1.1" 404 1089
190.171.144.234 - - [17/Apr/2023:11:32:18 -0300] "GET /cormun/static/Shared/jqueryui/images/ui-bg_highlight-soft_100_c6c2c8_1x100.png HTTP/1.1" 404 1117
190.171.144.234 - - [17/Apr/2023:11:32:18 -0300] "GET /cormun/static/Shared/jqueryui/images/ui-bg_flat_55_994d53_40x100.png HTTP/1.1" 404 1097
190.171.144.234 - - [17/Apr/2023:11:32:18 -0300] "GET /cormun/static/Shared/jqueryui/images/ui-icons_ebccce_256x240.png HTTP/1.1" 404 1089
190.171.152.138 - - [17/Apr/2023:11:32:19 -0300] "GET /cormun/servlet/trpermisosgoce? HTTP/1.1" 200 9035
190.171.152.138 - - [17/Apr/2023:11:32:19 -0300] "GET /cormun/servlet/trpermisosgoce? HTTP/1.1" 200 9041
190.171.141.90 - - [17/Apr/2023:11:32:24 -0300] "POST /cormun/servlet/permisogoce?b9056e5222188f03d2ca8221d09ac5df,INS,0,,,,gx-no-cache=1681741019190 HTTP/1.1" 200 93
190.171.141.90 - - [17/Apr/2023:11:32:24 -0300] "GET /cormun/servlet/hpexe_return? HTTP/1.1" 200 1034
190.171.141.90 - - [17/Apr/2023:11:32:24 -0300] "GET /cormun/servlet/trpermisosgoce?gx-no-cache=1681740147854 HTTP/1.1" 200 10306
190.171.141.90 - - [17/Apr/2023:11:32:24 -0300] "GET /cormun/servlet/trpermisosgoce?gx-no-cache=1681740147854 HTTP/1.1" 200 10329
186.67.172.234 - - [17/Apr/2023:11:32:47 -0300] "GET /cormun/servlet/solicitudot?INS,0,0,false, HTTP/1.1" 200 16021
186.67.172.234 - - [17/Apr/2023:11:32:47 -0300] "GET /cormun/servlet/solicitudot?INS,0,0,false, HTTP/1.1" 200 16029
190.171.152.138 - - [17/Apr/2023:11:32:47 -0300] "GET /cormun/servlet/hlogin HTTP/1.1" 200 1742
186.67.172.234 - - [17/Apr/2023:11:32:55 -0300] "POST /cormun/servlet/solicitudot?gx-no-cache=1681741049887 HTTP/1.1" 200 4077
186.67.172.234 - - [17/Apr/2023:11:32:55 -0300] "POST /cormun/servlet/solicitudot?fbb1000edb2f71462dea7ebd4bada686,INS,0,0,false,,gx-no-cache=1681741050011 HTTP/1.1" 200 12906
186.67.172.234 - - [17/Apr/2023:11:33:02 -0300] "GET /cormun/servlet/solicitudot?b11e2a076ed76a807168c069915c6b78daab80b91d2f9ce6c48d2e388ba853cfee9474c74d06096b2ac648910d202f6c,gx-no-cache=1681741056365 HTTP/1.1" 200 30
190.171.141.90 - - [17/Apr/2023:11:33:29 -0300] "GET /cormun/servlet/permisogoce?INS,0,,, HTTP/1.1" 200 6861
190.171.141.90 - - [17/Apr/2023:11:33:29 -0300] "GET /cormun/servlet/permisogoce?INS,0,,, HTTP/1.1" 200 6839
181.212.42.153 - - [17/Apr/2023:11:33:45 -0300] "GET /cormun/servlet/trpermisosgoce? HTTP/1.1" 200 14182
181.212.42.153 - - [17/Apr/2023:11:33:46 -0300] "GET /cormun/servlet/trpermisosgoce? HTTP/1.1" 200 14186
186.67.172.234 - - [17/Apr/2023:11:33:47 -0300] "GET /cormun/servlet/solicitudot?b11e2a076ed76a807168c069915c6b7874d71794b93c778c7387e91d8233c057464e9281c79bb8ea0e8fb26d8916085812fdc34dabe6f7f7e5d5fb10c7ec68b7,gx-no-cache=1681741102239 HTTP/1.1" 200 30
186.67.172.234 - - [17/Apr/2023:11:33:47 -0300] "GET /cormun/servlet/solicitudot?b11e2a076ed76a807168c069915c6b781be42a0611ab7149b2d73b26e810836c,gx-no-cache=1681741102259 HTTP/1.1" 200 53
186.67.172.234 - - [17/Apr/2023:11:33:52 -0300] "POST /cormun/servlet/solicitudot?gx-no-cache=1681741106689 HTTP/1.1" 200 297
186.67.172.234 - - [17/Apr/2023:11:33:52 -0300] "GET /cormun/servlet/solicitudot?b11e2a076ed76a807168c069915c6b78ac70bacb69ffa4a731afe2ae4adfd418563cdb78a68a8843818de4eeb7d7b5d046d8eb92eb3e5e56473c06bbe422749cbb1ac6797ff5e1837e49e68f5c29ee0e55e535abcb1cb312cb71bfe30dbc34b86f996eca10e1e28b9268a32c6e80f1b04444709cb61cd3cc19408cb2848bae8a2531a129e41edee65b084f1f2954060dbef3c52f52432e557fd6e483785a0246d8c781884724470533baa1f0e453e5c52bb507dd5416bd92c10ea792fa52b7732684654b502e3cc1ea5eeab55df30794856c50bc35ec8148f74de5e9cd8965db842f0ead31cdebf5183f1507b316d1014d7b6785516b9cbd81a6611d47ee29b21edeaae1b394c8d77142a81eef05d0838e441c5d36683d17658e38f985e1590a275540137cbe4b09eac4cc041e2e1f6a75456f130b07eb2d3ad64e6266b03c2fefe8b6bece6a16ec03cbd2a6c529b7a0b5c1ac326fb41bdd566a24d16a7ec86327a246e8f37c5e938fdc8dbde1e2dbf0e0bd334bf132db768c445203be3a52c6c496ee1e366538477ad012cca84f1282,gx-no-cache=1681741106718 HTTP/1.1" 200 30
186.67.172.234 - - [17/Apr/2023:11:33:53 -0300] "POST /cormun/servlet/solicitudot?gx-no-cache=1681741108188 HTTP/1.1" 200 30
181.212.42.153 - - [17/Apr/2023:11:33:55 -0300] "GET /cormun/servlet/trlicencias? HTTP/1.1" 200 15424
181.212.42.153 - - [17/Apr/2023:11:33:55 -0300] "GET /cormun/servlet/trlicencias? HTTP/1.1" 200 15432
186.67.172.234 - - [17/Apr/2023:11:33:56 -0300] "POST /cormun/servlet/solicitudot?gx-no-cache=1681741110604 HTTP/1.1" 200 1468
186.67.172.234 - - [17/Apr/2023:11:33:56 -0300] "POST /cormun/servlet/solicitudot?gx-no-cache=1681741110634 HTTP/1.1" 200 38
186.67.172.234 - - [17/Apr/2023:11:34:01 -0300] "GET /cormun/servlet/solicitudot?b11e2a076ed76a807168c069915c6b780eccc2f82a23af2af93d90009ff754ebdd286ee49526aac80388e52ee94c79e06b39b9fe890da38e14e64767827d8c1321d9ae904d2d7f16eedef8861b53441f07efa9e97b0853b535e1cea737ff3897fba707f2aebdc586a33a5316ac2077b5,gx-no-cache=1681741115724 HTTP/1.1" 200 110
186.67.172.234 - - [17/Apr/2023:11:34:05 -0300] "POST /cormun/servlet/solicitudot?gx-no-cache=1681741120014 HTTP/1.1" 200 64
186.67.172.234 - - [17/Apr/2023:11:34:10 -0300] "GET /cormun/servlet/solicitudot?b11e2a076ed76a807168c069915c6b7843fa7e2b2525b065ceaf2a38100c9e043b852b91883866c0d901cabe91fe774194d24e0be6a4afc07ffc4342615162f178a4959806864cb85ea454d7c4463f0a7558f036636b624fcbbb9b28ad2f713bccbcd4a7a8b64ccce598d7990680a9b9,gx-no-cache=1681741125059 HTTP/1.1" 200 29
186.67.172.234 - - [17/Apr/2023:11:34:15 -0300] "GET /cormun/static/menuarrow.gif HTTP/1.1" 404 1015
186.67.172.234 - - [17/Apr/2023:11:35:00 -0300] "GET /cormun/servlet/solicitudot?b11e2a076ed76a807168c069915c6b78e0c7363a74d9e4e2c25100ff4bfcf4ba9e0d45fec80b1ced4670462890c0054c,gx-no-cache=1681741174940 HTTP/1.1" 200 30
186.67.172.234 - - [17/Apr/2023:11:35:20 -0300] "POST /cormun/servlet/solicitudot?gx-no-cache=1681741194597 HTTP/1.1" 200 64
186.67.172.234 - - [17/Apr/2023:11:35:34 -0300] "POST /cormun/servlet/solicitudot?gx-no-cache=1681741209165 HTTP/1.1" 200 72
190.171.143.90 - - [17/Apr/2023:11:35:35 -0300] "GET /cormun/servlet/hlogin HTTP/1.1" 200 1727
190.171.143.90 - - [17/Apr/2023:11:35:35 -0300] "GET /cormun/servlet/hlogin HTTP/1.1" 200 1738
190.171.143.90 - - [17/Apr/2023:11:35:44 -0300] "POST /cormun/servlet/hlogin?c14ceeeb6d07fcdd88668aaf3aee2239,gx-no-cache=1681741219116 HTTP/1.1" 200 452
190.171.143.90 - - [17/Apr/2023:11:35:51 -0300] "POST /cormun/servlet/hlogin?c14ceeeb6d07fcdd88668aaf3aee2239,gx-no-cache=1681741225946 HTTP/1.1" 200 90
190.171.143.90 - - [17/Apr/2023:11:35:51 -0300] "GET /cormun/servlet/hpexe_link HTTP/1.1" 200 957
190.171.143.90 - - [17/Apr/2023:11:35:51 -0300] "GET /cormun/servlet/hhome HTTP/1.1" 200 4315
190.171.143.90 - - [17/Apr/2023:11:35:51 -0300] "GET /cormun/static/PXToolsJavascripts/pexe_tabdivfix.js HTTP/1.1" 200 898
190.171.143.90 - - [17/Apr/2023:11:35:51 -0300] "GET /cormun/static/PXToolsJavascripts/pexe_griddivfix.js HTTP/1.1" 200 6946
190.171.143.90 - - [17/Apr/2023:11:35:52 -0300] "GET /cormun/servlet/hhome HTTP/1.1" 200 4311
181.212.42.153 - - [17/Apr/2023:11:35:52 -0300] "GET /cormun/servlet/trsolicitudot? HTTP/1.1" 200 7178
181.212.42.153 - - [17/Apr/2023:11:35:52 -0300] "GET /cormun/servlet/trsolicitudot? HTTP/1.1" 200 7178
181.212.42.153 - - [17/Apr/2023:11:35:56 -0300] "POST /cormun/servlet/trsolicitudot?577c9466ed47c40ea5678ee08fb56a5c,,gx-no-cache=1681741231085 HTTP/1.1" 200 14245
181.212.42.153 - - [17/Apr/2023:11:36:05 -0300] "GET /cormun/static/menuarrow.gif HTTP/1.1" 404 1015
181.212.42.153 - - [17/Apr/2023:11:36:08 -0300] "POST /cormun/servlet/trsolicitudot?577c9466ed47c40ea5678ee08fb56a5c,,gx-no-cache=1681741243367 HTTP/1.1" 200 21185
190.171.143.90 - - [17/Apr/2023:11:36:25 -0300] "GET /cormun/servlet/trsolicitudot? HTTP/1.1" 200 7535
190.171.143.90 - - [17/Apr/2023:11:36:25 -0300] "GET /cormun/servlet/trsolicitudot? HTTP/1.1" 200 7533
186.67.172.234 - - [17/Apr/2023:11:37:21 -0300] "POST /cormun/servlet/solicitudot?gx-no-cache=1681741315611 HTTP/1.1" 200 30
186.67.172.234 - - [17/Apr/2023:11:37:23 -0300] "POST /cormun/servlet/solicitudot?fbb1000edb2f71462dea7ebd4bada686,INS,0,0,false,,gx-no-cache=1681741317832 HTTP/1.1" 200 93
186.67.172.234 - - [17/Apr/2023:11:37:23 -0300] "GET /cormun/servlet/hpexe_return? HTTP/1.1" 200 1025
186.67.172.234 - - [17/Apr/2023:11:37:24 -0300] "GET /cormun/servlet/trsolicitudot?gx-no-cache=1681740888007 HTTP/1.1" 200 8684
186.67.172.234 - - [17/Apr/2023:11:37:24 -0300] "GET /cormun/servlet/trsolicitudot?gx-no-cache=1681740888007 HTTP/1.1" 200 8702
190.171.149.74 - - [17/Apr/2023:11:38:02 -0300] "GET /cormun/servlet/trpermisosgoce? HTTP/1.1" 200 16056
190.171.149.74 - - [17/Apr/2023:11:38:02 -0300] "GET /cormun/static/gxcfg.js?2020121631564 HTTP/1.1" 200 953
190.171.149.74 - - [17/Apr/2023:11:38:02 -0300] "GET /cormun/static/trpermisosgoce.js?2020121633681 HTTP/1.1" 200 35904
190.171.149.74 - - [17/Apr/2023:11:38:02 -0300] "GET /cormun//static/Resources/PXToolsGridUpdate.png HTTP/1.1" 200 470
190.171.149.74 - - [17/Apr/2023:11:38:02 -0300] "GET /cormun//static/Resources/PXToolsGridDelete.png HTTP/1.1" 200 538
190.171.149.74 - - [17/Apr/2023:11:38:02 -0300] "GET /cormun/servlet/trpermisosgoce? HTTP/1.1" 200 16061
190.171.149.74 - - [17/Apr/2023:11:38:07 -0300] "GET /cormun/servlet/permisogoce?INS,0,,, HTTP/1.1" 200 6850
190.171.149.74 - - [17/Apr/2023:11:38:07 -0300] "GET /cormun/static/permisogoce.js?20201215124939 HTTP/1.1" 200 27790
190.171.149.74 - - [17/Apr/2023:11:38:07 -0300] "GET /cormun/static/gxcfg.js?20201215124560 HTTP/1.1" 200 953
190.171.149.74 - - [17/Apr/2023:11:38:07 -0300] "GET /cormun/static/Resources/prompt.gif HTTP/1.1" 200 902
190.171.149.74 - - [17/Apr/2023:11:38:08 -0300] "GET /cormun/servlet/permisogoce?INS,0,,, HTTP/1.1" 200 6849
190.171.149.74 - - [17/Apr/2023:11:38:14 -0300] "GET /cormun/servlet/permisogoce?baaff2d12c9a69bd68e0f5f121b154e0ef2343b82ae23f83728d566c4484bfa01343b534fca5f68ca475468b9e1f98560fa4eb80ac964a69b488ec0f7820bfe2,gx-no-cache=1681741363410 HTTP/1.1" 200 87
190.171.149.74 - - [17/Apr/2023:11:38:16 -0300] "GET /cormun/static/menuarrow.gif HTTP/1.1" 404 1015
190.171.149.74 - - [17/Apr/2023:11:38:20 -0300] "GET /cormun/servlet/permisogoce?baaff2d12c9a69bd68e0f5f121b154e0a52561f6fc21b0de4506afa19f334cd41943eb3a9fd25ce97d06a841137e6c838caee89bc3def96f98cbbed46beb5c55,gx-no-cache=1681741369608 HTTP/1.1" 200 48
190.171.149.74 - - [17/Apr/2023:11:38:23 -0300] "POST /cormun/servlet/permisogoce?cffc3065a53f7036985038531b2835b7,INS,0,,,,gx-no-cache=1681741371841 HTTP/1.1" 200 93
190.171.149.74 - - [17/Apr/2023:11:38:23 -0300] "GET /cormun/servlet/hpexe_return? HTTP/1.1" 200 1015
190.171.149.74 - - [17/Apr/2023:11:38:23 -0300] "GET /cormun/static/gxcfg.js?20221129846035 HTTP/1.1" 200 953
190.171.149.74 - - [17/Apr/2023:11:38:23 -0300] "GET /cormun/static/hpexe_return.js?20221129846037 HTTP/1.1" 200 1633
190.171.149.74 - - [17/Apr/2023:11:38:23 -0300] "GET /cormun/servlet/trpermisosgoce HTTP/1.1" 200 16286
190.171.149.74 - - [17/Apr/2023:11:38:24 -0300] "GET /cormun/servlet/trpermisosgoce HTTP/1.1" 200 16274
190.171.149.74 - - [17/Apr/2023:11:38:26 -0300] "GET /cormun/servlet/apermisogoceprn?9014931,P,20230417102222,PU HTTP/1.1" 200 1659
190.171.143.90 - - [17/Apr/2023:11:38:45 -0300] "GET /cormun/servlet/solicitudot?INS,0,0,false, HTTP/1.1" 200 16161
190.171.143.90 - - [17/Apr/2023:11:38:45 -0300] "GET /cormun/servlet/solicitudot?INS,0,0,false, HTTP/1.1" 200 16166
186.67.172.234 - - [17/Apr/2023:11:39:29 -0300] "POST /cormun/servlet/trsolicitudot?fbb1000edb2f71462dea7ebd4bada686,gx-no-cache=1681740888007,gx-no-cache=1681741444055 HTTP/1.1" 200 110
186.67.172.234 - - [17/Apr/2023:11:39:29 -0300] "GET /cormun/servlet/solicitudot?UPD,2023,20014,false, HTTP/1.1" 200 16728
186.67.172.234 - - [17/Apr/2023:11:39:30 -0300] "GET /cormun/servlet/solicitudot?UPD,2023,20014,false, HTTP/1.1" 200 16717
186.67.172.234 - - [17/Apr/2023:11:39:30 -0300] "POST /cormun/servlet/solicitudot?gx-no-cache=1681741445177 HTTP/1.1" 200 4048
186.67.172.234 - - [17/Apr/2023:11:39:31 -0300] "POST /cormun/servlet/solicitudot?fbb1000edb2f71462dea7ebd4bada686,UPD,2023,20014,false,,gx-no-cache=1681741445287 HTTP/1.1" 200 12964
186.67.172.234 - - [17/Apr/2023:11:39:31 -0300] "GET /cormun/servlet/solicitudot?b11e2a076ed76a807168c069915c6b78daab80b91d2f9ce6c48d2e388ba853cf8db979cfbbe26908db70d3f063f08208,gx-no-cache=1681741445432 HTTP/1.1" 200 30
186.67.172.234 - - [17/Apr/2023:11:39:31 -0300] "GET /cormun/servlet/solicitudot?b11e2a076ed76a807168c069915c6b7874d71794b93c778c7387e91d8233c057464e9281c79bb8ea0e8fb26d891608582ab99e93cd66583a33b09036b6d86ff5,gx-no-cache=1681741445452 HTTP/1.1" 200 30
186.67.172.234 - - [17/Apr/2023:11:39:31 -0300] "GET /cormun/servlet/solicitudot?b11e2a076ed76a807168c069915c6b781ba4b7b3e75bd892f8acfc0ca99ac50f76e7703eef0bc7b8d43c98e51b1bc96d39bb71977498da2b2e02bbdbecd55ad6,gx-no-cache=1681741445468 HTTP/1.1" 200 53
186.67.172.234 - - [17/Apr/2023:11:39:31 -0300] "POST /cormun/servlet/solicitudot?gx-no-cache=1681741445485 HTTP/1.1" 200 297
186.67.172.234 - - [17/Apr/2023:11:39:31 -0300] "GET /cormun/servlet/solicitudot?b11e2a076ed76a807168c069915c6b78ac70bacb69ffa4a731afe2ae4adfd418563cdb78a68a8843818de4eeb7d7b5d046d8eb92eb3e5e56473c06bbe422749cbb1ac6797ff5e1837e49e68f5c29ee0e55e535abcb1cb312cb71bfe30dbc34b86f996eca10e1e28b9268a32c6e80f1b04444709cb61cd3cc19408cb2848bae8a2531a129e41edee65b084f1f2954060dbef3c52f52432e557fd6e483785a0246d8c781884724470533baa1f0e453e5c52bb507dd5416bd92c10ea792fa52b7732684654b502e3cc1ea5eeab55df30794856c50bc35ec8148f74de5e9cd8965db842f0ead31cdebf5183f1507b316d1014d7b6785516b9cbd81a6611d47ee29b21edeaae1b394c8d77142a81eef05d0838e441c5d36683d17658e38f985e1590a275540137cbe4b09eac4cc041e2e1f6a75456f130b07eb2d3ad64e6266b03c2fefe8b6bece6a16ec03cbd2a6c529b7a0b5c1ac326fb41bdd566a24d16a7ec86327a246e8f37c5e938fdc8dbde1e2dbf0fd5ee750ed76a8d8b7f0fad7f70f7655c496ee1e366538477ad012cca84f1282,gx-no-cache=1681741445507 HTTP/1.1" 200 30
186.67.172.234 - - [17/Apr/2023:11:39:31 -0300] "POST /cormun/servlet/solicitudot?gx-no-cache=1681741445524 HTTP/1.1" 200 30
186.67.172.234 - - [17/Apr/2023:11:39:31 -0300] "POST /cormun/servlet/solicitudot?gx-no-cache=1681741445544 HTTP/1.1" 200 1468
186.67.172.234 - - [17/Apr/2023:11:39:31 -0300] "POST /cormun/servlet/solicitudot?gx-no-cache=1681741445571 HTTP/1.1" 200 41
186.67.172.234 - - [17/Apr/2023:11:39:32 -0300] "GET /cormun/servlet/solicitudot?b11e2a076ed76a807168c069915c6b780eccc2f82a23af2af93d90009ff754ebdd286ee49526aac80388e52ee94c79e06b39b9fe890da38e14e64767827d8c1321d9ae904d2d7f16eedef8861b53441f07efa9e97b0853b535e1cea737ff3897fba707f2aebdc586a33a5316ac2077b5,gx-no-cache=1681741446711 HTTP/1.1" 200 110
186.67.172.234 - - [17/Apr/2023:11:39:35 -0300] "POST /cormun/servlet/solicitudot?gx-no-cache=1681741449982 HTTP/1.1" 200 72
186.67.172.234 - - [17/Apr/2023:11:39:36 -0300] "GET /cormun/servlet/solicitudot?b11e2a076ed76a807168c069915c6b78a4a3486e60044cd2462b679dc949624bfe8d2949f859d3fb5d74ff4db36616226c7eac0e856e8398dac212b090611c3f448b35f228c1cae5446ef470441eb1e744558c4161d2c39bef86a4a73b0912209bd31e81da2685982075a3584cafd4fe,gx-no-cache=1681741451300 HTTP/1.1" 200 29
186.67.172.234 - - [17/Apr/2023:11:39:36 -0300] "GET /cormun/servlet/solicitudot?b11e2a076ed76a807168c069915c6b78e0c7363a74d9e4e2c25100ff4bfcf4ba9e0d45fec80b1ced4670462890c0054c,gx-no-cache=1681741451318 HTTP/1.1" 200 30
186.67.172.234 - - [17/Apr/2023:11:39:37 -0300] "POST /cormun/servlet/solicitudot?gx-no-cache=1681741451337 HTTP/1.1" 200 30
186.67.172.234 - - [17/Apr/2023:11:39:37 -0300] "POST /cormun/servlet/solicitudot?fbb1000edb2f71462dea7ebd4bada686,UPD,2023,20014,false,,gx-no-cache=1681741451357 HTTP/1.1" 200 93
186.67.172.234 - - [17/Apr/2023:11:39:37 -0300] "GET /cormun/servlet/hpexe_return? HTTP/1.1" 200 1030
186.67.172.234 - - [17/Apr/2023:11:39:37 -0300] "GET /cormun/servlet/trsolicitudot?gx-no-cache=1681740888007 HTTP/1.1" 200 8674
186.67.172.234 - - [17/Apr/2023:11:39:37 -0300] "GET /cormun/servlet/trsolicitudot?gx-no-cache=1681740888007 HTTP/1.1" 200 8692
186.67.172.234 - - [17/Apr/2023:11:40:04 -0300] "POST /cormun/servlet/trsolicitudot?fbb1000edb2f71462dea7ebd4bada686,gx-no-cache=1681740888007,gx-no-cache=1681741478839 HTTP/1.1" 200 106
186.67.172.234 - - [17/Apr/2023:11:40:04 -0300] "GET /cormun/servlet/trsolicitudadjuntos?2023,20014, HTTP/1.1" 200 6313
186.67.172.234 - - [17/Apr/2023:11:40:05 -0300] "GET /cormun/servlet/trsolicitudadjuntos?2023,20014, HTTP/1.1" 200 6291
186.67.172.234 - - [17/Apr/2023:11:40:06 -0300] "GET /cormun/servlet/solicitudotadjuntos?INS,2023,20014,,1, HTTP/1.1" 200 6228
186.67.172.234 - - [17/Apr/2023:11:40:07 -0300] "GET /cormun/static/about:blank HTTP/1.1" 404 1011
186.67.172.234 - - [17/Apr/2023:11:40:07 -0300] "GET /cormun/servlet/solicitudotadjuntos?INS,2023,20014,,1, HTTP/1.1" 200 6221
186.67.172.234 - - [17/Apr/2023:11:40:07 -0300] "GET /cormun/servlet/solicitudotadjuntos?b11e2a076ed76a807168c069915c6b7832330b12371548031dfd94da25ff63ddae2ca067e49a0a7cbc9785655a70b0e2,gx-no-cache=1681741481942 HTTP/1.1" 200 30
186.67.172.234 - - [17/Apr/2023:11:40:07 -0300] "POST /cormun/servlet/solicitudotadjuntos?fbb1000edb2f71462dea7ebd4bada686,INS,2023,20014,,1,,gx-no-cache=1681741481953 HTTP/1.1" 200 4145
186.67.172.234 - - [17/Apr/2023:11:40:08 -0300] "POST /cormun/servlet/solicitudotadjuntos?gx-no-cache=1681741483262 HTTP/1.1" 200 26
186.67.172.234 - - [17/Apr/2023:11:40:18 -0300] "GET /cormun/servlet/solicitudotadjuntos?b11e2a076ed76a807168c069915c6b78f3606d41ecfb8793b53646e72e0ee216,gx-no-cache=1681741493276 HTTP/1.1" 200 30
186.67.172.234 - - [17/Apr/2023:11:40:18 -0300] "GET /cormun/servlet/solicitudotadjuntos?b11e2a076ed76a807168c069915c6b78f3606d41ecfb8793b53646e72e0ee216,gx-no-cache=1681741493288 HTTP/1.1" 200 30
186.67.172.234 - - [17/Apr/2023:11:40:19 -0300] "POST /cormun/servlet/solicitudotadjuntos?fbb1000edb2f71462dea7ebd4bada686,INS,2023,20014,,1, HTTP/1.1" 200 116
186.67.172.234 - - [17/Apr/2023:11:40:19 -0300] "GET /cormun/servlet/hpexe_return? HTTP/1.1" 200 1021
186.67.172.234 - - [17/Apr/2023:11:40:19 -0300] "GET /cormun/servlet/trsolicitudadjuntos?2023,20014, HTTP/1.1" 200 9214
186.67.172.234 - - [17/Apr/2023:11:40:19 -0300] "GET /cormun/servlet/trsolicitudadjuntos?2023,20014, HTTP/1.1" 200 9215
186.67.172.234 - - [17/Apr/2023:11:40:20 -0300] "GET /cormun/servlet/solicitudotadjuntos?INS,2023,20014,,1, HTTP/1.1" 200 6228
186.67.172.234 - - [17/Apr/2023:11:40:20 -0300] "GET /cormun/static/about:blank HTTP/1.1" 404 1011
186.67.172.234 - - [17/Apr/2023:11:40:21 -0300] "GET /cormun/servlet/solicitudotadjuntos?INS,2023,20014,,1, HTTP/1.1" 200 6221
186.67.172.234 - - [17/Apr/2023:11:40:21 -0300] "GET /cormun/servlet/solicitudotadjuntos?b11e2a076ed76a807168c069915c6b7832330b12371548031dfd94da25ff63ddae2ca067e49a0a7cbc9785655a70b0e2,gx-no-cache=1681741495830 HTTP/1.1" 200 30
186.67.172.234 - - [17/Apr/2023:11:40:21 -0300] "POST /cormun/servlet/solicitudotadjuntos?fbb1000edb2f71462dea7ebd4bada686,INS,2023,20014,,1,,gx-no-cache=1681741495841 HTTP/1.1" 200 4145
186.67.172.234 - - [17/Apr/2023:11:40:23 -0300] "POST /cormun/servlet/solicitudotadjuntos?gx-no-cache=1681741497372 HTTP/1.1" 200 26
186.67.172.234 - - [17/Apr/2023:11:40:26 -0300] "GET /cormun/servlet/solicitudotadjuntos?b11e2a076ed76a807168c069915c6b78f3606d41ecfb8793b53646e72e0ee216,gx-no-cache=1681741501316 HTTP/1.1" 200 30
186.67.172.234 - - [17/Apr/2023:11:40:26 -0300] "GET /cormun/servlet/solicitudotadjuntos?b11e2a076ed76a807168c069915c6b78f3606d41ecfb8793b53646e72e0ee216,gx-no-cache=1681741501326 HTTP/1.1" 200 30
186.67.172.234 - - [17/Apr/2023:11:40:27 -0300] "POST /cormun/servlet/solicitudotadjuntos?fbb1000edb2f71462dea7ebd4bada686,INS,2023,20014,,1, HTTP/1.1" 200 116
186.67.172.234 - - [17/Apr/2023:11:40:27 -0300] "GET /cormun/servlet/hpexe_return? HTTP/1.1" 200 1021
186.67.172.234 - - [17/Apr/2023:11:40:27 -0300] "GET /cormun/servlet/trsolicitudadjuntos?2023,20014, HTTP/1.1" 200 9458
186.67.172.234 - - [17/Apr/2023:11:40:27 -0300] "GET /cormun/servlet/trsolicitudadjuntos?2023,20014, HTTP/1.1" 200 9458
186.67.172.234 - - [17/Apr/2023:11:40:29 -0300] "GET /cormun/servlet/solicitudotadjuntos?INS,2023,20014,,1, HTTP/1.1" 200 6228
186.67.172.234 - - [17/Apr/2023:11:40:29 -0300] "GET /cormun/static/about:blank HTTP/1.1" 404 1011
186.67.172.234 - - [17/Apr/2023:11:40:29 -0300] "GET /cormun/servlet/solicitudotadjuntos?INS,2023,20014,,1, HTTP/1.1" 200 6221
186.67.172.234 - - [17/Apr/2023:11:40:29 -0300] "GET /cormun/servlet/solicitudotadjuntos?b11e2a076ed76a807168c069915c6b7832330b12371548031dfd94da25ff63ddae2ca067e49a0a7cbc9785655a70b0e2,gx-no-cache=1681741504100 HTTP/1.1" 200 30
186.67.172.234 - - [17/Apr/2023:11:40:29 -0300] "POST /cormun/servlet/solicitudotadjuntos?fbb1000edb2f71462dea7ebd4bada686,INS,2023,20014,,1,,gx-no-cache=1681741504120 HTTP/1.1" 200 4145
186.67.172.234 - - [17/Apr/2023:11:40:32 -0300] "POST /cormun/servlet/solicitudotadjuntos?gx-no-cache=1681741506724 HTTP/1.1" 200 26
186.67.172.234 - - [17/Apr/2023:11:40:37 -0300] "GET /cormun/servlet/solicitudotadjuntos?b11e2a076ed76a807168c069915c6b78f3606d41ecfb8793b53646e72e0ee216,gx-no-cache=1681741511580 HTTP/1.1" 200 30
186.67.172.234 - - [17/Apr/2023:11:40:37 -0300] "GET /cormun/servlet/solicitudotadjuntos?b11e2a076ed76a807168c069915c6b78f3606d41ecfb8793b53646e72e0ee216,gx-no-cache=1681741511590 HTTP/1.1" 200 30
186.67.172.234 - - [17/Apr/2023:11:40:37 -0300] "POST /cormun/servlet/solicitudotadjuntos?fbb1000edb2f71462dea7ebd4bada686,INS,2023,20014,,1, HTTP/1.1" 200 116
186.67.172.234 - - [17/Apr/2023:11:40:37 -0300] "GET /cormun/servlet/hpexe_return? HTTP/1.1" 200 1021
186.67.172.234 - - [17/Apr/2023:11:40:37 -0300] "GET /cormun/servlet/trsolicitudadjuntos?2023,20014, HTTP/1.1" 200 9685
186.67.172.234 - - [17/Apr/2023:11:40:37 -0300] "GET /cormun/servlet/trsolicitudadjuntos?2023,20014, HTTP/1.1" 200 9681
186.67.172.234 - - [17/Apr/2023:11:40:39 -0300] "GET /cormun/servlet/solicitudotadjuntos?INS,2023,20014,,1, HTTP/1.1" 200 6228
186.67.172.234 - - [17/Apr/2023:11:40:39 -0300] "GET /cormun/static/about:blank HTTP/1.1" 404 1011
186.67.172.234 - - [17/Apr/2023:11:40:39 -0300] "GET /cormun/servlet/solicitudotadjuntos?INS,2023,20014,,1, HTTP/1.1" 200 6221
186.67.172.234 - - [17/Apr/2023:11:40:39 -0300] "GET /cormun/servlet/solicitudotadjuntos?b11e2a076ed76a807168c069915c6b7832330b12371548031dfd94da25ff63ddae2ca067e49a0a7cbc9785655a70b0e2,gx-no-cache=1681741514308 HTTP/1.1" 200 30
186.67.172.234 - - [17/Apr/2023:11:40:40 -0300] "POST /cormun/servlet/solicitudotadjuntos?fbb1000edb2f71462dea7ebd4bada686,INS,2023,20014,,1,,gx-no-cache=1681741514325 HTTP/1.1" 200 4145
186.67.172.234 - - [17/Apr/2023:11:40:42 -0300] "POST /cormun/servlet/solicitudotadjuntos?gx-no-cache=1681741516476 HTTP/1.1" 200 26
190.171.143.90 - - [17/Apr/2023:11:40:45 -0300] "POST /cormun/servlet/solicitudot?gx-no-cache=1681741519810 HTTP/1.1" 200 4072
190.171.143.90 - - [17/Apr/2023:11:40:45 -0300] "POST /cormun/servlet/solicitudot?c14ceeeb6d07fcdd88668aaf3aee2239,INS,0,0,false,,gx-no-cache=1681741519979 HTTP/1.1" 200 12919
186.67.172.234 - - [17/Apr/2023:11:40:46 -0300] "GET /cormun/servlet/solicitudotadjuntos?b11e2a076ed76a807168c069915c6b78f3606d41ecfb8793b53646e72e0ee216,gx-no-cache=1681741521252 HTTP/1.1" 200 30
186.67.172.234 - - [17/Apr/2023:11:40:46 -0300] "GET /cormun/servlet/solicitudotadjuntos?b11e2a076ed76a807168c069915c6b78f3606d41ecfb8793b53646e72e0ee216,gx-no-cache=1681741521262 HTTP/1.1" 200 30
186.67.172.234 - - [17/Apr/2023:11:40:47 -0300] "POST /cormun/servlet/solicitudotadjuntos?fbb1000edb2f71462dea7ebd4bada686,INS,2023,20014,,1, HTTP/1.1" 200 116
186.67.172.234 - - [17/Apr/2023:11:40:47 -0300] "GET /cormun/servlet/hpexe_return? HTTP/1.1" 200 1021
186.67.172.234 - - [17/Apr/2023:11:40:47 -0300] "GET /cormun/servlet/trsolicitudadjuntos?2023,20014, HTTP/1.1" 200 9922
186.67.172.234 - - [17/Apr/2023:11:40:47 -0300] "GET /cormun/servlet/trsolicitudadjuntos?2023,20014, HTTP/1.1" 200 9921
186.67.172.234 - - [17/Apr/2023:11:40:49 -0300] "GET /cormun/servlet/solicitudotadjuntos?INS,2023,20014,,1, HTTP/1.1" 200 6229
186.67.172.234 - - [17/Apr/2023:11:40:49 -0300] "GET /cormun/static/about:blank HTTP/1.1" 404 1011
186.67.172.234 - - [17/Apr/2023:11:40:49 -0300] "GET /cormun/servlet/solicitudotadjuntos?INS,2023,20014,,1, HTTP/1.1" 200 6222
186.67.172.234 - - [17/Apr/2023:11:40:49 -0300] "GET /cormun/servlet/solicitudotadjuntos?b11e2a076ed76a807168c069915c6b7832330b12371548031dfd94da25ff63ddae2ca067e49a0a7cbc9785655a70b0e2,gx-no-cache=1681741524257 HTTP/1.1" 200 30
186.67.172.234 - - [17/Apr/2023:11:40:49 -0300] "POST /cormun/servlet/solicitudotadjuntos?fbb1000edb2f71462dea7ebd4bada686,INS,2023,20014,,1,,gx-no-cache=1681741524268 HTTP/1.1" 200 4147
186.67.172.234 - - [17/Apr/2023:11:40:53 -0300] "POST /cormun/servlet/solicitudotadjuntos?gx-no-cache=1681741528244 HTTP/1.1" 200 26
190.171.143.90 - - [17/Apr/2023:11:41:05 -0300] "GET /cormun/servlet/solicitudot?962cb5493322f3fa0a239e71370dabf78113035a8a12d5a29027384219ed9a54ae46771ecff139d65c9adeaab114e1ff,gx-no-cache=1681741540033 HTTP/1.1" 200 30
190.171.143.90 - - [17/Apr/2023:11:41:05 -0300] "GET /cormun/servlet/solicitudot?962cb5493322f3fa0a239e71370dabf78af85e875ff6a59ad715e4d6e5909436f9b5b940aa5a97c617a017377902a281,gx-no-cache=1681741540136 HTTP/1.1" 200 30
190.171.143.90 - - [17/Apr/2023:11:41:05 -0300] "GET /cormun/servlet/solicitudot?962cb5493322f3fa0a239e71370dabf77c7f82edbe0c9c6dc28cfd1023ecdfe4,gx-no-cache=1681741540164 HTTP/1.1" 200 59
190.171.143.90 - - [17/Apr/2023:11:41:05 -0300] "POST /cormun/servlet/solicitudot?gx-no-cache=1681741540196 HTTP/1.1" 200 255
190.171.143.90 - - [17/Apr/2023:11:41:05 -0300] "GET /cormun/servlet/solicitudot?962cb5493322f3fa0a239e71370dabf74ac867d363c817885c067dd2aae909bfeaa7f1932715b5694d46dfe37bdd9a57208df37833d38c70ada79c039775669aa3428780712fd1b4086f5053b314eb53fa29ec28ceb5443f899087a38b5fbec25bae1ef6d86dd1a30de2ca331ec64856a2bcd818e0b35ed1b32d90d7bf311b349a2a7ed8ded12c6299cf3d46a0d030fc570d05905eb58569972410e01c3fe2852fcc1c47f1ba37d27402c3c82e7f079108efecf72806a4377b0f3c4b4c6363ee2dcb4bf37d64566045f7a1044dadb2ef6c8ade98e18b7f5a41b3cfaa844c4abe5a22aebba5ee00d49b41205d9e45bac61869c06b56cd2667f0579a88bd5c693cc89e757f94fb3f1ce711df749d33eddb7c0d678da414ab9c09ab0b949f6c11f7aaaed23340a55f0991c442381fb8aa482f9e7018ea6f0f601df88b59175d119edb6c5c81961a816343223e1d5829a1534caa12bf6d8a5e4921d48e64d517c0810d515adea970b23d2148cb5f860fa22c777892ae950918633b2064e2bf5c329c,gx-no-cache=1681741540228 HTTP/1.1" 200 30
190.171.143.90 - - [17/Apr/2023:11:41:11 -0300] "POST /cormun/servlet/solicitudot?gx-no-cache=1681741546258 HTTP/1.1" 200 30
190.171.141.90 - - [17/Apr/2023:11:41:30 -0300] "GET /cormun/servlet/prfichaempleado?,MD,,gxPopupLevel%3D0%3B HTTP/1.1" 200 9269
190.171.141.90 - - [17/Apr/2023:11:41:38 -0300] "POST /cormun/servlet/prfichaempleado?b9056e5222188f03d2ca8221d09ac5df,,MD,,gxPopupLevel%3D0%3B,gx-no-cache=1681741574094 HTTP/1.1" 200 3400
190.171.141.90 - - [17/Apr/2023:11:41:43 -0300] "GET /cormun/servlet/permisogoce?8bb397c1b296546fe4284431bdd37b1c729282a8d33142ccfe7983a59aaba26bfab8f976434636ea3d1f1a69716e1014f5d05d4ef79e365d3cf399e6d2769e5a,gx-no-cache=1681741578989 HTTP/1.1" 200 77
