200.54.103.162 - - [17/Apr/2023:11:04:29 -0300] "POST /cormun/servlet/hlogin?d0b5da88e2c107e63f00036556d85939,gx-no-cache=1681739444456 HTTP/1.1" 200 90
200.54.103.162 - - [17/Apr/2023:11:04:29 -0300] "GET /cormun/servlet/hpexe_link HTTP/1.1" 200 949
200.54.103.162 - - [17/Apr/2023:11:04:29 -0300] "GET /cormun/servlet/hhome HTTP/1.1" 200 4340
200.54.103.162 - - [17/Apr/2023:11:04:29 -0300] "GET /cormun/static/gxcfg.js?20201215495537 HTTP/1.1" 200 953
200.54.103.162 - - [17/Apr/2023:11:04:29 -0300] "GET /cormun/static/hhome.js?20201215495544 HTTP/1.1" 200 777
200.54.103.162 - - [17/Apr/2023:11:04:29 -0300] "GET /cormun/servlet/hhome HTTP/1.1" 200 4336
40.77.190.146 - - [17/Apr/2023:11:04:38 -0300] "GET /cormun/static/gxcfg.js?2022112219184450 HTTP/1.1" 200 953
178.251.104.144 - - [17/Apr/2023:11:07:32 -0300] "GET / HTTP/1.1" 200 11217
181.162.150.202 - - [17/Apr/2023:11:08:11 -0300] "GET / HTTP/1.1" 200 11217
181.162.150.202 - - [17/Apr/2023:11:08:11 -0300] "GET /apple-touch-icon-precomposed.png HTTP/1.1" 404 1025
181.162.150.202 - - [17/Apr/2023:11:08:11 -0300] "GET /apple-touch-icon.png HTTP/1.1" 404 1001
190.95.15.15 - - [17/Apr/2023:11:10:25 -0300] "GET /cormun/servlet/trlicencias? HTTP/1.1" 200 7227
190.95.15.15 - - [17/Apr/2023:11:10:25 -0300] "GET /cormun/servlet/hlogin HTTP/1.1" 200 1736
190.95.15.15 - - [17/Apr/2023:11:10:25 -0300] "GET /cormun/servlet/trlicencias? HTTP/1.1" 200 7226
190.95.15.15 - - [17/Apr/2023:11:10:35 -0300] "POST /cormun/servlet/hlogin?c6f2f685c5c891708136cf2f37925ab7,gx-no-cache=1681739710539 HTTP/1.1" 200 90
190.95.15.15 - - [17/Apr/2023:11:10:35 -0300] "GET /cormun/servlet/hpexe_link HTTP/1.1" 200 951
190.95.15.15 - - [17/Apr/2023:11:10:35 -0300] "GET /cormun/servlet/trlicencias HTTP/1.1" 200 11832
190.95.15.15 - - [17/Apr/2023:11:10:35 -0300] "GET /cormun/servlet/trlicencias HTTP/1.1" 200 11829
190.95.15.15 - - [17/Apr/2023:11:10:53 -0300] "GET /cormun/servlet/trlicencias HTTP/1.1" 200 11832
190.95.15.15 - - [17/Apr/2023:11:10:53 -0300] "GET /cormun/servlet/trlicencias HTTP/1.1" 200 11829
181.162.150.202 - - [17/Apr/2023:11:11:25 -0300] "GET / HTTP/1.1" 200 11217
181.162.150.202 - - [17/Apr/2023:11:11:35 -0300] "GET /cormun/servlet/hlogin HTTP/1.1" 200 1719
181.162.150.202 - - [17/Apr/2023:11:11:36 -0300] "GET /cormun/static/gxcfg.js?2022112219184450 HTTP/1.1" 304 -
181.162.150.202 - - [17/Apr/2023:11:11:36 -0300] "GET /cormun/static/Resources/CormunLogin.png HTTP/1.1" 304 -
181.162.150.202 - - [17/Apr/2023:11:11:36 -0300] "GET /cormun/static/Resources/PXToolsLoginTop.png HTTP/1.1" 200 1337
181.162.150.202 - - [17/Apr/2023:11:11:36 -0300] "GET /cormun/static/Resources/PXToolsButtonLeft.png HTTP/1.1" 200 1310
181.162.150.202 - - [17/Apr/2023:11:11:36 -0300] "GET /cormun/static/Resources/PXToolsLoginBottom.png HTTP/1.1" 304 -
181.162.150.202 - - [17/Apr/2023:11:11:36 -0300] "GET /cormun/static/Resources/PXToolsButtonRight.png HTTP/1.1" 304 -
181.162.150.202 - - [17/Apr/2023:11:11:36 -0300] "GET /cormun/servlet/hlogin HTTP/1.1" 200 1730
186.67.172.234 - - [17/Apr/2023:11:13:33 -0300] "GET /cormun/servlet/trsolicitudot? HTTP/1.1" 200 6322
186.67.172.234 - - [17/Apr/2023:11:13:33 -0300] "GET /cormun/servlet/hlogin HTTP/1.1" 200 1734
186.67.172.234 - - [17/Apr/2023:11:13:33 -0300] "GET /cormun/servlet/trsolicitudot? HTTP/1.1" 200 6318
186.67.172.234 - - [17/Apr/2023:11:13:42 -0300] "POST /cormun/servlet/hlogin?fbb1000edb2f71462dea7ebd4bada686,gx-no-cache=1681739896567 HTTP/1.1" 200 90
186.67.172.234 - - [17/Apr/2023:11:13:42 -0300] "GET /cormun/servlet/hpexe_link HTTP/1.1" 200 952
186.67.172.234 - - [17/Apr/2023:11:13:42 -0300] "GET /cormun/servlet/trsolicitudot HTTP/1.1" 200 7225
186.67.172.234 - - [17/Apr/2023:11:13:42 -0300] "GET /cormun/servlet/trsolicitudot HTTP/1.1" 200 7224
186.67.172.234 - - [17/Apr/2023:11:13:46 -0300] "GET /cormun/servlet/trsolicitudot? HTTP/1.1" 200 7224
186.67.172.234 - - [17/Apr/2023:11:13:46 -0300] "GET /cormun/servlet/trsolicitudot? HTTP/1.1" 200 7224
186.67.172.234 - - [17/Apr/2023:11:13:51 -0300] "GET /cormun/servlet/solicitudot?INS,0,0,false, HTTP/1.1" 200 16021
186.67.172.234 - - [17/Apr/2023:11:13:51 -0300] "GET /cormun/servlet/solicitudot?INS,0,0,false, HTTP/1.1" 200 16029
186.67.172.234 - - [17/Apr/2023:11:14:18 -0300] "POST /cormun/servlet/solicitudot?gx-no-cache=1681739933011 HTTP/1.1" 200 3953
186.67.172.234 - - [17/Apr/2023:11:14:19 -0300] "POST /cormun/servlet/solicitudot?fbb1000edb2f71462dea7ebd4bada686,INS,0,0,false,,gx-no-cache=1681739933329 HTTP/1.1" 200 12780
186.67.172.234 - - [17/Apr/2023:11:14:22 -0300] "GET /cormun/servlet/solicitudot?b11e2a076ed76a807168c069915c6b78b49fc644662fbf2388cd54516093cda012fdc34dabe6f7f7e5d5fb10c7ec68b7,gx-no-cache=1681739936296 HTTP/1.1" 200 30
190.171.152.138 - - [17/Apr/2023:11:15:25 -0300] "GET /cormun/servlet/hlogin HTTP/1.1" 200 1722
190.171.152.138 - - [17/Apr/2023:11:15:25 -0300] "GET /favicon.ico HTTP/1.1" 200 21630
186.67.172.234 - - [17/Apr/2023:11:15:37 -0300] "GET /cormun/servlet/prbanco?,MD,,gxPopupLevel%3D0%3B HTTP/1.1" 200 6466
186.67.172.234 - - [17/Apr/2023:11:15:37 -0300] "GET /cormun/static/gxcfg.js?20201216131581 HTTP/1.1" 304 -
186.67.172.234 - - [17/Apr/2023:11:15:37 -0300] "GET /cormun/static/prbanco.js?20201216132311 HTTP/1.1" 304 -
186.67.172.234 - - [17/Apr/2023:11:15:40 -0300] "GET /cormun/servlet/solicitudot?b11e2a076ed76a807168c069915c6b78458338057d6318b838f7f5aedac607aef9d1b47bd918b4d7e1683a5869aeff26c496ee1e366538477ad012cca84f1282,gx-no-cache=1681740015225 HTTP/1.1" 200 30
190.171.152.138 - - [17/Apr/2023:11:15:41 -0300] "POST /cormun/servlet/hlogin?373b88441d2de93e9b1ed51fc5be2d6b,gx-no-cache=1681736409319 HTTP/1.1" 200 90
190.171.152.138 - - [17/Apr/2023:11:15:41 -0300] "GET /cormun/servlet/hpexe_link HTTP/1.1" 200 954
190.171.152.138 - - [17/Apr/2023:11:15:41 -0300] "GET /cormun/servlet/hhome HTTP/1.1" 200 3856
186.67.172.234 - - [17/Apr/2023:11:15:42 -0300] "GET /cormun/servlet/solicitudot?b11e2a076ed76a807168c069915c6b781be42a0611ab7149b2d73b26e810836c,gx-no-cache=1681740016355 HTTP/1.1" 200 53
190.171.152.138 - - [17/Apr/2023:11:15:42 -0300] "GET /cormun/servlet/hhome HTTP/1.1" 200 3853
190.171.152.138 - - [17/Apr/2023:11:15:45 -0300] "GET /cormun/servlet/trpermisosgoce? HTTP/1.1" 200 8802
190.171.152.138 - - [17/Apr/2023:11:15:46 -0300] "GET /cormun/servlet/trpermisosgoce? HTTP/1.1" 200 8800
190.171.152.138 - - [17/Apr/2023:11:15:52 -0300] "GET /cormun/servlet/permisogoce?INS,0,,, HTTP/1.1" 200 6718
190.171.152.138 - - [17/Apr/2023:11:15:52 -0300] "GET /cormun/servlet/permisogoce?INS,0,,, HTTP/1.1" 200 6718
190.171.152.138 - - [17/Apr/2023:11:16:07 -0300] "GET /cormun/servlet/permisogoce?2fabe83ca84a4e26a55fa6a4ee8e55472a345936f848b242532765d3935b527e45652acba08a6b354139e93f76bb3187d6ae607cb0b1ff719d9890f9164e7d8a,gx-no-cache=1681736435963 HTTP/1.1" 200 77
190.171.152.138 - - [17/Apr/2023:11:16:11 -0300] "GET /cormun/static/menuarrow.gif HTTP/1.1" 404 1015
186.67.172.234 - - [17/Apr/2023:11:16:12 -0300] "POST /cormun/servlet/solicitudot?gx-no-cache=1681740046794 HTTP/1.1" 200 297
186.67.172.234 - - [17/Apr/2023:11:16:13 -0300] "GET /cormun/servlet/solicitudot?b11e2a076ed76a807168c069915c6b78ac70bacb69ffa4a731afe2ae4adfd418563cdb78a68a8843818de4eeb7d7b5d046d8eb92eb3e5e56473c06bbe422749cbb1ac6797ff5e1837e49e68f5c29ee0e55e535abcb1cb312cb71bfe30dbc34b86f996eca10e1e28b9268a32c6e80f1b04444709cb61cd3cc19408cb2848bae8a2531a129e41edee65b084f1f2954060dbef3c52f52432e557fd6e483785a0246d8c781884724470533baa1f0e453e5c52bb507dd5416bd92c10ea792fa52b7732684654b502e3cc1ea5eeab55df30794856c50bc35ec8148f74de5e9cd8965db842f0ead31cdebf5183f1507b316d1014d7b6785516b9cbd81a6611d47ee29b21edeaae1b394c8d77142a81eef05d0838e441c5d36683d17658e38f985e1590a275540137cbe4b09eac4cc041e2e1f6a75456f130b07eb2d3ad64e6266b03c2fefe8b6bece6a16ec03cbd2a6c529b7a0b5c1ac326fb41bdd566a24d16a7ec86327a246e8f37c5e938fdc8dbde1e2dbf0e0bd334bf132db768c445203be3a52c6c496ee1e366538477ad012cca84f1282,gx-no-cache=1681740047856 HTTP/1.1" 200 30
190.171.152.138 - - [17/Apr/2023:11:16:26 -0300] "GET /cormun/servlet/permisogoce?2fabe83ca84a4e26a55fa6a4ee8e554725ecddf6883550f40811e2a5591f00fd67163be0ca9a1de05e20aaf57815a4bd8a9f62bf8a6ad1ada5dd2e677deb80e2,gx-no-cache=1681736454568 HTTP/1.1" 200 47
186.67.172.234 - - [17/Apr/2023:11:16:28 -0300] "POST /cormun/servlet/solicitudot?gx-no-cache=1681740063192 HTTP/1.1" 200 30
186.67.172.234 - - [17/Apr/2023:11:16:29 -0300] "POST /cormun/servlet/solicitudot?gx-no-cache=1681740064138 HTTP/1.1" 200 1466
186.67.172.234 - - [17/Apr/2023:11:16:29 -0300] "POST /cormun/servlet/solicitudot?gx-no-cache=1681740064206 HTTP/1.1" 200 38
190.171.152.138 - - [17/Apr/2023:11:16:36 -0300] "POST /cormun/servlet/permisogoce?373b88441d2de93e9b1ed51fc5be2d6b,INS,0,,,,gx-no-cache=1681736464226 HTTP/1.1" 200 93
190.171.152.138 - - [17/Apr/2023:11:16:36 -0300] "GET /cormun/servlet/hpexe_return? HTTP/1.1" 200 1012
190.171.152.138 - - [17/Apr/2023:11:16:36 -0300] "GET /cormun/servlet/trpermisosgoce HTTP/1.1" 200 9088
190.171.152.138 - - [17/Apr/2023:11:16:37 -0300] "GET /cormun/servlet/trpermisosgoce HTTP/1.1" 200 9082
186.67.172.234 - - [17/Apr/2023:11:16:41 -0300] "GET /cormun/servlet/solicitudot?b11e2a076ed76a807168c069915c6b780eccc2f82a23af2af93d90009ff754ebdd286ee49526aac80388e52ee94c79e06b39b9fe890da38e14e64767827d8c1321d9ae904d2d7f16eedef8861b53441f07efa9e97b0853b535e1cea737ff3897fba707f2aebdc586a33a5316ac2077b5,gx-no-cache=1681740075850 HTTP/1.1" 200 110
190.171.152.138 - - [17/Apr/2023:11:16:43 -0300] "GET /cormun/servlet/apermisogoceprn?13096248,P,20230417100006,PU HTTP/1.1" 200 1661
190.171.141.90 - - [17/Apr/2023:11:17:25 -0300] "GET /cormun/servlet/trpermisosgoce? HTTP/1.1" 200 6043
190.171.141.90 - - [17/Apr/2023:11:17:25 -0300] "GET /cormun/static/gxcfg.js?2020121631564 HTTP/1.1" 200 953
190.171.141.90 - - [17/Apr/2023:11:17:25 -0300] "GET /cormun/static/trpermisosgoce.js?2020121633681 HTTP/1.1" 200 35904
190.171.141.90 - - [17/Apr/2023:11:17:25 -0300] "GET /cormun/servlet/hlogin HTTP/1.1" 200 1743
190.171.141.90 - - [17/Apr/2023:11:17:25 -0300] "GET /cormun/servlet/trpermisosgoce? HTTP/1.1" 200 6034
190.171.141.90 - - [17/Apr/2023:11:17:31 -0300] "POST /cormun/servlet/hlogin?b9056e5222188f03d2ca8221d09ac5df,gx-no-cache=1681740126926 HTTP/1.1" 200 90
190.171.141.90 - - [17/Apr/2023:11:17:31 -0300] "GET /cormun/servlet/hpexe_link HTTP/1.1" 200 959
190.171.141.90 - - [17/Apr/2023:11:17:31 -0300] "GET /cormun/servlet/trpermisosgoce HTTP/1.1" 200 7584
186.67.172.234 - - [17/Apr/2023:11:17:31 -0300] "POST /cormun/servlet/solicitudot?gx-no-cache=1681740126281 HTTP/1.1" 200 72
190.171.141.90 - - [17/Apr/2023:11:17:32 -0300] "GET /cormun/servlet/trpermisosgoce HTTP/1.1" 200 7582
186.67.172.234 - - [17/Apr/2023:11:17:36 -0300] "GET /cormun/servlet/solicitudot?b11e2a076ed76a807168c069915c6b7843fa7e2b2525b065ceaf2a38100c9e043b852b91883866c0d901cabe91fe774194d24e0be6a4afc07ffc4342615162f178a4959806864cb85ea454d7c4463f0a7558f036636b624fcbbb9b28ad2f713bccbcd4a7a8b64ccce598d7990680a9b9,gx-no-cache=1681740130728 HTTP/1.1" 200 29
186.67.172.234 - - [17/Apr/2023:11:17:37 -0300] "GET /cormun/static/menuarrow.gif HTTP/1.1" 404 1015
190.171.141.90 - - [17/Apr/2023:11:17:48 -0300] "GET /cormun/static/menuarrow.gif HTTP/1.1" 404 1015
190.171.141.90 - - [17/Apr/2023:11:17:52 -0300] "POST /cormun/servlet/trpermisosgoce?b9056e5222188f03d2ca8221d09ac5df,gx-no-cache=1681740147854 HTTP/1.1" 200 5862
190.171.142.42 - - [17/Apr/2023:11:18:27 -0300] "GET /cormun/servlet/hlogin HTTP/1.1" 200 1738
190.171.142.42 - - [17/Apr/2023:11:18:27 -0300] "GET /favicon.ico HTTP/1.1" 200 21630
190.171.149.74 - - [17/Apr/2023:11:18:40 -0300] "POST /cormun/servlet/trlicencias?79762ffb19308ad460faaad80ac1504f,,gx-no-cache=1681740189755 HTTP/1.1" 440 972
190.171.149.74 - - [17/Apr/2023:11:18:41 -0300] "GET /cormun/servlet/trlicencias? HTTP/1.1" 200 7234
190.171.149.74 - - [17/Apr/2023:11:18:42 -0300] "GET /cormun/servlet/hlogin HTTP/1.1" 200 1743
190.171.149.74 - - [17/Apr/2023:11:18:42 -0300] "GET /cormun/servlet/trlicencias? HTTP/1.1" 200 7234
190.171.141.90 - - [17/Apr/2023:11:18:42 -0300] "GET /cormun/servlet/permisogoce?INS,0,,, HTTP/1.1" 200 6839
190.171.141.90 - - [17/Apr/2023:11:18:42 -0300] "GET /cormun/static/gxcfg.js?20201215124560 HTTP/1.1" 200 953
190.171.141.90 - - [17/Apr/2023:11:18:43 -0300] "GET /cormun/static/permisogoce.js?20201215124939 HTTP/1.1" 200 27790
190.171.141.90 - - [17/Apr/2023:11:18:43 -0300] "GET /cormun/servlet/permisogoce?INS,0,,, HTTP/1.1" 200 6839
190.171.149.74 - - [17/Apr/2023:11:18:48 -0300] "POST /cormun/servlet/hlogin?cffc3065a53f7036985038531b2835b7,gx-no-cache=1681740197238 HTTP/1.1" 200 90
190.171.149.74 - - [17/Apr/2023:11:18:48 -0300] "GET /cormun/servlet/hpexe_link HTTP/1.1" 200 961
190.171.149.74 - - [17/Apr/2023:11:18:48 -0300] "GET /cormun/servlet/trlicencias HTTP/1.1" 200 11093
190.171.149.74 - - [17/Apr/2023:11:18:48 -0300] "GET /cormun/servlet/trlicencias HTTP/1.1" 200 11095
190.171.141.90 - - [17/Apr/2023:11:18:52 -0300] "GET /cormun/static/Resources/PXTools/ClosePrompt.png HTTP/1.1" 200 1036
190.171.141.90 - - [17/Apr/2023:11:18:52 -0300] "GET /cormun/static/Resources/resize.gif HTTP/1.1" 200 77
190.171.141.90 - - [17/Apr/2023:11:18:53 -0300] "GET /cormun/servlet/prfichaempleado?,MD,,gxPopupLevel%3D0%3B HTTP/1.1" 200 9269
190.171.141.90 - - [17/Apr/2023:11:18:53 -0300] "GET /cormun/static/gxcfg.js?20201215571085 HTTP/1.1" 200 953
190.171.141.90 - - [17/Apr/2023:11:18:53 -0300] "GET /cormun/static/prfichaempleado.js?20201215572193 HTTP/1.1" 200 16005
190.171.141.90 - - [17/Apr/2023:11:18:53 -0300] "GET /cormun/static/menusearch.js?20201214473581 HTTP/1.1" 200 1424
190.171.141.90 - - [17/Apr/2023:11:18:53 -0300] "GET /cormun/static/hmpwkw011.js?202211298443482 HTTP/1.1" 200 1968
190.171.141.90 - - [17/Apr/2023:11:18:53 -0300] "GET /cormun/static/Resources/PXToolsMenuSearchCancel.png HTTP/1.1" 200 306
190.171.141.90 - - [17/Apr/2023:11:18:53 -0300] "GET /cormun/static/Resources/PXToolsMenuSearch.png HTTP/1.1" 200 336
190.171.141.90 - - [17/Apr/2023:11:18:57 -0300] "POST /cormun/servlet/prfichaempleado?b9056e5222188f03d2ca8221d09ac5df,,MD,,gxPopupLevel%3D0%3B,gx-no-cache=1681740212976 HTTP/1.1" 200 3540
190.171.141.90 - - [17/Apr/2023:11:19:02 -0300] "GET /cormun/servlet/permisogoce?8bb397c1b296546fe4284431bdd37b1c7f5664120f1f18afe79255460e37f96efab8f976434636ea3d1f1a69716e1014f5d05d4ef79e365d3cf399e6d2769e5a,gx-no-cache=1681740217265 HTTP/1.1" 200 78
190.171.141.90 - - [17/Apr/2023:11:19:02 -0300] "GET /cormun/static/menuarrow.gif HTTP/1.1" 404 1015
190.171.141.90 - - [17/Apr/2023:11:19:06 -0300] "GET /cormun/servlet/permisogoce?8bb397c1b296546fe4284431bdd37b1ce15810f99ba734bf2260bfc28372625ed8729c5565fab3819e4a43563e1b3cd964d351a6af53b2cec9a3fff7844254d7,gx-no-cache=1681740221900 HTTP/1.1" 200 47
190.171.141.90 - - [17/Apr/2023:11:19:12 -0300] "POST /cormun/servlet/permisogoce?b9056e5222188f03d2ca8221d09ac5df,INS,0,,,,gx-no-cache=1681740227073 HTTP/1.1" 200 93
190.171.141.90 - - [17/Apr/2023:11:19:12 -0300] "GET /cormun/servlet/hpexe_return? HTTP/1.1" 200 1034
190.171.141.90 - - [17/Apr/2023:11:19:12 -0300] "GET /cormun/servlet/trpermisosgoce?gx-no-cache=1681740147854 HTTP/1.1" 200 9002
190.171.141.90 - - [17/Apr/2023:11:19:12 -0300] "GET /cormun/servlet/trpermisosgoce?gx-no-cache=1681740147854 HTTP/1.1" 200 9019
190.171.141.90 - - [17/Apr/2023:11:19:23 -0300] "GET /cormun/servlet/permisogoce?INS,0,,, HTTP/1.1" 200 6863
190.171.141.90 - - [17/Apr/2023:11:19:23 -0300] "GET /cormun/servlet/permisogoce?INS,0,,, HTTP/1.1" 200 6838
190.171.141.90 - - [17/Apr/2023:11:19:25 -0300] "GET /cormun/servlet/prfichaempleado?,MD,,gxPopupLevel%3D0%3B HTTP/1.1" 200 9269
190.171.141.90 - - [17/Apr/2023:11:19:32 -0300] "POST /cormun/servlet/prfichaempleado?b9056e5222188f03d2ca8221d09ac5df,,MD,,gxPopupLevel%3D0%3B,gx-no-cache=1681740247208 HTTP/1.1" 200 6239
190.171.141.90 - - [17/Apr/2023:11:19:32 -0300] "GET /cormun/static/Resources/PXToolsGridLast.gif HTTP/1.1" 200 370
190.171.141.90 - - [17/Apr/2023:11:19:32 -0300] "GET /cormun/static/Resources/PXToolsGridNext.gif HTTP/1.1" 200 369
190.171.141.90 - - [17/Apr/2023:11:19:40 -0300] "GET /cormun/servlet/permisogoce?8bb397c1b296546fe4284431bdd37b1ccd6e662e52e0c69f089d96c2e54715cf671a2fde0691215f8fa0f8bc9b561f31b98867e8c7f3ec050e6f558c4f7bc572,gx-no-cache=1681740255448 HTTP/1.1" 200 83
190.171.141.90 - - [17/Apr/2023:11:19:40 -0300] "GET /cormun/static/menuarrow.gif HTTP/1.1" 404 1015
190.171.141.90 - - [17/Apr/2023:11:19:45 -0300] "GET /cormun/servlet/permisogoce?8bb397c1b296546fe4284431bdd37b1ceab4bf93181d5bb9b4b0e658b8fce8b20aff724404248e712b22e628afc4e64d7fc36eea86fbf5c428e5bc3276f33a7e,gx-no-cache=1681740260863 HTTP/1.1" 200 129
190.171.141.90 - - [17/Apr/2023:11:19:45 -0300] "GET /cormun/static/Shared/jqueryui/images/ui-bg_highlight-soft_100_c6c2c8_1x100.png HTTP/1.1" 404 1117
190.171.141.90 - - [17/Apr/2023:11:19:45 -0300] "GET /cormun/static/Shared/jqueryui/images/ui-icons_82798d_256x240.png HTTP/1.1" 404 1089
190.171.141.90 - - [17/Apr/2023:11:19:45 -0300] "GET /cormun/static/Shared/jqueryui/images/ui-bg_flat_55_994d53_40x100.png HTTP/1.1" 404 1097
190.171.141.90 - - [17/Apr/2023:11:19:45 -0300] "GET /cormun/static/Shared/jqueryui/images/ui-icons_ebccce_256x240.png HTTP/1.1" 404 1089
190.171.141.90 - - [17/Apr/2023:11:19:50 -0300] "GET /cormun/servlet/permisogoce?8bb397c1b296546fe4284431bdd37b1ceab4bf93181d5bb9b4b0e658b8fce8b2e419edda6d6eaec9dba1dfbd0034e5a57fc36eea86fbf5c428e5bc3276f33a7e,gx-no-cache=1681740265911 HTTP/1.1" 200 47
190.171.141.90 - - [17/Apr/2023:11:20:00 -0300] "POST /cormun/servlet/permisogoce?b9056e5222188f03d2ca8221d09ac5df,INS,0,,,,gx-no-cache=1681740275726 HTTP/1.1" 200 93
190.171.141.90 - - [17/Apr/2023:11:20:00 -0300] "GET /cormun/servlet/hpexe_return? HTTP/1.1" 200 1034
190.171.141.90 - - [17/Apr/2023:11:20:01 -0300] "GET /cormun/servlet/trpermisosgoce?gx-no-cache=1681740147854 HTTP/1.1" 200 9236
190.171.141.90 - - [17/Apr/2023:11:20:01 -0300] "GET /cormun/servlet/trpermisosgoce?gx-no-cache=1681740147854 HTTP/1.1" 200 9253
190.171.141.90 - - [17/Apr/2023:11:20:05 -0300] "GET /cormun/servlet/permisogoce?INS,0,,, HTTP/1.1" 200 6861
190.171.141.90 - - [17/Apr/2023:11:20:06 -0300] "GET /cormun/servlet/permisogoce?INS,0,,, HTTP/1.1" 200 6838
190.171.141.90 - - [17/Apr/2023:11:20:10 -0300] "GET /cormun/servlet/prfichaempleado?,MD,,gxPopupLevel%3D0%3B HTTP/1.1" 200 9269
190.171.141.90 - - [17/Apr/2023:11:20:15 -0300] "POST /cormun/servlet/prfichaempleado?b9056e5222188f03d2ca8221d09ac5df,,MD,,gxPopupLevel%3D0%3B,gx-no-cache=1681740290342 HTTP/1.1" 200 4128
190.171.141.90 - - [17/Apr/2023:11:20:21 -0300] "GET /cormun/servlet/permisogoce?8bb397c1b296546fe4284431bdd37b1cd07743c16fa93463bc34989be91de472fab8f976434636ea3d1f1a69716e1014f5d05d4ef79e365d3cf399e6d2769e5a,gx-no-cache=1681740296764 HTTP/1.1" 200 81
190.171.141.90 - - [17/Apr/2023:11:20:21 -0300] "GET /cormun/static/menuarrow.gif HTTP/1.1" 404 1015
190.171.141.90 - - [17/Apr/2023:11:20:26 -0300] "GET /cormun/servlet/permisogoce?8bb397c1b296546fe4284431bdd37b1c6e294b737c34de25f9569ec4595ddb49bdcf531facb0c464ac5e2067b297a83064d351a6af53b2cec9a3fff7844254d7,gx-no-cache=1681740301746 HTTP/1.1" 200 47
190.171.141.90 - - [17/Apr/2023:11:20:27 -0300] "POST /cormun/servlet/permisogoce?b9056e5222188f03d2ca8221d09ac5df,INS,0,,,,gx-no-cache=1681740302781 HTTP/1.1" 200 93
190.171.141.90 - - [17/Apr/2023:11:20:27 -0300] "GET /cormun/servlet/hpexe_return? HTTP/1.1" 200 1034
190.171.141.90 - - [17/Apr/2023:11:20:28 -0300] "GET /cormun/servlet/trpermisosgoce?gx-no-cache=1681740147854 HTTP/1.1" 200 9450
186.103.157.98 - - [17/Apr/2023:11:20:28 -0300] "GET /cormun/servlet/hlogin HTTP/1.1" 200 1720
190.171.141.90 - - [17/Apr/2023:11:20:28 -0300] "GET /cormun/servlet/trpermisosgoce?gx-no-cache=1681740147854 HTTP/1.1" 200 9466
186.103.157.98 - - [17/Apr/2023:11:20:36 -0300] "POST /cormun/servlet/hlogin?0b909d7914e9af17a3a012ee2e503f58,gx-no-cache=1681740313213 HTTP/1.1" 200 90
186.103.157.98 - - [17/Apr/2023:11:20:36 -0300] "GET /cormun/servlet/hpexe_link HTTP/1.1" 200 952
186.103.157.98 - - [17/Apr/2023:11:20:37 -0300] "GET /cormun/servlet/hhome HTTP/1.1" 200 4270
186.103.157.98 - - [17/Apr/2023:11:20:37 -0300] "GET /cormun/servlet/hhome HTTP/1.1" 200 4268
186.103.157.98 - - [17/Apr/2023:11:20:40 -0300] "GET /cormun/servlet/trsolicitudot? HTTP/1.1" 200 8927
186.103.157.98 - - [17/Apr/2023:11:20:40 -0300] "GET /cormun/servlet/trsolicitudot? HTTP/1.1" 200 8925
186.103.157.98 - - [17/Apr/2023:11:20:42 -0300] "GET /cormun/servlet/solicitudot?INS,0,0,false, HTTP/1.1" 200 16125
186.103.157.98 - - [17/Apr/2023:11:20:43 -0300] "GET /cormun/servlet/solicitudot?INS,0,0,false, HTTP/1.1" 200 16133
190.171.142.42 - - [17/Apr/2023:11:20:48 -0300] "GET /cormun/servlet/hlogin HTTP/1.1" 200 1720
186.103.157.98 - - [17/Apr/2023:11:20:50 -0300] "POST /cormun/servlet/solicitudot?gx-no-cache=1681740326795 HTTP/1.1" 200 4080
186.103.157.98 - - [17/Apr/2023:11:20:50 -0300] "POST /cormun/servlet/solicitudot?0b909d7914e9af17a3a012ee2e503f58,INS,0,0,false,,gx-no-cache=1681740326953 HTTP/1.1" 200 12918
186.103.157.98 - - [17/Apr/2023:11:20:50 -0300] "GET /cormun/servlet/solicitudot?9612a5dcc9e62ec127749ea0a9fa5d2cb5cbb51ec0262227206e66ef8fb24224078e6e734fa0d15543e983643f3ce4ae,gx-no-cache=1681740327282 HTTP/1.1" 200 30
186.67.172.234 - - [17/Apr/2023:11:20:54 -0300] "GET /cormun/servlet/solicitudot?b11e2a076ed76a807168c069915c6b78e0c7363a74d9e4e2c25100ff4bfcf4ba43350d0cd888c453adf49cb45ad4407b,gx-no-cache=1681740328742 HTTP/1.1" 200 30
190.171.142.42 - - [17/Apr/2023:11:20:57 -0300] "POST /cormun/servlet/hlogin?d36af9712ffff0498615dae0bdb59d5f,gx-no-cache=1681740332427 HTTP/1.1" 200 90
190.171.142.42 - - [17/Apr/2023:11:20:57 -0300] "GET /cormun/servlet/hpexe_link HTTP/1.1" 200 953
190.171.142.42 - - [17/Apr/2023:11:20:57 -0300] "GET /cormun/servlet/hhome HTTP/1.1" 200 4266
190.171.142.42 - - [17/Apr/2023:11:20:57 -0300] "GET /cormun/servlet/hhome HTTP/1.1" 200 4262
186.67.172.234 - - [17/Apr/2023:11:20:59 -0300] "POST /cormun/servlet/solicitudot?gx-no-cache=1681740334123 HTTP/1.1" 200 30
190.171.142.42 - - [17/Apr/2023:11:21:00 -0300] "GET /cormun/servlet/trlicencias? HTTP/1.1" 200 12926
190.171.142.42 - - [17/Apr/2023:11:21:01 -0300] "GET /cormun/servlet/trlicencias? HTTP/1.1" 200 12938
186.103.157.98 - - [17/Apr/2023:11:21:03 -0300] "GET /cormun/servlet/solicitudot?9612a5dcc9e62ec127749ea0a9fa5d2cdaf7b44fa40cd6eb7ebe4b5ea7cc6c1c5e7f7a772affce883ab0e8acceeffed4606a8fa241994d17698abdbba5dffcb2,gx-no-cache=1681740339501 HTTP/1.1" 200 30
186.103.157.98 - - [17/Apr/2023:11:21:03 -0300] "GET /cormun/servlet/solicitudot?9612a5dcc9e62ec127749ea0a9fa5d2c2be254a2563e19f2d05687a0d89d12d7,gx-no-cache=1681740339584 HTTP/1.1" 200 53
186.67.172.234 - - [17/Apr/2023:11:21:13 -0300] "POST /cormun/servlet/solicitudot?fbb1000edb2f71462dea7ebd4bada686,INS,0,0,false,,gx-no-cache=1681740347586 HTTP/1.1" 200 93
186.67.172.234 - - [17/Apr/2023:11:21:13 -0300] "GET /cormun/servlet/hpexe_return? HTTP/1.1" 200 1004
186.67.172.234 - - [17/Apr/2023:11:21:14 -0300] "GET /cormun/servlet/trsolicitudot HTTP/1.1" 200 8690
186.67.172.234 - - [17/Apr/2023:11:21:14 -0300] "GET /cormun/servlet/trsolicitudot HTTP/1.1" 200 8686
117.215.253.78 - - [17/Apr/2023:11:21:52 -0300] "GET /boaform/admin/formLogin?username=ec8&psd=ec8 HTTP/1.0" 404 1007
186.67.172.234 - - [17/Apr/2023:11:22:29 -0300] "POST /cormun/servlet/trsolicitudot?fbb1000edb2f71462dea7ebd4bada686,gx-no-cache=1681740423649 HTTP/1.1" 200 106
186.67.172.234 - - [17/Apr/2023:11:22:30 -0300] "GET /cormun/servlet/trsolicitudadjuntos?2023,20012, HTTP/1.1" 200 6291
186.67.172.234 - - [17/Apr/2023:11:22:30 -0300] "GET /cormun/servlet/trsolicitudadjuntos?2023,20012, HTTP/1.1" 200 6291
186.67.172.234 - - [17/Apr/2023:11:22:32 -0300] "GET /cormun/servlet/solicitudotadjuntos?INS,2023,20012,,1, HTTP/1.1" 200 6229
186.67.172.234 - - [17/Apr/2023:11:22:32 -0300] "GET /cormun/servlet/solicitudotadjuntos?INS,2023,20012,,1, HTTP/1.1" 200 6222
186.67.172.234 - - [17/Apr/2023:11:22:33 -0300] "GET /cormun/static/about:blank HTTP/1.1" 404 1011
186.67.172.234 - - [17/Apr/2023:11:22:33 -0300] "GET /cormun/servlet/solicitudotadjuntos?b11e2a076ed76a807168c069915c6b7838828d724b699cf7808c3145fadb03f4ae2ca067e49a0a7cbc9785655a70b0e2,gx-no-cache=1681740427555 HTTP/1.1" 200 30
186.67.172.234 - - [17/Apr/2023:11:22:33 -0300] "POST /cormun/servlet/solicitudotadjuntos?fbb1000edb2f71462dea7ebd4bada686,INS,2023,20012,,1,,gx-no-cache=1681740427607 HTTP/1.1" 200 4146
186.67.172.234 - - [17/Apr/2023:11:22:35 -0300] "POST /cormun/servlet/solicitudotadjuntos?gx-no-cache=1681740429376 HTTP/1.1" 200 26
186.103.157.98 - - [17/Apr/2023:11:23:21 -0300] "POST /cormun/servlet/solicitudot?gx-no-cache=1681740478164 HTTP/1.1" 200 255
186.103.157.98 - - [17/Apr/2023:11:23:21 -0300] "GET /cormun/servlet/solicitudot?9612a5dcc9e62ec127749ea0a9fa5d2c4b5fd14e1c3ccecdc9e7bbcd50d2dcd8c34733cd08a74f735a1fa85e5bc87b67ea8d634d309f3cc697bad09f1068ac855f315b44162efd926414ca09bbcbd38a69d76278a968076e76af66bb77fb99413fedc0ace35ff2d21351a035069a4071bdd0ae1028ebf7c204e288c7f0f660b3d49a36faa2b37affdaf71ac6fee024b7d1472d03279b28d39d71587ea08602016fbb635430251867795f1117f8145543502997c83dcd31ef449897f0acf527212b966a31393eebf52aa877e4457e3e8ecba996c3f65f7caf5715fce27b9fc99bb22999ea8b5ca063c44d29393776906cb84267e9c1e5d2c17da340c7268ac976a32ce6ac0799135ea9ecb0030fe331046f2496fbe88ce0af81a6edcd028f63da66c75e0d94e82cb24da1406b6e10bfe83d770cba35556a8e9cd8f0edff4ad0edf34a78cfce943717af8845ceb4886f0812bc0f032036e2e430e29d315d483fa8cc518dc1f0854156ff33f0a973b0ce71a5a13fd18e70fb8cdd6708e83f343a2d,gx-no-cache=1681740478230 HTTP/1.1" 200 30
186.103.157.98 - - [17/Apr/2023:11:23:21 -0300] "POST /cormun/servlet/solicitudot?gx-no-cache=1681740478251 HTTP/1.1" 200 30
186.103.157.98 - - [17/Apr/2023:11:23:21 -0300] "POST /cormun/servlet/solicitudot?gx-no-cache=1681740478282 HTTP/1.1" 200 1468
186.103.157.98 - - [17/Apr/2023:11:23:22 -0300] "POST /cormun/servlet/solicitudot?gx-no-cache=1681740478321 HTTP/1.1" 200 38
186.103.157.98 - - [17/Apr/2023:11:23:22 -0300] "GET /cormun/servlet/solicitudot?9612a5dcc9e62ec127749ea0a9fa5d2c1ceeb47993db56aa319aab9fdd7ef435c6cb52c086c7f8480e145a6edca822b42cf4fd35d9b223d6901a5065c9a0cbd57f8efbf88ffcc95b370be893e9f40a3b65f5f2387a08952883d42068570cb5c8a9bf3c726ff4624d0e5568b9f2dedb69,gx-no-cache=1681740478347 HTTP/1.1" 200 110
186.103.157.98 - - [17/Apr/2023:11:24:01 -0300] "GET /cormun/servlet/hlogin HTTP/1.1" 200 1746
186.103.157.98 - - [17/Apr/2023:11:24:07 -0300] "POST /cormun/servlet/hlogin?0b909d7914e9af17a3a012ee2e503f58,gx-no-cache=1681740523706 HTTP/1.1" 200 90
186.103.157.98 - - [17/Apr/2023:11:24:07 -0300] "GET /cormun/servlet/hpexe_link HTTP/1.1" 200 966
186.103.157.98 - - [17/Apr/2023:11:24:07 -0300] "GET /cormun/servlet/solicitudot?INS,0,0,false, HTTP/1.1" 200 16126
186.103.157.98 - - [17/Apr/2023:11:24:07 -0300] "GET /cormun/servlet/solicitudot?INS,0,0,false, HTTP/1.1" 200 16132
190.171.141.90 - - [17/Apr/2023:11:24:11 -0300] "GET /cormun/servlet/permisogoce?INS,0,,, HTTP/1.1" 200 6861
190.171.141.90 - - [17/Apr/2023:11:24:11 -0300] "GET /cormun/servlet/permisogoce?INS,0,,, HTTP/1.1" 200 6838
186.103.157.98 - - [17/Apr/2023:11:24:13 -0300] "POST /cormun/servlet/solicitudot?gx-no-cache=1681740529791 HTTP/1.1" 200 4089
186.103.157.98 - - [17/Apr/2023:11:24:13 -0300] "POST /cormun/servlet/solicitudot?0b909d7914e9af17a3a012ee2e503f58,INS,0,0,false,,gx-no-cache=1681740529947 HTTP/1.1" 200 12909
186.103.157.98 - - [17/Apr/2023:11:24:13 -0300] "GET /cormun/servlet/solicitudot?9612a5dcc9e62ec127749ea0a9fa5d2cb5cbb51ec0262227206e66ef8fb24224078e6e734fa0d15543e983643f3ce4ae,gx-no-cache=1681740530235 HTTP/1.1" 200 30
190.171.141.90 - - [17/Apr/2023:11:24:16 -0300] "GET /cormun/servlet/prfichaempleado?,MD,,gxPopupLevel%3D0%3B HTTP/1.1" 200 9269
186.103.157.98 - - [17/Apr/2023:11:24:20 -0300] "GET /cormun/servlet/solicitudot?9612a5dcc9e62ec127749ea0a9fa5d2cdaf7b44fa40cd6eb7ebe4b5ea7cc6c1c5e7f7a772affce883ab0e8acceeffed4606a8fa241994d17698abdbba5dffcb2,gx-no-cache=1681740536640 HTTP/1.1" 200 30
186.103.157.98 - - [17/Apr/2023:11:24:20 -0300] "GET /cormun/servlet/solicitudot?9612a5dcc9e62ec127749ea0a9fa5d2c2be254a2563e19f2d05687a0d89d12d7,gx-no-cache=1681740536688 HTTP/1.1" 200 53
186.103.157.98 - - [17/Apr/2023:11:24:20 -0300] "POST /cormun/servlet/solicitudot?gx-no-cache=1681740536715 HTTP/1.1" 200 240
186.103.157.98 - - [17/Apr/2023:11:24:20 -0300] "GET /cormun/servlet/solicitudot?9612a5dcc9e62ec127749ea0a9fa5d2c4b5fd14e1c3ccecdc9e7bbcd50d2dcd8bcaa5d5ac7b3855f422137eaf7a4224fea8d634d309f3cc697bad09f1068ac855f315b44162efd926414ca09bbcbd38a69d76278a968076e76af66bb77fb99413fedc0ace35ff2d21351a035069a4071bdd0ae1028ebf7c204e288c7f0f660b3d49a36faa2b37affdaf71ac6fee024b7d1472d03279b28d39d71587ea08602016fbb635430251867795f1117f8145543502997c83dcd31ef449897f0acf527212b966a31393eebf52aa877e4457e3e8ecba996c3f65f7caf5715fce27b9fc99bb22999ea8b5ca063c44d29393776906cb84267e9c1e5d2c17da340c7268ac976a32ce6ac0799135ea9ecb0030fe331043f08910a3648f95e4e1868ac9c10488bc230b87857a7a3c1902f4325c4fd1ef2246ddceace01f0cad1fad7a295446959eb88a32049c7733cb9c1c76e9b65de10f9352b35cf03021ec7fcbbf759ffa7e5ec9306b1048ea37e05a7d4ff5e085bfaa4fd060dd78a5a09c32cf0badb7cb86c,gx-no-cache=1681740536746 HTTP/1.1" 200 30
190.171.141.90 - - [17/Apr/2023:11:24:27 -0300] "POST /cormun/servlet/prfichaempleado?b9056e5222188f03d2ca8221d09ac5df,,MD,,gxPopupLevel%3D0%3B,gx-no-cache=1681740543030 HTTP/1.1" 200 3171
186.103.157.98 - - [17/Apr/2023:11:24:29 -0300] "POST /cormun/servlet/solicitudot?gx-no-cache=1681740545921 HTTP/1.1" 200 30
190.171.141.90 - - [17/Apr/2023:11:25:41 -0300] "GET /cormun/servlet/prfichaempleado?,MD,,gxPopupLevel%3D0%3B HTTP/1.1" 200 9269
190.171.141.90 - - [17/Apr/2023:11:25:47 -0300] "POST /cormun/servlet/prfichaempleado?b9056e5222188f03d2ca8221d09ac5df,,MD,,gxPopupLevel%3D0%3B,gx-no-cache=1681740622965 HTTP/1.1" 200 4128
190.171.141.90 - - [17/Apr/2023:11:25:52 -0300] "GET /cormun/servlet/permisogoce?8bb397c1b296546fe4284431bdd37b1cd07743c16fa93463bc34989be91de472fab8f976434636ea3d1f1a69716e1014f5d05d4ef79e365d3cf399e6d2769e5a,gx-no-cache=1681740627861 HTTP/1.1" 200 83
190.171.141.90 - - [17/Apr/2023:11:25:52 -0300] "GET /cormun/static/menuarrow.gif HTTP/1.1" 404 1015
190.171.152.138 - - [17/Apr/2023:11:25:54 -0300] "GET /cormun/servlet/trpermisosadjuntos?13096248,20230417100006,P, HTTP/1.1" 200 6180
190.171.152.138 - - [17/Apr/2023:11:25:55 -0300] "GET /cormun/servlet/trpermisosadjuntos?13096248,20230417100006,P, HTTP/1.1" 200 6179
190.171.152.138 - - [17/Apr/2023:11:25:59 -0300] "GET /cormun/servlet/permisosadjuntos?INS,13096248,P,20230417100006,, HTTP/1.1" 200 5497
190.171.152.138 - - [17/Apr/2023:11:26:00 -0300] "GET /cormun/static/about:blank HTTP/1.1" 404 1011
190.171.152.138 - - [17/Apr/2023:11:26:00 -0300] "GET /cormun/servlet/permisosadjuntos?INS,13096248,P,20230417100006,, HTTP/1.1" 200 5487
190.171.141.90 - - [17/Apr/2023:11:26:01 -0300] "GET /cormun/servlet/permisogoce?8bb397c1b296546fe4284431bdd37b1c6e294b737c34de25f9569ec4595ddb495f2227d2a2b60bf6c3b1abcf976ee4d264d351a6af53b2cec9a3fff7844254d7,gx-no-cache=1681740636979 HTTP/1.1" 200 48
190.171.152.138 - - [17/Apr/2023:11:26:09 -0300] "POST /cormun/servlet/permisosadjuntos?373b88441d2de93e9b1ed51fc5be2d6b,INS,13096248,P,20230417100006,,,gx-no-cache=1681737037081 HTTP/1.1" 200 90
190.171.152.138 - - [17/Apr/2023:11:26:09 -0300] "GET /cormun/servlet/hpexe_link HTTP/1.1" 200 993
190.171.152.138 - - [17/Apr/2023:11:26:09 -0300] "GET /cormun/servlet/trpermisosadjuntos?13096248,20230417100006,P, HTTP/1.1" 200 6181
190.171.152.138 - - [17/Apr/2023:11:26:09 -0300] "GET /cormun/servlet/trpermisosadjuntos?13096248,20230417100006,P, HTTP/1.1" 200 6179
190.171.141.90 - - [17/Apr/2023:11:26:13 -0300] "POST /cormun/servlet/permisogoce?b9056e5222188f03d2ca8221d09ac5df,INS,0,,,,gx-no-cache=1681740638846 HTTP/1.1" 200 93
190.171.141.90 - - [17/Apr/2023:11:26:13 -0300] "GET /cormun/servlet/hpexe_return? HTTP/1.1" 200 1034
190.171.141.90 - - [17/Apr/2023:11:26:13 -0300] "GET /cormun/servlet/trpermisosgoce?gx-no-cache=1681740147854 HTTP/1.1" 200 9613
190.171.141.90 - - [17/Apr/2023:11:26:14 -0300] "GET /cormun/servlet/trpermisosgoce?gx-no-cache=1681740147854 HTTP/1.1" 200 9630
190.171.141.90 - - [17/Apr/2023:11:26:16 -0300] "GET /cormun/servlet/permisogoce?INS,0,,, HTTP/1.1" 200 6860
190.171.141.90 - - [17/Apr/2023:11:26:16 -0300] "GET /cormun/servlet/permisogoce?INS,0,,, HTTP/1.1" 200 6837
190.171.152.138 - - [17/Apr/2023:11:26:17 -0300] "GET /cormun/servlet/permisosadjuntos?INS,13096248,P,20230417100006,, HTTP/1.1" 200 5497
190.171.152.138 - - [17/Apr/2023:11:26:17 -0300] "GET /cormun/static/about:blank HTTP/1.1" 404 1011
190.171.152.138 - - [17/Apr/2023:11:26:18 -0300] "GET /cormun/servlet/permisosadjuntos?INS,13096248,P,20230417100006,, HTTP/1.1" 200 5487
190.171.141.90 - - [17/Apr/2023:11:26:18 -0300] "GET /cormun/servlet/prfichaempleado?,MD,,gxPopupLevel%3D0%3B HTTP/1.1" 200 9269
190.171.141.90 - - [17/Apr/2023:11:26:23 -0300] "POST /cormun/servlet/prfichaempleado?b9056e5222188f03d2ca8221d09ac5df,,MD,,gxPopupLevel%3D0%3B,gx-no-cache=1681740658197 HTTP/1.1" 200 6239
190.171.141.90 - - [17/Apr/2023:11:26:34 -0300] "POST /cormun/servlet/prfichaempleado?b9056e5222188f03d2ca8221d09ac5df,,MD,,gxPopupLevel%3D0%3B,gx-no-cache=1681740669198 HTTP/1.1" 200 3405
190.171.141.90 - - [17/Apr/2023:11:26:37 -0300] "GET /cormun/servlet/permisogoce?8bb397c1b296546fe4284431bdd37b1cea3c7cb9fa711436eb188854ee95c7d7fab8f976434636ea3d1f1a69716e1014f5d05d4ef79e365d3cf399e6d2769e5a,gx-no-cache=1681740672717 HTTP/1.1" 200 80
190.171.141.90 - - [17/Apr/2023:11:26:37 -0300] "GET /cormun/static/menuarrow.gif HTTP/1.1" 404 1015
186.103.157.98 - - [17/Apr/2023:11:26:41 -0300] "GET /cormun/servlet/prfichaempleado?,MD,,gxPopupLevel%3D0%3B HTTP/1.1" 200 9299
186.103.157.98 - - [17/Apr/2023:11:26:41 -0300] "GET /cormun/static/hmpwkw011.js?202211298443482 HTTP/1.1" 304 -
190.171.141.90 - - [17/Apr/2023:11:26:45 -0300] "GET /cormun/servlet/permisogoce?8bb397c1b296546fe4284431bdd37b1c19136d87138cf9a7e1b326c8f088c8771568e2d7556aa2aef723b170bf9702f553d0e9cce7e6f1b2d8147cc6d03dade8,gx-no-cache=1681740680716 HTTP/1.1" 200 47
190.171.141.90 - - [17/Apr/2023:11:26:51 -0300] "POST /cormun/servlet/permisogoce?b9056e5222188f03d2ca8221d09ac5df,INS,0,,,,gx-no-cache=1681740681622 HTTP/1.1" 200 93
190.171.141.90 - - [17/Apr/2023:11:26:51 -0300] "GET /cormun/servlet/hpexe_return? HTTP/1.1" 200 1034
186.103.157.98 - - [17/Apr/2023:11:26:51 -0300] "POST /cormun/servlet/prfichaempleado?0b909d7914e9af17a3a012ee2e503f58,,MD,,gxPopupLevel%3D0%3B,gx-no-cache=1681740688111 HTTP/1.1" 200 3419
190.171.141.90 - - [17/Apr/2023:11:26:51 -0300] "GET /cormun/servlet/trpermisosgoce?gx-no-cache=1681740147854 HTTP/1.1" 200 9830
190.171.141.90 - - [17/Apr/2023:11:26:52 -0300] "GET /cormun/servlet/trpermisosgoce?gx-no-cache=1681740147854 HTTP/1.1" 200 9846
190.171.141.90 - - [17/Apr/2023:11:26:54 -0300] "GET /cormun/servlet/permisogoce?INS,0,,, HTTP/1.1" 200 6861
190.171.141.90 - - [17/Apr/2023:11:26:55 -0300] "GET /cormun/servlet/permisogoce?INS,0,,, HTTP/1.1" 200 6838
186.103.157.98 - - [17/Apr/2023:11:26:57 -0300] "POST /cormun/servlet/solicitudot?gx-no-cache=1681740693478 HTTP/1.1" 200 1468
186.103.157.98 - - [17/Apr/2023:11:26:57 -0300] "GET /cormun/static/menuarrow.gif HTTP/1.1" 404 1015
190.171.149.74 - - [17/Apr/2023:11:26:59 -0300] "POST /cormun/servlet/trlicencias?cffc3065a53f7036985038531b2835b7,gx-no-cache=1681740687807 HTTP/1.1" 200 8486
186.103.157.98 - - [17/Apr/2023:11:27:05 -0300] "POST /cormun/servlet/solicitudot?gx-no-cache=1681740702308 HTTP/1.1" 200 41
186.103.157.98 - - [17/Apr/2023:11:27:06 -0300] "GET /cormun/servlet/solicitudot?9612a5dcc9e62ec127749ea0a9fa5d2c1ceeb47993db56aa319aab9fdd7ef435c6cb52c086c7f8480e145a6edca822b42cf4fd35d9b223d6901a5065c9a0cbd57f8efbf88ffcc95b370be893e9f40a3b65f5f2387a08952883d42068570cb5c8a9bf3c726ff4624d0e5568b9f2dedb69,gx-no-cache=1681740702343 HTTP/1.1" 200 110
186.103.157.98 - - [17/Apr/2023:11:27:06 -0300] "POST /cormun/servlet/solicitudot?gx-no-cache=1681740702373 HTTP/1.1" 200 97
186.103.157.98 - - [17/Apr/2023:11:27:10 -0300] "GET /cormun/servlet/solicitudot?9612a5dcc9e62ec127749ea0a9fa5d2ce51e51dd9a8cf81a573fbfcde331c6064e21689e3aaa2e47d19030bb51ab08fb7b5a10b6aa877e4c04c092538e066d08a386ce674d0f07e460a867db232e5073134273bf58f913d350ce638d55efa750fd181b721d3efa880cc1ba1155d5aa0c007b2e9049616b231c9b150ab7ad7e511f51c41fe5469d35ad0fbec22f6d9e2fc57656d14028dadc6fcc68930541b2d9,gx-no-cache=1681740706624 HTTP/1.1" 200 29
190.171.143.90 - - [17/Apr/2023:11:27:20 -0300] "GET /cormun/servlet/hlogin HTTP/1.1" 200 1714
190.171.143.90 - - [17/Apr/2023:11:27:20 -0300] "GET /cormun/servlet/hlogin HTTP/1.1" 200 1724
190.171.143.90 - - [17/Apr/2023:11:27:28 -0300] "POST /cormun/servlet/hlogin?bd699c37f7a3846c13b1bdc8d9ba0478,gx-no-cache=1681740723207 HTTP/1.1" 200 90
190.171.143.90 - - [17/Apr/2023:11:27:29 -0300] "GET /cormun/servlet/hpexe_link HTTP/1.1" 200 945
190.171.143.90 - - [17/Apr/2023:11:27:29 -0300] "GET /cormun/servlet/hhome HTTP/1.1" 200 4306
190.171.143.90 - - [17/Apr/2023:11:27:29 -0300] "GET /cormun/servlet/hhome HTTP/1.1" 200 4302
186.67.172.234 - - [17/Apr/2023:11:27:31 -0300] "GET /cormun/servlet/solicitudotadjuntos?b11e2a076ed76a807168c069915c6b78f3606d41ecfb8793b53646e72e0ee216,gx-no-cache=1681740725957 HTTP/1.1" 200 30
186.67.172.234 - - [17/Apr/2023:11:27:31 -0300] "GET /cormun/servlet/solicitudotadjuntos?b11e2a076ed76a807168c069915c6b78f3606d41ecfb8793b53646e72e0ee216,gx-no-cache=1681740726004 HTTP/1.1" 200 30
186.67.172.234 - - [17/Apr/2023:11:27:31 -0300] "POST /cormun/servlet/solicitudotadjuntos?fbb1000edb2f71462dea7ebd4bada686,INS,2023,20012,,1, HTTP/1.1" 200 116
186.67.172.234 - - [17/Apr/2023:11:27:32 -0300] "GET /cormun/servlet/hpexe_return? HTTP/1.1" 200 1021
186.67.172.234 - - [17/Apr/2023:11:27:32 -0300] "GET /cormun/servlet/trsolicitudadjuntos?2023,20012, HTTP/1.1" 200 9214
190.171.143.90 - - [17/Apr/2023:11:27:32 -0300] "GET /cormun/servlet/trlicencias? HTTP/1.1" 200 11506
186.67.172.234 - - [17/Apr/2023:11:27:32 -0300] "GET /cormun/servlet/trsolicitudadjuntos?2023,20012, HTTP/1.1" 200 9213
190.171.143.90 - - [17/Apr/2023:11:27:33 -0300] "GET /cormun/servlet/trlicencias? HTTP/1.1" 200 11502
186.67.172.234 - - [17/Apr/2023:11:27:34 -0300] "GET /cormun/servlet/solicitudotadjuntos?INS,2023,20012,,1, HTTP/1.1" 200 6229
186.67.172.234 - - [17/Apr/2023:11:27:34 -0300] "GET /cormun/static/about:blank HTTP/1.1" 404 1011
186.67.172.234 - - [17/Apr/2023:11:27:34 -0300] "GET /cormun/servlet/solicitudotadjuntos?INS,2023,20012,,1, HTTP/1.1" 200 6222
186.67.172.234 - - [17/Apr/2023:11:27:34 -0300] "GET /cormun/servlet/solicitudotadjuntos?b11e2a076ed76a807168c069915c6b7838828d724b699cf7808c3145fadb03f4ae2ca067e49a0a7cbc9785655a70b0e2,gx-no-cache=1681740729328 HTTP/1.1" 200 30
186.67.172.234 - - [17/Apr/2023:11:27:35 -0300] "POST /cormun/servlet/solicitudotadjuntos?fbb1000edb2f71462dea7ebd4bada686,INS,2023,20012,,1,,gx-no-cache=1681740729339 HTTP/1.1" 200 4146
186.67.172.234 - - [17/Apr/2023:11:27:37 -0300] "POST /cormun/servlet/solicitudotadjuntos?gx-no-cache=1681740731389 HTTP/1.1" 200 26
186.67.172.234 - - [17/Apr/2023:11:27:48 -0300] "GET /cormun/servlet/solicitudotadjuntos?b11e2a076ed76a807168c069915c6b78f3606d41ecfb8793b53646e72e0ee216,gx-no-cache=1681740742421 HTTP/1.1" 200 30
186.67.172.234 - - [17/Apr/2023:11:27:48 -0300] "GET /cormun/servlet/solicitudotadjuntos?b11e2a076ed76a807168c069915c6b78f3606d41ecfb8793b53646e72e0ee216,gx-no-cache=1681740742436 HTTP/1.1" 200 30
186.67.172.234 - - [17/Apr/2023:11:27:48 -0300] "POST /cormun/servlet/solicitudotadjuntos?fbb1000edb2f71462dea7ebd4bada686,INS,2023,20012,,1, HTTP/1.1" 200 116
186.67.172.234 - - [17/Apr/2023:11:27:48 -0300] "GET /cormun/servlet/hpexe_return? HTTP/1.1" 200 1021
186.67.172.234 - - [17/Apr/2023:11:27:48 -0300] "GET /cormun/servlet/trsolicitudadjuntos?2023,20012, HTTP/1.1" 200 9489
186.67.172.234 - - [17/Apr/2023:11:27:48 -0300] "GET /cormun/servlet/trsolicitudadjuntos?2023,20012, HTTP/1.1" 200 9486
186.67.172.234 - - [17/Apr/2023:11:27:50 -0300] "GET /cormun/servlet/solicitudotadjuntos?INS,2023,20012,,1, HTTP/1.1" 200 6228
186.67.172.234 - - [17/Apr/2023:11:27:50 -0300] "GET /cormun/static/about:blank HTTP/1.1" 404 1011
186.67.172.234 - - [17/Apr/2023:11:27:50 -0300] "GET /cormun/servlet/solicitudotadjuntos?INS,2023,20012,,1, HTTP/1.1" 200 6221
186.67.172.234 - - [17/Apr/2023:11:27:51 -0300] "GET /cormun/servlet/solicitudotadjuntos?b11e2a076ed76a807168c069915c6b7838828d724b699cf7808c3145fadb03f4ae2ca067e49a0a7cbc9785655a70b0e2,gx-no-cache=1681740745374 HTTP/1.1" 200 30
186.67.172.234 - - [17/Apr/2023:11:27:51 -0300] "POST /cormun/servlet/solicitudotadjuntos?fbb1000edb2f71462dea7ebd4bada686,INS,2023,20012,,1,,gx-no-cache=1681740745385 HTTP/1.1" 200 4145
186.67.172.234 - - [17/Apr/2023:11:27:52 -0300] "POST /cormun/servlet/solicitudotadjuntos?gx-no-cache=1681740746821 HTTP/1.1" 200 26
186.67.172.234 - - [17/Apr/2023:11:27:57 -0300] "GET /cormun/servlet/solicitudotadjuntos?b11e2a076ed76a807168c069915c6b78f3606d41ecfb8793b53646e72e0ee216,gx-no-cache=1681740751581 HTTP/1.1" 200 30
186.67.172.234 - - [17/Apr/2023:11:27:57 -0300] "GET /cormun/servlet/solicitudotadjuntos?b11e2a076ed76a807168c069915c6b78f3606d41ecfb8793b53646e72e0ee216,gx-no-cache=1681740751591 HTTP/1.1" 200 30
186.67.172.234 - - [17/Apr/2023:11:27:57 -0300] "POST /cormun/servlet/solicitudotadjuntos?fbb1000edb2f71462dea7ebd4bada686,INS,2023,20012,,1, HTTP/1.1" 200 116
186.67.172.234 - - [17/Apr/2023:11:27:57 -0300] "GET /cormun/servlet/hpexe_return? HTTP/1.1" 200 1021
186.67.172.234 - - [17/Apr/2023:11:27:57 -0300] "GET /cormun/servlet/trsolicitudadjuntos?2023,20012, HTTP/1.1" 200 9704
186.67.172.234 - - [17/Apr/2023:11:27:57 -0300] "GET /cormun/servlet/trsolicitudadjuntos?2023,20012, HTTP/1.1" 200 9700
186.67.172.234 - - [17/Apr/2023:11:28:00 -0300] "GET /cormun/servlet/solicitudotadjuntos?INS,2023,20012,,1, HTTP/1.1" 200 6228
186.67.172.234 - - [17/Apr/2023:11:28:00 -0300] "GET /cormun/static/about:blank HTTP/1.1" 404 1011
186.67.172.234 - - [17/Apr/2023:11:28:00 -0300] "GET /cormun/servlet/solicitudotadjuntos?INS,2023,20012,,1, HTTP/1.1" 200 6221
186.67.172.234 - - [17/Apr/2023:11:28:00 -0300] "GET /cormun/servlet/solicitudotadjuntos?b11e2a076ed76a807168c069915c6b7838828d724b699cf7808c3145fadb03f4ae2ca067e49a0a7cbc9785655a70b0e2,gx-no-cache=1681740755224 HTTP/1.1" 200 30
186.67.172.234 - - [17/Apr/2023:11:28:00 -0300] "POST /cormun/servlet/solicitudotadjuntos?fbb1000edb2f71462dea7ebd4bada686,INS,2023,20012,,1,,gx-no-cache=1681740755235 HTTP/1.1" 200 4145
186.67.172.234 - - [17/Apr/2023:11:28:02 -0300] "POST /cormun/servlet/solicitudotadjuntos?gx-no-cache=1681740757021 HTTP/1.1" 200 26
186.67.172.234 - - [17/Apr/2023:11:28:06 -0300] "GET /cormun/servlet/solicitudotadjuntos?b11e2a076ed76a807168c069915c6b78f3606d41ecfb8793b53646e72e0ee216,gx-no-cache=1681740760365 HTTP/1.1" 200 30
186.67.172.234 - - [17/Apr/2023:11:28:06 -0300] "GET /cormun/servlet/solicitudotadjuntos?b11e2a076ed76a807168c069915c6b78f3606d41ecfb8793b53646e72e0ee216,gx-no-cache=1681740760374 HTTP/1.1" 200 30
186.67.172.234 - - [17/Apr/2023:11:28:06 -0300] "POST /cormun/servlet/solicitudotadjuntos?fbb1000edb2f71462dea7ebd4bada686,INS,2023,20012,,1, HTTP/1.1" 200 116
186.67.172.234 - - [17/Apr/2023:11:28:06 -0300] "GET /cormun/servlet/hpexe_return? HTTP/1.1" 200 1021
186.67.172.234 - - [17/Apr/2023:11:28:06 -0300] "GET /cormun/servlet/trsolicitudadjuntos?2023,20012, HTTP/1.1" 200 9935
186.67.172.234 - - [17/Apr/2023:11:28:06 -0300] "GET /cormun/servlet/trsolicitudadjuntos?2023,20012, HTTP/1.1" 200 9932
186.67.172.234 - - [17/Apr/2023:11:28:08 -0300] "GET /cormun/servlet/solicitudotadjuntos?INS,2023,20012,,1, HTTP/1.1" 200 6228
186.67.172.234 - - [17/Apr/2023:11:28:08 -0300] "GET /cormun/static/about:blank HTTP/1.1" 404 1011
186.67.172.234 - - [17/Apr/2023:11:28:08 -0300] "GET /cormun/servlet/solicitudotadjuntos?INS,2023,20012,,1, HTTP/1.1" 200 6221
186.67.172.234 - - [17/Apr/2023:11:28:08 -0300] "GET /cormun/servlet/solicitudotadjuntos?b11e2a076ed76a807168c069915c6b7838828d724b699cf7808c3145fadb03f4ae2ca067e49a0a7cbc9785655a70b0e2,gx-no-cache=1681740763164 HTTP/1.1" 200 30
186.67.172.234 - - [17/Apr/2023:11:28:08 -0300] "POST /cormun/servlet/solicitudotadjuntos?fbb1000edb2f71462dea7ebd4bada686,INS,2023,20012,,1,,gx-no-cache=1681740763176 HTTP/1.1" 200 4145
186.67.172.234 - - [17/Apr/2023:11:28:11 -0300] "POST /cormun/servlet/solicitudotadjuntos?gx-no-cache=1681740765973 HTTP/1.1" 200 26
186.103.157.98 - - [17/Apr/2023:11:28:12 -0300] "GET /cormun/servlet/solicitudot?9612a5dcc9e62ec127749ea0a9fa5d2c8820728586552ac918eb81eacff4c8e2a0a18c437a25f686494c92781c55860c,gx-no-cache=1681740768378 HTTP/1.1" 200 30
186.103.157.98 - - [17/Apr/2023:11:28:12 -0300] "POST /cormun/servlet/solicitudot?gx-no-cache=1681740768424 HTTP/1.1" 200 34
186.67.172.234 - - [17/Apr/2023:11:28:16 -0300] "GET /cormun/servlet/solicitudotadjuntos?b11e2a076ed76a807168c069915c6b78f3606d41ecfb8793b53646e72e0ee216,gx-no-cache=1681740770628 HTTP/1.1" 200 30
186.67.172.234 - - [17/Apr/2023:11:28:16 -0300] "GET /cormun/servlet/solicitudotadjuntos?b11e2a076ed76a807168c069915c6b78f3606d41ecfb8793b53646e72e0ee216,gx-no-cache=1681740770638 HTTP/1.1" 200 30
186.67.172.234 - - [17/Apr/2023:11:28:16 -0300] "POST /cormun/servlet/solicitudotadjuntos?fbb1000edb2f71462dea7ebd4bada686,INS,2023,20012,,1, HTTP/1.1" 200 116
186.67.172.234 - - [17/Apr/2023:11:28:16 -0300] "GET /cormun/servlet/hpexe_return? HTTP/1.1" 200 1021
186.67.172.234 - - [17/Apr/2023:11:28:16 -0300] "GET /cormun/servlet/trsolicitudadjuntos?2023,20012, HTTP/1.1" 200 10228
186.67.172.234 - - [17/Apr/2023:11:28:16 -0300] "GET /cormun/servlet/trsolicitudadjuntos?2023,20012, HTTP/1.1" 200 10226
186.67.172.234 - - [17/Apr/2023:11:28:18 -0300] "GET /cormun/servlet/solicitudotadjuntos?INS,2023,20012,,1, HTTP/1.1" 200 6228
186.67.172.234 - - [17/Apr/2023:11:28:18 -0300] "GET /cormun/static/about:blank HTTP/1.1" 404 1011
186.67.172.234 - - [17/Apr/2023:11:28:18 -0300] "GET /cormun/servlet/solicitudotadjuntos?INS,2023,20012,,1, HTTP/1.1" 200 6221
186.67.172.234 - - [17/Apr/2023:11:28:19 -0300] "GET /cormun/servlet/solicitudotadjuntos?b11e2a076ed76a807168c069915c6b7838828d724b699cf7808c3145fadb03f4ae2ca067e49a0a7cbc9785655a70b0e2,gx-no-cache=1681740773430 HTTP/1.1" 200 30
186.67.172.234 - - [17/Apr/2023:11:28:19 -0300] "POST /cormun/servlet/solicitudotadjuntos?fbb1000edb2f71462dea7ebd4bada686,INS,2023,20012,,1,,gx-no-cache=1681740773440 HTTP/1.1" 200 4145
186.103.157.98 - - [17/Apr/2023:11:28:20 -0300] "POST /cormun/servlet/solicitudot?0b909d7914e9af17a3a012ee2e503f58,INS,0,0,false,,gx-no-cache=1681740775843 HTTP/1.1" 200 93
186.103.157.98 - - [17/Apr/2023:11:28:20 -0300] "GET /cormun/servlet/hpexe_return? HTTP/1.1" 200 1009
186.103.157.98 - - [17/Apr/2023:11:28:20 -0300] "GET /cormun/servlet/trsolicitudot HTTP/1.1" 200 9467
186.103.157.98 - - [17/Apr/2023:11:28:20 -0300] "GET /cormun/servlet/trsolicitudot HTTP/1.1" 200 9463
186.67.172.234 - - [17/Apr/2023:11:28:22 -0300] "POST /cormun/servlet/solicitudotadjuntos?gx-no-cache=1681740776604 HTTP/1.1" 200 26
186.67.172.234 - - [17/Apr/2023:11:28:29 -0300] "GET /cormun/servlet/solicitudotadjuntos?b11e2a076ed76a807168c069915c6b78f3606d41ecfb8793b53646e72e0ee216,gx-no-cache=1681740783661 HTTP/1.1" 200 30
186.67.172.234 - - [17/Apr/2023:11:28:29 -0300] "GET /cormun/servlet/solicitudotadjuntos?b11e2a076ed76a807168c069915c6b78f3606d41ecfb8793b53646e72e0ee216,gx-no-cache=1681740783672 HTTP/1.1" 200 30
186.67.172.234 - - [17/Apr/2023:11:28:29 -0300] "POST /cormun/servlet/solicitudotadjuntos?fbb1000edb2f71462dea7ebd4bada686,INS,2023,20012,,1, HTTP/1.1" 200 116
186.67.172.234 - - [17/Apr/2023:11:28:29 -0300] "GET /cormun/servlet/hpexe_return? HTTP/1.1" 200 1021
186.67.172.234 - - [17/Apr/2023:11:28:29 -0300] "GET /cormun/servlet/trsolicitudadjuntos?2023,20012, HTTP/1.1" 200 10425
186.67.172.234 - - [17/Apr/2023:11:28:30 -0300] "GET /cormun/servlet/trsolicitudadjuntos?2023,20012, HTTP/1.1" 200 10421
186.103.157.98 - - [17/Apr/2023:11:28:32 -0300] "POST /cormun/servlet/trsolicitudot?0b909d7914e9af17a3a012ee2e503f58,gx-no-cache=1681740788358 HTTP/1.1" 200 106
186.103.157.98 - - [17/Apr/2023:11:28:32 -0300] "GET /cormun/servlet/trsolicitudadjuntos?2023,20013, HTTP/1.1" 200 6377
186.103.157.98 - - [17/Apr/2023:11:28:32 -0300] "GET /cormun/servlet/trsolicitudadjuntos?2023,20013, HTTP/1.1" 200 6377
186.67.172.234 - - [17/Apr/2023:11:28:32 -0300] "POST /cormun/servlet/trsolicitudadjuntos?fbb1000edb2f71462dea7ebd4bada686,2023,20012,,gx-no-cache=1681740786703 HTTP/1.1" 200 90
186.67.172.234 - - [17/Apr/2023:11:28:33 -0300] "GET /cormun/servlet/hpexe_link HTTP/1.1" 200 964
186.67.172.234 - - [17/Apr/2023:11:28:33 -0300] "GET /cormun/servlet/trsolicitudot HTTP/1.1" 200 8687
186.67.172.234 - - [17/Apr/2023:11:28:34 -0300] "GET /cormun/servlet/trsolicitudot HTTP/1.1" 200 8686
186.103.157.98 - - [17/Apr/2023:11:28:34 -0300] "GET /cormun/servlet/solicitudotadjuntos?INS,2023,20013,,1, HTTP/1.1" 200 6320
186.103.157.98 - - [17/Apr/2023:11:28:34 -0300] "GET /cormun/static/about:blank HTTP/1.1" 404 1011
186.103.157.98 - - [17/Apr/2023:11:28:34 -0300] "GET /cormun/servlet/solicitudotadjuntos?INS,2023,20013,,1, HTTP/1.1" 200 6313
186.103.157.98 - - [17/Apr/2023:11:28:35 -0300] "GET /cormun/servlet/solicitudotadjuntos?9612a5dcc9e62ec127749ea0a9fa5d2cf8ff6ee281ba13b2a4f7459e8485747532892fd7efd0f5099d71b893bfbb65da,gx-no-cache=1681740791335 HTTP/1.1" 200 30
186.103.157.98 - - [17/Apr/2023:11:28:35 -0300] "POST /cormun/servlet/solicitudotadjuntos?0b909d7914e9af17a3a012ee2e503f58,INS,2023,20013,,1,,gx-no-cache=1681740791352 HTTP/1.1" 200 4192
186.103.157.98 - - [17/Apr/2023:11:28:36 -0300] "POST /cormun/servlet/solicitudotadjuntos?gx-no-cache=1681740792941 HTTP/1.1" 200 26
