190.171.141.82 - - [11/Apr/2023:10:57:36 -0300] "POST /cormun/servlet/permisosadjuntos?3dfc69b6c0e1461bd3a59773d666fe18,INS,13346140,P,20230406131408,, HTTP/1.1" 200 116
190.171.141.82 - - [11/Apr/2023:10:57:36 -0300] "GET /cormun/servlet/hpexe_return? HTTP/1.1" 200 1038
190.171.141.82 - - [11/Apr/2023:10:57:36 -0300] "GET /cormun/servlet/trpermisosadjuntos?13346140,20230406131408,P, HTTP/1.1" 200 6772
190.171.141.82 - - [11/Apr/2023:10:57:36 -0300] "GET /cormun/servlet/trpermisosadjuntos?13346140,20230406131408,P, HTTP/1.1" 200 6768
190.171.153.26 - - [11/Apr/2023:10:57:39 -0300] "POST /cormun/servlet/trlicencias?c046e888d13c21c5f3b5d6242442a30a,,gx-no-cache=1681220546116 HTTP/1.1" 200 8217
190.171.141.82 - - [11/Apr/2023:10:57:40 -0300] "GET /cormun/servlet/trpermisosgoce? HTTP/1.1" 200 12462
190.171.141.82 - - [11/Apr/2023:10:57:40 -0300] "GET /cormun/servlet/trpermisosgoce? HTTP/1.1" 200 12445
190.171.141.82 - - [11/Apr/2023:10:57:43 -0300] "POST /cormun/servlet/trpermisosgoce?3dfc69b6c0e1461bd3a59773d666fe18,,gx-no-cache=1681220538450 HTTP/1.1" 200 9640
190.171.141.82 - - [11/Apr/2023:10:57:43 -0300] "GET /cormun/static/Shared/jqueryui/images/ui-bg_highlight-soft_100_c6c2c8_1x100.png HTTP/1.1" 404 1117
190.171.141.82 - - [11/Apr/2023:10:57:43 -0300] "GET /cormun/static/Shared/jqueryui/images/ui-icons_82798d_256x240.png HTTP/1.1" 404 1089
190.171.141.82 - - [11/Apr/2023:10:57:43 -0300] "GET /cormun/static/Shared/jqueryui/images/ui-icons_8d78a5_256x240.png HTTP/1.1" 404 1089
190.171.141.82 - - [11/Apr/2023:10:57:43 -0300] "GET /cormun/static/Shared/jqueryui/images/ui-bg_flat_55_fafafa_40x100.png HTTP/1.1" 404 1097
190.171.141.82 - - [11/Apr/2023:10:57:47 -0300] "GET /cormun/servlet/trpermisosadjuntos?19987818,20230405125838,P, HTTP/1.1" 200 6287
190.171.141.82 - - [11/Apr/2023:10:57:47 -0300] "GET /cormun/servlet/trpermisosadjuntos?19987818,20230405125838,P, HTTP/1.1" 200 6287
190.171.141.82 - - [11/Apr/2023:10:57:49 -0300] "GET /cormun/servlet/permisosadjuntos?INS,19987818,P,20230405125838,, HTTP/1.1" 200 5611
190.171.141.82 - - [11/Apr/2023:10:57:49 -0300] "GET /cormun/static/about:blank HTTP/1.1" 404 1011
190.171.141.82 - - [11/Apr/2023:10:57:49 -0300] "GET /cormun/servlet/permisosadjuntos?INS,19987818,P,20230405125838,, HTTP/1.1" 200 5601
190.171.141.82 - - [11/Apr/2023:10:57:56 -0300] "POST /cormun/servlet/permisosadjuntos?3dfc69b6c0e1461bd3a59773d666fe18,INS,19987818,P,20230405125838,, HTTP/1.1" 200 6198
190.171.141.82 - - [11/Apr/2023:10:57:56 -0300] "GET /cormun/static/Shared/jqueryui/images/ui-icons_82798d_256x240.png HTTP/1.1" 404 1089
190.171.141.82 - - [11/Apr/2023:10:57:56 -0300] "GET /cormun/static/Shared/jqueryui/images/ui-bg_flat_55_994d53_40x100.png HTTP/1.1" 404 1097
190.171.141.82 - - [11/Apr/2023:10:57:56 -0300] "GET /cormun/static/Shared/jqueryui/images/ui-icons_ebccce_256x240.png HTTP/1.1" 404 1089
190.171.141.82 - - [11/Apr/2023:10:57:56 -0300] "GET /cormun/static/Shared/jqueryui/images/ui-bg_highlight-soft_100_c6c2c8_1x100.png HTTP/1.1" 404 1117
190.171.141.82 - - [11/Apr/2023:10:57:56 -0300] "GET /cormun/PrivateTempStorage/upload_00006018.jpg HTTP/1.1" 200 293141
190.171.141.82 - - [11/Apr/2023:10:58:08 -0300] "GET /cormun/servlet/trpermisosadjuntos?19987818,20230405125838,P, HTTP/1.1" 200 6287
190.171.141.82 - - [11/Apr/2023:10:58:08 -0300] "GET /cormun/servlet/trpermisosadjuntos?19987818,20230405125838,P, HTTP/1.1" 200 6287
190.171.141.82 - - [11/Apr/2023:10:58:17 -0300] "GET /cormun/servlet/trpermisosgoce? HTTP/1.1" 200 12445
190.171.141.82 - - [11/Apr/2023:10:58:17 -0300] "GET /cormun/servlet/trpermisosgoce? HTTP/1.1" 200 12429
190.171.141.82 - - [11/Apr/2023:10:58:58 -0300] "GET /cormun/servlet/trpermisosadjuntos?17139583,20230403124033,P, HTTP/1.1" 200 6285
190.171.141.82 - - [11/Apr/2023:10:58:58 -0300] "GET /cormun/servlet/trpermisosadjuntos?17139583,20230403124033,P, HTTP/1.1" 200 6285
190.171.141.82 - - [11/Apr/2023:10:59:00 -0300] "GET /cormun/servlet/permisosadjuntos?INS,17139583,P,20230403124033,, HTTP/1.1" 200 5610
190.171.141.82 - - [11/Apr/2023:10:59:00 -0300] "GET /cormun/static/about:blank HTTP/1.1" 404 1011
190.171.141.82 - - [11/Apr/2023:10:59:01 -0300] "GET /cormun/servlet/permisosadjuntos?INS,17139583,P,20230403124033,, HTTP/1.1" 200 5600
190.171.141.82 - - [11/Apr/2023:10:59:07 -0300] "POST /cormun/servlet/permisosadjuntos?3dfc69b6c0e1461bd3a59773d666fe18,INS,17139583,P,20230403124033,, HTTP/1.1" 200 116
190.171.141.82 - - [11/Apr/2023:10:59:07 -0300] "GET /cormun/servlet/hpexe_return? HTTP/1.1" 200 1038
190.171.141.82 - - [11/Apr/2023:10:59:07 -0300] "GET /cormun/servlet/trpermisosadjuntos?17139583,20230403124033,P, HTTP/1.1" 200 6762
190.171.141.82 - - [11/Apr/2023:10:59:07 -0300] "GET /cormun/servlet/trpermisosadjuntos?17139583,20230403124033,P, HTTP/1.1" 200 6758
190.171.141.82 - - [11/Apr/2023:10:59:10 -0300] "GET /cormun/servlet/trpermisosgoce? HTTP/1.1" 200 12425
190.171.141.82 - - [11/Apr/2023:10:59:11 -0300] "GET /cormun/servlet/trpermisosgoce? HTTP/1.1" 200 12435
190.171.141.82 - - [11/Apr/2023:10:59:18 -0300] "POST /cormun/servlet/trpermisosgoce?3dfc69b6c0e1461bd3a59773d666fe18,,gx-no-cache=1681220633085 HTTP/1.1" 200 9651
190.171.141.82 - - [11/Apr/2023:10:59:18 -0300] "GET /cormun/static/Shared/jqueryui/images/ui-bg_highlight-soft_100_c6c2c8_1x100.png HTTP/1.1" 404 1117
190.171.141.82 - - [11/Apr/2023:10:59:18 -0300] "GET /cormun/static/Shared/jqueryui/images/ui-bg_flat_55_fafafa_40x100.png HTTP/1.1" 404 1097
190.171.141.82 - - [11/Apr/2023:10:59:18 -0300] "GET /cormun/static/Shared/jqueryui/images/ui-icons_8d78a5_256x240.png HTTP/1.1" 404 1089
190.171.141.82 - - [11/Apr/2023:10:59:18 -0300] "GET /cormun/static/Shared/jqueryui/images/ui-icons_82798d_256x240.png HTTP/1.1" 404 1089
190.171.141.82 - - [11/Apr/2023:10:59:27 -0300] "GET /cormun/servlet/trpermisosadjuntos?13568424,20230403125124,P, HTTP/1.1" 200 6284
190.171.141.82 - - [11/Apr/2023:10:59:27 -0300] "GET /cormun/servlet/trpermisosadjuntos?13568424,20230403125124,P, HTTP/1.1" 200 6285
190.171.141.82 - - [11/Apr/2023:10:59:29 -0300] "GET /cormun/servlet/permisosadjuntos?INS,13568424,P,20230403125124,, HTTP/1.1" 200 5608
190.171.141.82 - - [11/Apr/2023:10:59:29 -0300] "GET /cormun/static/about:blank HTTP/1.1" 404 1011
190.171.141.82 - - [11/Apr/2023:10:59:29 -0300] "GET /cormun/servlet/permisosadjuntos?INS,13568424,P,20230403125124,, HTTP/1.1" 200 5598
181.212.43.89 - - [11/Apr/2023:10:59:34 -0300] "GET /cormun/servlet/prbanco?,MD,,gxPopupLevel%3D0%3B HTTP/1.1" 200 6571
190.171.141.82 - - [11/Apr/2023:10:59:36 -0300] "POST /cormun/servlet/permisosadjuntos?3dfc69b6c0e1461bd3a59773d666fe18,INS,13568424,P,20230403125124,, HTTP/1.1" 200 116
190.171.141.82 - - [11/Apr/2023:10:59:36 -0300] "GET /cormun/servlet/hpexe_return? HTTP/1.1" 200 1038
190.171.141.82 - - [11/Apr/2023:10:59:36 -0300] "GET /cormun/servlet/trpermisosadjuntos?13568424,20230403125124,P, HTTP/1.1" 200 6763
190.171.141.82 - - [11/Apr/2023:10:59:37 -0300] "GET /cormun/servlet/trpermisosadjuntos?13568424,20230403125124,P, HTTP/1.1" 200 6760
190.171.141.82 - - [11/Apr/2023:10:59:40 -0300] "GET /cormun/servlet/trpermisosgoce? HTTP/1.1" 200 12439
190.171.141.82 - - [11/Apr/2023:10:59:41 -0300] "GET /cormun/servlet/trpermisosgoce? HTTP/1.1" 200 12424
190.171.141.82 - - [11/Apr/2023:10:59:46 -0300] "POST /cormun/servlet/trpermisosgoce?3dfc69b6c0e1461bd3a59773d666fe18,,gx-no-cache=1681220661605 HTTP/1.1" 200 9661
190.171.141.82 - - [11/Apr/2023:10:59:47 -0300] "GET /cormun/static/Shared/jqueryui/images/ui-bg_highlight-soft_100_c6c2c8_1x100.png HTTP/1.1" 404 1117
190.171.141.82 - - [11/Apr/2023:10:59:47 -0300] "GET /cormun/static/Shared/jqueryui/images/ui-icons_82798d_256x240.png HTTP/1.1" 404 1089
190.171.141.82 - - [11/Apr/2023:10:59:47 -0300] "GET /cormun/static/Shared/jqueryui/images/ui-icons_8d78a5_256x240.png HTTP/1.1" 404 1089
190.171.141.82 - - [11/Apr/2023:10:59:47 -0300] "GET /cormun/static/Shared/jqueryui/images/ui-bg_flat_55_fafafa_40x100.png HTTP/1.1" 404 1097
181.212.43.89 - - [11/Apr/2023:10:59:47 -0300] "GET /cormun/servlet/solicitudot?a515a09c414bbf04170d9ccb25fedc5a250ee04a1a16960f05e035c36bb5beba7721b2462e1cf498a17b1676854da80fe98bf893add88756bba28cce2e0052a6,gx-no-cache=1681220659767 HTTP/1.1" 200 30
181.212.43.89 - - [11/Apr/2023:10:59:49 -0300] "GET /cormun/servlet/solicitudot?a515a09c414bbf04170d9ccb25fedc5a223591fb79e3a3377f18b153d9d312be,gx-no-cache=1681220661612 HTTP/1.1" 200 53
190.171.141.82 - - [11/Apr/2023:10:59:51 -0300] "GET /cormun/servlet/trpermisosadjuntos?13944228,20230403121129,P, HTTP/1.1" 200 6289
190.171.141.82 - - [11/Apr/2023:10:59:51 -0300] "GET /cormun/servlet/trpermisosadjuntos?13944228,20230403121129,P, HTTP/1.1" 200 6289
190.171.141.82 - - [11/Apr/2023:10:59:53 -0300] "GET /cormun/servlet/permisosadjuntos?INS,13944228,P,20230403121129,, HTTP/1.1" 200 5614
190.171.141.82 - - [11/Apr/2023:10:59:53 -0300] "GET /cormun/static/about:blank HTTP/1.1" 404 1011
190.171.141.82 - - [11/Apr/2023:10:59:53 -0300] "GET /cormun/servlet/permisosadjuntos?INS,13944228,P,20230403121129,, HTTP/1.1" 200 5604
190.95.15.15 - - [11/Apr/2023:10:59:56 -0300] "GET /cormun/servlet/trpermisosgoce? HTTP/1.1" 200 6033
190.95.15.15 - - [11/Apr/2023:10:59:57 -0300] "GET /cormun/servlet/hlogin HTTP/1.1" 200 1740
190.95.15.15 - - [11/Apr/2023:10:59:57 -0300] "GET /cormun/servlet/trpermisosgoce? HTTP/1.1" 200 6030
190.95.15.15 - - [11/Apr/2023:10:59:57 -0300] "GET /cormun/servlet/trpermisosgoce? HTTP/1.1" 200 6030
190.171.141.82 - - [11/Apr/2023:10:59:59 -0300] "POST /cormun/servlet/permisosadjuntos?3dfc69b6c0e1461bd3a59773d666fe18,INS,13944228,P,20230403121129,, HTTP/1.1" 200 116
190.171.141.82 - - [11/Apr/2023:10:59:59 -0300] "GET /cormun/servlet/hpexe_return? HTTP/1.1" 200 1038
190.171.141.82 - - [11/Apr/2023:10:59:59 -0300] "GET /cormun/servlet/trpermisosadjuntos?13944228,20230403121129,P, HTTP/1.1" 200 6765
190.171.141.82 - - [11/Apr/2023:10:59:59 -0300] "GET /cormun/servlet/trpermisosadjuntos?13944228,20230403121129,P, HTTP/1.1" 200 6761
190.171.141.82 - - [11/Apr/2023:11:00:02 -0300] "GET /cormun/servlet/trpermisosgoce? HTTP/1.1" 200 12441
190.171.141.82 - - [11/Apr/2023:11:00:03 -0300] "GET /cormun/servlet/trpermisosgoce? HTTP/1.1" 200 12430
190.95.15.15 - - [11/Apr/2023:11:00:03 -0300] "POST /cormun/servlet/hlogin?319d4a5e056aad5712f323be570fc77f,gx-no-cache=1681220678367 HTTP/1.1" 200 90
190.95.15.15 - - [11/Apr/2023:11:00:03 -0300] "GET /cormun/servlet/hpexe_link HTTP/1.1" 200 957
190.95.15.15 - - [11/Apr/2023:11:00:03 -0300] "GET /cormun/servlet/trpermisosgoce HTTP/1.1" 200 8160
190.95.15.15 - - [11/Apr/2023:11:00:04 -0300] "GET /cormun/servlet/trpermisosgoce HTTP/1.1" 200 8158
181.212.43.89 - - [11/Apr/2023:11:00:06 -0300] "POST /cormun/servlet/solicitudot?gx-no-cache=1681220678390 HTTP/1.1" 200 255
190.95.15.15 - - [11/Apr/2023:11:00:06 -0300] "GET /cormun/servlet/permisogoce?INS,0,,, HTTP/1.1" 200 6815
190.95.15.15 - - [11/Apr/2023:11:00:06 -0300] "GET /cormun/servlet/permisogoce?INS,0,,, HTTP/1.1" 200 6815
181.212.43.89 - - [11/Apr/2023:11:00:08 -0300] "GET /cormun/servlet/solicitudot?a515a09c414bbf04170d9ccb25fedc5a9fb22b53c5111fecf4a81ae75690f72d56f5aad14e3ff278938e0574b40fc61637d66e0d0d8f54b79ca384178e2da6804b6ae38fd1eda65f6db0d5c61d675ca5655c56fd5b617c09345d1b515adcc2e5350ca66ffc52d55b70f147992ce412343133d4db0c8c2c6444e659e79243e22856c5856ad83f7677e851591c361b3a2ebb536bb3b7b36dff609f80da2abda15d90ea0e362c668b6653cc4c373ee8d468b45a47abefc0074a3402f8ca8c7e9e9345dc146b01ee7743f535f458d4f420992694e9bbd6397a0931d0f5deb2643c1777504ca9a45225f7004e5c798ca8b576a0bd8dd484f6ee9f1d9323aac4cd26db0d2653aa6cde1e3759c711ce5b827952bc6059d3751157fbdd8d114af309776cb4c4dfd696f65430fad91e18bb1be530916cc63fc50211fa1cad0dff9601ec12d212831771e7de24443695bbd8b774d17e45ab682dc2103f70ccfea3716568e2c54bf66bf042c4875cc35af7a2a09584e5728612f736bfcfeb064ee28d6ecf5b,gx-no-cache=1681220680378 HTTP/1.1" 200 30
181.212.43.89 - - [11/Apr/2023:11:00:11 -0300] "POST /cormun/servlet/solicitudot?gx-no-cache=1681220683733 HTTP/1.1" 200 30
190.171.141.82 - - [11/Apr/2023:11:00:12 -0300] "POST /cormun/servlet/trpermisosgoce?3dfc69b6c0e1461bd3a59773d666fe18,,gx-no-cache=1681220687117 HTTP/1.1" 200 9664
190.171.141.82 - - [11/Apr/2023:11:00:12 -0300] "GET /cormun/static/Shared/jqueryui/images/ui-bg_highlight-soft_100_c6c2c8_1x100.png HTTP/1.1" 404 1117
190.171.141.82 - - [11/Apr/2023:11:00:12 -0300] "GET /cormun/static/Shared/jqueryui/images/ui-icons_82798d_256x240.png HTTP/1.1" 404 1089
190.171.141.82 - - [11/Apr/2023:11:00:12 -0300] "GET /cormun/static/Shared/jqueryui/images/ui-bg_flat_55_fafafa_40x100.png HTTP/1.1" 404 1097
190.171.141.82 - - [11/Apr/2023:11:00:12 -0300] "GET /cormun/static/Shared/jqueryui/images/ui-icons_8d78a5_256x240.png HTTP/1.1" 404 1089
181.212.43.89 - - [11/Apr/2023:11:00:12 -0300] "POST /cormun/servlet/solicitudot?gx-no-cache=1681220685111 HTTP/1.1" 200 1466
181.212.43.89 - - [11/Apr/2023:11:00:12 -0300] "POST /cormun/servlet/solicitudot?gx-no-cache=1681220685145 HTTP/1.1" 200 38
190.95.15.15 - - [11/Apr/2023:11:00:16 -0300] "GET /cormun/servlet/permisogoce?655300d15132b6b36607db728679c5572439f261e03e4f9d3114a33249e4c7d51ec6668c00253465ab8e57ea8f283a5ccb43749e91bac7901e2602c65b262e4e,gx-no-cache=1681220691438 HTTP/1.1" 200 79
190.95.15.15 - - [11/Apr/2023:11:00:16 -0300] "GET /cormun/static/menuarrow.gif HTTP/1.1" 404 1015
190.171.141.82 - - [11/Apr/2023:11:00:18 -0300] "GET /cormun/servlet/trpermisosadjuntos?16492328,20230403125250,P, HTTP/1.1" 200 6287
190.171.141.82 - - [11/Apr/2023:11:00:19 -0300] "GET /cormun/servlet/trpermisosadjuntos?16492328,20230403125250,P, HTTP/1.1" 200 6287
190.171.141.82 - - [11/Apr/2023:11:00:20 -0300] "GET /cormun/servlet/permisosadjuntos?INS,16492328,P,20230403125250,, HTTP/1.1" 200 5611
190.171.141.82 - - [11/Apr/2023:11:00:21 -0300] "GET /cormun/static/about:blank HTTP/1.1" 404 1011
190.95.15.15 - - [11/Apr/2023:11:00:21 -0300] "GET /cormun/servlet/permisogoce?655300d15132b6b36607db728679c557454802e14da6b99b9813a3278ca358b5a93a59255ae751874962bd5fc52763e9ee2bb9d04e0fed017b7cc7143385329d,gx-no-cache=1681220696080 HTTP/1.1" 200 47
190.171.141.82 - - [11/Apr/2023:11:00:21 -0300] "GET /cormun/servlet/permisosadjuntos?INS,16492328,P,20230403125250,, HTTP/1.1" 200 5601
190.95.15.15 - - [11/Apr/2023:11:00:24 -0300] "POST /cormun/servlet/permisogoce?319d4a5e056aad5712f323be570fc77f,INS,0,,,,gx-no-cache=1681220698395 HTTP/1.1" 200 93
190.95.15.15 - - [11/Apr/2023:11:00:24 -0300] "GET /cormun/servlet/hpexe_return? HTTP/1.1" 200 1008
190.95.15.15 - - [11/Apr/2023:11:00:24 -0300] "GET /cormun/servlet/trpermisosgoce HTTP/1.1" 200 8418
190.171.141.138 - - [11/Apr/2023:11:00:24 -0300] "GET /cormun/servlet/hlogin HTTP/1.1" 200 1718
190.95.15.15 - - [11/Apr/2023:11:00:24 -0300] "GET /cormun/servlet/trpermisosgoce HTTP/1.1" 200 8414
190.171.141.138 - - [11/Apr/2023:11:00:24 -0300] "GET /cormun/servlet/hlogin HTTP/1.1" 200 1729
190.95.15.15 - - [11/Apr/2023:11:00:26 -0300] "GET /cormun/servlet/apermisogoceprn?26646791,P,20230411094426,PU HTTP/1.1" 200 1654
190.171.141.138 - - [11/Apr/2023:11:00:27 -0300] "POST /cormun/servlet/hlogin?a85b78975ba17ba3f44c79d6caa09f57,gx-no-cache=1681220702313 HTTP/1.1" 200 90
190.171.141.138 - - [11/Apr/2023:11:00:27 -0300] "GET /cormun/servlet/hpexe_link HTTP/1.1" 200 949
190.171.141.138 - - [11/Apr/2023:11:00:27 -0300] "GET /cormun/servlet/hhome HTTP/1.1" 200 4476
190.171.141.82 - - [11/Apr/2023:11:00:27 -0300] "POST /cormun/servlet/permisosadjuntos?3dfc69b6c0e1461bd3a59773d666fe18,INS,16492328,P,20230403125250,, HTTP/1.1" 200 116
190.171.141.82 - - [11/Apr/2023:11:00:27 -0300] "GET /cormun/servlet/hpexe_return? HTTP/1.1" 200 1039
190.171.141.138 - - [11/Apr/2023:11:00:27 -0300] "GET /cormun/servlet/hhome HTTP/1.1" 200 4472
190.171.141.82 - - [11/Apr/2023:11:00:28 -0300] "GET /cormun/servlet/trpermisosadjuntos?16492328,20230403125250,P, HTTP/1.1" 200 6774
190.171.141.82 - - [11/Apr/2023:11:00:28 -0300] "GET /cormun/servlet/trpermisosadjuntos?16492328,20230403125250,P, HTTP/1.1" 200 6771
190.171.141.138 - - [11/Apr/2023:11:00:30 -0300] "GET /cormun/servlet/trsolicitudot? HTTP/1.1" 200 7698
190.171.141.138 - - [11/Apr/2023:11:00:30 -0300] "GET /cormun/static/gxcfg.js?20221129846531 HTTP/1.1" 200 953
190.171.141.138 - - [11/Apr/2023:11:00:31 -0300] "GET /cormun/static/trsolicitudot.js?202211298465651 HTTP/1.1" 200 54040
190.171.141.138 - - [11/Apr/2023:11:00:31 -0300] "GET /cormun/servlet/trsolicitudot? HTTP/1.1" 200 7697
190.171.141.82 - - [11/Apr/2023:11:00:34 -0300] "GET /cormun/servlet/trpermisosgoce? HTTP/1.1" 200 12425
190.171.141.82 - - [11/Apr/2023:11:00:35 -0300] "GET /cormun/servlet/trpermisosgoce? HTTP/1.1" 200 12432
190.171.141.138 - - [11/Apr/2023:11:00:35 -0300] "GET /cormun/servlet/solicitudot?INS,0,0,false, HTTP/1.1" 200 16324
190.171.141.138 - - [11/Apr/2023:11:00:35 -0300] "GET /cormun/static/gxcfg.js?20221129840861 HTTP/1.1" 200 953
190.171.141.138 - - [11/Apr/2023:11:00:35 -0300] "GET /cormun/static/Resources/prompt.gif HTTP/1.1" 200 902
190.171.141.138 - - [11/Apr/2023:11:00:35 -0300] "GET /cormun/static/solicitudot.js?20221129840983 HTTP/1.1" 200 74072
190.171.141.138 - - [11/Apr/2023:11:00:36 -0300] "GET /cormun/servlet/solicitudot?INS,0,0,false, HTTP/1.1" 200 16332
190.171.141.82 - - [11/Apr/2023:11:00:41 -0300] "GET /cormun/servlet/trpermisosadjuntos?16492328,20230403125340,P, HTTP/1.1" 200 6288
190.171.141.82 - - [11/Apr/2023:11:00:41 -0300] "GET /cormun/servlet/trpermisosadjuntos?16492328,20230403125340,P, HTTP/1.1" 200 6288
190.171.141.82 - - [11/Apr/2023:11:00:43 -0300] "GET /cormun/servlet/permisosadjuntos?INS,16492328,P,20230403125340,, HTTP/1.1" 200 5614
190.171.141.82 - - [11/Apr/2023:11:00:43 -0300] "GET /cormun/static/about:blank HTTP/1.1" 404 1011
190.171.141.82 - - [11/Apr/2023:11:00:43 -0300] "GET /cormun/servlet/permisosadjuntos?INS,16492328,P,20230403125340,, HTTP/1.1" 200 5602
190.171.141.138 - - [11/Apr/2023:11:00:46 -0300] "POST /cormun/servlet/solicitudot?gx-no-cache=1681220721321 HTTP/1.1" 200 3961
190.171.141.138 - - [11/Apr/2023:11:00:46 -0300] "POST /cormun/servlet/solicitudot?a85b78975ba17ba3f44c79d6caa09f57,INS,0,0,false,,gx-no-cache=1681220721488 HTTP/1.1" 200 12787
190.171.141.82 - - [11/Apr/2023:11:00:49 -0300] "POST /cormun/servlet/permisosadjuntos?3dfc69b6c0e1461bd3a59773d666fe18,INS,16492328,P,20230403125340,, HTTP/1.1" 200 116
190.171.141.82 - - [11/Apr/2023:11:00:50 -0300] "GET /cormun/servlet/hpexe_return? HTTP/1.1" 200 1040
190.171.141.82 - - [11/Apr/2023:11:00:50 -0300] "GET /cormun/servlet/trpermisosadjuntos?16492328,20230403125340,P, HTTP/1.1" 200 6773
190.171.141.82 - - [11/Apr/2023:11:00:50 -0300] "GET /cormun/servlet/trpermisosadjuntos?16492328,20230403125340,P, HTTP/1.1" 200 6771
190.171.141.82 - - [11/Apr/2023:11:00:52 -0300] "GET /cormun/servlet/trpermisosgoce? HTTP/1.1" 200 12444
190.171.141.82 - - [11/Apr/2023:11:00:52 -0300] "GET /cormun/servlet/trpermisosgoce? HTTP/1.1" 200 12431
181.212.43.89 - - [11/Apr/2023:11:00:55 -0300] "GET /cormun/servlet/solicitudot?a515a09c414bbf04170d9ccb25fedc5a811918c1fa212bd3d67cb98a49dcba528b54841a6e6d1ccc7ffbe956d8f2b1b026e3a1f0c4ae4293e99554f626b42333d82df443e371f7d9155888b952ff2df15c6e4b57404e604fd6cfcf936ac722ee9907bf7d7dfda39d64c74f36630cf843,gx-no-cache=1681220727849 HTTP/1.1" 200 110
186.67.172.234 - - [11/Apr/2023:11:00:56 -0300] "GET /cormun/servlet/solicitudot?2e9ec9c6d1b4524b858334d48c88d4a994834fac746ad3fd11be1a6f022d7155bea0a849ec25a627e54c77332fc58e44106ed7dac9b26abea9f18750bcc5fcbd1b99475ab82194239e9362524f377d17f19b8b1a82d095c44e2ceb193fc7c08773447da1be9beb3fd5ac97e42382cfc9a0646fac9a46661e5d16c7647498c839ff6348eac215e40d4e3cc449826ee3d98ae63b0f69e8492836504a042ac6811e87668c5ce1ab7023b9d05eacf073fee76543e59dda2dd9ff9522a5380395586cdccdbd196bb62ef3a82cca7921200062e77fcf1308dcdfe7647565ab2e45c6e9e03cf79044d5208ccc2fbf53744f691bb2b4de83d05d7350ee11281d1744d6b0504d03becb778e24993eb855bb07764f1e56cc712b5780261c86b701cbcd210505be0825a8a5911b9ded923c34b8909d4f1ccaf53a3c4d8628cf001721cd0624f3fc32c46b80ac18e19900b5fb72ab4e76bbeb7d99c7708d1402043727305cee664d35120b46f8cbd5b16fc7da93398a951f674cd65646098596e6fb55faaac4,gx-no-cache=1681220731407 HTTP/1.1" 200 30
186.67.172.234 - - [11/Apr/2023:11:00:56 -0300] "POST /cormun/servlet/solicitudot?gx-no-cache=1681220731442 HTTP/1.1" 200 30
186.67.172.234 - - [11/Apr/2023:11:00:56 -0300] "POST /cormun/servlet/solicitudot?gx-no-cache=1681220731466 HTTP/1.1" 200 1469
186.67.172.234 - - [11/Apr/2023:11:00:56 -0300] "POST /cormun/servlet/solicitudot?gx-no-cache=1681220731493 HTTP/1.1" 200 38
186.67.172.234 - - [11/Apr/2023:11:00:56 -0300] "GET /cormun/servlet/solicitudot?2e9ec9c6d1b4524b858334d48c88d4a965a8c242e0f763f4525812ea3c8d5aa93b86ba640a7ca351bdd6e9d4eaad33a4afc10ad8875767081c3230e072025e21e65bb23899dcdd58e3467145b73ceeb6e8968de49b1780d0b91a0891610be60cc28ece0d15c73f8238aab496636149b2,gx-no-cache=1681220731510 HTTP/1.1" 200 110
186.67.172.234 - - [11/Apr/2023:11:00:56 -0300] "POST /cormun/servlet/solicitudot?gx-no-cache=1681220731528 HTTP/1.1" 200 97
186.67.172.234 - - [11/Apr/2023:11:00:56 -0300] "GET /cormun/servlet/solicitudot?2e9ec9c6d1b4524b858334d48c88d4a9a03eebaa0dee3ef554bf4793291d6e76914a00f4170ac0aaf4625f9a4e84371a,gx-no-cache=1681220731568 HTTP/1.1" 200 30
190.171.141.82 - - [11/Apr/2023:11:00:57 -0300] "GET /cormun/servlet/trpermisosadjuntos?16492328,20230403125412,P, HTTP/1.1" 200 6287
190.171.141.82 - - [11/Apr/2023:11:00:57 -0300] "GET /cormun/servlet/trpermisosadjuntos?16492328,20230403125412,P, HTTP/1.1" 200 6287
186.67.172.234 - - [11/Apr/2023:11:00:59 -0300] "GET /cormun/servlet/solicitudot?2e9ec9c6d1b4524b858334d48c88d4a994834fac746ad3fd11be1a6f022d7155bea0a849ec25a627e54c77332fc58e44106ed7dac9b26abea9f18750bcc5fcbd1b99475ab82194239e9362524f377d17f19b8b1a82d095c44e2ceb193fc7c08773447da1be9beb3fd5ac97e42382cfc9a0646fac9a46661e5d16c7647498c839ff6348eac215e40d4e3cc449826ee3d98ae63b0f69e8492836504a042ac6811e87668c5ce1ab7023b9d05eacf073fee76543e59dda2dd9ff9522a5380395586cdccdbd196bb62ef3a82cca7921200062e77fcf1308dcdfe7647565ab2e45c6e9e03cf79044d5208ccc2fbf53744f691bb2b4de83d05d7350ee11281d1744d6b0504d03becb778e24993eb855bb07764f1e56cc712b5780261c86b701cbcd210505be0825a8a5911b9ded923c34b8909d4f1ccaf53a3c4d8628cf001721cd0624f3fc32c46b80ac18e19900b5fb72ab4e76bbeb7d99c7708d1402043727305cee664d35120b46f8cbd5b16fc7da93398a951f674cd65646098596e6fb55faaac4,gx-no-cache=1681220734105 HTTP/1.1" 200 30
186.67.172.234 - - [11/Apr/2023:11:00:59 -0300] "POST /cormun/servlet/solicitudot?gx-no-cache=1681220734124 HTTP/1.1" 200 30
186.67.172.234 - - [11/Apr/2023:11:00:59 -0300] "POST /cormun/servlet/solicitudot?gx-no-cache=1681220734145 HTTP/1.1" 200 1469
186.67.172.234 - - [11/Apr/2023:11:00:59 -0300] "POST /cormun/servlet/solicitudot?gx-no-cache=1681220734191 HTTP/1.1" 200 38
186.67.172.234 - - [11/Apr/2023:11:00:59 -0300] "GET /cormun/servlet/solicitudot?2e9ec9c6d1b4524b858334d48c88d4a965a8c242e0f763f4525812ea3c8d5aa93b86ba640a7ca351bdd6e9d4eaad33a4afc10ad8875767081c3230e072025e21e65bb23899dcdd58e3467145b73ceeb6e8968de49b1780d0b91a0891610be60cc28ece0d15c73f8238aab496636149b2,gx-no-cache=1681220734208 HTTP/1.1" 200 110
186.67.172.234 - - [11/Apr/2023:11:00:59 -0300] "POST /cormun/servlet/solicitudot?gx-no-cache=1681220734227 HTTP/1.1" 200 97
190.171.141.82 - - [11/Apr/2023:11:00:59 -0300] "GET /cormun/servlet/permisosadjuntos?INS,16492328,P,20230403125412,, HTTP/1.1" 200 5608
190.171.141.82 - - [11/Apr/2023:11:00:59 -0300] "GET /cormun/static/about:blank HTTP/1.1" 404 1011
190.171.141.82 - - [11/Apr/2023:11:01:00 -0300] "GET /cormun/servlet/permisosadjuntos?INS,16492328,P,20230403125412,, HTTP/1.1" 200 5598
186.67.172.234 - - [11/Apr/2023:11:01:04 -0300] "POST /cormun/servlet/solicitudot?gx-no-cache=1681220739914 HTTP/1.1" 200 30
190.171.141.138 - - [11/Apr/2023:11:01:07 -0300] "POST /cormun/servlet/solicitudot?gx-no-cache=1681220742503 HTTP/1.1" 200 3964
190.171.141.138 - - [11/Apr/2023:11:01:07 -0300] "POST /cormun/servlet/solicitudot?a85b78975ba17ba3f44c79d6caa09f57,INS,0,0,false,,gx-no-cache=1681220742621 HTTP/1.1" 200 12841
190.171.141.82 - - [11/Apr/2023:11:01:08 -0300] "POST /cormun/servlet/permisosadjuntos?3dfc69b6c0e1461bd3a59773d666fe18,INS,16492328,P,20230403125412,, HTTP/1.1" 200 116
190.171.141.82 - - [11/Apr/2023:11:01:08 -0300] "GET /cormun/servlet/hpexe_return? HTTP/1.1" 200 1040
190.171.141.82 - - [11/Apr/2023:11:01:08 -0300] "GET /cormun/servlet/trpermisosadjuntos?16492328,20230403125412,P, HTTP/1.1" 200 6773
190.171.141.82 - - [11/Apr/2023:11:01:08 -0300] "GET /cormun/servlet/trpermisosadjuntos?16492328,20230403125412,P, HTTP/1.1" 200 6771
190.171.141.82 - - [11/Apr/2023:11:01:11 -0300] "GET /cormun/servlet/trpermisosgoce? HTTP/1.1" 200 12426
190.171.141.82 - - [11/Apr/2023:11:01:11 -0300] "GET /cormun/servlet/trpermisosgoce? HTTP/1.1" 200 12414
186.67.172.234 - - [11/Apr/2023:11:01:15 -0300] "POST /cormun/servlet/solicitudot?1db7688e97eadf6b5ad8dc9fe853dd95,INS,0,0,false,,gx-no-cache=1681220749779 HTTP/1.1" 200 93
186.67.172.234 - - [11/Apr/2023:11:01:15 -0300] "GET /cormun/servlet/hpexe_return? HTTP/1.1" 200 1008
186.67.172.234 - - [11/Apr/2023:11:01:15 -0300] "GET /cormun/servlet/trsolicitudot HTTP/1.1" 200 8671
186.67.172.234 - - [11/Apr/2023:11:01:15 -0300] "GET /cormun/servlet/trsolicitudot HTTP/1.1" 200 8666
181.212.43.89 - - [11/Apr/2023:11:01:18 -0300] "POST /cormun/servlet/solicitudot?gx-no-cache=1681220750296 HTTP/1.1" 200 97
190.171.141.138 - - [11/Apr/2023:11:01:22 -0300] "GET /cormun/servlet/solicitudot?1867dbc4693a1ba14d3c7665a0e21f418fff7601e0a49fd52160986c94ea6de393236007902340e6fa4f6a5ac3705381,gx-no-cache=1681220757880 HTTP/1.1" 200 30
190.171.141.82 - - [11/Apr/2023:11:01:22 -0300] "POST /cormun/servlet/trpermisosgoce?3dfc69b6c0e1461bd3a59773d666fe18,,gx-no-cache=1681220757479 HTTP/1.1" 200 9673
190.171.141.82 - - [11/Apr/2023:11:01:22 -0300] "GET /cormun/static/Shared/jqueryui/images/ui-bg_highlight-soft_100_c6c2c8_1x100.png HTTP/1.1" 404 1117
190.171.141.82 - - [11/Apr/2023:11:01:22 -0300] "GET /cormun/static/Shared/jqueryui/images/ui-icons_82798d_256x240.png HTTP/1.1" 404 1089
190.171.141.82 - - [11/Apr/2023:11:01:22 -0300] "GET /cormun/static/Shared/jqueryui/images/ui-bg_flat_55_fafafa_40x100.png HTTP/1.1" 404 1097
190.171.141.82 - - [11/Apr/2023:11:01:22 -0300] "GET /cormun/static/Shared/jqueryui/images/ui-icons_8d78a5_256x240.png HTTP/1.1" 404 1089
181.212.43.89 - - [11/Apr/2023:11:01:27 -0300] "GET /cormun/servlet/solicitudot?a515a09c414bbf04170d9ccb25fedc5aa9796b418525c88736c477bc7f5e5af5319db1e693072031c7ddb5a80b14d67a92661d04f17e0254ed499d2656126ff65fe1aefe82eac19743c4baa22e5eb2686dea056b6adf3697ad3ae6cd03e600bda4a847828642d202e8501c2e3b160fa4,gx-no-cache=1681220759812 HTTP/1.1" 200 29
181.212.43.89 - - [11/Apr/2023:11:01:27 -0300] "GET /cormun/static/menuarrow.gif HTTP/1.1" 404 1015
181.212.43.89 - - [11/Apr/2023:11:01:30 -0300] "GET /cormun/servlet/solicitudot?a515a09c414bbf04170d9ccb25fedc5ac2eaaffa7de0b8dea71b72bf0703a0a6cbfc7ae9d0d516b2d6eb47c77a5c1c00,gx-no-cache=1681220762671 HTTP/1.1" 200 30
190.171.141.82 - - [11/Apr/2023:11:01:35 -0300] "GET /cormun/servlet/trpermisosadjuntos?19592229,20230331133233,P, HTTP/1.1" 200 6286
190.171.141.82 - - [11/Apr/2023:11:01:35 -0300] "GET /cormun/servlet/trpermisosadjuntos?19592229,20230331133233,P, HTTP/1.1" 200 6287
190.171.141.82 - - [11/Apr/2023:11:01:37 -0300] "GET /cormun/servlet/permisosadjuntos?INS,19592229,P,20230331133233,, HTTP/1.1" 200 5611
190.171.141.82 - - [11/Apr/2023:11:01:37 -0300] "GET /cormun/static/about:blank HTTP/1.1" 404 1011
190.171.141.82 - - [11/Apr/2023:11:01:37 -0300] "GET /cormun/servlet/permisosadjuntos?INS,19592229,P,20230331133233,, HTTP/1.1" 200 5601
181.212.43.89 - - [11/Apr/2023:11:01:38 -0300] "POST /cormun/servlet/solicitudot?gx-no-cache=1681220771070 HTTP/1.1" 200 30
181.212.43.89 - - [11/Apr/2023:11:01:41 -0300] "POST /cormun/servlet/solicitudot?5405e5d95a8d68cb9d0b9461c1027bc6,INS,0,0,false,,gx-no-cache=1681220773458 HTTP/1.1" 200 93
181.212.43.89 - - [11/Apr/2023:11:01:42 -0300] "GET /cormun/servlet/hpexe_return? HTTP/1.1" 200 1009
181.212.43.89 - - [11/Apr/2023:11:01:42 -0300] "GET /cormun/servlet/trsolicitudot HTTP/1.1" 200 9009
181.212.43.89 - - [11/Apr/2023:11:01:42 -0300] "GET /cormun/servlet/trsolicitudot HTTP/1.1" 200 9005
190.171.141.82 - - [11/Apr/2023:11:01:43 -0300] "POST /cormun/servlet/permisosadjuntos?3dfc69b6c0e1461bd3a59773d666fe18,INS,19592229,P,20230331133233,, HTTP/1.1" 200 116
190.171.141.82 - - [11/Apr/2023:11:01:43 -0300] "GET /cormun/servlet/hpexe_return? HTTP/1.1" 200 1039
190.171.141.82 - - [11/Apr/2023:11:01:43 -0300] "GET /cormun/servlet/trpermisosadjuntos?19592229,20230331133233,P, HTTP/1.1" 200 6773
190.171.141.82 - - [11/Apr/2023:11:01:44 -0300] "GET /cormun/servlet/trpermisosadjuntos?19592229,20230331133233,P, HTTP/1.1" 200 6770
190.171.141.82 - - [11/Apr/2023:11:01:48 -0300] "GET /cormun/servlet/trpermisosgoce? HTTP/1.1" 200 12427
181.212.43.89 - - [11/Apr/2023:11:01:48 -0300] "POST /cormun/servlet/trsolicitudot?5405e5d95a8d68cb9d0b9461c1027bc6,gx-no-cache=1681220780417 HTTP/1.1" 200 112
181.212.43.89 - - [11/Apr/2023:11:01:48 -0300] "GET /cormun/servlet/solicitudot?UPD,2023,19981,false, HTTP/1.1" 200 16516
186.67.172.234 - - [11/Apr/2023:11:01:48 -0300] "POST /cormun/servlet/trsolicitudot?1db7688e97eadf6b5ad8dc9fe853dd95,gx-no-cache=1681220783425 HTTP/1.1" 200 4588
190.171.141.82 - - [11/Apr/2023:11:01:48 -0300] "GET /cormun/servlet/trpermisosgoce? HTTP/1.1" 200 12458
186.67.172.234 - - [11/Apr/2023:11:01:48 -0300] "GET /cormun/static/Shared/jqueryui/images/ui-bg_highlight-soft_100_c6c2c8_1x100.png HTTP/1.1" 404 1117
186.67.172.234 - - [11/Apr/2023:11:01:48 -0300] "GET /cormun/static/Shared/jqueryui/images/ui-bg_flat_55_fafafa_40x100.png HTTP/1.1" 404 1097
186.67.172.234 - - [11/Apr/2023:11:01:48 -0300] "GET /cormun/static/Shared/jqueryui/images/ui-icons_8d78a5_256x240.png HTTP/1.1" 404 1089
186.67.172.234 - - [11/Apr/2023:11:01:48 -0300] "GET /cormun/static/Shared/jqueryui/images/ui-icons_82798d_256x240.png HTTP/1.1" 404 1089
186.67.172.234 - - [11/Apr/2023:11:01:48 -0300] "POST /cormun/servlet/trsolicitudot?1db7688e97eadf6b5ad8dc9fe853dd95,gx-no-cache=1681220783602 HTTP/1.1" 200 4354
181.212.43.89 - - [11/Apr/2023:11:01:49 -0300] "GET /cormun/servlet/solicitudot?UPD,2023,19981,false, HTTP/1.1" 200 16526
181.212.43.89 - - [11/Apr/2023:11:01:49 -0300] "POST /cormun/servlet/solicitudot?gx-no-cache=1681220781479 HTTP/1.1" 200 4030
181.212.43.89 - - [11/Apr/2023:11:01:49 -0300] "POST /cormun/servlet/solicitudot?5405e5d95a8d68cb9d0b9461c1027bc6,UPD,2023,19981,false,,gx-no-cache=1681220781594 HTTP/1.1" 200 12674
181.212.43.89 - - [11/Apr/2023:11:01:49 -0300] "GET /cormun/servlet/solicitudot?a515a09c414bbf04170d9ccb25fedc5a1d8b83fb03e6f944d220b28ba28bf0b73daf498cd5b8f070722cfeed41dfad9d,gx-no-cache=1681220781738 HTTP/1.1" 200 30
181.212.43.89 - - [11/Apr/2023:11:01:49 -0300] "GET /cormun/servlet/solicitudot?a515a09c414bbf04170d9ccb25fedc5a250ee04a1a16960f05e035c36bb5beba7721b2462e1cf498a17b1676854da80f71432e9ad2bf4ee12da228f3be431f93,gx-no-cache=1681220781763 HTTP/1.1" 200 30
181.212.43.89 - - [11/Apr/2023:11:01:49 -0300] "GET /cormun/servlet/solicitudot?a515a09c414bbf04170d9ccb25fedc5a78a364ba94224644553bebc75dce4ae8e18adce28abf16e8d60b4d95323961d5387857d005808cb0bb443536e43dcf26,gx-no-cache=1681220781785 HTTP/1.1" 200 53
181.212.43.89 - - [11/Apr/2023:11:01:49 -0300] "POST /cormun/servlet/solicitudot?gx-no-cache=1681220781808 HTTP/1.1" 200 254
181.212.43.89 - - [11/Apr/2023:11:01:49 -0300] "GET /cormun/servlet/solicitudot?a515a09c414bbf04170d9ccb25fedc5a9fb22b53c5111fecf4a81ae75690f72d56f5aad14e3ff278938e0574b40fc61637d66e0d0d8f54b79ca384178e2da6804b6ae38fd1eda65f6db0d5c61d675ca5655c56fd5b617c09345d1b515adcc2e5350ca66ffc52d55b70f147992ce412343133d4db0c8c2c6444e659e79243e22856c5856ad83f7677e851591c361b3a2ebb536bb3b7b36dff609f80da2abda15d90ea0e362c668b6653cc4c373ee8d468b45a47abefc0074a3402f8ca8c7e9e9345dc146b01ee7743f535f458d4f420992694e9bbd6397a0931d0f5deb2643c1777504ca9a45225f7004e5c798ca8b576a0bd8dd484f6ee9f1d9323aac4cd26db0d2653aa6cde1e3759c711ce5b827952bc6059d3751157fbdd8d114af309776cb4c4dfd696f65430fad91e18bb1be530916cc63fc50211fa1cad0dff9601ec12d212831771e7de24443695bbd8b774d17e45ab682dc2103f70ccfea3716568e2c54bf66bf042c4875cc35af7a2a095848cae060649d42f6e3b6425b45a7f4156,gx-no-cache=1681220781834 HTTP/1.1" 200 30
181.212.43.89 - - [11/Apr/2023:11:01:49 -0300] "POST /cormun/servlet/solicitudot?gx-no-cache=1681220781854 HTTP/1.1" 200 30
181.212.43.89 - - [11/Apr/2023:11:01:49 -0300] "POST /cormun/servlet/solicitudot?gx-no-cache=1681220781877 HTTP/1.1" 200 1469
181.212.43.89 - - [11/Apr/2023:11:01:49 -0300] "POST /cormun/servlet/solicitudot?gx-no-cache=1681220781905 HTTP/1.1" 200 41
186.67.172.234 - - [11/Apr/2023:11:01:50 -0300] "GET /cormun/servlet/trautorizarsolicitud? HTTP/1.1" 200 8685
181.212.43.89 - - [11/Apr/2023:11:01:50 -0300] "GET /cormun/servlet/solicitudot?a515a09c414bbf04170d9ccb25fedc5a811918c1fa212bd3d67cb98a49dcba528b54841a6e6d1ccc7ffbe956d8f2b1b026e3a1f0c4ae4293e99554f626b42333d82df443e371f7d9155888b952ff2df15c6e4b57404e604fd6cfcf936ac722ee9907bf7d7dfda39d64c74f36630cf843,gx-no-cache=1681220783053 HTTP/1.1" 200 110
181.212.43.89 - - [11/Apr/2023:11:01:50 -0300] "POST /cormun/servlet/solicitudot?gx-no-cache=1681220783073 HTTP/1.1" 200 97
186.67.172.234 - - [11/Apr/2023:11:01:51 -0300] "GET /cormun/servlet/trautorizarsolicitud? HTTP/1.1" 200 8685
181.212.43.89 - - [11/Apr/2023:11:01:52 -0300] "GET /cormun/servlet/solicitudot?a515a09c414bbf04170d9ccb25fedc5a8651cd82e15008f360c59d4b00f7afed28c4023f55a25449a5c6072c741957a02f4d267d82172ac4ab6b7d0783fa28eedfa8a84adfbf258e1b48f81aaee7ec7eef2f86737e144ea31f0318757ac3980b12337804cac39ccb50d985145dd9d025e4e30ecbf03221dd1de826ee9f038d6f9137f65dcadd23df0836c0eef56e32438abf12e01b265006ff047b67720c1baa4d7241db336c52a9d972b1180b988488511ec3cd89023f19efe1d08ebbea6a8f94a1ee40431ce4c007ff1759ccdec1b6,gx-no-cache=1681220784192 HTTP/1.1" 200 30
190.171.141.82 - - [11/Apr/2023:11:01:54 -0300] "POST /cormun/servlet/trpermisosgoce?3dfc69b6c0e1461bd3a59773d666fe18,,gx-no-cache=1681220788932 HTTP/1.1" 200 9659
190.171.141.82 - - [11/Apr/2023:11:01:54 -0300] "GET /cormun/static/Shared/jqueryui/images/ui-bg_highlight-soft_100_c6c2c8_1x100.png HTTP/1.1" 404 1117
190.171.141.82 - - [11/Apr/2023:11:01:54 -0300] "GET /cormun/static/Shared/jqueryui/images/ui-icons_82798d_256x240.png HTTP/1.1" 404 1089
190.171.141.82 - - [11/Apr/2023:11:01:54 -0300] "GET /cormun/static/Shared/jqueryui/images/ui-bg_flat_55_fafafa_40x100.png HTTP/1.1" 404 1097
190.171.141.82 - - [11/Apr/2023:11:01:54 -0300] "GET /cormun/static/Shared/jqueryui/images/ui-icons_8d78a5_256x240.png HTTP/1.1" 404 1089
186.67.172.234 - - [11/Apr/2023:11:01:55 -0300] "GET /cormun/servlet/trlicencias? HTTP/1.1" 200 14867
186.67.172.234 - - [11/Apr/2023:11:01:55 -0300] "GET /cormun/servlet/trlicencias? HTTP/1.1" 200 14863
181.212.43.89 - - [11/Apr/2023:11:01:56 -0300] "GET /cormun/servlet/solicitudot?a515a09c414bbf04170d9ccb25fedc5ac2eaaffa7de0b8dea71b72bf0703a0a6cbfc7ae9d0d516b2d6eb47c77a5c1c00,gx-no-cache=1681220788902 HTTP/1.1" 200 30
181.212.43.89 - - [11/Apr/2023:11:01:56 -0300] "POST /cormun/servlet/solicitudot?gx-no-cache=1681220788922 HTTP/1.1" 200 30
181.212.43.89 - - [11/Apr/2023:11:01:56 -0300] "POST /cormun/servlet/solicitudot?5405e5d95a8d68cb9d0b9461c1027bc6,UPD,2023,19981,false,,gx-no-cache=1681220788943 HTTP/1.1" 200 93
181.212.43.89 - - [11/Apr/2023:11:01:56 -0300] "GET /cormun/servlet/hpexe_return? HTTP/1.1" 200 1015
181.212.43.89 - - [11/Apr/2023:11:01:57 -0300] "GET /cormun/servlet/trsolicitudot HTTP/1.1" 200 9009
190.171.141.82 - - [11/Apr/2023:11:01:57 -0300] "GET /cormun/servlet/trpermisosadjuntos?17651056,20230331105920,P, HTTP/1.1" 200 6286
181.212.43.89 - - [11/Apr/2023:11:01:57 -0300] "GET /cormun/servlet/trsolicitudot HTTP/1.1" 200 9005
190.171.141.82 - - [11/Apr/2023:11:01:57 -0300] "GET /cormun/servlet/trpermisosadjuntos?17651056,20230331105920,P, HTTP/1.1" 200 6286
190.171.141.82 - - [11/Apr/2023:11:01:59 -0300] "GET /cormun/servlet/permisosadjuntos?INS,17651056,P,20230331105920,, HTTP/1.1" 200 5611
190.171.141.82 - - [11/Apr/2023:11:02:00 -0300] "GET /cormun/static/about:blank HTTP/1.1" 404 1011
190.171.141.82 - - [11/Apr/2023:11:02:00 -0300] "GET /cormun/servlet/permisosadjuntos?INS,17651056,P,20230331105920,, HTTP/1.1" 200 5601
190.171.141.82 - - [11/Apr/2023:11:02:07 -0300] "POST /cormun/servlet/permisosadjuntos?3dfc69b6c0e1461bd3a59773d666fe18,INS,17651056,P,20230331105920,, HTTP/1.1" 200 116
190.171.141.82 - - [11/Apr/2023:11:02:07 -0300] "GET /cormun/servlet/hpexe_return? HTTP/1.1" 200 1039
190.171.141.82 - - [11/Apr/2023:11:02:08 -0300] "GET /cormun/servlet/trpermisosadjuntos?17651056,20230331105920,P, HTTP/1.1" 200 6770
190.171.141.82 - - [11/Apr/2023:11:02:08 -0300] "GET /cormun/servlet/trpermisosadjuntos?17651056,20230331105920,P, HTTP/1.1" 200 6766
190.171.141.82 - - [11/Apr/2023:11:02:11 -0300] "GET /cormun/servlet/trpermisosgoce? HTTP/1.1" 200 12443
190.171.141.82 - - [11/Apr/2023:11:02:11 -0300] "GET /cormun/servlet/trpermisosgoce? HTTP/1.1" 200 12441
190.171.141.82 - - [11/Apr/2023:11:02:19 -0300] "POST /cormun/servlet/trpermisosgoce?3dfc69b6c0e1461bd3a59773d666fe18,,gx-no-cache=1681220814205 HTTP/1.1" 200 9660
190.171.141.82 - - [11/Apr/2023:11:02:19 -0300] "GET /cormun/static/Shared/jqueryui/images/ui-bg_highlight-soft_100_c6c2c8_1x100.png HTTP/1.1" 404 1117
190.171.141.82 - - [11/Apr/2023:11:02:19 -0300] "GET /cormun/static/Shared/jqueryui/images/ui-icons_82798d_256x240.png HTTP/1.1" 404 1089
190.171.141.82 - - [11/Apr/2023:11:02:19 -0300] "GET /cormun/static/Shared/jqueryui/images/ui-bg_flat_55_fafafa_40x100.png HTTP/1.1" 404 1097
190.171.141.82 - - [11/Apr/2023:11:02:19 -0300] "GET /cormun/static/Shared/jqueryui/images/ui-icons_8d78a5_256x240.png HTTP/1.1" 404 1089
190.171.141.82 - - [11/Apr/2023:11:02:26 -0300] "GET /cormun/servlet/trpermisosadjuntos?18040959,20230329140800,P, HTTP/1.1" 200 6282
190.171.141.82 - - [11/Apr/2023:11:02:26 -0300] "GET /cormun/servlet/trpermisosadjuntos?18040959,20230329140800,P, HTTP/1.1" 200 6282
190.171.141.82 - - [11/Apr/2023:11:02:28 -0300] "GET /cormun/servlet/permisosadjuntos?INS,18040959,P,20230329140800,, HTTP/1.1" 200 5610
190.171.141.82 - - [11/Apr/2023:11:02:28 -0300] "GET /cormun/static/about:blank HTTP/1.1" 404 1011
190.171.141.82 - - [11/Apr/2023:11:02:28 -0300] "GET /cormun/servlet/permisosadjuntos?INS,18040959,P,20230329140800,, HTTP/1.1" 200 5600
190.171.141.82 - - [11/Apr/2023:11:02:35 -0300] "POST /cormun/servlet/permisosadjuntos?3dfc69b6c0e1461bd3a59773d666fe18,INS,18040959,P,20230329140800,, HTTP/1.1" 200 116
190.171.141.82 - - [11/Apr/2023:11:02:35 -0300] "GET /cormun/servlet/hpexe_return? HTTP/1.1" 200 1040
190.171.141.82 - - [11/Apr/2023:11:02:36 -0300] "GET /cormun/servlet/trpermisosadjuntos?18040959,20230329140800,P, HTTP/1.1" 200 6761
190.171.141.82 - - [11/Apr/2023:11:02:36 -0300] "GET /cormun/servlet/trpermisosadjuntos?18040959,20230329140800,P, HTTP/1.1" 200 6758
190.171.141.82 - - [11/Apr/2023:11:02:39 -0300] "GET /cormun/servlet/trpermisosgoce? HTTP/1.1" 200 12428
190.171.141.82 - - [11/Apr/2023:11:02:39 -0300] "GET /cormun/servlet/trpermisosgoce? HTTP/1.1" 200 12423
190.171.141.82 - - [11/Apr/2023:11:02:46 -0300] "POST /cormun/servlet/trpermisosgoce?3dfc69b6c0e1461bd3a59773d666fe18,,gx-no-cache=1681220840933 HTTP/1.1" 200 9634
190.171.141.82 - - [11/Apr/2023:11:02:46 -0300] "GET /cormun/static/Shared/jqueryui/images/ui-bg_highlight-soft_100_c6c2c8_1x100.png HTTP/1.1" 404 1117
190.171.141.82 - - [11/Apr/2023:11:02:46 -0300] "GET /cormun/static/Shared/jqueryui/images/ui-icons_82798d_256x240.png HTTP/1.1" 404 1089
190.171.141.82 - - [11/Apr/2023:11:02:46 -0300] "GET /cormun/static/Shared/jqueryui/images/ui-icons_8d78a5_256x240.png HTTP/1.1" 404 1089
190.171.141.82 - - [11/Apr/2023:11:02:46 -0300] "GET /cormun/static/Shared/jqueryui/images/ui-bg_flat_55_fafafa_40x100.png HTTP/1.1" 404 1097
181.212.43.89 - - [11/Apr/2023:11:03:23 -0300] "POST /cormun/servlet/trsolicitudot?5405e5d95a8d68cb9d0b9461c1027bc6,gx-no-cache=1681220875418 HTTP/1.1" 200 106
181.212.43.89 - - [11/Apr/2023:11:03:23 -0300] "GET /cormun/servlet/trsolicitudadjuntos?2023,19981, HTTP/1.1" 200 6121
181.212.43.89 - - [11/Apr/2023:11:03:23 -0300] "GET /cormun/servlet/trsolicitudadjuntos?2023,19981, HTTP/1.1" 200 6119
181.212.43.89 - - [11/Apr/2023:11:03:25 -0300] "GET /cormun/servlet/solicitudotadjuntos?INS,2023,19981,,1, HTTP/1.1" 200 6062
181.212.43.89 - - [11/Apr/2023:11:03:25 -0300] "GET /cormun/static/gxcfg.js?202211298385187 HTTP/1.1" 200 953
181.212.43.89 - - [11/Apr/2023:11:03:25 -0300] "GET /cormun/static/solicitudotadjuntos.js?202211298385196 HTTP/1.1" 200 11771
181.212.43.89 - - [11/Apr/2023:11:03:25 -0300] "GET /cormun/static/about:blank HTTP/1.1" 404 1011
181.212.43.89 - - [11/Apr/2023:11:03:25 -0300] "GET /cormun/servlet/solicitudotadjuntos?INS,2023,19981,,1, HTTP/1.1" 200 6055
181.212.43.89 - - [11/Apr/2023:11:03:26 -0300] "GET /cormun/servlet/solicitudotadjuntos?a515a09c414bbf04170d9ccb25fedc5a6b0f1bf7034e9941671f972d43c10992a8425b1f3e9a4c91fecfefe00e5eda4e,gx-no-cache=1681220878180 HTTP/1.1" 200 30
181.212.43.89 - - [11/Apr/2023:11:03:26 -0300] "POST /cormun/servlet/solicitudotadjuntos?5405e5d95a8d68cb9d0b9461c1027bc6,INS,2023,19981,,1,,gx-no-cache=1681220878225 HTTP/1.1" 200 3917
181.212.43.89 - - [11/Apr/2023:11:03:28 -0300] "POST /cormun/servlet/solicitudotadjuntos?gx-no-cache=1681220880748 HTTP/1.1" 200 26
190.171.144.234 - - [11/Apr/2023:11:03:29 -0300] "GET /cormun/servlet/hlogin HTTP/1.1" 200 1736
181.212.43.89 - - [11/Apr/2023:11:04:06 -0300] "GET /cormun/servlet/solicitudotadjuntos?a515a09c414bbf04170d9ccb25fedc5a91e991ac844fa1d7def21c41850e9434,gx-no-cache=1681220918279 HTTP/1.1" 200 30
181.212.43.89 - - [11/Apr/2023:11:04:06 -0300] "GET /cormun/servlet/solicitudotadjuntos?a515a09c414bbf04170d9ccb25fedc5a91e991ac844fa1d7def21c41850e9434,gx-no-cache=1681220918313 HTTP/1.1" 200 30
181.212.43.89 - - [11/Apr/2023:11:04:06 -0300] "POST /cormun/servlet/solicitudotadjuntos?5405e5d95a8d68cb9d0b9461c1027bc6,INS,2023,19981,,1, HTTP/1.1" 200 116
181.212.43.89 - - [11/Apr/2023:11:04:06 -0300] "GET /cormun/servlet/hpexe_return? HTTP/1.1" 200 1026
181.212.43.89 - - [11/Apr/2023:11:04:06 -0300] "GET /cormun/servlet/trsolicitudadjuntos?2023,19981, HTTP/1.1" 200 9072
181.212.43.89 - - [11/Apr/2023:11:04:07 -0300] "GET /cormun/servlet/trsolicitudadjuntos?2023,19981, HTTP/1.1" 200 9067
181.212.43.89 - - [11/Apr/2023:11:04:08 -0300] "GET /cormun/servlet/solicitudotadjuntos?INS,2023,19981,,1, HTTP/1.1" 200 6063
181.212.43.89 - - [11/Apr/2023:11:04:08 -0300] "GET /cormun/static/about:blank HTTP/1.1" 404 1011
181.212.43.89 - - [11/Apr/2023:11:04:08 -0300] "GET /cormun/servlet/solicitudotadjuntos?INS,2023,19981,,1, HTTP/1.1" 200 6056
181.212.43.89 - - [11/Apr/2023:11:04:09 -0300] "GET /cormun/servlet/solicitudotadjuntos?a515a09c414bbf04170d9ccb25fedc5a6b0f1bf7034e9941671f972d43c10992a8425b1f3e9a4c91fecfefe00e5eda4e,gx-no-cache=1681220921492 HTTP/1.1" 200 30
181.212.43.89 - - [11/Apr/2023:11:04:09 -0300] "POST /cormun/servlet/solicitudotadjuntos?5405e5d95a8d68cb9d0b9461c1027bc6,INS,2023,19981,,1,,gx-no-cache=1681220921558 HTTP/1.1" 200 3918
181.212.43.89 - - [11/Apr/2023:11:04:10 -0300] "POST /cormun/servlet/solicitudotadjuntos?gx-no-cache=1681220922812 HTTP/1.1" 200 26
181.212.43.89 - - [11/Apr/2023:11:04:16 -0300] "GET /cormun/servlet/solicitudotadjuntos?a515a09c414bbf04170d9ccb25fedc5a91e991ac844fa1d7def21c41850e9434,gx-no-cache=1681220928668 HTTP/1.1" 200 30
181.212.43.89 - - [11/Apr/2023:11:04:16 -0300] "GET /cormun/servlet/solicitudotadjuntos?a515a09c414bbf04170d9ccb25fedc5a91e991ac844fa1d7def21c41850e9434,gx-no-cache=1681220928701 HTTP/1.1" 200 30
181.212.43.89 - - [11/Apr/2023:11:04:16 -0300] "POST /cormun/servlet/solicitudotadjuntos?5405e5d95a8d68cb9d0b9461c1027bc6,INS,2023,19981,,1, HTTP/1.1" 200 116
181.212.43.89 - - [11/Apr/2023:11:04:16 -0300] "GET /cormun/servlet/hpexe_return? HTTP/1.1" 200 1026
181.212.43.89 - - [11/Apr/2023:11:04:17 -0300] "GET /cormun/servlet/trsolicitudadjuntos?2023,19981, HTTP/1.1" 200 9318
181.212.43.89 - - [11/Apr/2023:11:04:17 -0300] "GET /cormun/servlet/trsolicitudadjuntos?2023,19981, HTTP/1.1" 200 9318
181.212.43.89 - - [11/Apr/2023:11:04:19 -0300] "GET /cormun/servlet/solicitudotadjuntos?INS,2023,19981,,1, HTTP/1.1" 200 6063
181.212.43.89 - - [11/Apr/2023:11:04:19 -0300] "GET /cormun/static/about:blank HTTP/1.1" 404 1011
181.212.43.89 - - [11/Apr/2023:11:04:19 -0300] "GET /cormun/servlet/solicitudotadjuntos?INS,2023,19981,,1, HTTP/1.1" 200 6056
181.212.43.89 - - [11/Apr/2023:11:04:20 -0300] "GET /cormun/servlet/solicitudotadjuntos?a515a09c414bbf04170d9ccb25fedc5a6b0f1bf7034e9941671f972d43c10992a8425b1f3e9a4c91fecfefe00e5eda4e,gx-no-cache=1681220932253 HTTP/1.1" 200 30
181.212.43.89 - - [11/Apr/2023:11:04:20 -0300] "POST /cormun/servlet/solicitudotadjuntos?5405e5d95a8d68cb9d0b9461c1027bc6,INS,2023,19981,,1,,gx-no-cache=1681220932269 HTTP/1.1" 200 3918
181.212.43.89 - - [11/Apr/2023:11:04:22 -0300] "POST /cormun/servlet/solicitudotadjuntos?gx-no-cache=1681220934868 HTTP/1.1" 200 26
181.212.43.89 - - [11/Apr/2023:11:04:28 -0300] "GET /cormun/servlet/solicitudotadjuntos?a515a09c414bbf04170d9ccb25fedc5a91e991ac844fa1d7def21c41850e9434,gx-no-cache=1681220940346 HTTP/1.1" 200 30
181.212.43.89 - - [11/Apr/2023:11:04:28 -0300] "GET /cormun/servlet/solicitudotadjuntos?a515a09c414bbf04170d9ccb25fedc5a91e991ac844fa1d7def21c41850e9434,gx-no-cache=1681220940358 HTTP/1.1" 200 30
181.212.43.89 - - [11/Apr/2023:11:04:28 -0300] "POST /cormun/servlet/solicitudotadjuntos?5405e5d95a8d68cb9d0b9461c1027bc6,INS,2023,19981,,1, HTTP/1.1" 200 116
181.212.43.89 - - [11/Apr/2023:11:04:28 -0300] "GET /cormun/servlet/hpexe_return? HTTP/1.1" 200 1026
181.212.43.89 - - [11/Apr/2023:11:04:28 -0300] "GET /cormun/servlet/trsolicitudadjuntos?2023,19981, HTTP/1.1" 200 9529
181.212.43.89 - - [11/Apr/2023:11:04:29 -0300] "GET /cormun/servlet/trsolicitudadjuntos?2023,19981, HTTP/1.1" 200 9528
181.212.43.89 - - [11/Apr/2023:11:04:30 -0300] "GET /cormun/servlet/solicitudotadjuntos?INS,2023,19981,,1, HTTP/1.1" 200 6063
181.212.43.89 - - [11/Apr/2023:11:04:30 -0300] "GET /cormun/static/about:blank HTTP/1.1" 404 1011
181.212.43.89 - - [11/Apr/2023:11:04:30 -0300] "GET /cormun/servlet/solicitudotadjuntos?INS,2023,19981,,1, HTTP/1.1" 200 6056
181.212.43.89 - - [11/Apr/2023:11:04:31 -0300] "GET /cormun/servlet/solicitudotadjuntos?a515a09c414bbf04170d9ccb25fedc5a6b0f1bf7034e9941671f972d43c10992a8425b1f3e9a4c91fecfefe00e5eda4e,gx-no-cache=1681220943586 HTTP/1.1" 200 30
181.212.43.89 - - [11/Apr/2023:11:04:31 -0300] "POST /cormun/servlet/solicitudotadjuntos?5405e5d95a8d68cb9d0b9461c1027bc6,INS,2023,19981,,1,,gx-no-cache=1681220943600 HTTP/1.1" 200 3918
181.212.43.89 - - [11/Apr/2023:11:04:33 -0300] "POST /cormun/servlet/solicitudotadjuntos?gx-no-cache=1681220945466 HTTP/1.1" 200 26
190.171.141.82 - - [11/Apr/2023:11:04:34 -0300] "GET /cormun/servlet/trpermisosadjuntos?13117033,20230328124356,P, HTTP/1.1" 200 6287
190.171.141.82 - - [11/Apr/2023:11:04:34 -0300] "GET /cormun/servlet/trpermisosadjuntos?13117033,20230328124356,P, HTTP/1.1" 200 6287
190.171.141.82 - - [11/Apr/2023:11:04:36 -0300] "GET /cormun/servlet/permisosadjuntos?INS,13117033,P,20230328124356,, HTTP/1.1" 200 5615
190.171.141.82 - - [11/Apr/2023:11:04:36 -0300] "GET /cormun/static/about:blank HTTP/1.1" 404 1011
190.171.141.82 - - [11/Apr/2023:11:04:36 -0300] "GET /cormun/servlet/permisosadjuntos?INS,13117033,P,20230328124356,, HTTP/1.1" 200 5605
181.212.43.89 - - [11/Apr/2023:11:04:39 -0300] "GET /cormun/servlet/solicitudotadjuntos?a515a09c414bbf04170d9ccb25fedc5a91e991ac844fa1d7def21c41850e9434,gx-no-cache=1681220952058 HTTP/1.1" 200 30
181.212.43.89 - - [11/Apr/2023:11:04:39 -0300] "GET /cormun/servlet/solicitudotadjuntos?a515a09c414bbf04170d9ccb25fedc5a91e991ac844fa1d7def21c41850e9434,gx-no-cache=1681220952071 HTTP/1.1" 200 30
181.212.43.89 - - [11/Apr/2023:11:04:40 -0300] "POST /cormun/servlet/solicitudotadjuntos?5405e5d95a8d68cb9d0b9461c1027bc6,INS,2023,19981,,1, HTTP/1.1" 200 116
181.212.43.89 - - [11/Apr/2023:11:04:40 -0300] "GET /cormun/servlet/hpexe_return? HTTP/1.1" 200 1026
181.212.43.89 - - [11/Apr/2023:11:04:40 -0300] "GET /cormun/servlet/trsolicitudadjuntos?2023,19981, HTTP/1.1" 200 9798
181.212.43.89 - - [11/Apr/2023:11:04:41 -0300] "GET /cormun/servlet/trsolicitudadjuntos?2023,19981, HTTP/1.1" 200 9794
190.171.141.82 - - [11/Apr/2023:11:04:41 -0300] "POST /cormun/servlet/permisosadjuntos?3dfc69b6c0e1461bd3a59773d666fe18,INS,13117033,P,20230328124356,, HTTP/1.1" 200 116
190.171.141.82 - - [11/Apr/2023:11:04:42 -0300] "GET /cormun/servlet/hpexe_return? HTTP/1.1" 200 1039
190.171.141.82 - - [11/Apr/2023:11:04:42 -0300] "GET /cormun/servlet/trpermisosadjuntos?13117033,20230328124356,P, HTTP/1.1" 200 6766
190.171.141.82 - - [11/Apr/2023:11:04:42 -0300] "GET /cormun/servlet/trpermisosadjuntos?13117033,20230328124356,P, HTTP/1.1" 200 6764
181.212.43.89 - - [11/Apr/2023:11:04:43 -0300] "GET /cormun/servlet/solicitudotadjuntos?INS,2023,19981,,1, HTTP/1.1" 200 6063
181.212.43.89 - - [11/Apr/2023:11:04:43 -0300] "GET /cormun/static/about:blank HTTP/1.1" 404 1011
181.212.43.89 - - [11/Apr/2023:11:04:43 -0300] "GET /cormun/servlet/solicitudotadjuntos?INS,2023,19981,,1, HTTP/1.1" 200 6056
190.171.141.82 - - [11/Apr/2023:11:04:44 -0300] "GET /cormun/servlet/trpermisosgoce? HTTP/1.1" 200 12422
181.212.43.89 - - [11/Apr/2023:11:04:44 -0300] "GET /cormun/servlet/solicitudotadjuntos?a515a09c414bbf04170d9ccb25fedc5a6b0f1bf7034e9941671f972d43c10992a8425b1f3e9a4c91fecfefe00e5eda4e,gx-no-cache=1681220956455 HTTP/1.1" 200 30
181.212.43.89 - - [11/Apr/2023:11:04:44 -0300] "POST /cormun/servlet/solicitudotadjuntos?5405e5d95a8d68cb9d0b9461c1027bc6,INS,2023,19981,,1,,gx-no-cache=1681220956470 HTTP/1.1" 200 3918
