190.46.88.50 - - [10/Apr/2023:11:35:44 -0300] "GET /cormun/servlet/permisosadjuntos?INS,10217958,P,20230327121905,, HTTP/1.1" 200 5959
190.171.141.106 - - [10/Apr/2023:11:35:44 -0300] "POST /cormun/servlet/solicitudot?492d774c456b1fff0c7339d27cadd913,INS,0,0,false,,gx-no-cache=1681136419109 HTTP/1.1" 200 12793
190.171.141.106 - - [10/Apr/2023:11:35:51 -0300] "GET /cormun/servlet/solicitudot?74e766dbced07488d9597095f09092be5a92a31256dbd09178426f61d6725b60cb135719388a6edd481e0ff9254346f0,gx-no-cache=1681136426069 HTTP/1.1" 200 30
190.46.88.50 - - [10/Apr/2023:11:35:54 -0300] "POST /cormun/servlet/permisosadjuntos?d2bc8d5872921e56a33976e60fd75e51,INS,10217958,P,20230327121905,, HTTP/1.1" 200 116
190.46.88.50 - - [10/Apr/2023:11:35:54 -0300] "GET /cormun/servlet/hpexe_return? HTTP/1.1" 200 1039
190.46.88.50 - - [10/Apr/2023:11:35:55 -0300] "GET /cormun/servlet/trpermisosadjuntos?10217958,20230327121905,P, HTTP/1.1" 200 7152
190.46.88.50 - - [10/Apr/2023:11:35:55 -0300] "GET /cormun/servlet/trpermisosadjuntos?10217958,20230327121905,P, HTTP/1.1" 200 7150
190.46.88.50 - - [10/Apr/2023:11:35:59 -0300] "POST /cormun/servlet/trpermisosadjuntos?d2bc8d5872921e56a33976e60fd75e51,10217958,20230327121905,P,,gx-no-cache=1681136433842 HTTP/1.1" 200 90
190.46.88.50 - - [10/Apr/2023:11:35:59 -0300] "GET /cormun/servlet/hpexe_link HTTP/1.1" 200 1005
190.46.88.50 - - [10/Apr/2023:11:35:59 -0300] "GET /cormun/servlet/trpermisosgoce?gx-no-cache=1681136391030 HTTP/1.1" 200 9375
190.46.88.50 - - [10/Apr/2023:11:35:59 -0300] "GET /cormun/servlet/trpermisosgoce?gx-no-cache=1681136391030 HTTP/1.1" 200 9394
190.46.88.50 - - [10/Apr/2023:11:36:03 -0300] "POST /cormun/servlet/trpermisosgoce?d2bc8d5872921e56a33976e60fd75e51,gx-no-cache=1681136391030,gx-no-cache=1681136438427 HTTP/1.1" 200 6599
190.171.143.82 - - [10/Apr/2023:11:36:06 -0300] "GET /cormun/servlet/permisogoce?INS,0,,, HTTP/1.1" 200 7259
190.171.143.82 - - [10/Apr/2023:11:36:08 -0300] "GET /cormun/servlet/permisogoce?INS,0,,, HTTP/1.1" 200 7259
190.171.141.114 - - [10/Apr/2023:11:36:14 -0300] "POST /cormun/servlet/solicitudot?gx-no-cache=1681136457560 HTTP/1.1" 440 972
190.171.141.114 - - [10/Apr/2023:11:36:15 -0300] "POST /cormun/servlet/solicitudot?gx-no-cache=1681136459403 HTTP/1.1" 440 972
190.171.141.114 - - [10/Apr/2023:11:36:16 -0300] "GET /cormun/servlet/solicitudot?INS,0,0,false, HTTP/1.1" 200 14998
190.171.141.114 - - [10/Apr/2023:11:36:17 -0300] "POST /cormun/servlet/solicitudot?gx-no-cache=1681136461415 HTTP/1.1" 440 972
190.171.141.114 - - [10/Apr/2023:11:36:18 -0300] "GET /cormun/servlet/solicitudot?INS,0,0,false, HTTP/1.1" 200 14998
190.171.141.114 - - [10/Apr/2023:11:36:20 -0300] "GET /cormun/servlet/solicitudot?83ccdb20d4f4a5b7147a6cf18ee805d55f72571de1130fd69d6ce9865ae855efaf170b481a140fc06b9dc0213399fcab036f3a41094ccb6302e8d00bccc9c3e2d14fc2ec39e34728c74e018d6f90214d3baf8180c37faf114dc3938963d818d5616aa7306951736feb395ec5f5d2e781,gx-no-cache=1681136463974 HTTP/1.1" 440 972
190.171.141.114 - - [10/Apr/2023:11:36:20 -0300] "GET /cormun/servlet/solicitudot?INS,0,0,false, HTTP/1.1" 200 14998
190.171.141.114 - - [10/Apr/2023:11:36:21 -0300] "GET /cormun/servlet/hlogin HTTP/1.1" 200 1747
190.171.141.114 - - [10/Apr/2023:11:36:22 -0300] "GET /cormun/servlet/solicitudot?INS,0,0,false, HTTP/1.1" 200 14998
190.46.88.50 - - [10/Apr/2023:11:36:33 -0300] "GET /cormun/servlet/trpermisosadjuntos?15542845,20230331103930,P, HTTP/1.1" 200 6664
190.46.88.50 - - [10/Apr/2023:11:36:34 -0300] "GET /cormun/servlet/trpermisosadjuntos?15542845,20230331103930,P, HTTP/1.1" 200 6642
190.171.141.114 - - [10/Apr/2023:11:36:35 -0300] "POST /cormun/servlet/hlogin?df9e21dc296e7c1254f0472fb9db917d,gx-no-cache=1681136478731 HTTP/1.1" 200 90
190.171.141.114 - - [10/Apr/2023:11:36:35 -0300] "GET /cormun/servlet/hpexe_link HTTP/1.1" 200 967
190.171.141.114 - - [10/Apr/2023:11:36:35 -0300] "GET /cormun/servlet/solicitudot?INS,0,0,false, HTTP/1.1" 200 15691
190.46.88.50 - - [10/Apr/2023:11:36:36 -0300] "GET /cormun/servlet/permisosadjuntos?INS,15542845,P,20230331103930,, HTTP/1.1" 200 5975
190.171.141.114 - - [10/Apr/2023:11:36:36 -0300] "GET /cormun/servlet/solicitudot?INS,0,0,false, HTTP/1.1" 200 15698
190.46.88.50 - - [10/Apr/2023:11:36:36 -0300] "GET /cormun/static/about:blank HTTP/1.1" 404 1011
190.46.88.50 - - [10/Apr/2023:11:36:36 -0300] "GET /cormun/servlet/permisosadjuntos?INS,15542845,P,20230331103930,, HTTP/1.1" 200 5964
190.171.141.114 - - [10/Apr/2023:11:36:41 -0300] "GET /cormun/servlet/trsolicitudot? HTTP/1.1" 200 8606
190.171.141.114 - - [10/Apr/2023:11:36:41 -0300] "GET /cormun/servlet/trsolicitudot? HTTP/1.1" 200 8604
190.46.88.50 - - [10/Apr/2023:11:36:44 -0300] "POST /cormun/servlet/permisosadjuntos?d2bc8d5872921e56a33976e60fd75e51,INS,15542845,P,20230331103930,, HTTP/1.1" 200 116
190.46.88.50 - - [10/Apr/2023:11:36:44 -0300] "GET /cormun/servlet/hpexe_return? HTTP/1.1" 200 1038
190.46.88.50 - - [10/Apr/2023:11:36:44 -0300] "GET /cormun/servlet/trpermisosadjuntos?15542845,20230331103930,P, HTTP/1.1" 200 7153
190.171.143.82 - - [10/Apr/2023:11:36:44 -0300] "GET /cormun/servlet/permisogoce?a581526cef2c1ddd95c8f1d3846f96c521b8e5f21e94955eaaa9e1d7f18379693e57421ccac71674c1a23689f162f3b9352a0d3f18d4abfe9a0194a06ff625c5,gx-no-cache=1681136478069 HTTP/1.1" 200 84
190.46.88.50 - - [10/Apr/2023:11:36:44 -0300] "GET /cormun/servlet/trpermisosadjuntos?15542845,20230331103930,P, HTTP/1.1" 200 7149
190.171.143.82 - - [10/Apr/2023:11:36:44 -0300] "GET /cormun/static/menuarrow.gif HTTP/1.1" 404 1015
190.171.141.114 - - [10/Apr/2023:11:36:45 -0300] "POST /cormun/servlet/trsolicitudot?df9e21dc296e7c1254f0472fb9db917d,,gx-no-cache=1681136489256 HTTP/1.1" 200 108
190.171.141.114 - - [10/Apr/2023:11:36:45 -0300] "GET /cormun/servlet/trsolicitudadjuntos?2023,19967, HTTP/1.1" 200 6116
190.171.141.114 - - [10/Apr/2023:11:36:46 -0300] "GET /cormun/static/gxcfg.js?20201215574222 HTTP/1.1" 200 953
190.171.141.114 - - [10/Apr/2023:11:36:46 -0300] "GET /cormun/static/trsolicitudadjuntos.js?20201215574932 HTTP/1.1" 200 17921
190.171.141.114 - - [10/Apr/2023:11:36:46 -0300] "GET /cormun/static/Resources/PXToolsGridNew.png HTTP/1.1" 200 427
190.171.141.114 - - [10/Apr/2023:11:36:46 -0300] "GET /cormun/servlet/trsolicitudadjuntos?2023,19967, HTTP/1.1" 200 6116
190.46.88.50 - - [10/Apr/2023:11:36:47 -0300] "POST /cormun/servlet/trpermisosadjuntos?d2bc8d5872921e56a33976e60fd75e51,15542845,20230331103930,P,,gx-no-cache=1681136482527 HTTP/1.1" 200 90
190.46.88.50 - - [10/Apr/2023:11:36:47 -0300] "GET /cormun/servlet/hpexe_link HTTP/1.1" 200 1006
190.46.88.50 - - [10/Apr/2023:11:36:48 -0300] "GET /cormun/servlet/trpermisosgoce?gx-no-cache=1681136391030 HTTP/1.1" 200 9371
190.46.88.50 - - [10/Apr/2023:11:36:48 -0300] "GET /cormun/servlet/trpermisosgoce?gx-no-cache=1681136391030 HTTP/1.1" 200 9390
190.171.141.114 - - [10/Apr/2023:11:36:48 -0300] "GET /cormun/servlet/solicitudotadjuntos?INS,2023,19967,,1, HTTP/1.1" 200 6061
190.171.141.114 - - [10/Apr/2023:11:36:48 -0300] "GET /cormun/static/gxcfg.js?202211298385187 HTTP/1.1" 200 953
190.171.141.114 - - [10/Apr/2023:11:36:48 -0300] "GET /cormun/static/solicitudotadjuntos.js?202211298385196 HTTP/1.1" 200 11771
190.171.141.114 - - [10/Apr/2023:11:36:48 -0300] "GET /cormun/static/about:blank HTTP/1.1" 404 1011
190.171.141.114 - - [10/Apr/2023:11:36:48 -0300] "GET /cormun/servlet/solicitudotadjuntos?INS,2023,19967,,1, HTTP/1.1" 200 6055
190.171.141.114 - - [10/Apr/2023:11:36:49 -0300] "GET /cormun/servlet/solicitudotadjuntos?32b2ae171f2e25e704b8b18d4a6e3c34c989a9fe01a724d351d2f11544f1bfc3f59aee82b1da7a6a2bd63b0cb9ce6d3f,gx-no-cache=1681136492894 HTTP/1.1" 200 30
190.171.141.114 - - [10/Apr/2023:11:36:49 -0300] "POST /cormun/servlet/solicitudotadjuntos?df9e21dc296e7c1254f0472fb9db917d,INS,2023,19967,,1,,gx-no-cache=1681136492969 HTTP/1.1" 200 3871
190.46.88.50 - - [10/Apr/2023:11:36:52 -0300] "POST /cormun/servlet/trpermisosgoce?d2bc8d5872921e56a33976e60fd75e51,gx-no-cache=1681136391030,gx-no-cache=1681136486973 HTTP/1.1" 200 6595
190.171.141.114 - - [10/Apr/2023:11:36:52 -0300] "POST /cormun/servlet/solicitudotadjuntos?gx-no-cache=1681136496416 HTTP/1.1" 200 26
190.171.143.82 - - [10/Apr/2023:11:36:58 -0300] "GET /cormun/servlet/permisogoce?a581526cef2c1ddd95c8f1d3846f96c5c335eed12a00866f9ab96dcf618d90d4679167a628a24f659ee1da68686bfa69b6be744693e0496125d8a3c608c24265,gx-no-cache=1681136491697 HTTP/1.1" 200 48
190.171.141.114 - - [10/Apr/2023:11:37:00 -0300] "GET /cormun/servlet/solicitudotadjuntos?32b2ae171f2e25e704b8b18d4a6e3c34dc89de67614cab769ace4ecea0150d6f,gx-no-cache=1681136504060 HTTP/1.1" 200 30
190.171.141.114 - - [10/Apr/2023:11:37:00 -0300] "GET /cormun/servlet/solicitudotadjuntos?32b2ae171f2e25e704b8b18d4a6e3c34dc89de67614cab769ace4ecea0150d6f,gx-no-cache=1681136504082 HTTP/1.1" 200 30
190.171.143.82 - - [10/Apr/2023:11:37:00 -0300] "POST /cormun/servlet/permisogoce?cf56fabd4afcff617e3295ce4ce9e376,INS,0,,,,gx-no-cache=1681136493422 HTTP/1.1" 200 93
190.171.143.82 - - [10/Apr/2023:11:37:00 -0300] "GET /cormun/servlet/hpexe_return? HTTP/1.1" 200 1029
190.171.141.114 - - [10/Apr/2023:11:37:00 -0300] "POST /cormun/servlet/solicitudotadjuntos?df9e21dc296e7c1254f0472fb9db917d,INS,2023,19967,,1, HTTP/1.1" 200 116
190.171.143.82 - - [10/Apr/2023:11:37:01 -0300] "GET /cormun/static/gxcfg.js?20221129846035 HTTP/1.1" 304 -
190.171.143.82 - - [10/Apr/2023:11:37:01 -0300] "GET /cormun/static/hpexe_return.js?20221129846037 HTTP/1.1" 304 -
190.171.141.114 - - [10/Apr/2023:11:37:01 -0300] "GET /cormun/servlet/hpexe_return? HTTP/1.1" 200 1028
190.171.141.114 - - [10/Apr/2023:11:37:01 -0300] "GET /cormun/servlet/trsolicitudadjuntos?2023,19967, HTTP/1.1" 200 9030
190.171.143.82 - - [10/Apr/2023:11:37:01 -0300] "GET /cormun/servlet/trpermisosgoce?gx-no-cache=1681136404407 HTTP/1.1" 200 9472
190.171.141.114 - - [10/Apr/2023:11:37:01 -0300] "GET /cormun/servlet/trsolicitudadjuntos?2023,19967, HTTP/1.1" 200 9025
190.171.143.82 - - [10/Apr/2023:11:37:02 -0300] "GET /cormun/servlet/trpermisosgoce?gx-no-cache=1681136404407 HTTP/1.1" 200 9489
190.171.141.114 - - [10/Apr/2023:11:37:03 -0300] "GET /cormun/servlet/solicitudotadjuntos?INS,2023,19967,,1, HTTP/1.1" 200 6061
190.171.141.114 - - [10/Apr/2023:11:37:03 -0300] "GET /cormun/static/about:blank HTTP/1.1" 404 1011
190.171.141.114 - - [10/Apr/2023:11:37:03 -0300] "GET /cormun/servlet/solicitudotadjuntos?INS,2023,19967,,1, HTTP/1.1" 200 6055
190.171.141.114 - - [10/Apr/2023:11:37:04 -0300] "GET /cormun/servlet/solicitudotadjuntos?32b2ae171f2e25e704b8b18d4a6e3c34c989a9fe01a724d351d2f11544f1bfc3f59aee82b1da7a6a2bd63b0cb9ce6d3f,gx-no-cache=1681136507802 HTTP/1.1" 200 30
190.171.141.114 - - [10/Apr/2023:11:37:04 -0300] "POST /cormun/servlet/solicitudotadjuntos?df9e21dc296e7c1254f0472fb9db917d,INS,2023,19967,,1,,gx-no-cache=1681136507852 HTTP/1.1" 200 3871
190.171.143.82 - - [10/Apr/2023:11:37:06 -0300] "GET /cormun/servlet/apermisogoceprn?11511754,P,20230410102027,PU HTTP/1.1" 200 1658
190.171.141.114 - - [10/Apr/2023:11:37:11 -0300] "POST /cormun/servlet/solicitudotadjuntos?gx-no-cache=1681136515124 HTTP/1.1" 200 26
190.46.88.50 - - [10/Apr/2023:11:37:21 -0300] "GET /cormun/servlet/trpermisosadjuntos?18689076,20230403172006,P, HTTP/1.1" 200 6652
190.171.141.114 - - [10/Apr/2023:11:37:21 -0300] "GET /cormun/servlet/solicitudotadjuntos?32b2ae171f2e25e704b8b18d4a6e3c34dc89de67614cab769ace4ecea0150d6f,gx-no-cache=1681136524988 HTTP/1.1" 200 30
190.171.141.114 - - [10/Apr/2023:11:37:21 -0300] "GET /cormun/servlet/solicitudotadjuntos?32b2ae171f2e25e704b8b18d4a6e3c34dc89de67614cab769ace4ecea0150d6f,gx-no-cache=1681136525082 HTTP/1.1" 200 30
190.46.88.50 - - [10/Apr/2023:11:37:21 -0300] "GET /cormun/servlet/trpermisosadjuntos?18689076,20230403172006,P, HTTP/1.1" 200 6632
190.171.141.114 - - [10/Apr/2023:11:37:21 -0300] "POST /cormun/servlet/solicitudotadjuntos?df9e21dc296e7c1254f0472fb9db917d,INS,2023,19967,,1, HTTP/1.1" 200 116
190.171.141.114 - - [10/Apr/2023:11:37:22 -0300] "GET /cormun/servlet/hpexe_return? HTTP/1.1" 200 1028
190.171.141.114 - - [10/Apr/2023:11:37:22 -0300] "GET /cormun/servlet/trsolicitudadjuntos?2023,19967, HTTP/1.1" 200 9276
190.171.141.114 - - [10/Apr/2023:11:37:22 -0300] "GET /cormun/servlet/trsolicitudadjuntos?2023,19967, HTTP/1.1" 200 9275
190.46.88.50 - - [10/Apr/2023:11:37:23 -0300] "GET /cormun/servlet/permisosadjuntos?INS,18689076,P,20230403172006,, HTTP/1.1" 200 5963
190.46.88.50 - - [10/Apr/2023:11:37:23 -0300] "GET /cormun/static/about:blank HTTP/1.1" 404 1011
190.46.88.50 - - [10/Apr/2023:11:37:23 -0300] "GET /cormun/servlet/permisosadjuntos?INS,18689076,P,20230403172006,, HTTP/1.1" 200 5953
190.171.141.114 - - [10/Apr/2023:11:37:24 -0300] "GET /cormun/servlet/solicitudotadjuntos?INS,2023,19967,,1, HTTP/1.1" 200 6061
190.171.141.114 - - [10/Apr/2023:11:37:25 -0300] "GET /cormun/static/about:blank HTTP/1.1" 404 1011
190.171.141.114 - - [10/Apr/2023:11:37:25 -0300] "GET /cormun/servlet/solicitudotadjuntos?INS,2023,19967,,1, HTTP/1.1" 200 6055
190.171.141.114 - - [10/Apr/2023:11:37:25 -0300] "GET /cormun/servlet/solicitudotadjuntos?32b2ae171f2e25e704b8b18d4a6e3c34c989a9fe01a724d351d2f11544f1bfc3f59aee82b1da7a6a2bd63b0cb9ce6d3f,gx-no-cache=1681136528995 HTTP/1.1" 200 30
190.171.141.114 - - [10/Apr/2023:11:37:25 -0300] "POST /cormun/servlet/solicitudotadjuntos?df9e21dc296e7c1254f0472fb9db917d,INS,2023,19967,,1,,gx-no-cache=1681136529055 HTTP/1.1" 200 3871
190.171.141.114 - - [10/Apr/2023:11:37:28 -0300] "POST /cormun/servlet/solicitudotadjuntos?gx-no-cache=1681136532259 HTTP/1.1" 200 26
190.171.141.114 - - [10/Apr/2023:11:37:35 -0300] "GET /cormun/servlet/solicitudotadjuntos?32b2ae171f2e25e704b8b18d4a6e3c34dc89de67614cab769ace4ecea0150d6f,gx-no-cache=1681136539196 HTTP/1.1" 200 30
190.171.141.114 - - [10/Apr/2023:11:37:35 -0300] "GET /cormun/servlet/solicitudotadjuntos?32b2ae171f2e25e704b8b18d4a6e3c34dc89de67614cab769ace4ecea0150d6f,gx-no-cache=1681136539222 HTTP/1.1" 200 30
190.171.141.114 - - [10/Apr/2023:11:37:36 -0300] "POST /cormun/servlet/solicitudotadjuntos?df9e21dc296e7c1254f0472fb9db917d,INS,2023,19967,,1, HTTP/1.1" 200 116
190.171.141.114 - - [10/Apr/2023:11:37:36 -0300] "GET /cormun/servlet/hpexe_return? HTTP/1.1" 200 1028
190.171.141.114 - - [10/Apr/2023:11:37:36 -0300] "GET /cormun/servlet/trsolicitudadjuntos?2023,19967, HTTP/1.1" 200 9490
190.171.141.114 - - [10/Apr/2023:11:37:36 -0300] "GET /cormun/servlet/trsolicitudadjuntos?2023,19967, HTTP/1.1" 200 9488
190.171.142.10 - - [10/Apr/2023:11:37:38 -0300] "-" 400 -
190.171.143.82 - - [10/Apr/2023:11:37:38 -0300] "GET /cormun/servlet/permisogoce?INS,0,,, HTTP/1.1" 200 7282
190.171.141.114 - - [10/Apr/2023:11:37:39 -0300] "GET /cormun/servlet/solicitudotadjuntos?INS,2023,19967,,1, HTTP/1.1" 200 6061
190.171.141.114 - - [10/Apr/2023:11:37:39 -0300] "GET /cormun/static/about:blank HTTP/1.1" 404 1011
190.171.141.114 - - [10/Apr/2023:11:37:39 -0300] "GET /cormun/servlet/solicitudotadjuntos?INS,2023,19967,,1, HTTP/1.1" 200 6055
190.171.143.82 - - [10/Apr/2023:11:37:39 -0300] "GET /cormun/servlet/permisogoce?INS,0,,, HTTP/1.1" 200 7260
190.171.141.114 - - [10/Apr/2023:11:37:40 -0300] "GET /cormun/servlet/solicitudotadjuntos?32b2ae171f2e25e704b8b18d4a6e3c34c989a9fe01a724d351d2f11544f1bfc3f59aee82b1da7a6a2bd63b0cb9ce6d3f,gx-no-cache=1681136543562 HTTP/1.1" 200 30
190.171.141.114 - - [10/Apr/2023:11:37:40 -0300] "POST /cormun/servlet/solicitudotadjuntos?df9e21dc296e7c1254f0472fb9db917d,INS,2023,19967,,1,,gx-no-cache=1681136543645 HTTP/1.1" 200 3871
190.171.143.82 - - [10/Apr/2023:11:37:41 -0300] "GET /cormun/servlet/permisogoce?a581526cef2c1ddd95c8f1d3846f96c5afa4889ee24df6f48006f244ed2b80b72ec63d62949605e2feccd1c180019a5d7c63f52117286bbb48128aabe203c89c,gx-no-cache=1681136535253 HTTP/1.1" 200 200
190.171.143.82 - - [10/Apr/2023:11:37:42 -0300] "GET /cormun/static/Shared/jqueryui/images/ui-icons_82798d_256x240.png HTTP/1.1" 404 1089
190.171.143.82 - - [10/Apr/2023:11:37:42 -0300] "GET /cormun/static/Shared/jqueryui/images/ui-bg_highlight-soft_100_c6c2c8_1x100.png HTTP/1.1" 404 1117
190.171.143.82 - - [10/Apr/2023:11:37:42 -0300] "GET /cormun/static/Shared/jqueryui/images/ui-icons_ebccce_256x240.png HTTP/1.1" 404 1089
190.171.143.82 - - [10/Apr/2023:11:37:42 -0300] "GET /cormun/static/Shared/jqueryui/images/ui-bg_flat_55_994d53_40x100.png HTTP/1.1" 404 1097
190.46.88.50 - - [10/Apr/2023:11:37:42 -0300] "POST /cormun/servlet/permisosadjuntos?d2bc8d5872921e56a33976e60fd75e51,INS,18689076,P,20230403172006,, HTTP/1.1" 200 116
190.46.88.50 - - [10/Apr/2023:11:37:42 -0300] "GET /cormun/servlet/hpexe_return? HTTP/1.1" 200 1039
190.46.88.50 - - [10/Apr/2023:11:37:42 -0300] "GET /cormun/servlet/trpermisosadjuntos?18689076,20230403172006,P, HTTP/1.1" 200 7143
190.171.142.10 - - [10/Apr/2023:11:37:42 -0300] "GET /cormun/servlet/hlogin HTTP/1.1" 200 1719
190.46.88.50 - - [10/Apr/2023:11:37:43 -0300] "GET /cormun/servlet/trpermisosadjuntos?18689076,20230403172006,P, HTTP/1.1" 200 7140
190.171.142.10 - - [10/Apr/2023:11:37:43 -0300] "GET /cormun/static/gxtimezone.js?85251 HTTP/1.1" 200 5781
190.171.142.10 - - [10/Apr/2023:11:37:43 -0300] "GET /cormun/static/gxcfg.js?2022112219184450 HTTP/1.1" 200 953
190.171.143.82 - - [10/Apr/2023:11:37:43 -0300] "GET /cormun/static/menuarrow.gif HTTP/1.1" 404 1015
190.171.142.10 - - [10/Apr/2023:11:37:43 -0300] "GET /cormun/static/Resources/Spanish/PXTools.css?1759030 HTTP/1.1" 200 100853
190.171.142.10 - - [10/Apr/2023:11:37:43 -0300] "GET /cormun/static/messages.spa.js?85251 HTTP/1.1" 200 30736
190.171.142.10 - - [10/Apr/2023:11:37:43 -0300] "GET /cormun/static/hlogin.js?2022112219184458 HTTP/1.1" 200 2156
190.171.142.10 - - [10/Apr/2023:11:37:43 -0300] "GET /cormun/static/gxgral.js?85251 HTTP/1.1" 200 384558
190.171.142.10 - - [10/Apr/2023:11:37:43 -0300] "GET /cormun/static/Resources/CormunLogin.png HTTP/1.1" 200 19132
190.171.141.114 - - [10/Apr/2023:11:37:43 -0300] "POST /cormun/servlet/solicitudotadjuntos?gx-no-cache=1681136547340 HTTP/1.1" 200 26
190.171.142.10 - - [10/Apr/2023:11:37:44 -0300] "GET /cormun/static/Resources/PXToolsLoginTop.png HTTP/1.1" 200 1337
190.171.142.10 - - [10/Apr/2023:11:37:44 -0300] "GET /cormun/static/Resources/PXToolsLoginBackground.png HTTP/1.1" 200 1164
190.171.142.10 - - [10/Apr/2023:11:37:44 -0300] "GET /cormun/static/Resources/PXToolsButtonRight.png HTTP/1.1" 200 1294
190.171.142.10 - - [10/Apr/2023:11:37:44 -0300] "GET /cormun/static/Resources/PXToolsButtonLeft.png HTTP/1.1" 200 1310
190.171.142.10 - - [10/Apr/2023:11:37:44 -0300] "GET /cormun/static/Resources/PXToolsLoginBottom.png HTTP/1.1" 200 1389
190.171.142.10 - - [10/Apr/2023:11:37:44 -0300] "GET /cormun/static/Resources/PXToolsButtonBackground.png HTTP/1.1" 200 1176
190.171.142.10 - - [10/Apr/2023:11:37:44 -0300] "GET /cormun/servlet/hlogin HTTP/1.1" 200 1729
190.171.142.10 - - [10/Apr/2023:11:37:44 -0300] "GET /cormun/static/Resources/indicator.gif HTTP/1.1" 200 1553
190.171.142.10 - - [10/Apr/2023:11:37:44 -0300] "GET /favicon.ico HTTP/1.1" 200 21630
190.46.88.50 - - [10/Apr/2023:11:37:45 -0300] "GET /cormun/PublicTempStorage/doc018997202304101114336598542.pdf HTTP/1.1" 200 145559
190.171.141.114 - - [10/Apr/2023:11:37:49 -0300] "GET /cormun/servlet/solicitudotadjuntos?32b2ae171f2e25e704b8b18d4a6e3c34dc89de67614cab769ace4ecea0150d6f,gx-no-cache=1681136553003 HTTP/1.1" 200 30
190.171.141.114 - - [10/Apr/2023:11:37:49 -0300] "GET /cormun/servlet/solicitudotadjuntos?32b2ae171f2e25e704b8b18d4a6e3c34dc89de67614cab769ace4ecea0150d6f,gx-no-cache=1681136553058 HTTP/1.1" 200 30
190.171.141.114 - - [10/Apr/2023:11:37:49 -0300] "POST /cormun/servlet/solicitudotadjuntos?df9e21dc296e7c1254f0472fb9db917d,INS,2023,19967,,1, HTTP/1.1" 200 116
190.171.141.114 - - [10/Apr/2023:11:37:49 -0300] "GET /cormun/servlet/hpexe_return? HTTP/1.1" 200 1028
190.171.141.114 - - [10/Apr/2023:11:37:50 -0300] "GET /cormun/servlet/trsolicitudadjuntos?2023,19967, HTTP/1.1" 200 9756
190.171.141.114 - - [10/Apr/2023:11:37:50 -0300] "GET /cormun/servlet/trsolicitudadjuntos?2023,19967, HTTP/1.1" 200 9752
190.171.141.114 - - [10/Apr/2023:11:37:53 -0300] "GET /cormun/servlet/solicitudotadjuntos?INS,2023,19967,,1, HTTP/1.1" 200 6062
190.171.141.114 - - [10/Apr/2023:11:37:53 -0300] "GET /cormun/static/about:blank HTTP/1.1" 404 1011
190.171.141.114 - - [10/Apr/2023:11:37:53 -0300] "GET /cormun/servlet/solicitudotadjuntos?INS,2023,19967,,1, HTTP/1.1" 200 6055
190.46.88.50 - - [10/Apr/2023:11:37:53 -0300] "GET /cormun/servlet/hhome HTTP/1.1" 200 4307
190.171.141.114 - - [10/Apr/2023:11:37:53 -0300] "GET /cormun/servlet/solicitudotadjuntos?32b2ae171f2e25e704b8b18d4a6e3c34c989a9fe01a724d351d2f11544f1bfc3f59aee82b1da7a6a2bd63b0cb9ce6d3f,gx-no-cache=1681136557372 HTTP/1.1" 200 30
190.171.141.114 - - [10/Apr/2023:11:37:53 -0300] "POST /cormun/servlet/solicitudotadjuntos?df9e21dc296e7c1254f0472fb9db917d,INS,2023,19967,,1,,gx-no-cache=1681136557437 HTTP/1.1" 200 3871
190.46.88.50 - - [10/Apr/2023:11:37:54 -0300] "GET /cormun/servlet/hhome HTTP/1.1" 200 4315
190.171.142.10 - - [10/Apr/2023:11:37:54 -0300] "POST /cormun/servlet/hlogin?ce7edc83d713202068d7ae6a37173624,gx-no-cache=1681136549998 HTTP/1.1" 200 90
190.171.142.10 - - [10/Apr/2023:11:37:55 -0300] "GET /cormun/servlet/hpexe_link HTTP/1.1" 200 947
190.171.142.10 - - [10/Apr/2023:11:37:55 -0300] "GET /cormun/static/hpexe_link.js?20221129847423 HTTP/1.1" 200 625
190.171.142.10 - - [10/Apr/2023:11:37:55 -0300] "GET /cormun/static/gxcfg.js?20221129847421 HTTP/1.1" 200 953
190.171.142.10 - - [10/Apr/2023:11:37:55 -0300] "GET /cormun/static/Resources/Spanish/PXTools.css?8354383 HTTP/1.1" 200 100853
190.171.142.10 - - [10/Apr/2023:11:37:56 -0300] "GET /cormun/servlet/hhome HTTP/1.1" 200 3985
190.171.142.10 - - [10/Apr/2023:11:37:56 -0300] "GET /cormun/static/SmoothNavMenu/resources/ddsmoothmenu.css?1112540 HTTP/1.1" 200 2223
190.171.142.10 - - [10/Apr/2023:11:37:56 -0300] "GET /cormun/static/SmoothNavMenu/resources/ddsmoothmenu-v.css?1112540 HTTP/1.1" 200 1188
190.171.142.10 - - [10/Apr/2023:11:37:56 -0300] "GET /cormun/static/gxcfg.js?20201215495537 HTTP/1.1" 200 953
190.171.142.10 - - [10/Apr/2023:11:37:56 -0300] "GET /cormun/static/scaMessage/css/jquery.pnotify.default.css?1816380 HTTP/1.1" 200 1707
190.171.142.10 - - [10/Apr/2023:11:37:56 -0300] "GET /cormun/static/Shared/jqueryui/jquery-ui.min.css?1345370 HTTP/1.1" 200 30288
190.171.142.10 - - [10/Apr/2023:11:37:56 -0300] "GET /cormun/static/PXToolsJavascripts/pexe_autoreload.js HTTP/1.1" 200 1762
190.171.142.10 - - [10/Apr/2023:11:37:56 -0300] "GET /cormun/static/PXToolsJavascripts/pexe_cookies.js HTTP/1.1" 200 792
190.171.142.10 - - [10/Apr/2023:11:37:56 -0300] "GET /cormun/static/PXToolsJavascripts/pexe_windows.js HTTP/1.1" 200 15249
190.171.142.10 - - [10/Apr/2023:11:37:56 -0300] "GET /cormun/static/PXToolsJavascripts/pexe_grid.js HTTP/1.1" 200 7559
190.171.142.10 - - [10/Apr/2023:11:37:56 -0300] "GET /cormun/static/Resources/Spanish/PXTools.css?14345360 HTTP/1.1" 200 100853
190.171.142.10 - - [10/Apr/2023:11:37:56 -0300] "GET /cormun/static/PXToolsJavascripts/pexe_griddivfix.js HTTP/1.1" 200 6946
190.171.142.10 - - [10/Apr/2023:11:37:56 -0300] "GET /cormun/static/PXToolsJavascripts/pexe_link.js HTTP/1.1" 200 5671
190.171.142.10 - - [10/Apr/2023:11:37:56 -0300] "GET /cormun/static/PXToolsJavascripts/pexe_menudivfix.js HTTP/1.1" 200 333
190.171.142.10 - - [10/Apr/2023:11:37:56 -0300] "GET /cormun/static/PXToolsJavascripts/pexe_menus.js HTTP/1.1" 200 1286
190.171.142.10 - - [10/Apr/2023:11:37:56 -0300] "GET /cormun/static/PXToolsJavascripts/pexe_layers.js HTTP/1.1" 200 4114
190.171.142.10 - - [10/Apr/2023:11:37:56 -0300] "GET /cormun/static/PXToolsJavascripts/pexe_oav.js HTTP/1.1" 200 645
190.171.142.10 - - [10/Apr/2023:11:37:56 -0300] "GET /cormun/static/PXToolsJavascripts/pexe_picture.js HTTP/1.1" 200 689
190.171.142.10 - - [10/Apr/2023:11:37:56 -0300] "GET /cormun/static/PXToolsJavascripts/pexe_oavdivfix.js HTTP/1.1" 200 639
190.171.142.10 - - [10/Apr/2023:11:37:56 -0300] "GET /cormun/static/PXToolsJavascripts/pexe_popup.js HTTP/1.1" 200 15149
190.171.142.10 - - [10/Apr/2023:11:37:56 -0300] "GET /cormun/static/PXToolsJavascripts/pexe_scrolldiv.js HTTP/1.1" 200 4138
190.171.142.10 - - [10/Apr/2023:11:37:56 -0300] "GET /cormun/static/PXToolsJavascripts/pexe_tabdivfix.js HTTP/1.1" 200 898
190.171.142.10 - - [10/Apr/2023:11:37:56 -0300] "GET /cormun/static/PXToolsJavascripts/pexe_upload.js HTTP/1.1" 200 1423
190.171.142.10 - - [10/Apr/2023:11:37:56 -0300] "GET /cormun/static/PXToolsJavascripts/pexe_tabs.js HTTP/1.1" 200 3748
190.171.142.10 - - [10/Apr/2023:11:37:56 -0300] "GET /cormun/static/PXToolsJavascripts/PXToolsJavascriptsRender.js HTTP/1.1" 200 367
190.171.142.10 - - [10/Apr/2023:11:37:56 -0300] "GET /cormun/static/hhome.js?20201215495544 HTTP/1.1" 200 777
190.171.142.10 - - [10/Apr/2023:11:37:56 -0300] "GET /cormun/static/Shared/ext/locale/ext-lang-en.js HTTP/1.1" 200 10940
190.171.142.10 - - [10/Apr/2023:11:37:56 -0300] "GET /cormun/static/hwchdr01.js?2022112219251119 HTTP/1.1" 200 996
190.171.142.10 - - [10/Apr/2023:11:37:56 -0300] "GET /cormun/static/RunJS/RunJS.js HTTP/1.1" 200 288
190.171.142.10 - - [10/Apr/2023:11:37:57 -0300] "GET /cormun/static/hpexe_recentlink.js?20201214471090 HTTP/1.1" 200 2144
190.171.142.10 - - [10/Apr/2023:11:37:57 -0300] "GET /cormun/static/Resources/ImgHome.png HTTP/1.1" 200 1364
190.171.142.10 - - [10/Apr/2023:11:37:57 -0300] "GET /cormun/static/Resources/PXToolsDataTitle.png HTTP/1.1" 200 1173
190.171.142.10 - - [10/Apr/2023:11:37:57 -0300] "GET /cormun/static/Resources/CormunMP2.png HTTP/1.1" 200 6878
190.171.142.10 - - [10/Apr/2023:11:37:57 -0300] "GET /cormun/static/Resources/ImgLogin.png HTTP/1.1" 200 1432
190.171.142.10 - - [10/Apr/2023:11:37:57 -0300] "GET /cormun/static/Resources/Llave.png HTTP/1.1" 200 1395
190.171.142.10 - - [10/Apr/2023:11:37:57 -0300] "GET /cormun/static/hpexe_scripts.js?20201214471411 HTTP/1.1" 200 1544
190.171.142.10 - - [10/Apr/2023:11:37:57 -0300] "GET /cormun/static/hpexe_messagecontroller.js?202211298371222 HTTP/1.1" 200 870
190.171.142.10 - - [10/Apr/2023:11:37:57 -0300] "GET /cormun/static/gxui/gxui-all.js HTTP/1.1" 200 107772
190.171.142.10 - - [10/Apr/2023:11:37:57 -0300] "GET /cormun/static/hpexe_messagepopupcomponent.js?2020121447232 HTTP/1.1" 200 605
190.171.142.10 - - [10/Apr/2023:11:37:57 -0300] "GET /cormun/static/hpexe_messagegenexuscomponent.js?20221129836373 HTTP/1.1" 200 587
190.171.142.10 - - [10/Apr/2023:11:37:57 -0300] "GET /cormun/static/cmcontrolpreferences.js?20199141926336 HTTP/1.1" 200 1375
190.171.142.10 - - [10/Apr/2023:11:37:57 -0300] "GET /cormun/static/SmoothNavMenu/resources/ddsmoothmenu.js HTTP/1.1" 200 12712
190.171.142.10 - - [10/Apr/2023:11:37:57 -0300] "GET /cormun/static/Shared/jquery/jquery-1.4.2.min.js HTTP/1.1" 200 72174
190.171.142.10 - - [10/Apr/2023:11:37:57 -0300] "GET /cormun/static/SmoothNavMenu/resources/SmoothNavMenuRender.js HTTP/1.1" 200 5951
190.171.142.10 - - [10/Apr/2023:11:37:57 -0300] "GET /cormun/static/scaMessage/js/jquery.pnotify.min.js HTTP/1.1" 200 13038
190.171.142.10 - - [10/Apr/2023:11:37:57 -0300] "GET /cormun/static/scaMessage/scaMessageRender.js HTTP/1.1" 200 11977
190.171.142.10 - - [10/Apr/2023:11:37:57 -0300] "GET /cormun/static/hmpwkw03.js?20221129844354 HTTP/1.1" 200 3971
190.171.141.114 - - [10/Apr/2023:11:37:57 -0300] "POST /cormun/servlet/solicitudotadjuntos?gx-no-cache=1681136560884 HTTP/1.1" 200 26
190.171.142.10 - - [10/Apr/2023:11:37:57 -0300] "GET /cormun/static/Shared/jqueryui/jquery-ui.min.js HTTP/1.1" 200 240427
190.171.142.10 - - [10/Apr/2023:11:37:57 -0300] "GET /cormun/static/Shared/jquery/jquery-1.10.2.min.js HTTP/1.1" 200 273199
190.171.142.10 - - [10/Apr/2023:11:37:57 -0300] "GET /cormun/static/Shared/ext/ext-all.js HTTP/1.1" 200 1289687
190.171.142.10 - - [10/Apr/2023:11:37:59 -0300] "GET /cormun/static/SmoothNavMenu/resources/images/down.gif HTTP/1.1" 200 854
190.171.142.10 - - [10/Apr/2023:11:37:59 -0300] "GET /cormun/servlet/hhome HTTP/1.1" 200 3981
190.46.88.50 - - [10/Apr/2023:11:37:59 -0300] "GET /cormun/servlet/trpermisosgoce? HTTP/1.1" 200 9367
190.46.88.50 - - [10/Apr/2023:11:37:59 -0300] "GET /cormun/servlet/trpermisosgoce? HTTP/1.1" 200 9365
190.171.142.10 - - [10/Apr/2023:11:38:02 -0300] "GET /cormun/servlet/trlicencias? HTTP/1.1" 200 12524
190.171.142.10 - - [10/Apr/2023:11:38:02 -0300] "GET /cormun/static/gxui/gxui-all.css?120300 HTTP/1.1" 200 2179
190.171.142.10 - - [10/Apr/2023:11:38:02 -0300] "GET /cormun/static/gxcfg.js?202211298463625 HTTP/1.1" 200 953
190.171.142.10 - - [10/Apr/2023:11:38:02 -0300] "GET /cormun/static/calendar-system.css?85620 HTTP/1.1" 200 5572
190.171.142.10 - - [10/Apr/2023:11:38:02 -0300] "GET /cormun/static/calendar-setup.js?85251 HTTP/1.1" 200 2588
190.171.142.10 - - [10/Apr/2023:11:38:02 -0300] "GET /cormun/static/calendar.js?85251 HTTP/1.1" 200 26246
190.171.142.10 - - [10/Apr/2023:11:38:02 -0300] "GET /cormun/static/calendar-es.js?85251 HTTP/1.1" 200 1901
190.171.142.10 - - [10/Apr/2023:11:38:02 -0300] "GET /cormun/static/gxdec.js?85251 HTTP/1.1" 200 19579
190.171.142.10 - - [10/Apr/2023:11:38:02 -0300] "GET /cormun/static/Shared/ext/resources/css/ext-all.css?215870 HTTP/1.1" 200 416045
190.171.142.10 - - [10/Apr/2023:11:38:03 -0300] "GET /cormun/static/trlicencias.js?202211298463889 HTTP/1.1" 200 41883
190.171.142.10 - - [10/Apr/2023:11:38:03 -0300] "GET /cormun/static/Resources/PXTools/calendar.png HTTP/1.1" 200 1306
190.171.142.10 - - [10/Apr/2023:11:38:03 -0300] "GET /cormun/static/Resources/PXToolsGridFirstDisabled.gif HTTP/1.1" 200 100
190.171.142.10 - - [10/Apr/2023:11:38:03 -0300] "GET /cormun/static/Resources/PXToolsGridPreviousDisabled.gif HTTP/1.1" 200 90
190.171.142.10 - - [10/Apr/2023:11:38:03 -0300] "GET /cormun/static/Resources/PXToolsGridLastDisabled.gif HTTP/1.1" 200 98
190.171.142.10 - - [10/Apr/2023:11:38:03 -0300] "GET /cormun/static/Resources/PXToolsDataSearch.png HTTP/1.1" 200 435
190.171.142.10 - - [10/Apr/2023:11:38:03 -0300] "GET /cormun/static/Resources/PXToolsGridNextDisabled.gif HTTP/1.1" 200 90
190.171.142.10 - - [10/Apr/2023:11:38:03 -0300] "GET /cormun/static/Resources/PXToolsAddAllAction.png HTTP/1.1" 200 495
190.171.142.10 - - [10/Apr/2023:11:38:03 -0300] "GET /cormun/static/Resources/PXToolsGridPage.gif HTTP/1.1" 200 725
190.171.142.10 - - [10/Apr/2023:11:38:03 -0300] "GET /cormun/static/Resources/PXToolsActionExcel.png HTTP/1.1" 200 727
190.171.142.10 - - [10/Apr/2023:11:38:03 -0300] "GET /cormun//static/Resources/PXToolsGridDisplay.png HTTP/1.1" 200 525
190.171.142.10 - - [10/Apr/2023:11:38:03 -0300] "GET /cormun/static/Resources/asc.gif HTTP/1.1" 200 67
190.171.142.10 - - [10/Apr/2023:11:38:03 -0300] "GET /cormun/static/Resources/desc.gif HTTP/1.1" 200 65
190.171.142.10 - - [10/Apr/2023:11:38:03 -0300] "GET /cormun//static/Resources/PXTools/ActionInsert.png HTTP/1.1" 200 1482
190.171.142.10 - - [10/Apr/2023:11:38:03 -0300] "GET /cormun//static/Resources/PXToolsActionDisabled.gif HTTP/1.1" 200 53
190.171.142.10 - - [10/Apr/2023:11:38:03 -0300] "GET /cormun//static/Resources/PXToolsHeaderHelp.png HTTP/1.1" 200 1333
190.171.142.10 - - [10/Apr/2023:11:38:03 -0300] "GET /cormun//static/Resources/PXToolsActionPrint.png HTTP/1.1" 200 404
190.171.142.10 - - [10/Apr/2023:11:38:03 -0300] "GET /cormun//static/Resources/PXToolsHeaderFavorites.png HTTP/1.1" 200 1414
190.171.142.10 - - [10/Apr/2023:11:38:03 -0300] "GET /cormun/static/Shared/ext/resources/themes/images/default/panel/bg-headersPanel.png HTTP/1.1" 200 255
190.171.142.10 - - [10/Apr/2023:11:38:03 -0300] "GET /cormun/static/Shared/ext/resources/themes/images/default/tools/tool-sprites.gif HTTP/1.1" 200 5434
190.171.142.10 - - [10/Apr/2023:11:38:03 -0300] "GET /cormun/servlet/trlicencias? HTTP/1.1" 200 12517
190.171.141.114 - - [10/Apr/2023:11:38:05 -0300] "GET /cormun/servlet/solicitudotadjuntos?32b2ae171f2e25e704b8b18d4a6e3c34dc89de67614cab769ace4ecea0150d6f,gx-no-cache=1681136568541 HTTP/1.1" 200 30
190.171.141.114 - - [10/Apr/2023:11:38:05 -0300] "GET /cormun/servlet/solicitudotadjuntos?32b2ae171f2e25e704b8b18d4a6e3c34dc89de67614cab769ace4ecea0150d6f,gx-no-cache=1681136568674 HTTP/1.1" 200 30
190.171.141.114 - - [10/Apr/2023:11:38:05 -0300] "POST /cormun/servlet/solicitudotadjuntos?df9e21dc296e7c1254f0472fb9db917d,INS,2023,19967,,1, HTTP/1.1" 200 116
190.171.141.114 - - [10/Apr/2023:11:38:05 -0300] "GET /cormun/servlet/hpexe_return? HTTP/1.1" 200 1028
190.171.141.114 - - [10/Apr/2023:11:38:05 -0300] "GET /cormun/servlet/trsolicitudadjuntos?2023,19967, HTTP/1.1" 200 10051
190.171.141.114 - - [10/Apr/2023:11:38:06 -0300] "GET /cormun/servlet/trsolicitudadjuntos?2023,19967, HTTP/1.1" 200 10049
190.46.88.50 - - [10/Apr/2023:11:38:06 -0300] "GET /cormun/servlet/trpermisosadjuntos?18689076,20230403172006,P, HTTP/1.1" 200 7138
190.46.88.50 - - [10/Apr/2023:11:38:07 -0300] "GET /cormun/servlet/trpermisosadjuntos?18689076,20230403172006,P, HTTP/1.1" 200 7139
190.171.141.114 - - [10/Apr/2023:11:38:08 -0300] "GET /cormun/servlet/solicitudotadjuntos?INS,2023,19967,,1, HTTP/1.1" 200 6062
190.171.141.114 - - [10/Apr/2023:11:38:09 -0300] "GET /cormun/static/about:blank HTTP/1.1" 404 1011
190.171.141.114 - - [10/Apr/2023:11:38:09 -0300] "GET /cormun/servlet/solicitudotadjuntos?INS,2023,19967,,1, HTTP/1.1" 200 6055
190.171.141.114 - - [10/Apr/2023:11:38:09 -0300] "GET /cormun/servlet/solicitudotadjuntos?32b2ae171f2e25e704b8b18d4a6e3c34c989a9fe01a724d351d2f11544f1bfc3f59aee82b1da7a6a2bd63b0cb9ce6d3f,gx-no-cache=1681136573080 HTTP/1.1" 200 30
190.171.141.114 - - [10/Apr/2023:11:38:09 -0300] "POST /cormun/servlet/solicitudotadjuntos?df9e21dc296e7c1254f0472fb9db917d,INS,2023,19967,,1,,gx-no-cache=1681136573183 HTTP/1.1" 200 3871
190.46.88.50 - - [10/Apr/2023:11:38:10 -0300] "POST /cormun/servlet/trpermisosadjuntos?d2bc8d5872921e56a33976e60fd75e51,18689076,20230403172006,P,,gx-no-cache=1681136565242 HTTP/1.1" 200 90
190.46.88.50 - - [10/Apr/2023:11:38:10 -0300] "GET /cormun/servlet/hpexe_link HTTP/1.1" 200 983
190.46.88.50 - - [10/Apr/2023:11:38:10 -0300] "GET /cormun/servlet/trpermisosgoce HTTP/1.1" 200 9366
190.46.88.50 - - [10/Apr/2023:11:38:11 -0300] "GET /cormun/servlet/trpermisosgoce HTTP/1.1" 200 9365
190.171.141.114 - - [10/Apr/2023:11:38:13 -0300] "POST /cormun/servlet/solicitudotadjuntos?gx-no-cache=1681136576797 HTTP/1.1" 200 26
190.46.88.50 - - [10/Apr/2023:11:38:14 -0300] "POST /cormun/servlet/trpermisosgoce?d2bc8d5872921e56a33976e60fd75e51,gx-no-cache=1681136568987 HTTP/1.1" 200 6594
190.46.88.50 - - [10/Apr/2023:11:38:14 -0300] "GET /cormun/static/Shared/jqueryui/images/ui-bg_highlight-soft_100_c6c2c8_1x100.png HTTP/1.1" 404 1117
190.46.88.50 - - [10/Apr/2023:11:38:14 -0300] "GET /cormun/static/Shared/jqueryui/images/ui-icons_82798d_256x240.png HTTP/1.1" 404 1089
190.46.88.50 - - [10/Apr/2023:11:38:14 -0300] "GET /cormun/static/Shared/jqueryui/images/ui-icons_8d78a5_256x240.png HTTP/1.1" 404 1089
190.46.88.50 - - [10/Apr/2023:11:38:14 -0300] "GET /cormun/static/Shared/jqueryui/images/ui-bg_flat_55_fafafa_40x100.png HTTP/1.1" 404 1097
190.171.143.82 - - [10/Apr/2023:11:38:17 -0300] "GET /cormun/servlet/permisogoce?a581526cef2c1ddd95c8f1d3846f96c509f508a82857c84d6da90fae3cf4e0030dd635db8bf94a56e96f5c9cd1ecebb87c6886c4c5f2f2a22ba8bd1e339ab45b,gx-no-cache=1681136570736 HTTP/1.1" 200 85
190.171.141.114 - - [10/Apr/2023:11:38:20 -0300] "GET /cormun/servlet/solicitudotadjuntos?32b2ae171f2e25e704b8b18d4a6e3c34dc89de67614cab769ace4ecea0150d6f,gx-no-cache=1681136584404 HTTP/1.1" 200 30
190.171.141.114 - - [10/Apr/2023:11:38:21 -0300] "GET /cormun/servlet/solicitudotadjuntos?32b2ae171f2e25e704b8b18d4a6e3c34dc89de67614cab769ace4ecea0150d6f,gx-no-cache=1681136584500 HTTP/1.1" 200 30
190.171.141.114 - - [10/Apr/2023:11:38:22 -0300] "POST /cormun/servlet/solicitudotadjuntos?df9e21dc296e7c1254f0472fb9db917d,INS,2023,19967,,1, HTTP/1.1" 200 116
190.171.141.114 - - [10/Apr/2023:11:38:22 -0300] "GET /cormun/servlet/hpexe_return? HTTP/1.1" 200 1028
190.171.141.114 - - [10/Apr/2023:11:38:23 -0300] "GET /cormun/servlet/trsolicitudadjuntos?2023,19967, HTTP/1.1" 200 10253
190.171.141.114 - - [10/Apr/2023:11:38:23 -0300] "GET /cormun/servlet/trsolicitudadjuntos?2023,19967, HTTP/1.1" 200 10253
190.171.141.114 - - [10/Apr/2023:11:38:26 -0300] "GET /cormun/servlet/solicitudotadjuntos?INS,2023,19967,,2, HTTP/1.1" 200 6061
190.171.141.114 - - [10/Apr/2023:11:38:26 -0300] "GET /cormun/static/about:blank HTTP/1.1" 404 1011
190.171.141.114 - - [10/Apr/2023:11:38:26 -0300] "GET /cormun/servlet/solicitudotadjuntos?INS,2023,19967,,2, HTTP/1.1" 200 6055
190.171.141.114 - - [10/Apr/2023:11:38:27 -0300] "GET /cormun/servlet/solicitudotadjuntos?32b2ae171f2e25e704b8b18d4a6e3c34c989a9fe01a724d351d2f11544f1bfc3f59aee82b1da7a6a2bd63b0cb9ce6d3f,gx-no-cache=1681136590841 HTTP/1.1" 200 30
190.171.141.114 - - [10/Apr/2023:11:38:27 -0300] "POST /cormun/servlet/solicitudotadjuntos?df9e21dc296e7c1254f0472fb9db917d,INS,2023,19967,,2,,gx-no-cache=1681136590939 HTTP/1.1" 200 4081
190.46.88.50 - - [10/Apr/2023:11:38:32 -0300] "GET /cormun/servlet/trpermisosadjuntos?19020669,20230405125801,P, HTTP/1.1" 200 6641
190.46.88.50 - - [10/Apr/2023:11:38:32 -0300] "GET /cormun/servlet/trpermisosadjuntos?19020669,20230405125801,P, HTTP/1.1" 200 6641
190.171.143.82 - - [10/Apr/2023:11:38:32 -0300] "GET /cormun/servlet/permisogoce?a581526cef2c1ddd95c8f1d3846f96c58cd628f20d756b07490eff685b1cfb64ced71caf52f1f5e9d18d41330c5cba6c4a33edd5d228461ee46e9f5daa8830b7,gx-no-cache=1681136586212 HTTP/1.1" 200 47
190.95.15.15 - - [10/Apr/2023:11:38:33 -0300] "GET /cormun/servlet/hlogin HTTP/1.1" 200 1720
190.95.15.15 - - [10/Apr/2023:11:38:33 -0300] "GET /cormun/static/Resources/Spanish/PXTools.css?1759030 HTTP/1.1" 304 -
190.95.15.15 - - [10/Apr/2023:11:38:33 -0300] "GET /cormun/static/gxcfg.js?2022112219184450 HTTP/1.1" 304 -
190.95.15.15 - - [10/Apr/2023:11:38:33 -0300] "GET /cormun/static/hlogin.js?2022112219184458 HTTP/1.1" 304 -
190.171.143.82 - - [10/Apr/2023:11:38:34 -0300] "POST /cormun/servlet/permisogoce?cf56fabd4afcff617e3295ce4ce9e376,INS,0,,,,gx-no-cache=1681136587264 HTTP/1.1" 200 93
190.171.143.82 - - [10/Apr/2023:11:38:34 -0300] "GET /cormun/servlet/hpexe_return? HTTP/1.1" 200 1029
190.46.88.50 - - [10/Apr/2023:11:38:34 -0300] "GET /cormun/servlet/permisosadjuntos?INS,19020669,P,20230405125801,, HTTP/1.1" 200 5969
190.46.88.50 - - [10/Apr/2023:11:38:34 -0300] "GET /cormun/static/about:blank HTTP/1.1" 404 1011
190.46.88.50 - - [10/Apr/2023:11:38:34 -0300] "GET /cormun/servlet/permisosadjuntos?INS,19020669,P,20230405125801,, HTTP/1.1" 200 5958
190.171.143.82 - - [10/Apr/2023:11:38:34 -0300] "GET /cormun/servlet/trpermisosgoce?gx-no-cache=1681136404407 HTTP/1.1" 200 9695
190.171.143.82 - - [10/Apr/2023:11:38:36 -0300] "GET /cormun/servlet/trpermisosgoce?gx-no-cache=1681136404407 HTTP/1.1" 200 9711
190.171.143.82 - - [10/Apr/2023:11:38:39 -0300] "GET /cormun/servlet/apermisogoceprn?8298358,P,20230410102159,PU HTTP/1.1" 200 1659
190.95.15.15 - - [10/Apr/2023:11:38:40 -0300] "POST /cormun/servlet/hlogin?e13e2c3a335f5dc205e2f43c66e7e989,gx-no-cache=1681136593460 HTTP/1.1" 200 90
190.95.15.15 - - [10/Apr/2023:11:38:40 -0300] "GET /cormun/servlet/hpexe_link HTTP/1.1" 200 952
190.95.15.15 - - [10/Apr/2023:11:38:40 -0300] "GET /cormun/static/gxcfg.js?20221129847421 HTTP/1.1" 304 -
190.95.15.15 - - [10/Apr/2023:11:38:40 -0300] "GET /cormun/static/Resources/Spanish/PXTools.css?8354383 HTTP/1.1" 304 -
190.95.15.15 - - [10/Apr/2023:11:38:40 -0300] "GET /cormun/static/hpexe_link.js?20221129847423 HTTP/1.1" 304 -
190.95.15.15 - - [10/Apr/2023:11:38:40 -0300] "GET /cormun/servlet/hhome HTTP/1.1" 200 3951
190.95.15.15 - - [10/Apr/2023:11:38:40 -0300] "GET /cormun/static/hwchdr01.js?2022112219251119 HTTP/1.1" 304 -
190.95.15.15 - - [10/Apr/2023:11:38:40 -0300] "GET /cormun/static/hpexe_messagecontroller.js?202211298371222 HTTP/1.1" 304 -
190.95.15.15 - - [10/Apr/2023:11:38:40 -0300] "GET /cormun/static/hmpwkw03.js?20221129844354 HTTP/1.1" 304 -
190.95.15.15 - - [10/Apr/2023:11:38:40 -0300] "GET /cormun/static/hpexe_messagegenexuscomponent.js?20221129836373 HTTP/1.1" 304 -
190.95.15.15 - - [10/Apr/2023:11:38:40 -0300] "GET /cormun/servlet/hhome HTTP/1.1" 200 3948
190.95.15.15 - - [10/Apr/2023:11:38:42 -0300] "GET /cormun/servlet/trlicencias? HTTP/1.1" 200 11550
190.95.15.15 - - [10/Apr/2023:11:38:42 -0300] "GET /cormun/static/gxcfg.js?202211298463625 HTTP/1.1" 304 -
190.95.15.15 - - [10/Apr/2023:11:38:42 -0300] "GET /cormun/static/trlicencias.js?202211298463889 HTTP/1.1" 304 -
190.95.15.15 - - [10/Apr/2023:11:38:43 -0300] "GET /cormun/servlet/trlicencias? HTTP/1.1" 200 11545
190.46.88.50 - - [10/Apr/2023:11:38:43 -0300] "POST /cormun/servlet/permisosadjuntos?d2bc8d5872921e56a33976e60fd75e51,INS,19020669,P,20230405125801,, HTTP/1.1" 200 116
190.46.88.50 - - [10/Apr/2023:11:38:43 -0300] "GET /cormun/servlet/hpexe_return? HTTP/1.1" 200 1039
190.46.88.50 - - [10/Apr/2023:11:38:43 -0300] "GET /cormun/servlet/trpermisosadjuntos?19020669,20230405125801,P, HTTP/1.1" 200 7152
190.46.88.50 - - [10/Apr/2023:11:38:44 -0300] "GET /cormun/servlet/trpermisosadjuntos?19020669,20230405125801,P, HTTP/1.1" 200 7149
190.46.88.50 - - [10/Apr/2023:11:38:47 -0300] "POST /cormun/servlet/trpermisosadjuntos?d2bc8d5872921e56a33976e60fd75e51,19020669,20230405125801,P,,gx-no-cache=1681136601869 HTTP/1.1" 200 90
190.46.88.50 - - [10/Apr/2023:11:38:47 -0300] "GET /cormun/servlet/hpexe_link HTTP/1.1" 200 1006
190.46.88.50 - - [10/Apr/2023:11:38:47 -0300] "GET /cormun/servlet/trpermisosgoce?gx-no-cache=1681136568987 HTTP/1.1" 200 9366
190.46.88.50 - - [10/Apr/2023:11:38:47 -0300] "GET /cormun/servlet/trpermisosgoce?gx-no-cache=1681136568987 HTTP/1.1" 200 9384
190.46.88.50 - - [10/Apr/2023:11:38:54 -0300] "POST /cormun/servlet/trpermisosgoce?d2bc8d5872921e56a33976e60fd75e51,gx-no-cache=1681136568987,gx-no-cache=1681136608797 HTTP/1.1" 200 6586
190.46.88.50 - - [10/Apr/2023:11:38:54 -0300] "GET /cormun/static/Shared/jqueryui/images/ui-bg_highlight-soft_100_c6c2c8_1x100.png HTTP/1.1" 404 1117
190.46.88.50 - - [10/Apr/2023:11:38:54 -0300] "GET /cormun/static/Shared/jqueryui/images/ui-icons_82798d_256x240.png HTTP/1.1" 404 1089
190.46.88.50 - - [10/Apr/2023:11:38:54 -0300] "GET /cormun/static/Shared/jqueryui/images/ui-bg_flat_55_fafafa_40x100.png HTTP/1.1" 404 1097
190.46.88.50 - - [10/Apr/2023:11:38:54 -0300] "GET /cormun/static/Shared/jqueryui/images/ui-icons_8d78a5_256x240.png HTTP/1.1" 404 1089
190.171.143.82 - - [10/Apr/2023:11:39:02 -0300] "GET /cormun/servlet/permisogoce?INS,0,,, HTTP/1.1" 200 7282
190.171.143.82 - - [10/Apr/2023:11:39:03 -0300] "GET /cormun/servlet/permisogoce?INS,0,,, HTTP/1.1" 200 7260
190.46.88.50 - - [10/Apr/2023:11:39:10 -0300] "GET /cormun/servlet/trpermisosadjuntos?12930268,20230410100955,P, HTTP/1.1" 200 6653
190.46.88.50 - - [10/Apr/2023:11:39:10 -0300] "GET /cormun/servlet/trpermisosadjuntos?12930268,20230410100955,P, HTTP/1.1" 200 6632
190.46.88.50 - - [10/Apr/2023:11:39:12 -0300] "GET /cormun/servlet/permisosadjuntos?INS,12930268,P,20230410100955,, HTTP/1.1" 200 5960
190.46.88.50 - - [10/Apr/2023:11:39:12 -0300] "GET /cormun/static/about:blank HTTP/1.1" 404 1011
190.46.88.50 - - [10/Apr/2023:11:39:12 -0300] "GET /cormun/servlet/permisosadjuntos?INS,12930268,P,20230410100955,, HTTP/1.1" 200 5949
190.46.88.50 - - [10/Apr/2023:11:39:21 -0300] "POST /cormun/servlet/permisosadjuntos?d2bc8d5872921e56a33976e60fd75e51,INS,12930268,P,20230410100955,, HTTP/1.1" 200 116
190.46.88.50 - - [10/Apr/2023:11:39:21 -0300] "GET /cormun/servlet/hpexe_return? HTTP/1.1" 200 1038
190.46.88.50 - - [10/Apr/2023:11:39:21 -0300] "GET /cormun/servlet/trpermisosadjuntos?12930268,20230410100955,P, HTTP/1.1" 200 7139
190.46.88.50 - - [10/Apr/2023:11:39:22 -0300] "GET /cormun/servlet/trpermisosadjuntos?12930268,20230410100955,P, HTTP/1.1" 200 7135
190.46.88.50 - - [10/Apr/2023:11:39:23 -0300] "GET /cormun/PublicTempStorage/doc018999202304101115023117892.pdf HTTP/1.1" 200 136695
190.171.143.82 - - [10/Apr/2023:11:39:24 -0300] "GET /cormun/servlet/permisogoce?a581526cef2c1ddd95c8f1d3846f96c5554c58ab308d393455508008ce211e713e57421ccac71674c1a23689f162f3b9352a0d3f18d4abfe9a0194a06ff625c5,gx-no-cache=1681136637633 HTTP/1.1" 200 75
190.171.143.82 - - [10/Apr/2023:11:39:24 -0300] "GET /cormun/static/menuarrow.gif HTTP/1.1" 404 1015
190.171.143.82 - - [10/Apr/2023:11:39:32 -0300] "GET /cormun/servlet/permisogoce?a581526cef2c1ddd95c8f1d3846f96c54962c6c7fe8cd9b12ee62fdce7c8372e07c12e385cf5c92fd4a3ac7f00c291363ccedbefff358f5dad2b864b2db63e69,gx-no-cache=1681136645353 HTTP/1.1" 200 47
190.171.143.82 - - [10/Apr/2023:11:39:33 -0300] "POST /cormun/servlet/permisogoce?cf56fabd4afcff617e3295ce4ce9e376,INS,0,,,,gx-no-cache=1681136646452 HTTP/1.1" 200 93
190.171.143.82 - - [10/Apr/2023:11:39:33 -0300] "GET /cormun/servlet/hpexe_return? HTTP/1.1" 200 1029
190.171.143.82 - - [10/Apr/2023:11:39:34 -0300] "GET /cormun/servlet/trpermisosgoce?gx-no-cache=1681136404407 HTTP/1.1" 200 9905
190.46.88.50 - - [10/Apr/2023:11:39:35 -0300] "GET /cormun/servlet/trpermisosadjuntos?12930268,20230410100955,P, HTTP/1.1" 200 7140
190.171.143.82 - - [10/Apr/2023:11:39:35 -0300] "GET /cormun/servlet/trpermisosgoce?gx-no-cache=1681136404407 HTTP/1.1" 200 9921
190.46.88.50 - - [10/Apr/2023:11:39:36 -0300] "GET /cormun/servlet/trpermisosadjuntos?12930268,20230410100955,P, HTTP/1.1" 200 7136
190.46.88.50 - - [10/Apr/2023:11:39:39 -0300] "POST /cormun/servlet/trpermisosadjuntos?d2bc8d5872921e56a33976e60fd75e51,12930268,20230410100955,P,,gx-no-cache=1681136653885 HTTP/1.1" 200 90
190.46.88.50 - - [10/Apr/2023:11:39:39 -0300] "GET /cormun/servlet/hpexe_link HTTP/1.1" 200 1006
190.46.88.50 - - [10/Apr/2023:11:39:39 -0300] "GET /cormun/servlet/trpermisosgoce?gx-no-cache=1681136568987 HTTP/1.1" 200 9363
190.171.143.82 - - [10/Apr/2023:11:39:39 -0300] "GET /cormun/servlet/apermisogoceprn?17522932,P,20230410102322,PU HTTP/1.1" 200 1656
190.46.88.50 - - [10/Apr/2023:11:39:40 -0300] "GET /cormun/servlet/trpermisosgoce?gx-no-cache=1681136568987 HTTP/1.1" 200 9383
190.46.88.50 - - [10/Apr/2023:11:39:44 -0300] "POST /cormun/servlet/trpermisosgoce?d2bc8d5872921e56a33976e60fd75e51,gx-no-cache=1681136568987,gx-no-cache=1681136658748 HTTP/1.1" 200 6545
190.46.88.50 - - [10/Apr/2023:11:39:44 -0300] "GET /cormun/static/Shared/jqueryui/images/ui-bg_highlight-soft_100_c6c2c8_1x100.png HTTP/1.1" 404 1117
190.46.88.50 - - [10/Apr/2023:11:39:44 -0300] "GET /cormun/static/Shared/jqueryui/images/ui-bg_flat_55_fafafa_40x100.png HTTP/1.1" 404 1097
190.46.88.50 - - [10/Apr/2023:11:39:44 -0300] "GET /cormun/static/Shared/jqueryui/images/ui-icons_8d78a5_256x240.png HTTP/1.1" 404 1089
190.46.88.50 - - [10/Apr/2023:11:39:44 -0300] "GET /cormun/static/Shared/jqueryui/images/ui-icons_82798d_256x240.png HTTP/1.1" 404 1089
190.171.143.82 - - [10/Apr/2023:11:40:21 -0300] "GET /cormun/servlet/permisogoce?INS,0,,, HTTP/1.1" 200 7282
190.171.143.82 - - [10/Apr/2023:11:40:23 -0300] "GET /cormun/servlet/permisogoce?INS,0,,, HTTP/1.1" 200 7260
190.171.143.82 - - [10/Apr/2023:11:40:34 -0300] "GET /cormun/servlet/permisogoce?a581526cef2c1ddd95c8f1d3846f96c5506a616646056ab93306eccc7db3eaec3e57421ccac71674c1a23689f162f3b9352a0d3f18d4abfe9a0194a06ff625c5,gx-no-cache=1681136707451 HTTP/1.1" 200 82
190.171.143.82 - - [10/Apr/2023:11:40:34 -0300] "GET /cormun/static/menuarrow.gif HTTP/1.1" 404 1015
190.171.143.82 - - [10/Apr/2023:11:40:42 -0300] "GET /cormun/servlet/permisogoce?a581526cef2c1ddd95c8f1d3846f96c525efc6014a3faf7f3616e0bb12acabe6ede6402fba1fd88db028065ad9be13d53ccedbefff358f5dad2b864b2db63e69,gx-no-cache=1681136715661 HTTP/1.1" 200 47
190.171.143.82 - - [10/Apr/2023:11:40:43 -0300] "POST /cormun/servlet/permisogoce?cf56fabd4afcff617e3295ce4ce9e376,INS,0,,,,gx-no-cache=1681136716525 HTTP/1.1" 200 93
190.171.143.82 - - [10/Apr/2023:11:40:43 -0300] "GET /cormun/servlet/hpexe_return? HTTP/1.1" 200 1029
190.171.143.82 - - [10/Apr/2023:11:40:44 -0300] "GET /cormun/servlet/trpermisosgoce?gx-no-cache=1681136404407 HTTP/1.1" 200 10166
190.171.143.82 - - [10/Apr/2023:11:40:45 -0300] "GET /cormun/servlet/trpermisosgoce?gx-no-cache=1681136404407 HTTP/1.1" 200 10184
190.171.143.82 - - [10/Apr/2023:11:40:51 -0300] "GET /cormun/servlet/apermisogoceprn?17204627,P,20230410102442,PU HTTP/1.1" 200 1661
190.171.152.234 - - [10/Apr/2023:11:41:35 -0300] "GET /cormun/servlet/hlogin HTTP/1.1" 200 1720
190.171.152.234 - - [10/Apr/2023:11:41:47 -0300] "POST /cormun/servlet/hlogin?0eb629414a6c347dce2460dc9a31c278,gx-no-cache=1681133303959 HTTP/1.1" 200 90
190.171.152.234 - - [10/Apr/2023:11:41:47 -0300] "GET /cormun/servlet/hpexe_link HTTP/1.1" 200 950
190.171.152.234 - - [10/Apr/2023:11:41:47 -0300] "GET /cormun/servlet/hhome HTTP/1.1" 200 4275
190.171.152.234 - - [10/Apr/2023:11:41:48 -0300] "GET /cormun/servlet/hhome HTTP/1.1" 200 4271
190.171.152.234 - - [10/Apr/2023:11:41:54 -0300] "GET /cormun/servlet/trcontratosolicitud? HTTP/1.1" 200 14907
190.171.152.234 - - [10/Apr/2023:11:41:54 -0300] "GET /cormun/static/gxcfg.js?202211298514361 HTTP/1.1" 200 953
190.171.152.234 - - [10/Apr/2023:11:41:54 -0300] "GET /cormun/static/trcontratosolicitud.js?202211298514531 HTTP/1.1" 200 28237
190.171.152.234 - - [10/Apr/2023:11:41:55 -0300] "GET /cormun//static/Resources/PXToolsGridNew.png HTTP/1.1" 200 427
190.171.152.234 - - [10/Apr/2023:11:41:55 -0300] "GET /cormun/servlet/trcontratosolicitud? HTTP/1.1" 200 14908
190.171.152.234 - - [10/Apr/2023:11:42:08 -0300] "POST /cormun/servlet/trcontratosolicitud?0eb629414a6c347dce2460dc9a31c278,,gx-no-cache=1681133324421 HTTP/1.1" 200 12727
190.171.152.234 - - [10/Apr/2023:11:42:08 -0300] "GET /cormun/static/Resources/PXToolsGridLast.gif HTTP/1.1" 200 370
190.171.152.234 - - [10/Apr/2023:11:42:08 -0300] "GET /cormun/static/Resources/PXToolsGridNext.gif HTTP/1.1" 200 369
190.171.152.234 - - [10/Apr/2023:11:42:09 -0300] "POST /cormun/servlet/trcontratosolicitud?0eb629414a6c347dce2460dc9a31c278,,gx-no-cache=1681133326041 HTTP/1.1" 200 8838
