190.95.15.15 - - [10/Apr/2023:14:14:30 -0300] "GET /cormun/static/gxdec.js?85251 HTTP/1.1" 200 19579
190.95.15.15 - - [10/Apr/2023:14:14:30 -0300] "GET /cormun/static/trlicencias.js?202211298463889 HTTP/1.1" 200 41883
190.95.15.15 - - [10/Apr/2023:14:14:30 -0300] "GET /cormun/static/Shared/ext/resources/css/ext-all.css?215870 HTTP/1.1" 200 416045
190.95.15.15 - - [10/Apr/2023:14:14:30 -0300] "GET /cormun/static/Resources/PXTools/calendar.png HTTP/1.1" 200 1306
190.95.15.15 - - [10/Apr/2023:14:14:30 -0300] "GET /cormun/static/Resources/PXToolsDataSearch.png HTTP/1.1" 200 435
190.95.15.15 - - [10/Apr/2023:14:14:30 -0300] "GET /cormun/static/Resources/PXToolsGridFirstDisabled.gif HTTP/1.1" 200 100
190.95.15.15 - - [10/Apr/2023:14:14:30 -0300] "GET /cormun/static/Resources/PXToolsGridPage.gif HTTP/1.1" 200 725
190.95.15.15 - - [10/Apr/2023:14:14:30 -0300] "GET /cormun/static/Resources/PXToolsAddAllAction.png HTTP/1.1" 200 495
190.95.15.15 - - [10/Apr/2023:14:14:30 -0300] "GET /cormun/static/Resources/PXToolsActionExcel.png HTTP/1.1" 200 727
190.95.15.15 - - [10/Apr/2023:14:14:30 -0300] "GET /cormun/static/Resources/PXToolsGridLastDisabled.gif HTTP/1.1" 200 98
190.95.15.15 - - [10/Apr/2023:14:14:30 -0300] "GET /cormun/static/Resources/PXToolsGridPreviousDisabled.gif HTTP/1.1" 200 90
190.95.15.15 - - [10/Apr/2023:14:14:30 -0300] "GET /cormun/static/Resources/PXToolsGridNextDisabled.gif HTTP/1.1" 200 90
190.95.15.15 - - [10/Apr/2023:14:14:30 -0300] "GET /cormun//static/Resources/PXTools/ActionInsert.png HTTP/1.1" 200 1482
190.95.15.15 - - [10/Apr/2023:14:14:30 -0300] "GET /cormun//static/Resources/PXToolsGridDisplay.png HTTP/1.1" 200 525
190.95.15.15 - - [10/Apr/2023:14:14:30 -0300] "GET /cormun//static/Resources/PXToolsActionDisabled.gif HTTP/1.1" 200 53
190.95.15.15 - - [10/Apr/2023:14:14:30 -0300] "GET /cormun/static/Resources/desc.gif HTTP/1.1" 200 65
190.95.15.15 - - [10/Apr/2023:14:14:30 -0300] "GET /cormun/static/Resources/asc.gif HTTP/1.1" 200 67
190.95.15.15 - - [10/Apr/2023:14:14:30 -0300] "GET /cormun//static/Resources/PXToolsHeaderHelp.png HTTP/1.1" 200 1333
190.95.15.15 - - [10/Apr/2023:14:14:30 -0300] "GET /cormun//static/Resources/PXToolsHeaderFavorites.png HTTP/1.1" 200 1414
190.95.15.15 - - [10/Apr/2023:14:14:30 -0300] "GET /cormun//static/Resources/PXToolsActionPrint.png HTTP/1.1" 200 404
190.95.15.15 - - [10/Apr/2023:14:14:30 -0300] "GET /cormun/static/Shared/ext/resources/themes/images/default/tools/tool-sprites.gif HTTP/1.1" 200 5434
190.95.15.15 - - [10/Apr/2023:14:14:30 -0300] "GET /cormun/static/Shared/ext/resources/themes/images/default/panel/bg-headersPanel.png HTTP/1.1" 200 255
190.95.15.15 - - [10/Apr/2023:14:14:30 -0300] "GET /cormun/servlet/trlicencias? HTTP/1.1" 200 11547
190.171.152.114 - - [10/Apr/2023:14:14:33 -0300] "GET /cormun/servlet/solicitudotadjuntos?INS,2023,19973,,2, HTTP/1.1" 200 6370
190.171.152.114 - - [10/Apr/2023:14:14:33 -0300] "GET /cormun/static/about:blank HTTP/1.1" 404 1011
190.171.152.114 - - [10/Apr/2023:14:14:33 -0300] "GET /cormun/servlet/solicitudotadjuntos?INS,2023,19973,,2, HTTP/1.1" 200 6363
190.171.152.114 - - [10/Apr/2023:14:14:34 -0300] "GET /cormun/servlet/solicitudotadjuntos?266fe11da451fdc8219020103fb5222d1c4fb849007fe8e40338111962950a8330418752d3da41df35ba09fa15556b24,gx-no-cache=1681145949196 HTTP/1.1" 200 30
190.171.152.114 - - [10/Apr/2023:14:14:34 -0300] "POST /cormun/servlet/solicitudotadjuntos?4808a9e16e90c25445a2879c4a282636,INS,2023,19973,,2,,gx-no-cache=1681145949209 HTTP/1.1" 200 4356
190.171.152.114 - - [10/Apr/2023:14:14:37 -0300] "POST /cormun/servlet/solicitudotadjuntos?gx-no-cache=1681145952371 HTTP/1.1" 200 26
190.171.152.234 - - [10/Apr/2023:14:14:37 -0300] "GET /cormun/servlet/prbanco?,MD,,gxPopupLevel%3D0%3B HTTP/1.1" 200 6570
190.171.152.234 - - [10/Apr/2023:14:14:40 -0300] "GET /cormun/servlet/solicitudot?e6e99a4c85baf47cc9173318a513337b91a945b6a933cc6a5f2f2e478e742a5479849fc89989a5fb6ff89cfc1a3cd9bf6566acd130f8610efda50e8627c6327f,gx-no-cache=1681142476803 HTTP/1.1" 200 30
190.171.152.234 - - [10/Apr/2023:14:14:41 -0300] "GET /cormun/servlet/solicitudot?e6e99a4c85baf47cc9173318a513337b3a408dc44e16c966c1ac5fedf07634e4,gx-no-cache=1681142477774 HTTP/1.1" 200 53
190.171.152.114 - - [10/Apr/2023:14:14:50 -0300] "GET /cormun/servlet/solicitudotadjuntos?266fe11da451fdc8219020103fb5222de75b5b2036f114bc6486792bc5d6cceb,gx-no-cache=1681145965227 HTTP/1.1" 200 30
190.171.152.114 - - [10/Apr/2023:14:14:50 -0300] "GET /cormun/servlet/solicitudotadjuntos?266fe11da451fdc8219020103fb5222de75b5b2036f114bc6486792bc5d6cceb,gx-no-cache=1681145965239 HTTP/1.1" 200 30
190.171.152.114 - - [10/Apr/2023:14:14:50 -0300] "POST /cormun/servlet/solicitudotadjuntos?4808a9e16e90c25445a2879c4a282636,INS,2023,19973,,2, HTTP/1.1" 200 116
190.171.152.114 - - [10/Apr/2023:14:14:50 -0300] "GET /cormun/servlet/hpexe_return? HTTP/1.1" 200 1022
190.171.152.114 - - [10/Apr/2023:14:14:50 -0300] "GET /cormun/servlet/trsolicitudadjuntos?2023,19973, HTTP/1.1" 200 10564
190.171.152.114 - - [10/Apr/2023:14:14:50 -0300] "GET /cormun/servlet/trsolicitudadjuntos?2023,19973, HTTP/1.1" 200 10559
190.171.152.234 - - [10/Apr/2023:14:14:54 -0300] "POST /cormun/servlet/solicitudot?938155231840280bd2035ce0c08df2a0,INS,0,0,false,,gx-no-cache=1681142491104 HTTP/1.1" 200 13004
190.171.152.234 - - [10/Apr/2023:14:14:54 -0300] "GET /cormun/static/Shared/jqueryui/images/ui-bg_highlight-soft_100_c6c2c8_1x100.png HTTP/1.1" 404 1117
190.171.152.234 - - [10/Apr/2023:14:14:54 -0300] "GET /cormun/static/Shared/jqueryui/images/ui-icons_82798d_256x240.png HTTP/1.1" 404 1089
190.171.152.234 - - [10/Apr/2023:14:14:54 -0300] "GET /cormun/static/Shared/jqueryui/images/ui-bg_flat_55_fafafa_40x100.png HTTP/1.1" 404 1097
190.171.152.234 - - [10/Apr/2023:14:14:54 -0300] "GET /cormun/static/Shared/jqueryui/images/ui-icons_8d78a5_256x240.png HTTP/1.1" 404 1089
190.171.152.234 - - [10/Apr/2023:14:15:02 -0300] "GET /cormun/servlet/solicitudot?e6e99a4c85baf47cc9173318a513337b96a611f6abb213d66274c0475988405febd1090a475882790ddc2133f47b1f441e4f05e503356327be5d19e37b1923ca,gx-no-cache=1681142498567 HTTP/1.1" 200 53
190.171.152.234 - - [10/Apr/2023:14:15:03 -0300] "POST /cormun/servlet/solicitudot?gx-no-cache=1681142500175 HTTP/1.1" 200 255
190.171.152.114 - - [10/Apr/2023:14:15:04 -0300] "GET /cormun/servlet/trsolicitudot? HTTP/1.1" 200 9384
190.171.152.114 - - [10/Apr/2023:14:15:04 -0300] "GET /cormun/servlet/trsolicitudot? HTTP/1.1" 200 9378
190.171.152.234 - - [10/Apr/2023:14:15:05 -0300] "GET /cormun/servlet/solicitudot?e6e99a4c85baf47cc9173318a513337bb16390ffc2c181fcf8ddd5aeb5f82aad6af0a5ca413477c45d48fef2a231cda0f39b9a2f3f4129e950008586e373c536863dc58b54f889971f7914d142862932ac60e5927062c69d7178a107d1e1adc8ca4499b617dcac912c39948d7a356376ce551e55e9f5070b465e5ae5bb8b06d4b807924eb1bf569c15873ae0997cd044ea7bfc68601e99a6495d9d4d7f882b7407290cafaa029a4f6e2d5f2b6b58bb768ad2db5731a8e2906b81c6f0acd058efcccaeee8e7623ad3263a0a850fb21ceff400a6dcdd3c85a7faa16acc0c7b87d5a332ee4af89b87c4606321207793d8a187a71e68764eee330f494de8a2606dd66cb9ce25af6197473dffb47293f23d65288a1f4281035a8c55e440513e2fdaba5c4b952857fe24e84d8e405dbb3267955402a7f85c38679afa9049a3a0600dad1a3fb025cca2c48bf2fa0bc4a87130a212b71152f5dcb547845a7d4e3a2c99bb2709b0a428b5d028c2d2947ceec8391148af7b65aa96583d4048b6509b0de996,gx-no-cache=1681142501864 HTTP/1.1" 200 30
190.171.152.114 - - [10/Apr/2023:14:15:36 -0300] "POST /cormun/servlet/trsolicitudot?4808a9e16e90c25445a2879c4a282636,,gx-no-cache=1681146011685 HTTP/1.1" 200 107
190.171.152.114 - - [10/Apr/2023:14:15:36 -0300] "GET /cormun/servlet/trsolicitudadjuntos?2023,19972, HTTP/1.1" 200 6430
190.171.152.114 - - [10/Apr/2023:14:15:36 -0300] "GET /cormun/servlet/trsolicitudadjuntos?2023,19972, HTTP/1.1" 200 6429
190.171.152.114 - - [10/Apr/2023:14:15:39 -0300] "GET /cormun/servlet/solicitudotadjuntos?INS,2023,19972,,1, HTTP/1.1" 200 6372
190.171.152.114 - - [10/Apr/2023:14:15:39 -0300] "GET /cormun/static/about:blank HTTP/1.1" 404 1011
190.171.152.114 - - [10/Apr/2023:14:15:39 -0300] "GET /cormun/servlet/solicitudotadjuntos?INS,2023,19972,,1, HTTP/1.1" 200 6365
190.171.152.114 - - [10/Apr/2023:14:15:39 -0300] "GET /cormun/servlet/solicitudotadjuntos?266fe11da451fdc8219020103fb5222da1f55a9185520c4764f6c7ffd677d70630418752d3da41df35ba09fa15556b24,gx-no-cache=1681146014715 HTTP/1.1" 200 30
190.171.152.114 - - [10/Apr/2023:14:15:39 -0300] "POST /cormun/servlet/solicitudotadjuntos?4808a9e16e90c25445a2879c4a282636,INS,2023,19972,,1,,gx-no-cache=1681146014728 HTTP/1.1" 200 4145
190.171.152.114 - - [10/Apr/2023:14:15:44 -0300] "POST /cormun/servlet/solicitudotadjuntos?gx-no-cache=1681146019419 HTTP/1.1" 200 26
190.171.152.114 - - [10/Apr/2023:14:15:57 -0300] "GET /cormun/servlet/solicitudotadjuntos?266fe11da451fdc8219020103fb5222de75b5b2036f114bc6486792bc5d6cceb,gx-no-cache=1681146032971 HTTP/1.1" 200 30
190.171.152.114 - - [10/Apr/2023:14:15:57 -0300] "GET /cormun/servlet/solicitudotadjuntos?266fe11da451fdc8219020103fb5222de75b5b2036f114bc6486792bc5d6cceb,gx-no-cache=1681146032982 HTTP/1.1" 200 30
190.171.152.114 - - [10/Apr/2023:14:15:58 -0300] "POST /cormun/servlet/solicitudotadjuntos?4808a9e16e90c25445a2879c4a282636,INS,2023,19972,,1, HTTP/1.1" 200 116
190.171.152.114 - - [10/Apr/2023:14:15:58 -0300] "GET /cormun/servlet/hpexe_return? HTTP/1.1" 200 1022
190.171.152.114 - - [10/Apr/2023:14:15:58 -0300] "GET /cormun/servlet/trsolicitudadjuntos?2023,19972, HTTP/1.1" 200 9386
190.171.152.114 - - [10/Apr/2023:14:15:58 -0300] "GET /cormun/servlet/trsolicitudadjuntos?2023,19972, HTTP/1.1" 200 9383
190.171.152.114 - - [10/Apr/2023:14:16:03 -0300] "GET /cormun/servlet/solicitudotadjuntos?INS,2023,19972,,1, HTTP/1.1" 200 6372
190.171.152.114 - - [10/Apr/2023:14:16:03 -0300] "GET /cormun/static/about:blank HTTP/1.1" 404 1011
190.171.152.114 - - [10/Apr/2023:14:16:03 -0300] "GET /cormun/servlet/solicitudotadjuntos?INS,2023,19972,,1, HTTP/1.1" 200 6365
190.171.152.114 - - [10/Apr/2023:14:16:03 -0300] "GET /cormun/servlet/solicitudotadjuntos?266fe11da451fdc8219020103fb5222da1f55a9185520c4764f6c7ffd677d70630418752d3da41df35ba09fa15556b24,gx-no-cache=1681146038982 HTTP/1.1" 200 30
190.171.152.114 - - [10/Apr/2023:14:16:03 -0300] "POST /cormun/servlet/solicitudotadjuntos?4808a9e16e90c25445a2879c4a282636,INS,2023,19972,,1,,gx-no-cache=1681146038994 HTTP/1.1" 200 4140
190.171.152.114 - - [10/Apr/2023:14:16:06 -0300] "POST /cormun/servlet/solicitudotadjuntos?gx-no-cache=1681146041347 HTTP/1.1" 200 26
190.171.152.234 - - [10/Apr/2023:14:16:34 -0300] "POST /cormun/servlet/solicitudot?gx-no-cache=1681142590342 HTTP/1.1" 200 240
190.171.152.234 - - [10/Apr/2023:14:16:37 -0300] "GET /cormun/servlet/solicitudot?e6e99a4c85baf47cc9173318a513337bb16390ffc2c181fcf8ddd5aeb5f82aadbfc5cff5896f0b3383719d41d430befbf39b9a2f3f4129e950008586e373c536863dc58b54f889971f7914d142862932ac60e5927062c69d7178a107d1e1adc8ca4499b617dcac912c39948d7a356376ce551e55e9f5070b465e5ae5bb8b06d4b807924eb1bf569c15873ae0997cd044ea7bfc68601e99a6495d9d4d7f882b7407290cafaa029a4f6e2d5f2b6b58bb768ad2db5731a8e2906b81c6f0acd058efcccaeee8e7623ad3263a0a850fb21ceff400a6dcdd3c85a7faa16acc0c7b87d5a332ee4af89b87c4606321207793d8a187a71e68764eee330f494de8a2606dd66cb9ce25af6197473dffb47293f23d652e3ddf4f83c6f69e94d2f6fa19c8b0d066dcff77c370e2255b9f532a1caac0a3a076c98dd63092c3cd48baedd153416c5d5d3b7bbc27f994a38aa3a2bf7bd2142d280bec56f78af3337e7a9c1049890f6745a87620eea054638a9f8e556a4a54d7d834c723b99c2e2d9d1b5b1a65cf6f,gx-no-cache=1681142593446 HTTP/1.1" 200 30
190.171.152.234 - - [10/Apr/2023:14:16:49 -0300] "POST /cormun/servlet/solicitudot?gx-no-cache=1681142605614 HTTP/1.1" 200 30
190.171.152.234 - - [10/Apr/2023:14:17:05 -0300] "GET /cormun/servlet/prfichaempleado?,MD,,gxPopupLevel%3D0%3B HTTP/1.1" 200 9301
190.171.152.234 - - [10/Apr/2023:14:17:05 -0300] "GET /cormun/static/gxcfg.js?20201215571085 HTTP/1.1" 200 953
190.171.152.234 - - [10/Apr/2023:14:17:05 -0300] "GET /cormun/static/prfichaempleado.js?20201215572193 HTTP/1.1" 200 16005
190.171.141.106 - - [10/Apr/2023:14:17:24 -0300] "POST /cormun/servlet/solicitudot?gx-no-cache=1681146119493 HTTP/1.1" 200 3961
190.171.141.106 - - [10/Apr/2023:14:17:24 -0300] "POST /cormun/servlet/solicitudot?f4c79939fa1e5029c2be4e71c37f2663,INS,0,0,false,,gx-no-cache=1681146119650 HTTP/1.1" 200 12808
190.171.152.234 - - [10/Apr/2023:14:17:31 -0300] "POST /cormun/servlet/prfichaempleado?938155231840280bd2035ce0c08df2a0,,MD,,gxPopupLevel%3D0%3B,gx-no-cache=1681142647232 HTTP/1.1" 200 6369
190.171.152.234 - - [10/Apr/2023:14:17:31 -0300] "GET /cormun/static/Resources/PXToolsGridNext.gif HTTP/1.1" 200 369
190.171.152.234 - - [10/Apr/2023:14:17:31 -0300] "GET /cormun/static/Resources/PXToolsGridLast.gif HTTP/1.1" 200 370
190.171.141.106 - - [10/Apr/2023:14:17:33 -0300] "GET /cormun/servlet/solicitudot?6f53b3aca33037f0ad855c6735fb79e11a18551c54a3e8d9cb64d18133b21321bd9ddf6cab7965d5a489f05a8a97cce7,gx-no-cache=1681146128318 HTTP/1.1" 200 111
190.171.152.234 - - [10/Apr/2023:14:17:34 -0300] "POST /cormun/servlet/prfichaempleado?938155231840280bd2035ce0c08df2a0,,MD,,gxPopupLevel%3D0%3B,gx-no-cache=1681142649863 HTTP/1.1" 200 6386
190.171.152.234 - - [10/Apr/2023:14:17:34 -0300] "GET /cormun/static/Resources/PXToolsGridPrevious.gif HTTP/1.1" 200 369
190.171.152.234 - - [10/Apr/2023:14:17:34 -0300] "GET /cormun/static/Resources/PXToolsGridFirst.gif HTTP/1.1" 200 379
190.171.152.234 - - [10/Apr/2023:14:17:37 -0300] "POST /cormun/servlet/prfichaempleado?938155231840280bd2035ce0c08df2a0,,MD,,gxPopupLevel%3D0%3B,gx-no-cache=1681142652824 HTTP/1.1" 200 6386
190.171.152.234 - - [10/Apr/2023:14:17:38 -0300] "POST /cormun/servlet/prfichaempleado?938155231840280bd2035ce0c08df2a0,,MD,,gxPopupLevel%3D0%3B,gx-no-cache=1681142654087 HTTP/1.1" 200 6386
190.171.152.234 - - [10/Apr/2023:14:17:39 -0300] "POST /cormun/servlet/prfichaempleado?938155231840280bd2035ce0c08df2a0,,MD,,gxPopupLevel%3D0%3B,gx-no-cache=1681142655448 HTTP/1.1" 200 6386
190.171.152.234 - - [10/Apr/2023:14:17:40 -0300] "POST /cormun/servlet/prfichaempleado?938155231840280bd2035ce0c08df2a0,,MD,,gxPopupLevel%3D0%3B,gx-no-cache=1681142656711 HTTP/1.1" 200 6386
190.171.152.234 - - [10/Apr/2023:14:17:41 -0300] "POST /cormun/servlet/prfichaempleado?938155231840280bd2035ce0c08df2a0,,MD,,gxPopupLevel%3D0%3B,gx-no-cache=1681142657463 HTTP/1.1" 200 6386
190.171.152.234 - - [10/Apr/2023:14:17:42 -0300] "POST /cormun/servlet/prfichaempleado?938155231840280bd2035ce0c08df2a0,,MD,,gxPopupLevel%3D0%3B,gx-no-cache=1681142658206 HTTP/1.1" 200 6386
190.171.152.234 - - [10/Apr/2023:14:17:43 -0300] "POST /cormun/servlet/prfichaempleado?938155231840280bd2035ce0c08df2a0,,MD,,gxPopupLevel%3D0%3B,gx-no-cache=1681142659087 HTTP/1.1" 200 6386
190.171.141.106 - - [10/Apr/2023:14:17:43 -0300] "GET /cormun/servlet/solicitudot?6f53b3aca33037f0ad855c6735fb79e1e604c9537660547133d5ccd92f4424c109f5a5989224a9938869f1f94b76f905,gx-no-cache=1681146138528 HTTP/1.1" 200 30
190.171.152.234 - - [10/Apr/2023:14:17:44 -0300] "POST /cormun/servlet/prfichaempleado?938155231840280bd2035ce0c08df2a0,,MD,,gxPopupLevel%3D0%3B,gx-no-cache=1681142660200 HTTP/1.1" 200 6386
190.171.152.234 - - [10/Apr/2023:14:17:45 -0300] "POST /cormun/servlet/prfichaempleado?938155231840280bd2035ce0c08df2a0,,MD,,gxPopupLevel%3D0%3B,gx-no-cache=1681142661080 HTTP/1.1" 200 6386
190.171.152.234 - - [10/Apr/2023:14:17:47 -0300] "POST /cormun/servlet/prfichaempleado?938155231840280bd2035ce0c08df2a0,,MD,,gxPopupLevel%3D0%3B,gx-no-cache=1681142663543 HTTP/1.1" 200 6386
190.171.152.234 - - [10/Apr/2023:14:17:48 -0300] "POST /cormun/servlet/prfichaempleado?938155231840280bd2035ce0c08df2a0,,MD,,gxPopupLevel%3D0%3B,gx-no-cache=1681142664728 HTTP/1.1" 200 6386
190.171.152.234 - - [10/Apr/2023:14:17:50 -0300] "POST /cormun/servlet/prfichaempleado?938155231840280bd2035ce0c08df2a0,,MD,,gxPopupLevel%3D0%3B,gx-no-cache=1681142666048 HTTP/1.1" 200 6386
190.171.152.234 - - [10/Apr/2023:14:17:51 -0300] "POST /cormun/servlet/prfichaempleado?938155231840280bd2035ce0c08df2a0,,MD,,gxPopupLevel%3D0%3B,gx-no-cache=1681142667456 HTTP/1.1" 200 6386
190.171.152.234 - - [10/Apr/2023:14:17:53 -0300] "POST /cormun/servlet/prfichaempleado?938155231840280bd2035ce0c08df2a0,,MD,,gxPopupLevel%3D0%3B,gx-no-cache=1681142668798 HTTP/1.1" 200 6386
190.171.152.234 - - [10/Apr/2023:14:17:53 -0300] "POST /cormun/servlet/prfichaempleado?938155231840280bd2035ce0c08df2a0,,MD,,gxPopupLevel%3D0%3B,gx-no-cache=1681142669538 HTTP/1.1" 200 6386
190.171.152.234 - - [10/Apr/2023:14:17:56 -0300] "POST /cormun/servlet/prfichaempleado?938155231840280bd2035ce0c08df2a0,,MD,,gxPopupLevel%3D0%3B,gx-no-cache=1681142672662 HTTP/1.1" 200 4062
190.171.152.234 - - [10/Apr/2023:14:18:00 -0300] "POST /cormun/servlet/prfichaempleado?938155231840280bd2035ce0c08df2a0,,MD,,gxPopupLevel%3D0%3B,gx-no-cache=1681142676421 HTTP/1.1" 200 6369
190.171.152.234 - - [10/Apr/2023:14:18:04 -0300] "POST /cormun/servlet/prfichaempleado?938155231840280bd2035ce0c08df2a0,,MD,,gxPopupLevel%3D0%3B,gx-no-cache=1681142680337 HTTP/1.1" 200 4062
190.171.152.234 - - [10/Apr/2023:14:18:19 -0300] "POST /cormun/servlet/prfichaempleado?938155231840280bd2035ce0c08df2a0,,MD,,gxPopupLevel%3D0%3B,gx-no-cache=1681142695855 HTTP/1.1" 200 4163
190.171.153.34 - - [10/Apr/2023:14:18:32 -0300] "GET /cormun/servlet/solicitudot?INS,0,0,false, HTTP/1.1" 200 16071
190.171.153.34 - - [10/Apr/2023:14:18:32 -0300] "GET /cormun/servlet/solicitudot?INS,0,0,false, HTTP/1.1" 200 16079
190.171.152.234 - - [10/Apr/2023:14:18:44 -0300] "POST /cormun/servlet/prfichaempleado?938155231840280bd2035ce0c08df2a0,,MD,,gxPopupLevel%3D0%3B,gx-no-cache=1681142721014 HTTP/1.1" 200 3426
190.171.153.34 - - [10/Apr/2023:14:18:47 -0300] "POST /cormun/servlet/solicitudot?gx-no-cache=1681146201951 HTTP/1.1" 200 3961
190.171.153.34 - - [10/Apr/2023:14:18:47 -0300] "POST /cormun/servlet/solicitudot?8beb0f1ed8b07fb2be55be101e2db842,INS,0,0,false,,gx-no-cache=1681146202192 HTTP/1.1" 200 12785
190.171.152.114 - - [10/Apr/2023:14:18:48 -0300] "GET /cormun/servlet/solicitudotadjuntos?266fe11da451fdc8219020103fb5222de75b5b2036f114bc6486792bc5d6cceb,gx-no-cache=1681146203266 HTTP/1.1" 200 30
190.171.152.114 - - [10/Apr/2023:14:18:48 -0300] "GET /cormun/servlet/solicitudotadjuntos?266fe11da451fdc8219020103fb5222de75b5b2036f114bc6486792bc5d6cceb,gx-no-cache=1681146203282 HTTP/1.1" 200 30
190.171.152.114 - - [10/Apr/2023:14:18:48 -0300] "POST /cormun/servlet/solicitudotadjuntos?4808a9e16e90c25445a2879c4a282636,INS,2023,19972,,1, HTTP/1.1" 200 116
190.171.152.114 - - [10/Apr/2023:14:18:48 -0300] "GET /cormun/servlet/hpexe_return? HTTP/1.1" 200 1022
190.171.152.114 - - [10/Apr/2023:14:18:48 -0300] "GET /cormun/servlet/trsolicitudadjuntos?2023,19972, HTTP/1.1" 200 9627
190.171.152.114 - - [10/Apr/2023:14:18:49 -0300] "GET /cormun/servlet/trsolicitudadjuntos?2023,19972, HTTP/1.1" 200 9626
190.171.153.34 - - [10/Apr/2023:14:18:49 -0300] "GET /cormun/servlet/solicitudot?326c4dbe9821a5dd3edbbb2cfe0d9593f973e224661e4d65954f9cc4d5831b14706abf3d2f103cfe96b4de490a94e310,gx-no-cache=1681146205010 HTTP/1.1" 200 30
190.171.152.114 - - [10/Apr/2023:14:18:52 -0300] "GET /cormun/servlet/solicitudotadjuntos?INS,2023,19972,,1, HTTP/1.1" 200 6371
190.171.152.114 - - [10/Apr/2023:14:18:52 -0300] "GET /cormun/static/about:blank HTTP/1.1" 404 1011
190.171.152.114 - - [10/Apr/2023:14:18:52 -0300] "GET /cormun/servlet/solicitudotadjuntos?INS,2023,19972,,1, HTTP/1.1" 200 6364
190.171.152.114 - - [10/Apr/2023:14:18:53 -0300] "GET /cormun/servlet/solicitudotadjuntos?266fe11da451fdc8219020103fb5222da1f55a9185520c4764f6c7ffd677d70630418752d3da41df35ba09fa15556b24,gx-no-cache=1681146208440 HTTP/1.1" 200 30
190.171.152.114 - - [10/Apr/2023:14:18:53 -0300] "POST /cormun/servlet/solicitudotadjuntos?4808a9e16e90c25445a2879c4a282636,INS,2023,19972,,1,,gx-no-cache=1681146208453 HTTP/1.1" 200 4142
190.171.152.114 - - [10/Apr/2023:14:18:56 -0300] "POST /cormun/servlet/solicitudotadjuntos?gx-no-cache=1681146211074 HTTP/1.1" 200 26
190.171.152.234 - - [10/Apr/2023:14:19:01 -0300] "GET /cormun/servlet/trlicencias? HTTP/1.1" 200 11045
190.171.152.114 - - [10/Apr/2023:14:19:02 -0300] "GET /cormun/servlet/solicitudotadjuntos?266fe11da451fdc8219020103fb5222de75b5b2036f114bc6486792bc5d6cceb,gx-no-cache=1681146217578 HTTP/1.1" 200 30
190.171.152.114 - - [10/Apr/2023:14:19:02 -0300] "GET /cormun/servlet/solicitudotadjuntos?266fe11da451fdc8219020103fb5222de75b5b2036f114bc6486792bc5d6cceb,gx-no-cache=1681146217588 HTTP/1.1" 200 30
190.171.152.234 - - [10/Apr/2023:14:19:02 -0300] "GET /cormun/servlet/trlicencias? HTTP/1.1" 200 11035
190.171.152.114 - - [10/Apr/2023:14:19:02 -0300] "POST /cormun/servlet/solicitudotadjuntos?4808a9e16e90c25445a2879c4a282636,INS,2023,19972,,1, HTTP/1.1" 200 116
190.171.152.114 - - [10/Apr/2023:14:19:02 -0300] "GET /cormun/servlet/hpexe_return? HTTP/1.1" 200 1022
190.171.152.114 - - [10/Apr/2023:14:19:02 -0300] "GET /cormun/servlet/trsolicitudadjuntos?2023,19972, HTTP/1.1" 200 9881
190.171.152.114 - - [10/Apr/2023:14:19:03 -0300] "GET /cormun/servlet/trsolicitudadjuntos?2023,19972, HTTP/1.1" 200 9880
190.171.152.114 - - [10/Apr/2023:14:19:09 -0300] "GET /cormun/servlet/solicitudotadjuntos?INS,2023,19972,,1, HTTP/1.1" 200 6371
190.171.152.114 - - [10/Apr/2023:14:19:10 -0300] "GET /cormun/static/about:blank HTTP/1.1" 404 1011
190.171.152.114 - - [10/Apr/2023:14:19:10 -0300] "GET /cormun/servlet/solicitudotadjuntos?INS,2023,19972,,1, HTTP/1.1" 200 6364
190.171.152.114 - - [10/Apr/2023:14:19:10 -0300] "GET /cormun/servlet/solicitudotadjuntos?266fe11da451fdc8219020103fb5222da1f55a9185520c4764f6c7ffd677d70630418752d3da41df35ba09fa15556b24,gx-no-cache=1681146225637 HTTP/1.1" 200 30
190.171.152.114 - - [10/Apr/2023:14:19:10 -0300] "POST /cormun/servlet/solicitudotadjuntos?4808a9e16e90c25445a2879c4a282636,INS,2023,19972,,1,,gx-no-cache=1681146225650 HTTP/1.1" 200 4142
190.171.152.114 - - [10/Apr/2023:14:19:13 -0300] "POST /cormun/servlet/solicitudotadjuntos?gx-no-cache=1681146228418 HTTP/1.1" 200 26
190.171.152.114 - - [10/Apr/2023:14:19:20 -0300] "GET /cormun/servlet/solicitudotadjuntos?266fe11da451fdc8219020103fb5222de75b5b2036f114bc6486792bc5d6cceb,gx-no-cache=1681146235506 HTTP/1.1" 200 30
190.171.152.114 - - [10/Apr/2023:14:19:20 -0300] "GET /cormun/servlet/solicitudotadjuntos?266fe11da451fdc8219020103fb5222de75b5b2036f114bc6486792bc5d6cceb,gx-no-cache=1681146235516 HTTP/1.1" 200 30
190.171.152.114 - - [10/Apr/2023:14:19:20 -0300] "POST /cormun/servlet/solicitudotadjuntos?4808a9e16e90c25445a2879c4a282636,INS,2023,19972,,1, HTTP/1.1" 200 116
190.171.152.114 - - [10/Apr/2023:14:19:20 -0300] "GET /cormun/servlet/hpexe_return? HTTP/1.1" 200 1022
190.171.152.114 - - [10/Apr/2023:14:19:20 -0300] "GET /cormun/servlet/trsolicitudadjuntos?2023,19972, HTTP/1.1" 200 10095
190.171.152.114 - - [10/Apr/2023:14:19:21 -0300] "GET /cormun/servlet/trsolicitudadjuntos?2023,19972, HTTP/1.1" 200 10093
190.171.153.34 - - [10/Apr/2023:14:19:24 -0300] "GET /cormun/servlet/prbanco?,MD,,gxPopupLevel%3D0%3B HTTP/1.1" 200 6498
190.171.153.34 - - [10/Apr/2023:14:19:29 -0300] "GET /cormun/servlet/solicitudot?326c4dbe9821a5dd3edbbb2cfe0d95935c8c63fe55d8eecd17fd43e4859e6e60,gx-no-cache=1681146244681 HTTP/1.1" 200 94
190.171.153.34 - - [10/Apr/2023:14:19:29 -0300] "GET /cormun/static/Shared/jqueryui/images/ui-bg_highlight-soft_100_c6c2c8_1x100.png HTTP/1.1" 404 1117
190.171.153.34 - - [10/Apr/2023:14:19:29 -0300] "GET /cormun/static/Shared/jqueryui/images/ui-bg_flat_55_994d53_40x100.png HTTP/1.1" 404 1097
190.171.153.34 - - [10/Apr/2023:14:19:29 -0300] "GET /cormun/static/Shared/jqueryui/images/ui-icons_82798d_256x240.png HTTP/1.1" 404 1089
190.171.153.34 - - [10/Apr/2023:14:19:29 -0300] "GET /cormun/static/Shared/jqueryui/images/ui-icons_ebccce_256x240.png HTTP/1.1" 404 1089
190.171.152.114 - - [10/Apr/2023:14:19:30 -0300] "GET /cormun/servlet/solicitudotadjuntos?INS,2023,19972,,1, HTTP/1.1" 200 6371
190.171.152.114 - - [10/Apr/2023:14:19:30 -0300] "GET /cormun/static/about:blank HTTP/1.1" 404 1011
190.171.152.114 - - [10/Apr/2023:14:19:30 -0300] "GET /cormun/servlet/solicitudotadjuntos?INS,2023,19972,,1, HTTP/1.1" 200 6364
190.171.152.114 - - [10/Apr/2023:14:19:31 -0300] "GET /cormun/servlet/solicitudotadjuntos?266fe11da451fdc8219020103fb5222da1f55a9185520c4764f6c7ffd677d70630418752d3da41df35ba09fa15556b24,gx-no-cache=1681146246481 HTTP/1.1" 200 30
190.171.152.114 - - [10/Apr/2023:14:19:31 -0300] "POST /cormun/servlet/solicitudotadjuntos?4808a9e16e90c25445a2879c4a282636,INS,2023,19972,,1,,gx-no-cache=1681146246494 HTTP/1.1" 200 4142
190.171.153.34 - - [10/Apr/2023:14:19:31 -0300] "GET /cormun/servlet/solicitudot?326c4dbe9821a5dd3edbbb2cfe0d959350007747cb59dfc8df1db4349aa3bed7,gx-no-cache=1681146246677 HTTP/1.1" 200 53
190.171.152.114 - - [10/Apr/2023:14:19:34 -0300] "POST /cormun/servlet/solicitudotadjuntos?gx-no-cache=1681146249562 HTTP/1.1" 200 26
190.171.152.114 - - [10/Apr/2023:14:19:43 -0300] "GET /cormun/servlet/solicitudotadjuntos?266fe11da451fdc8219020103fb5222de75b5b2036f114bc6486792bc5d6cceb,gx-no-cache=1681146258762 HTTP/1.1" 200 30
190.171.152.114 - - [10/Apr/2023:14:19:43 -0300] "GET /cormun/servlet/solicitudotadjuntos?266fe11da451fdc8219020103fb5222de75b5b2036f114bc6486792bc5d6cceb,gx-no-cache=1681146258773 HTTP/1.1" 200 30
190.171.152.114 - - [10/Apr/2023:14:19:43 -0300] "POST /cormun/servlet/solicitudotadjuntos?4808a9e16e90c25445a2879c4a282636,INS,2023,19972,,1, HTTP/1.1" 200 116
190.171.152.114 - - [10/Apr/2023:14:19:43 -0300] "GET /cormun/servlet/hpexe_return? HTTP/1.1" 200 1022
190.171.152.114 - - [10/Apr/2023:14:19:44 -0300] "GET /cormun/servlet/trsolicitudadjuntos?2023,19972, HTTP/1.1" 200 10391
190.171.152.114 - - [10/Apr/2023:14:19:44 -0300] "GET /cormun/servlet/trsolicitudadjuntos?2023,19972, HTTP/1.1" 200 10391
190.171.153.34 - - [10/Apr/2023:14:19:44 -0300] "GET /cormun/servlet/prrenuncias?,MD,,gxPopupLevel%3D0%3B HTTP/1.1" 200 5916
190.171.153.34 - - [10/Apr/2023:14:19:44 -0300] "GET /cormun/static/gxcfg.js?201992416202991 HTTP/1.1" 200 953
190.171.153.34 - - [10/Apr/2023:14:19:44 -0300] "GET /cormun/static/prrenuncias.js?201992416203493 HTTP/1.1" 200 22278
190.171.152.114 - - [10/Apr/2023:14:19:46 -0300] "GET /cormun/servlet/solicitudotadjuntos?INS,2023,19972,,1, HTTP/1.1" 200 6372
190.171.152.114 - - [10/Apr/2023:14:19:46 -0300] "GET /cormun/static/about:blank HTTP/1.1" 404 1011
190.171.152.114 - - [10/Apr/2023:14:19:47 -0300] "GET /cormun/servlet/solicitudotadjuntos?INS,2023,19972,,1, HTTP/1.1" 200 6365
190.171.152.114 - - [10/Apr/2023:14:19:47 -0300] "GET /cormun/servlet/solicitudotadjuntos?266fe11da451fdc8219020103fb5222da1f55a9185520c4764f6c7ffd677d70630418752d3da41df35ba09fa15556b24,gx-no-cache=1681146262560 HTTP/1.1" 200 30
190.171.152.114 - - [10/Apr/2023:14:19:47 -0300] "POST /cormun/servlet/solicitudotadjuntos?4808a9e16e90c25445a2879c4a282636,INS,2023,19972,,1,,gx-no-cache=1681146262573 HTTP/1.1" 200 4144
190.171.152.114 - - [10/Apr/2023:14:19:58 -0300] "POST /cormun/servlet/solicitudotadjuntos?gx-no-cache=1681146273875 HTTP/1.1" 200 26
190.171.153.34 - - [10/Apr/2023:14:20:02 -0300] "POST /cormun/servlet/solicitudot?gx-no-cache=1681146277232 HTTP/1.1" 200 297
190.171.153.34 - - [10/Apr/2023:14:20:02 -0300] "GET /cormun/servlet/solicitudot?326c4dbe9821a5dd3edbbb2cfe0d95934f5524c1072a230bd6b40f939f1d89fbdd233a27613bef5a7901a84bc0737a8e8bd54906d909104877ef4a7d27cb52083d0649ee07a5514bfb441d666c2b68c60d74127ac383fe9b3584f9dbff8ee49b918dfce5ec10b6a43f0cfef1f1d5c644c4b98b00a5750a709b5f22fbff094eb517c28040b8f32e444446aeb9b8ea61995b8165742accae78145a53ec092d515c9155ce22d4354513aafac5f63666730320e6e61623bcfb5bc2d06c882bb30fea0cc94d04c13cbd27567d88d682275d19fc1d26b12542bb80a1a49b9fb5b834ce1c3e0a0124eb57b664a84e1d8845817960790feb095c000d929609c3c097bdf905b8eb336f7ca7ac32cca3bf4fd03717e0f068816c0659d748642dc71ae8af9d6e7cbf2c4eeda7b1c403a1dd8f086679338281abc0e06d250e53f6d707180a0ab1a36f837a71dd1721ff3ae6b0a10bfe5411e6ef6aac742c9f8292971a5bdc6ab3f10295e3cf1ea57dc077b105517391470b2f3639a585a635b54a539fa5d47124086a38ea4ebc9c46371211a63d147b,gx-no-cache=1681146277266 HTTP/1.1" 200 30
190.171.152.114 - - [10/Apr/2023:14:20:08 -0300] "GET /cormun/servlet/solicitudotadjuntos?266fe11da451fdc8219020103fb5222de75b5b2036f114bc6486792bc5d6cceb,gx-no-cache=1681146283314 HTTP/1.1" 200 30
190.171.152.114 - - [10/Apr/2023:14:20:08 -0300] "GET /cormun/servlet/solicitudotadjuntos?266fe11da451fdc8219020103fb5222de75b5b2036f114bc6486792bc5d6cceb,gx-no-cache=1681146283326 HTTP/1.1" 200 30
190.171.152.114 - - [10/Apr/2023:14:20:08 -0300] "POST /cormun/servlet/solicitudotadjuntos?4808a9e16e90c25445a2879c4a282636,INS,2023,19972,,1, HTTP/1.1" 200 116
190.171.152.114 - - [10/Apr/2023:14:20:08 -0300] "GET /cormun/servlet/hpexe_return? HTTP/1.1" 200 1022
190.171.152.114 - - [10/Apr/2023:14:20:08 -0300] "GET /cormun/servlet/trsolicitudadjuntos?2023,19972, HTTP/1.1" 200 10554
190.171.152.114 - - [10/Apr/2023:14:20:09 -0300] "GET /cormun/servlet/trsolicitudadjuntos?2023,19972, HTTP/1.1" 200 10547
190.171.153.34 - - [10/Apr/2023:14:20:12 -0300] "POST /cormun/servlet/solicitudot?gx-no-cache=1681146287834 HTTP/1.1" 200 30
190.171.153.34 - - [10/Apr/2023:14:20:15 -0300] "POST /cormun/servlet/solicitudot?gx-no-cache=1681146290184 HTTP/1.1" 200 1469
190.171.153.34 - - [10/Apr/2023:14:20:15 -0300] "POST /cormun/servlet/solicitudot?gx-no-cache=1681146290219 HTTP/1.1" 200 38
190.171.153.34 - - [10/Apr/2023:14:20:49 -0300] "GET /cormun/servlet/solicitudot?326c4dbe9821a5dd3edbbb2cfe0d95934935bafc169aec81db74a9da2ec2524eec369e7315ff41550efc51be4795527dd27b34057771faf178d8c23a760d6632a9a38fd36d064439a17e7944c3900c15a46cd4efeb133098e14323b0235d63c6bedf703df162300bb35760357d0c0974,gx-no-cache=1681146324779 HTTP/1.1" 200 110
190.171.153.34 - - [10/Apr/2023:14:20:54 -0300] "POST /cormun/servlet/solicitudot?gx-no-cache=1681146329113 HTTP/1.1" 200 83
190.171.153.34 - - [10/Apr/2023:14:21:02 -0300] "GET /cormun/servlet/solicitudot?326c4dbe9821a5dd3edbbb2cfe0d959314ac58ab64b5b871b0458cb4e4f1595a4e5e747c4aaf2f944edf15f9b8b4d2dc54bd74921f758d3ca924f51e8db8ed14ab9bada4abea183d7a96f4b9c324e90d44271cf6d5888bfbe1cf222d130180024de8f02deec63b415ad8304e1f5078c6,gx-no-cache=1681146337242 HTTP/1.1" 200 29
190.171.153.34 - - [10/Apr/2023:14:21:02 -0300] "GET /cormun/static/menuarrow.gif HTTP/1.1" 404 1015
190.171.153.34 - - [10/Apr/2023:14:21:05 -0300] "GET /cormun/servlet/solicitudot?326c4dbe9821a5dd3edbbb2cfe0d95936423c3387514feae6253a84cd06098e7b2ad6ef961271e7f7c00f047411ea8aa,gx-no-cache=1681146340419 HTTP/1.1" 200 30
190.171.142.42 - - [10/Apr/2023:14:21:08 -0300] "GET /cormun/servlet/hlogin HTTP/1.1" 200 1745
190.171.153.34 - - [10/Apr/2023:14:21:13 -0300] "POST /cormun/servlet/solicitudot?gx-no-cache=1681146349010 HTTP/1.1" 200 30
190.171.153.34 - - [10/Apr/2023:14:21:30 -0300] "POST /cormun/servlet/solicitudot?8beb0f1ed8b07fb2be55be101e2db842,INS,0,0,false,,gx-no-cache=1681146365064 HTTP/1.1" 200 13196
190.171.152.234 - - [10/Apr/2023:14:23:07 -0300] "GET /cormun/servlet/trsolicitudot? HTTP/1.1" 200 7495
190.171.153.34 - - [10/Apr/2023:14:23:08 -0300] "GET /cormun/servlet/solicitudot?326c4dbe9821a5dd3edbbb2cfe0d9593a0caa4b6d69613eec4c0d9db0795ea684217dcc9c9f8eebcc558957aa34a3b2d478bf51b480187772a4869fb18fafbf3706abf3d2f103cfe96b4de490a94e310,gx-no-cache=1681146463075 HTTP/1.1" 200 30
190.171.153.34 - - [10/Apr/2023:14:23:08 -0300] "GET /cormun/servlet/solicitudot?326c4dbe9821a5dd3edbbb2cfe0d95934f5524c1072a230bd6b40f939f1d89fbdd233a27613bef5a7901a84bc0737a8e8bd54906d909104877ef4a7d27cb52083d0649ee07a5514bfb441d666c2b68c60d74127ac383fe9b3584f9dbff8ee49b918dfce5ec10b6a43f0cfef1f1d5c644c4b98b00a5750a709b5f22fbff094eb517c28040b8f32e444446aeb9b8ea61995b8165742accae78145a53ec092d515c9155ce22d4354513aafac5f63666730320e6e61623bcfb5bc2d06c882bb30fea0cc94d04c13cbd27567d88d682275d19fc1d26b12542bb80a1a49b9fb5b834ce1c3e0a0124eb57b664a84e1d8845817960790feb095c000d929609c3c097bdf905b8eb336f7ca7ac32cca3bf4fd03717e0f068816c0659d748642dc71ae8af9d6e7cbf2c4eeda7b1c403a1dd8f086679338281abc0e06d250e53f6d707180a0ab1a36f837a71dd1721ff3ae6b0a10bfe5411e6ef6aac742c9f8292971a5bdc6ab3f10295e3cf1ea57dc077b10551739165fc4709d7d1ff3c5c1c9aef33ebc63e24086a38ea4ebc9c46371211a63d147b,gx-no-cache=1681146463124 HTTP/1.1" 200 30
190.171.153.34 - - [10/Apr/2023:14:23:08 -0300] "POST /cormun/servlet/solicitudot?gx-no-cache=1681146463147 HTTP/1.1" 200 30
190.171.153.34 - - [10/Apr/2023:14:23:08 -0300] "POST /cormun/servlet/solicitudot?gx-no-cache=1681146463174 HTTP/1.1" 200 1469
190.171.153.34 - - [10/Apr/2023:14:23:08 -0300] "POST /cormun/servlet/solicitudot?gx-no-cache=1681146463203 HTTP/1.1" 200 41
190.171.153.34 - - [10/Apr/2023:14:23:08 -0300] "GET /cormun/servlet/solicitudot?326c4dbe9821a5dd3edbbb2cfe0d95934935bafc169aec81db74a9da2ec2524eec369e7315ff41550efc51be4795527dd27b34057771faf178d8c23a760d6632a9a38fd36d064439a17e7944c3900c15a46cd4efeb133098e14323b0235d63c6bedf703df162300bb35760357d0c0974,gx-no-cache=1681146463224 HTTP/1.1" 200 110
190.171.153.34 - - [10/Apr/2023:14:23:08 -0300] "POST /cormun/servlet/solicitudot?gx-no-cache=1681146463255 HTTP/1.1" 200 79
190.171.153.34 - - [10/Apr/2023:14:23:08 -0300] "GET /cormun/servlet/solicitudot?326c4dbe9821a5dd3edbbb2cfe0d95936423c3387514feae6253a84cd06098e7b2ad6ef961271e7f7c00f047411ea8aa,gx-no-cache=1681146463281 HTTP/1.1" 200 30
190.171.152.234 - - [10/Apr/2023:14:23:08 -0300] "GET /cormun/servlet/trsolicitudot? HTTP/1.1" 200 7495
190.171.153.34 - - [10/Apr/2023:14:23:08 -0300] "POST /cormun/servlet/solicitudot?gx-no-cache=1681146463302 HTTP/1.1" 200 30
190.171.153.34 - - [10/Apr/2023:14:23:08 -0300] "POST /cormun/servlet/solicitudot?8beb0f1ed8b07fb2be55be101e2db842,INS,0,0,false,,gx-no-cache=1681146463325 HTTP/1.1" 200 93
190.171.153.34 - - [10/Apr/2023:14:23:08 -0300] "GET /cormun/servlet/hpexe_return? HTTP/1.1" 200 1001
190.171.153.34 - - [10/Apr/2023:14:23:09 -0300] "GET /cormun/servlet/trsolicitudot HTTP/1.1" 200 11924
190.171.153.34 - - [10/Apr/2023:14:23:09 -0300] "GET /cormun/servlet/trsolicitudot HTTP/1.1" 200 11919
190.171.152.234 - - [10/Apr/2023:14:23:16 -0300] "GET /cormun/servlet/trsolicitudot? HTTP/1.1" 200 7495
190.171.152.234 - - [10/Apr/2023:14:23:16 -0300] "GET /cormun/servlet/trsolicitudot? HTTP/1.1" 200 7495
190.171.152.234 - - [10/Apr/2023:14:23:18 -0300] "GET /cormun/servlet/solicitudot?INS,0,0,false, HTTP/1.1" 200 16133
190.171.152.234 - - [10/Apr/2023:14:23:18 -0300] "GET /cormun/servlet/solicitudot?INS,0,0,false, HTTP/1.1" 200 16141
190.171.153.34 - - [10/Apr/2023:14:23:19 -0300] "POST /cormun/servlet/trsolicitudot?8beb0f1ed8b07fb2be55be101e2db842,gx-no-cache=1681146474076 HTTP/1.1" 200 9233
190.171.153.34 - - [10/Apr/2023:14:23:19 -0300] "GET /cormun/static/Shared/jqueryui/images/ui-bg_highlight-soft_100_c6c2c8_1x100.png HTTP/1.1" 404 1117
190.171.153.34 - - [10/Apr/2023:14:23:19 -0300] "GET /cormun/static/Shared/jqueryui/images/ui-icons_82798d_256x240.png HTTP/1.1" 404 1089
190.171.153.34 - - [10/Apr/2023:14:23:19 -0300] "GET /cormun/static/Shared/jqueryui/images/ui-bg_flat_55_fafafa_40x100.png HTTP/1.1" 404 1097
190.171.153.34 - - [10/Apr/2023:14:23:19 -0300] "GET /cormun/static/Shared/jqueryui/images/ui-icons_8d78a5_256x240.png HTTP/1.1" 404 1089
190.171.153.34 - - [10/Apr/2023:14:23:19 -0300] "POST /cormun/servlet/trsolicitudot?8beb0f1ed8b07fb2be55be101e2db842,gx-no-cache=1681146474326 HTTP/1.1" 200 9178
190.171.152.234 - - [10/Apr/2023:14:23:27 -0300] "POST /cormun/servlet/solicitudot?gx-no-cache=1681143003927 HTTP/1.1" 200 3953
190.171.152.234 - - [10/Apr/2023:14:23:27 -0300] "POST /cormun/servlet/solicitudot?938155231840280bd2035ce0c08df2a0,INS,0,0,false,,gx-no-cache=1681143004054 HTTP/1.1" 200 12793
190.171.152.234 - - [10/Apr/2023:14:23:29 -0300] "GET /cormun/servlet/solicitudot?e6e99a4c85baf47cc9173318a513337bed62a82440df89c567b9510529845649c6a59ff3b1f662fd56792a53295f3e2a,gx-no-cache=1681143005880 HTTP/1.1" 200 30
190.171.153.34 - - [10/Apr/2023:14:23:32 -0300] "POST /cormun/servlet/trsolicitudot?8beb0f1ed8b07fb2be55be101e2db842,gx-no-cache=1681146487391 HTTP/1.1" 200 6030
190.171.153.34 - - [10/Apr/2023:14:23:42 -0300] "POST /cormun/servlet/trsolicitudot?8beb0f1ed8b07fb2be55be101e2db842,gx-no-cache=1681146497232 HTTP/1.1" 200 6007
190.171.153.34 - - [10/Apr/2023:14:23:54 -0300] "POST /cormun/servlet/trsolicitudot?8beb0f1ed8b07fb2be55be101e2db842,gx-no-cache=1681146509345 HTTP/1.1" 200 6007
190.171.141.106 - - [10/Apr/2023:14:24:01 -0300] "GET /cormun/servlet/solicitudot?6f53b3aca33037f0ad855c6735fb79e16267403ba9ca3559d009010369b33f7efa17af4edffeb185ca7264f089e19b5f0b9143e4b9587dae48d5c6b99f734839,gx-no-cache=1681146516741 HTTP/1.1" 200 30
190.171.153.34 - - [10/Apr/2023:14:24:02 -0300] "POST /cormun/servlet/trsolicitudot?8beb0f1ed8b07fb2be55be101e2db842,gx-no-cache=1681146517571 HTTP/1.1" 200 6007
190.171.141.106 - - [10/Apr/2023:14:24:17 -0300] "GET /cormun/servlet/solicitudot?6f53b3aca33037f0ad855c6735fb79e1e15fdda228f6ab8ada669a8c0fa570af,gx-no-cache=1681146532535 HTTP/1.1" 200 29
190.171.141.106 - - [10/Apr/2023:14:24:17 -0300] "POST /cormun/servlet/solicitudot?gx-no-cache=1681146532567 HTTP/1.1" 200 297
190.171.141.106 - - [10/Apr/2023:14:24:17 -0300] "GET /cormun/servlet/solicitudot?6f53b3aca33037f0ad855c6735fb79e125ea7cf97efb74b64639024ee51570d798640e20b0e82065e28cf4db187777699e1396e68f30b62e8fe1da1661627d7edb364a8bfdff93fb9b893023e7dec64d9671eb3dd0e27d11484b48d739b3a56be35758158ef2752d2fdbe16cf44861df1211c5fc2457200204573aa9079a32b44259425b0dcfbd63da4bf9018d4f612e2f16f533752fe6f58ebfee7197829148ff881dd70eb381b86d6c16f6c1171f2c8c23c33b807dfd223f025d543aae99547fc52df454de2fc9ae09093e48230a23c24a6bcf2baee99859b0d77b954875193316eb0e904f5a6b94c9de81da205cd3220b4e6ce9046858f41f7dad35f4a3503e0f770101a38bab3f3f1d63f9ddf74dc51929de859cb85d8801acf5d4aad6a8539aabf1750a6d2593196a805b41cb750ed59a41eb86686e299e1687038b12db4f19cbdb19700df55b4461ae201ba3ca0d56476def81cb24ad8ac6cb54e846936cdc33f6cb28f1988d121e6f5797661ac683910fe1489c2db2db8a3c0662178c69dd5ae216872cbd13ad891e0839eba5,gx-no-cache=1681146532596 HTTP/1.1" 200 30
190.171.141.106 - - [10/Apr/2023:14:24:20 -0300] "POST /cormun/servlet/solicitudot?gx-no-cache=1681146535838 HTTP/1.1" 200 30
190.171.153.34 - - [10/Apr/2023:14:24:24 -0300] "GET /cormun/servlet/trautorizarsolicitud? HTTP/1.1" 200 8735
190.171.153.34 - - [10/Apr/2023:14:24:24 -0300] "GET /cormun/servlet/trautorizarsolicitud? HTTP/1.1" 200 8735
190.171.141.106 - - [10/Apr/2023:14:24:28 -0300] "POST /cormun/servlet/solicitudot?gx-no-cache=1681146543838 HTTP/1.1" 200 256
190.171.153.34 - - [10/Apr/2023:14:24:29 -0300] "POST /cormun/servlet/trautorizarsolicitud?8beb0f1ed8b07fb2be55be101e2db842,,gx-no-cache=1681146544136 HTTP/1.1" 200 4787
190.171.153.34 - - [10/Apr/2023:14:24:29 -0300] "GET /cormun/static/Shared/jqueryui/images/ui-bg_highlight-soft_100_c6c2c8_1x100.png HTTP/1.1" 404 1117
190.171.153.34 - - [10/Apr/2023:14:24:29 -0300] "GET /cormun/static/Shared/jqueryui/images/ui-icons_82798d_256x240.png HTTP/1.1" 404 1089
190.171.153.34 - - [10/Apr/2023:14:24:29 -0300] "GET /cormun/static/Shared/jqueryui/images/ui-bg_flat_55_fafafa_40x100.png HTTP/1.1" 404 1097
190.171.153.34 - - [10/Apr/2023:14:24:29 -0300] "GET /cormun/static/Shared/jqueryui/images/ui-icons_8d78a5_256x240.png HTTP/1.1" 404 1089
190.171.153.34 - - [10/Apr/2023:14:24:29 -0300] "POST /cormun/servlet/trautorizarsolicitud?8beb0f1ed8b07fb2be55be101e2db842,,gx-no-cache=1681146544285 HTTP/1.1" 200 4537
190.171.141.106 - - [10/Apr/2023:14:24:35 -0300] "GET /cormun/servlet/solicitudot?6f53b3aca33037f0ad855c6735fb79e125ea7cf97efb74b64639024ee51570d7ba9e93dd2cc36c2f1ff1d00e6eaded7a9e1396e68f30b62e8fe1da1661627d7edb364a8bfdff93fb9b893023e7dec64d9671eb3dd0e27d11484b48d739b3a56be35758158ef2752d2fdbe16cf44861df1211c5fc2457200204573aa9079a32b44259425b0dcfbd63da4bf9018d4f612e2f16f533752fe6f58ebfee7197829148ff881dd70eb381b86d6c16f6c1171f2c8c23c33b807dfd223f025d543aae99547fc52df454de2fc9ae09093e48230a23c24a6bcf2baee99859b0d77b954875193316eb0e904f5a6b94c9de81da205cd3288c0b359da8771c8daccfb5ee67650a3e0f770101a38bab3f3f1d63f9ddf74dcd06aa515f1f3fb1b9027d7b504ab845c413429facb8e59839d0e05b05c151cee2903eca57c450eca269895956bf1af39d6092480c3a8e283eb359075e351c4e49c3b31fc4145ecfdfcdb7f43666f603bddc370223160870ca1dd8acb63328781b95e709ed2e7dc0c72e676404ab8dc3,gx-no-cache=1681146550469 HTTP/1.1" 200 30
190.171.141.106 - - [10/Apr/2023:14:24:35 -0300] "POST /cormun/servlet/solicitudot?gx-no-cache=1681146550500 HTTP/1.1" 200 30
190.171.141.106 - - [10/Apr/2023:14:24:35 -0300] "POST /cormun/servlet/solicitudot?gx-no-cache=1681146550547 HTTP/1.1" 200 1469
190.171.141.106 - - [10/Apr/2023:14:24:35 -0300] "POST /cormun/servlet/solicitudot?gx-no-cache=1681146550582 HTTP/1.1" 200 38
190.171.153.34 - - [10/Apr/2023:14:24:48 -0300] "GET /cormun/servlet/trsolicitudot? HTTP/1.1" 200 7440
190.171.153.34 - - [10/Apr/2023:14:24:48 -0300] "GET /cormun/servlet/trsolicitudot? HTTP/1.1" 200 7440
190.171.153.34 - - [10/Apr/2023:14:24:51 -0300] "GET /cormun/servlet/solicitudot?INS,0,0,false, HTTP/1.1" 200 16071
190.171.153.34 - - [10/Apr/2023:14:24:51 -0300] "GET /cormun/servlet/solicitudot?INS,0,0,false, HTTP/1.1" 200 16078
190.171.141.106 - - [10/Apr/2023:14:25:07 -0300] "GET /cormun/servlet/solicitudot?6f53b3aca33037f0ad855c6735fb79e1d8fd8a8fa7b1c19774298dcc8c3665f7049e7a87035295349f7cf2da19b79d5df48a92a864b763cb98b1af91eb5d9e64ef46609b7ef56f2c5d03bb846d0feb2c42daa319aadedc414e5add55c7e2ed8da242bda1a34c9b485265ba3ffbb91c10,gx-no-cache=1681146582651 HTTP/1.1" 200 110
190.171.141.106 - - [10/Apr/2023:14:25:07 -0300] "POST /cormun/servlet/solicitudot?gx-no-cache=1681146582691 HTTP/1.1" 200 83
152.89.196.54 - - [10/Apr/2023:14:25:21 -0300] "GET /actuator/gateway/routes HTTP/1.1" 404 1007
190.171.153.34 - - [10/Apr/2023:14:25:25 -0300] "POST /cormun/servlet/solicitudot?gx-no-cache=1681146600928 HTTP/1.1" 200 4073
190.171.153.34 - - [10/Apr/2023:14:25:26 -0300] "POST /cormun/servlet/solicitudot?8beb0f1ed8b07fb2be55be101e2db842,INS,0,0,false,,gx-no-cache=1681146601073 HTTP/1.1" 200 12907
190.171.153.34 - - [10/Apr/2023:14:25:35 -0300] "GET /cormun/servlet/solicitudot?326c4dbe9821a5dd3edbbb2cfe0d959312c38c453bd85856e8bbdbd7db4c32f9706abf3d2f103cfe96b4de490a94e310,gx-no-cache=1681146610158 HTTP/1.1" 200 30
190.171.153.34 - - [10/Apr/2023:14:25:35 -0300] "GET /cormun/servlet/solicitudot?326c4dbe9821a5dd3edbbb2cfe0d9593674315658289403fce4a04b15565b271f59179e7ff6773959367289621580b0e16333feca0e12b6a7eabd54054b708cd,gx-no-cache=1681146610206 HTTP/1.1" 200 30
190.171.153.34 - - [10/Apr/2023:14:25:35 -0300] "GET /cormun/servlet/solicitudot?326c4dbe9821a5dd3edbbb2cfe0d959350007747cb59dfc8df1db4349aa3bed7,gx-no-cache=1681146610228 HTTP/1.1" 200 53
190.171.153.34 - - [10/Apr/2023:14:25:35 -0300] "POST /cormun/servlet/solicitudot?gx-no-cache=1681146610258 HTTP/1.1" 200 297
190.171.153.34 - - [10/Apr/2023:14:25:35 -0300] "GET /cormun/servlet/solicitudot?326c4dbe9821a5dd3edbbb2cfe0d95934f5524c1072a230bd6b40f939f1d89fbdd233a27613bef5a7901a84bc0737a8e8bd54906d909104877ef4a7d27cb52083d0649ee07a5514bfb441d666c2b68c60d74127ac383fe9b3584f9dbff8ee49b918dfce5ec10b6a43f0cfef1f1d5c644c4b98b00a5750a709b5f22fbff094eb517c28040b8f32e444446aeb9b8ea61995b8165742accae78145a53ec092d515c9155ce22d4354513aafac5f63666730320e6e61623bcfb5bc2d06c882bb30fea0cc94d04c13cbd27567d88d682275d19fc1d26b12542bb80a1a49b9fb5b834ce1c3e0a0124eb57b664a84e1d8845817960790feb095c000d929609c3c097bdf905b8eb336f7ca7ac32cca3bf4fd03717e0f068816c0659d748642dc71ae8af9d6e7cbf2c4eeda7b1c403a1dd8f086679338281abc0e06d250e53f6d707180a0ab1a36f837a71dd1721ff3ae6b0a10bfe5411e6ef6aac742c9f8292971a5bdc6ab3f10295e3cf1ea57dc077b105517391470b2f3639a585a635b54a539fa5d47124086a38ea4ebc9c46371211a63d147b,gx-no-cache=1681146610289 HTTP/1.1" 200 30
190.171.153.34 - - [10/Apr/2023:14:25:38 -0300] "POST /cormun/servlet/solicitudot?gx-no-cache=1681146613260 HTTP/1.1" 200 30
190.171.153.34 - - [10/Apr/2023:14:25:39 -0300] "POST /cormun/servlet/solicitudot?gx-no-cache=1681146614976 HTTP/1.1" 200 1468
190.171.153.34 - - [10/Apr/2023:14:25:39 -0300] "POST /cormun/servlet/solicitudot?gx-no-cache=1681146615009 HTTP/1.1" 200 38
190.171.152.234 - - [10/Apr/2023:14:25:50 -0300] "GET /cormun/servlet/prbanco?,MD,,gxPopupLevel%3D0%3B HTTP/1.1" 200 6570
190.171.153.34 - - [10/Apr/2023:14:25:51 -0300] "GET /cormun/servlet/solicitudot?326c4dbe9821a5dd3edbbb2cfe0d95934935bafc169aec81db74a9da2ec2524eec369e7315ff41550efc51be4795527dd27b34057771faf178d8c23a760d6632a9a38fd36d064439a17e7944c3900c15a46cd4efeb133098e14323b0235d63c6bedf703df162300bb35760357d0c0974,gx-no-cache=1681146627006 HTTP/1.1" 200 110
190.171.152.234 - - [10/Apr/2023:14:25:52 -0300] "GET /cormun/servlet/solicitudot?e6e99a4c85baf47cc9173318a513337b91a945b6a933cc6a5f2f2e478e742a5479849fc89989a5fb6ff89cfc1a3cd9bf6566acd130f8610efda50e8627c6327f,gx-no-cache=1681143148902 HTTP/1.1" 200 30
190.171.141.106 - - [10/Apr/2023:14:25:53 -0300] "POST /cormun/servlet/solicitudot?gx-no-cache=1681146628615 HTTP/1.1" 200 109
190.171.153.34 - - [10/Apr/2023:14:26:02 -0300] "POST /cormun/servlet/solicitudot?gx-no-cache=1681146637818 HTTP/1.1" 200 110
190.171.153.34 - - [10/Apr/2023:14:26:08 -0300] "GET /cormun/servlet/solicitudot?326c4dbe9821a5dd3edbbb2cfe0d959314ac58ab64b5b871b0458cb4e4f1595a4e5e747c4aaf2f944edf15f9b8b4d2dc54bd74921f758d3ca924f51e8db8ed14ab9bada4abea183d7a96f4b9c324e90d44271cf6d5888bfbe1cf222d130180024de8f02deec63b415ad8304e1f5078c6,gx-no-cache=1681146643350 HTTP/1.1" 200 29
190.171.153.34 - - [10/Apr/2023:14:26:08 -0300] "GET /cormun/static/menuarrow.gif HTTP/1.1" 404 1015
190.171.153.34 - - [10/Apr/2023:14:26:11 -0300] "GET /cormun/servlet/solicitudot?326c4dbe9821a5dd3edbbb2cfe0d95936423c3387514feae6253a84cd06098e7b2ad6ef961271e7f7c00f047411ea8aa,gx-no-cache=1681146646835 HTTP/1.1" 200 30
190.171.153.34 - - [10/Apr/2023:14:26:18 -0300] "POST /cormun/servlet/solicitudot?gx-no-cache=1681146653810 HTTP/1.1" 200 30
190.171.153.34 - - [10/Apr/2023:14:26:46 -0300] "POST /cormun/servlet/solicitudot?8beb0f1ed8b07fb2be55be101e2db842,INS,0,0,false,,gx-no-cache=1681146681801 HTTP/1.1" 200 93
190.171.153.34 - - [10/Apr/2023:14:26:47 -0300] "GET /cormun/servlet/hpexe_return? HTTP/1.1" 200 1001
190.171.153.34 - - [10/Apr/2023:14:26:47 -0300] "GET /cormun/servlet/trsolicitudot HTTP/1.1" 200 7444
190.171.153.34 - - [10/Apr/2023:14:26:47 -0300] "GET /cormun/servlet/trsolicitudot HTTP/1.1" 200 7440
190.171.153.34 - - [10/Apr/2023:14:26:53 -0300] "GET /cormun/servlet/trautorizarsolicitud? HTTP/1.1" 200 7342
190.171.153.34 - - [10/Apr/2023:14:26:53 -0300] "GET /cormun/servlet/trautorizarsolicitud? HTTP/1.1" 200 7342
190.171.141.106 - - [10/Apr/2023:14:26:58 -0300] "GET /cormun/servlet/solicitudot?6f53b3aca33037f0ad855c6735fb79e1d8fd8a8fa7b1c19774298dcc8c3665f7049e7a87035295349f7cf2da19b79d5df48a92a864b763cb98b1af91eb5d9e64ef46609b7ef56f2c5d03bb846d0feb2c42daa319aadedc414e5add55c7e2ed8da242bda1a34c9b485265ba3ffbb91c10,gx-no-cache=1681146693690 HTTP/1.1" 200 110
190.171.141.106 - - [10/Apr/2023:14:26:58 -0300] "GET /cormun/servlet/solicitudot?6f53b3aca33037f0ad855c6735fb79e1ec1e15975629479612995720a66d4fc78f82aa47d09b488b53fd477be8840659dbad78a0bc182337280aafaf0f1b88770e53a8fbd8b47404276b0b4634f818964364a6124cb0a2cb05b971fa45823aef3a1ce30e6d39f0266732c40ec4b7e2a4,gx-no-cache=1681146693785 HTTP/1.1" 200 29
190.171.141.106 - - [10/Apr/2023:14:27:09 -0300] "GET /cormun/servlet/solicitudot?6f53b3aca33037f0ad855c6735fb79e1929ad720362a449a4c8117e06b40c758c72f9ad876ea020852db8615052a1086,gx-no-cache=1681146704127 HTTP/1.1" 200 30
190.171.153.34 - - [10/Apr/2023:14:27:10 -0300] "GET /cormun/servlet/trsolicitudot? HTTP/1.1" 200 7440
190.171.153.34 - - [10/Apr/2023:14:27:10 -0300] "GET /cormun/servlet/trsolicitudot? HTTP/1.1" 200 7440
190.171.141.106 - - [10/Apr/2023:14:27:15 -0300] "POST /cormun/servlet/solicitudot?gx-no-cache=1681146710814 HTTP/1.1" 200 30
190.171.153.34 - - [10/Apr/2023:14:27:18 -0300] "POST /cormun/servlet/trsolicitudot?8beb0f1ed8b07fb2be55be101e2db842,,gx-no-cache=1681146713350 HTTP/1.1" 200 6028
20.15.133.172 - - [10/Apr/2023:14:27:20 -0300] "GET /robots.txt HTTP/1.1" 404 981
190.171.153.34 - - [10/Apr/2023:14:27:23 -0300] "POST /cormun/servlet/trsolicitudot?8beb0f1ed8b07fb2be55be101e2db842,,gx-no-cache=1681146718138 HTTP/1.1" 200 4859
190.171.153.34 - - [10/Apr/2023:14:27:23 -0300] "GET /cormun/static/Shared/jqueryui/images/ui-bg_highlight-soft_100_c6c2c8_1x100.png HTTP/1.1" 404 1117
190.171.153.34 - - [10/Apr/2023:14:27:23 -0300] "GET /cormun/static/Shared/jqueryui/images/ui-bg_flat_55_fafafa_40x100.png HTTP/1.1" 404 1097
190.171.153.34 - - [10/Apr/2023:14:27:23 -0300] "GET /cormun/static/Shared/jqueryui/images/ui-icons_82798d_256x240.png HTTP/1.1" 404 1089
190.171.153.34 - - [10/Apr/2023:14:27:23 -0300] "GET /cormun/static/Shared/jqueryui/images/ui-icons_8d78a5_256x240.png HTTP/1.1" 404 1089
190.171.153.34 - - [10/Apr/2023:14:27:23 -0300] "POST /cormun/servlet/trsolicitudot?8beb0f1ed8b07fb2be55be101e2db842,,gx-no-cache=1681146718280 HTTP/1.1" 200 4611
190.171.153.34 - - [10/Apr/2023:14:27:27 -0300] "GET /cormun/servlet/trautorizarsolicitud? HTTP/1.1" 200 8731
190.171.153.34 - - [10/Apr/2023:14:27:28 -0300] "GET /cormun/servlet/trautorizarsolicitud? HTTP/1.1" 200 8730
20.15.133.188 - - [10/Apr/2023:14:27:31 -0300] "GET /cormun/servlet/trlicenciaspermisoslog?15805948,L,20220208000000,_escaped_fragment_%3D&_escaped_fragment_= HTTP/1.1" 200 5261
190.171.153.34 - - [10/Apr/2023:14:27:32 -0300] "POST /cormun/servlet/trautorizarsolicitud?8beb0f1ed8b07fb2be55be101e2db842,,gx-no-cache=1681146727458 HTTP/1.1" 200 4785
190.171.153.34 - - [10/Apr/2023:14:27:32 -0300] "GET /cormun/static/Shared/jqueryui/images/ui-icons_82798d_256x240.png HTTP/1.1" 404 1089
190.171.153.34 - - [10/Apr/2023:14:27:32 -0300] "GET /cormun/static/Shared/jqueryui/images/ui-bg_highlight-soft_100_c6c2c8_1x100.png HTTP/1.1" 404 1117
190.171.153.34 - - [10/Apr/2023:14:27:32 -0300] "GET /cormun/static/Shared/jqueryui/images/ui-bg_flat_55_fafafa_40x100.png HTTP/1.1" 404 1097
