66.249.79.209 - - [06/Apr/2023:14:21:02 -0300] "GET /cormun/static/PXToolsJavascripts/PXToolsJavascriptsRender.js HTTP/1.1" 200 367
66.249.79.209 - - [06/Apr/2023:14:21:03 -0300] "GET /cormun/static/PXToolsJavascripts/pexe_menudivfix.js HTTP/1.1" 200 333
66.249.79.209 - - [06/Apr/2023:14:21:03 -0300] "GET /cormun/static/gxui/gxui-all.css?120300 HTTP/1.1" 200 2179
66.249.79.209 - - [06/Apr/2023:14:21:03 -0300] "GET /cormun/static/PXToolsJavascripts/pexe_scrolldiv.js HTTP/1.1" 200 4138
66.249.79.209 - - [06/Apr/2023:14:21:04 -0300] "GET /cormun/static/gxui/gxui-all.js HTTP/1.1" 200 107772
66.249.79.209 - - [06/Apr/2023:14:21:04 -0300] "GET /cormun/static/SmoothNavMenu/resources/ddsmoothmenu.css?1112540 HTTP/1.1" 200 2223
66.249.79.209 - - [06/Apr/2023:14:21:05 -0300] "GET /cormun/static/PXToolsJavascripts/pexe_griddivfix.js HTTP/1.1" 200 6946
66.249.79.209 - - [06/Apr/2023:14:21:05 -0300] "GET /cormun/static/PXToolsJavascripts/pexe_menus.js HTTP/1.1" 200 1286
66.249.79.209 - - [06/Apr/2023:14:21:06 -0300] "GET /cormun/static/Shared/ext/locale/ext-lang-en.js HTTP/1.1" 200 10940
66.249.79.209 - - [06/Apr/2023:14:21:06 -0300] "GET /cormun/static/gxdec.js?85251 HTTP/1.1" 200 19579
66.249.79.209 - - [06/Apr/2023:14:21:07 -0300] "GET /cormun/static/trlicencias.js?202211298463889 HTTP/1.1" 200 41883
66.249.79.209 - - [06/Apr/2023:14:21:07 -0300] "GET /cormun/static/hwchdr01.js?2022112219251119 HTTP/1.1" 200 996
66.249.79.209 - - [06/Apr/2023:14:21:08 -0300] "GET /cormun/static/hpexe_recentlink.js?20201214471090 HTTP/1.1" 200 2144
66.249.79.209 - - [06/Apr/2023:14:21:08 -0300] "GET /cormun/static/hpexe_scripts.js?20201214471411 HTTP/1.1" 200 1544
66.249.79.209 - - [06/Apr/2023:14:21:09 -0300] "GET /cormun/static/hpexe_messagecontroller.js?202211298371222 HTTP/1.1" 200 870
66.249.79.209 - - [06/Apr/2023:14:21:09 -0300] "GET /cormun/static/hpexe_messagepopupcomponent.js?2020121447232 HTTP/1.1" 200 605
66.249.79.209 - - [06/Apr/2023:14:21:10 -0300] "GET /cormun/static/hpexe_messagegenexuscomponent.js?20221129836373 HTTP/1.1" 200 587
66.249.79.209 - - [06/Apr/2023:14:21:10 -0300] "GET /cormun/static/cmcontrolpreferences.js?20199141926336 HTTP/1.1" 200 1375
66.249.79.209 - - [06/Apr/2023:14:21:11 -0300] "GET /cormun/static/Shared/jquery/jquery-1.10.2.min.js HTTP/1.1" 200 273199
66.249.79.209 - - [06/Apr/2023:14:21:11 -0300] "GET /cormun/static/Shared/jquery/jquery-1.4.2.min.js HTTP/1.1" 200 72174
66.249.79.209 - - [06/Apr/2023:14:21:12 -0300] "GET /cormun/static/Shared/jqueryui/jquery-ui.min.js HTTP/1.1" 200 240427
66.249.79.209 - - [06/Apr/2023:14:21:12 -0300] "GET /cormun/static/SmoothNavMenu/resources/ddsmoothmenu.js HTTP/1.1" 200 12712
66.249.79.209 - - [06/Apr/2023:14:21:13 -0300] "GET /cormun/static/SmoothNavMenu/resources/SmoothNavMenuRender.js HTTP/1.1" 200 5951
66.249.79.209 - - [06/Apr/2023:14:21:13 -0300] "GET /cormun/static/scaMessage/js/jquery.pnotify.min.js HTTP/1.1" 200 13038
66.249.79.209 - - [06/Apr/2023:14:21:14 -0300] "GET /cormun/static/scaMessage/scaMessageRender.js HTTP/1.1" 200 11977
66.249.79.209 - - [06/Apr/2023:14:21:14 -0300] "GET /cormun/static/hmpwkw03.js?20221129844354 HTTP/1.1" 200 3971
66.249.79.209 - - [06/Apr/2023:14:21:16 -0300] "GET /cormun/static/RunJS/RunJS.js HTTP/1.1" 200 288
66.249.79.209 - - [06/Apr/2023:14:21:18 -0300] "GET /cormun/static/Shared/ext/ext-all.js HTTP/1.1" 200 1289687
66.249.79.209 - - [06/Apr/2023:14:21:18 -0300] "GET /cormun/static/calendar.js?85251 HTTP/1.1" 200 26246
66.249.79.211 - - [06/Apr/2023:14:21:18 -0300] "GET /cormun/static/PXToolsJavascripts/pexe_oavdivfix.js HTTP/1.1" 200 639
66.249.79.209 - - [06/Apr/2023:14:21:19 -0300] "GET /cormun/static/PXToolsJavascripts/pexe_link.js HTTP/1.1" 200 5671
66.249.79.209 - - [06/Apr/2023:14:21:19 -0300] "GET /cormun/static/calendar-es.js?85251 HTTP/1.1" 200 1901
66.249.79.209 - - [06/Apr/2023:14:21:20 -0300] "GET /cormun/servlet/hlogin HTTP/1.1" 200 1743
190.171.141.106 - - [06/Apr/2023:14:21:40 -0300] "GET /cormun/servlet/solicitudot?bdc5f6cd9e9408100a834651e3d534fba1b55fe8b71bb1f4060d7870a4f7ed30a4424443f9708ac91f036fad34748a71e2795f2cad563ee05ecc61524b61b266,gx-no-cache=1680800776619 HTTP/1.1" 200 30
186.67.172.234 - - [06/Apr/2023:14:22:50 -0300] "GET /cormun/servlet/trlicencias? HTTP/1.1" 200 7859
186.67.172.234 - - [06/Apr/2023:14:22:50 -0300] "GET /cormun/servlet/trlicencias? HTTP/1.1" 200 7856
186.67.172.234 - - [06/Apr/2023:14:22:50 -0300] "GET /cormun/servlet/hlogin HTTP/1.1" 200 1736
186.67.172.234 - - [06/Apr/2023:14:22:51 -0300] "GET /favicon.ico HTTP/1.1" 200 21630
190.171.141.106 - - [06/Apr/2023:14:22:53 -0300] "GET /cormun/servlet/prbanco?,MD,,gxPopupLevel%3D0%3B HTTP/1.1" 200 6415
190.171.141.106 - - [06/Apr/2023:14:22:59 -0300] "GET /cormun/servlet/solicitudot?bdc5f6cd9e9408100a834651e3d534fb1858d437e9b4ec6bd37c869dafb13cf5,gx-no-cache=1680800855312 HTTP/1.1" 200 70
186.67.172.234 - - [06/Apr/2023:14:23:06 -0300] "POST /cormun/servlet/hlogin?e0516c71ff5ef66d3c83812739873c78,gx-no-cache=1680800862335 HTTP/1.1" 200 90
186.67.172.234 - - [06/Apr/2023:14:23:07 -0300] "GET /cormun/servlet/hpexe_link HTTP/1.1" 200 954
186.67.172.234 - - [06/Apr/2023:14:23:07 -0300] "GET /cormun/servlet/trlicencias HTTP/1.1" 200 15367
186.67.172.234 - - [06/Apr/2023:14:23:07 -0300] "GET /cormun/servlet/trlicencias HTTP/1.1" 200 15354
190.171.141.106 - - [06/Apr/2023:14:23:23 -0300] "POST /cormun/servlet/solicitudot?gx-no-cache=1680800879714 HTTP/1.1" 200 255
190.171.141.106 - - [06/Apr/2023:14:23:30 -0300] "GET /cormun/servlet/solicitudot?bdc5f6cd9e9408100a834651e3d534fb37992cd3b55581b971aeead5393caa8eaf6ebf3ad7e4e305995a09984fb1ef6b2d7730503713d9e454bac8066e11fb72d61142751aa5a7b84052a11df70cd60dbddd02cc872984014e09e06e1efb338587a219e143bd582adaf65f20fcef87198604c52a1d11edc3975ccb797c4bc89abc1f3183747c4e7b2d86cf88bfb2ad3afa4ccc5853ef79251a03cf1ca406e889e323cbbe6b2f546155091735b69a38430020ca6764694a8e600ae0c764b37da4d6161fef0f30ea92bb87916c442c6b75610cbd2c43caf3e083050c633d433d0f7dcb8910c9616e37d0e5dbdd8fa1bf153030d1a4026d5db331ef5681fb0d6cf0b455a44146651e3313532a1567f235683a5b3d45cac530065e3f9eac16156c806345e86c06cb776a5eb4bf129a1b5a1d6d6e2485d37bef8a667795170e6a5a21a65bd72ef7166591815fd1fdad0c338b5045ccb3a03b5a0babacfb4e17fdc406fe2b16e46ef2e50686f5b671ac105c48fcab83a0f4ed19325d259731fadc7bfc,gx-no-cache=1680800886251 HTTP/1.1" 200 30
190.171.141.106 - - [06/Apr/2023:14:23:34 -0300] "POST /cormun/servlet/solicitudot?gx-no-cache=1680800890809 HTTP/1.1" 200 30
190.171.141.106 - - [06/Apr/2023:14:23:38 -0300] "POST /cormun/servlet/solicitudot?gx-no-cache=1680800894038 HTTP/1.1" 200 1466
190.171.141.106 - - [06/Apr/2023:14:23:38 -0300] "POST /cormun/servlet/solicitudot?gx-no-cache=1680800894085 HTTP/1.1" 200 38
190.171.153.26 - - [06/Apr/2023:14:23:48 -0300] "GET /cormun/servlet/trautorizarpermisogoce? HTTP/1.1" 200 5943
190.171.153.26 - - [06/Apr/2023:14:23:49 -0300] "GET /cormun/servlet/hlogin HTTP/1.1" 200 1744
190.171.153.26 - - [06/Apr/2023:14:23:49 -0300] "GET /cormun/servlet/trautorizarpermisogoce? HTTP/1.1" 200 5938
190.171.153.26 - - [06/Apr/2023:14:23:49 -0300] "GET /cormun/servlet/trautorizarpermisogoce? HTTP/1.1" 200 5938
190.171.141.106 - - [06/Apr/2023:14:23:51 -0300] "GET /cormun/servlet/solicitudot?bdc5f6cd9e9408100a834651e3d534fba647904ee7a639690fb50940cf3fc8912461518fc6a65e259f6de197249fb483807c017d0527651c578be9f25d71b65fef229136df864db362f683b7008f01f90d1d8adbcb0ea02e33af11152a823b0154e3b1bb70fbf083cbc1998bbd9c822e,gx-no-cache=1680800907613 HTTP/1.1" 200 110
190.171.153.26 - - [06/Apr/2023:14:23:59 -0300] "POST /cormun/servlet/hlogin?34c902a2abb1fbd5c82d6d5ffdf5e20e,gx-no-cache=1680800915672 HTTP/1.1" 200 90
190.171.153.26 - - [06/Apr/2023:14:23:59 -0300] "GET /cormun/servlet/hpexe_link HTTP/1.1" 200 963
190.171.153.26 - - [06/Apr/2023:14:23:59 -0300] "GET /cormun/servlet/trautorizarpermisogoce HTTP/1.1" 200 7847
190.171.153.26 - - [06/Apr/2023:14:24:00 -0300] "GET /cormun/servlet/trautorizarpermisogoce HTTP/1.1" 200 7846
190.171.141.106 - - [06/Apr/2023:14:24:02 -0300] "POST /cormun/servlet/solicitudot?gx-no-cache=1680800918596 HTTP/1.1" 200 97
190.171.153.26 - - [06/Apr/2023:14:24:04 -0300] "POST /cormun/servlet/trautorizarpermisogoce?34c902a2abb1fbd5c82d6d5ffdf5e20e,gx-no-cache=1680800920492 HTTP/1.1" 200 4263
190.171.153.26 - - [06/Apr/2023:14:24:04 -0300] "GET /cormun/static/Shared/jqueryui/images/ui-bg_highlight-soft_100_c6c2c8_1x100.png HTTP/1.1" 404 1117
190.171.153.26 - - [06/Apr/2023:14:24:04 -0300] "GET /cormun/static/Shared/jqueryui/images/ui-icons_82798d_256x240.png HTTP/1.1" 404 1089
190.171.153.26 - - [06/Apr/2023:14:24:04 -0300] "GET /cormun/static/Shared/jqueryui/images/ui-bg_flat_55_fafafa_40x100.png HTTP/1.1" 404 1097
190.171.153.26 - - [06/Apr/2023:14:24:04 -0300] "GET /cormun/static/Shared/jqueryui/images/ui-icons_8d78a5_256x240.png HTTP/1.1" 404 1089
190.171.153.26 - - [06/Apr/2023:14:24:16 -0300] "POST /cormun/servlet/trautorizarpermisogoce?34c902a2abb1fbd5c82d6d5ffdf5e20e,gx-no-cache=1680800931641 HTTP/1.1" 200 9360
190.171.149.90 - - [06/Apr/2023:14:24:24 -0300] "GET /cormun/servlet/hlogin HTTP/1.1" 200 1720
190.171.149.90 - - [06/Apr/2023:14:24:28 -0300] "POST /cormun/servlet/hlogin?2abeeb8257948b2ba914959872cf555b,gx-no-cache=1680800985148 HTTP/1.1" 200 90
190.171.149.90 - - [06/Apr/2023:14:24:28 -0300] "GET /cormun/servlet/hpexe_link HTTP/1.1" 200 957
190.171.149.90 - - [06/Apr/2023:14:24:28 -0300] "GET /cormun/servlet/trpermisosgoce? HTTP/1.1" 200 10904
190.171.149.90 - - [06/Apr/2023:14:24:28 -0300] "GET /cormun/servlet/trpermisosgoce? HTTP/1.1" 200 10891
201.186.225.183 - - [06/Apr/2023:14:24:30 -0300] "GET /cormun/servlet/trlicencias? HTTP/1.1" 200 7862
201.186.225.183 - - [06/Apr/2023:14:24:30 -0300] "GET /cormun/servlet/hlogin HTTP/1.1" 200 1738
201.186.225.183 - - [06/Apr/2023:14:24:31 -0300] "GET /cormun/servlet/trlicencias? HTTP/1.1" 200 7857
190.171.149.90 - - [06/Apr/2023:14:24:31 -0300] "GET /cormun/servlet/trpermisosgoce? HTTP/1.1" 200 10902
190.171.149.90 - - [06/Apr/2023:14:24:31 -0300] "GET /cormun/servlet/trpermisosgoce? HTTP/1.1" 200 10891
190.171.149.90 - - [06/Apr/2023:14:24:33 -0300] "GET /cormun/servlet/permisogoce?INS,0,,, HTTP/1.1" 200 6810
190.171.149.90 - - [06/Apr/2023:14:24:34 -0300] "GET /cormun/servlet/permisogoce?INS,0,,, HTTP/1.1" 200 6810
190.171.141.106 - - [06/Apr/2023:14:24:36 -0300] "POST /cormun/servlet/solicitudot?gx-no-cache=1680800952667 HTTP/1.1" 200 110
201.186.225.183 - - [06/Apr/2023:14:24:37 -0300] "POST /cormun/servlet/hlogin?97c4639c2a7223f8f4502fd510567fbd,gx-no-cache=1680800954332 HTTP/1.1" 200 90
201.186.225.183 - - [06/Apr/2023:14:24:37 -0300] "GET /cormun/servlet/hpexe_link HTTP/1.1" 200 955
201.186.225.183 - - [06/Apr/2023:14:24:38 -0300] "GET /cormun/servlet/trlicencias HTTP/1.1" 200 16098
201.186.225.183 - - [06/Apr/2023:14:24:38 -0300] "GET /cormun/servlet/trlicencias HTTP/1.1" 200 16107
190.171.149.90 - - [06/Apr/2023:14:24:41 -0300] "GET /cormun/servlet/permisogoce?660dd325926d4b56b9d445a3d4ca307185f8c534e1a1fc2c1342739e3e656c52a84a686cab1af5ebb6d9da2fae546b8aab7781ed26be215e866969299dc471ff,gx-no-cache=1680800998795 HTTP/1.1" 200 81
102.217.205.32 - - [06/Apr/2023:14:24:45 -0300] "GET / HTTP/1.1" 200 11217
190.171.141.106 - - [06/Apr/2023:14:24:51 -0300] "GET /cormun/servlet/solicitudot?bdc5f6cd9e9408100a834651e3d534fbee73e2f99ca6dafc964bcb8b9c89cf3ecc064871e54c246a6a6ea305c5c5ffff9348101b4f6b4a1431f971be6d7935d24dc8166d290c17869da89ea102d53d250905fb82bca0e0a9faca517737706e6b5f7d70ac887b844a954c9dac4ad63c77,gx-no-cache=1680800967242 HTTP/1.1" 200 29
201.186.225.183 - - [06/Apr/2023:14:24:51 -0300] "POST /cormun/servlet/trlicencias?97c4639c2a7223f8f4502fd510567fbd,gx-no-cache=1680800967862 HTTP/1.1" 200 5193
190.171.141.106 - - [06/Apr/2023:14:25:00 -0300] "GET /cormun/servlet/solicitudot?bdc5f6cd9e9408100a834651e3d534fb61f66d2f8a5918c797f0109ebcdd5c645b609750a023bbc91b86f43215173adf,gx-no-cache=1680800976311 HTTP/1.1" 200 30
190.171.149.90 - - [06/Apr/2023:14:25:11 -0300] "GET /cormun/servlet/permisogoce?660dd325926d4b56b9d445a3d4ca307127581ddb12b7f36e5698a9e7ad626dc2ff0c1cb519ec353a652a12e7faf9950aa5c4198708e2cb50f7f78ba8e0087b24,gx-no-cache=1680801028424 HTTP/1.1" 200 46
190.171.149.90 - - [06/Apr/2023:14:25:13 -0300] "POST /cormun/servlet/permisogoce?2abeeb8257948b2ba914959872cf555b,INS,0,,,,gx-no-cache=1680801030060 HTTP/1.1" 200 93
190.171.149.90 - - [06/Apr/2023:14:25:13 -0300] "GET /cormun/servlet/hpexe_return? HTTP/1.1" 200 1008
190.171.149.90 - - [06/Apr/2023:14:25:13 -0300] "GET /cormun/servlet/trpermisosgoce HTTP/1.1" 200 11179
190.171.149.90 - - [06/Apr/2023:14:25:14 -0300] "GET /cormun/servlet/trpermisosgoce HTTP/1.1" 200 11174
190.171.149.90 - - [06/Apr/2023:14:25:16 -0300] "GET /cormun/servlet/apermisogoceprn?17746678,P,20230406130858,PU HTTP/1.1" 200 1660
190.171.141.106 - - [06/Apr/2023:14:25:19 -0300] "POST /cormun/servlet/solicitudot?gx-no-cache=1680800995410 HTTP/1.1" 200 30
190.171.153.26 - - [06/Apr/2023:14:25:19 -0300] "GET /cormun/servlet/hlogin HTTP/1.1" 200 1744
190.171.141.106 - - [06/Apr/2023:14:25:28 -0300] "POST /cormun/servlet/solicitudot?d65fea94cc39414ec76add144d7b0766,INS,0,0,false,,gx-no-cache=1680801004571 HTTP/1.1" 200 93
190.171.141.106 - - [06/Apr/2023:14:25:28 -0300] "GET /cormun/servlet/hpexe_return? HTTP/1.1" 200 1012
190.171.141.106 - - [06/Apr/2023:14:25:29 -0300] "GET /cormun/servlet/hhome HTTP/1.1" 200 4146
190.171.141.106 - - [06/Apr/2023:14:25:29 -0300] "GET /cormun/servlet/hhome HTTP/1.1" 200 4140
190.171.141.106 - - [06/Apr/2023:14:25:35 -0300] "GET /cormun/servlet/trsolicitudot? HTTP/1.1" 200 8760
190.171.141.106 - - [06/Apr/2023:14:25:35 -0300] "GET /cormun/servlet/trsolicitudot? HTTP/1.1" 200 8758
190.171.141.106 - - [06/Apr/2023:14:26:09 -0300] "POST /cormun/servlet/trsolicitudot?d65fea94cc39414ec76add144d7b0766,,gx-no-cache=1680801045206 HTTP/1.1" 200 108
190.171.141.106 - - [06/Apr/2023:14:26:09 -0300] "GET /cormun/servlet/trsolicitudadjuntos?2023,19958, HTTP/1.1" 200 6247
190.171.141.106 - - [06/Apr/2023:14:26:09 -0300] "GET /cormun/servlet/trsolicitudadjuntos?2023,19958, HTTP/1.1" 200 6246
190.171.141.106 - - [06/Apr/2023:14:26:31 -0300] "GET /cormun/servlet/solicitudotadjuntos?INS,2023,19958,,1, HTTP/1.1" 200 6197
190.171.141.106 - - [06/Apr/2023:14:26:31 -0300] "GET /cormun/static/about:blank HTTP/1.1" 404 1011
190.171.141.106 - - [06/Apr/2023:14:26:31 -0300] "GET /cormun/servlet/solicitudotadjuntos?INS,2023,19958,,1, HTTP/1.1" 200 6190
190.171.141.106 - - [06/Apr/2023:14:26:32 -0300] "GET /cormun/servlet/solicitudotadjuntos?bdc5f6cd9e9408100a834651e3d534fbd31756410f5d0b5c5e6632b939f19f9422bb90101a93384f93cdc822beb5e7b7,gx-no-cache=1680801068065 HTTP/1.1" 200 30
190.171.141.106 - - [06/Apr/2023:14:26:32 -0300] "POST /cormun/servlet/solicitudotadjuntos?d65fea94cc39414ec76add144d7b0766,INS,2023,19958,,1,,gx-no-cache=1680801068078 HTTP/1.1" 200 4196
190.171.141.106 - - [06/Apr/2023:14:26:38 -0300] "POST /cormun/servlet/solicitudotadjuntos?gx-no-cache=1680801074001 HTTP/1.1" 200 26
190.171.141.106 - - [06/Apr/2023:14:26:46 -0300] "GET /cormun/servlet/solicitudotadjuntos?bdc5f6cd9e9408100a834651e3d534fb4a6cb0171e0ea0f9607fcd947961a730,gx-no-cache=1680801082495 HTTP/1.1" 200 30
190.171.141.106 - - [06/Apr/2023:14:26:46 -0300] "GET /cormun/servlet/solicitudotadjuntos?bdc5f6cd9e9408100a834651e3d534fb4a6cb0171e0ea0f9607fcd947961a730,gx-no-cache=1680801082507 HTTP/1.1" 200 30
190.171.141.106 - - [06/Apr/2023:14:26:46 -0300] "POST /cormun/servlet/solicitudotadjuntos?d65fea94cc39414ec76add144d7b0766,INS,2023,19958,,1, HTTP/1.1" 200 116
190.171.141.106 - - [06/Apr/2023:14:26:46 -0300] "GET /cormun/servlet/hpexe_return? HTTP/1.1" 200 1029
190.171.141.106 - - [06/Apr/2023:14:26:47 -0300] "GET /cormun/servlet/trsolicitudadjuntos?2023,19958, HTTP/1.1" 200 9161
190.171.141.106 - - [06/Apr/2023:14:26:47 -0300] "GET /cormun/servlet/trsolicitudadjuntos?2023,19958, HTTP/1.1" 200 9160
190.171.141.106 - - [06/Apr/2023:14:26:49 -0300] "GET /cormun/servlet/solicitudotadjuntos?INS,2023,19958,,1, HTTP/1.1" 200 6197
190.171.141.106 - - [06/Apr/2023:14:26:49 -0300] "GET /cormun/static/about:blank HTTP/1.1" 404 1011
190.171.141.106 - - [06/Apr/2023:14:26:49 -0300] "GET /cormun/servlet/solicitudotadjuntos?INS,2023,19958,,1, HTTP/1.1" 200 6191
190.171.141.106 - - [06/Apr/2023:14:26:50 -0300] "GET /cormun/servlet/solicitudotadjuntos?bdc5f6cd9e9408100a834651e3d534fbd31756410f5d0b5c5e6632b939f19f9422bb90101a93384f93cdc822beb5e7b7,gx-no-cache=1680801085863 HTTP/1.1" 200 30
190.171.141.106 - - [06/Apr/2023:14:26:50 -0300] "POST /cormun/servlet/solicitudotadjuntos?d65fea94cc39414ec76add144d7b0766,INS,2023,19958,,1,,gx-no-cache=1680801085877 HTTP/1.1" 200 4195
190.171.141.106 - - [06/Apr/2023:14:26:53 -0300] "POST /cormun/servlet/solicitudotadjuntos?gx-no-cache=1680801089776 HTTP/1.1" 200 26
190.171.141.106 - - [06/Apr/2023:14:27:02 -0300] "GET /cormun/servlet/solicitudotadjuntos?bdc5f6cd9e9408100a834651e3d534fb4a6cb0171e0ea0f9607fcd947961a730,gx-no-cache=1680801098599 HTTP/1.1" 200 30
190.171.141.106 - - [06/Apr/2023:14:27:02 -0300] "GET /cormun/servlet/solicitudotadjuntos?bdc5f6cd9e9408100a834651e3d534fb4a6cb0171e0ea0f9607fcd947961a730,gx-no-cache=1680801098611 HTTP/1.1" 200 30
190.171.141.106 - - [06/Apr/2023:14:27:02 -0300] "POST /cormun/servlet/solicitudotadjuntos?d65fea94cc39414ec76add144d7b0766,INS,2023,19958,,1, HTTP/1.1" 200 116
190.171.141.106 - - [06/Apr/2023:14:27:02 -0300] "GET /cormun/servlet/hpexe_return? HTTP/1.1" 200 1029
190.171.141.106 - - [06/Apr/2023:14:27:03 -0300] "GET /cormun/servlet/trsolicitudadjuntos?2023,19958, HTTP/1.1" 200 9388
40.77.167.173 - - [06/Apr/2023:14:27:03 -0300] "GET /cormun/servlet/trlicencias HTTP/1.1" 200 7843
190.171.141.106 - - [06/Apr/2023:14:27:03 -0300] "GET /cormun/servlet/trsolicitudadjuntos?2023,19958, HTTP/1.1" 200 9385
190.171.141.106 - - [06/Apr/2023:14:27:05 -0300] "GET /cormun/servlet/solicitudotadjuntos?INS,2023,19958,,1, HTTP/1.1" 200 6197
190.171.141.106 - - [06/Apr/2023:14:27:05 -0300] "GET /cormun/static/about:blank HTTP/1.1" 404 1011
190.171.141.106 - - [06/Apr/2023:14:27:05 -0300] "GET /cormun/servlet/solicitudotadjuntos?INS,2023,19958,,1, HTTP/1.1" 200 6191
190.171.141.106 - - [06/Apr/2023:14:27:06 -0300] "GET /cormun/servlet/solicitudotadjuntos?bdc5f6cd9e9408100a834651e3d534fbd31756410f5d0b5c5e6632b939f19f9422bb90101a93384f93cdc822beb5e7b7,gx-no-cache=1680801101860 HTTP/1.1" 200 30
190.171.141.106 - - [06/Apr/2023:14:27:06 -0300] "POST /cormun/servlet/solicitudotadjuntos?d65fea94cc39414ec76add144d7b0766,INS,2023,19958,,1,,gx-no-cache=1680801101875 HTTP/1.1" 200 4195
190.171.141.106 - - [06/Apr/2023:14:27:12 -0300] "POST /cormun/servlet/solicitudotadjuntos?gx-no-cache=1680801108545 HTTP/1.1" 200 26
190.171.141.106 - - [06/Apr/2023:14:27:33 -0300] "GET /cormun/servlet/solicitudotadjuntos?bdc5f6cd9e9408100a834651e3d534fb4a6cb0171e0ea0f9607fcd947961a730,gx-no-cache=1680801129272 HTTP/1.1" 200 30
190.171.141.106 - - [06/Apr/2023:14:27:33 -0300] "GET /cormun/servlet/solicitudotadjuntos?bdc5f6cd9e9408100a834651e3d534fb4a6cb0171e0ea0f9607fcd947961a730,gx-no-cache=1680801129292 HTTP/1.1" 200 30
190.171.141.106 - - [06/Apr/2023:14:27:33 -0300] "POST /cormun/servlet/solicitudotadjuntos?d65fea94cc39414ec76add144d7b0766,INS,2023,19958,,1, HTTP/1.1" 200 116
190.171.141.106 - - [06/Apr/2023:14:27:33 -0300] "GET /cormun/servlet/hpexe_return? HTTP/1.1" 200 1029
190.171.141.106 - - [06/Apr/2023:14:27:33 -0300] "GET /cormun/servlet/trsolicitudadjuntos?2023,19958, HTTP/1.1" 200 9612
190.171.141.106 - - [06/Apr/2023:14:27:34 -0300] "GET /cormun/servlet/trsolicitudadjuntos?2023,19958, HTTP/1.1" 200 9613
190.171.141.106 - - [06/Apr/2023:14:27:38 -0300] "GET /cormun/servlet/solicitudotadjuntos?INS,2023,19958,,1, HTTP/1.1" 200 6197
190.171.141.106 - - [06/Apr/2023:14:27:38 -0300] "GET /cormun/static/about:blank HTTP/1.1" 404 1011
190.171.141.106 - - [06/Apr/2023:14:27:38 -0300] "GET /cormun/servlet/solicitudotadjuntos?INS,2023,19958,,1, HTTP/1.1" 200 6191
190.171.141.106 - - [06/Apr/2023:14:27:38 -0300] "GET /cormun/servlet/solicitudotadjuntos?bdc5f6cd9e9408100a834651e3d534fbd31756410f5d0b5c5e6632b939f19f9422bb90101a93384f93cdc822beb5e7b7,gx-no-cache=1680801134743 HTTP/1.1" 200 30
190.171.141.106 - - [06/Apr/2023:14:27:38 -0300] "POST /cormun/servlet/solicitudotadjuntos?d65fea94cc39414ec76add144d7b0766,INS,2023,19958,,1,,gx-no-cache=1680801134756 HTTP/1.1" 200 4197
190.171.141.106 - - [06/Apr/2023:14:27:42 -0300] "POST /cormun/servlet/solicitudotadjuntos?gx-no-cache=1680801138386 HTTP/1.1" 200 26
190.171.141.106 - - [06/Apr/2023:14:27:59 -0300] "GET /cormun/servlet/solicitudotadjuntos?bdc5f6cd9e9408100a834651e3d534fb4a6cb0171e0ea0f9607fcd947961a730,gx-no-cache=1680801155640 HTTP/1.1" 200 30
190.171.141.106 - - [06/Apr/2023:14:27:59 -0300] "GET /cormun/servlet/solicitudotadjuntos?bdc5f6cd9e9408100a834651e3d534fb4a6cb0171e0ea0f9607fcd947961a730,gx-no-cache=1680801155651 HTTP/1.1" 200 30
190.171.141.106 - - [06/Apr/2023:14:27:59 -0300] "POST /cormun/servlet/solicitudotadjuntos?d65fea94cc39414ec76add144d7b0766,INS,2023,19958,,1, HTTP/1.1" 200 116
190.171.141.106 - - [06/Apr/2023:14:27:59 -0300] "GET /cormun/servlet/hpexe_return? HTTP/1.1" 200 1029
190.171.141.106 - - [06/Apr/2023:14:28:00 -0300] "GET /cormun/servlet/trsolicitudadjuntos?2023,19958, HTTP/1.1" 200 9852
190.171.141.106 - - [06/Apr/2023:14:28:00 -0300] "GET /cormun/servlet/trsolicitudadjuntos?2023,19958, HTTP/1.1" 200 9856
190.171.141.106 - - [06/Apr/2023:14:28:03 -0300] "GET /cormun/servlet/solicitudotadjuntos?INS,2023,19958,,1, HTTP/1.1" 200 6197
190.171.141.106 - - [06/Apr/2023:14:28:03 -0300] "GET /cormun/static/about:blank HTTP/1.1" 404 1011
190.171.141.106 - - [06/Apr/2023:14:28:03 -0300] "GET /cormun/servlet/solicitudotadjuntos?INS,2023,19958,,1, HTTP/1.1" 200 6191
190.171.141.106 - - [06/Apr/2023:14:28:04 -0300] "GET /cormun/servlet/solicitudotadjuntos?bdc5f6cd9e9408100a834651e3d534fbd31756410f5d0b5c5e6632b939f19f9422bb90101a93384f93cdc822beb5e7b7,gx-no-cache=1680801159876 HTTP/1.1" 200 30
190.171.141.106 - - [06/Apr/2023:14:28:04 -0300] "POST /cormun/servlet/solicitudotadjuntos?d65fea94cc39414ec76add144d7b0766,INS,2023,19958,,1,,gx-no-cache=1680801159890 HTTP/1.1" 200 4197
190.171.141.106 - - [06/Apr/2023:14:28:07 -0300] "POST /cormun/servlet/solicitudotadjuntos?gx-no-cache=1680801163376 HTTP/1.1" 200 26
190.171.141.82 - - [06/Apr/2023:14:28:13 -0300] "POST /cormun/servlet/hlogin?01c9b964c53b608ff74fad0af2e8459d,gx-no-cache=1680801169839 HTTP/1.1" 440 972
190.171.141.82 - - [06/Apr/2023:14:28:16 -0300] "GET /cormun/servlet/hlogin HTTP/1.1" 200 1733
190.171.141.106 - - [06/Apr/2023:14:28:19 -0300] "GET /cormun/servlet/solicitudotadjuntos?bdc5f6cd9e9408100a834651e3d534fb4a6cb0171e0ea0f9607fcd947961a730,gx-no-cache=1680801175111 HTTP/1.1" 200 30
190.171.141.106 - - [06/Apr/2023:14:28:19 -0300] "GET /cormun/servlet/solicitudotadjuntos?bdc5f6cd9e9408100a834651e3d534fb4a6cb0171e0ea0f9607fcd947961a730,gx-no-cache=1680801175122 HTTP/1.1" 200 30
190.171.141.106 - - [06/Apr/2023:14:28:19 -0300] "POST /cormun/servlet/solicitudotadjuntos?d65fea94cc39414ec76add144d7b0766,INS,2023,19958,,1, HTTP/1.1" 200 116
190.171.141.106 - - [06/Apr/2023:14:28:19 -0300] "GET /cormun/servlet/hpexe_return? HTTP/1.1" 200 1029
190.171.141.106 - - [06/Apr/2023:14:28:19 -0300] "GET /cormun/servlet/trsolicitudadjuntos?2023,19958, HTTP/1.1" 200 10123
190.171.141.106 - - [06/Apr/2023:14:28:20 -0300] "GET /cormun/servlet/trsolicitudadjuntos?2023,19958, HTTP/1.1" 200 10122
190.171.141.82 - - [06/Apr/2023:14:28:22 -0300] "POST /cormun/servlet/hlogin?5e84e4d363a9108b7122e9645f25849f,gx-no-cache=1680801178485 HTTP/1.1" 200 90
190.171.141.82 - - [06/Apr/2023:14:28:22 -0300] "GET /cormun/servlet/hpexe_link HTTP/1.1" 200 950
190.171.141.82 - - [06/Apr/2023:14:28:22 -0300] "GET /cormun/servlet/hhome HTTP/1.1" 200 3965
190.171.141.106 - - [06/Apr/2023:14:28:23 -0300] "GET /cormun/servlet/solicitudotadjuntos?INS,2023,19958,,1, HTTP/1.1" 200 6197
190.171.141.106 - - [06/Apr/2023:14:28:23 -0300] "GET /cormun/static/about:blank HTTP/1.1" 404 1011
190.171.141.106 - - [06/Apr/2023:14:28:23 -0300] "GET /cormun/servlet/solicitudotadjuntos?INS,2023,19958,,1, HTTP/1.1" 200 6191
190.171.141.82 - - [06/Apr/2023:14:28:23 -0300] "GET /cormun/servlet/hhome HTTP/1.1" 200 3961
190.171.141.106 - - [06/Apr/2023:14:28:23 -0300] "GET /cormun/servlet/solicitudotadjuntos?bdc5f6cd9e9408100a834651e3d534fbd31756410f5d0b5c5e6632b939f19f9422bb90101a93384f93cdc822beb5e7b7,gx-no-cache=1680801179609 HTTP/1.1" 200 30
190.171.141.106 - - [06/Apr/2023:14:28:23 -0300] "POST /cormun/servlet/solicitudotadjuntos?d65fea94cc39414ec76add144d7b0766,INS,2023,19958,,1,,gx-no-cache=1680801179622 HTTP/1.1" 200 4197
190.171.141.82 - - [06/Apr/2023:14:28:26 -0300] "GET /cormun/servlet/trpermisosgoce? HTTP/1.1" 200 11606
190.171.141.82 - - [06/Apr/2023:14:28:27 -0300] "GET /cormun/servlet/trpermisosgoce? HTTP/1.1" 200 11611
190.171.141.106 - - [06/Apr/2023:14:28:27 -0300] "POST /cormun/servlet/solicitudotadjuntos?gx-no-cache=1680801183337 HTTP/1.1" 200 26
190.171.141.106 - - [06/Apr/2023:14:28:35 -0300] "GET /cormun/servlet/solicitudotadjuntos?bdc5f6cd9e9408100a834651e3d534fb4a6cb0171e0ea0f9607fcd947961a730,gx-no-cache=1680801191032 HTTP/1.1" 200 30
190.171.141.106 - - [06/Apr/2023:14:28:35 -0300] "GET /cormun/servlet/solicitudotadjuntos?bdc5f6cd9e9408100a834651e3d534fb4a6cb0171e0ea0f9607fcd947961a730,gx-no-cache=1680801191044 HTTP/1.1" 200 30
190.171.141.106 - - [06/Apr/2023:14:28:35 -0300] "POST /cormun/servlet/solicitudotadjuntos?d65fea94cc39414ec76add144d7b0766,INS,2023,19958,,1, HTTP/1.1" 200 116
190.171.141.106 - - [06/Apr/2023:14:28:35 -0300] "GET /cormun/servlet/hpexe_return? HTTP/1.1" 200 1029
190.171.141.106 - - [06/Apr/2023:14:28:35 -0300] "GET /cormun/servlet/trsolicitudadjuntos?2023,19958, HTTP/1.1" 200 10274
190.171.141.106 - - [06/Apr/2023:14:28:36 -0300] "GET /cormun/servlet/trsolicitudadjuntos?2023,19958, HTTP/1.1" 200 10271
190.171.141.106 - - [06/Apr/2023:14:28:39 -0300] "GET /cormun/servlet/solicitudotadjuntos?INS,2023,19958,,2, HTTP/1.1" 200 6195
190.171.141.106 - - [06/Apr/2023:14:28:40 -0300] "GET /cormun/static/about:blank HTTP/1.1" 404 1011
190.171.141.106 - - [06/Apr/2023:14:28:40 -0300] "GET /cormun/servlet/solicitudotadjuntos?INS,2023,19958,,2, HTTP/1.1" 200 6189
190.171.141.106 - - [06/Apr/2023:14:28:40 -0300] "GET /cormun/servlet/solicitudotadjuntos?bdc5f6cd9e9408100a834651e3d534fbd31756410f5d0b5c5e6632b939f19f9422bb90101a93384f93cdc822beb5e7b7,gx-no-cache=1680801196425 HTTP/1.1" 200 30
190.171.141.106 - - [06/Apr/2023:14:28:40 -0300] "POST /cormun/servlet/solicitudotadjuntos?d65fea94cc39414ec76add144d7b0766,INS,2023,19958,,2,,gx-no-cache=1680801196438 HTTP/1.1" 200 4334
190.171.141.106 - - [06/Apr/2023:14:28:45 -0300] "POST /cormun/servlet/solicitudotadjuntos?gx-no-cache=1680801201685 HTTP/1.1" 200 26
190.171.153.26 - - [06/Apr/2023:14:28:48 -0300] "POST /cormun/servlet/trlicencias?1555af359e4b496ae707c464deb5f986,gx-no-cache=1680801207895 HTTP/1.1" 440 972
190.171.153.26 - - [06/Apr/2023:14:28:52 -0300] "GET /cormun/servlet/trlicencias HTTP/1.1" 200 7857
190.171.153.26 - - [06/Apr/2023:14:28:52 -0300] "GET /cormun/servlet/hlogin HTTP/1.1" 200 1734
190.171.153.26 - - [06/Apr/2023:14:28:52 -0300] "GET /cormun/servlet/trlicencias HTTP/1.1" 200 7857
190.171.153.26 - - [06/Apr/2023:14:28:52 -0300] "GET /cormun/servlet/trlicencias HTTP/1.1" 200 7857
190.171.141.106 - - [06/Apr/2023:14:28:55 -0300] "GET /cormun/servlet/solicitudotadjuntos?bdc5f6cd9e9408100a834651e3d534fb4a6cb0171e0ea0f9607fcd947961a730,gx-no-cache=1680801211272 HTTP/1.1" 200 30
190.171.141.106 - - [06/Apr/2023:14:28:55 -0300] "GET /cormun/servlet/solicitudotadjuntos?bdc5f6cd9e9408100a834651e3d534fb4a6cb0171e0ea0f9607fcd947961a730,gx-no-cache=1680801211283 HTTP/1.1" 200 30
190.171.141.106 - - [06/Apr/2023:14:28:55 -0300] "POST /cormun/servlet/solicitudotadjuntos?d65fea94cc39414ec76add144d7b0766,INS,2023,19958,,2, HTTP/1.1" 200 116
190.171.141.106 - - [06/Apr/2023:14:28:55 -0300] "GET /cormun/servlet/hpexe_return? HTTP/1.1" 200 1029
190.171.141.106 - - [06/Apr/2023:14:28:55 -0300] "GET /cormun/servlet/trsolicitudadjuntos?2023,19958, HTTP/1.1" 200 10444
190.171.141.106 - - [06/Apr/2023:14:28:56 -0300] "GET /cormun/servlet/trsolicitudadjuntos?2023,19958, HTTP/1.1" 200 10443
190.171.153.26 - - [06/Apr/2023:14:28:58 -0300] "POST /cormun/servlet/hlogin?5581a674cd48fe4b9679c5622cc45dd2,gx-no-cache=1680801218084 HTTP/1.1" 200 90
190.171.153.26 - - [06/Apr/2023:14:28:58 -0300] "GET /cormun/servlet/hpexe_link HTTP/1.1" 200 953
190.171.153.26 - - [06/Apr/2023:14:28:58 -0300] "GET /cormun/servlet/trlicencias HTTP/1.1" 200 11134
190.171.141.82 - - [06/Apr/2023:14:28:58 -0300] "GET /cormun/servlet/permisogoce?INS,0,,, HTTP/1.1" 200 6828
190.171.153.26 - - [06/Apr/2023:14:28:59 -0300] "GET /cormun/servlet/trlicencias HTTP/1.1" 200 11139
190.171.141.82 - - [06/Apr/2023:14:28:59 -0300] "GET /cormun/servlet/permisogoce?INS,0,,, HTTP/1.1" 200 6828
190.171.141.106 - - [06/Apr/2023:14:29:06 -0300] "GET /cormun/servlet/solicitudotadjuntos?INS,2023,19958,,2, HTTP/1.1" 200 6195
190.171.141.106 - - [06/Apr/2023:14:29:06 -0300] "GET /cormun/static/about:blank HTTP/1.1" 404 1011
190.171.141.106 - - [06/Apr/2023:14:29:06 -0300] "GET /cormun/servlet/solicitudotadjuntos?INS,2023,19958,,2, HTTP/1.1" 200 6189
190.171.141.106 - - [06/Apr/2023:14:29:06 -0300] "GET /cormun/servlet/solicitudotadjuntos?bdc5f6cd9e9408100a834651e3d534fbd31756410f5d0b5c5e6632b939f19f9422bb90101a93384f93cdc822beb5e7b7,gx-no-cache=1680801222741 HTTP/1.1" 200 30
190.171.141.106 - - [06/Apr/2023:14:29:06 -0300] "POST /cormun/servlet/solicitudotadjuntos?d65fea94cc39414ec76add144d7b0766,INS,2023,19958,,2,,gx-no-cache=1680801222754 HTTP/1.1" 200 4334
190.171.153.26 - - [06/Apr/2023:14:29:08 -0300] "GET /cormun/servlet/trpermisosgoce? HTTP/1.1" 200 12387
190.171.153.26 - - [06/Apr/2023:14:29:09 -0300] "GET /cormun/servlet/trpermisosgoce? HTTP/1.1" 200 12387
190.171.141.106 - - [06/Apr/2023:14:29:10 -0300] "POST /cormun/servlet/solicitudotadjuntos?gx-no-cache=1680801226641 HTTP/1.1" 200 26
190.171.141.82 - - [06/Apr/2023:14:29:10 -0300] "GET /cormun/servlet/permisogoce?5d9240cc2be0696ed979ec26c7dcbb3998ec2237afb62f74124155d2b5647d5d6f7a99b4d6511c24369036a8b157aafb092875ce01417d75e345a5a422338286,gx-no-cache=1680801226854 HTTP/1.1" 200 80
190.171.141.82 - - [06/Apr/2023:14:29:17 -0300] "GET /cormun/servlet/permisogoce?5d9240cc2be0696ed979ec26c7dcbb39ac160371ec1450449b5db449384734ff0dce846d207fd3e72cd339125ffb4a6f68c4fa55473e2034d92dea0b6649aea2,gx-no-cache=1680801233753 HTTP/1.1" 200 47
190.171.141.106 - - [06/Apr/2023:14:29:18 -0300] "GET /cormun/servlet/solicitudotadjuntos?bdc5f6cd9e9408100a834651e3d534fb4a6cb0171e0ea0f9607fcd947961a730,gx-no-cache=1680801234576 HTTP/1.1" 200 30
190.171.141.106 - - [06/Apr/2023:14:29:18 -0300] "GET /cormun/servlet/solicitudotadjuntos?bdc5f6cd9e9408100a834651e3d534fb4a6cb0171e0ea0f9607fcd947961a730,gx-no-cache=1680801234588 HTTP/1.1" 200 30
190.171.141.106 - - [06/Apr/2023:14:29:19 -0300] "POST /cormun/servlet/solicitudotadjuntos?d65fea94cc39414ec76add144d7b0766,INS,2023,19958,,2, HTTP/1.1" 200 116
190.171.141.106 - - [06/Apr/2023:14:29:19 -0300] "GET /cormun/servlet/hpexe_return? HTTP/1.1" 200 1029
190.171.141.106 - - [06/Apr/2023:14:29:19 -0300] "GET /cormun/servlet/trsolicitudadjuntos?2023,19958, HTTP/1.1" 200 10589
190.171.141.106 - - [06/Apr/2023:14:29:19 -0300] "GET /cormun/servlet/trsolicitudadjuntos?2023,19958, HTTP/1.1" 200 10588
190.171.141.82 - - [06/Apr/2023:14:29:20 -0300] "POST /cormun/servlet/permisogoce?5e84e4d363a9108b7122e9645f25849f,INS,0,,,,gx-no-cache=1680801236608 HTTP/1.1" 200 93
190.171.141.82 - - [06/Apr/2023:14:29:20 -0300] "GET /cormun/servlet/hpexe_return? HTTP/1.1" 200 1009
190.171.141.82 - - [06/Apr/2023:14:29:21 -0300] "GET /cormun/servlet/trpermisosgoce HTTP/1.1" 200 11848
190.171.141.82 - - [06/Apr/2023:14:29:21 -0300] "GET /cormun/servlet/trpermisosgoce HTTP/1.1" 200 11837
190.171.141.82 - - [06/Apr/2023:14:29:23 -0300] "GET /cormun/servlet/apermisogoceprn?10108738,P,20230406131323,PU HTTP/1.1" 200 1651
190.171.141.106 - - [06/Apr/2023:14:29:24 -0300] "GET /cormun/servlet/solicitudotadjuntos?INS,2023,19958,,1, HTTP/1.1" 200 6197
190.171.141.106 - - [06/Apr/2023:14:29:24 -0300] "GET /cormun/static/about:blank HTTP/1.1" 404 1011
190.171.141.106 - - [06/Apr/2023:14:29:24 -0300] "GET /cormun/servlet/solicitudotadjuntos?INS,2023,19958,,1, HTTP/1.1" 200 6191
190.171.141.106 - - [06/Apr/2023:14:29:25 -0300] "GET /cormun/servlet/solicitudotadjuntos?bdc5f6cd9e9408100a834651e3d534fbd31756410f5d0b5c5e6632b939f19f9422bb90101a93384f93cdc822beb5e7b7,gx-no-cache=1680801241211 HTTP/1.1" 200 30
190.171.141.106 - - [06/Apr/2023:14:29:25 -0300] "POST /cormun/servlet/solicitudotadjuntos?d65fea94cc39414ec76add144d7b0766,INS,2023,19958,,1,,gx-no-cache=1680801241231 HTTP/1.1" 200 4195
190.171.141.106 - - [06/Apr/2023:14:29:27 -0300] "POST /cormun/servlet/solicitudotadjuntos?d65fea94cc39414ec76add144d7b0766,INS,2023,19958,,1,,gx-no-cache=1680801243545 HTTP/1.1" 200 93
190.171.141.106 - - [06/Apr/2023:14:29:27 -0300] "GET /cormun/servlet/hpexe_return? HTTP/1.1" 200 1029
190.171.141.106 - - [06/Apr/2023:14:29:28 -0300] "GET /cormun/servlet/trsolicitudadjuntos?2023,19958, HTTP/1.1" 200 10590
190.171.141.106 - - [06/Apr/2023:14:29:28 -0300] "GET /cormun/servlet/trsolicitudadjuntos?2023,19958, HTTP/1.1" 200 10587
190.171.141.106 - - [06/Apr/2023:14:29:30 -0300] "GET /cormun/servlet/solicitudotadjuntos?INS,2023,19958,,2, HTTP/1.1" 200 6195
190.171.141.106 - - [06/Apr/2023:14:29:30 -0300] "GET /cormun/static/about:blank HTTP/1.1" 404 1011
190.171.141.106 - - [06/Apr/2023:14:29:30 -0300] "GET /cormun/servlet/solicitudotadjuntos?INS,2023,19958,,2, HTTP/1.1" 200 6189
190.171.141.106 - - [06/Apr/2023:14:29:31 -0300] "GET /cormun/servlet/solicitudotadjuntos?bdc5f6cd9e9408100a834651e3d534fbd31756410f5d0b5c5e6632b939f19f9422bb90101a93384f93cdc822beb5e7b7,gx-no-cache=1680801247244 HTTP/1.1" 200 30
190.171.141.106 - - [06/Apr/2023:14:29:31 -0300] "POST /cormun/servlet/solicitudotadjuntos?d65fea94cc39414ec76add144d7b0766,INS,2023,19958,,2,,gx-no-cache=1680801247306 HTTP/1.1" 200 4334
190.171.141.106 - - [06/Apr/2023:14:29:35 -0300] "POST /cormun/servlet/solicitudotadjuntos?gx-no-cache=1680801251033 HTTP/1.1" 200 26
190.171.141.82 - - [06/Apr/2023:14:29:44 -0300] "GET /cormun/servlet/permisogoce?INS,0,,, HTTP/1.1" 200 6829
190.171.141.82 - - [06/Apr/2023:14:29:44 -0300] "GET /cormun/servlet/permisogoce?INS,0,,, HTTP/1.1" 200 6828
190.171.141.106 - - [06/Apr/2023:14:29:44 -0300] "GET /cormun/servlet/solicitudotadjuntos?bdc5f6cd9e9408100a834651e3d534fb4a6cb0171e0ea0f9607fcd947961a730,gx-no-cache=1680801260568 HTTP/1.1" 200 30
190.171.141.106 - - [06/Apr/2023:14:29:44 -0300] "GET /cormun/servlet/solicitudotadjuntos?bdc5f6cd9e9408100a834651e3d534fb4a6cb0171e0ea0f9607fcd947961a730,gx-no-cache=1680801260589 HTTP/1.1" 200 30
190.171.141.106 - - [06/Apr/2023:14:29:44 -0300] "POST /cormun/servlet/solicitudotadjuntos?d65fea94cc39414ec76add144d7b0766,INS,2023,19958,,2, HTTP/1.1" 200 116
190.171.141.106 - - [06/Apr/2023:14:29:44 -0300] "GET /cormun/servlet/hpexe_return? HTTP/1.1" 200 1029
190.171.141.106 - - [06/Apr/2023:14:29:45 -0300] "GET /cormun/servlet/trsolicitudadjuntos?2023,19958, HTTP/1.1" 200 10736
190.171.141.106 - - [06/Apr/2023:14:29:46 -0300] "GET /cormun/servlet/trsolicitudadjuntos?2023,19958, HTTP/1.1" 200 10732
190.171.141.82 - - [06/Apr/2023:14:29:49 -0300] "GET /cormun/servlet/permisogoce?5d9240cc2be0696ed979ec26c7dcbb395c3b7f15775c0286aee523ae7b9a37546f7a99b4d6511c24369036a8b157aafb092875ce01417d75e345a5a422338286,gx-no-cache=1680801265348 HTTP/1.1" 200 87
190.171.141.82 - - [06/Apr/2023:14:29:59 -0300] "GET /cormun/servlet/permisogoce?5d9240cc2be0696ed979ec26c7dcbb39dca47e1a4311582d173f555dc9d1c1bfc6936fb324e5a2d3691bbd2ec1ecfdc468c4fa55473e2034d92dea0b6649aea2,gx-no-cache=1680801275327 HTTP/1.1" 200 47
190.171.141.106 - - [06/Apr/2023:14:30:07 -0300] "GET /cormun/servlet/hlogin HTTP/1.1" 200 1724
190.171.141.106 - - [06/Apr/2023:14:30:14 -0300] "POST /cormun/servlet/hlogin?a8da6d6083bd998e38417353808f6d1b,gx-no-cache=1680801290170 HTTP/1.1" 200 90
190.171.141.106 - - [06/Apr/2023:14:30:14 -0300] "GET /cormun/servlet/hpexe_link HTTP/1.1" 200 953
190.171.141.106 - - [06/Apr/2023:14:30:14 -0300] "GET /cormun/servlet/hhome HTTP/1.1" 200 4147
190.171.141.106 - - [06/Apr/2023:14:30:14 -0300] "GET /cormun/servlet/hhome HTTP/1.1" 200 4143
190.171.141.106 - - [06/Apr/2023:14:30:19 -0300] "GET /cormun/servlet/trsolicitudot? HTTP/1.1" 200 8763
190.171.141.106 - - [06/Apr/2023:14:30:19 -0300] "GET /cormun/servlet/trsolicitudot? HTTP/1.1" 200 8761
190.171.141.82 - - [06/Apr/2023:14:30:21 -0300] "POST /cormun/servlet/permisogoce?5e84e4d363a9108b7122e9645f25849f,INS,0,,,,gx-no-cache=1680801297122 HTTP/1.1" 200 93
190.171.141.82 - - [06/Apr/2023:14:30:21 -0300] "GET /cormun/servlet/hpexe_return? HTTP/1.1" 200 1009
190.171.141.82 - - [06/Apr/2023:14:30:21 -0300] "GET /cormun/servlet/trpermisosgoce HTTP/1.1" 200 12110
190.171.141.82 - - [06/Apr/2023:14:30:22 -0300] "GET /cormun/servlet/trpermisosgoce HTTP/1.1" 200 12102
190.171.141.82 - - [06/Apr/2023:14:30:24 -0300] "GET /cormun/servlet/apermisogoceprn?13346140,P,20230406131408,PU HTTP/1.1" 200 1672
190.171.141.106 - - [06/Apr/2023:14:31:40 -0300] "POST /cormun/servlet/trsolicitudot?a8da6d6083bd998e38417353808f6d1b,,gx-no-cache=1680801376299 HTTP/1.1" 200 4861
190.171.141.106 - - [06/Apr/2023:14:31:40 -0300] "GET /cormun/static/Shared/jqueryui/images/ui-bg_highlight-soft_100_c6c2c8_1x100.png HTTP/1.1" 404 1117
190.171.141.106 - - [06/Apr/2023:14:31:40 -0300] "GET /cormun/static/Shared/jqueryui/images/ui-icons_82798d_256x240.png HTTP/1.1" 404 1089
190.171.141.106 - - [06/Apr/2023:14:31:40 -0300] "GET /cormun/static/Shared/jqueryui/images/ui-icons_8d78a5_256x240.png HTTP/1.1" 404 1089
190.171.141.106 - - [06/Apr/2023:14:31:41 -0300] "GET /cormun/static/Shared/jqueryui/images/ui-bg_flat_55_fafafa_40x100.png HTTP/1.1" 404 1097
190.171.141.106 - - [06/Apr/2023:14:31:41 -0300] "POST /cormun/servlet/trsolicitudot?a8da6d6083bd998e38417353808f6d1b,,gx-no-cache=1680801376653 HTTP/1.1" 200 4624
190.171.141.106 - - [06/Apr/2023:14:31:44 -0300] "GET /cormun/servlet/trsolicitudot? HTTP/1.1" 200 7363
190.171.141.106 - - [06/Apr/2023:14:31:45 -0300] "GET /cormun/servlet/trsolicitudot? HTTP/1.1" 200 7363
190.171.141.106 - - [06/Apr/2023:14:31:50 -0300] "GET /cormun/servlet/trautorizarsolicitud? HTTP/1.1" 200 9989
190.171.141.106 - - [06/Apr/2023:14:31:50 -0300] "GET /cormun/servlet/trautorizarsolicitud? HTTP/1.1" 200 9989
190.171.141.138 - - [06/Apr/2023:14:33:42 -0300] "GET /cormun/servlet/solicitudotadjuntos?14b90435d591137c62fb59fbc25002090ff744d1794a3167b7208220dcbc3aac,gx-no-cache=1680801497451 HTTP/1.1" 200 30
190.171.141.138 - - [06/Apr/2023:14:33:42 -0300] "GET /cormun/servlet/solicitudotadjuntos?14b90435d591137c62fb59fbc25002090ff744d1794a3167b7208220dcbc3aac,gx-no-cache=1680801497479 HTTP/1.1" 200 30
190.171.141.138 - - [06/Apr/2023:14:33:42 -0300] "POST /cormun/servlet/solicitudotadjuntos?fde3d0a63688c896357f3b694bac4ef2,INS,2023,19957,,1, HTTP/1.1" 200 116
190.171.141.138 - - [06/Apr/2023:14:33:42 -0300] "GET /cormun/servlet/hpexe_return? HTTP/1.1" 200 1019
190.171.141.138 - - [06/Apr/2023:14:33:42 -0300] "GET /cormun/servlet/trsolicitudadjuntos?2023,19957, HTTP/1.1" 200 10510
190.171.141.138 - - [06/Apr/2023:14:33:42 -0300] "GET /cormun/servlet/trsolicitudadjuntos?2023,19957, HTTP/1.1" 200 10506
190.171.141.138 - - [06/Apr/2023:14:33:45 -0300] "GET /cormun/servlet/solicitudotadjuntos?INS,2023,19957,,1, HTTP/1.1" 200 6512
190.171.141.138 - - [06/Apr/2023:14:33:45 -0300] "GET /cormun/static/about:blank HTTP/1.1" 404 1011
190.171.141.138 - - [06/Apr/2023:14:33:45 -0300] "GET /cormun/servlet/solicitudotadjuntos?INS,2023,19957,,1, HTTP/1.1" 200 6505
190.171.141.138 - - [06/Apr/2023:14:33:45 -0300] "GET /cormun/servlet/solicitudotadjuntos?14b90435d591137c62fb59fbc2500209e8e25c0370f62411bedd463afb31895de9e02c6c517450f352350ff6cfe10490,gx-no-cache=1680801501440 HTTP/1.1" 200 30
190.171.141.138 - - [06/Apr/2023:14:33:46 -0300] "POST /cormun/servlet/solicitudotadjuntos?fde3d0a63688c896357f3b694bac4ef2,INS,2023,19957,,1,,gx-no-cache=1680801501452 HTTP/1.1" 200 4149
190.171.141.138 - - [06/Apr/2023:14:33:48 -0300] "POST /cormun/servlet/solicitudotadjuntos?gx-no-cache=1680801503611 HTTP/1.1" 200 26
190.171.141.138 - - [06/Apr/2023:14:33:53 -0300] "GET /cormun/servlet/solicitudotadjuntos?14b90435d591137c62fb59fbc25002090ff744d1794a3167b7208220dcbc3aac,gx-no-cache=1680801508691 HTTP/1.1" 200 30
190.171.141.138 - - [06/Apr/2023:14:33:53 -0300] "GET /cormun/servlet/solicitudotadjuntos?14b90435d591137c62fb59fbc25002090ff744d1794a3167b7208220dcbc3aac,gx-no-cache=1680801508702 HTTP/1.1" 200 30
190.171.141.138 - - [06/Apr/2023:14:33:53 -0300] "POST /cormun/servlet/solicitudotadjuntos?fde3d0a63688c896357f3b694bac4ef2,INS,2023,19957,,1, HTTP/1.1" 200 116
190.171.141.138 - - [06/Apr/2023:14:33:53 -0300] "GET /cormun/servlet/hpexe_return? HTTP/1.1" 200 1019
190.171.141.138 - - [06/Apr/2023:14:33:53 -0300] "GET /cormun/servlet/trsolicitudadjuntos?2023,19957, HTTP/1.1" 200 10722
190.171.141.138 - - [06/Apr/2023:14:33:54 -0300] "GET /cormun/servlet/trsolicitudadjuntos?2023,19957, HTTP/1.1" 200 10723
190.171.141.138 - - [06/Apr/2023:14:33:56 -0300] "GET /cormun/servlet/solicitudotadjuntos?INS,2023,19957,,2, HTTP/1.1" 200 6511
190.171.141.138 - - [06/Apr/2023:14:33:56 -0300] "GET /cormun/static/about:blank HTTP/1.1" 404 1011
190.171.141.138 - - [06/Apr/2023:14:33:56 -0300] "GET /cormun/servlet/solicitudotadjuntos?INS,2023,19957,,2, HTTP/1.1" 200 6504
190.171.141.138 - - [06/Apr/2023:14:33:56 -0300] "GET /cormun/servlet/solicitudotadjuntos?14b90435d591137c62fb59fbc2500209e8e25c0370f62411bedd463afb31895de9e02c6c517450f352350ff6cfe10490,gx-no-cache=1680801512204 HTTP/1.1" 200 30
190.171.141.138 - - [06/Apr/2023:14:33:56 -0300] "POST /cormun/servlet/solicitudotadjuntos?fde3d0a63688c896357f3b694bac4ef2,INS,2023,19957,,2,,gx-no-cache=1680801512219 HTTP/1.1" 200 4364
190.171.141.138 - - [06/Apr/2023:14:34:01 -0300] "POST /cormun/servlet/solicitudotadjuntos?gx-no-cache=1680801516467 HTTP/1.1" 200 26
190.171.141.138 - - [06/Apr/2023:14:34:14 -0300] "GET /cormun/servlet/solicitudotadjuntos?14b90435d591137c62fb59fbc25002090ff744d1794a3167b7208220dcbc3aac,gx-no-cache=1680801529691 HTTP/1.1" 200 30
190.171.141.138 - - [06/Apr/2023:14:34:14 -0300] "GET /cormun/servlet/solicitudotadjuntos?14b90435d591137c62fb59fbc25002090ff744d1794a3167b7208220dcbc3aac,gx-no-cache=1680801529702 HTTP/1.1" 200 30
190.171.141.138 - - [06/Apr/2023:14:34:14 -0300] "POST /cormun/servlet/solicitudotadjuntos?fde3d0a63688c896357f3b694bac4ef2,INS,2023,19957,,2, HTTP/1.1" 200 116
190.171.141.138 - - [06/Apr/2023:14:34:14 -0300] "GET /cormun/servlet/hpexe_return? HTTP/1.1" 200 1019
190.171.141.138 - - [06/Apr/2023:14:34:14 -0300] "GET /cormun/servlet/trsolicitudadjuntos?2023,19957, HTTP/1.1" 200 10899
190.171.141.138 - - [06/Apr/2023:14:34:15 -0300] "GET /cormun/servlet/trsolicitudadjuntos?2023,19957, HTTP/1.1" 200 10896
190.171.141.138 - - [06/Apr/2023:14:34:17 -0300] "GET /cormun/servlet/solicitudotadjuntos?INS,2023,19957,,2, HTTP/1.1" 200 6511
190.171.141.138 - - [06/Apr/2023:14:34:17 -0300] "GET /cormun/static/about:blank HTTP/1.1" 404 1011
190.171.141.138 - - [06/Apr/2023:14:34:17 -0300] "GET /cormun/servlet/solicitudotadjuntos?INS,2023,19957,,2, HTTP/1.1" 200 6504
190.171.141.138 - - [06/Apr/2023:14:34:17 -0300] "GET /cormun/servlet/solicitudotadjuntos?14b90435d591137c62fb59fbc2500209e8e25c0370f62411bedd463afb31895de9e02c6c517450f352350ff6cfe10490,gx-no-cache=1680801533152 HTTP/1.1" 200 30
190.171.141.138 - - [06/Apr/2023:14:34:17 -0300] "POST /cormun/servlet/solicitudotadjuntos?fde3d0a63688c896357f3b694bac4ef2,INS,2023,19957,,2,,gx-no-cache=1680801533164 HTTP/1.1" 200 4364
190.171.141.138 - - [06/Apr/2023:14:34:29 -0300] "POST /cormun/servlet/solicitudotadjuntos?fde3d0a63688c896357f3b694bac4ef2,INS,2023,19957,,2,,gx-no-cache=1680801544565 HTTP/1.1" 200 93
190.171.141.138 - - [06/Apr/2023:14:34:29 -0300] "GET /cormun/servlet/hpexe_return? HTTP/1.1" 200 1019
190.171.141.138 - - [06/Apr/2023:14:34:29 -0300] "GET /cormun/servlet/trsolicitudadjuntos?2023,19957, HTTP/1.1" 200 10897
190.171.141.138 - - [06/Apr/2023:14:34:30 -0300] "GET /cormun/servlet/trsolicitudadjuntos?2023,19957, HTTP/1.1" 200 10892
190.171.141.138 - - [06/Apr/2023:14:34:32 -0300] "GET /cormun/servlet/trsolicitudot? HTTP/1.1" 200 8953
190.171.141.138 - - [06/Apr/2023:14:34:32 -0300] "GET /cormun/servlet/trsolicitudot? HTTP/1.1" 200 8946
190.171.141.138 - - [06/Apr/2023:14:34:38 -0300] "POST /cormun/servlet/trsolicitudot?fde3d0a63688c896357f3b694bac4ef2,,gx-no-cache=1680801554094 HTTP/1.1" 200 4602
190.171.141.138 - - [06/Apr/2023:14:34:38 -0300] "GET /cormun/static/Shared/jqueryui/images/ui-icons_82798d_256x240.png HTTP/1.1" 404 1089
190.171.141.138 - - [06/Apr/2023:14:34:38 -0300] "GET /cormun/static/Shared/jqueryui/images/ui-bg_flat_55_fafafa_40x100.png HTTP/1.1" 404 1097
190.171.141.138 - - [06/Apr/2023:14:34:38 -0300] "GET /cormun/static/Shared/jqueryui/images/ui-icons_8d78a5_256x240.png HTTP/1.1" 404 1089
190.171.141.138 - - [06/Apr/2023:14:34:38 -0300] "GET /cormun/static/Shared/jqueryui/images/ui-bg_highlight-soft_100_c6c2c8_1x100.png HTTP/1.1" 404 1117
190.171.141.138 - - [06/Apr/2023:14:34:38 -0300] "POST /cormun/servlet/trsolicitudot?fde3d0a63688c896357f3b694bac4ef2,,gx-no-cache=1680801554245 HTTP/1.1" 200 4365
190.171.141.138 - - [06/Apr/2023:14:34:41 -0300] "GET /cormun/servlet/trautorizarsolicitud? HTTP/1.1" 200 8968
190.171.141.138 - - [06/Apr/2023:14:34:41 -0300] "GET /cormun/static/gxcfg.js?202211298474254 HTTP/1.1" 200 953
190.171.141.138 - - [06/Apr/2023:14:34:41 -0300] "GET /cormun/static/trautorizarsolicitud.js?202211298474588 HTTP/1.1" 200 53909
190.171.141.138 - - [06/Apr/2023:14:34:41 -0300] "GET /cormun/servlet/trautorizarsolicitud? HTTP/1.1" 200 8968
190.171.141.138 - - [06/Apr/2023:14:34:45 -0300] "POST /cormun/servlet/trautorizarsolicitud?fde3d0a63688c896357f3b694bac4ef2,,gx-no-cache=1680801561053 HTTP/1.1" 200 4785
190.171.141.138 - - [06/Apr/2023:14:34:45 -0300] "GET /cormun/static/Shared/jqueryui/images/ui-bg_highlight-soft_100_c6c2c8_1x100.png HTTP/1.1" 404 1117
190.171.141.138 - - [06/Apr/2023:14:34:45 -0300] "GET /cormun/static/Shared/jqueryui/images/ui-icons_82798d_256x240.png HTTP/1.1" 404 1089
190.171.141.138 - - [06/Apr/2023:14:34:45 -0300] "GET /cormun/static/Shared/jqueryui/images/ui-bg_flat_55_fafafa_40x100.png HTTP/1.1" 404 1097
190.171.141.138 - - [06/Apr/2023:14:34:45 -0300] "GET /cormun/static/Shared/jqueryui/images/ui-icons_8d78a5_256x240.png HTTP/1.1" 404 1089
190.171.141.138 - - [06/Apr/2023:14:34:45 -0300] "POST /cormun/servlet/trautorizarsolicitud?fde3d0a63688c896357f3b694bac4ef2,,gx-no-cache=1680801561182 HTTP/1.1" 200 4545
78.108.177.54 - - [06/Apr/2023:14:34:57 -0300] "GET / HTTP/1.0" 200 11197
190.171.141.82 - - [06/Apr/2023:14:38:27 -0300] "GET /cormun/servlet/permisogoce?INS,0,,, HTTP/1.1" 200 6829
190.171.141.82 - - [06/Apr/2023:14:38:28 -0300] "GET /cormun/servlet/permisogoce?INS,0,,, HTTP/1.1" 200 6828
186.67.172.234 - - [06/Apr/2023:14:43:59 -0300] "GET /cormun/servlet/trsolicitudot? HTTP/1.1" 200 10554
186.67.172.234 - - [06/Apr/2023:14:43:59 -0300] "GET /cormun/servlet/trsolicitudot? HTTP/1.1" 200 10554
162.142.125.12 - - [06/Apr/2023:14:46:04 -0300] "GET / HTTP/1.1" 200 11217
162.142.125.12 - - [06/Apr/2023:14:46:05 -0300] "GET / HTTP/1.1" 200 11217
162.142.125.12 - - [06/Apr/2023:14:46:05 -0300] "PRI * HTTP/2.0" 505 -
162.142.125.12 - - [06/Apr/2023:14:46:06 -0300] "GET /favicon.ico HTTP/1.1" 200 21630
181.212.47.137 - - [06/Apr/2023:14:50:35 -0300] "GET /cormun/servlet/hlogin HTTP/1.1" 200 1727
181.212.47.137 - - [06/Apr/2023:14:50:37 -0300] "POST /cormun/servlet/hlogin?c65b570bf710296da12b76835f509a29,gx-no-cache=1680802501912 HTTP/1.1" 200 90
181.212.47.137 - - [06/Apr/2023:14:50:37 -0300] "GET /cormun/servlet/hpexe_link HTTP/1.1" 200 954
181.212.47.137 - - [06/Apr/2023:14:50:37 -0300] "GET /cormun/servlet/hhome HTTP/1.1" 200 3800
181.212.47.137 - - [06/Apr/2023:14:50:38 -0300] "GET /cormun/servlet/hhome HTTP/1.1" 200 3797
181.212.47.137 - - [06/Apr/2023:14:50:39 -0300] "GET /cormun/servlet/trsolicitudgral? HTTP/1.1" 200 28526
181.212.47.137 - - [06/Apr/2023:14:50:40 -0300] "GET /cormun/servlet/trsolicitudgral? HTTP/1.1" 200 28524
181.212.47.137 - - [06/Apr/2023:14:50:51 -0300] "POST /cormun/servlet/trsolicitudgral?c65b570bf710296da12b76835f509a29,,gx-no-cache=1680802515273 HTTP/1.1" 200 6665
181.212.47.137 - - [06/Apr/2023:14:51:02 -0300] "GET /cormun/servlet/vesolicitudgral?2023,19934,, HTTP/1.1" 200 8406
181.212.47.137 - - [06/Apr/2023:14:51:02 -0300] "GET /cormun/pexe_scrolldiv.js HTTP/1.1" 404 1009
181.212.47.137 - - [06/Apr/2023:14:51:02 -0300] "GET /cormun/servlet/vesolicitudgral?2023,19934,, HTTP/1.1" 200 8405
181.212.47.137 - - [06/Apr/2023:14:51:05 -0300] "GET /cormun/servlet/vesolicitudgral?2023,19934,,SolicitudOTAdjuntos HTTP/1.1" 200 11041
181.212.47.137 - - [06/Apr/2023:14:51:05 -0300] "GET /cormun/pexe_scrolldiv.js HTTP/1.1" 404 1009
181.212.47.137 - - [06/Apr/2023:14:51:05 -0300] "GET /cormun/static/tbsolicitudgral02.js?202211298373061 HTTP/1.1" 200 13312
181.212.47.137 - - [06/Apr/2023:14:51:05 -0300] "GET /cormun/static/gxui/gxui-all.css HTTP/1.1" 200 2179
181.212.47.137 - - [06/Apr/2023:14:51:05 -0300] "GET /cormun/static/Resources/PXToolsTabUnselectedSelected.png HTTP/1.1" 200 1458
181.212.47.137 - - [06/Apr/2023:14:51:05 -0300] "GET /cormun/static/Resources/PXToolsTabFirstUnselected.png HTTP/1.1" 200 1278
181.212.47.137 - - [06/Apr/2023:14:51:06 -0300] "GET /cormun/servlet/vesolicitudgral?2023,19934,,SolicitudOTAdjuntos HTTP/1.1" 200 11040
