190.171.143.98 - - [06/Apr/2023:11:56:07 -0300] "GET /cormun/servlet/trpermisosgoce HTTP/1.1" 200 9488
190.171.143.98 - - [06/Apr/2023:11:56:11 -0300] "GET /cormun/servlet/trpermisosadjuntos?17613380,20230406103916,P, HTTP/1.1" 200 6618
190.171.143.98 - - [06/Apr/2023:11:56:12 -0300] "GET /cormun/servlet/trpermisosadjuntos?17613380,20230406103916,P, HTTP/1.1" 200 6619
190.171.143.98 - - [06/Apr/2023:11:56:13 -0300] "GET /cormun/servlet/permisosadjuntos?INS,17613380,P,20230406103916,, HTTP/1.1" 200 5947
200.54.103.162 - - [06/Apr/2023:11:56:13 -0300] "GET /cormun/servlet/trsolicitudot? HTTP/1.1" 200 13960
190.171.143.98 - - [06/Apr/2023:11:56:13 -0300] "GET /cormun/static/about:blank HTTP/1.1" 404 1011
190.171.143.98 - - [06/Apr/2023:11:56:13 -0300] "GET /cormun/servlet/permisosadjuntos?INS,17613380,P,20230406103916,, HTTP/1.1" 200 5937
200.54.103.162 - - [06/Apr/2023:11:56:14 -0300] "GET /cormun/servlet/trsolicitudot? HTTP/1.1" 200 13960
190.171.143.98 - - [06/Apr/2023:11:56:20 -0300] "POST /cormun/servlet/permisosadjuntos?f41f84b0edd0b129b8199a32397b8e54,INS,17613380,P,20230406103916,, HTTP/1.1" 200 116
190.171.143.98 - - [06/Apr/2023:11:56:20 -0300] "GET /cormun/servlet/hpexe_return? HTTP/1.1" 200 1036
190.171.143.98 - - [06/Apr/2023:11:56:20 -0300] "GET /cormun/servlet/trpermisosadjuntos?17613380,20230406103916,P, HTTP/1.1" 200 7109
190.171.143.98 - - [06/Apr/2023:11:56:20 -0300] "GET /cormun/servlet/trpermisosadjuntos?17613380,20230406103916,P, HTTP/1.1" 200 7106
190.171.143.98 - - [06/Apr/2023:11:56:22 -0300] "POST /cormun/servlet/trpermisosadjuntos?f41f84b0edd0b129b8199a32397b8e54,17613380,20230406103916,P,,gx-no-cache=1680792370011 HTTP/1.1" 200 90
190.171.143.98 - - [06/Apr/2023:11:56:22 -0300] "GET /cormun/servlet/hpexe_link HTTP/1.1" 200 981
190.171.143.98 - - [06/Apr/2023:11:56:22 -0300] "GET /cormun/servlet/trpermisosgoce HTTP/1.1" 200 9489
190.171.143.98 - - [06/Apr/2023:11:56:22 -0300] "GET /cormun/servlet/trpermisosgoce HTTP/1.1" 200 9488
200.54.103.162 - - [06/Apr/2023:11:56:24 -0300] "GET /cormun/servlet/trsolicitudot? HTTP/1.1" 200 13960
200.54.103.162 - - [06/Apr/2023:11:56:25 -0300] "GET /cormun/servlet/trsolicitudot? HTTP/1.1" 200 13960
190.171.143.98 - - [06/Apr/2023:11:56:26 -0300] "POST /cormun/servlet/trpermisosgoce?f41f84b0edd0b129b8199a32397b8e54,gx-no-cache=1680792374357 HTTP/1.1" 200 6693
190.171.143.98 - - [06/Apr/2023:11:56:26 -0300] "GET /cormun/static/Shared/jqueryui/images/ui-bg_highlight-soft_100_c6c2c8_1x100.png HTTP/1.1" 404 1117
190.171.143.98 - - [06/Apr/2023:11:56:26 -0300] "GET /cormun/static/Shared/jqueryui/images/ui-icons_82798d_256x240.png HTTP/1.1" 404 1089
190.171.143.98 - - [06/Apr/2023:11:56:27 -0300] "GET /cormun/static/Shared/jqueryui/images/ui-icons_8d78a5_256x240.png HTTP/1.1" 404 1089
190.171.143.98 - - [06/Apr/2023:11:56:27 -0300] "GET /cormun/static/Shared/jqueryui/images/ui-bg_flat_55_fafafa_40x100.png HTTP/1.1" 404 1097
190.171.143.98 - - [06/Apr/2023:11:56:28 -0300] "GET /cormun/servlet/apermisogoceprn?17613380,P,20230406103916,PU HTTP/1.1" 200 1650
186.67.172.234 - - [06/Apr/2023:11:56:33 -0300] "GET /cormun/servlet/permisogoce?INS,0,,, HTTP/1.1" 200 7024
186.67.172.234 - - [06/Apr/2023:11:56:34 -0300] "GET /cormun/servlet/permisogoce?INS,0,,, HTTP/1.1" 200 7024
186.67.172.234 - - [06/Apr/2023:11:56:47 -0300] "POST /cormun/servlet/permisogoce?1fa6c014bf914159ad51723562610d0d,INS,0,,,,gx-no-cache=1680792085048 HTTP/1.1" 200 4834
186.67.172.234 - - [06/Apr/2023:11:56:47 -0300] "GET /cormun/static/Shared/jqueryui/images/ui-bg_highlight-soft_100_c6c2c8_1x100.png HTTP/1.1" 404 1117
186.67.172.234 - - [06/Apr/2023:11:56:47 -0300] "GET /cormun/static/Shared/jqueryui/images/ui-icons_82798d_256x240.png HTTP/1.1" 404 1089
186.67.172.234 - - [06/Apr/2023:11:56:47 -0300] "GET /cormun/static/Shared/jqueryui/images/ui-icons_ebccce_256x240.png HTTP/1.1" 404 1089
186.67.172.234 - - [06/Apr/2023:11:56:47 -0300] "GET /cormun/static/Shared/jqueryui/images/ui-bg_flat_55_994d53_40x100.png HTTP/1.1" 404 1097
186.67.172.234 - - [06/Apr/2023:11:57:04 -0300] "POST /cormun/servlet/permisogoce?1fa6c014bf914159ad51723562610d0d,INS,0,,,,gx-no-cache=1680792101583 HTTP/1.1" 200 4790
190.171.143.98 - - [06/Apr/2023:11:57:07 -0300] "GET /cormun/servlet/trautorizarpermisogoce? HTTP/1.1" 200 7982
186.67.172.234 - - [06/Apr/2023:11:57:07 -0300] "GET /cormun/servlet/permisogoce?78447341ddcd4ac2edcbd45c8a9b7a04cdc908eadf1d7b4c4b71554445a1a4078d28ed3868124e20b2f2a8b0360d362ccdcb0ddeb9180ef4d25f786f6f3183de8fcfebea84d88cc535841c62e746734df269ceae9ca1687f08ebb2b7d0269baaff79a82e7b41485dec95e6d741c88a478fcfebea84d88cc535841c62e746734df269ceae9ca1687f08ebb2b7d0269baa3704bf5d4f43025c5b8ea81572fe9691765cbfff1cfa40f8ce60f1abcb083a44ceb8e89893c2949b2dca62daaac853ae2af2f7e42f4561d96a8ce0d75fcf0d5a88c5459c627ae18b9d55d1644be918bf,gx-no-cache=1680792104992 HTTP/1.1" 200 82
186.67.172.234 - - [06/Apr/2023:11:57:07 -0300] "GET /cormun/static/menuarrow.gif HTTP/1.1" 404 1015
190.171.143.98 - - [06/Apr/2023:11:57:07 -0300] "GET /cormun/servlet/trautorizarpermisogoce? HTTP/1.1" 200 7982
190.171.143.98 - - [06/Apr/2023:11:57:11 -0300] "POST /cormun/servlet/trautorizarpermisogoce?f41f84b0edd0b129b8199a32397b8e54,,gx-no-cache=1680792418635 HTTP/1.1" 200 4518
190.171.143.98 - - [06/Apr/2023:11:57:11 -0300] "GET /cormun/static/Shared/jqueryui/images/ui-bg_highlight-soft_100_c6c2c8_1x100.png HTTP/1.1" 404 1117
190.171.143.98 - - [06/Apr/2023:11:57:11 -0300] "GET /cormun/static/Shared/jqueryui/images/ui-icons_82798d_256x240.png HTTP/1.1" 404 1089
190.171.143.98 - - [06/Apr/2023:11:57:11 -0300] "GET /cormun/static/Shared/jqueryui/images/ui-icons_8d78a5_256x240.png HTTP/1.1" 404 1089
190.171.143.98 - - [06/Apr/2023:11:57:11 -0300] "GET /cormun/static/Shared/jqueryui/images/ui-bg_flat_55_fafafa_40x100.png HTTP/1.1" 404 1097
186.67.172.234 - - [06/Apr/2023:11:57:36 -0300] "GET /cormun/servlet/permisogoce?78447341ddcd4ac2edcbd45c8a9b7a04d6c696c9128e3e0e6ba32da8168246104ec5dc0d995e5ba8288af7d75b965bdcff8bf670819775812933a8fbc5073798,gx-no-cache=1680792134136 HTTP/1.1" 200 45
186.67.172.234 - - [06/Apr/2023:11:57:43 -0300] "POST /cormun/servlet/permisogoce?1fa6c014bf914159ad51723562610d0d,INS,0,,,,gx-no-cache=1680792140680 HTTP/1.1" 200 93
186.67.172.234 - - [06/Apr/2023:11:57:43 -0300] "GET /cormun/servlet/hpexe_return? HTTP/1.1" 200 1012
186.67.172.234 - - [06/Apr/2023:11:57:45 -0300] "GET /cormun/static/hpexe_return.js?20221129846037 HTTP/1.1" 200 1633
186.67.172.234 - - [06/Apr/2023:11:57:45 -0300] "GET /cormun/static/gxcfg.js?20221129846035 HTTP/1.1" 200 953
186.67.172.234 - - [06/Apr/2023:11:57:45 -0300] "GET /cormun/servlet/trpermisosgoce HTTP/1.1" 200 11905
186.67.172.234 - - [06/Apr/2023:11:57:45 -0300] "GET /cormun/servlet/trpermisosgoce HTTP/1.1" 200 11901
186.67.172.234 - - [06/Apr/2023:11:58:25 -0300] "GET /cormun/servlet/trpermisosadjuntos?12515818,20230406104058,P, HTTP/1.1" 200 6484
186.67.172.234 - - [06/Apr/2023:11:58:27 -0300] "GET /cormun/servlet/trpermisosadjuntos?12515818,20230406104058,P, HTTP/1.1" 200 6485
186.67.172.234 - - [06/Apr/2023:11:58:29 -0300] "GET /cormun/servlet/permisosadjuntos?INS,12515818,P,20230406104058,, HTTP/1.1" 200 5813
186.67.172.234 - - [06/Apr/2023:11:58:30 -0300] "GET /cormun/servlet/permisosadjuntos?INS,12515818,P,20230406104058,, HTTP/1.1" 200 5803
186.67.172.234 - - [06/Apr/2023:11:58:31 -0300] "GET /cormun/static/about:blank HTTP/1.1" 404 1011
192.168.10.17 - - [06/Apr/2023:11:58:32 -0300] "POST /cormun/servlet/trsolicitudgral?b4d9584caf3fef0e34803ea035151ae5,,gx-no-cache=1680792176215 HTTP/1.1" 200 8082
192.168.10.17 - - [06/Apr/2023:11:58:34 -0300] "GET /cormun/servlet/vesolicitudgral?2023,19737,, HTTP/1.1" 200 8393
192.168.10.17 - - [06/Apr/2023:11:58:34 -0300] "GET /cormun/pexe_scrolldiv.js HTTP/1.1" 404 1009
192.168.10.17 - - [06/Apr/2023:11:58:34 -0300] "GET /cormun/servlet/vesolicitudgral?2023,19737,, HTTP/1.1" 200 8392
186.67.172.234 - - [06/Apr/2023:11:58:45 -0300] "POST /cormun/servlet/permisosadjuntos?1fa6c014bf914159ad51723562610d0d,INS,12515818,P,20230406104058,, HTTP/1.1" 200 116
186.67.172.234 - - [06/Apr/2023:11:58:45 -0300] "GET /cormun/servlet/hpexe_return? HTTP/1.1" 200 1039
186.67.172.234 - - [06/Apr/2023:11:58:45 -0300] "GET /cormun/servlet/trpermisosadjuntos?12515818,20230406104058,P, HTTP/1.1" 200 6993
186.67.172.234 - - [06/Apr/2023:11:58:45 -0300] "GET /cormun/servlet/trpermisosadjuntos?12515818,20230406104058,P, HTTP/1.1" 200 6990
186.67.172.234 - - [06/Apr/2023:11:58:48 -0300] "POST /cormun/servlet/trpermisosadjuntos?1fa6c014bf914159ad51723562610d0d,12515818,20230406104058,P,,gx-no-cache=1680792205703 HTTP/1.1" 200 90
186.67.172.234 - - [06/Apr/2023:11:58:48 -0300] "GET /cormun/servlet/hpexe_link HTTP/1.1" 200 984
186.67.172.234 - - [06/Apr/2023:11:58:48 -0300] "GET /cormun/servlet/trpermisosgoce HTTP/1.1" 200 11902
186.67.172.234 - - [06/Apr/2023:11:58:48 -0300] "GET /cormun/servlet/trpermisosgoce HTTP/1.1" 200 11901
186.67.172.234 - - [06/Apr/2023:11:58:55 -0300] "POST /cormun/servlet/trpermisosgoce?1fa6c014bf914159ad51723562610d0d,gx-no-cache=1680792212697 HTTP/1.1" 200 9271
186.67.172.234 - - [06/Apr/2023:11:58:55 -0300] "GET /cormun/static/Shared/jqueryui/images/ui-bg_highlight-soft_100_c6c2c8_1x100.png HTTP/1.1" 404 1117
186.67.172.234 - - [06/Apr/2023:11:58:55 -0300] "GET /cormun/static/Shared/jqueryui/images/ui-icons_82798d_256x240.png HTTP/1.1" 404 1089
186.67.172.234 - - [06/Apr/2023:11:58:55 -0300] "GET /cormun/static/Shared/jqueryui/images/ui-bg_flat_55_fafafa_40x100.png HTTP/1.1" 404 1097
186.67.172.234 - - [06/Apr/2023:11:58:55 -0300] "GET /cormun/static/Shared/jqueryui/images/ui-icons_8d78a5_256x240.png HTTP/1.1" 404 1089
192.168.10.17 - - [06/Apr/2023:11:59:17 -0300] "GET /cormun/servlet/vesolicitudgral?2023,19737,,SolicitudOTAdjuntos HTTP/1.1" 200 10978
192.168.10.17 - - [06/Apr/2023:11:59:17 -0300] "GET /cormun/pexe_scrolldiv.js HTTP/1.1" 404 1009
192.168.10.17 - - [06/Apr/2023:11:59:17 -0300] "GET /cormun/servlet/vesolicitudgral?2023,19737,,SolicitudOTAdjuntos HTTP/1.1" 200 10982
192.168.10.17 - - [06/Apr/2023:11:59:18 -0300] "POST /cormun/servlet/acontrolpreferencessavestate?None,RRHH+DANIELA,true HTTP/1.1" 200 35
192.168.10.17 - - [06/Apr/2023:11:59:18 -0300] "GET /cormun/PublicTempStorage/c._identidad7038853.pdf HTTP/1.1" 200 1421957
186.67.172.234 - - [06/Apr/2023:11:59:26 -0300] "GET /cormun/servlet/permisogoce?INS,0,,, HTTP/1.1" 200 7025
186.67.172.234 - - [06/Apr/2023:11:59:26 -0300] "GET /cormun/servlet/permisogoce?INS,0,,, HTTP/1.1" 200 7025
186.67.172.234 - - [06/Apr/2023:11:59:37 -0300] "GET /cormun/servlet/permisogoce?78447341ddcd4ac2edcbd45c8a9b7a042fdfecb67574bcf2a3eabd837cbc14b6bdddc475de98bb490e740b1f870218e9176d368c6bf978164b0934a41ebd5084,gx-no-cache=1680792255240 HTTP/1.1" 200 81
186.67.172.234 - - [06/Apr/2023:11:59:37 -0300] "GET /cormun/static/menuarrow.gif HTTP/1.1" 404 1015
186.67.172.234 - - [06/Apr/2023:11:59:49 -0300] "GET /cormun/servlet/permisogoce?78447341ddcd4ac2edcbd45c8a9b7a04711a4182a66f08f5d7cfaacf012a6c801d12db835e440694123db697a2a17409fee5fb5bd4f17898aec998cc00171ec2,gx-no-cache=1680792266479 HTTP/1.1" 200 47
186.67.172.234 - - [06/Apr/2023:11:59:49 -0300] "POST /cormun/servlet/permisogoce?1fa6c014bf914159ad51723562610d0d,INS,0,,,,gx-no-cache=1680792266496 HTTP/1.1" 200 93
186.67.172.234 - - [06/Apr/2023:11:59:49 -0300] "GET /cormun/servlet/hpexe_return? HTTP/1.1" 200 1033
186.67.172.234 - - [06/Apr/2023:11:59:49 -0300] "GET /cormun/servlet/trpermisosgoce?gx-no-cache=1680792212697 HTTP/1.1" 200 12124
186.67.172.234 - - [06/Apr/2023:11:59:50 -0300] "GET /cormun/servlet/trpermisosgoce?gx-no-cache=1680792212697 HTTP/1.1" 200 12139
186.67.172.234 - - [06/Apr/2023:11:59:54 -0300] "GET /cormun/servlet/trpermisosadjuntos?16674778,20230406104350,P, HTTP/1.1" 200 6505
186.67.172.234 - - [06/Apr/2023:11:59:54 -0300] "GET /cormun/servlet/trpermisosadjuntos?16674778,20230406104350,P, HTTP/1.1" 200 6485
186.67.172.234 - - [06/Apr/2023:11:59:55 -0300] "GET /cormun/servlet/permisosadjuntos?INS,16674778,P,20230406104350,, HTTP/1.1" 200 5812
186.67.172.234 - - [06/Apr/2023:11:59:55 -0300] "GET /cormun/static/about:blank HTTP/1.1" 404 1011
186.67.172.234 - - [06/Apr/2023:11:59:55 -0300] "GET /cormun/servlet/permisosadjuntos?INS,16674778,P,20230406104350,, HTTP/1.1" 200 5802
186.67.172.234 - - [06/Apr/2023:12:00:03 -0300] "POST /cormun/servlet/permisosadjuntos?1fa6c014bf914159ad51723562610d0d,INS,16674778,P,20230406104350,, HTTP/1.1" 200 116
186.67.172.234 - - [06/Apr/2023:12:00:03 -0300] "GET /cormun/servlet/hpexe_return? HTTP/1.1" 200 1042
186.67.172.234 - - [06/Apr/2023:12:00:03 -0300] "GET /cormun/servlet/trpermisosadjuntos?16674778,20230406104350,P, HTTP/1.1" 200 6983
186.67.172.234 - - [06/Apr/2023:12:00:03 -0300] "GET /cormun/servlet/trpermisosadjuntos?16674778,20230406104350,P, HTTP/1.1" 200 6980
192.168.10.17 - - [06/Apr/2023:12:00:05 -0300] "GET /cormun/servlet/vesolicitudgral?2023,19737,,SolicitudOTAdjuntos HTTP/1.1" 200 10977
186.67.172.234 - - [06/Apr/2023:12:00:06 -0300] "POST /cormun/servlet/trpermisosadjuntos?1fa6c014bf914159ad51723562610d0d,16674778,20230406104350,P,,gx-no-cache=1680792283368 HTTP/1.1" 200 90
186.67.172.234 - - [06/Apr/2023:12:00:06 -0300] "GET /cormun/servlet/hpexe_link HTTP/1.1" 200 1007
192.168.10.17 - - [06/Apr/2023:12:00:06 -0300] "GET /cormun/servlet/vesolicitudgral?2023,19737,,SolicitudOTAdjuntos HTTP/1.1" 200 10976
186.67.172.234 - - [06/Apr/2023:12:00:06 -0300] "GET /cormun/servlet/trpermisosgoce?gx-no-cache=1680792212697 HTTP/1.1" 200 12121
192.168.10.17 - - [06/Apr/2023:12:00:06 -0300] "POST /cormun/servlet/acontrolpreferencessavestate?None,RRHH+DANIELA,true HTTP/1.1" 200 35
186.67.172.234 - - [06/Apr/2023:12:00:06 -0300] "GET /cormun/servlet/trpermisosgoce?gx-no-cache=1680792212697 HTTP/1.1" 200 12139
192.168.10.17 - - [06/Apr/2023:12:00:07 -0300] "GET /cormun/PublicTempStorage/afp9671408.pdf HTTP/1.1" 200 175596
186.67.172.234 - - [06/Apr/2023:12:00:22 -0300] "POST /cormun/servlet/trpermisosgoce?1fa6c014bf914159ad51723562610d0d,gx-no-cache=1680792212697,gx-no-cache=1680792299873 HTTP/1.1" 200 9507
186.67.172.234 - - [06/Apr/2023:12:00:22 -0300] "GET /cormun/static/Shared/jqueryui/images/ui-bg_highlight-soft_100_c6c2c8_1x100.png HTTP/1.1" 404 1117
186.67.172.234 - - [06/Apr/2023:12:00:22 -0300] "GET /cormun/static/Shared/jqueryui/images/ui-icons_82798d_256x240.png HTTP/1.1" 404 1089
186.67.172.234 - - [06/Apr/2023:12:00:22 -0300] "GET /cormun/static/Shared/jqueryui/images/ui-bg_flat_55_fafafa_40x100.png HTTP/1.1" 404 1097
186.67.172.234 - - [06/Apr/2023:12:00:22 -0300] "GET /cormun/static/Shared/jqueryui/images/ui-icons_8d78a5_256x240.png HTTP/1.1" 404 1089
192.168.10.17 - - [06/Apr/2023:12:00:34 -0300] "GET /cormun/servlet/vesolicitudgral?2023,19737,,SolicitudOTAdjuntos HTTP/1.1" 200 10977
192.168.10.17 - - [06/Apr/2023:12:00:35 -0300] "GET /cormun/servlet/vesolicitudgral?2023,19737,,SolicitudOTAdjuntos HTTP/1.1" 200 10980
192.168.10.17 - - [06/Apr/2023:12:00:35 -0300] "POST /cormun/servlet/acontrolpreferencessavestate?None,RRHH+DANIELA,true HTTP/1.1" 200 35
192.168.10.17 - - [06/Apr/2023:12:00:38 -0300] "GET /cormun/PublicTempStorage/fonasa6669169.pdf HTTP/1.1" 200 255131
186.67.172.234 - - [06/Apr/2023:12:00:40 -0300] "GET /cormun/servlet/permisogoce?INS,0,,, HTTP/1.1" 200 7046
186.67.172.234 - - [06/Apr/2023:12:00:41 -0300] "GET /cormun/servlet/permisogoce?INS,0,,, HTTP/1.1" 200 7025
192.168.10.17 - - [06/Apr/2023:12:00:53 -0300] "GET /cormun/servlet/vesolicitudgral?2023,19737,,SolicitudOTAdjuntos HTTP/1.1" 200 10976
192.168.10.17 - - [06/Apr/2023:12:00:54 -0300] "GET /cormun/servlet/vesolicitudgral?2023,19737,,SolicitudOTAdjuntos HTTP/1.1" 200 10981
192.168.10.17 - - [06/Apr/2023:12:00:54 -0300] "POST /cormun/servlet/acontrolpreferencessavestate?None,RRHH+DANIELA,true HTTP/1.1" 200 35
186.67.172.234 - - [06/Apr/2023:12:00:54 -0300] "GET /cormun/servlet/permisogoce?78447341ddcd4ac2edcbd45c8a9b7a04defeb11c1e71d8794b1e8e59ef385f03bdddc475de98bb490e740b1f870218e9176d368c6bf978164b0934a41ebd5084,gx-no-cache=1680792331960 HTTP/1.1" 200 80
186.67.172.234 - - [06/Apr/2023:12:00:54 -0300] "GET /cormun/static/menuarrow.gif HTTP/1.1" 404 1015
192.168.10.17 - - [06/Apr/2023:12:00:57 -0300] "GET /cormun/servlet/vesolicitudgral?2023,19737,,General HTTP/1.1" 200 8397
192.168.10.17 - - [06/Apr/2023:12:00:57 -0300] "GET /cormun/pexe_scrolldiv.js HTTP/1.1" 404 1009
192.168.10.17 - - [06/Apr/2023:12:00:57 -0300] "GET /cormun/servlet/vesolicitudgral?2023,19737,,General HTTP/1.1" 200 8397
186.67.172.234 - - [06/Apr/2023:12:01:15 -0300] "GET /cormun/servlet/permisogoce?78447341ddcd4ac2edcbd45c8a9b7a04dee540df296f6660e3c80d531f99d05e85fdf5f0a827b341f7eb5baaa28cc1b9fee5fb5bd4f17898aec998cc00171ec2,gx-no-cache=1680792353095 HTTP/1.1" 200 46
186.67.172.234 - - [06/Apr/2023:12:01:31 -0300] "POST /cormun/servlet/permisogoce?1fa6c014bf914159ad51723562610d0d,INS,0,,,,gx-no-cache=1680792368503 HTTP/1.1" 200 93
186.67.172.234 - - [06/Apr/2023:12:01:31 -0300] "GET /cormun/servlet/hpexe_return? HTTP/1.1" 200 1033
186.67.172.234 - - [06/Apr/2023:12:01:31 -0300] "GET /cormun/servlet/trpermisosgoce?gx-no-cache=1680792212697 HTTP/1.1" 200 12390
186.67.172.234 - - [06/Apr/2023:12:01:32 -0300] "GET /cormun/servlet/trpermisosgoce?gx-no-cache=1680792212697 HTTP/1.1" 200 12405
186.67.172.234 - - [06/Apr/2023:12:01:35 -0300] "GET /cormun/servlet/trpermisosadjuntos?11276255,20230406104505,P, HTTP/1.1" 200 6504
186.67.172.234 - - [06/Apr/2023:12:01:35 -0300] "GET /cormun/servlet/trpermisosadjuntos?11276255,20230406104505,P, HTTP/1.1" 200 6484
186.67.172.234 - - [06/Apr/2023:12:01:39 -0300] "GET /cormun/servlet/permisosadjuntos?INS,11276255,P,20230406104505,, HTTP/1.1" 200 5811
186.67.172.234 - - [06/Apr/2023:12:01:39 -0300] "GET /cormun/static/about:blank HTTP/1.1" 404 1011
186.67.172.234 - - [06/Apr/2023:12:01:39 -0300] "GET /cormun/servlet/permisosadjuntos?INS,11276255,P,20230406104505,, HTTP/1.1" 200 5801
200.54.103.162 - - [06/Apr/2023:12:02:03 -0300] "GET /cormun/servlet/trsolicitudot? HTTP/1.1" 200 13960
200.54.103.162 - - [06/Apr/2023:12:02:03 -0300] "GET /cormun/servlet/trsolicitudot? HTTP/1.1" 200 13960
200.54.103.162 - - [06/Apr/2023:12:02:08 -0300] "POST /cormun/servlet/trsolicitudot?2ffdf5a5f7ed600416eeda5eefd7df85,,gx-no-cache=1680792495112 HTTP/1.1" 200 103
200.54.103.162 - - [06/Apr/2023:12:02:08 -0300] "GET /cormun/SolicitudOT-2905.xls HTTP/1.1" 200 10752
190.171.141.98 - - [06/Apr/2023:12:02:11 -0300] "GET /cormun/servlet/trsolicitudadjuntos?2021,17422, HTTP/1.1" 200 9301
190.171.141.98 - - [06/Apr/2023:12:02:11 -0300] "GET /cormun/servlet/hlogin HTTP/1.1" 200 1750
190.171.141.98 - - [06/Apr/2023:12:02:11 -0300] "GET /favicon.ico HTTP/1.1" 200 21630
190.171.141.98 - - [06/Apr/2023:12:02:12 -0300] "GET /cormun/servlet/trsolicitudadjuntos?2021,17422, HTTP/1.1" 200 9319
190.171.141.98 - - [06/Apr/2023:12:02:13 -0300] "GET /cormun/servlet/trsolicitudadjuntos?2021,17422, HTTP/1.1" 200 9317
190.171.141.98 - - [06/Apr/2023:12:02:15 -0300] "POST /cormun/servlet/hlogin?99c7c02cf30377d236f204880dc055e7,gx-no-cache=1680792391152 HTTP/1.1" 200 90
190.171.141.98 - - [06/Apr/2023:12:02:15 -0300] "GET /cormun/servlet/hpexe_link HTTP/1.1" 200 969
190.171.141.98 - - [06/Apr/2023:12:02:16 -0300] "GET /cormun/servlet/trsolicitudadjuntos?2021,17422, HTTP/1.1" 200 9898
190.171.141.98 - - [06/Apr/2023:12:02:17 -0300] "GET /cormun/servlet/trsolicitudadjuntos?2021,17422, HTTP/1.1" 200 9900
190.171.141.98 - - [06/Apr/2023:12:02:19 -0300] "GET /cormun/servlet/trlicencias? HTTP/1.1" 200 11392
190.171.141.98 - - [06/Apr/2023:12:02:20 -0300] "GET /cormun/servlet/trlicencias? HTTP/1.1" 200 11373
200.54.103.162 - - [06/Apr/2023:12:02:22 -0300] "POST /cormun/servlet/trsolicitudot?2ffdf5a5f7ed600416eeda5eefd7df85,,gx-no-cache=1680792509290 HTTP/1.1" 200 11081
186.67.172.234 - - [06/Apr/2023:12:02:34 -0300] "POST /cormun/servlet/permisosadjuntos?1fa6c014bf914159ad51723562610d0d,INS,11276255,P,20230406104505,, HTTP/1.1" 200 116
186.67.172.234 - - [06/Apr/2023:12:02:34 -0300] "GET /cormun/servlet/hpexe_return? HTTP/1.1" 200 1040
186.67.172.234 - - [06/Apr/2023:12:02:35 -0300] "GET /cormun/servlet/trpermisosadjuntos?11276255,20230406104505,P, HTTP/1.1" 200 6981
186.67.172.234 - - [06/Apr/2023:12:02:35 -0300] "GET /cormun/servlet/trpermisosadjuntos?11276255,20230406104505,P, HTTP/1.1" 200 6977
186.67.172.234 - - [06/Apr/2023:12:02:37 -0300] "POST /cormun/servlet/trpermisosadjuntos?1fa6c014bf914159ad51723562610d0d,11276255,20230406104505,P,,gx-no-cache=1680792435247 HTTP/1.1" 200 90
186.67.172.234 - - [06/Apr/2023:12:02:37 -0300] "GET /cormun/servlet/hpexe_link HTTP/1.1" 200 1007
186.67.172.234 - - [06/Apr/2023:12:02:39 -0300] "GET /cormun/servlet/trpermisosgoce?gx-no-cache=1680792212697 HTTP/1.1" 200 12386
186.67.172.234 - - [06/Apr/2023:12:02:39 -0300] "GET /cormun/servlet/trpermisosgoce?gx-no-cache=1680792212697 HTTP/1.1" 200 12405
200.54.103.162 - - [06/Apr/2023:12:03:06 -0300] "GET /cormun/servlet/trsolicitudot? HTTP/1.1" 200 13960
200.54.103.162 - - [06/Apr/2023:12:03:06 -0300] "GET /cormun/servlet/trsolicitudot? HTTP/1.1" 200 13960
200.54.103.162 - - [06/Apr/2023:12:03:13 -0300] "GET /cormun/servlet/solicitudot?INS,0,0,false, HTTP/1.1" 200 16191
200.54.103.162 - - [06/Apr/2023:12:03:13 -0300] "GET /cormun/static/gxcfg.js?20221129840861 HTTP/1.1" 200 953
200.54.103.162 - - [06/Apr/2023:12:03:13 -0300] "GET /cormun/static/Resources/prompt.gif HTTP/1.1" 200 902
200.54.103.162 - - [06/Apr/2023:12:03:13 -0300] "GET /cormun/static/solicitudot.js?20221129840983 HTTP/1.1" 200 74072
200.54.103.162 - - [06/Apr/2023:12:03:13 -0300] "GET /cormun/servlet/solicitudot?INS,0,0,false, HTTP/1.1" 200 16198
186.67.172.234 - - [06/Apr/2023:12:03:28 -0300] "POST /cormun/servlet/trpermisosgoce?1fa6c014bf914159ad51723562610d0d,gx-no-cache=1680792212697,gx-no-cache=1680792485809 HTTP/1.1" 200 9765
186.67.172.234 - - [06/Apr/2023:12:03:28 -0300] "GET /cormun/static/Shared/jqueryui/images/ui-bg_highlight-soft_100_c6c2c8_1x100.png HTTP/1.1" 404 1117
186.67.172.234 - - [06/Apr/2023:12:03:28 -0300] "GET /cormun/static/Shared/jqueryui/images/ui-icons_82798d_256x240.png HTTP/1.1" 404 1089
186.67.172.234 - - [06/Apr/2023:12:03:28 -0300] "GET /cormun/static/Shared/jqueryui/images/ui-bg_flat_55_fafafa_40x100.png HTTP/1.1" 404 1097
186.67.172.234 - - [06/Apr/2023:12:03:28 -0300] "GET /cormun/static/Shared/jqueryui/images/ui-icons_8d78a5_256x240.png HTTP/1.1" 404 1089
200.54.103.162 - - [06/Apr/2023:12:03:33 -0300] "POST /cormun/servlet/solicitudot?gx-no-cache=1680792580762 HTTP/1.1" 200 3953
200.54.103.162 - - [06/Apr/2023:12:03:34 -0300] "POST /cormun/servlet/solicitudot?2ffdf5a5f7ed600416eeda5eefd7df85,INS,0,0,false,,gx-no-cache=1680792580922 HTTP/1.1" 200 12784
200.54.103.162 - - [06/Apr/2023:12:03:36 -0300] "GET /cormun/servlet/solicitudot?e34726033d7d98a2544c0da7fe22e8144b89bea179cc5b7c6bd52594200c3256fe60d46395bf0b9335a3bd15a5749c83,gx-no-cache=1680792583382 HTTP/1.1" 200 30
186.67.172.234 - - [06/Apr/2023:12:03:50 -0300] "GET /cormun/servlet/permisogoce?INS,0,,, HTTP/1.1" 200 7047
186.67.172.234 - - [06/Apr/2023:12:03:51 -0300] "GET /cormun/servlet/permisogoce?INS,0,,, HTTP/1.1" 200 7025
186.67.172.234 - - [06/Apr/2023:12:04:02 -0300] "GET /cormun/servlet/permisogoce?78447341ddcd4ac2edcbd45c8a9b7a04304da77234b04606ec209f53ed7685d5bdddc475de98bb490e740b1f870218e9176d368c6bf978164b0934a41ebd5084,gx-no-cache=1680792519432 HTTP/1.1" 200 87
186.67.172.234 - - [06/Apr/2023:12:04:02 -0300] "GET /cormun/static/menuarrow.gif HTTP/1.1" 404 1015
186.67.172.234 - - [06/Apr/2023:12:05:11 -0300] "GET /cormun/servlet/permisogoce?78447341ddcd4ac2edcbd45c8a9b7a04a8626978f5fc777ebcccd99ce44fe400220d5ffd02d7c78026f82c68b64cb694fee5fb5bd4f17898aec998cc00171ec2,gx-no-cache=1680792589207 HTTP/1.1" 200 46
186.67.172.234 - - [06/Apr/2023:12:05:12 -0300] "POST /cormun/servlet/permisogoce?1fa6c014bf914159ad51723562610d0d,INS,0,,,,gx-no-cache=1680792589228 HTTP/1.1" 200 93
186.67.172.234 - - [06/Apr/2023:12:05:12 -0300] "GET /cormun/servlet/hpexe_return? HTTP/1.1" 200 1033
186.67.172.234 - - [06/Apr/2023:12:05:13 -0300] "GET /cormun/servlet/trpermisosgoce?gx-no-cache=1680792212697 HTTP/1.1" 200 12650
186.67.172.234 - - [06/Apr/2023:12:05:13 -0300] "GET /cormun/servlet/trpermisosgoce?gx-no-cache=1680792212697 HTTP/1.1" 200 12665
186.67.172.234 - - [06/Apr/2023:12:05:29 -0300] "GET /cormun/servlet/trpermisosadjuntos?11275627,20230406104814,P, HTTP/1.1" 200 6513
186.67.172.234 - - [06/Apr/2023:12:05:30 -0300] "GET /cormun/servlet/trpermisosadjuntos?11275627,20230406104814,P, HTTP/1.1" 200 6492
186.67.172.234 - - [06/Apr/2023:12:05:33 -0300] "GET /cormun/servlet/permisosadjuntos?INS,11275627,P,20230406104814,, HTTP/1.1" 200 5817
186.67.172.234 - - [06/Apr/2023:12:05:34 -0300] "GET /cormun/static/about:blank HTTP/1.1" 404 1011
186.67.172.234 - - [06/Apr/2023:12:05:34 -0300] "GET /cormun/servlet/permisosadjuntos?INS,11275627,P,20230406104814,, HTTP/1.1" 200 5807
200.54.103.162 - - [06/Apr/2023:12:05:39 -0300] "GET /cormun/static/Resources/resize.gif HTTP/1.1" 200 77
200.54.103.162 - - [06/Apr/2023:12:05:39 -0300] "GET /cormun/static/Resources/PXTools/ClosePrompt.png HTTP/1.1" 200 1036
200.54.103.162 - - [06/Apr/2023:12:05:39 -0300] "GET /cormun/servlet/prbanco?,MD,,gxPopupLevel%3D0%3B HTTP/1.1" 200 6653
200.54.103.162 - - [06/Apr/2023:12:05:39 -0300] "GET /cormun/static/gxcfg.js?20201216131581 HTTP/1.1" 200 953
200.54.103.162 - - [06/Apr/2023:12:05:39 -0300] "GET /cormun/static/prbanco.js?20201216132311 HTTP/1.1" 200 10693
200.54.103.162 - - [06/Apr/2023:12:05:39 -0300] "GET /cormun/static/menusearch.js?20201214473581 HTTP/1.1" 200 1424
200.54.103.162 - - [06/Apr/2023:12:05:39 -0300] "GET /cormun/static/Resources/PXToolsMenuSearch.png HTTP/1.1" 200 336
200.54.103.162 - - [06/Apr/2023:12:05:39 -0300] "GET /cormun/static/hmpwkw011.js?202211298443482 HTTP/1.1" 200 1968
200.54.103.162 - - [06/Apr/2023:12:05:39 -0300] "GET /cormun/static/Resources/PXToolsMenuSearchCancel.png HTTP/1.1" 200 306
200.54.103.162 - - [06/Apr/2023:12:05:42 -0300] "GET /cormun/servlet/solicitudot?e34726033d7d98a2544c0da7fe22e814e332162cba81b9ea95765362f698707d67390b4bdf0178a2a11fd9c6d2fbe496b8321cec114682cc6c703ba0126fdf2c,gx-no-cache=1680792709068 HTTP/1.1" 200 30
200.54.103.162 - - [06/Apr/2023:12:05:43 -0300] "GET /cormun/servlet/solicitudot?e34726033d7d98a2544c0da7fe22e814401a6ffef6faf4a861e47f537c327ede,gx-no-cache=1680792710386 HTTP/1.1" 200 53
186.67.172.234 - - [06/Apr/2023:12:05:46 -0300] "POST /cormun/servlet/permisosadjuntos?1fa6c014bf914159ad51723562610d0d,INS,11275627,P,20230406104814,, HTTP/1.1" 200 116
186.67.172.234 - - [06/Apr/2023:12:05:46 -0300] "GET /cormun/servlet/hpexe_return? HTTP/1.1" 200 1041
186.67.172.234 - - [06/Apr/2023:12:05:46 -0300] "GET /cormun/servlet/trpermisosadjuntos?11275627,20230406104814,P, HTTP/1.1" 200 7004
186.67.172.234 - - [06/Apr/2023:12:05:47 -0300] "GET /cormun/servlet/trpermisosadjuntos?11275627,20230406104814,P, HTTP/1.1" 200 7001
186.67.172.234 - - [06/Apr/2023:12:05:58 -0300] "POST /cormun/servlet/trpermisosadjuntos?1fa6c014bf914159ad51723562610d0d,11275627,20230406104814,P,,gx-no-cache=1680792635784 HTTP/1.1" 200 90
186.67.172.234 - - [06/Apr/2023:12:05:58 -0300] "GET /cormun/servlet/hpexe_link HTTP/1.1" 200 1007
186.67.172.234 - - [06/Apr/2023:12:05:58 -0300] "GET /cormun/servlet/trpermisosgoce?gx-no-cache=1680792212697 HTTP/1.1" 200 12646
186.67.172.234 - - [06/Apr/2023:12:05:58 -0300] "GET /cormun/servlet/trpermisosgoce?gx-no-cache=1680792212697 HTTP/1.1" 200 12665
200.54.103.162 - - [06/Apr/2023:12:06:00 -0300] "POST /cormun/servlet/solicitudot?gx-no-cache=1680792727721 HTTP/1.1" 200 255
200.54.103.162 - - [06/Apr/2023:12:06:03 -0300] "GET /cormun/servlet/solicitudot?e34726033d7d98a2544c0da7fe22e814a7d03171d0ab7d1f4cfb003b0cb8a12cdca7173847a294825c10790ca375ca9578cb3336aa2a170196d6c48e7f4c55e31a68799c015a4c24afe839116436acd51f996b53473b5603dbd5c776248bd84f3fd70e838a370602c83330aecf9590fe3a558f6a6e7efa5f5bd6bada429d9d945c6a7319e05bbbfe524f7ea4739e362d7d04acd0f31c4e90da80e1e72e9c2b64efe223111f5500b69c9d418607855f3febeaef36270e8d3f01c7c1d15503ce5029e817ffac694cf3a61bd028f25ff1e0d91f9f8fae768b934ba636562f6049a045360135f1b0c764fd75743cab5ca9096984bf84c85c65e69e7273ccdd0a539c5eae56b53f8d7b175c37bfd1b9443eb45791d15d4caba83df304ad5ab596146da181b2fbc6b67ea458393b2b96673ec5ac7caa6146866ca24b6f55d60a13a50a324695233f465c8562b666931ac5a2755fff5af463346557f3e1eb66ca341b4bf5e8645ae5116867fd4af726ef55d8f0c0aa2c970783c8f0e9fa7da49a0168d2,gx-no-cache=1680792730059 HTTP/1.1" 200 30
186.67.172.234 - - [06/Apr/2023:12:06:04 -0300] "POST /cormun/servlet/trpermisosgoce?1fa6c014bf914159ad51723562610d0d,gx-no-cache=1680792212697,gx-no-cache=1680792641233 HTTP/1.1" 200 10019
186.67.172.234 - - [06/Apr/2023:12:06:04 -0300] "GET /cormun/static/Shared/jqueryui/images/ui-bg_highlight-soft_100_c6c2c8_1x100.png HTTP/1.1" 404 1117
186.67.172.234 - - [06/Apr/2023:12:06:04 -0300] "GET /cormun/static/Shared/jqueryui/images/ui-icons_82798d_256x240.png HTTP/1.1" 404 1089
186.67.172.234 - - [06/Apr/2023:12:06:04 -0300] "GET /cormun/static/Shared/jqueryui/images/ui-bg_flat_55_fafafa_40x100.png HTTP/1.1" 404 1097
186.67.172.234 - - [06/Apr/2023:12:06:04 -0300] "GET /cormun/static/Shared/jqueryui/images/ui-icons_8d78a5_256x240.png HTTP/1.1" 404 1089
200.54.103.162 - - [06/Apr/2023:12:06:06 -0300] "POST /cormun/servlet/solicitudot?gx-no-cache=1680792733881 HTTP/1.1" 200 30
200.54.103.162 - - [06/Apr/2023:12:06:08 -0300] "POST /cormun/servlet/solicitudot?gx-no-cache=1680792735190 HTTP/1.1" 200 1466
200.54.103.162 - - [06/Apr/2023:12:06:08 -0300] "POST /cormun/servlet/solicitudot?gx-no-cache=1680792735318 HTTP/1.1" 200 38
200.54.103.162 - - [06/Apr/2023:12:06:17 -0300] "GET /cormun/servlet/solicitudot?e34726033d7d98a2544c0da7fe22e814d50f905e4cc83c38a199061348b617811cc155ff975db7981739f5ec7e3129e93b7119625048fa9d363223b7b410a5f59d552b390719d024176c3d862fd69c6c9af605d03772bc2b61ec2e86cfe11b134a40320a068131c7f20d48e8e61e2c3d,gx-no-cache=1680792744640 HTTP/1.1" 200 110
200.54.103.162 - - [06/Apr/2023:12:06:26 -0300] "POST /cormun/servlet/solicitudot?gx-no-cache=1680792753195 HTTP/1.1" 200 72
186.67.172.234 - - [06/Apr/2023:12:06:32 -0300] "GET /cormun/servlet/permisogoce?INS,0,,, HTTP/1.1" 200 7045
186.67.172.234 - - [06/Apr/2023:12:06:33 -0300] "GET /cormun/servlet/permisogoce?INS,0,,, HTTP/1.1" 200 7024
200.54.103.162 - - [06/Apr/2023:12:07:07 -0300] "POST /cormun/servlet/solicitudot?gx-no-cache=1680792793668 HTTP/1.1" 200 30
200.54.103.162 - - [06/Apr/2023:12:07:07 -0300] "POST /cormun/servlet/solicitudot?gx-no-cache=1680792793986 HTTP/1.1" 200 1470
200.54.103.162 - - [06/Apr/2023:12:07:07 -0300] "POST /cormun/servlet/solicitudot?gx-no-cache=1680792794019 HTTP/1.1" 200 38
200.54.103.162 - - [06/Apr/2023:12:07:07 -0300] "GET /cormun/servlet/solicitudot?e34726033d7d98a2544c0da7fe22e814d50f905e4cc83c38a199061348b617811cc155ff975db7981739f5ec7e3129e93b7119625048fa9d363223b7b410a5f59d552b390719d024176c3d862fd69c6c9af605d03772bc2b61ec2e86cfe11b134a40320a068131c7f20d48e8e61e2c3d,gx-no-cache=1680792794039 HTTP/1.1" 200 110
200.54.103.162 - - [06/Apr/2023:12:07:07 -0300] "POST /cormun/servlet/solicitudot?gx-no-cache=1680792794059 HTTP/1.1" 200 67
192.168.10.17 - - [06/Apr/2023:12:07:16 -0300] "GET /cormun/servlet/trsolicitudgral? HTTP/1.1" 200 10657
192.168.10.17 - - [06/Apr/2023:12:07:16 -0300] "GET /cormun/servlet/trsolicitudgral? HTTP/1.1" 200 10648
186.67.172.234 - - [06/Apr/2023:12:07:22 -0300] "GET /cormun/servlet/permisogoce?78447341ddcd4ac2edcbd45c8a9b7a04e69512ffb2d60007d1e504377ba166a0bdddc475de98bb490e740b1f870218e9176d368c6bf978164b0934a41ebd5084,gx-no-cache=1680792720384 HTTP/1.1" 200 80
186.67.172.234 - - [06/Apr/2023:12:07:22 -0300] "GET /cormun/static/menuarrow.gif HTTP/1.1" 404 1015
192.168.10.17 - - [06/Apr/2023:12:07:26 -0300] "GET /cormun/servlet/vesolicitudgral?2023,19854,, HTTP/1.1" 200 8373
192.168.10.17 - - [06/Apr/2023:12:07:26 -0300] "GET /cormun/pexe_scrolldiv.js HTTP/1.1" 404 1009
192.168.10.17 - - [06/Apr/2023:12:07:26 -0300] "GET /cormun/servlet/vesolicitudgral?2023,19854,, HTTP/1.1" 200 8372
186.67.172.234 - - [06/Apr/2023:12:07:34 -0300] "GET /cormun/servlet/permisogoce?78447341ddcd4ac2edcbd45c8a9b7a04f44ee2ec6a5c065ed38f96141bb42bfbb2c5484564d5ec2f93e0783e0c846044fee5fb5bd4f17898aec998cc00171ec2,gx-no-cache=1680792731945 HTTP/1.1" 200 46
201.186.225.183 - - [06/Apr/2023:12:07:41 -0300] "GET /cormun/servlet/trpermisosgoce? HTTP/1.1" 200 13347
201.186.225.183 - - [06/Apr/2023:12:07:41 -0300] "GET /cormun/servlet/trpermisosgoce? HTTP/1.1" 200 13347
201.186.225.183 - - [06/Apr/2023:12:07:43 -0300] "GET /cormun/servlet/permisogoce?INS,0,,, HTTP/1.1" 200 6824
201.186.225.183 - - [06/Apr/2023:12:07:44 -0300] "GET /cormun/servlet/permisogoce?INS,0,,, HTTP/1.1" 200 6824
200.54.103.162 - - [06/Apr/2023:12:07:46 -0300] "POST /cormun/servlet/solicitudot?gx-no-cache=1680792833113 HTTP/1.1" 200 105
201.186.225.183 - - [06/Apr/2023:12:07:47 -0300] "GET /cormun/servlet/prfichaempleado?,MD,,gxPopupLevel%3D0%3B HTTP/1.1" 200 9263
201.186.225.183 - - [06/Apr/2023:12:07:52 -0300] "POST /cormun/servlet/prfichaempleado?8ec4bccbe017d4126fdc8f6690658130,,MD,,gxPopupLevel%3D0%3B,gx-no-cache=1680792748689 HTTP/1.1" 200 3394
186.67.172.234 - - [06/Apr/2023:12:07:58 -0300] "POST /cormun/servlet/permisogoce?1fa6c014bf914159ad51723562610d0d,INS,0,,,,gx-no-cache=1680792756032 HTTP/1.1" 200 93
186.67.172.234 - - [06/Apr/2023:12:07:58 -0300] "GET /cormun/servlet/hpexe_return? HTTP/1.1" 200 1033
186.67.172.234 - - [06/Apr/2023:12:07:59 -0300] "GET /cormun/servlet/trpermisosgoce?gx-no-cache=1680792212697 HTTP/1.1" 200 12980
186.67.172.234 - - [06/Apr/2023:12:08:01 -0300] "GET /cormun/servlet/trpermisosgoce?gx-no-cache=1680792212697 HTTP/1.1" 200 12930
186.67.172.234 - - [06/Apr/2023:12:08:08 -0300] "GET /cormun/servlet/trpermisosadjuntos?11553313,20230406105057,P, HTTP/1.1" 200 6503
186.67.172.234 - - [06/Apr/2023:12:08:08 -0300] "GET /cormun/servlet/trpermisosadjuntos?11553313,20230406105057,P, HTTP/1.1" 200 6483
186.67.172.234 - - [06/Apr/2023:12:08:10 -0300] "GET /cormun/servlet/permisosadjuntos?INS,11553313,P,20230406105057,, HTTP/1.1" 200 5810
186.67.172.234 - - [06/Apr/2023:12:08:10 -0300] "GET /cormun/static/about:blank HTTP/1.1" 404 1011
186.67.172.234 - - [06/Apr/2023:12:08:10 -0300] "GET /cormun/servlet/permisosadjuntos?INS,11553313,P,20230406105057,, HTTP/1.1" 200 5800
186.67.172.234 - - [06/Apr/2023:12:08:32 -0300] "POST /cormun/servlet/permisosadjuntos?1fa6c014bf914159ad51723562610d0d,INS,11553313,P,20230406105057,, HTTP/1.1" 200 116
186.67.172.234 - - [06/Apr/2023:12:08:32 -0300] "GET /cormun/servlet/hpexe_return? HTTP/1.1" 200 1041
186.67.172.234 - - [06/Apr/2023:12:08:32 -0300] "GET /cormun/servlet/trpermisosadjuntos?11553313,20230406105057,P, HTTP/1.1" 200 6997
186.67.172.234 - - [06/Apr/2023:12:08:32 -0300] "GET /cormun/servlet/trpermisosadjuntos?11553313,20230406105057,P, HTTP/1.1" 200 6994
186.67.172.234 - - [06/Apr/2023:12:08:35 -0300] "POST /cormun/servlet/trpermisosadjuntos?1fa6c014bf914159ad51723562610d0d,11553313,20230406105057,P,,gx-no-cache=1680792792728 HTTP/1.1" 200 90
186.67.172.234 - - [06/Apr/2023:12:08:35 -0300] "GET /cormun/servlet/hpexe_link HTTP/1.1" 200 1008
186.67.172.234 - - [06/Apr/2023:12:08:37 -0300] "GET /cormun/servlet/trpermisosgoce?gx-no-cache=1680792212697 HTTP/1.1" 200 12976
186.67.172.234 - - [06/Apr/2023:12:08:37 -0300] "GET /cormun/servlet/trpermisosgoce?gx-no-cache=1680792212697 HTTP/1.1" 200 12930
200.54.103.162 - - [06/Apr/2023:12:08:41 -0300] "GET /cormun/servlet/solicitudot?e34726033d7d98a2544c0da7fe22e814f5537a14121849274f74c7cd0b25627c8420cfd91afdcef0e549031015fd71d3b7a48f3ea9ffab61846477d7c03951f29712b177e2e9d6989835a7a1af46fde75014480de246b6b99a2614fc805984a48b509dab5cf85d806aac0fe1ad0c91f4,gx-no-cache=1680792888401 HTTP/1.1" 200 29
200.54.103.162 - - [06/Apr/2023:12:08:41 -0300] "GET /cormun/static/menuarrow.gif HTTP/1.1" 404 1015
200.54.103.162 - - [06/Apr/2023:12:08:53 -0300] "GET /cormun/servlet/solicitudot?e34726033d7d98a2544c0da7fe22e8145c8d953f651b11b573cf7ac8f894e8ea533416752d20d878eeb4291770da8e22,gx-no-cache=1680792900103 HTTP/1.1" 200 134
200.54.103.162 - - [06/Apr/2023:12:08:53 -0300] "GET /cormun/static/Shared/jqueryui/images/ui-bg_highlight-soft_100_c6c2c8_1x100.png HTTP/1.1" 404 1117
200.54.103.162 - - [06/Apr/2023:12:08:53 -0300] "GET /cormun/static/Shared/jqueryui/images/ui-icons_82798d_256x240.png HTTP/1.1" 404 1089
200.54.103.162 - - [06/Apr/2023:12:08:53 -0300] "GET /cormun/static/Shared/jqueryui/images/ui-bg_flat_55_994d53_40x100.png HTTP/1.1" 404 1097
200.54.103.162 - - [06/Apr/2023:12:08:53 -0300] "GET /cormun/static/Shared/jqueryui/images/ui-icons_ebccce_256x240.png HTTP/1.1" 404 1089
186.67.172.234 - - [06/Apr/2023:12:08:59 -0300] "POST /cormun/servlet/trpermisosgoce?1fa6c014bf914159ad51723562610d0d,gx-no-cache=1680792212697,gx-no-cache=1680792816745 HTTP/1.1" 200 10268
186.67.172.234 - - [06/Apr/2023:12:08:59 -0300] "GET /cormun/static/Shared/jqueryui/images/ui-bg_highlight-soft_100_c6c2c8_1x100.png HTTP/1.1" 404 1117
186.67.172.234 - - [06/Apr/2023:12:08:59 -0300] "GET /cormun/static/Shared/jqueryui/images/ui-icons_82798d_256x240.png HTTP/1.1" 404 1089
186.67.172.234 - - [06/Apr/2023:12:08:59 -0300] "GET /cormun/static/Shared/jqueryui/images/ui-bg_flat_55_fafafa_40x100.png HTTP/1.1" 404 1097
186.67.172.234 - - [06/Apr/2023:12:08:59 -0300] "GET /cormun/static/Shared/jqueryui/images/ui-icons_8d78a5_256x240.png HTTP/1.1" 404 1089
200.54.103.162 - - [06/Apr/2023:12:09:21 -0300] "GET /cormun/servlet/solicitudot?e34726033d7d98a2544c0da7fe22e814b5e9a52d0dfe779446f14a777e103416435c3d80145f3192fb597596f1e5bc67,gx-no-cache=1680792927911 HTTP/1.1" 200 30
201.186.225.183 - - [06/Apr/2023:12:09:22 -0300] "GET /cormun/servlet/prfichaempleado?,MD,,gxPopupLevel%3D0%3B HTTP/1.1" 200 9263
201.186.225.183 - - [06/Apr/2023:12:09:23 -0300] "GET /cormun/servlet/prfichaempleado?,MD,,gxPopupLevel%3D0%3B,gxPopupLevel%3D0%3B HTTP/1.1" 200 9269
186.67.172.234 - - [06/Apr/2023:12:09:26 -0300] "GET /cormun/servlet/permisogoce?INS,0,,, HTTP/1.1" 200 7047
186.67.172.234 - - [06/Apr/2023:12:09:28 -0300] "GET /cormun/servlet/permisogoce?INS,0,,, HTTP/1.1" 200 7024
201.186.225.183 - - [06/Apr/2023:12:09:28 -0300] "POST /cormun/servlet/prfichaempleado?8ec4bccbe017d4126fdc8f6690658130,,MD,,gxPopupLevel%3D0%3B,gxPopupLevel%3D0%3B,gx-no-cache=1680792845200 HTTP/1.1" 200 4818
200.54.103.162 - - [06/Apr/2023:12:09:29 -0300] "POST /cormun/servlet/solicitudot?gx-no-cache=1680792936288 HTTP/1.1" 200 30
192.168.10.17 - - [06/Apr/2023:12:09:49 -0300] "GET /cormun/servlet/trsolicitudgral? HTTP/1.1" 200 10649
192.168.10.17 - - [06/Apr/2023:12:09:50 -0300] "GET /cormun/servlet/trsolicitudgral? HTTP/1.1" 200 10648
190.171.141.82 - - [06/Apr/2023:12:09:54 -0300] "GET /cormun/servlet/hlogin HTTP/1.1" 200 1738
200.54.103.162 - - [06/Apr/2023:12:09:56 -0300] "POST /cormun/servlet/solicitudot?2ffdf5a5f7ed600416eeda5eefd7df85,INS,0,0,false,,gx-no-cache=1680792962894 HTTP/1.1" 200 93
200.54.103.162 - - [06/Apr/2023:12:09:57 -0300] "GET /cormun/servlet/hpexe_return? HTTP/1.1" 200 1010
192.168.10.17 - - [06/Apr/2023:12:09:57 -0300] "GET /cormun/servlet/vesolicitudgral?2023,19875,, HTTP/1.1" 200 8379
192.168.10.17 - - [06/Apr/2023:12:09:57 -0300] "GET /cormun/pexe_scrolldiv.js HTTP/1.1" 404 1009
200.54.103.162 - - [06/Apr/2023:12:09:57 -0300] "GET /cormun/static/gxcfg.js?20221129846035 HTTP/1.1" 200 953
200.54.103.162 - - [06/Apr/2023:12:09:57 -0300] "GET /cormun/static/hpexe_return.js?20221129846037 HTTP/1.1" 200 1633
192.168.10.17 - - [06/Apr/2023:12:09:57 -0300] "GET /cormun/servlet/vesolicitudgral?2023,19875,, HTTP/1.1" 200 8379
200.54.103.162 - - [06/Apr/2023:12:09:57 -0300] "GET /cormun/servlet/trsolicitudot HTTP/1.1" 200 14289
200.54.103.162 - - [06/Apr/2023:12:09:58 -0300] "GET /cormun/servlet/trsolicitudot HTTP/1.1" 200 14284
192.168.10.17 - - [06/Apr/2023:12:10:00 -0300] "GET /cormun/servlet/trsolicitudgral? HTTP/1.1" 200 10649
192.168.10.17 - - [06/Apr/2023:12:10:00 -0300] "GET /cormun/servlet/trsolicitudgral? HTTP/1.1" 200 10648
192.168.10.17 - - [06/Apr/2023:12:10:05 -0300] "GET /cormun/servlet/vesolicitudgral?2023,19875,, HTTP/1.1" 200 8379
192.168.10.17 - - [06/Apr/2023:12:10:05 -0300] "GET /cormun/pexe_scrolldiv.js HTTP/1.1" 404 1009
192.168.10.17 - - [06/Apr/2023:12:10:05 -0300] "GET /cormun/servlet/vesolicitudgral?2023,19875,, HTTP/1.1" 200 8379
66.249.79.209 - - [06/Apr/2023:12:10:07 -0300] "GET /cormun/servlet/hlogin HTTP/1.1" 200 1717
200.54.103.162 - - [06/Apr/2023:12:10:14 -0300] "POST /cormun/servlet/trsolicitudot?2ffdf5a5f7ed600416eeda5eefd7df85,gx-no-cache=1680792981107 HTTP/1.1" 200 90
200.54.103.162 - - [06/Apr/2023:12:10:14 -0300] "GET /cormun/servlet/hpexe_link HTTP/1.1" 200 963
200.54.103.162 - - [06/Apr/2023:12:10:14 -0300] "GET /cormun/servlet/trautorizarsolicitud HTTP/1.1" 200 14160
200.54.103.162 - - [06/Apr/2023:12:10:15 -0300] "GET /cormun/servlet/trautorizarsolicitud HTTP/1.1" 200 14159
201.186.225.183 - - [06/Apr/2023:12:10:17 -0300] "GET /cormun/servlet/prfichaempleado?,MD,,gxPopupLevel%3D0%3B HTTP/1.1" 200 9263
200.54.103.162 - - [06/Apr/2023:12:10:19 -0300] "POST /cormun/servlet/trautorizarsolicitud?2ffdf5a5f7ed600416eeda5eefd7df85,gx-no-cache=1680792986438 HTTP/1.1" 200 108
200.54.103.162 - - [06/Apr/2023:12:10:19 -0300] "GET /cormun/servlet/trsolicitudadjuntos?2023,19956, HTTP/1.1" 200 6452
200.54.103.162 - - [06/Apr/2023:12:10:20 -0300] "GET /cormun/servlet/trsolicitudadjuntos?2023,19956, HTTP/1.1" 200 6451
201.186.225.183 - - [06/Apr/2023:12:10:24 -0300] "POST /cormun/servlet/prfichaempleado?8ec4bccbe017d4126fdc8f6690658130,,MD,,gxPopupLevel%3D0%3B,gx-no-cache=1680792900720 HTTP/1.1" 200 4808
200.54.103.162 - - [06/Apr/2023:12:10:29 -0300] "GET /cormun/servlet/solicitudotadjuntos?INS,2023,19956,,1, HTTP/1.1" 200 6401
200.54.103.162 - - [06/Apr/2023:12:10:29 -0300] "GET /cormun/static/gxcfg.js?202211298385187 HTTP/1.1" 200 953
200.54.103.162 - - [06/Apr/2023:12:10:29 -0300] "GET /cormun/static/solicitudotadjuntos.js?202211298385196 HTTP/1.1" 200 11771
200.54.103.162 - - [06/Apr/2023:12:10:29 -0300] "GET /cormun/static/about:blank HTTP/1.1" 404 1011
200.54.103.162 - - [06/Apr/2023:12:10:29 -0300] "GET /cormun/servlet/solicitudotadjuntos?INS,2023,19956,,1, HTTP/1.1" 200 6394
200.54.103.162 - - [06/Apr/2023:12:10:29 -0300] "GET /cormun/servlet/solicitudotadjuntos?e34726033d7d98a2544c0da7fe22e8145eae7c065517066e571220132328a0f30a7a9bf1b94748eda4b637179360d07a,gx-no-cache=1680792996874 HTTP/1.1" 200 30
200.54.103.162 - - [06/Apr/2023:12:10:30 -0300] "POST /cormun/servlet/solicitudotadjuntos?2ffdf5a5f7ed600416eeda5eefd7df85,INS,2023,19956,,1,,gx-no-cache=1680792996886 HTTP/1.1" 200 4189
200.54.103.162 - - [06/Apr/2023:12:10:31 -0300] "POST /cormun/servlet/solicitudotadjuntos?gx-no-cache=1680792998807 HTTP/1.1" 200 26
40.77.167.173 - - [06/Apr/2023:12:10:41 -0300] "GET /cormun/servlet/hpexe_link HTTP/1.1" 200 942
128.201.118.227 - - [06/Apr/2023:12:10:47 -0300] "GET /cormun/servlet/hlogin HTTP/1.1" 200 1719
128.201.118.227 - - [06/Apr/2023:12:10:47 -0300] "GET /cormun/static/gxtimezone.js?85251 HTTP/1.1" 200 5781
128.201.118.227 - - [06/Apr/2023:12:10:47 -0300] "GET /cormun/static/gxcfg.js?2022112219184450 HTTP/1.1" 200 953
128.201.118.227 - - [06/Apr/2023:12:10:47 -0300] "GET /cormun/static/Resources/Spanish/PXTools.css?1759030 HTTP/1.1" 200 100853
128.201.118.227 - - [06/Apr/2023:12:10:47 -0300] "GET /cormun/static/messages.spa.js?85251 HTTP/1.1" 200 30736
128.201.118.227 - - [06/Apr/2023:12:10:48 -0300] "GET /cormun/static/gxgral.js?85251 HTTP/1.1" 200 384558
128.201.118.227 - - [06/Apr/2023:12:10:48 -0300] "GET /cormun/static/hlogin.js?2022112219184458 HTTP/1.1" 200 2156
128.201.118.227 - - [06/Apr/2023:12:10:48 -0300] "GET /cormun/static/Resources/CormunLogin.png HTTP/1.1" 200 19132
128.201.118.227 - - [06/Apr/2023:12:10:48 -0300] "GET /cormun/static/Resources/PXToolsLoginBackground.png HTTP/1.1" 200 1164
128.201.118.227 - - [06/Apr/2023:12:10:48 -0300] "GET /cormun/static/Resources/PXToolsLoginTop.png HTTP/1.1" 200 1337
128.201.118.227 - - [06/Apr/2023:12:10:48 -0300] "GET /cormun/static/Resources/PXToolsButtonLeft.png HTTP/1.1" 200 1310
128.201.118.227 - - [06/Apr/2023:12:10:48 -0300] "GET /cormun/static/Resources/PXToolsButtonRight.png HTTP/1.1" 200 1294
128.201.118.227 - - [06/Apr/2023:12:10:48 -0300] "GET /cormun/static/Resources/PXToolsButtonBackground.png HTTP/1.1" 200 1176
128.201.118.227 - - [06/Apr/2023:12:10:48 -0300] "GET /cormun/static/Resources/PXToolsLoginBottom.png HTTP/1.1" 200 1389
192.168.10.17 - - [06/Apr/2023:12:10:48 -0300] "GET /cormun/servlet/vesolicitudgral?2023,19875,,SolicitudOTAdjuntos HTTP/1.1" 200 10930
192.168.10.17 - - [06/Apr/2023:12:10:48 -0300] "GET /cormun/pexe_scrolldiv.js HTTP/1.1" 404 1009
128.201.118.227 - - [06/Apr/2023:12:10:48 -0300] "GET /cormun/servlet/hlogin HTTP/1.1" 200 1730
128.201.118.227 - - [06/Apr/2023:12:10:48 -0300] "GET /cormun/static/Resources/indicator.gif HTTP/1.1" 200 1553
128.201.118.227 - - [06/Apr/2023:12:10:48 -0300] "GET /cormun/static/Resources/indicator.gif HTTP/1.1" 200 1553
128.201.118.227 - - [06/Apr/2023:12:10:48 -0300] "GET /favicon.ico HTTP/1.1" 200 21630
192.168.10.17 - - [06/Apr/2023:12:10:48 -0300] "GET /cormun/servlet/vesolicitudgral?2023,19875,,SolicitudOTAdjuntos HTTP/1.1" 200 10931
192.168.10.17 - - [06/Apr/2023:12:10:49 -0300] "POST /cormun/servlet/acontrolpreferencessavestate?None,RRHH+DANIELA,true HTTP/1.1" 200 35
192.168.10.17 - - [06/Apr/2023:12:10:50 -0300] "GET /cormun/PublicTempStorage/c.i.5704978.pdf HTTP/1.1" 200 270588
200.54.103.162 - - [06/Apr/2023:12:10:55 -0300] "GET /cormun/servlet/solicitudotadjuntos?e34726033d7d98a2544c0da7fe22e814ec67665eabf212b280379584d52d8291,gx-no-cache=1680793021905 HTTP/1.1" 200 30
200.54.103.162 - - [06/Apr/2023:12:10:55 -0300] "GET /cormun/servlet/solicitudotadjuntos?e34726033d7d98a2544c0da7fe22e814ec67665eabf212b280379584d52d8291,gx-no-cache=1680793021924 HTTP/1.1" 200 30
200.54.103.162 - - [06/Apr/2023:12:10:55 -0300] "POST /cormun/servlet/solicitudotadjuntos?2ffdf5a5f7ed600416eeda5eefd7df85,INS,2023,19956,,1, HTTP/1.1" 200 116
200.54.103.162 - - [06/Apr/2023:12:10:55 -0300] "GET /cormun/servlet/hpexe_return? HTTP/1.1" 200 1029
200.54.103.162 - - [06/Apr/2023:12:10:55 -0300] "GET /cormun/servlet/trsolicitudadjuntos?2023,19956, HTTP/1.1" 200 9422
200.54.103.162 - - [06/Apr/2023:12:10:55 -0300] "GET /cormun/servlet/trsolicitudadjuntos?2023,19956, HTTP/1.1" 200 9420
200.54.103.162 - - [06/Apr/2023:12:10:59 -0300] "GET /cormun/servlet/solicitudotadjuntos?INS,2023,19956,,1, HTTP/1.1" 200 6401
200.54.103.162 - - [06/Apr/2023:12:10:59 -0300] "GET /cormun/static/about:blank HTTP/1.1" 404 1011
200.54.103.162 - - [06/Apr/2023:12:10:59 -0300] "GET /cormun/servlet/solicitudotadjuntos?INS,2023,19956,,1, HTTP/1.1" 200 6394
200.54.103.162 - - [06/Apr/2023:12:10:59 -0300] "GET /cormun/servlet/solicitudotadjuntos?e34726033d7d98a2544c0da7fe22e8145eae7c065517066e571220132328a0f30a7a9bf1b94748eda4b637179360d07a,gx-no-cache=1680793026801 HTTP/1.1" 200 30
200.54.103.162 - - [06/Apr/2023:12:10:59 -0300] "POST /cormun/servlet/solicitudotadjuntos?2ffdf5a5f7ed600416eeda5eefd7df85,INS,2023,19956,,1,,gx-no-cache=1680793026812 HTTP/1.1" 200 4189
200.54.103.162 - - [06/Apr/2023:12:11:02 -0300] "POST /cormun/servlet/solicitudotadjuntos?gx-no-cache=1680793029544 HTTP/1.1" 200 26
192.168.10.17 - - [06/Apr/2023:12:11:04 -0300] "GET /cormun/servlet/vesolicitudgral?2023,19875,,SolicitudOTAdjuntos HTTP/1.1" 200 10932
192.168.10.17 - - [06/Apr/2023:12:11:05 -0300] "GET /cormun/servlet/vesolicitudgral?2023,19875,,SolicitudOTAdjuntos HTTP/1.1" 200 10933
192.168.10.17 - - [06/Apr/2023:12:11:06 -0300] "POST /cormun/servlet/acontrolpreferencessavestate?None,RRHH+DANIELA,true HTTP/1.1" 200 35
192.168.10.17 - - [06/Apr/2023:12:11:07 -0300] "GET /cormun/PublicTempStorage/c.v.9437183.pdf HTTP/1.1" 200 239408
200.54.103.162 - - [06/Apr/2023:12:11:10 -0300] "GET /cormun/servlet/solicitudotadjuntos?e34726033d7d98a2544c0da7fe22e814ec67665eabf212b280379584d52d8291,gx-no-cache=1680793037321 HTTP/1.1" 200 30
200.54.103.162 - - [06/Apr/2023:12:11:10 -0300] "GET /cormun/servlet/solicitudotadjuntos?e34726033d7d98a2544c0da7fe22e814ec67665eabf212b280379584d52d8291,gx-no-cache=1680793037332 HTTP/1.1" 200 30
200.54.103.162 - - [06/Apr/2023:12:11:10 -0300] "POST /cormun/servlet/solicitudotadjuntos?2ffdf5a5f7ed600416eeda5eefd7df85,INS,2023,19956,,1, HTTP/1.1" 200 116
200.54.103.162 - - [06/Apr/2023:12:11:10 -0300] "GET /cormun/servlet/hpexe_return? HTTP/1.1" 200 1029
200.54.103.162 - - [06/Apr/2023:12:11:10 -0300] "GET /cormun/servlet/trsolicitudadjuntos?2023,19956, HTTP/1.1" 200 9683
200.54.103.162 - - [06/Apr/2023:12:11:11 -0300] "GET /cormun/servlet/trsolicitudadjuntos?2023,19956, HTTP/1.1" 200 9681
200.54.103.162 - - [06/Apr/2023:12:11:13 -0300] "GET /cormun/servlet/solicitudotadjuntos?INS,2023,19956,,1, HTTP/1.1" 200 6401
200.54.103.162 - - [06/Apr/2023:12:11:13 -0300] "GET /cormun/static/about:blank HTTP/1.1" 404 1011
200.54.103.162 - - [06/Apr/2023:12:11:13 -0300] "GET /cormun/servlet/solicitudotadjuntos?INS,2023,19956,,1, HTTP/1.1" 200 6394
200.54.103.162 - - [06/Apr/2023:12:11:13 -0300] "GET /cormun/servlet/solicitudotadjuntos?e34726033d7d98a2544c0da7fe22e8145eae7c065517066e571220132328a0f30a7a9bf1b94748eda4b637179360d07a,gx-no-cache=1680793040681 HTTP/1.1" 200 30
200.54.103.162 - - [06/Apr/2023:12:11:13 -0300] "POST /cormun/servlet/solicitudotadjuntos?2ffdf5a5f7ed600416eeda5eefd7df85,INS,2023,19956,,1,,gx-no-cache=1680793040692 HTTP/1.1" 200 4189
200.54.103.162 - - [06/Apr/2023:12:11:16 -0300] "POST /cormun/servlet/solicitudotadjuntos?gx-no-cache=1680793043040 HTTP/1.1" 200 26
200.54.103.162 - - [06/Apr/2023:12:11:25 -0300] "GET /cormun/servlet/solicitudotadjuntos?e34726033d7d98a2544c0da7fe22e814ec67665eabf212b280379584d52d8291,gx-no-cache=1680793052872 HTTP/1.1" 200 30
