190.171.153.26 - - [05/Apr/2023:14:06:39 -0300] "POST /cormun/servlet/licenciaspermisoslog?fbb525ccc6a820f11cb8e9c411805d8d,INS,13095601,P,20230403105921,0,NU,,gx-no-cache=1680713475022 HTTP/1.1" 200 93
190.171.153.26 - - [05/Apr/2023:14:06:39 -0300] "GET /cormun/servlet/hpexe_return? HTTP/1.1" 200 1040
190.171.153.26 - - [05/Apr/2023:14:06:40 -0300] "GET /cormun/static/gxcfg.js?20221129846035 HTTP/1.1" 200 953
190.171.153.26 - - [05/Apr/2023:14:06:40 -0300] "GET /cormun/static/hpexe_return.js?20221129846037 HTTP/1.1" 200 1633
190.171.153.26 - - [05/Apr/2023:14:06:40 -0300] "GET /cormun/servlet/trautorizarpermisogoce? HTTP/1.1" 200 10448
190.171.153.26 - - [05/Apr/2023:14:06:40 -0300] "GET /cormun/servlet/trautorizarpermisogoce? HTTP/1.1" 200 10444
190.46.88.50 - - [05/Apr/2023:14:06:41 -0300] "GET /cormun/servlet/hhome HTTP/1.1" 200 3325
190.46.88.50 - - [05/Apr/2023:14:06:41 -0300] "GET /cormun/servlet/hhome HTTP/1.1" 200 3335
190.46.88.50 - - [05/Apr/2023:14:06:41 -0300] "GET /cormun/servlet/hhome HTTP/1.1" 200 3335
190.46.88.50 - - [05/Apr/2023:14:06:41 -0300] "GET /cormun/servlet/hlogin HTTP/1.1" 200 1739
190.171.142.26 - - [05/Apr/2023:14:06:48 -0300] "GET /cormun/static/Resources/resize.gif HTTP/1.1" 200 77
190.171.142.26 - - [05/Apr/2023:14:06:48 -0300] "GET /cormun/static/Resources/PXTools/ClosePrompt.png HTTP/1.1" 200 1036
190.171.142.26 - - [05/Apr/2023:14:06:48 -0300] "GET /cormun/servlet/prbanco?,MD,,gxPopupLevel%3D0%3B HTTP/1.1" 200 6520
190.171.142.26 - - [05/Apr/2023:14:06:48 -0300] "GET /cormun/static/gxcfg.js?20201216131581 HTTP/1.1" 200 953
190.171.142.26 - - [05/Apr/2023:14:06:48 -0300] "GET /cormun/static/prbanco.js?20201216132311 HTTP/1.1" 200 10693
190.171.142.26 - - [05/Apr/2023:14:06:48 -0300] "GET /cormun/static/menusearch.js?20201214473581 HTTP/1.1" 200 1424
190.171.142.26 - - [05/Apr/2023:14:06:48 -0300] "GET /cormun/static/hmpwkw011.js?202211298443482 HTTP/1.1" 200 1968
190.171.142.26 - - [05/Apr/2023:14:06:48 -0300] "GET /cormun/static/Resources/PXToolsMenuSearchCancel.png HTTP/1.1" 200 306
190.171.142.26 - - [05/Apr/2023:14:06:48 -0300] "GET /cormun/static/Resources/PXToolsMenuSearch.png HTTP/1.1" 200 336
190.171.153.26 - - [05/Apr/2023:14:06:49 -0300] "POST /cormun/servlet/trautorizarpermisogoce?fbb525ccc6a820f11cb8e9c411805d8d,,gx-no-cache=1680713484909 HTTP/1.1" 200 7554
190.171.153.26 - - [05/Apr/2023:14:06:49 -0300] "GET /cormun/static/Shared/jqueryui/images/ui-bg_highlight-soft_100_c6c2c8_1x100.png HTTP/1.1" 404 1117
190.171.153.26 - - [05/Apr/2023:14:06:49 -0300] "GET /cormun/static/Shared/jqueryui/images/ui-icons_82798d_256x240.png HTTP/1.1" 404 1089
190.171.153.26 - - [05/Apr/2023:14:06:49 -0300] "GET /cormun/static/Shared/jqueryui/images/ui-bg_flat_55_fafafa_40x100.png HTTP/1.1" 404 1097
190.171.153.26 - - [05/Apr/2023:14:06:49 -0300] "GET /cormun/static/Shared/jqueryui/images/ui-icons_8d78a5_256x240.png HTTP/1.1" 404 1089
190.171.153.26 - - [05/Apr/2023:14:06:53 -0300] "POST /cormun/servlet/trautorizarpermisogoce?fbb525ccc6a820f11cb8e9c411805d8d,,gx-no-cache=1680713488917 HTTP/1.1" 200 7333
190.171.153.26 - - [05/Apr/2023:14:06:58 -0300] "POST /cormun/servlet/trautorizarpermisogoce?fbb525ccc6a820f11cb8e9c411805d8d,,gx-no-cache=1680713493765 HTTP/1.1" 200 7068
190.171.142.26 - - [05/Apr/2023:14:07:00 -0300] "GET /cormun/servlet/solicitudot?58dacbf1d5f630840d6a9d5f8991ab926abe83b9100b61c5b65a8fc53c1ea06f,gx-no-cache=1680713495855 HTTP/1.1" 200 70
190.171.153.26 - - [05/Apr/2023:14:07:02 -0300] "POST /cormun/servlet/trautorizarpermisogoce?fbb525ccc6a820f11cb8e9c411805d8d,,gx-no-cache=1680713497260 HTTP/1.1" 200 6828
190.171.142.26 - - [05/Apr/2023:14:07:10 -0300] "GET /cormun/servlet/prbanco?,MD,,gxPopupLevel%3D0%3B HTTP/1.1" 200 6520
190.171.153.26 - - [05/Apr/2023:14:07:10 -0300] "POST /cormun/servlet/trautorizarpermisogoce?fbb525ccc6a820f11cb8e9c411805d8d,,gx-no-cache=1680713505782 HTTP/1.1" 200 6665
190.171.153.26 - - [05/Apr/2023:14:07:15 -0300] "POST /cormun/servlet/trautorizarpermisogoce?fbb525ccc6a820f11cb8e9c411805d8d,,gx-no-cache=1680713510489 HTTP/1.1" 200 6455
190.171.153.26 - - [05/Apr/2023:14:07:22 -0300] "POST /cormun/servlet/trautorizarpermisogoce?fbb525ccc6a820f11cb8e9c411805d8d,,gx-no-cache=1680713517450 HTTP/1.1" 200 6244
190.171.153.26 - - [05/Apr/2023:14:07:24 -0300] "POST /cormun/servlet/trautorizarpermisogoce?fbb525ccc6a820f11cb8e9c411805d8d,,gx-no-cache=1680713519758 HTTP/1.1" 200 6024
190.171.153.26 - - [05/Apr/2023:14:07:28 -0300] "POST /cormun/servlet/trautorizarpermisogoce?fbb525ccc6a820f11cb8e9c411805d8d,,gx-no-cache=1680713523448 HTTP/1.1" 200 5804
186.67.172.234 - - [05/Apr/2023:14:07:30 -0300] "GET /cormun/servlet/solicitudot?9aac3e99e32e3a8bf4b08d76ac59b8add8dbd1ad67989dc2d48dcaa4d9cadea9,gx-no-cache=1680713526107 HTTP/1.1" 200 51
190.171.153.26 - - [05/Apr/2023:14:07:31 -0300] "POST /cormun/servlet/trautorizarpermisogoce?fbb525ccc6a820f11cb8e9c411805d8d,,gx-no-cache=1680713527226 HTTP/1.1" 200 5563
186.67.172.234 - - [05/Apr/2023:14:07:33 -0300] "POST /cormun/servlet/solicitudot?gx-no-cache=1680713529357 HTTP/1.1" 200 255
186.67.172.234 - - [05/Apr/2023:14:07:35 -0300] "GET /cormun/servlet/solicitudot?9aac3e99e32e3a8bf4b08d76ac59b8ad6858445cd226c14546cc8172c309f1b6c30327c4914e0a23fa2f4c4afffdea7590c162cc0d10aa4185958323ee967ef1a67d53531c6ff0de2000404dc777e6816b749dbac7e0ab60c68555755451778253d46714657bb083b5e1e1245d0d0f093d2719567a93f3c9087a5485b8cf7094e3a09daf2407d69fa38e2591952e539fdeb3ad9cc88fa4b0e5d4fb96e49520de225b1edbd734432509f1304ba0d7b4e4455bac9efc1b9bf1d2876930c660ea4984b2c65841bd0d8b225cd06abc8d58e7f59c09e512e46834e787ff079d7c3ca4d2ae4eddfd0fe253c7e83779163c4e3781082e0342ed41f4a19f08886dfe4d54518b857dfb414aa0d5d2261dbee679e7e25cd958ab6c05fd89f63f3d57248396880d1293b44c95ff251d7704050c43672d893411171db1f552ecb18c746761d6818f1bcc83aacfa698f386e761c806fc3481be219fcd79f957863f1d328c29d3e8ed66d4a3c111fc3874d593bc76bf9e0c9e1264388a0fa1bb41a4460ad1ed86,gx-no-cache=1680713530677 HTTP/1.1" 200 30
186.67.172.234 - - [05/Apr/2023:14:07:37 -0300] "POST /cormun/servlet/solicitudot?gx-no-cache=1680713532900 HTTP/1.1" 200 30
190.171.142.26 - - [05/Apr/2023:14:07:37 -0300] "GET /cormun/servlet/solicitudot?58dacbf1d5f630840d6a9d5f8991ab927a69eb13840b8d48ca3d71d042455a0c01a10f001e9959be1dbca4f0db6ac84a55c35781383cd1e018120c18dcef9741f2e123ea97dcf4ed856d2be917f9ea70ecf359c9f7625a78ce8b7fd1ccd8dc6f,gx-no-cache=1680713533094 HTTP/1.1" 200 70
186.67.172.234 - - [05/Apr/2023:14:07:38 -0300] "POST /cormun/servlet/solicitudot?gx-no-cache=1680713533822 HTTP/1.1" 200 1466
186.67.172.234 - - [05/Apr/2023:14:07:38 -0300] "POST /cormun/servlet/solicitudot?gx-no-cache=1680713533869 HTTP/1.1" 200 38
66.249.70.179 - - [05/Apr/2023:14:07:58 -0300] "GET /cormun/servlet/wbsecusr01? HTTP/1.1" 302 -
66.249.70.183 - - [05/Apr/2023:14:07:59 -0300] "GET /cormun/servlet/hlogin HTTP/1.1" 200 1745
186.67.172.234 - - [05/Apr/2023:14:08:07 -0300] "GET /cormun/servlet/solicitudot?9aac3e99e32e3a8bf4b08d76ac59b8ad206203cbc2bab57dde4945f99b9b30aa79ee4f12e43f9dbeddfe0d2cd5d02a18d0e723cf3e3f7fbaac92f2dffbe60ceec069ef81be610c48b25576c99587a2c6d1cfbc10255f4ea83bd8ca94be3e31e12a9b7133e19ecd7a12ba53a25c9d042e,gx-no-cache=1680713563527 HTTP/1.1" 200 110
190.171.142.26 - - [05/Apr/2023:14:08:09 -0300] "POST /cormun/servlet/solicitudot?gx-no-cache=1680713565031 HTTP/1.1" 200 297
190.171.142.26 - - [05/Apr/2023:14:08:09 -0300] "GET /cormun/servlet/solicitudot?58dacbf1d5f630840d6a9d5f8991ab92a66091336cbdcbe4cb4a28c045aeb079c5a9f98366673d74ce4cc9abaf448f96206ae70f0ddfc16871d10413e642bcec90f7ec1f92f343069b10b97ff3a2b77dfedeed5b22fb8752cf531b7d50984c983a54d69bea32133a6c0919163da1928dc687f6b28ec4405b240e9de26d2eb092d04c50f715fe31fd32fd69f20ac58aa2ed22caac7ee57cca07c275817c2811a7530dc2a3b36c183f1b1be1acceb698326a1631e994dea62f77b43da4d76d0d09fb43ac9d2afc7ccdd3c44c014fcb5100183928246af0191af553f5846e1c3b85b87c13bd8434e59caa3b5a66766f20516b621c57723cb2f71d8e446544f59585603a3f603b504537b75200cfdbcfa56ae6c76c00bb413fe3a83ccf7282c5986bac096cafa9c6bacc5ae386587f4c8fcf41b8fc686aa487f0f6a550511e94162a096e73e73730c1db832159f2120d8628c9c090288a5263d85f8a0f267b6b890206966e369c0520febd89efed80aab7fe1a6632ac8c913eb5d2afb145650bf81d1edd7c22fcaee99b5f6a8b9a7f234c01,gx-no-cache=1680713565067 HTTP/1.1" 200 30
186.67.172.234 - - [05/Apr/2023:14:08:13 -0300] "POST /cormun/servlet/solicitudot?gx-no-cache=1680713569012 HTTP/1.1" 200 97
190.171.142.26 - - [05/Apr/2023:14:08:14 -0300] "POST /cormun/servlet/solicitudot?gx-no-cache=1680713570098 HTTP/1.1" 200 30
190.171.142.26 - - [05/Apr/2023:14:08:16 -0300] "POST /cormun/servlet/solicitudot?gx-no-cache=1680713572156 HTTP/1.1" 200 1468
190.171.142.26 - - [05/Apr/2023:14:08:16 -0300] "POST /cormun/servlet/solicitudot?gx-no-cache=1680713572188 HTTP/1.1" 200 38
190.171.153.26 - - [05/Apr/2023:14:08:22 -0300] "POST /cormun/servlet/trautorizarpermisogoce?fbb525ccc6a820f11cb8e9c411805d8d,,gx-no-cache=1680713577815 HTTP/1.1" 200 5273
190.171.142.26 - - [05/Apr/2023:14:09:15 -0300] "GET /cormun/servlet/solicitudot?58dacbf1d5f630840d6a9d5f8991ab92a446ded70c2731499976c7e5577c4032d18b0c6630b68f5528d91140d2c6adcac054fbd6eb62977a2bfafc25d40b28a28b95750da210688bf343fc03b89c552ef6306c0291636817a322201b888bf7d09efa8da3b4ab804dbd2196e234ce57bd,gx-no-cache=1680713630484 HTTP/1.1" 200 110
190.171.142.26 - - [05/Apr/2023:14:09:15 -0300] "POST /cormun/servlet/solicitudot?gx-no-cache=1680713630738 HTTP/1.1" 200 79
190.171.142.26 - - [05/Apr/2023:14:09:24 -0300] "GET /cormun/servlet/solicitudot?58dacbf1d5f630840d6a9d5f8991ab9217d7e197d4ff95d3b120a9a018e7a46590014cf140907999ec93ca3c483631cfa50bf5c08c92c654f6432814378e860f6bbedb6d9152e877170b761828489c170c873289f806628464db500e1c3e64aaf287f955ee734436940ff8a0a87ea331,gx-no-cache=1680713639856 HTTP/1.1" 200 29
190.171.142.26 - - [05/Apr/2023:14:09:24 -0300] "GET /cormun/static/menuarrow.gif HTTP/1.1" 404 1015
190.171.142.26 - - [05/Apr/2023:14:09:27 -0300] "GET /cormun/servlet/solicitudot?58dacbf1d5f630840d6a9d5f8991ab922f99f6af18d8a828b0169d315faff89adf6205715f9a8e40104effa8dc676527,gx-no-cache=1680713643367 HTTP/1.1" 200 30
190.171.142.26 - - [05/Apr/2023:14:09:42 -0300] "POST /cormun/servlet/solicitudot?gx-no-cache=1680713658394 HTTP/1.1" 200 30
190.171.142.26 - - [05/Apr/2023:14:09:43 -0300] "POST /cormun/servlet/solicitudot?fcc099ee2bc74364d06cdc2f64a67a53,INS,0,0,false,,gx-no-cache=1680713658419 HTTP/1.1" 200 93
190.171.142.26 - - [05/Apr/2023:14:09:43 -0300] "GET /cormun/servlet/hpexe_return? HTTP/1.1" 200 1005
190.171.142.26 - - [05/Apr/2023:14:09:43 -0300] "GET /cormun/static/gxcfg.js?20221129846035 HTTP/1.1" 200 953
190.171.142.26 - - [05/Apr/2023:14:09:43 -0300] "GET /cormun/static/hpexe_return.js?20221129846037 HTTP/1.1" 200 1633
190.171.142.26 - - [05/Apr/2023:14:09:43 -0300] "GET /cormun/servlet/trsolicitudot HTTP/1.1" 200 8594
190.171.142.26 - - [05/Apr/2023:14:09:43 -0300] "GET /cormun/servlet/trsolicitudot HTTP/1.1" 200 8590
190.171.153.26 - - [05/Apr/2023:14:10:46 -0300] "GET /cormun/servlet/trlicencias? HTTP/1.1" 200 11074
190.171.153.26 - - [05/Apr/2023:14:10:47 -0300] "GET /cormun/static/gxcfg.js?202211298463625 HTTP/1.1" 200 953
190.171.153.26 - - [05/Apr/2023:14:10:47 -0300] "GET /cormun/static/Resources/PXToolsAddAllAction.png HTTP/1.1" 200 495
190.171.153.26 - - [05/Apr/2023:14:10:47 -0300] "GET /cormun/static/trlicencias.js?202211298463889 HTTP/1.1" 200 41883
190.171.153.26 - - [05/Apr/2023:14:10:47 -0300] "GET /cormun//static/Resources/PXToolsActionDisabled.gif HTTP/1.1" 200 53
190.171.153.26 - - [05/Apr/2023:14:10:47 -0300] "GET /cormun/servlet/trlicencias? HTTP/1.1" 200 11074
186.67.172.234 - - [05/Apr/2023:14:10:53 -0300] "POST /cormun/servlet/solicitudot?gx-no-cache=1680713729143 HTTP/1.1" 200 30
186.67.172.234 - - [05/Apr/2023:14:10:53 -0300] "POST /cormun/servlet/solicitudot?gx-no-cache=1680713729173 HTTP/1.1" 200 1469
186.67.172.234 - - [05/Apr/2023:14:10:53 -0300] "POST /cormun/servlet/solicitudot?gx-no-cache=1680713729200 HTTP/1.1" 200 38
186.67.172.234 - - [05/Apr/2023:14:10:53 -0300] "GET /cormun/servlet/solicitudot?9aac3e99e32e3a8bf4b08d76ac59b8ad206203cbc2bab57dde4945f99b9b30aa79ee4f12e43f9dbeddfe0d2cd5d02a18d0e723cf3e3f7fbaac92f2dffbe60ceec069ef81be610c48b25576c99587a2c6d1cfbc10255f4ea83bd8ca94be3e31e12a9b7133e19ecd7a12ba53a25c9d042e,gx-no-cache=1680713729217 HTTP/1.1" 200 110
186.67.172.234 - - [05/Apr/2023:14:10:53 -0300] "POST /cormun/servlet/solicitudot?gx-no-cache=1680713729236 HTTP/1.1" 200 97
186.67.172.234 - - [05/Apr/2023:14:10:53 -0300] "GET /cormun/servlet/solicitudot?9aac3e99e32e3a8bf4b08d76ac59b8ad5017ab6c6ffe1b3cb2fcaa51f8d3bff00a7b5eb61594446a7b77adad2d22ecb4433bc912224e3bc2492cfcde825e5e2a99816c6402d3ebe48a273712db8e3c1c22147a446e2649d2c49a0a8287d16ba3188b8bb1dfd24bc12eafc3597cc8dcc5,gx-no-cache=1680713729258 HTTP/1.1" 200 29
186.67.172.234 - - [05/Apr/2023:14:10:53 -0300] "GET /cormun/static/menuarrow.gif HTTP/1.1" 404 1015
186.67.172.234 - - [05/Apr/2023:14:10:55 -0300] "GET /cormun/servlet/solicitudot?9aac3e99e32e3a8bf4b08d76ac59b8ad6858445cd226c14546cc8172c309f1b6c30327c4914e0a23fa2f4c4afffdea7590c162cc0d10aa4185958323ee967ef1a67d53531c6ff0de2000404dc777e6816b749dbac7e0ab60c68555755451778253d46714657bb083b5e1e1245d0d0f093d2719567a93f3c9087a5485b8cf7094e3a09daf2407d69fa38e2591952e539fdeb3ad9cc88fa4b0e5d4fb96e49520de225b1edbd734432509f1304ba0d7b4e4455bac9efc1b9bf1d2876930c660ea4984b2c65841bd0d8b225cd06abc8d58e7f59c09e512e46834e787ff079d7c3ca4d2ae4eddfd0fe253c7e83779163c4e3781082e0342ed41f4a19f08886dfe4d54518b857dfb414aa0d5d2261dbee679e7e25cd958ab6c05fd89f63f3d57248396880d1293b44c95ff251d7704050c43672d893411171db1f552ecb18c746761d6818f1bcc83aacfa698f386e761c806fc3481be219fcd79f957863f1d328c29d3e8ed66d4a3c111fc3874d593bc76bf9e1b23880f5f397944f16c41f85166fcca,gx-no-cache=1680713730917 HTTP/1.1" 200 30
186.67.172.234 - - [05/Apr/2023:14:10:55 -0300] "POST /cormun/servlet/solicitudot?gx-no-cache=1680713730950 HTTP/1.1" 200 30
186.67.172.234 - - [05/Apr/2023:14:10:55 -0300] "POST /cormun/servlet/solicitudot?gx-no-cache=1680713731337 HTTP/1.1" 200 1469
186.67.172.234 - - [05/Apr/2023:14:10:55 -0300] "POST /cormun/servlet/solicitudot?gx-no-cache=1680713731374 HTTP/1.1" 200 38
186.67.172.234 - - [05/Apr/2023:14:10:55 -0300] "GET /cormun/servlet/solicitudot?9aac3e99e32e3a8bf4b08d76ac59b8ad206203cbc2bab57dde4945f99b9b30aa79ee4f12e43f9dbeddfe0d2cd5d02a18d0e723cf3e3f7fbaac92f2dffbe60ceec069ef81be610c48b25576c99587a2c6d1cfbc10255f4ea83bd8ca94be3e31e12a9b7133e19ecd7a12ba53a25c9d042e,gx-no-cache=1680713731391 HTTP/1.1" 200 110
186.67.172.234 - - [05/Apr/2023:14:10:55 -0300] "POST /cormun/servlet/solicitudot?gx-no-cache=1680713731409 HTTP/1.1" 200 97
186.67.172.234 - - [05/Apr/2023:14:10:56 -0300] "GET /cormun/servlet/solicitudot?9aac3e99e32e3a8bf4b08d76ac59b8ad88797d72d687824ff1eba1ea65068bdaa8cbba518b4e038de5a543c323d0d829,gx-no-cache=1680713732515 HTTP/1.1" 200 30
186.67.172.234 - - [05/Apr/2023:14:11:02 -0300] "POST /cormun/servlet/solicitudot?gx-no-cache=1680713738411 HTTP/1.1" 200 30
186.67.172.234 - - [05/Apr/2023:14:11:34 -0300] "GET /cormun/servlet/solicitudot?9aac3e99e32e3a8bf4b08d76ac59b8ad88797d72d687824ff1eba1ea65068bdaa8cbba518b4e038de5a543c323d0d829,gx-no-cache=1680713770517 HTTP/1.1" 200 30
186.67.172.234 - - [05/Apr/2023:14:11:34 -0300] "POST /cormun/servlet/solicitudot?gx-no-cache=1680713770559 HTTP/1.1" 200 30
186.67.172.234 - - [05/Apr/2023:14:11:35 -0300] "POST /cormun/servlet/solicitudot?c2147f8c0439eb28c8b49b8a49ebca99,INS,0,0,false,,gx-no-cache=1680713770580 HTTP/1.1" 200 93
186.67.172.234 - - [05/Apr/2023:14:11:35 -0300] "GET /cormun/servlet/hpexe_return? HTTP/1.1" 200 1008
186.67.172.234 - - [05/Apr/2023:14:11:36 -0300] "GET /cormun/servlet/trsolicitudot HTTP/1.1" 200 9093
186.67.172.234 - - [05/Apr/2023:14:11:36 -0300] "GET /cormun/servlet/trsolicitudot HTTP/1.1" 200 9089
186.67.172.234 - - [05/Apr/2023:14:11:43 -0300] "POST /cormun/servlet/trsolicitudot?c2147f8c0439eb28c8b49b8a49ebca99,gx-no-cache=1680713779584 HTTP/1.1" 200 107
186.67.172.234 - - [05/Apr/2023:14:11:44 -0300] "GET /cormun/servlet/trsolicitudadjuntos?2023,19945, HTTP/1.1" 200 6270
186.67.172.234 - - [05/Apr/2023:14:11:44 -0300] "GET /cormun/servlet/trsolicitudadjuntos?2023,19945, HTTP/1.1" 200 6268
186.67.172.234 - - [05/Apr/2023:14:11:46 -0300] "GET /cormun/servlet/solicitudotadjuntos?INS,2023,19945,,1, HTTP/1.1" 200 6213
186.67.172.234 - - [05/Apr/2023:14:11:46 -0300] "GET /cormun/static/about:blank HTTP/1.1" 404 1011
186.67.172.234 - - [05/Apr/2023:14:11:46 -0300] "GET /cormun/servlet/solicitudotadjuntos?INS,2023,19945,,1, HTTP/1.1" 200 6206
186.67.172.234 - - [05/Apr/2023:14:11:47 -0300] "GET /cormun/servlet/solicitudotadjuntos?9aac3e99e32e3a8bf4b08d76ac59b8ad7e4fb2bc13cc07c321b202dd9b1f8c912fc85ae9991c8ba207040888066adf37,gx-no-cache=1680713782799 HTTP/1.1" 200 30
186.67.172.234 - - [05/Apr/2023:14:11:47 -0300] "POST /cormun/servlet/solicitudotadjuntos?c2147f8c0439eb28c8b49b8a49ebca99,INS,2023,19945,,1,,gx-no-cache=1680713782817 HTTP/1.1" 200 4192
186.67.172.234 - - [05/Apr/2023:14:11:51 -0300] "POST /cormun/servlet/solicitudotadjuntos?gx-no-cache=1680713786976 HTTP/1.1" 200 26
190.171.153.26 - - [05/Apr/2023:14:13:09 -0300] "GET /cormun/servlet/trcontratosolicitud? HTTP/1.1" 200 14802
190.171.153.26 - - [05/Apr/2023:14:13:09 -0300] "GET /cormun/static/gxcfg.js?202211298514361 HTTP/1.1" 200 953
190.171.153.26 - - [05/Apr/2023:14:13:09 -0300] "GET /cormun/static/trcontratosolicitud.js?202211298514531 HTTP/1.1" 200 28237
190.171.153.26 - - [05/Apr/2023:14:13:09 -0300] "GET /cormun//static/Resources/PXToolsGridNew.png HTTP/1.1" 200 427
190.171.153.26 - - [05/Apr/2023:14:13:09 -0300] "GET /cormun/servlet/trcontratosolicitud? HTTP/1.1" 200 14803
190.46.88.50 - - [05/Apr/2023:14:13:23 -0300] "POST /cormun/servlet/hlogin?e04dc587f11655c8ebd70f763c6ba9da,gx-no-cache=1680713877133 HTTP/1.1" 200 90
190.46.88.50 - - [05/Apr/2023:14:13:23 -0300] "GET /cormun/servlet/hpexe_link HTTP/1.1" 200 955
190.46.88.50 - - [05/Apr/2023:14:13:23 -0300] "GET /cormun/servlet/hhome HTTP/1.1" 200 4322
190.46.88.50 - - [05/Apr/2023:14:13:23 -0300] "GET /cormun/servlet/hhome HTTP/1.1" 200 4318
190.171.142.26 - - [05/Apr/2023:14:13:25 -0300] "POST /cormun/servlet/trsolicitudot?fcc099ee2bc74364d06cdc2f64a67a53,gx-no-cache=1680713881215 HTTP/1.1" 200 107
190.171.142.26 - - [05/Apr/2023:14:13:25 -0300] "GET /cormun/servlet/trsolicitudadjuntos?2023,19944, HTTP/1.1" 200 6077
190.171.142.26 - - [05/Apr/2023:14:13:25 -0300] "GET /cormun/servlet/trsolicitudadjuntos?2023,19944, HTTP/1.1" 200 6076
190.46.88.50 - - [05/Apr/2023:14:13:29 -0300] "GET /cormun/servlet/trpermisosgoce? HTTP/1.1" 200 9373
190.46.88.50 - - [05/Apr/2023:14:13:29 -0300] "GET /cormun/servlet/trpermisosgoce? HTTP/1.1" 200 9371
190.171.142.26 - - [05/Apr/2023:14:13:29 -0300] "GET /cormun/servlet/solicitudotadjuntos?INS,2023,19944,,1, HTTP/1.1" 200 6022
190.171.142.26 - - [05/Apr/2023:14:13:29 -0300] "GET /cormun/static/gxcfg.js?202211298385187 HTTP/1.1" 200 953
190.171.142.26 - - [05/Apr/2023:14:13:30 -0300] "GET /cormun/static/solicitudotadjuntos.js?202211298385196 HTTP/1.1" 200 11771
190.171.142.26 - - [05/Apr/2023:14:13:30 -0300] "GET /cormun/static/about:blank HTTP/1.1" 404 1011
190.171.142.26 - - [05/Apr/2023:14:13:30 -0300] "GET /cormun/servlet/solicitudotadjuntos?INS,2023,19944,,1, HTTP/1.1" 200 6016
190.171.142.26 - - [05/Apr/2023:14:13:30 -0300] "GET /cormun/servlet/solicitudotadjuntos?58dacbf1d5f630840d6a9d5f8991ab92ee73ea219d2930719ca4d7544bfc910263c517b7b9e4eefefd32f8550680c950,gx-no-cache=1680713886377 HTTP/1.1" 200 30
190.171.142.26 - - [05/Apr/2023:14:13:30 -0300] "POST /cormun/servlet/solicitudotadjuntos?fcc099ee2bc74364d06cdc2f64a67a53,INS,2023,19944,,1,,gx-no-cache=1680713886393 HTTP/1.1" 200 3872
190.171.142.26 - - [05/Apr/2023:14:13:32 -0300] "POST /cormun/servlet/solicitudotadjuntos?gx-no-cache=1680713888349 HTTP/1.1" 200 26
190.46.88.50 - - [05/Apr/2023:14:13:36 -0300] "GET /cormun/servlet/permisogoce?INS,0,,, HTTP/1.1" 200 7211
190.46.88.50 - - [05/Apr/2023:14:13:36 -0300] "GET /cormun/static/gxcfg.js?20201215124560 HTTP/1.1" 200 953
190.46.88.50 - - [05/Apr/2023:14:13:36 -0300] "GET /cormun/static/permisogoce.js?20201215124939 HTTP/1.1" 200 27790
190.46.88.50 - - [05/Apr/2023:14:13:37 -0300] "GET /cormun/servlet/permisogoce?INS,0,,, HTTP/1.1" 200 7211
190.171.142.26 - - [05/Apr/2023:14:13:43 -0300] "GET /cormun/servlet/solicitudotadjuntos?58dacbf1d5f630840d6a9d5f8991ab92e60ad8921cab728d15983587e5688d1b,gx-no-cache=1680713899587 HTTP/1.1" 200 30
190.171.142.26 - - [05/Apr/2023:14:13:43 -0300] "GET /cormun/servlet/solicitudotadjuntos?58dacbf1d5f630840d6a9d5f8991ab92e60ad8921cab728d15983587e5688d1b,gx-no-cache=1680713899601 HTTP/1.1" 200 30
190.171.142.26 - - [05/Apr/2023:14:13:44 -0300] "POST /cormun/servlet/solicitudotadjuntos?fcc099ee2bc74364d06cdc2f64a67a53,INS,2023,19944,,1, HTTP/1.1" 200 116
190.171.142.26 - - [05/Apr/2023:14:13:44 -0300] "GET /cormun/servlet/hpexe_return? HTTP/1.1" 200 1023
190.171.142.26 - - [05/Apr/2023:14:13:44 -0300] "GET /cormun/servlet/trsolicitudadjuntos?2023,19944, HTTP/1.1" 200 9033
190.171.142.26 - - [05/Apr/2023:14:13:45 -0300] "GET /cormun/servlet/trsolicitudadjuntos?2023,19944, HTTP/1.1" 200 9029
190.171.142.26 - - [05/Apr/2023:14:13:48 -0300] "GET /cormun/PublicTempStorage/cedula_identidad_lucia_benitt_coluccio5060661.pdf HTTP/1.1" 206 1025
190.171.142.26 - - [05/Apr/2023:14:13:48 -0300] "GET /cormun/PublicTempStorage/cedula_identidad_lucia_benitt_coluccio5060661.pdf HTTP/1.1" 200 790554
190.171.141.82 - - [05/Apr/2023:14:13:56 -0300] "GET /cormun/servlet/trpermisosgoce? HTTP/1.1" 200 6039
190.171.141.82 - - [05/Apr/2023:14:13:57 -0300] "GET /cormun/servlet/hlogin HTTP/1.1" 200 1743
190.171.141.82 - - [05/Apr/2023:14:13:57 -0300] "GET /cormun/servlet/trpermisosgoce? HTTP/1.1" 200 6032
190.171.141.82 - - [05/Apr/2023:14:14:06 -0300] "POST /cormun/servlet/hlogin?879bc8396f72a371edf568ae46e5679c,gx-no-cache=1680713923928 HTTP/1.1" 200 90
190.171.141.82 - - [05/Apr/2023:14:14:06 -0300] "GET /cormun/servlet/hpexe_link HTTP/1.1" 200 958
190.171.141.82 - - [05/Apr/2023:14:14:07 -0300] "GET /cormun/servlet/trpermisosgoce HTTP/1.1" 200 11118
190.171.141.82 - - [05/Apr/2023:14:14:07 -0300] "GET /cormun/servlet/trpermisosgoce HTTP/1.1" 200 11131
190.171.142.26 - - [05/Apr/2023:14:14:07 -0300] "GET /cormun/servlet/hlogin HTTP/1.1" 200 1718
190.171.141.82 - - [05/Apr/2023:14:14:10 -0300] "GET /cormun/servlet/trpermisosgoce? HTTP/1.1" 200 11132
190.171.141.82 - - [05/Apr/2023:14:14:11 -0300] "GET /cormun/servlet/trpermisosgoce? HTTP/1.1" 200 11118
190.171.141.82 - - [05/Apr/2023:14:14:13 -0300] "GET /cormun/servlet/permisogoce?INS,0,,, HTTP/1.1" 200 6830
190.171.141.82 - - [05/Apr/2023:14:14:13 -0300] "GET /cormun/servlet/permisogoce?INS,0,,, HTTP/1.1" 200 6829
190.171.142.26 - - [05/Apr/2023:14:14:16 -0300] "POST /cormun/servlet/hlogin?fcc099ee2bc74364d06cdc2f64a67a53,gx-no-cache=1680713932410 HTTP/1.1" 200 90
190.171.142.26 - - [05/Apr/2023:14:14:16 -0300] "GET /cormun/servlet/hpexe_link HTTP/1.1" 200 967
190.171.142.26 - - [05/Apr/2023:14:14:16 -0300] "GET /cormun/servlet/trsolicitudadjuntos?2023,19944, HTTP/1.1" 200 9030
190.171.142.26 - - [05/Apr/2023:14:14:17 -0300] "GET /cormun/servlet/trsolicitudadjuntos?2023,19944, HTTP/1.1" 200 9028
190.171.142.26 - - [05/Apr/2023:14:14:20 -0300] "GET /cormun/servlet/solicitudotadjuntos?INS,2023,19944,,1, HTTP/1.1" 200 6022
190.171.142.26 - - [05/Apr/2023:14:14:20 -0300] "GET /cormun/static/about:blank HTTP/1.1" 404 1011
190.171.142.26 - - [05/Apr/2023:14:14:20 -0300] "GET /cormun/servlet/solicitudotadjuntos?INS,2023,19944,,1, HTTP/1.1" 200 6015
190.171.142.26 - - [05/Apr/2023:14:14:20 -0300] "GET /cormun/servlet/solicitudotadjuntos?58dacbf1d5f630840d6a9d5f8991ab92ee73ea219d2930719ca4d7544bfc910263c517b7b9e4eefefd32f8550680c950,gx-no-cache=1680713936705 HTTP/1.1" 200 30
190.171.142.26 - - [05/Apr/2023:14:14:21 -0300] "POST /cormun/servlet/solicitudotadjuntos?fcc099ee2bc74364d06cdc2f64a67a53,INS,2023,19944,,1,,gx-no-cache=1680713936723 HTTP/1.1" 200 3872
190.171.141.82 - - [05/Apr/2023:14:14:22 -0300] "GET /cormun/servlet/permisogoce?ea16673505987470cf017f1e61ca8836cbe3ab4609a4b156526a7579f1f191d8dd87239f056c85b74c994347577d3e0203766c861e9ae1f3704d7c6294a02890,gx-no-cache=1680713940009 HTTP/1.1" 200 81
190.171.142.26 - - [05/Apr/2023:14:14:23 -0300] "POST /cormun/servlet/solicitudotadjuntos?gx-no-cache=1680713939066 HTTP/1.1" 200 26
190.171.142.26 - - [05/Apr/2023:14:14:28 -0300] "GET /cormun/servlet/solicitudotadjuntos?58dacbf1d5f630840d6a9d5f8991ab92e60ad8921cab728d15983587e5688d1b,gx-no-cache=1680713944321 HTTP/1.1" 200 30
190.171.142.26 - - [05/Apr/2023:14:14:28 -0300] "GET /cormun/servlet/solicitudotadjuntos?58dacbf1d5f630840d6a9d5f8991ab92e60ad8921cab728d15983587e5688d1b,gx-no-cache=1680713944335 HTTP/1.1" 200 30
190.171.142.26 - - [05/Apr/2023:14:14:31 -0300] "POST /cormun/servlet/solicitudotadjuntos?fcc099ee2bc74364d06cdc2f64a67a53,INS,2023,19944,,1, HTTP/1.1" 200 116
190.171.142.26 - - [05/Apr/2023:14:14:31 -0300] "GET /cormun/servlet/hpexe_return? HTTP/1.1" 200 1023
190.171.141.82 - - [05/Apr/2023:14:14:31 -0300] "GET /cormun/servlet/permisogoce?ea16673505987470cf017f1e61ca883616a49bb88a9c292d625b13d1730a84b1f37c3b4861cec376bbb7637933eae091cc8116b593fc726f180e0ee490352e40,gx-no-cache=1680713948634 HTTP/1.1" 200 44
190.171.142.26 - - [05/Apr/2023:14:14:31 -0300] "GET /cormun/servlet/trsolicitudadjuntos?2023,19944, HTTP/1.1" 200 9268
190.171.142.26 - - [05/Apr/2023:14:14:32 -0300] "GET /cormun/servlet/trsolicitudadjuntos?2023,19944, HTTP/1.1" 200 9266
190.171.142.26 - - [05/Apr/2023:14:14:34 -0300] "GET /cormun/servlet/solicitudotadjuntos?INS,2023,19944,,1, HTTP/1.1" 200 6022
190.171.142.26 - - [05/Apr/2023:14:14:34 -0300] "GET /cormun/static/about:blank HTTP/1.1" 404 1011
190.171.142.26 - - [05/Apr/2023:14:14:34 -0300] "GET /cormun/servlet/solicitudotadjuntos?INS,2023,19944,,1, HTTP/1.1" 200 6016
190.171.142.26 - - [05/Apr/2023:14:14:35 -0300] "GET /cormun/servlet/solicitudotadjuntos?58dacbf1d5f630840d6a9d5f8991ab92ee73ea219d2930719ca4d7544bfc910263c517b7b9e4eefefd32f8550680c950,gx-no-cache=1680713951089 HTTP/1.1" 200 30
190.171.142.26 - - [05/Apr/2023:14:14:35 -0300] "POST /cormun/servlet/solicitudotadjuntos?fcc099ee2bc74364d06cdc2f64a67a53,INS,2023,19944,,1,,gx-no-cache=1680713951105 HTTP/1.1" 200 3872
190.171.142.26 - - [05/Apr/2023:14:14:37 -0300] "POST /cormun/servlet/solicitudotadjuntos?gx-no-cache=1680713953585 HTTP/1.1" 200 26
190.171.142.26 - - [05/Apr/2023:14:14:42 -0300] "GET /cormun/servlet/solicitudotadjuntos?58dacbf1d5f630840d6a9d5f8991ab92e60ad8921cab728d15983587e5688d1b,gx-no-cache=1680713958521 HTTP/1.1" 200 30
190.171.142.26 - - [05/Apr/2023:14:14:42 -0300] "GET /cormun/servlet/solicitudotadjuntos?58dacbf1d5f630840d6a9d5f8991ab92e60ad8921cab728d15983587e5688d1b,gx-no-cache=1680713958534 HTTP/1.1" 200 30
190.171.142.26 - - [05/Apr/2023:14:14:43 -0300] "POST /cormun/servlet/solicitudotadjuntos?fcc099ee2bc74364d06cdc2f64a67a53,INS,2023,19944,,1, HTTP/1.1" 200 116
190.171.142.26 - - [05/Apr/2023:14:14:43 -0300] "GET /cormun/servlet/hpexe_return? HTTP/1.1" 200 1023
190.171.142.26 - - [05/Apr/2023:14:14:43 -0300] "GET /cormun/servlet/trsolicitudadjuntos?2023,19944, HTTP/1.1" 200 9472
190.171.142.26 - - [05/Apr/2023:14:14:44 -0300] "GET /cormun/servlet/trsolicitudadjuntos?2023,19944, HTTP/1.1" 200 9469
190.171.141.82 - - [05/Apr/2023:14:14:46 -0300] "POST /cormun/servlet/permisogoce?879bc8396f72a371edf568ae46e5679c,INS,0,,,,gx-no-cache=1680713962339 HTTP/1.1" 200 93
190.171.141.82 - - [05/Apr/2023:14:14:46 -0300] "GET /cormun/servlet/hpexe_return? HTTP/1.1" 200 1011
190.171.141.82 - - [05/Apr/2023:14:14:46 -0300] "GET /cormun/servlet/trpermisosgoce HTTP/1.1" 200 11463
190.171.142.26 - - [05/Apr/2023:14:14:46 -0300] "GET /cormun/servlet/solicitudotadjuntos?INS,2023,19944,,1, HTTP/1.1" 200 6022
190.171.141.82 - - [05/Apr/2023:14:14:46 -0300] "GET /cormun/servlet/trpermisosgoce HTTP/1.1" 200 11468
190.171.142.26 - - [05/Apr/2023:14:14:46 -0300] "GET /cormun/static/about:blank HTTP/1.1" 404 1011
190.171.142.26 - - [05/Apr/2023:14:14:47 -0300] "GET /cormun/servlet/solicitudotadjuntos?INS,2023,19944,,1, HTTP/1.1" 200 6016
190.171.142.26 - - [05/Apr/2023:14:14:47 -0300] "GET /cormun/servlet/solicitudotadjuntos?58dacbf1d5f630840d6a9d5f8991ab92ee73ea219d2930719ca4d7544bfc910263c517b7b9e4eefefd32f8550680c950,gx-no-cache=1680713963274 HTTP/1.1" 200 30
190.171.142.26 - - [05/Apr/2023:14:14:47 -0300] "POST /cormun/servlet/solicitudotadjuntos?fcc099ee2bc74364d06cdc2f64a67a53,INS,2023,19944,,1,,gx-no-cache=1680713963290 HTTP/1.1" 200 3872
190.46.88.50 - - [05/Apr/2023:14:14:47 -0300] "GET /cormun/servlet/permisogoce?7feebdb093152b7f766501d75d19c6f14ee0d34d204b5a46e5d3fb5d42e38c29e3c8e6a3d1d538c6ceea30e3cc748b919b29f9b9c2b0e859493ba2e0c0b88aa2,gx-no-cache=1680713961693 HTTP/1.1" 200 84
190.171.141.82 - - [05/Apr/2023:14:14:49 -0300] "GET /cormun/servlet/apermisogoceprn?19987818,P,20230405125838,PU HTTP/1.1" 200 1661
190.46.88.50 - - [05/Apr/2023:14:14:49 -0300] "GET /cormun/static/menuarrow.gif HTTP/1.1" 404 1015
190.171.142.26 - - [05/Apr/2023:14:14:49 -0300] "POST /cormun/servlet/solicitudotadjuntos?gx-no-cache=1680713965690 HTTP/1.1" 200 26
190.46.88.50 - - [05/Apr/2023:14:14:58 -0300] "GET /cormun/servlet/permisogoce?7feebdb093152b7f766501d75d19c6f1b5e9d44b678a6347407de0f414daad655a6f9337c294525a92f8be197b5e2e26f9a93c6f754dabc93b665d7703c28457,gx-no-cache=1680713972081 HTTP/1.1" 200 46
190.46.88.50 - - [05/Apr/2023:14:15:00 -0300] "POST /cormun/servlet/permisogoce?e04dc587f11655c8ebd70f763c6ba9da,INS,0,,,,gx-no-cache=1680713973970 HTTP/1.1" 200 93
190.46.88.50 - - [05/Apr/2023:14:15:00 -0300] "GET /cormun/servlet/hpexe_return? HTTP/1.1" 200 1015
190.46.88.50 - - [05/Apr/2023:14:15:00 -0300] "GET /cormun/static/gxcfg.js?20221129846035 HTTP/1.1" 200 953
190.46.88.50 - - [05/Apr/2023:14:15:00 -0300] "GET /cormun/static/hpexe_return.js?20221129846037 HTTP/1.1" 200 1633
190.46.88.50 - - [05/Apr/2023:14:15:00 -0300] "GET /cormun/servlet/trpermisosgoce HTTP/1.1" 200 9612
190.46.88.50 - - [05/Apr/2023:14:15:01 -0300] "GET /cormun/servlet/trpermisosgoce HTTP/1.1" 200 9607
190.46.88.50 - - [05/Apr/2023:14:15:04 -0300] "GET /cormun/servlet/apermisogoceprn?19020669,P,20230405125801,PU HTTP/1.1" 200 1659
190.171.142.26 - - [05/Apr/2023:14:15:10 -0300] "GET /cormun/servlet/solicitudotadjuntos?58dacbf1d5f630840d6a9d5f8991ab92e60ad8921cab728d15983587e5688d1b,gx-no-cache=1680713985802 HTTP/1.1" 200 30
190.171.142.26 - - [05/Apr/2023:14:15:10 -0300] "GET /cormun/servlet/solicitudotadjuntos?58dacbf1d5f630840d6a9d5f8991ab92e60ad8921cab728d15983587e5688d1b,gx-no-cache=1680713985873 HTTP/1.1" 200 30
190.171.142.26 - - [05/Apr/2023:14:15:10 -0300] "POST /cormun/servlet/solicitudotadjuntos?fcc099ee2bc74364d06cdc2f64a67a53,INS,2023,19944,,1, HTTP/1.1" 200 116
190.171.142.26 - - [05/Apr/2023:14:15:10 -0300] "GET /cormun/servlet/hpexe_return? HTTP/1.1" 200 1023
190.171.142.26 - - [05/Apr/2023:14:15:11 -0300] "GET /cormun/servlet/trsolicitudadjuntos?2023,19944, HTTP/1.1" 200 9753
190.171.142.26 - - [05/Apr/2023:14:15:12 -0300] "GET /cormun/servlet/trsolicitudadjuntos?2023,19944, HTTP/1.1" 200 9751
190.171.142.26 - - [05/Apr/2023:14:15:14 -0300] "GET /cormun/servlet/solicitudotadjuntos?INS,2023,19944,,1, HTTP/1.1" 200 6022
190.171.142.26 - - [05/Apr/2023:14:15:14 -0300] "GET /cormun/static/about:blank HTTP/1.1" 404 1011
190.171.142.26 - - [05/Apr/2023:14:15:14 -0300] "GET /cormun/servlet/solicitudotadjuntos?INS,2023,19944,,1, HTTP/1.1" 200 6016
190.171.142.26 - - [05/Apr/2023:14:15:15 -0300] "GET /cormun/servlet/solicitudotadjuntos?58dacbf1d5f630840d6a9d5f8991ab92ee73ea219d2930719ca4d7544bfc910263c517b7b9e4eefefd32f8550680c950,gx-no-cache=1680713990715 HTTP/1.1" 200 30
190.171.142.26 - - [05/Apr/2023:14:15:15 -0300] "POST /cormun/servlet/solicitudotadjuntos?fcc099ee2bc74364d06cdc2f64a67a53,INS,2023,19944,,1,,gx-no-cache=1680713990729 HTTP/1.1" 200 3872
190.171.142.26 - - [05/Apr/2023:14:15:17 -0300] "POST /cormun/servlet/solicitudotadjuntos?gx-no-cache=1680713993577 HTTP/1.1" 200 26
190.171.142.26 - - [05/Apr/2023:14:15:24 -0300] "GET /cormun/servlet/solicitudotadjuntos?58dacbf1d5f630840d6a9d5f8991ab92e60ad8921cab728d15983587e5688d1b,gx-no-cache=1680713999913 HTTP/1.1" 200 30
190.171.142.26 - - [05/Apr/2023:14:15:24 -0300] "GET /cormun/servlet/solicitudotadjuntos?58dacbf1d5f630840d6a9d5f8991ab92e60ad8921cab728d15983587e5688d1b,gx-no-cache=1680713999926 HTTP/1.1" 200 30
190.171.142.26 - - [05/Apr/2023:14:15:24 -0300] "POST /cormun/servlet/solicitudotadjuntos?fcc099ee2bc74364d06cdc2f64a67a53,INS,2023,19944,,1, HTTP/1.1" 200 116
190.171.142.26 - - [05/Apr/2023:14:15:24 -0300] "GET /cormun/servlet/hpexe_return? HTTP/1.1" 200 1023
190.171.142.26 - - [05/Apr/2023:14:15:25 -0300] "GET /cormun/servlet/trsolicitudadjuntos?2023,19944, HTTP/1.1" 200 10044
190.171.142.26 - - [05/Apr/2023:14:15:26 -0300] "GET /cormun/servlet/trsolicitudadjuntos?2023,19944, HTTP/1.1" 200 10040
190.171.142.26 - - [05/Apr/2023:14:15:43 -0300] "GET /cormun/servlet/solicitudotadjuntos?INS,2023,19944,,1, HTTP/1.1" 200 6023
190.171.142.26 - - [05/Apr/2023:14:15:43 -0300] "GET /cormun/static/about:blank HTTP/1.1" 404 1011
190.171.142.26 - - [05/Apr/2023:14:15:43 -0300] "GET /cormun/servlet/solicitudotadjuntos?INS,2023,19944,,1, HTTP/1.1" 200 6016
190.171.142.26 - - [05/Apr/2023:14:15:44 -0300] "GET /cormun/servlet/solicitudotadjuntos?58dacbf1d5f630840d6a9d5f8991ab92ee73ea219d2930719ca4d7544bfc910263c517b7b9e4eefefd32f8550680c950,gx-no-cache=1680714020073 HTTP/1.1" 200 30
190.171.142.26 - - [05/Apr/2023:14:15:44 -0300] "POST /cormun/servlet/solicitudotadjuntos?fcc099ee2bc74364d06cdc2f64a67a53,INS,2023,19944,,1,,gx-no-cache=1680714020087 HTTP/1.1" 200 3870
186.67.172.234 - - [05/Apr/2023:14:15:45 -0300] "GET /cormun/servlet/solicitudotadjuntos?9aac3e99e32e3a8bf4b08d76ac59b8ad33c3006a1d5b2cb7c021b18670c4eea5,gx-no-cache=1680714021316 HTTP/1.1" 200 30
186.67.172.234 - - [05/Apr/2023:14:15:45 -0300] "GET /cormun/servlet/solicitudotadjuntos?9aac3e99e32e3a8bf4b08d76ac59b8ad33c3006a1d5b2cb7c021b18670c4eea5,gx-no-cache=1680714021339 HTTP/1.1" 200 30
186.67.172.234 - - [05/Apr/2023:14:15:45 -0300] "POST /cormun/servlet/solicitudotadjuntos?c2147f8c0439eb28c8b49b8a49ebca99,INS,2023,19945,,1, HTTP/1.1" 200 116
186.67.172.234 - - [05/Apr/2023:14:15:45 -0300] "GET /cormun/servlet/hpexe_return? HTTP/1.1" 200 1025
186.67.172.234 - - [05/Apr/2023:14:15:46 -0300] "GET /cormun/servlet/trsolicitudadjuntos?2023,19945, HTTP/1.1" 200 9209
186.67.172.234 - - [05/Apr/2023:14:15:46 -0300] "GET /cormun/servlet/trsolicitudadjuntos?2023,19945, HTTP/1.1" 200 9206
190.171.142.26 - - [05/Apr/2023:14:15:47 -0300] "POST /cormun/servlet/solicitudotadjuntos?gx-no-cache=1680714023521 HTTP/1.1" 200 26
186.67.172.234 - - [05/Apr/2023:14:15:48 -0300] "GET /cormun/servlet/solicitudotadjuntos?INS,2023,19945,,1, HTTP/1.1" 200 6213
186.67.172.234 - - [05/Apr/2023:14:15:48 -0300] "GET /cormun/static/about:blank HTTP/1.1" 404 1011
186.67.172.234 - - [05/Apr/2023:14:15:48 -0300] "GET /cormun/servlet/solicitudotadjuntos?INS,2023,19945,,1, HTTP/1.1" 200 6206
186.67.172.234 - - [05/Apr/2023:14:15:48 -0300] "GET /cormun/servlet/solicitudotadjuntos?9aac3e99e32e3a8bf4b08d76ac59b8ad7e4fb2bc13cc07c321b202dd9b1f8c912fc85ae9991c8ba207040888066adf37,gx-no-cache=1680714024353 HTTP/1.1" 200 30
186.67.172.234 - - [05/Apr/2023:14:15:48 -0300] "POST /cormun/servlet/solicitudotadjuntos?c2147f8c0439eb28c8b49b8a49ebca99,INS,2023,19945,,1,,gx-no-cache=1680714024365 HTTP/1.1" 200 4189
186.67.172.234 - - [05/Apr/2023:14:15:50 -0300] "POST /cormun/servlet/solicitudotadjuntos?gx-no-cache=1680714025932 HTTP/1.1" 200 26
190.171.142.26 - - [05/Apr/2023:14:15:55 -0300] "GET /cormun/servlet/solicitudotadjuntos?58dacbf1d5f630840d6a9d5f8991ab92e60ad8921cab728d15983587e5688d1b,gx-no-cache=1680714031201 HTTP/1.1" 200 30
190.171.142.26 - - [05/Apr/2023:14:15:55 -0300] "GET /cormun/servlet/solicitudotadjuntos?58dacbf1d5f630840d6a9d5f8991ab92e60ad8921cab728d15983587e5688d1b,gx-no-cache=1680714031213 HTTP/1.1" 200 30
190.171.142.26 - - [05/Apr/2023:14:15:55 -0300] "POST /cormun/servlet/solicitudotadjuntos?fcc099ee2bc74364d06cdc2f64a67a53,INS,2023,19944,,1, HTTP/1.1" 200 116
190.171.142.26 - - [05/Apr/2023:14:15:55 -0300] "GET /cormun/servlet/hpexe_return? HTTP/1.1" 200 1023
190.171.142.26 - - [05/Apr/2023:14:15:56 -0300] "GET /cormun/servlet/trsolicitudadjuntos?2023,19944, HTTP/1.1" 200 10247
190.171.142.26 - - [05/Apr/2023:14:15:57 -0300] "GET /cormun/servlet/trsolicitudadjuntos?2023,19944, HTTP/1.1" 200 10244
186.67.172.234 - - [05/Apr/2023:14:15:58 -0300] "GET /cormun/servlet/solicitudotadjuntos?9aac3e99e32e3a8bf4b08d76ac59b8ad33c3006a1d5b2cb7c021b18670c4eea5,gx-no-cache=1680714033772 HTTP/1.1" 200 30
186.67.172.234 - - [05/Apr/2023:14:15:58 -0300] "GET /cormun/servlet/solicitudotadjuntos?9aac3e99e32e3a8bf4b08d76ac59b8ad33c3006a1d5b2cb7c021b18670c4eea5,gx-no-cache=1680714033782 HTTP/1.1" 200 30
186.67.172.234 - - [05/Apr/2023:14:15:58 -0300] "POST /cormun/servlet/solicitudotadjuntos?c2147f8c0439eb28c8b49b8a49ebca99,INS,2023,19945,,1, HTTP/1.1" 200 116
186.67.172.234 - - [05/Apr/2023:14:15:58 -0300] "GET /cormun/servlet/hpexe_return? HTTP/1.1" 200 1025
186.67.172.234 - - [05/Apr/2023:14:15:58 -0300] "GET /cormun/servlet/trsolicitudadjuntos?2023,19945, HTTP/1.1" 200 9420
186.67.172.234 - - [05/Apr/2023:14:15:58 -0300] "GET /cormun/servlet/trsolicitudadjuntos?2023,19945, HTTP/1.1" 200 9417
186.67.172.234 - - [05/Apr/2023:14:16:00 -0300] "GET /cormun/servlet/solicitudotadjuntos?INS,2023,19945,,1, HTTP/1.1" 200 6213
186.67.172.234 - - [05/Apr/2023:14:16:00 -0300] "GET /cormun/static/about:blank HTTP/1.1" 404 1011
186.67.172.234 - - [05/Apr/2023:14:16:00 -0300] "GET /cormun/servlet/solicitudotadjuntos?INS,2023,19945,,1, HTTP/1.1" 200 6206
186.67.172.234 - - [05/Apr/2023:14:16:01 -0300] "GET /cormun/servlet/solicitudotadjuntos?9aac3e99e32e3a8bf4b08d76ac59b8ad7e4fb2bc13cc07c321b202dd9b1f8c912fc85ae9991c8ba207040888066adf37,gx-no-cache=1680714036798 HTTP/1.1" 200 30
186.67.172.234 - - [05/Apr/2023:14:16:01 -0300] "POST /cormun/servlet/solicitudotadjuntos?c2147f8c0439eb28c8b49b8a49ebca99,INS,2023,19945,,1,,gx-no-cache=1680714036809 HTTP/1.1" 200 4189
186.67.172.234 - - [05/Apr/2023:14:16:06 -0300] "POST /cormun/servlet/solicitudotadjuntos?gx-no-cache=1680714042156 HTTP/1.1" 200 26
190.171.142.26 - - [05/Apr/2023:14:16:09 -0300] "GET /cormun/servlet/trsolicitudot? HTTP/1.1" 200 8596
190.171.142.26 - - [05/Apr/2023:14:16:09 -0300] "GET /cormun/servlet/trsolicitudot? HTTP/1.1" 200 8590
190.171.142.26 - - [05/Apr/2023:14:16:27 -0300] "POST /cormun/servlet/trsolicitudot?fcc099ee2bc74364d06cdc2f64a67a53,,gx-no-cache=1680714062678 HTTP/1.1" 200 4593
190.171.142.26 - - [05/Apr/2023:14:16:27 -0300] "GET /cormun/static/Shared/jqueryui/images/ui-icons_8d78a5_256x240.png HTTP/1.1" 404 1089
190.171.142.26 - - [05/Apr/2023:14:16:27 -0300] "GET /cormun/static/Shared/jqueryui/images/ui-bg_flat_55_fafafa_40x100.png HTTP/1.1" 404 1097
190.171.142.26 - - [05/Apr/2023:14:16:27 -0300] "GET /cormun/static/Shared/jqueryui/images/ui-bg_highlight-soft_100_c6c2c8_1x100.png HTTP/1.1" 404 1117
190.171.142.26 - - [05/Apr/2023:14:16:27 -0300] "GET /cormun/static/Shared/jqueryui/images/ui-icons_82798d_256x240.png HTTP/1.1" 404 1089
190.171.142.26 - - [05/Apr/2023:14:16:27 -0300] "POST /cormun/servlet/trsolicitudot?fcc099ee2bc74364d06cdc2f64a67a53,,gx-no-cache=1680714062833 HTTP/1.1" 200 4348
190.171.142.26 - - [05/Apr/2023:14:16:34 -0300] "GET /cormun/servlet/hlogin HTTP/1.1" 200 1718
190.171.142.26 - - [05/Apr/2023:14:16:46 -0300] "POST /cormun/servlet/hlogin?fcc099ee2bc74364d06cdc2f64a67a53,gx-no-cache=1680714082226 HTTP/1.1" 200 90
190.171.142.26 - - [05/Apr/2023:14:16:46 -0300] "GET /cormun/servlet/hpexe_link HTTP/1.1" 200 947
190.171.142.26 - - [05/Apr/2023:14:16:46 -0300] "GET /cormun/servlet/hhome HTTP/1.1" 200 4241
190.171.142.26 - - [05/Apr/2023:14:16:46 -0300] "GET /cormun/servlet/hhome HTTP/1.1" 200 4237
190.171.142.26 - - [05/Apr/2023:14:16:50 -0300] "GET /cormun/servlet/trautorizarsolicitud? HTTP/1.1" 200 8748
190.171.142.26 - - [05/Apr/2023:14:16:50 -0300] "GET /cormun/static/gxcfg.js?202211298474254 HTTP/1.1" 200 953
190.171.142.26 - - [05/Apr/2023:14:16:50 -0300] "GET /cormun/static/trautorizarsolicitud.js?202211298474588 HTTP/1.1" 200 53909
190.171.142.26 - - [05/Apr/2023:14:16:51 -0300] "GET /cormun/servlet/trautorizarsolicitud? HTTP/1.1" 200 8746
190.171.142.26 - - [05/Apr/2023:14:17:19 -0300] "POST /cormun/servlet/trautorizarsolicitud?fcc099ee2bc74364d06cdc2f64a67a53,,gx-no-cache=1680714114886 HTTP/1.1" 200 116
190.171.142.26 - - [05/Apr/2023:14:17:19 -0300] "GET /cormun/servlet/solicitudotlog?INS,2023,19944,0,ANU, HTTP/1.1" 200 6056
190.171.142.26 - - [05/Apr/2023:14:17:19 -0300] "GET /cormun/static/gxcfg.js?202211298384126 HTTP/1.1" 200 953
190.171.142.26 - - [05/Apr/2023:14:17:19 -0300] "GET /cormun/static/solicitudotlog.js?202211298384130 HTTP/1.1" 200 8934
190.171.142.26 - - [05/Apr/2023:14:17:19 -0300] "GET /cormun/servlet/solicitudotlog?INS,2023,19944,0,ANU, HTTP/1.1" 200 6056
190.171.142.26 - - [05/Apr/2023:14:17:20 -0300] "GET /cormun/servlet/solicitudotlog?58dacbf1d5f630840d6a9d5f8991ab92ee73ea219d2930719ca4d7544bfc91022e1878d09e21ebc51e656dc8b4363f8dc641efd828f2571d57877535ad0d470157b777f7d448d0df2e87f9496a42f6b7671d3f8a4fcc80b2ba5af2a014f4ead291f0126c2f87eb40c4ac1309c627827241c9b5823646014952c2d5aa81af8253c8a378a849cfe944baacf6eb193dd7be68442e179d840cc32c549cce101b01e6,gx-no-cache=1680714115775 HTTP/1.1" 200 94
190.171.142.26 - - [05/Apr/2023:14:17:28 -0300] "POST /cormun/servlet/solicitudotlog?fcc099ee2bc74364d06cdc2f64a67a53,INS,2023,19944,0,ANU,,gx-no-cache=1680714123755 HTTP/1.1" 200 93
190.171.142.26 - - [05/Apr/2023:14:17:28 -0300] "GET /cormun/servlet/hpexe_return? HTTP/1.1" 200 1024
190.171.142.26 - - [05/Apr/2023:14:17:28 -0300] "GET /cormun/servlet/trautorizarsolicitud HTTP/1.1" 200 7360
190.171.142.26 - - [05/Apr/2023:14:17:28 -0300] "GET /cormun/servlet/trautorizarsolicitud HTTP/1.1" 200 7356
190.171.142.26 - - [05/Apr/2023:14:17:32 -0300] "GET /cormun/servlet/hlogin HTTP/1.1" 200 1718
190.171.142.26 - - [05/Apr/2023:14:17:38 -0300] "POST /cormun/servlet/hlogin?fcc099ee2bc74364d06cdc2f64a67a53,gx-no-cache=1680714134547 HTTP/1.1" 200 90
190.171.142.26 - - [05/Apr/2023:14:17:38 -0300] "GET /cormun/servlet/hpexe_link HTTP/1.1" 200 947
190.171.142.26 - - [05/Apr/2023:14:17:38 -0300] "GET /cormun/servlet/hhome HTTP/1.1" 200 3966
190.171.142.26 - - [05/Apr/2023:14:17:39 -0300] "GET /cormun/servlet/hhome HTTP/1.1" 200 3963
190.171.142.26 - - [05/Apr/2023:14:17:41 -0300] "GET /cormun/servlet/trsolicitudot? HTTP/1.1" 200 7184
190.171.142.26 - - [05/Apr/2023:14:17:41 -0300] "GET /cormun/servlet/trsolicitudot? HTTP/1.1" 200 7184
190.171.142.26 - - [05/Apr/2023:14:17:44 -0300] "POST /cormun/servlet/trsolicitudot?fcc099ee2bc74364d06cdc2f64a67a53,,gx-no-cache=1680714140117 HTTP/1.1" 200 4350
186.67.172.234 - - [05/Apr/2023:14:17:46 -0300] "GET /cormun/servlet/solicitudotadjuntos?9aac3e99e32e3a8bf4b08d76ac59b8ad33c3006a1d5b2cb7c021b18670c4eea5,gx-no-cache=1680714141883 HTTP/1.1" 200 30
186.67.172.234 - - [05/Apr/2023:14:17:46 -0300] "GET /cormun/servlet/solicitudotadjuntos?9aac3e99e32e3a8bf4b08d76ac59b8ad33c3006a1d5b2cb7c021b18670c4eea5,gx-no-cache=1680714141899 HTTP/1.1" 200 30
186.67.172.234 - - [05/Apr/2023:14:17:46 -0300] "POST /cormun/servlet/solicitudotadjuntos?c2147f8c0439eb28c8b49b8a49ebca99,INS,2023,19945,,1, HTTP/1.1" 200 116
186.67.172.234 - - [05/Apr/2023:14:17:46 -0300] "GET /cormun/servlet/hpexe_return? HTTP/1.1" 200 1025
186.67.172.234 - - [05/Apr/2023:14:17:46 -0300] "GET /cormun/servlet/trsolicitudadjuntos?2023,19945, HTTP/1.1" 200 9654
186.67.172.234 - - [05/Apr/2023:14:17:47 -0300] "GET /cormun/servlet/trsolicitudadjuntos?2023,19945, HTTP/1.1" 200 9651
186.67.172.234 - - [05/Apr/2023:14:17:48 -0300] "GET /cormun/servlet/solicitudotadjuntos?INS,2023,19945,,1, HTTP/1.1" 200 6213
186.67.172.234 - - [05/Apr/2023:14:17:48 -0300] "GET /cormun/static/about:blank HTTP/1.1" 404 1011
186.67.172.234 - - [05/Apr/2023:14:17:48 -0300] "GET /cormun/servlet/solicitudotadjuntos?INS,2023,19945,,1, HTTP/1.1" 200 6206
186.67.172.234 - - [05/Apr/2023:14:17:49 -0300] "GET /cormun/servlet/solicitudotadjuntos?9aac3e99e32e3a8bf4b08d76ac59b8ad7e4fb2bc13cc07c321b202dd9b1f8c912fc85ae9991c8ba207040888066adf37,gx-no-cache=1680714145115 HTTP/1.1" 200 30
186.67.172.234 - - [05/Apr/2023:14:17:49 -0300] "POST /cormun/servlet/solicitudotadjuntos?c2147f8c0439eb28c8b49b8a49ebca99,INS,2023,19945,,1,,gx-no-cache=1680714145127 HTTP/1.1" 200 4192
190.171.142.26 - - [05/Apr/2023:14:17:51 -0300] "GET /cormun/servlet/trsolicitudot? HTTP/1.1" 200 7184
190.171.142.26 - - [05/Apr/2023:14:17:51 -0300] "GET /cormun/servlet/trsolicitudot? HTTP/1.1" 200 7184
190.171.142.26 - - [05/Apr/2023:14:17:55 -0300] "POST /cormun/servlet/trsolicitudot?fcc099ee2bc74364d06cdc2f64a67a53,,gx-no-cache=1680714151275 HTTP/1.1" 200 4350
190.171.142.26 - - [05/Apr/2023:14:17:56 -0300] "POST /cormun/servlet/trsolicitudot?fcc099ee2bc74364d06cdc2f64a67a53,,gx-no-cache=1680714152610 HTTP/1.1" 200 4349
186.67.172.234 - - [05/Apr/2023:14:17:57 -0300] "POST /cormun/servlet/solicitudotadjuntos?gx-no-cache=1680714152875 HTTP/1.1" 200 26
186.67.172.234 - - [05/Apr/2023:14:18:03 -0300] "GET /cormun/servlet/solicitudotadjuntos?9aac3e99e32e3a8bf4b08d76ac59b8ad33c3006a1d5b2cb7c021b18670c4eea5,gx-no-cache=1680714159004 HTTP/1.1" 200 30
186.67.172.234 - - [05/Apr/2023:14:18:03 -0300] "GET /cormun/servlet/solicitudotadjuntos?9aac3e99e32e3a8bf4b08d76ac59b8ad33c3006a1d5b2cb7c021b18670c4eea5,gx-no-cache=1680714159016 HTTP/1.1" 200 30
186.67.172.234 - - [05/Apr/2023:14:18:03 -0300] "POST /cormun/servlet/solicitudotadjuntos?c2147f8c0439eb28c8b49b8a49ebca99,INS,2023,19945,,1, HTTP/1.1" 200 116
186.67.172.234 - - [05/Apr/2023:14:18:03 -0300] "GET /cormun/servlet/hpexe_return? HTTP/1.1" 200 1025
186.67.172.234 - - [05/Apr/2023:14:18:03 -0300] "GET /cormun/servlet/trsolicitudadjuntos?2023,19945, HTTP/1.1" 200 9908
186.67.172.234 - - [05/Apr/2023:14:18:03 -0300] "GET /cormun/servlet/trsolicitudadjuntos?2023,19945, HTTP/1.1" 200 9904
190.171.142.26 - - [05/Apr/2023:14:18:04 -0300] "GET /cormun/servlet/trautorizarsolicitud? HTTP/1.1" 200 7088
190.171.142.26 - - [05/Apr/2023:14:18:05 -0300] "GET /cormun/servlet/trautorizarsolicitud? HTTP/1.1" 200 7088
186.67.172.234 - - [05/Apr/2023:14:18:05 -0300] "GET /cormun/servlet/solicitudotadjuntos?INS,2023,19945,,1, HTTP/1.1" 200 6213
186.67.172.234 - - [05/Apr/2023:14:18:05 -0300] "GET /cormun/static/about:blank HTTP/1.1" 404 1011
186.67.172.234 - - [05/Apr/2023:14:18:05 -0300] "GET /cormun/servlet/solicitudotadjuntos?INS,2023,19945,,1, HTTP/1.1" 200 6206
190.171.142.26 - - [05/Apr/2023:14:18:05 -0300] "POST /cormun/servlet/acontrolpreferencessavestate?None,CD-29,true HTTP/1.1" 200 35
186.67.172.234 - - [05/Apr/2023:14:18:06 -0300] "GET /cormun/servlet/solicitudotadjuntos?9aac3e99e32e3a8bf4b08d76ac59b8ad7e4fb2bc13cc07c321b202dd9b1f8c912fc85ae9991c8ba207040888066adf37,gx-no-cache=1680714161839 HTTP/1.1" 200 30
186.67.172.234 - - [05/Apr/2023:14:18:06 -0300] "POST /cormun/servlet/solicitudotadjuntos?c2147f8c0439eb28c8b49b8a49ebca99,INS,2023,19945,,1,,gx-no-cache=1680714161850 HTTP/1.1" 200 4192
186.67.172.234 - - [05/Apr/2023:14:18:08 -0300] "POST /cormun/servlet/solicitudotadjuntos?gx-no-cache=1680714164123 HTTP/1.1" 200 26
186.67.172.234 - - [05/Apr/2023:14:18:13 -0300] "GET /cormun/servlet/solicitudotadjuntos?9aac3e99e32e3a8bf4b08d76ac59b8ad33c3006a1d5b2cb7c021b18670c4eea5,gx-no-cache=1680714168843 HTTP/1.1" 200 30
186.67.172.234 - - [05/Apr/2023:14:18:13 -0300] "GET /cormun/servlet/solicitudotadjuntos?9aac3e99e32e3a8bf4b08d76ac59b8ad33c3006a1d5b2cb7c021b18670c4eea5,gx-no-cache=1680714168853 HTTP/1.1" 200 30
186.67.172.234 - - [05/Apr/2023:14:18:13 -0300] "POST /cormun/servlet/solicitudotadjuntos?c2147f8c0439eb28c8b49b8a49ebca99,INS,2023,19945,,1, HTTP/1.1" 200 116
186.67.172.234 - - [05/Apr/2023:14:18:13 -0300] "GET /cormun/servlet/hpexe_return? HTTP/1.1" 200 1025
186.67.172.234 - - [05/Apr/2023:14:18:13 -0300] "GET /cormun/servlet/trsolicitudadjuntos?2023,19945, HTTP/1.1" 200 10204
186.67.172.234 - - [05/Apr/2023:14:18:13 -0300] "GET /cormun/servlet/trsolicitudadjuntos?2023,19945, HTTP/1.1" 200 10203
190.171.142.26 - - [05/Apr/2023:14:18:16 -0300] "GET /cormun/servlet/hlogin HTTP/1.1" 200 1718
186.67.172.234 - - [05/Apr/2023:14:18:17 -0300] "GET /cormun/servlet/solicitudotadjuntos?INS,2023,19945,,1, HTTP/1.1" 200 6213
186.67.172.234 - - [05/Apr/2023:14:18:17 -0300] "GET /cormun/static/about:blank HTTP/1.1" 404 1011
186.67.172.234 - - [05/Apr/2023:14:18:17 -0300] "GET /cormun/servlet/solicitudotadjuntos?INS,2023,19945,,1, HTTP/1.1" 200 6206
186.67.172.234 - - [05/Apr/2023:14:18:18 -0300] "GET /cormun/servlet/solicitudotadjuntos?9aac3e99e32e3a8bf4b08d76ac59b8ad7e4fb2bc13cc07c321b202dd9b1f8c912fc85ae9991c8ba207040888066adf37,gx-no-cache=1680714173717 HTTP/1.1" 200 30
186.67.172.234 - - [05/Apr/2023:14:18:18 -0300] "POST /cormun/servlet/solicitudotadjuntos?c2147f8c0439eb28c8b49b8a49ebca99,INS,2023,19945,,1,,gx-no-cache=1680714173728 HTTP/1.1" 200 4192
186.67.172.234 - - [05/Apr/2023:14:18:20 -0300] "POST /cormun/servlet/solicitudotadjuntos?gx-no-cache=1680714175779 HTTP/1.1" 200 26
190.171.142.26 - - [05/Apr/2023:14:18:22 -0300] "POST /cormun/servlet/hlogin?fcc099ee2bc74364d06cdc2f64a67a53,gx-no-cache=1680714178178 HTTP/1.1" 200 90
190.171.142.26 - - [05/Apr/2023:14:18:22 -0300] "GET /cormun/servlet/hpexe_link HTTP/1.1" 200 958
190.171.142.26 - - [05/Apr/2023:14:18:22 -0300] "GET /cormun/servlet/trautorizarsolicitud HTTP/1.1" 200 7094
190.171.142.26 - - [05/Apr/2023:14:18:22 -0300] "GET /cormun/servlet/trautorizarsolicitud HTTP/1.1" 200 7093
